216.73.216.255 - - [20/Jul/2025:13:30:32 +0000] "GET /detail/408594025 HTTP/1.1" 404 16414 "-" "Mozilla/5.0 AppleWebKit/537.36 (KHTML, like Gecko; compatible; ClaudeBot/1.0; [email protected])"
2a03:2880:f800:5:: - - [20/Jul/2025:13:30:33 +0000] "GET /?h=105650886031960& HTTP/1.1" 301 - "-" "meta-externalagent/1.1 (+https://developers.facebook.com/docs/sharing/webmasters/crawler)"
66.249.79.233 - - [20/Jul/2025:13:30:35 +0000] "POST /get-message-notify HTTP/1.1" 200 19474 "https://www.kelaby.company/?h=5672691041960&mod=4b3da53a&uri=us.php?detail/34493161" "Mozilla/5.0 (Linux; Android 6.0.1; Nexus 5X Build/MMB29P) AppleWebKit/537.36 (KHTML, like Gecko) Chrome/137.0.7151.119 Mobile Safari/537.36 (compatible; Googlebot/2.1; +http://www.google.com/bot.html)"
216.73.216.255 - - [20/Jul/2025:13:30:35 +0000] "GET /detail/408945075 HTTP/1.1" 404 16414 "-" "Mozilla/5.0 AppleWebKit/537.36 (KHTML, like Gecko; compatible; ClaudeBot/1.0; [email protected])"
2a03:2880:f800:e:: - - [20/Jul/2025:13:30:35 +0000] "GET /detail/813117671 HTTP/1.1" 404 16414 "-" "meta-externalagent/1.1 (+https://developers.facebook.com/docs/sharing/webmasters/crawler)"
216.73.216.255 - - [20/Jul/2025:13:30:38 +0000] "GET /detail/408973270 HTTP/1.1" 404 16414 "-" "Mozilla/5.0 AppleWebKit/537.36 (KHTML, like Gecko; compatible; ClaudeBot/1.0; [email protected])"
216.73.216.255 - - [20/Jul/2025:13:30:41 +0000] "GET /detail/408940834 HTTP/1.1" 404 16414 "-" "Mozilla/5.0 AppleWebKit/537.36 (KHTML, like Gecko; compatible; ClaudeBot/1.0; [email protected])"
216.73.216.255 - - [20/Jul/2025:13:30:44 +0000] "GET /detail/408942477 HTTP/1.1" 404 16414 "-" "Mozilla/5.0 AppleWebKit/537.36 (KHTML, like Gecko; compatible; ClaudeBot/1.0; [email protected])"
66.249.79.232 - - [20/Jul/2025:13:30:47 +0000] "GET /?h=5672691041960&mod=4b3da53a&uri=us.php?detail/34490791 HTTP/1.1" 200 19424 "-" "Mozilla/5.0 (Linux; Android 6.0.1; Nexus 5X Build/MMB29P) AppleWebKit/537.36 (KHTML, like Gecko) Chrome/137.0.7151.103 Mobile Safari/537.36 (compatible; Googlebot/2.1; +http://www.google.com/bot.html)"
216.73.216.255 - - [20/Jul/2025:13:30:47 +0000] "GET /detail/408823054 HTTP/1.1" 404 16414 "-" "Mozilla/5.0 AppleWebKit/537.36 (KHTML, like Gecko; compatible; ClaudeBot/1.0; [email protected])"
216.73.216.255 - - [20/Jul/2025:13:30:50 +0000] "GET /detail/117794764 HTTP/1.1" 404 16414 "-" "Mozilla/5.0 AppleWebKit/537.36 (KHTML, like Gecko; compatible; ClaudeBot/1.0; [email protected])"
216.73.216.255 - - [20/Jul/2025:13:30:53 +0000] "GET /detail/117557954 HTTP/1.1" 404 16414 "-" "Mozilla/5.0 AppleWebKit/537.36 (KHTML, like Gecko; compatible; ClaudeBot/1.0; [email protected])"
216.73.216.255 - - [20/Jul/2025:13:30:56 +0000] "GET /detail/408925761 HTTP/1.1" 404 16414 "-" "Mozilla/5.0 AppleWebKit/537.36 (KHTML, like Gecko; compatible; ClaudeBot/1.0; [email protected])"
216.73.216.255 - - [20/Jul/2025:13:30:59 +0000] "GET /detail/408801827 HTTP/1.1" 404 16414 "-" "Mozilla/5.0 AppleWebKit/537.36 (KHTML, like Gecko; compatible; ClaudeBot/1.0; [email protected])"
209.74.77.214 - - [20/Jul/2025:13:31:01 +0000] "POST /wp-cron.php?doing_wp_cron=1753018261.1255450248718261718750 HTTP/1.1" 200 - "-" "WordPress/6.8.2; https://kelaby.company"
2a03:2880:f800:12:: - - [20/Jul/2025:13:31:00 +0000] "GET /?h=110606235011960& HTTP/1.1" 301 - "-" "meta-externalagent/1.1 (+https://developers.facebook.com/docs/sharing/webmasters/crawler)"
216.73.216.255 - - [20/Jul/2025:13:31:02 +0000] "GET /detail/408894703 HTTP/1.1" 404 16414 "-" "Mozilla/5.0 AppleWebKit/537.36 (KHTML, like Gecko; compatible; ClaudeBot/1.0; [email protected])"
66.249.79.233 - - [20/Jul/2025:13:31:03 +0000] "GET /?h=5672691041960&mod=4b3da53a&uri=us.php?detail/34495647 HTTP/1.1" 200 19522 "-" "Mozilla/5.0 (Linux; Android 6.0.1; Nexus 5X Build/MMB29P) AppleWebKit/537.36 (KHTML, like Gecko) Chrome/137.0.7151.103 Mobile Safari/537.36 (compatible; Googlebot/2.1; +http://www.google.com/bot.html)"
216.73.216.255 - - [20/Jul/2025:13:31:07 +0000] "GET /detail/408868147 HTTP/1.1" 404 16414 "-" "Mozilla/5.0 AppleWebKit/537.36 (KHTML, like Gecko; compatible; ClaudeBot/1.0; [email protected])"
216.73.216.255 - - [20/Jul/2025:13:31:10 +0000] "GET /detail/408702788 HTTP/1.1" 404 16414 "-" "Mozilla/5.0 AppleWebKit/537.36 (KHTML, like Gecko; compatible; ClaudeBot/1.0; [email protected])"
216.73.216.255 - - [20/Jul/2025:13:31:13 +0000] "GET /detail/408490212 HTTP/1.1" 404 16414 "-" "Mozilla/5.0 AppleWebKit/537.36 (KHTML, like Gecko; compatible; ClaudeBot/1.0; [email protected])"
216.73.216.255 - - [20/Jul/2025:13:31:16 +0000] "GET /detail/408550038 HTTP/1.1" 404 16414 "-" "Mozilla/5.0 AppleWebKit/537.36 (KHTML, like Gecko; compatible; ClaudeBot/1.0; [email protected])"
66.249.79.232 - - [20/Jul/2025:13:31:16 +0000] "POST /get-message-notify HTTP/1.1" 200 19474 "https://www.kelaby.company/?h=5672691041960&mod=4b3da53a&uri=us.php?detail/34490791" "Mozilla/5.0 (Linux; Android 6.0.1; Nexus 5X Build/MMB29P) AppleWebKit/537.36 (KHTML, like Gecko) Chrome/137.0.7151.119 Mobile Safari/537.36 (compatible; Googlebot/2.1; +http://www.google.com/bot.html)"
209.74.77.214 - - [20/Jul/2025:13:31:19 +0000] "POST /wp-cron.php?doing_wp_cron=1753018279.2697050571441650390625 HTTP/1.1" 200 - "-" "WordPress/6.8.2; https://kelaby.company"
66.249.79.233 - - [20/Jul/2025:13:31:19 +0000] "GET /?h=5672691041960&mod=4b3da53a&uri=us.php?detail/34491388 HTTP/1.1" 200 19061 "-" "Mozilla/5.0 (Linux; Android 6.0.1; Nexus 5X Build/MMB29P) AppleWebKit/537.36 (KHTML, like Gecko) Chrome/137.0.7151.103 Mobile Safari/537.36 (compatible; Googlebot/2.1; +http://www.google.com/bot.html)"
216.73.216.255 - - [20/Jul/2025:13:31:19 +0000] "GET /detail/408820163 HTTP/1.1" 404 16414 "-" "Mozilla/5.0 AppleWebKit/537.36 (KHTML, like Gecko; compatible; ClaudeBot/1.0; [email protected])"
216.73.216.255 - - [20/Jul/2025:13:31:22 +0000] "GET /detail/408865549 HTTP/1.1" 404 16414 "-" "Mozilla/5.0 AppleWebKit/537.36 (KHTML, like Gecko; compatible; ClaudeBot/1.0; [email protected])"
216.73.216.255 - - [20/Jul/2025:13:31:25 +0000] "GET /detail/408817629 HTTP/1.1" 404 16414 "-" "Mozilla/5.0 AppleWebKit/537.36 (KHTML, like Gecko; compatible; ClaudeBot/1.0; [email protected])"
216.73.216.255 - - [20/Jul/2025:13:31:28 +0000] "GET /detail/408746535 HTTP/1.1" 404 16414 "-" "Mozilla/5.0 AppleWebKit/537.36 (KHTML, like Gecko; compatible; ClaudeBot/1.0; [email protected])"
216.73.216.255 - - [20/Jul/2025:13:31:31 +0000] "GET /detail/408600812 HTTP/1.1" 404 16413 "-" "Mozilla/5.0 AppleWebKit/537.36 (KHTML, like Gecko; compatible; ClaudeBot/1.0; [email protected])"
216.73.216.255 - - [20/Jul/2025:13:31:34 +0000] "GET /detail/408845275 HTTP/1.1" 404 16414 "-" "Mozilla/5.0 AppleWebKit/537.36 (KHTML, like Gecko; compatible; ClaudeBot/1.0; [email protected])"
66.249.79.232 - - [20/Jul/2025:13:31:35 +0000] "GET /?h=5672691041960&mod=4b3da53a&uri=us.php?detail/34494267 HTTP/1.1" 200 20244 "-" "Mozilla/5.0 (Linux; Android 6.0.1; Nexus 5X Build/MMB29P) AppleWebKit/537.36 (KHTML, like Gecko) Chrome/137.0.7151.103 Mobile Safari/537.36 (compatible; Googlebot/2.1; +http://www.google.com/bot.html)"
216.73.216.255 - - [20/Jul/2025:13:31:37 +0000] "GET /detail/408489042 HTTP/1.1" 404 16414 "-" "Mozilla/5.0 AppleWebKit/537.36 (KHTML, like Gecko; compatible; ClaudeBot/1.0; [email protected])"
216.73.216.255 - - [20/Jul/2025:13:31:40 +0000] "GET /detail/408851109 HTTP/1.1" 404 16414 "-" "Mozilla/5.0 AppleWebKit/537.36 (KHTML, like Gecko; compatible; ClaudeBot/1.0; [email protected])"
216.73.216.255 - - [20/Jul/2025:13:31:43 +0000] "GET /detail/408451197 HTTP/1.1" 404 16414 "-" "Mozilla/5.0 AppleWebKit/537.36 (KHTML, like Gecko; compatible; ClaudeBot/1.0; [email protected])"
216.73.216.255 - - [20/Jul/2025:13:31:46 +0000] "GET /detail/408548399 HTTP/1.1" 404 16414 "-" "Mozilla/5.0 AppleWebKit/537.36 (KHTML, like Gecko; compatible; ClaudeBot/1.0; [email protected])"
66.249.79.232 - - [20/Jul/2025:13:31:51 +0000] "GET /?h=5672691041960&mod=4b3da53a&uri=us.php?detail/34496801 HTTP/1.1" 200 20915 "-" "Mozilla/5.0 (Linux; Android 6.0.1; Nexus 5X Build/MMB29P) AppleWebKit/537.36 (KHTML, like Gecko) Chrome/137.0.7151.103 Mobile Safari/537.36 (compatible; Googlebot/2.1; +http://www.google.com/bot.html)"
209.74.77.214 - - [20/Jul/2025:13:32:05 +0000] "POST /wp-cron.php?doing_wp_cron=1753018325.0547130107879638671875 HTTP/1.1" 200 - "-" "WordPress/6.8.2; https://kelaby.company"
216.73.216.255 - - [20/Jul/2025:13:32:04 +0000] "GET /detail/408646947 HTTP/1.1" 404 16414 "-" "Mozilla/5.0 AppleWebKit/537.36 (KHTML, like Gecko; compatible; ClaudeBot/1.0; [email protected])"
66.249.79.232 - - [20/Jul/2025:13:32:07 +0000] "GET /?h=6029044011960&mod=33acaba9&uri=search.php?detail/2582627 HTTP/1.1" 200 19438 "-" "Mozilla/5.0 (Linux; Android 6.0.1; Nexus 5X Build/MMB29P) AppleWebKit/537.36 (KHTML, like Gecko) Chrome/137.0.7151.103 Mobile Safari/537.36 (compatible; Googlebot/2.1; +http://www.google.com/bot.html)"
216.73.216.255 - - [20/Jul/2025:13:32:07 +0000] "GET /detail/408781144 HTTP/1.1" 404 16414 "-" "Mozilla/5.0 AppleWebKit/537.36 (KHTML, like Gecko; compatible; ClaudeBot/1.0; [email protected])"
216.73.216.255 - - [20/Jul/2025:13:32:10 +0000] "GET /detail/408959920 HTTP/1.1" 404 16413 "-" "Mozilla/5.0 AppleWebKit/537.36 (KHTML, like Gecko; compatible; ClaudeBot/1.0; [email protected])"
216.73.216.255 - - [20/Jul/2025:13:32:13 +0000] "GET /detail/408788340 HTTP/1.1" 404 16413 "-" "Mozilla/5.0 AppleWebKit/537.36 (KHTML, like Gecko; compatible; ClaudeBot/1.0; [email protected])"
216.73.216.255 - - [20/Jul/2025:13:32:16 +0000] "GET /detail/408928375 HTTP/1.1" 404 16414 "-" "Mozilla/5.0 AppleWebKit/537.36 (KHTML, like Gecko; compatible; ClaudeBot/1.0; [email protected])"
216.73.216.255 - - [20/Jul/2025:13:32:19 +0000] "GET /detail/408877585 HTTP/1.1" 404 16414 "-" "Mozilla/5.0 AppleWebKit/537.36 (KHTML, like Gecko; compatible; ClaudeBot/1.0; [email protected])"
216.73.216.255 - - [20/Jul/2025:13:32:22 +0000] "GET /detail/408926867 HTTP/1.1" 404 16414 "-" "Mozilla/5.0 AppleWebKit/537.36 (KHTML, like Gecko; compatible; ClaudeBot/1.0; [email protected])"
66.249.79.233 - - [20/Jul/2025:13:32:23 +0000] "GET /?h=6086869041960&mod=f7efa4f8&uri=shop.php?detail/33996897 HTTP/1.1" 200 19126 "-" "Mozilla/5.0 (Linux; Android 6.0.1; Nexus 5X Build/MMB29P) AppleWebKit/537.36 (KHTML, like Gecko) Chrome/137.0.7151.103 Mobile Safari/537.36 (compatible; Googlebot/2.1; +http://www.google.com/bot.html)"
216.73.216.255 - - [20/Jul/2025:13:32:25 +0000] "GET /detail/408970866 HTTP/1.1" 404 16414 "-" "Mozilla/5.0 AppleWebKit/537.36 (KHTML, like Gecko; compatible; ClaudeBot/1.0; [email protected])"
216.73.216.255 - - [20/Jul/2025:13:32:28 +0000] "GET /detail/408472495 HTTP/1.1" 404 16414 "-" "Mozilla/5.0 AppleWebKit/537.36 (KHTML, like Gecko; compatible; ClaudeBot/1.0; [email protected])"
216.73.216.255 - - [20/Jul/2025:13:32:31 +0000] "GET /detail/408708265 HTTP/1.1" 404 16413 "-" "Mozilla/5.0 AppleWebKit/537.36 (KHTML, like Gecko; compatible; ClaudeBot/1.0; [email protected])"
216.73.216.255 - - [20/Jul/2025:13:32:34 +0000] "GET /detail/408733032 HTTP/1.1" 404 16414 "-" "Mozilla/5.0 AppleWebKit/537.36 (KHTML, like Gecko; compatible; ClaudeBot/1.0; [email protected])"
216.73.216.255 - - [20/Jul/2025:13:32:37 +0000] "GET /detail/408977934 HTTP/1.1" 404 16414 "-" "Mozilla/5.0 AppleWebKit/537.36 (KHTML, like Gecko; compatible; ClaudeBot/1.0; [email protected])"
66.249.79.232 - - [20/Jul/2025:13:32:39 +0000] "GET /?h=5790565001960&mod=49856ed4&uri=info.php?detail/2571681 HTTP/1.1" 200 19269 "-" "Mozilla/5.0 (Linux; Android 6.0.1; Nexus 5X Build/MMB29P) AppleWebKit/537.36 (KHTML, like Gecko) Chrome/137.0.7151.103 Mobile Safari/537.36 (compatible; Googlebot/2.1; +http://www.google.com/bot.html)"
216.73.216.255 - - [20/Jul/2025:13:32:40 +0000] "GET /detail/408773772 HTTP/1.1" 404 16414 "-" "Mozilla/5.0 AppleWebKit/537.36 (KHTML, like Gecko; compatible; ClaudeBot/1.0; [email protected])"
216.73.216.255 - - [20/Jul/2025:13:32:43 +0000] "GET /detail/408504652 HTTP/1.1" 404 16414 "-" "Mozilla/5.0 AppleWebKit/537.36 (KHTML, like Gecko; compatible; ClaudeBot/1.0; [email protected])"
66.249.79.232 - - [20/Jul/2025:13:32:46 +0000] "POST /get-message-notify HTTP/1.1" 200 19474 "https://www.kelaby.company/?h=86332030021960&mod=7a7338ef&uri=article.php?detail/35740999" "Mozilla/5.0 (Linux; Android 6.0.1; Nexus 5X Build/MMB29P) AppleWebKit/537.36 (KHTML, like Gecko) Chrome/137.0.7151.119 Mobile Safari/537.36 (compatible; Googlebot/2.1; +http://www.google.com/bot.html)"
216.73.216.255 - - [20/Jul/2025:13:32:46 +0000] "GET /detail/408749666 HTTP/1.1" 404 16414 "-" "Mozilla/5.0 AppleWebKit/537.36 (KHTML, like Gecko; compatible; ClaudeBot/1.0; [email protected])"
216.73.216.255 - - [20/Jul/2025:13:32:49 +0000] "GET /detail/408847060 HTTP/1.1" 404 16414 "-" "Mozilla/5.0 AppleWebKit/537.36 (KHTML, like Gecko; compatible; ClaudeBot/1.0; [email protected])"
216.73.216.255 - - [20/Jul/2025:13:32:52 +0000] "GET /detail/408839736 HTTP/1.1" 404 16414 "-" "Mozilla/5.0 AppleWebKit/537.36 (KHTML, like Gecko; compatible; ClaudeBot/1.0; [email protected])"
66.249.79.232 - - [20/Jul/2025:13:32:55 +0000] "GET /?h=23969282031960&mod=62c1507b&uri=products.php?detail/131984961 HTTP/1.1" 200 19807 "-" "Mozilla/5.0 (Linux; Android 6.0.1; Nexus 5X Build/MMB29P) AppleWebKit/537.36 (KHTML, like Gecko) Chrome/137.0.7151.103 Mobile Safari/537.36 (compatible; Googlebot/2.1; +http://www.google.com/bot.html)"
216.73.216.255 - - [20/Jul/2025:13:32:55 +0000] "GET /detail/408965946 HTTP/1.1" 404 16414 "-" "Mozilla/5.0 AppleWebKit/537.36 (KHTML, like Gecko; compatible; ClaudeBot/1.0; [email protected])"
216.73.216.255 - - [20/Jul/2025:13:32:58 +0000] "GET /detail/408912018 HTTP/1.1" 404 16413 "-" "Mozilla/5.0 AppleWebKit/537.36 (KHTML, like Gecko; compatible; ClaudeBot/1.0; [email protected])"
209.74.77.214 - - [20/Jul/2025:13:33:02 +0000] "POST /wp-cron.php?doing_wp_cron=1753018381.9441258907318115234375 HTTP/1.1" 200 - "-" "WordPress/6.8.2; https://kelaby.company"
216.73.216.255 - - [20/Jul/2025:13:33:01 +0000] "GET /detail/408834475 HTTP/1.1" 404 16414 "-" "Mozilla/5.0 AppleWebKit/537.36 (KHTML, like Gecko; compatible; ClaudeBot/1.0; [email protected])"
216.73.216.255 - - [20/Jul/2025:13:33:04 +0000] "GET /detail/408686563 HTTP/1.1" 404 16414 "-" "Mozilla/5.0 AppleWebKit/537.36 (KHTML, like Gecko; compatible; ClaudeBot/1.0; [email protected])"
216.73.216.255 - - [20/Jul/2025:13:33:07 +0000] "GET /detail/408743235 HTTP/1.1" 404 16414 "-" "Mozilla/5.0 AppleWebKit/537.36 (KHTML, like Gecko; compatible; ClaudeBot/1.0; [email protected])"
66.249.79.233 - - [20/Jul/2025:13:33:11 +0000] "GET /?h=23969282031960&mod=62c1507b&uri=products.php?detail/131982655 HTTP/1.1" 200 19274 "-" "Mozilla/5.0 (Linux; Android 6.0.1; Nexus 5X Build/MMB29P) AppleWebKit/537.36 (KHTML, like Gecko) Chrome/137.0.7151.103 Mobile Safari/537.36 (compatible; Googlebot/2.1; +http://www.google.com/bot.html)"
66.249.79.233 - - [20/Jul/2025:13:33:27 +0000] "GET /?h=23969282031960&mod=62c1507b&uri=products.php?detail/131966981 HTTP/1.1" 200 21026 "-" "Mozilla/5.0 (Linux; Android 6.0.1; Nexus 5X Build/MMB29P) AppleWebKit/537.36 (KHTML, like Gecko) Chrome/137.0.7151.103 Mobile Safari/537.36 (compatible; Googlebot/2.1; +http://www.google.com/bot.html)"
216.73.216.255 - - [20/Jul/2025:13:33:28 +0000] "GET /detail/408855620 HTTP/1.1" 404 16414 "-" "Mozilla/5.0 AppleWebKit/537.36 (KHTML, like Gecko; compatible; ClaudeBot/1.0; [email protected])"
216.73.216.255 - - [20/Jul/2025:13:33:31 +0000] "GET /detail/408727303 HTTP/1.1" 404 16414 "-" "Mozilla/5.0 AppleWebKit/537.36 (KHTML, like Gecko; compatible; ClaudeBot/1.0; [email protected])"
66.249.79.232 - - [20/Jul/2025:13:33:34 +0000] "POST /get-message-notify HTTP/1.1" 200 19474 "https://www.kelaby.company/?h=23969282031960&mod=62c1507b&uri=products.php?detail/131984961" "Mozilla/5.0 (Linux; Android 6.0.1; Nexus 5X Build/MMB29P) AppleWebKit/537.36 (KHTML, like Gecko) Chrome/137.0.7151.119 Mobile Safari/537.36 (compatible; Googlebot/2.1; +http://www.google.com/bot.html)"
216.73.216.255 - - [20/Jul/2025:13:33:34 +0000] "GET /detail/408815225 HTTP/1.1" 404 16413 "-" "Mozilla/5.0 AppleWebKit/537.36 (KHTML, like Gecko; compatible; ClaudeBot/1.0; [email protected])"
216.73.216.255 - - [20/Jul/2025:13:33:37 +0000] "GET /detail/408966220 HTTP/1.1" 404 16413 "-" "Mozilla/5.0 AppleWebKit/537.36 (KHTML, like Gecko; compatible; ClaudeBot/1.0; [email protected])"
216.73.216.255 - - [20/Jul/2025:13:33:40 +0000] "GET /detail/408961300 HTTP/1.1" 404 16414 "-" "Mozilla/5.0 AppleWebKit/537.36 (KHTML, like Gecko; compatible; ClaudeBot/1.0; [email protected])"
216.73.216.255 - - [20/Jul/2025:13:33:43 +0000] "GET /detail/408840501 HTTP/1.1" 404 16414 "-" "Mozilla/5.0 AppleWebKit/537.36 (KHTML, like Gecko; compatible; ClaudeBot/1.0; [email protected])"
66.249.79.232 - - [20/Jul/2025:13:33:43 +0000] "GET /?h=23969282031960&mod=62c1507b&uri=products.php?detail/131966963 HTTP/1.1" 200 19429 "-" "Mozilla/5.0 (Linux; Android 6.0.1; Nexus 5X Build/MMB29P) AppleWebKit/537.36 (KHTML, like Gecko) Chrome/137.0.7151.103 Mobile Safari/537.36 (compatible; Googlebot/2.1; +http://www.google.com/bot.html)"
66.249.79.232 - - [20/Jul/2025:13:33:46 +0000] "POST /get-message-notify HTTP/1.1" 200 19474 "https://www.kelaby.company/?h=23969282031960&mod=62c1507b&uri=products.php?detail/131966963" "Mozilla/5.0 (Linux; Android 6.0.1; Nexus 5X Build/MMB29P) AppleWebKit/537.36 (KHTML, like Gecko) Chrome/137.0.7151.119 Mobile Safari/537.36 (compatible; Googlebot/2.1; +http://www.google.com/bot.html)"
216.73.216.255 - - [20/Jul/2025:13:33:46 +0000] "GET /detail/408948825 HTTP/1.1" 404 16414 "-" "Mozilla/5.0 AppleWebKit/537.36 (KHTML, like Gecko; compatible; ClaudeBot/1.0; [email protected])"
216.73.216.255 - - [20/Jul/2025:13:33:49 +0000] "GET /detail/408653506 HTTP/1.1" 404 16414 "-" "Mozilla/5.0 AppleWebKit/537.36 (KHTML, like Gecko; compatible; ClaudeBot/1.0; [email protected])"
216.73.216.255 - - [20/Jul/2025:13:33:52 +0000] "GET /detail/408892914 HTTP/1.1" 404 16414 "-" "Mozilla/5.0 AppleWebKit/537.36 (KHTML, like Gecko; compatible; ClaudeBot/1.0; [email protected])"
216.73.216.255 - - [20/Jul/2025:13:33:55 +0000] "GET /detail/408845421 HTTP/1.1" 404 16415 "-" "Mozilla/5.0 AppleWebKit/537.36 (KHTML, like Gecko; compatible; ClaudeBot/1.0; [email protected])"
216.73.216.255 - - [20/Jul/2025:13:33:58 +0000] "GET /detail/408562839 HTTP/1.1" 404 16414 "-" "Mozilla/5.0 AppleWebKit/537.36 (KHTML, like Gecko; compatible; ClaudeBot/1.0; [email protected])"
66.249.79.232 - - [20/Jul/2025:13:33:59 +0000] "GET /?h=23969282031960&mod=62c1507b&uri=products.php?detail/131961019 HTTP/1.1" 200 19542 "-" "Mozilla/5.0 (Linux; Android 6.0.1; Nexus 5X Build/MMB29P) AppleWebKit/537.36 (KHTML, like Gecko) Chrome/137.0.7151.103 Mobile Safari/537.36 (compatible; Googlebot/2.1; +http://www.google.com/bot.html)"
209.74.77.214 - - [20/Jul/2025:13:34:02 +0000] "POST /wp-cron.php?doing_wp_cron=1753018442.0539999008178710937500 HTTP/1.1" 200 - "-" "WordPress/6.8.2; https://kelaby.company"
216.73.216.255 - - [20/Jul/2025:13:34:01 +0000] "GET /detail/408760975 HTTP/1.1" 404 16414 "-" "Mozilla/5.0 AppleWebKit/537.36 (KHTML, like Gecko; compatible; ClaudeBot/1.0; [email protected])"
216.73.216.255 - - [20/Jul/2025:13:34:04 +0000] "GET /detail/408861031 HTTP/1.1" 404 16414 "-" "Mozilla/5.0 AppleWebKit/537.36 (KHTML, like Gecko; compatible; ClaudeBot/1.0; [email protected])"
216.73.216.255 - - [20/Jul/2025:13:34:07 +0000] "GET /detail/408672059 HTTP/1.1" 404 16414 "-" "Mozilla/5.0 AppleWebKit/537.36 (KHTML, like Gecko; compatible; ClaudeBot/1.0; [email protected])"
216.73.216.255 - - [20/Jul/2025:13:34:10 +0000] "GET /detail/408905992 HTTP/1.1" 404 16414 "-" "Mozilla/5.0 AppleWebKit/537.36 (KHTML, like Gecko; compatible; ClaudeBot/1.0; [email protected])"
216.73.216.255 - - [20/Jul/2025:13:34:13 +0000] "GET /detail/408454006 HTTP/1.1" 404 16414 "-" "Mozilla/5.0 AppleWebKit/537.36 (KHTML, like Gecko; compatible; ClaudeBot/1.0; [email protected])"
66.249.79.232 - - [20/Jul/2025:13:34:16 +0000] "GET /?h=5857660011960&mod=7530b57b&uri=article.php?detail/2594341 HTTP/1.1" 200 19479 "-" "Mozilla/5.0 (Linux; Android 6.0.1; Nexus 5X Build/MMB29P) AppleWebKit/537.36 (KHTML, like Gecko) Chrome/137.0.7151.103 Mobile Safari/537.36 (compatible; Googlebot/2.1; +http://www.google.com/bot.html)"
66.249.79.232 - - [20/Jul/2025:13:34:16 +0000] "POST /get-message-notify HTTP/1.1" 200 19474 "https://www.kelaby.company/?h=23969282031960&mod=62c1507b&uri=products.php?detail/131961019" "Mozilla/5.0 (Linux; Android 6.0.1; Nexus 5X Build/MMB29P) AppleWebKit/537.36 (KHTML, like Gecko) Chrome/137.0.7151.119 Mobile Safari/537.36 (compatible; Googlebot/2.1; +http://www.google.com/bot.html)"
216.73.216.255 - - [20/Jul/2025:13:34:16 +0000] "GET /detail/408673844 HTTP/1.1" 404 16414 "-" "Mozilla/5.0 AppleWebKit/537.36 (KHTML, like Gecko; compatible; ClaudeBot/1.0; [email protected])"
216.73.216.255 - - [20/Jul/2025:13:34:19 +0000] "GET /detail/408916664 HTTP/1.1" 404 16414 "-" "Mozilla/5.0 AppleWebKit/537.36 (KHTML, like Gecko; compatible; ClaudeBot/1.0; [email protected])"
216.73.216.255 - - [20/Jul/2025:13:34:24 +0000] "GET /detail/408862670 HTTP/1.1" 404 16414 "-" "Mozilla/5.0 AppleWebKit/537.36 (KHTML, like Gecko; compatible; ClaudeBot/1.0; [email protected])"
2a03:2880:f800:b:: - - [20/Jul/2025:13:34:26 +0000] "GET /?h=60815485131960& HTTP/1.1" 301 - "-" "meta-externalagent/1.1 (+https://developers.facebook.com/docs/sharing/webmasters/crawler)"
216.73.216.255 - - [20/Jul/2025:13:34:27 +0000] "GET /detail/408832215 HTTP/1.1" 404 16414 "-" "Mozilla/5.0 AppleWebKit/537.36 (KHTML, like Gecko; compatible; ClaudeBot/1.0; [email protected])"
216.73.216.255 - - [20/Jul/2025:13:34:30 +0000] "GET /detail/408858481 HTTP/1.1" 404 16414 "-" "Mozilla/5.0 AppleWebKit/537.36 (KHTML, like Gecko; compatible; ClaudeBot/1.0; [email protected])"
66.249.79.230 - - [20/Jul/2025:13:34:32 +0000] "GET /?h=5894454011960&mod=8c76acf2&uri=shop.php?detail/34232958 HTTP/1.1" 200 19913 "-" "Mozilla/5.0 (Linux; Android 6.0.1; Nexus 5X Build/MMB29P) AppleWebKit/537.36 (KHTML, like Gecko) Chrome/137.0.7151.103 Mobile Safari/537.36 (compatible; Googlebot/2.1; +http://www.google.com/bot.html)"
216.73.216.255 - - [20/Jul/2025:13:34:33 +0000] "GET /detail/408459611 HTTP/1.1" 404 16414 "-" "Mozilla/5.0 AppleWebKit/537.36 (KHTML, like Gecko; compatible; ClaudeBot/1.0; [email protected])"
216.73.216.255 - - [20/Jul/2025:13:34:36 +0000] "GET /detail/408916323 HTTP/1.1" 404 16414 "-" "Mozilla/5.0 AppleWebKit/537.36 (KHTML, like Gecko; compatible; ClaudeBot/1.0; [email protected])"
216.73.216.255 - - [20/Jul/2025:13:34:39 +0000] "GET /detail/408518964 HTTP/1.1" 404 16414 "-" "Mozilla/5.0 AppleWebKit/537.36 (KHTML, like Gecko; compatible; ClaudeBot/1.0; [email protected])"
216.73.216.255 - - [20/Jul/2025:13:34:42 +0000] "GET /detail/408967735 HTTP/1.1" 404 16414 "-" "Mozilla/5.0 AppleWebKit/537.36 (KHTML, like Gecko; compatible; ClaudeBot/1.0; [email protected])"
216.73.216.255 - - [20/Jul/2025:13:34:45 +0000] "GET /detail/408837903 HTTP/1.1" 404 16414 "-" "Mozilla/5.0 AppleWebKit/537.36 (KHTML, like Gecko; compatible; ClaudeBot/1.0; [email protected])"
216.73.216.255 - - [20/Jul/2025:13:34:48 +0000] "GET /detail/408443679 HTTP/1.1" 404 16414 "-" "Mozilla/5.0 AppleWebKit/537.36 (KHTML, like Gecko; compatible; ClaudeBot/1.0; [email protected])"
66.249.79.230 - - [20/Jul/2025:13:34:48 +0000] "GET /?h=5894454011960&mod=8c76acf2&uri=shop.php?detail/34251447 HTTP/1.1" 200 18952 "-" "Mozilla/5.0 (Linux; Android 6.0.1; Nexus 5X Build/MMB29P) AppleWebKit/537.36 (KHTML, like Gecko) Chrome/137.0.7151.103 Mobile Safari/537.36 (compatible; Googlebot/2.1; +http://www.google.com/bot.html)"
2a03:2880:f800:10:: - - [20/Jul/2025:13:34:48 +0000] "GET /detail/813249891 HTTP/1.1" 404 16414 "-" "meta-externalagent/1.1 (+https://developers.facebook.com/docs/sharing/webmasters/crawler)"
66.249.79.230 - - [20/Jul/2025:13:34:50 +0000] "POST /get-message-notify HTTP/1.1" 200 19474 "https://www.kelaby.company/?h=5894454011960&mod=8c76acf2&uri=shop.php?detail/34251447" "Mozilla/5.0 (Linux; Android 6.0.1; Nexus 5X Build/MMB29P) AppleWebKit/537.36 (KHTML, like Gecko) Chrome/137.0.7151.119 Mobile Safari/537.36 (compatible; Googlebot/2.1; +http://www.google.com/bot.html)"
216.73.216.255 - - [20/Jul/2025:13:34:51 +0000] "GET /detail/408683766 HTTP/1.1" 404 16415 "-" "Mozilla/5.0 AppleWebKit/537.36 (KHTML, like Gecko; compatible; ClaudeBot/1.0; [email protected])"
216.73.216.255 - - [20/Jul/2025:13:34:54 +0000] "GET /detail/408932893 HTTP/1.1" 404 16414 "-" "Mozilla/5.0 AppleWebKit/537.36 (KHTML, like Gecko; compatible; ClaudeBot/1.0; [email protected])"
216.73.216.255 - - [20/Jul/2025:13:34:57 +0000] "GET /detail/408739058 HTTP/1.1" 404 16414 "-" "Mozilla/5.0 AppleWebKit/537.36 (KHTML, like Gecko; compatible; ClaudeBot/1.0; [email protected])"
216.73.216.255 - - [20/Jul/2025:13:35:00 +0000] "GET /detail/408583710 HTTP/1.1" 404 16415 "-" "Mozilla/5.0 AppleWebKit/537.36 (KHTML, like Gecko; compatible; ClaudeBot/1.0; [email protected])"
209.74.77.214 - - [20/Jul/2025:13:35:03 +0000] "POST /wp-cron.php?doing_wp_cron=1753018503.3587779998779296875000 HTTP/1.1" 200 - "-" "WordPress/6.8.2; https://kelaby.company"
216.73.216.255 - - [20/Jul/2025:13:35:03 +0000] "GET /detail/408564185 HTTP/1.1" 404 16414 "-" "Mozilla/5.0 AppleWebKit/537.36 (KHTML, like Gecko; compatible; ClaudeBot/1.0; [email protected])"
66.249.79.231 - - [20/Jul/2025:13:35:04 +0000] "GET /?h=5744787091960&mod=60b7f5df&uri=article.php?detail/33711436 HTTP/1.1" 200 19920 "-" "Mozilla/5.0 (Linux; Android 6.0.1; Nexus 5X Build/MMB29P) AppleWebKit/537.36 (KHTML, like Gecko) Chrome/137.0.7151.103 Mobile Safari/537.36 (compatible; Googlebot/2.1; +http://www.google.com/bot.html)"
216.73.216.255 - - [20/Jul/2025:13:35:09 +0000] "GET /detail/408515324 HTTP/1.1" 404 16414 "-" "Mozilla/5.0 AppleWebKit/537.36 (KHTML, like Gecko; compatible; ClaudeBot/1.0; [email protected])"
216.73.216.255 - - [20/Jul/2025:13:35:12 +0000] "GET /detail/408717100 HTTP/1.1" 404 16414 "-" "Mozilla/5.0 AppleWebKit/537.36 (KHTML, like Gecko; compatible; ClaudeBot/1.0; [email protected])"
216.73.216.255 - - [20/Jul/2025:13:35:15 +0000] "GET /detail/408510340 HTTP/1.1" 404 16414 "-" "Mozilla/5.0 AppleWebKit/537.36 (KHTML, like Gecko; compatible; ClaudeBot/1.0; [email protected])"
216.73.216.255 - - [20/Jul/2025:13:35:18 +0000] "GET /detail/408599027 HTTP/1.1" 404 16415 "-" "Mozilla/5.0 AppleWebKit/537.36 (KHTML, like Gecko; compatible; ClaudeBot/1.0; [email protected])"
66.249.79.230 - - [20/Jul/2025:13:35:20 +0000] "GET /?h=5744787091960&mod=60b7f5df&uri=article.php?detail/33723472 HTTP/1.1" 200 20956 "-" "Mozilla/5.0 (Linux; Android 6.0.1; Nexus 5X Build/MMB29P) AppleWebKit/537.36 (KHTML, like Gecko) Chrome/137.0.7151.103 Mobile Safari/537.36 (compatible; Googlebot/2.1; +http://www.google.com/bot.html)"
216.73.216.255 - - [20/Jul/2025:13:35:21 +0000] "GET /detail/408537986 HTTP/1.1" 404 16414 "-" "Mozilla/5.0 AppleWebKit/537.36 (KHTML, like Gecko; compatible; ClaudeBot/1.0; [email protected])"
216.73.216.255 - - [20/Jul/2025:13:35:24 +0000] "GET /detail/408920841 HTTP/1.1" 404 16414 "-" "Mozilla/5.0 AppleWebKit/537.36 (KHTML, like Gecko; compatible; ClaudeBot/1.0; [email protected])"
216.73.216.255 - - [20/Jul/2025:13:35:27 +0000] "GET /detail/408915574 HTTP/1.1" 404 16414 "-" "Mozilla/5.0 AppleWebKit/537.36 (KHTML, like Gecko; compatible; ClaudeBot/1.0; [email protected])"
216.73.216.255 - - [20/Jul/2025:13:35:30 +0000] "GET /detail/408849320 HTTP/1.1" 404 16414 "-" "Mozilla/5.0 AppleWebKit/537.36 (KHTML, like Gecko; compatible; ClaudeBot/1.0; [email protected])"
216.73.216.255 - - [20/Jul/2025:13:35:33 +0000] "GET /detail/408913188 HTTP/1.1" 404 16414 "-" "Mozilla/5.0 AppleWebKit/537.36 (KHTML, like Gecko; compatible; ClaudeBot/1.0; [email protected])"
216.73.216.255 - - [20/Jul/2025:13:35:36 +0000] "GET /detail/408779716 HTTP/1.1" 404 16414 "-" "Mozilla/5.0 AppleWebKit/537.36 (KHTML, like Gecko; compatible; ClaudeBot/1.0; [email protected])"
66.249.79.230 - - [20/Jul/2025:13:35:36 +0000] "GET /?h=5894454011960&mod=8c76acf2&uri=shop.php?detail/34245759 HTTP/1.1" 200 19056 "-" "Mozilla/5.0 (Linux; Android 6.0.1; Nexus 5X Build/MMB29P) AppleWebKit/537.36 (KHTML, like Gecko) Chrome/137.0.7151.103 Mobile Safari/537.36 (compatible; Googlebot/2.1; +http://www.google.com/bot.html)"
216.73.216.255 - - [20/Jul/2025:13:35:39 +0000] "GET /detail/117785180 HTTP/1.1" 404 16414 "-" "Mozilla/5.0 AppleWebKit/537.36 (KHTML, like Gecko; compatible; ClaudeBot/1.0; [email protected])"
216.73.216.255 - - [20/Jul/2025:13:35:42 +0000] "GET /detail/408733313 HTTP/1.1" 404 16414 "-" "Mozilla/5.0 AppleWebKit/537.36 (KHTML, like Gecko; compatible; ClaudeBot/1.0; [email protected])"
216.73.216.255 - - [20/Jul/2025:13:35:45 +0000] "GET /detail/408863906 HTTP/1.1" 404 16414 "-" "Mozilla/5.0 AppleWebKit/537.36 (KHTML, like Gecko; compatible; ClaudeBot/1.0; [email protected])"
216.73.216.255 - - [20/Jul/2025:13:35:48 +0000] "GET /detail/408696844 HTTP/1.1" 404 16412 "-" "Mozilla/5.0 AppleWebKit/537.36 (KHTML, like Gecko; compatible; ClaudeBot/1.0; [email protected])"
2a03:2880:f800:17:: - - [20/Jul/2025:13:35:48 +0000] "GET /?h=60815485131960 HTTP/1.1" 200 26478 "-" "meta-externalagent/1.1 (+https://developers.facebook.com/docs/sharing/webmasters/crawler)"
216.73.216.255 - - [20/Jul/2025:13:35:51 +0000] "GET /detail/117877169 HTTP/1.1" 404 16415 "-" "Mozilla/5.0 AppleWebKit/537.36 (KHTML, like Gecko; compatible; ClaudeBot/1.0; [email protected])"
66.249.79.230 - - [20/Jul/2025:13:35:52 +0000] "GET /?h=5744787091960&mod=60b7f5df&uri=article.php?detail/33695211 HTTP/1.1" 200 19253 "-" "Mozilla/5.0 (Linux; Android 6.0.1; Nexus 5X Build/MMB29P) AppleWebKit/537.36 (KHTML, like Gecko) Chrome/137.0.7151.103 Mobile Safari/537.36 (compatible; Googlebot/2.1; +http://www.google.com/bot.html)"
216.73.216.255 - - [20/Jul/2025:13:35:58 +0000] "GET /detail/408731686 HTTP/1.1" 404 16414 "-" "Mozilla/5.0 AppleWebKit/537.36 (KHTML, like Gecko; compatible; ClaudeBot/1.0; [email protected])"
209.74.77.214 - - [20/Jul/2025:13:36:01 +0000] "POST /wp-cron.php?doing_wp_cron=1753018561.1163470745086669921875 HTTP/1.1" 200 - "-" "WordPress/6.8.2; https://kelaby.company"
216.73.216.255 - - [20/Jul/2025:13:36:00 +0000] "GET /detail/408604224 HTTP/1.1" 404 16414 "-" "Mozilla/5.0 AppleWebKit/537.36 (KHTML, like Gecko; compatible; ClaudeBot/1.0; [email protected])"
216.73.216.255 - - [20/Jul/2025:13:36:03 +0000] "GET /detail/408511768 HTTP/1.1" 404 16413 "-" "Mozilla/5.0 AppleWebKit/537.36 (KHTML, like Gecko; compatible; ClaudeBot/1.0; [email protected])"
2a03:2880:f800:15:: - - [20/Jul/2025:13:36:06 +0000] "GET /?h=95469622021960& HTTP/1.1" 301 - "-" "meta-externalagent/1.1 (+https://developers.facebook.com/docs/sharing/webmasters/crawler)"
216.73.216.255 - - [20/Jul/2025:13:36:06 +0000] "GET /detail/408574793 HTTP/1.1" 404 16414 "-" "Mozilla/5.0 AppleWebKit/537.36 (KHTML, like Gecko; compatible; ClaudeBot/1.0; [email protected])"
66.249.79.230 - - [20/Jul/2025:13:36:08 +0000] "GET /?h=5894454011960&mod=8c76acf2&uri=shop.php?detail/35283053 HTTP/1.1" 200 21477 "-" "Mozilla/5.0 (Linux; Android 6.0.1; Nexus 5X Build/MMB29P) AppleWebKit/537.36 (KHTML, like Gecko) Chrome/137.0.7151.103 Mobile Safari/537.36 (compatible; Googlebot/2.1; +http://www.google.com/bot.html)"
216.73.216.255 - - [20/Jul/2025:13:36:09 +0000] "GET /detail/408972721 HTTP/1.1" 404 16414 "-" "Mozilla/5.0 AppleWebKit/537.36 (KHTML, like Gecko; compatible; ClaudeBot/1.0; [email protected])"
216.73.216.255 - - [20/Jul/2025:13:36:12 +0000] "GET /detail/408806064 HTTP/1.1" 404 16414 "-" "Mozilla/5.0 AppleWebKit/537.36 (KHTML, like Gecko; compatible; ClaudeBot/1.0; [email protected])"
216.73.216.255 - - [20/Jul/2025:13:36:15 +0000] "GET /detail/408848230 HTTP/1.1" 404 16413 "-" "Mozilla/5.0 AppleWebKit/537.36 (KHTML, like Gecko; compatible; ClaudeBot/1.0; [email protected])"
216.73.216.255 - - [20/Jul/2025:13:36:18 +0000] "GET /detail/408650094 HTTP/1.1" 404 16414 "-" "Mozilla/5.0 AppleWebKit/537.36 (KHTML, like Gecko; compatible; ClaudeBot/1.0; [email protected])"
216.73.216.255 - - [20/Jul/2025:13:36:21 +0000] "GET /detail/408548253 HTTP/1.1" 404 16414 "-" "Mozilla/5.0 AppleWebKit/537.36 (KHTML, like Gecko; compatible; ClaudeBot/1.0; [email protected])"
66.249.79.230 - - [20/Jul/2025:13:36:24 +0000] "GET /?h=5894454011960&mod=8c76acf2&uri=shop.php?detail/35269847 HTTP/1.1" 200 19600 "-" "Mozilla/5.0 (Linux; Android 6.0.1; Nexus 5X Build/MMB29P) AppleWebKit/537.36 (KHTML, like Gecko) Chrome/137.0.7151.103 Mobile Safari/537.36 (compatible; Googlebot/2.1; +http://www.google.com/bot.html)"
216.73.216.255 - - [20/Jul/2025:13:36:24 +0000] "GET /detail/408440930 HTTP/1.1" 404 16414 "-" "Mozilla/5.0 AppleWebKit/537.36 (KHTML, like Gecko; compatible; ClaudeBot/1.0; [email protected])"
216.73.216.255 - - [20/Jul/2025:13:36:27 +0000] "GET /detail/408542970 HTTP/1.1" 404 16414 "-" "Mozilla/5.0 AppleWebKit/537.36 (KHTML, like Gecko; compatible; ClaudeBot/1.0; [email protected])"
216.73.216.255 - - [20/Jul/2025:13:36:30 +0000] "GET /detail/408937194 HTTP/1.1" 404 16414 "-" "Mozilla/5.0 AppleWebKit/537.36 (KHTML, like Gecko; compatible; ClaudeBot/1.0; [email protected])"
216.73.216.255 - - [20/Jul/2025:13:36:33 +0000] "GET /detail/408736460 HTTP/1.1" 404 16414 "-" "Mozilla/5.0 AppleWebKit/537.36 (KHTML, like Gecko; compatible; ClaudeBot/1.0; [email protected])"
216.73.216.255 - - [20/Jul/2025:13:36:36 +0000] "GET /detail/408580282 HTTP/1.1" 404 16414 "-" "Mozilla/5.0 AppleWebKit/537.36 (KHTML, like Gecko; compatible; ClaudeBot/1.0; [email protected])"
216.73.216.255 - - [20/Jul/2025:13:36:39 +0000] "GET /detail/408631337 HTTP/1.1" 404 16414 "-" "Mozilla/5.0 AppleWebKit/537.36 (KHTML, like Gecko; compatible; ClaudeBot/1.0; [email protected])"
66.249.79.230 - - [20/Jul/2025:13:36:40 +0000] "GET /?h=5747907041960&mod=60b7f5df&uri=blog.php?detail/209242391 HTTP/1.1" 200 18908 "-" "Mozilla/5.0 (Linux; Android 6.0.1; Nexus 5X Build/MMB29P) AppleWebKit/537.36 (KHTML, like Gecko) Chrome/137.0.7151.103 Mobile Safari/537.36 (compatible; Googlebot/2.1; +http://www.google.com/bot.html)"
216.73.216.255 - - [20/Jul/2025:13:36:45 +0000] "GET /detail/408934063 HTTP/1.1" 404 16414 "-" "Mozilla/5.0 AppleWebKit/537.36 (KHTML, like Gecko; compatible; ClaudeBot/1.0; [email protected])"
216.73.216.255 - - [20/Jul/2025:13:36:48 +0000] "GET /detail/408794028 HTTP/1.1" 404 16413 "-" "Mozilla/5.0 AppleWebKit/537.36 (KHTML, like Gecko; compatible; ClaudeBot/1.0; [email protected])"
216.73.216.255 - - [20/Jul/2025:13:36:51 +0000] "GET /detail/117910028 HTTP/1.1" 404 16414 "-" "Mozilla/5.0 AppleWebKit/537.36 (KHTML, like Gecko; compatible; ClaudeBot/1.0; [email protected])"
216.73.216.255 - - [20/Jul/2025:13:36:54 +0000] "GET /detail/117619272 HTTP/1.1" 404 16414 "-" "Mozilla/5.0 AppleWebKit/537.36 (KHTML, like Gecko; compatible; ClaudeBot/1.0; [email protected])"
216.73.216.255 - - [20/Jul/2025:13:36:57 +0000] "GET /detail/408930014 HTTP/1.1" 404 16414 "-" "Mozilla/5.0 AppleWebKit/537.36 (KHTML, like Gecko; compatible; ClaudeBot/1.0; [email protected])"
216.73.216.255 - - [20/Jul/2025:13:37:00 +0000] "GET /detail/408825424 HTTP/1.1" 404 16414 "-" "Mozilla/5.0 AppleWebKit/537.36 (KHTML, like Gecko; compatible; ClaudeBot/1.0; [email protected])"
209.74.77.214 - - [20/Jul/2025:13:37:03 +0000] "POST /wp-cron.php?doing_wp_cron=1753018623.5042889118194580078125 HTTP/1.1" 200 - "-" "WordPress/6.8.2; https://kelaby.company"
216.73.216.255 - - [20/Jul/2025:13:37:03 +0000] "GET /detail/408657210 HTTP/1.1" 404 16414 "-" "Mozilla/5.0 AppleWebKit/537.36 (KHTML, like Gecko; compatible; ClaudeBot/1.0; [email protected])"
2a03:2880:f800:7:: - - [20/Jul/2025:13:37:03 +0000] "GET /?h=95469622021960 HTTP/1.1" 200 26470 "-" "meta-externalagent/1.1 (+https://developers.facebook.com/docs/sharing/webmasters/crawler)"
66.249.79.230 - - [20/Jul/2025:13:37:05 +0000] "GET /?h=5894454011960&mod=8c76acf2&uri=shop.php?detail/35282907 HTTP/1.1" 200 19503 "-" "Mozilla/5.0 (Linux; Android 6.0.1; Nexus 5X Build/MMB29P) AppleWebKit/537.36 (KHTML, like Gecko) Chrome/137.0.7151.103 Mobile Safari/537.36 (compatible; Googlebot/2.1; +http://www.google.com/bot.html)"
216.73.216.255 - - [20/Jul/2025:13:37:06 +0000] "GET /detail/408482694 HTTP/1.1" 404 16415 "-" "Mozilla/5.0 AppleWebKit/537.36 (KHTML, like Gecko; compatible; ClaudeBot/1.0; [email protected])"
2a03:2880:f800:7:: - - [20/Jul/2025:13:37:08 +0000] "GET /?h=83484923051960& HTTP/1.1" 301 - "-" "meta-externalagent/1.1 (+https://developers.facebook.com/docs/sharing/webmasters/crawler)"
216.73.216.255 - - [20/Jul/2025:13:37:09 +0000] "GET /detail/408501926 HTTP/1.1" 404 16414 "-" "Mozilla/5.0 AppleWebKit/537.36 (KHTML, like Gecko; compatible; ClaudeBot/1.0; [email protected])"
216.73.216.255 - - [20/Jul/2025:13:37:12 +0000] "GET /detail/408551384 HTTP/1.1" 404 16415 "-" "Mozilla/5.0 AppleWebKit/537.36 (KHTML, like Gecko; compatible; ClaudeBot/1.0; [email protected])"
216.73.216.255 - - [20/Jul/2025:13:37:15 +0000] "GET /detail/408513475 HTTP/1.1" 404 16414 "-" "Mozilla/5.0 AppleWebKit/537.36 (KHTML, like Gecko; compatible; ClaudeBot/1.0; [email protected])"
216.73.216.255 - - [20/Jul/2025:13:37:18 +0000] "GET /detail/408962470 HTTP/1.1" 404 16414 "-" "Mozilla/5.0 AppleWebKit/537.36 (KHTML, like Gecko; compatible; ClaudeBot/1.0; [email protected])"
66.249.79.230 - - [20/Jul/2025:13:37:19 +0000] "GET /?h=5894454011960&mod=8c76acf2&uri=shop.php?detail/35252126 HTTP/1.1" 200 19463 "-" "Mozilla/5.0 (Linux; Android 6.0.1; Nexus 5X Build/MMB29P) AppleWebKit/537.36 (KHTML, like Gecko) Chrome/137.0.7151.103 Mobile Safari/537.36 (compatible; Googlebot/2.1; +http://www.google.com/bot.html)"
66.249.79.230 - - [20/Jul/2025:13:37:21 +0000] "POST /get-message-notify HTTP/1.1" 200 19474 "https://www.kelaby.company/?h=5747907041960&mod=60b7f5df&uri=blog.php?detail/209242391" "Mozilla/5.0 (Linux; Android 6.0.1; Nexus 5X Build/MMB29P) AppleWebKit/537.36 (KHTML, like Gecko) Chrome/137.0.7151.119 Mobile Safari/537.36 (compatible; Googlebot/2.1; +http://www.google.com/bot.html)"
216.73.216.255 - - [20/Jul/2025:13:37:21 +0000] "GET /detail/408612105 HTTP/1.1" 404 16414 "-" "Mozilla/5.0 AppleWebKit/537.36 (KHTML, like Gecko; compatible; ClaudeBot/1.0; [email protected])"
216.73.216.255 - - [20/Jul/2025:13:37:24 +0000] "GET /detail/408920560 HTTP/1.1" 404 16414 "-" "Mozilla/5.0 AppleWebKit/537.36 (KHTML, like Gecko; compatible; ClaudeBot/1.0; [email protected])"
2a03:2880:f800:16:: - - [20/Jul/2025:13:37:24 +0000] "GET /?h=97305769061960& HTTP/1.1" 301 - "-" "meta-externalagent/1.1 (+https://developers.facebook.com/docs/sharing/webmasters/crawler)"
2a03:2880:f800:b:: - - [20/Jul/2025:13:37:24 +0000] "GET /?h=83484923051960 HTTP/1.1" 200 26469 "-" "meta-externalagent/1.1 (+https://developers.facebook.com/docs/sharing/webmasters/crawler)"
216.73.216.255 - - [20/Jul/2025:13:37:29 +0000] "GET /detail/408942815 HTTP/1.1" 404 16414 "-" "Mozilla/5.0 AppleWebKit/537.36 (KHTML, like Gecko; compatible; ClaudeBot/1.0; [email protected])"
216.73.216.255 - - [20/Jul/2025:13:37:32 +0000] "GET /detail/408759933 HTTP/1.1" 404 16414 "-" "Mozilla/5.0 AppleWebKit/537.36 (KHTML, like Gecko; compatible; ClaudeBot/1.0; [email protected])"
66.249.79.230 - - [20/Jul/2025:13:37:34 +0000] "GET /?h=5894454011960&mod=8c76acf2&uri=shop.php?detail/35241863 HTTP/1.1" 200 19268 "-" "Mozilla/5.0 (Linux; Android 6.0.1; Nexus 5X Build/MMB29P) AppleWebKit/537.36 (KHTML, like Gecko) Chrome/137.0.7151.103 Mobile Safari/537.36 (compatible; Googlebot/2.1; +http://www.google.com/bot.html)"
216.73.216.255 - - [20/Jul/2025:13:37:35 +0000] "GET /detail/408462911 HTTP/1.1" 404 16414 "-" "Mozilla/5.0 AppleWebKit/537.36 (KHTML, like Gecko; compatible; ClaudeBot/1.0; [email protected])"
2a03:2880:f800:12:: - - [20/Jul/2025:13:37:37 +0000] "GET /detail/813060590 HTTP/1.1" 404 16413 "-" "meta-externalagent/1.1 (+https://developers.facebook.com/docs/sharing/webmasters/crawler)"
216.73.216.255 - - [20/Jul/2025:13:37:38 +0000] "GET /detail/408897432 HTTP/1.1" 404 16414 "-" "Mozilla/5.0 AppleWebKit/537.36 (KHTML, like Gecko; compatible; ClaudeBot/1.0; [email protected])"
216.73.216.255 - - [20/Jul/2025:13:37:41 +0000] "GET /detail/408929465 HTTP/1.1" 404 16414 "-" "Mozilla/5.0 AppleWebKit/537.36 (KHTML, like Gecko; compatible; ClaudeBot/1.0; [email protected])"
216.73.216.255 - - [20/Jul/2025:13:37:44 +0000] "GET /detail/408729901 HTTP/1.1" 404 16414 "-" "Mozilla/5.0 AppleWebKit/537.36 (KHTML, like Gecko; compatible; ClaudeBot/1.0; [email protected])"
216.73.216.255 - - [20/Jul/2025:13:37:47 +0000] "GET /detail/408788621 HTTP/1.1" 404 16414 "-" "Mozilla/5.0 AppleWebKit/537.36 (KHTML, like Gecko; compatible; ClaudeBot/1.0; [email protected])"
66.249.79.230 - - [20/Jul/2025:13:37:48 +0000] "GET /?h=5747907041960&mod=60b7f5df&uri=blog.php?detail/209245522 HTTP/1.1" 200 22081 "-" "Mozilla/5.0 (Linux; Android 6.0.1; Nexus 5X Build/MMB29P) AppleWebKit/537.36 (KHTML, like Gecko) Chrome/137.0.7151.103 Mobile Safari/537.36 (compatible; Googlebot/2.1; +http://www.google.com/bot.html)"
216.73.216.255 - - [20/Jul/2025:13:37:50 +0000] "GET /detail/408512938 HTTP/1.1" 404 16414 "-" "Mozilla/5.0 AppleWebKit/537.36 (KHTML, like Gecko; compatible; ClaudeBot/1.0; [email protected])"
216.73.216.255 - - [20/Jul/2025:13:37:53 +0000] "GET /detail/408975868 HTTP/1.1" 404 16414 "-" "Mozilla/5.0 AppleWebKit/537.36 (KHTML, like Gecko; compatible; ClaudeBot/1.0; [email protected])"
2a03:2880:f800:c:: - - [20/Jul/2025:13:37:56 +0000] "GET /?h=97305769061960 HTTP/1.1" 200 26479 "-" "meta-externalagent/1.1 (+https://developers.facebook.com/docs/sharing/webmasters/crawler)"
216.73.216.255 - - [20/Jul/2025:13:37:56 +0000] "GET /detail/408850700 HTTP/1.1" 404 16414 "-" "Mozilla/5.0 AppleWebKit/537.36 (KHTML, like Gecko; compatible; ClaudeBot/1.0; [email protected])"
216.73.216.255 - - [20/Jul/2025:13:37:59 +0000] "GET /detail/408947397 HTTP/1.1" 404 16415 "-" "Mozilla/5.0 AppleWebKit/537.36 (KHTML, like Gecko; compatible; ClaudeBot/1.0; [email protected])"
209.74.77.214 - - [20/Jul/2025:13:38:03 +0000] "POST /wp-cron.php?doing_wp_cron=1753018682.7159719467163085937500 HTTP/1.1" 200 - "-" "WordPress/6.8.2; https://kelaby.company"
216.73.216.255 - - [20/Jul/2025:13:38:02 +0000] "GET /detail/408782314 HTTP/1.1" 404 16414 "-" "Mozilla/5.0 AppleWebKit/537.36 (KHTML, like Gecko; compatible; ClaudeBot/1.0; [email protected])"
66.249.79.232 - - [20/Jul/2025:13:38:03 +0000] "GET /?h=5894454011960&mod=8c76acf2&uri=shop.php?detail/35234795 HTTP/1.1" 200 23545 "-" "Mozilla/5.0 (Linux; Android 6.0.1; Nexus 5X Build/MMB29P) AppleWebKit/537.36 (KHTML, like Gecko) Chrome/137.0.7151.103 Mobile Safari/537.36 (compatible; Googlebot/2.1; +http://www.google.com/bot.html)"
66.249.79.230 - - [20/Jul/2025:13:38:03 +0000] "GET /?h=5695797131960&mod=2076b5ab&uri=shop.php%3Fid%3D190181-333%26name%3Dknife+edge+wedding+band+tiffany HTTP/1.1" 200 21338 "-" "Mozilla/5.0 (Linux; Android 6.0.1; Nexus 5X Build/MMB29P) AppleWebKit/537.36 (KHTML, like Gecko) Chrome/137.0.7151.103 Mobile Safari/537.36 (compatible; Googlebot/2.1; +http://www.google.com/bot.html)"
66.249.79.232 - - [20/Jul/2025:13:38:05 +0000] "POST /get-message-notify HTTP/1.1" 200 19474 "https://www.kelaby.company/?h=5894454011960&mod=8c76acf2&uri=shop.php?detail/35234795" "Mozilla/5.0 (Linux; Android 6.0.1; Nexus 5X Build/MMB29P) AppleWebKit/537.36 (KHTML, like Gecko) Chrome/137.0.7151.119 Mobile Safari/537.36 (compatible; Googlebot/2.1; +http://www.google.com/bot.html)"
216.73.216.255 - - [20/Jul/2025:13:38:05 +0000] "GET /detail/408485911 HTTP/1.1" 404 16414 "-" "Mozilla/5.0 AppleWebKit/537.36 (KHTML, like Gecko; compatible; ClaudeBot/1.0; [email protected])"
216.73.216.255 - - [20/Jul/2025:13:38:08 +0000] "GET /detail/408948222 HTTP/1.1" 404 16414 "-" "Mozilla/5.0 AppleWebKit/537.36 (KHTML, like Gecko; compatible; ClaudeBot/1.0; [email protected])"
216.73.216.255 - - [20/Jul/2025:13:38:11 +0000] "GET /detail/408786978 HTTP/1.1" 404 16414 "-" "Mozilla/5.0 AppleWebKit/537.36 (KHTML, like Gecko; compatible; ClaudeBot/1.0; [email protected])"
66.249.79.230 - - [20/Jul/2025:13:38:17 +0000] "GET /?h=5894454011960&mod=8c76acf2&uri=shop.php?detail/35244994 HTTP/1.1" 200 19000 "-" "Mozilla/5.0 (Linux; Android 6.0.1; Nexus 5X Build/MMB29P) AppleWebKit/537.36 (KHTML, like Gecko) Chrome/137.0.7151.103 Mobile Safari/537.36 (compatible; Googlebot/2.1; +http://www.google.com/bot.html)"
216.73.216.255 - - [20/Jul/2025:13:38:28 +0000] "GET /detail/408712454 HTTP/1.1" 404 16414 "-" "Mozilla/5.0 AppleWebKit/537.36 (KHTML, like Gecko; compatible; ClaudeBot/1.0; [email protected])"
216.73.216.255 - - [20/Jul/2025:13:38:30 +0000] "GET /detail/408678846 HTTP/1.1" 404 16414 "-" "Mozilla/5.0 AppleWebKit/537.36 (KHTML, like Gecko; compatible; ClaudeBot/1.0; [email protected])"
66.249.79.230 - - [20/Jul/2025:13:38:33 +0000] "GET /?h=5894454011960&mod=8c76acf2&uri=shop.php?detail/35265332 HTTP/1.1" 200 18925 "-" "Mozilla/5.0 (Linux; Android 6.0.1; Nexus 5X Build/MMB29P) AppleWebKit/537.36 (KHTML, like Gecko) Chrome/137.0.7151.103 Mobile Safari/537.36 (compatible; Googlebot/2.1; +http://www.google.com/bot.html)"
216.73.216.255 - - [20/Jul/2025:13:38:33 +0000] "GET /detail/408514727 HTTP/1.1" 404 16414 "-" "Mozilla/5.0 AppleWebKit/537.36 (KHTML, like Gecko; compatible; ClaudeBot/1.0; [email protected])"
216.73.216.255 - - [20/Jul/2025:13:38:36 +0000] "GET /detail/408868680 HTTP/1.1" 404 16414 "-" "Mozilla/5.0 AppleWebKit/537.36 (KHTML, like Gecko; compatible; ClaudeBot/1.0; [email protected])"
216.73.216.255 - - [20/Jul/2025:13:38:39 +0000] "GET /detail/408833726 HTTP/1.1" 404 16414 "-" "Mozilla/5.0 AppleWebKit/537.36 (KHTML, like Gecko; compatible; ClaudeBot/1.0; [email protected])"
216.73.216.255 - - [20/Jul/2025:13:38:42 +0000] "GET /detail/408556048 HTTP/1.1" 404 16414 "-" "Mozilla/5.0 AppleWebKit/537.36 (KHTML, like Gecko; compatible; ClaudeBot/1.0; [email protected])"
66.249.79.230 - - [20/Jul/2025:13:38:44 +0000] "POST /get-message-notify HTTP/1.1" 200 19474 "https://www.kelaby.company/?h=5894454011960&mod=8c76acf2&uri=shop.php?detail/35265332" "Mozilla/5.0 (Linux; Android 6.0.1; Nexus 5X Build/MMB29P) AppleWebKit/537.36 (KHTML, like Gecko) Chrome/137.0.7151.119 Mobile Safari/537.36 (compatible; Googlebot/2.1; +http://www.google.com/bot.html)"
216.73.216.255 - - [20/Jul/2025:13:38:45 +0000] "GET /detail/408715930 HTTP/1.1" 404 16414 "-" "Mozilla/5.0 AppleWebKit/537.36 (KHTML, like Gecko; compatible; ClaudeBot/1.0; [email protected])"
216.73.216.255 - - [20/Jul/2025:13:38:48 +0000] "GET /detail/408593616 HTTP/1.1" 404 16415 "-" "Mozilla/5.0 AppleWebKit/537.36 (KHTML, like Gecko; compatible; ClaudeBot/1.0; [email protected])"
66.249.79.230 - - [20/Jul/2025:13:38:49 +0000] "GET /?h=5894454011960&mod=8c76acf2&uri=shop.php?detail/33993616 HTTP/1.1" 200 19259 "-" "Mozilla/5.0 (Linux; Android 6.0.1; Nexus 5X Build/MMB29P) AppleWebKit/537.36 (KHTML, like Gecko) Chrome/137.0.7151.103 Mobile Safari/537.36 (compatible; Googlebot/2.1; +http://www.google.com/bot.html)"
216.73.216.255 - - [20/Jul/2025:13:38:51 +0000] "GET /detail/408605330 HTTP/1.1" 404 16414 "-" "Mozilla/5.0 AppleWebKit/537.36 (KHTML, like Gecko; compatible; ClaudeBot/1.0; [email protected])"
216.73.216.255 - - [20/Jul/2025:13:38:54 +0000] "GET /detail/408778013 HTTP/1.1" 404 16414 "-" "Mozilla/5.0 AppleWebKit/537.36 (KHTML, like Gecko; compatible; ClaudeBot/1.0; [email protected])"
216.73.216.255 - - [20/Jul/2025:13:38:57 +0000] "GET /detail/408772392 HTTP/1.1" 404 16415 "-" "Mozilla/5.0 AppleWebKit/537.36 (KHTML, like Gecko; compatible; ClaudeBot/1.0; [email protected])"
209.74.77.214 - - [20/Jul/2025:13:39:03 +0000] "POST /wp-cron.php?doing_wp_cron=1753018741.1618640422821044921875 HTTP/1.1" 200 - "-" "WordPress/6.8.2; https://kelaby.company"
216.73.216.255 - - [20/Jul/2025:13:39:00 +0000] "GET /detail/408964840 HTTP/1.1" 404 16414 "-" "Mozilla/5.0 AppleWebKit/537.36 (KHTML, like Gecko; compatible; ClaudeBot/1.0; [email protected])"
66.249.79.231 - - [20/Jul/2025:13:39:05 +0000] "GET /?h=352288001960&mod=e8f27796&uri=us.php?detail/35465661 HTTP/1.1" 200 19350 "-" "Mozilla/5.0 (Linux; Android 6.0.1; Nexus 5X Build/MMB29P) AppleWebKit/537.36 (KHTML, like Gecko) Chrome/137.0.7151.103 Mobile Safari/537.36 (compatible; Googlebot/2.1; +http://www.google.com/bot.html)"
66.249.79.230 - - [20/Jul/2025:13:39:06 +0000] "POST /get-message-notify HTTP/1.1" 200 19474 "https://www.kelaby.company/?h=23969282031960&mod=62c1507b&uri=products.php?detail/131966981" "Mozilla/5.0 (Linux; Android 6.0.1; Nexus 5X Build/MMB29P) AppleWebKit/537.36 (KHTML, like Gecko) Chrome/137.0.7151.119 Mobile Safari/537.36 (compatible; Googlebot/2.1; +http://www.google.com/bot.html)"
216.73.216.255 - - [20/Jul/2025:13:39:06 +0000] "GET /detail/408505758 HTTP/1.1" 404 16414 "-" "Mozilla/5.0 AppleWebKit/537.36 (KHTML, like Gecko; compatible; ClaudeBot/1.0; [email protected])"
66.249.79.230 - - [20/Jul/2025:13:39:08 +0000] "POST /get-message-notify HTTP/1.1" 200 19474 "https://www.kelaby.company/?h=352288001960&mod=e8f27796&uri=us.php?detail/35465661" "Mozilla/5.0 (Linux; Android 6.0.1; Nexus 5X Build/MMB29P) AppleWebKit/537.36 (KHTML, like Gecko) Chrome/137.0.7151.119 Mobile Safari/537.36 (compatible; Googlebot/2.1; +http://www.google.com/bot.html)"
216.73.216.255 - - [20/Jul/2025:13:39:13 +0000] "GET /detail/408831877 HTTP/1.1" 404 16415 "-" "Mozilla/5.0 AppleWebKit/537.36 (KHTML, like Gecko; compatible; ClaudeBot/1.0; [email protected])"
216.73.216.255 - - [20/Jul/2025:13:39:16 +0000] "GET /detail/408534087 HTTP/1.1" 404 16414 "-" "Mozilla/5.0 AppleWebKit/537.36 (KHTML, like Gecko; compatible; ClaudeBot/1.0; [email protected])"
