66.249.79.233 - - [20/Jul/2025:16:21:25 +0000] "GET /?h=108508956031960&mod=f7efa4f8&uri=article.php?detail/37522105 HTTP/1.1" 200 19648 "-" "Mozilla/5.0 (Linux; Android 6.0.1; Nexus 5X Build/MMB29P) AppleWebKit/537.36 (KHTML, like Gecko) Chrome/137.0.7151.103 Mobile Safari/537.36 (compatible; Googlebot/2.1; +http://www.google.com/bot.html)"
66.249.79.232 - - [20/Jul/2025:16:21:25 +0000] "GET /?h=36364990021960&mod=4b3da53a&uri=products.php?detail/1652716 HTTP/1.1" 200 20367 "-" "Mozilla/5.0 (Linux; Android 6.0.1; Nexus 5X Build/MMB29P) AppleWebKit/537.36 (KHTML, like Gecko) Chrome/137.0.7151.103 Mobile Safari/537.36 (compatible; Googlebot/2.1; +http://www.google.com/bot.html)"
66.249.79.232 - - [20/Jul/2025:16:21:26 +0000] "GET /?h=5764857011960&mod=e1c2e55c&uri=dp.php?detail/1666132 HTTP/1.1" 200 21965 "-" "Mozilla/5.0 (Linux; Android 6.0.1; Nexus 5X Build/MMB29P) AppleWebKit/537.36 (KHTML, like Gecko) Chrome/137.0.7151.103 Mobile Safari/537.36 (compatible; Googlebot/2.1; +http://www.google.com/bot.html)"
216.73.216.255 - - [20/Jul/2025:16:21:26 +0000] "GET /detail/950017953 HTTP/1.1" 404 16415 "-" "Mozilla/5.0 AppleWebKit/537.36 (KHTML, like Gecko; compatible; ClaudeBot/1.0; [email protected])"
216.73.216.255 - - [20/Jul/2025:16:21:29 +0000] "GET /detail/950188781 HTTP/1.1" 404 16414 "-" "Mozilla/5.0 AppleWebKit/537.36 (KHTML, like Gecko; compatible; ClaudeBot/1.0; [email protected])"
66.249.79.232 - - [20/Jul/2025:16:21:42 +0000] "GET /?h=6122315071960&mod=e1029434&uri=article.php?detail/670352363 HTTP/1.1" 200 18816 "-" "Mozilla/5.0 (Linux; Android 6.0.1; Nexus 5X Build/MMB29P) AppleWebKit/537.36 (KHTML, like Gecko) Chrome/137.0.7151.103 Mobile Safari/537.36 (compatible; Googlebot/2.1; +http://www.google.com/bot.html)"
66.249.79.232 - - [20/Jul/2025:16:21:42 +0000] "GET /?h=6023735051960&mod=681e38a8&uri=shop.php?product/edit/K3899881643 HTTP/1.1" 200 19503 "-" "Mozilla/5.0 (Linux; Android 6.0.1; Nexus 5X Build/MMB29P) AppleWebKit/537.36 (KHTML, like Gecko) Chrome/137.0.7151.103 Mobile Safari/537.36 (compatible; Googlebot/2.1; +http://www.google.com/bot.html)"
66.249.79.232 - - [20/Jul/2025:16:21:43 +0000] "GET /?h=5725431041960&mod=4428d361&uri=info.php?detail/1673182 HTTP/1.1" 200 19615 "-" "Mozilla/5.0 (Linux; Android 6.0.1; Nexus 5X Build/MMB29P) AppleWebKit/537.36 (KHTML, like Gecko) Chrome/137.0.7151.103 Mobile Safari/537.36 (compatible; Googlebot/2.1; +http://www.google.com/bot.html)"
66.249.79.232 - - [20/Jul/2025:16:21:45 +0000] "POST /get-message-notify HTTP/1.1" 200 19474 "https://www.kelaby.company/?h=5764857011960&mod=e1c2e55c&uri=dp.php?detail/1666132" "Mozilla/5.0 (Linux; Android 6.0.1; Nexus 5X Build/MMB29P) AppleWebKit/537.36 (KHTML, like Gecko) Chrome/137.0.7151.119 Mobile Safari/537.36 (compatible; Googlebot/2.1; +http://www.google.com/bot.html)"
216.73.216.255 - - [20/Jul/2025:16:21:49 +0000] "GET /detail/949881684 HTTP/1.1" 404 16414 "-" "Mozilla/5.0 AppleWebKit/537.36 (KHTML, like Gecko; compatible; ClaudeBot/1.0; [email protected])"
216.73.216.255 - - [20/Jul/2025:16:21:52 +0000] "GET /detail/949875740 HTTP/1.1" 404 16414 "-" "Mozilla/5.0 AppleWebKit/537.36 (KHTML, like Gecko; compatible; ClaudeBot/1.0; [email protected])"
216.73.216.255 - - [20/Jul/2025:16:21:55 +0000] "GET /detail/950322786 HTTP/1.1" 404 16414 "-" "Mozilla/5.0 AppleWebKit/537.36 (KHTML, like Gecko; compatible; ClaudeBot/1.0; [email protected])"
66.249.79.232 - - [20/Jul/2025:16:21:58 +0000] "GET /?h=6086869041960&mod=f7efa4f8&uri=shop.php?detail/499234313 HTTP/1.1" 200 19367 "-" "Mozilla/5.0 (Linux; Android 6.0.1; Nexus 5X Build/MMB29P) AppleWebKit/537.36 (KHTML, like Gecko) Chrome/137.0.7151.103 Mobile Safari/537.36 (compatible; Googlebot/2.1; +http://www.google.com/bot.html)"
216.73.216.255 - - [20/Jul/2025:16:21:58 +0000] "GET /detail/949787169 HTTP/1.1" 404 16414 "-" "Mozilla/5.0 AppleWebKit/537.36 (KHTML, like Gecko; compatible; ClaudeBot/1.0; [email protected])"
66.249.79.232 - - [20/Jul/2025:16:21:59 +0000] "GET /?h=91732037031960&mod=28b30720&uri=info.php?detail/1656975 HTTP/1.1" 200 19775 "-" "Mozilla/5.0 (Linux; Android 6.0.1; Nexus 5X Build/MMB29P) AppleWebKit/537.36 (KHTML, like Gecko) Chrome/137.0.7151.103 Mobile Safari/537.36 (compatible; Googlebot/2.1; +http://www.google.com/bot.html)"
66.249.79.232 - - [20/Jul/2025:16:21:59 +0000] "GET /?h=89731110021960&mod=f7efa4f8&uri=pin.php?detail/36193470 HTTP/1.1" 200 21846 "-" "Mozilla/5.0 (Linux; Android 6.0.1; Nexus 5X Build/MMB29P) AppleWebKit/537.36 (KHTML, like Gecko) Chrome/137.0.7151.103 Mobile Safari/537.36 (compatible; Googlebot/2.1; +http://www.google.com/bot.html)"
66.249.79.232 - - [20/Jul/2025:16:22:01 +0000] "POST /get-message-notify HTTP/1.1" 200 19474 "https://www.kelaby.company/?h=6086869041960&mod=f7efa4f8&uri=shop.php?detail/499234313" "Mozilla/5.0 (Linux; Android 6.0.1; Nexus 5X Build/MMB29P) AppleWebKit/537.36 (KHTML, like Gecko) Chrome/137.0.7151.119 Mobile Safari/537.36 (compatible; Googlebot/2.1; +http://www.google.com/bot.html)"
209.74.77.214 - - [20/Jul/2025:16:22:02 +0000] "POST /wp-cron.php?doing_wp_cron=1753028522.0581760406494140625000 HTTP/1.1" 200 - "-" "WordPress/6.8.2; https://kelaby.company"
216.73.216.255 - - [20/Jul/2025:16:22:01 +0000] "GET /detail/950138752 HTTP/1.1" 404 16414 "-" "Mozilla/5.0 AppleWebKit/537.36 (KHTML, like Gecko; compatible; ClaudeBot/1.0; [email protected])"
216.73.216.255 - - [20/Jul/2025:16:22:04 +0000] "GET /detail/950246559 HTTP/1.1" 404 16414 "-" "Mozilla/5.0 AppleWebKit/537.36 (KHTML, like Gecko; compatible; ClaudeBot/1.0; [email protected])"
216.73.216.255 - - [20/Jul/2025:16:22:07 +0000] "GET /detail/950139499 HTTP/1.1" 404 16414 "-" "Mozilla/5.0 AppleWebKit/537.36 (KHTML, like Gecko; compatible; ClaudeBot/1.0; [email protected])"
216.73.216.255 - - [20/Jul/2025:16:22:10 +0000] "GET /detail/949871485 HTTP/1.1" 404 16414 "-" "Mozilla/5.0 AppleWebKit/537.36 (KHTML, like Gecko; compatible; ClaudeBot/1.0; [email protected])"
216.73.216.255 - - [20/Jul/2025:16:22:13 +0000] "GET /detail/950122865 HTTP/1.1" 404 16414 "-" "Mozilla/5.0 AppleWebKit/537.36 (KHTML, like Gecko; compatible; ClaudeBot/1.0; [email protected])"
216.73.216.255 - - [20/Jul/2025:16:22:16 +0000] "GET /detail/950206096 HTTP/1.1" 404 16415 "-" "Mozilla/5.0 AppleWebKit/537.36 (KHTML, like Gecko; compatible; ClaudeBot/1.0; [email protected])"
216.73.216.255 - - [20/Jul/2025:16:22:19 +0000] "GET /detail/949825030 HTTP/1.1" 404 16413 "-" "Mozilla/5.0 AppleWebKit/537.36 (KHTML, like Gecko; compatible; ClaudeBot/1.0; [email protected])"
216.73.216.255 - - [20/Jul/2025:16:22:22 +0000] "GET /detail/950307258 HTTP/1.1" 404 16414 "-" "Mozilla/5.0 AppleWebKit/537.36 (KHTML, like Gecko; compatible; ClaudeBot/1.0; [email protected])"
216.73.216.255 - - [20/Jul/2025:16:22:25 +0000] "GET /detail/950134579 HTTP/1.1" 404 16414 "-" "Mozilla/5.0 AppleWebKit/537.36 (KHTML, like Gecko; compatible; ClaudeBot/1.0; [email protected])"
216.73.216.255 - - [20/Jul/2025:16:22:28 +0000] "GET /detail/949893123 HTTP/1.1" 404 16413 "-" "Mozilla/5.0 AppleWebKit/537.36 (KHTML, like Gecko; compatible; ClaudeBot/1.0; [email protected])"
66.249.79.232 - - [20/Jul/2025:16:22:31 +0000] "GET /?h=5827998031960&mod=333d6beb&uri=dp.php?detail/4473876 HTTP/1.1" 200 19743 "-" "Mozilla/5.0 (Linux; Android 6.0.1; Nexus 5X Build/MMB29P) AppleWebKit/537.36 (KHTML, like Gecko) Chrome/137.0.7151.103 Mobile Safari/537.36 (compatible; Googlebot/2.1; +http://www.google.com/bot.html)"
66.249.79.232 - - [20/Jul/2025:16:22:31 +0000] "GET /?h=5707854031960&mod=2076b5ab&uri=shared.php?detail/1648070 HTTP/1.1" 200 21091 "-" "Mozilla/5.0 (Linux; Android 6.0.1; Nexus 5X Build/MMB29P) AppleWebKit/537.36 (KHTML, like Gecko) Chrome/137.0.7151.103 Mobile Safari/537.36 (compatible; Googlebot/2.1; +http://www.google.com/bot.html)"
216.73.216.255 - - [20/Jul/2025:16:22:31 +0000] "GET /detail/950005085 HTTP/1.1" 404 16414 "-" "Mozilla/5.0 AppleWebKit/537.36 (KHTML, like Gecko; compatible; ClaudeBot/1.0; [email protected])"
66.249.79.232 - - [20/Jul/2025:16:22:33 +0000] "POST /get-message-notify HTTP/1.1" 200 19474 "https://www.kelaby.company/?h=5827998031960&mod=333d6beb&uri=dp.php?detail/4473876" "Mozilla/5.0 (Linux; Android 6.0.1; Nexus 5X Build/MMB29P) AppleWebKit/537.36 (KHTML, like Gecko) Chrome/137.0.7151.119 Mobile Safari/537.36 (compatible; Googlebot/2.1; +http://www.google.com/bot.html)"
216.73.216.255 - - [20/Jul/2025:16:22:34 +0000] "GET /detail/950101522 HTTP/1.1" 404 16414 "-" "Mozilla/5.0 AppleWebKit/537.36 (KHTML, like Gecko; compatible; ClaudeBot/1.0; [email protected])"
216.73.216.255 - - [20/Jul/2025:16:22:37 +0000] "GET /detail/950143139 HTTP/1.1" 404 16414 "-" "Mozilla/5.0 AppleWebKit/537.36 (KHTML, like Gecko; compatible; ClaudeBot/1.0; [email protected])"
216.73.216.255 - - [20/Jul/2025:16:22:40 +0000] "GET /detail/949840283 HTTP/1.1" 404 16413 "-" "Mozilla/5.0 AppleWebKit/537.36 (KHTML, like Gecko; compatible; ClaudeBot/1.0; [email protected])"
216.73.216.255 - - [20/Jul/2025:16:22:46 +0000] "GET /detail/949914759 HTTP/1.1" 404 16414 "-" "Mozilla/5.0 AppleWebKit/537.36 (KHTML, like Gecko; compatible; ClaudeBot/1.0; [email protected])"
66.249.79.34 - - [20/Jul/2025:16:22:47 +0000] "GET /?h=6090919091960&mod=f7efa4f8&uri=shared.php?detail/3582008 HTTP/1.1" 200 19513 "-" "Mozilla/5.0 (Linux; Android 6.0.1; Nexus 5X Build/MMB29P) AppleWebKit/537.36 (KHTML, like Gecko) Chrome/137.0.7151.103 Mobile Safari/537.36 (compatible; Googlebot/2.1; +http://www.google.com/bot.html)"
2a03:2880:f800:: - - [20/Jul/2025:16:22:47 +0000] "GET /?h=16296476001960& HTTP/1.1" 301 - "-" "meta-externalagent/1.1 (+https://developers.facebook.com/docs/sharing/webmasters/crawler)"
66.249.79.232 - - [20/Jul/2025:16:22:47 +0000] "GET /?h=5798108021960&mod=9bbcf8c9&uri=goods.php? HTTP/1.1" 200 19204 "-" "Mozilla/5.0 (Linux; Android 6.0.1; Nexus 5X Build/MMB29P) AppleWebKit/537.36 (KHTML, like Gecko) Chrome/137.0.7151.103 Mobile Safari/537.36 (compatible; Googlebot/2.1; +http://www.google.com/bot.html)"
216.73.216.255 - - [20/Jul/2025:16:22:49 +0000] "GET /detail/949791422 HTTP/1.1" 404 16414 "-" "Mozilla/5.0 AppleWebKit/537.36 (KHTML, like Gecko; compatible; ClaudeBot/1.0; [email protected])"
216.73.216.255 - - [20/Jul/2025:16:22:52 +0000] "GET /detail/950212887 HTTP/1.1" 404 16414 "-" "Mozilla/5.0 AppleWebKit/537.36 (KHTML, like Gecko; compatible; ClaudeBot/1.0; [email protected])"
66.249.79.232 - - [20/Jul/2025:16:22:53 +0000] "POST /get-message-notify HTTP/1.1" 200 19474 "https://www.kelaby.company/?h=5798108021960&mod=9bbcf8c9&uri=goods.php?" "Mozilla/5.0 (Linux; Android 6.0.1; Nexus 5X Build/MMB29P) AppleWebKit/537.36 (KHTML, like Gecko) Chrome/137.0.7151.119 Mobile Safari/537.36 (compatible; Googlebot/2.1; +http://www.google.com/bot.html)"
216.73.216.255 - - [20/Jul/2025:16:22:55 +0000] "GET /detail/950186992 HTTP/1.1" 404 16414 "-" "Mozilla/5.0 AppleWebKit/537.36 (KHTML, like Gecko; compatible; ClaudeBot/1.0; [email protected])"
216.73.216.255 - - [20/Jul/2025:16:22:58 +0000] "GET /detail/949875658 HTTP/1.1" 404 16414 "-" "Mozilla/5.0 AppleWebKit/537.36 (KHTML, like Gecko; compatible; ClaudeBot/1.0; [email protected])"
209.74.77.214 - - [20/Jul/2025:16:23:01 +0000] "POST /wp-cron.php?doing_wp_cron=1753028581.7427940368652343750000 HTTP/1.1" 200 - "-" "WordPress/6.8.2; https://kelaby.company"
216.73.216.255 - - [20/Jul/2025:16:23:01 +0000] "GET /detail/950271735 HTTP/1.1" 404 16414 "-" "Mozilla/5.0 AppleWebKit/537.36 (KHTML, like Gecko; compatible; ClaudeBot/1.0; [email protected])"
66.249.79.233 - - [20/Jul/2025:16:23:03 +0000] "GET /?h=6086869041960&mod=f7efa4f8&uri=shop.php?detail/499236845 HTTP/1.1" 200 19307 "-" "Mozilla/5.0 (Linux; Android 6.0.1; Nexus 5X Build/MMB29P) AppleWebKit/537.36 (KHTML, like Gecko) Chrome/137.0.7151.103 Mobile Safari/537.36 (compatible; Googlebot/2.1; +http://www.google.com/bot.html)"
66.249.79.233 - - [20/Jul/2025:16:23:04 +0000] "GET /?h=97569217001960&mod=4428d361&uri=products.php?detail/1680362 HTTP/1.1" 200 19204 "-" "Mozilla/5.0 (Linux; Android 6.0.1; Nexus 5X Build/MMB29P) AppleWebKit/537.36 (KHTML, like Gecko) Chrome/137.0.7151.103 Mobile Safari/537.36 (compatible; Googlebot/2.1; +http://www.google.com/bot.html)"
216.73.216.255 - - [20/Jul/2025:16:23:04 +0000] "GET /detail/950230330 HTTP/1.1" 404 16414 "-" "Mozilla/5.0 AppleWebKit/537.36 (KHTML, like Gecko; compatible; ClaudeBot/1.0; [email protected])"
216.73.216.255 - - [20/Jul/2025:16:23:07 +0000] "GET /detail/950160726 HTTP/1.1" 404 16414 "-" "Mozilla/5.0 AppleWebKit/537.36 (KHTML, like Gecko; compatible; ClaudeBot/1.0; [email protected])"
216.73.216.255 - - [20/Jul/2025:16:23:10 +0000] "GET /detail/950277336 HTTP/1.1" 404 16414 "-" "Mozilla/5.0 AppleWebKit/537.36 (KHTML, like Gecko; compatible; ClaudeBot/1.0; [email protected])"
216.73.216.255 - - [20/Jul/2025:16:23:13 +0000] "GET /detail/950300142 HTTP/1.1" 404 16414 "-" "Mozilla/5.0 AppleWebKit/537.36 (KHTML, like Gecko; compatible; ClaudeBot/1.0; [email protected])"
216.73.216.255 - - [20/Jul/2025:16:23:16 +0000] "GET /detail/950121519 HTTP/1.1" 404 16414 "-" "Mozilla/5.0 AppleWebKit/537.36 (KHTML, like Gecko; compatible; ClaudeBot/1.0; [email protected])"
216.73.216.255 - - [20/Jul/2025:16:23:19 +0000] "GET /detail/950119730 HTTP/1.1" 404 16414 "-" "Mozilla/5.0 AppleWebKit/537.36 (KHTML, like Gecko; compatible; ClaudeBot/1.0; [email protected])"
216.73.216.255 - - [20/Jul/2025:16:23:22 +0000] "GET /detail/950123158 HTTP/1.1" 404 16414 "-" "Mozilla/5.0 AppleWebKit/537.36 (KHTML, like Gecko; compatible; ClaudeBot/1.0; [email protected])"
216.73.216.255 - - [20/Jul/2025:16:23:25 +0000] "GET /detail/949861218 HTTP/1.1" 404 16414 "-" "Mozilla/5.0 AppleWebKit/537.36 (KHTML, like Gecko; compatible; ClaudeBot/1.0; [email protected])"
216.73.216.255 - - [20/Jul/2025:16:23:28 +0000] "GET /detail/950227455 HTTP/1.1" 404 16414 "-" "Mozilla/5.0 AppleWebKit/537.36 (KHTML, like Gecko; compatible; ClaudeBot/1.0; [email protected])"
216.73.216.255 - - [20/Jul/2025:16:23:31 +0000] "GET /detail/950169549 HTTP/1.1" 404 16414 "-" "Mozilla/5.0 AppleWebKit/537.36 (KHTML, like Gecko; compatible; ClaudeBot/1.0; [email protected])"
216.73.216.255 - - [20/Jul/2025:16:23:34 +0000] "GET /detail/950224841 HTTP/1.1" 404 16414 "-" "Mozilla/5.0 AppleWebKit/537.36 (KHTML, like Gecko; compatible; ClaudeBot/1.0; [email protected])"
216.73.216.255 - - [20/Jul/2025:16:23:37 +0000] "GET /detail/949995924 HTTP/1.1" 404 16414 "-" "Mozilla/5.0 AppleWebKit/537.36 (KHTML, like Gecko; compatible; ClaudeBot/1.0; [email protected])"
216.73.216.255 - - [20/Jul/2025:16:23:43 +0000] "GET /detail/950177344 HTTP/1.1" 404 16414 "-" "Mozilla/5.0 AppleWebKit/537.36 (KHTML, like Gecko; compatible; ClaudeBot/1.0; [email protected])"
66.249.79.232 - - [20/Jul/2025:16:23:45 +0000] "GET /?h=6086869041960&mod=f7efa4f8&uri=shop.php?detail/499237460 HTTP/1.1" 200 20255 "-" "Mozilla/5.0 (Linux; Android 6.0.1; Nexus 5X Build/MMB29P) AppleWebKit/537.36 (KHTML, like Gecko) Chrome/137.0.7151.103 Mobile Safari/537.36 (compatible; Googlebot/2.1; +http://www.google.com/bot.html)"
216.73.216.255 - - [20/Jul/2025:16:23:46 +0000] "GET /detail/950164010 HTTP/1.1" 404 16414 "-" "Mozilla/5.0 AppleWebKit/537.36 (KHTML, like Gecko; compatible; ClaudeBot/1.0; [email protected])"
216.73.216.255 - - [20/Jul/2025:16:23:49 +0000] "GET /detail/950107207 HTTP/1.1" 404 16414 "-" "Mozilla/5.0 AppleWebKit/537.36 (KHTML, like Gecko; compatible; ClaudeBot/1.0; [email protected])"
216.73.216.255 - - [20/Jul/2025:16:23:52 +0000] "GET /detail/949804223 HTTP/1.1" 404 16412 "-" "Mozilla/5.0 AppleWebKit/537.36 (KHTML, like Gecko; compatible; ClaudeBot/1.0; [email protected])"
216.73.216.255 - - [20/Jul/2025:16:23:55 +0000] "GET /detail/950134853 HTTP/1.1" 404 16414 "-" "Mozilla/5.0 AppleWebKit/537.36 (KHTML, like Gecko; compatible; ClaudeBot/1.0; [email protected])"
216.73.216.255 - - [20/Jul/2025:16:23:58 +0000] "GET /detail/950075046 HTTP/1.1" 404 16414 "-" "Mozilla/5.0 AppleWebKit/537.36 (KHTML, like Gecko; compatible; ClaudeBot/1.0; [email protected])"
209.74.77.214 - - [20/Jul/2025:16:24:01 +0000] "POST /wp-cron.php?doing_wp_cron=1753028641.5806629657745361328125 HTTP/1.1" 200 - "-" "WordPress/6.8.2; https://kelaby.company"
216.73.216.255 - - [20/Jul/2025:16:24:01 +0000] "GET /detail/950292185 HTTP/1.1" 404 16414 "-" "Mozilla/5.0 AppleWebKit/537.36 (KHTML, like Gecko; compatible; ClaudeBot/1.0; [email protected])"
216.73.216.255 - - [20/Jul/2025:16:24:04 +0000] "GET /detail/950118969 HTTP/1.1" 404 16414 "-" "Mozilla/5.0 AppleWebKit/537.36 (KHTML, like Gecko; compatible; ClaudeBot/1.0; [email protected])"
216.73.216.255 - - [20/Jul/2025:16:24:07 +0000] "GET /detail/950201578 HTTP/1.1" 404 16414 "-" "Mozilla/5.0 AppleWebKit/537.36 (KHTML, like Gecko; compatible; ClaudeBot/1.0; [email protected])"
216.73.216.255 - - [20/Jul/2025:16:24:10 +0000] "GET /detail/950211507 HTTP/1.1" 404 16414 "-" "Mozilla/5.0 AppleWebKit/537.36 (KHTML, like Gecko; compatible; ClaudeBot/1.0; [email protected])"
216.73.216.255 - - [20/Jul/2025:16:24:13 +0000] "GET /detail/950112959 HTTP/1.1" 404 16414 "-" "Mozilla/5.0 AppleWebKit/537.36 (KHTML, like Gecko; compatible; ClaudeBot/1.0; [email protected])"
66.249.79.234 - - [20/Jul/2025:16:24:16 +0000] "GET /?h=6080049041960&mod=c7ced588&uri=dp.php?detail/36444023 HTTP/1.1" 200 21824 "-" "Mozilla/5.0 (Linux; Android 6.0.1; Nexus 5X Build/MMB29P) AppleWebKit/537.36 (KHTML, like Gecko) Chrome/137.0.7151.103 Mobile Safari/537.36 (compatible; Googlebot/2.1; +http://www.google.com/bot.html)"
216.73.216.255 - - [20/Jul/2025:16:24:16 +0000] "GET /detail/950240938 HTTP/1.1" 404 16414 "-" "Mozilla/5.0 AppleWebKit/537.36 (KHTML, like Gecko; compatible; ClaudeBot/1.0; [email protected])"
66.249.79.234 - - [20/Jul/2025:16:24:16 +0000] "GET /?h=6059876031960&mod=c7ced588&uri=goods.php?detail/36045137 HTTP/1.1" 200 18937 "-" "Mozilla/5.0 (Linux; Android 6.0.1; Nexus 5X Build/MMB29P) AppleWebKit/537.36 (KHTML, like Gecko) Chrome/137.0.7151.103 Mobile Safari/537.36 (compatible; Googlebot/2.1; +http://www.google.com/bot.html)"
66.249.79.234 - - [20/Jul/2025:16:24:17 +0000] "GET /?h=6151655091960&mod=c5e24739&uri=category-info.php?detail/38227807 HTTP/1.1" 200 19155 "-" "Mozilla/5.0 (Linux; Android 6.0.1; Nexus 5X Build/MMB29P) AppleWebKit/537.36 (KHTML, like Gecko) Chrome/137.0.7151.103 Mobile Safari/537.36 (compatible; Googlebot/2.1; +http://www.google.com/bot.html)"
216.73.216.255 - - [20/Jul/2025:16:24:19 +0000] "GET /detail/950217807 HTTP/1.1" 404 16414 "-" "Mozilla/5.0 AppleWebKit/537.36 (KHTML, like Gecko; compatible; ClaudeBot/1.0; [email protected])"
216.73.216.255 - - [20/Jul/2025:16:24:22 +0000] "GET /detail/949813042 HTTP/1.1" 404 16414 "-" "Mozilla/5.0 AppleWebKit/537.36 (KHTML, like Gecko; compatible; ClaudeBot/1.0; [email protected])"
216.73.216.255 - - [20/Jul/2025:16:24:25 +0000] "GET /detail/950246964 HTTP/1.1" 404 16414 "-" "Mozilla/5.0 AppleWebKit/537.36 (KHTML, like Gecko; compatible; ClaudeBot/1.0; [email protected])"
2a03:2880:f800:7:: - - [20/Jul/2025:16:24:28 +0000] "GET /?h=38373013041960& HTTP/1.1" 301 - "-" "meta-externalagent/1.1 (+https://developers.facebook.com/docs/sharing/webmasters/crawler)"
216.73.216.255 - - [20/Jul/2025:16:24:28 +0000] "GET /detail/950135959 HTTP/1.1" 404 16414 "-" "Mozilla/5.0 AppleWebKit/537.36 (KHTML, like Gecko; compatible; ClaudeBot/1.0; [email protected])"
216.73.216.255 - - [20/Jul/2025:16:24:31 +0000] "GET /detail/950164775 HTTP/1.1" 404 16414 "-" "Mozilla/5.0 AppleWebKit/537.36 (KHTML, like Gecko; compatible; ClaudeBot/1.0; [email protected])"
216.73.216.255 - - [20/Jul/2025:16:24:34 +0000] "GET /detail/950166736 HTTP/1.1" 404 16414 "-" "Mozilla/5.0 AppleWebKit/537.36 (KHTML, like Gecko; compatible; ClaudeBot/1.0; [email protected])"
216.73.216.255 - - [20/Jul/2025:16:24:37 +0000] "GET /detail/950167906 HTTP/1.1" 404 16414 "-" "Mozilla/5.0 AppleWebKit/537.36 (KHTML, like Gecko; compatible; ClaudeBot/1.0; [email protected])"
216.73.216.255 - - [20/Jul/2025:16:24:40 +0000] "GET /detail/950172424 HTTP/1.1" 404 16413 "-" "Mozilla/5.0 AppleWebKit/537.36 (KHTML, like Gecko; compatible; ClaudeBot/1.0; [email protected])"
66.249.79.233 - - [20/Jul/2025:16:24:40 +0000] "GET /?h=6151655091960&mod=c5e24739&uri=category-info.php?detail/38226445 HTTP/1.1" 200 20740 "-" "Mozilla/5.0 (Linux; Android 6.0.1; Nexus 5X Build/MMB29P) AppleWebKit/537.36 (KHTML, like Gecko) Chrome/137.0.7151.103 Mobile Safari/537.36 (compatible; Googlebot/2.1; +http://www.google.com/bot.html)"
216.73.216.255 - - [20/Jul/2025:16:24:43 +0000] "GET /detail/950146286 HTTP/1.1" 404 16414 "-" "Mozilla/5.0 AppleWebKit/537.36 (KHTML, like Gecko; compatible; ClaudeBot/1.0; [email protected])"
216.73.216.255 - - [20/Jul/2025:16:24:49 +0000] "GET /detail/950313220 HTTP/1.1" 404 16414 "-" "Mozilla/5.0 AppleWebKit/537.36 (KHTML, like Gecko; compatible; ClaudeBot/1.0; [email protected])"
2a03:2880:f800:8:: - - [20/Jul/2025:16:24:50 +0000] "GET /?h=38373013041960 HTTP/1.1" 200 26479 "-" "meta-externalagent/1.1 (+https://developers.facebook.com/docs/sharing/webmasters/crawler)"
216.73.216.255 - - [20/Jul/2025:16:24:52 +0000] "GET /detail/950165372 HTTP/1.1" 404 16414 "-" "Mozilla/5.0 AppleWebKit/537.36 (KHTML, like Gecko; compatible; ClaudeBot/1.0; [email protected])"
216.73.216.255 - - [20/Jul/2025:16:24:55 +0000] "GET /detail/950013371 HTTP/1.1" 404 16415 "-" "Mozilla/5.0 AppleWebKit/537.36 (KHTML, like Gecko; compatible; ClaudeBot/1.0; [email protected])"
216.73.216.255 - - [20/Jul/2025:16:24:58 +0000] "GET /detail/950117132 HTTP/1.1" 404 16415 "-" "Mozilla/5.0 AppleWebKit/537.36 (KHTML, like Gecko; compatible; ClaudeBot/1.0; [email protected])"
209.74.77.214 - - [20/Jul/2025:16:25:02 +0000] "POST /wp-cron.php?doing_wp_cron=1753028702.3915939331054687500000 HTTP/1.1" 200 - "-" "WordPress/6.8.2; https://kelaby.company"
216.73.216.255 - - [20/Jul/2025:16:25:01 +0000] "GET /detail/950306433 HTTP/1.1" 404 16414 "-" "Mozilla/5.0 AppleWebKit/537.36 (KHTML, like Gecko; compatible; ClaudeBot/1.0; [email protected])"
216.73.216.255 - - [20/Jul/2025:16:25:04 +0000] "GET /detail/949858409 HTTP/1.1" 404 16414 "-" "Mozilla/5.0 AppleWebKit/537.36 (KHTML, like Gecko; compatible; ClaudeBot/1.0; [email protected])"
216.73.216.255 - - [20/Jul/2025:16:25:07 +0000] "GET /detail/950114241 HTTP/1.1" 404 16415 "-" "Mozilla/5.0 AppleWebKit/537.36 (KHTML, like Gecko; compatible; ClaudeBot/1.0; [email protected])"
216.73.216.255 - - [20/Jul/2025:16:25:10 +0000] "GET /detail/949870884 HTTP/1.1" 404 16414 "-" "Mozilla/5.0 AppleWebKit/537.36 (KHTML, like Gecko; compatible; ClaudeBot/1.0; [email protected])"
216.73.216.255 - - [20/Jul/2025:16:25:13 +0000] "GET /detail/950104120 HTTP/1.1" 404 16414 "-" "Mozilla/5.0 AppleWebKit/537.36 (KHTML, like Gecko; compatible; ClaudeBot/1.0; [email protected])"
216.73.216.255 - - [20/Jul/2025:16:25:16 +0000] "GET /detail/949875125 HTTP/1.1" 404 16414 "-" "Mozilla/5.0 AppleWebKit/537.36 (KHTML, like Gecko; compatible; ClaudeBot/1.0; [email protected])"
216.73.216.255 - - [20/Jul/2025:16:25:19 +0000] "GET /detail/950172147 HTTP/1.1" 404 16414 "-" "Mozilla/5.0 AppleWebKit/537.36 (KHTML, like Gecko; compatible; ClaudeBot/1.0; [email protected])"
216.73.216.255 - - [20/Jul/2025:16:25:22 +0000] "GET /detail/950108718 HTTP/1.1" 404 16413 "-" "Mozilla/5.0 AppleWebKit/537.36 (KHTML, like Gecko; compatible; ClaudeBot/1.0; [email protected])"
216.73.216.255 - - [20/Jul/2025:16:25:25 +0000] "GET /detail/949807354 HTTP/1.1" 404 16414 "-" "Mozilla/5.0 AppleWebKit/537.36 (KHTML, like Gecko; compatible; ClaudeBot/1.0; [email protected])"
66.249.79.233 - - [20/Jul/2025:16:25:28 +0000] "GET /?h=6151655091960&mod=c5e24739&uri=category-info.php?detail/38227206 HTTP/1.1" 200 21278 "-" "Mozilla/5.0 (Linux; Android 6.0.1; Nexus 5X Build/MMB29P) AppleWebKit/537.36 (KHTML, like Gecko) Chrome/137.0.7151.103 Mobile Safari/537.36 (compatible; Googlebot/2.1; +http://www.google.com/bot.html)"
216.73.216.255 - - [20/Jul/2025:16:25:28 +0000] "GET /detail/950207266 HTTP/1.1" 404 16414 "-" "Mozilla/5.0 AppleWebKit/537.36 (KHTML, like Gecko; compatible; ClaudeBot/1.0; [email protected])"
66.249.79.232 - - [20/Jul/2025:16:25:28 +0000] "GET /?h=6151655091960&mod=c5e24739&uri=category-info.php?detail/37217558 HTTP/1.1" 200 20185 "-" "Mozilla/5.0 (Linux; Android 6.0.1; Nexus 5X Build/MMB29P) AppleWebKit/537.36 (KHTML, like Gecko) Chrome/137.0.7151.103 Mobile Safari/537.36 (compatible; Googlebot/2.1; +http://www.google.com/bot.html)"
66.249.79.234 - - [20/Jul/2025:16:25:30 +0000] "POST /get-message-notify HTTP/1.1" 200 19474 "https://www.kelaby.company/?h=6151655091960&mod=c5e24739&uri=category-info.php?detail/38227206" "Mozilla/5.0 (Linux; Android 6.0.1; Nexus 5X Build/MMB29P) AppleWebKit/537.36 (KHTML, like Gecko) Chrome/137.0.7151.119 Mobile Safari/537.36 (compatible; Googlebot/2.1; +http://www.google.com/bot.html)"
216.73.216.255 - - [20/Jul/2025:16:25:31 +0000] "GET /detail/949896270 HTTP/1.1" 404 16414 "-" "Mozilla/5.0 AppleWebKit/537.36 (KHTML, like Gecko; compatible; ClaudeBot/1.0; [email protected])"
216.73.216.255 - - [20/Jul/2025:16:25:34 +0000] "GET /detail/950320592 HTTP/1.1" 404 16414 "-" "Mozilla/5.0 AppleWebKit/537.36 (KHTML, like Gecko; compatible; ClaudeBot/1.0; [email protected])"
216.73.216.255 - - [20/Jul/2025:16:25:37 +0000] "GET /detail/950290220 HTTP/1.1" 404 16414 "-" "Mozilla/5.0 AppleWebKit/537.36 (KHTML, like Gecko; compatible; ClaudeBot/1.0; [email protected])"
216.73.216.255 - - [20/Jul/2025:16:25:40 +0000] "GET /detail/950127463 HTTP/1.1" 404 16414 "-" "Mozilla/5.0 AppleWebKit/537.36 (KHTML, like Gecko; compatible; ClaudeBot/1.0; [email protected])"
216.73.216.255 - - [20/Jul/2025:16:25:43 +0000] "GET /detail/950137726 HTTP/1.1" 404 16414 "-" "Mozilla/5.0 AppleWebKit/537.36 (KHTML, like Gecko; compatible; ClaudeBot/1.0; [email protected])"
216.73.216.255 - - [20/Jul/2025:16:25:46 +0000] "GET /detail/950312459 HTTP/1.1" 404 16414 "-" "Mozilla/5.0 AppleWebKit/537.36 (KHTML, like Gecko; compatible; ClaudeBot/1.0; [email protected])"
66.249.79.233 - - [20/Jul/2025:16:25:49 +0000] "GET /?h=6151655091960&mod=c5e24739&uri=category-info.php?product/edit/K2969934434 HTTP/1.1" 200 20368 "-" "Mozilla/5.0 (Linux; Android 6.0.1; Nexus 5X Build/MMB29P) AppleWebKit/537.36 (KHTML, like Gecko) Chrome/137.0.7151.103 Mobile Safari/537.36 (compatible; Googlebot/2.1; +http://www.google.com/bot.html)"
216.73.216.255 - - [20/Jul/2025:16:25:49 +0000] "GET /detail/949797091 HTTP/1.1" 404 16414 "-" "Mozilla/5.0 AppleWebKit/537.36 (KHTML, like Gecko; compatible; ClaudeBot/1.0; [email protected])"
209.74.77.214 - - [20/Jul/2025:16:26:02 +0000] "POST /wp-cron.php?doing_wp_cron=1753028762.1827659606933593750000 HTTP/1.1" 200 - "-" "WordPress/6.8.2; https://kelaby.company"
216.73.216.255 - - [20/Jul/2025:16:26:01 +0000] "GET /detail/950130338 HTTP/1.1" 404 16414 "-" "Mozilla/5.0 AppleWebKit/537.36 (KHTML, like Gecko; compatible; ClaudeBot/1.0; [email protected])"
216.73.216.255 - - [20/Jul/2025:16:26:04 +0000] "GET /detail/950318204 HTTP/1.1" 404 16413 "-" "Mozilla/5.0 AppleWebKit/537.36 (KHTML, like Gecko; compatible; ClaudeBot/1.0; [email protected])"
66.249.79.233 - - [20/Jul/2025:16:26:06 +0000] "GET /?h=65576372001960&mod=194cf6c2&uri=category-info.php%3Fid%3D2188329-20%26name%3Dlong+gowns+for+rent HTTP/1.1" 200 21353 "-" "Mozilla/5.0 (Linux; Android 6.0.1; Nexus 5X Build/MMB29P) AppleWebKit/537.36 (KHTML, like Gecko) Chrome/137.0.7151.103 Mobile Safari/537.36 (compatible; Googlebot/2.1; +http://www.google.com/bot.html)"
216.73.216.255 - - [20/Jul/2025:16:26:07 +0000] "GET /detail/950118624 HTTP/1.1" 404 16415 "-" "Mozilla/5.0 AppleWebKit/537.36 (KHTML, like Gecko; compatible; ClaudeBot/1.0; [email protected])"
216.73.216.255 - - [20/Jul/2025:16:26:10 +0000] "GET /detail/950203221 HTTP/1.1" 404 16414 "-" "Mozilla/5.0 AppleWebKit/537.36 (KHTML, like Gecko; compatible; ClaudeBot/1.0; [email protected])"
216.73.216.255 - - [20/Jul/2025:16:26:13 +0000] "GET /detail/950257167 HTTP/1.1" 404 16415 "-" "Mozilla/5.0 AppleWebKit/537.36 (KHTML, like Gecko; compatible; ClaudeBot/1.0; [email protected])"
216.73.216.255 - - [20/Jul/2025:16:26:16 +0000] "GET /detail/949786760 HTTP/1.1" 404 16414 "-" "Mozilla/5.0 AppleWebKit/537.36 (KHTML, like Gecko; compatible; ClaudeBot/1.0; [email protected])"
216.73.216.255 - - [20/Jul/2025:16:26:19 +0000] "GET /detail/950111106 HTTP/1.1" 404 16414 "-" "Mozilla/5.0 AppleWebKit/537.36 (KHTML, like Gecko; compatible; ClaudeBot/1.0; [email protected])"
216.73.216.255 - - [20/Jul/2025:16:26:22 +0000] "GET /detail/949993520 HTTP/1.1" 404 16414 "-" "Mozilla/5.0 AppleWebKit/537.36 (KHTML, like Gecko; compatible; ClaudeBot/1.0; [email protected])"
216.73.216.255 - - [20/Jul/2025:16:26:25 +0000] "GET /detail/950101245 HTTP/1.1" 404 16414 "-" "Mozilla/5.0 AppleWebKit/537.36 (KHTML, like Gecko; compatible; ClaudeBot/1.0; [email protected])"
216.73.216.255 - - [20/Jul/2025:16:26:28 +0000] "GET /detail/950226626 HTTP/1.1" 404 16415 "-" "Mozilla/5.0 AppleWebKit/537.36 (KHTML, like Gecko; compatible; ClaudeBot/1.0; [email protected])"
216.73.216.255 - - [20/Jul/2025:16:26:31 +0000] "GET /detail/950287944 HTTP/1.1" 404 16415 "-" "Mozilla/5.0 AppleWebKit/537.36 (KHTML, like Gecko; compatible; ClaudeBot/1.0; [email protected])"
216.73.216.255 - - [20/Jul/2025:16:26:34 +0000] "GET /detail/950216018 HTTP/1.1" 404 16415 "-" "Mozilla/5.0 AppleWebKit/537.36 (KHTML, like Gecko; compatible; ClaudeBot/1.0; [email protected])"
66.249.79.232 - - [20/Jul/2025:16:26:37 +0000] "GET /?h=59505406131960&mod=6e32552f&uri=dp.php?detail/33167259 HTTP/1.1" 200 20350 "-" "Mozilla/5.0 (Linux; Android 6.0.1; Nexus 5X Build/MMB29P) AppleWebKit/537.36 (KHTML, like Gecko) Chrome/137.0.7151.103 Mobile Safari/537.36 (compatible; Googlebot/2.1; +http://www.google.com/bot.html)"
66.249.79.233 - - [20/Jul/2025:16:26:37 +0000] "GET /?h=6086869041960&mod=f7efa4f8&uri=shop.php?detail/499270517 HTTP/1.1" 200 19661 "-" "Mozilla/5.0 (Linux; Android 6.0.1; Nexus 5X Build/MMB29P) AppleWebKit/537.36 (KHTML, like Gecko) Chrome/137.0.7151.103 Mobile Safari/537.36 (compatible; Googlebot/2.1; +http://www.google.com/bot.html)"
216.73.216.255 - - [20/Jul/2025:16:26:37 +0000] "GET /detail/950229505 HTTP/1.1" 404 16414 "-" "Mozilla/5.0 AppleWebKit/537.36 (KHTML, like Gecko; compatible; ClaudeBot/1.0; [email protected])"
216.73.216.255 - - [20/Jul/2025:16:26:40 +0000] "GET /detail/950216427 HTTP/1.1" 404 16414 "-" "Mozilla/5.0 AppleWebKit/537.36 (KHTML, like Gecko; compatible; ClaudeBot/1.0; [email protected])"
66.249.79.232 - - [20/Jul/2025:16:26:41 +0000] "POST /get-message-notify HTTP/1.1" 200 19474 "https://www.kelaby.company/?h=6086869041960&mod=f7efa4f8&uri=shop.php?detail/499270517" "Mozilla/5.0 (Linux; Android 6.0.1; Nexus 5X Build/MMB29P) AppleWebKit/537.36 (KHTML, like Gecko) Chrome/137.0.7151.119 Mobile Safari/537.36 (compatible; Googlebot/2.1; +http://www.google.com/bot.html)"
216.73.216.255 - - [20/Jul/2025:16:26:43 +0000] "GET /detail/950184135 HTTP/1.1" 404 16414 "-" "Mozilla/5.0 AppleWebKit/537.36 (KHTML, like Gecko; compatible; ClaudeBot/1.0; [email protected])"
216.73.216.255 - - [20/Jul/2025:16:26:46 +0000] "GET /detail/950291584 HTTP/1.1" 404 16414 "-" "Mozilla/5.0 AppleWebKit/537.36 (KHTML, like Gecko; compatible; ClaudeBot/1.0; [email protected])"
216.73.216.255 - - [20/Jul/2025:16:26:49 +0000] "GET /detail/950310686 HTTP/1.1" 404 16414 "-" "Mozilla/5.0 AppleWebKit/537.36 (KHTML, like Gecko; compatible; ClaudeBot/1.0; [email protected])"
216.73.216.255 - - [20/Jul/2025:16:26:52 +0000] "GET /detail/950207604 HTTP/1.1" 404 16413 "-" "Mozilla/5.0 AppleWebKit/537.36 (KHTML, like Gecko; compatible; ClaudeBot/1.0; [email protected])"
216.73.216.255 - - [20/Jul/2025:16:26:55 +0000] "GET /detail/949990645 HTTP/1.1" 404 16414 "-" "Mozilla/5.0 AppleWebKit/537.36 (KHTML, like Gecko; compatible; ClaudeBot/1.0; [email protected])"
216.73.216.255 - - [20/Jul/2025:16:26:58 +0000] "GET /detail/950001253 HTTP/1.1" 404 16414 "-" "Mozilla/5.0 AppleWebKit/537.36 (KHTML, like Gecko; compatible; ClaudeBot/1.0; [email protected])"
209.74.77.214 - - [20/Jul/2025:16:27:02 +0000] "POST /wp-cron.php?doing_wp_cron=1753028822.0265378952026367187500 HTTP/1.1" 200 - "-" "WordPress/6.8.2; https://kelaby.company"
216.73.216.255 - - [20/Jul/2025:16:27:01 +0000] "GET /detail/950175575 HTTP/1.1" 404 16414 "-" "Mozilla/5.0 AppleWebKit/537.36 (KHTML, like Gecko; compatible; ClaudeBot/1.0; [email protected])"
66.249.79.234 - - [20/Jul/2025:16:27:08 +0000] "GET /?h=59505406131960&mod=6e32552f&uri=dp.php?detail/33166153 HTTP/1.1" 200 20780 "-" "Mozilla/5.0 (Linux; Android 6.0.1; Nexus 5X Build/MMB29P) AppleWebKit/537.36 (KHTML, like Gecko) Chrome/137.0.7151.103 Mobile Safari/537.36 (compatible; Googlebot/2.1; +http://www.google.com/bot.html)"
216.73.216.255 - - [20/Jul/2025:16:27:13 +0000] "GET /detail/950299381 HTTP/1.1" 404 16413 "-" "Mozilla/5.0 AppleWebKit/537.36 (KHTML, like Gecko; compatible; ClaudeBot/1.0; [email protected])"
216.73.216.255 - - [20/Jul/2025:16:27:16 +0000] "GET /detail/950153402 HTTP/1.1" 404 16414 "-" "Mozilla/5.0 AppleWebKit/537.36 (KHTML, like Gecko; compatible; ClaudeBot/1.0; [email protected])"
216.73.216.255 - - [20/Jul/2025:16:27:19 +0000] "GET /detail/950214656 HTTP/1.1" 404 16414 "-" "Mozilla/5.0 AppleWebKit/537.36 (KHTML, like Gecko; compatible; ClaudeBot/1.0; [email protected])"
216.73.216.255 - - [20/Jul/2025:16:27:22 +0000] "GET /detail/950125756 HTTP/1.1" 404 16414 "-" "Mozilla/5.0 AppleWebKit/537.36 (KHTML, like Gecko; compatible; ClaudeBot/1.0; [email protected])"
216.73.216.255 - - [20/Jul/2025:16:27:25 +0000] "GET /detail/950175038 HTTP/1.1" 404 16414 "-" "Mozilla/5.0 AppleWebKit/537.36 (KHTML, like Gecko; compatible; ClaudeBot/1.0; [email protected])"
216.73.216.255 - - [20/Jul/2025:16:27:28 +0000] "GET /detail/949785396 HTTP/1.1" 404 16414 "-" "Mozilla/5.0 AppleWebKit/537.36 (KHTML, like Gecko; compatible; ClaudeBot/1.0; [email protected])"
216.73.216.255 - - [20/Jul/2025:16:27:31 +0000] "GET /detail/950111853 HTTP/1.1" 404 16414 "-" "Mozilla/5.0 AppleWebKit/537.36 (KHTML, like Gecko; compatible; ClaudeBot/1.0; [email protected])"
216.73.216.255 - - [20/Jul/2025:16:27:34 +0000] "GET /detail/950248262 HTTP/1.1" 404 16415 "-" "Mozilla/5.0 AppleWebKit/537.36 (KHTML, like Gecko; compatible; ClaudeBot/1.0; [email protected])"
216.73.216.255 - - [20/Jul/2025:16:27:37 +0000] "GET /detail/949803117 HTTP/1.1" 404 16414 "-" "Mozilla/5.0 AppleWebKit/537.36 (KHTML, like Gecko; compatible; ClaudeBot/1.0; [email protected])"
66.249.79.232 - - [20/Jul/2025:16:27:39 +0000] "GET /?h=5725431041960&mod=4428d361&uri=info.php?detail/33845171 HTTP/1.1" 200 21222 "-" "Mozilla/5.0 (Linux; Android 6.0.1; Nexus 5X Build/MMB29P) AppleWebKit/537.36 (KHTML, like Gecko) Chrome/137.0.7151.103 Mobile Safari/537.36 (compatible; Googlebot/2.1; +http://www.google.com/bot.html)"
209.74.77.214 - - [20/Jul/2025:16:27:40 +0000] "POST /wp-cron.php?doing_wp_cron=1753028860.5475890636444091796875 HTTP/1.1" 200 - "-" "WordPress/6.8.2; https://kelaby.company"
216.73.216.255 - - [20/Jul/2025:16:27:40 +0000] "GET /detail/950208646 HTTP/1.1" 404 16414 "-" "Mozilla/5.0 AppleWebKit/537.36 (KHTML, like Gecko; compatible; ClaudeBot/1.0; [email protected])"
216.73.216.255 - - [20/Jul/2025:16:27:43 +0000] "GET /detail/950137305 HTTP/1.1" 404 16415 "-" "Mozilla/5.0 AppleWebKit/537.36 (KHTML, like Gecko; compatible; ClaudeBot/1.0; [email protected])"
216.73.216.255 - - [20/Jul/2025:16:27:46 +0000] "GET /detail/949884282 HTTP/1.1" 404 16414 "-" "Mozilla/5.0 AppleWebKit/537.36 (KHTML, like Gecko; compatible; ClaudeBot/1.0; [email protected])"
216.73.216.255 - - [20/Jul/2025:16:27:49 +0000] "GET /detail/950250860 HTTP/1.1" 404 16414 "-" "Mozilla/5.0 AppleWebKit/537.36 (KHTML, like Gecko; compatible; ClaudeBot/1.0; [email protected])"
216.73.216.255 - - [20/Jul/2025:16:27:52 +0000] "GET /detail/950112614 HTTP/1.1" 404 16414 "-" "Mozilla/5.0 AppleWebKit/537.36 (KHTML, like Gecko; compatible; ClaudeBot/1.0; [email protected])"
66.249.79.232 - - [20/Jul/2025:16:27:55 +0000] "GET /?h=5833674131960&mod=333d6beb&uri=category-info.php?detail/1677553 HTTP/1.1" 200 19344 "-" "Mozilla/5.0 (Linux; Android 6.0.1; Nexus 5X Build/MMB29P) AppleWebKit/537.36 (KHTML, like Gecko) Chrome/137.0.7151.103 Mobile Safari/537.36 (compatible; Googlebot/2.1; +http://www.google.com/bot.html)"
216.73.216.255 - - [20/Jul/2025:16:27:55 +0000] "GET /detail/949852399 HTTP/1.1" 404 16414 "-" "Mozilla/5.0 AppleWebKit/537.36 (KHTML, like Gecko; compatible; ClaudeBot/1.0; [email protected])"
216.73.216.255 - - [20/Jul/2025:16:27:58 +0000] "GET /detail/950274205 HTTP/1.1" 404 16414 "-" "Mozilla/5.0 AppleWebKit/537.36 (KHTML, like Gecko; compatible; ClaudeBot/1.0; [email protected])"
209.74.77.214 - - [20/Jul/2025:16:28:01 +0000] "POST /wp-cron.php?doing_wp_cron=1753028881.5914559364318847656250 HTTP/1.1" 200 - "-" "WordPress/6.8.2; https://kelaby.company"
216.73.216.255 - - [20/Jul/2025:16:28:01 +0000] "GET /detail/949888459 HTTP/1.1" 404 16414 "-" "Mozilla/5.0 AppleWebKit/537.36 (KHTML, like Gecko; compatible; ClaudeBot/1.0; [email protected])"
216.73.216.255 - - [20/Jul/2025:16:28:04 +0000] "GET /detail/950194398 HTTP/1.1" 404 16414 "-" "Mozilla/5.0 AppleWebKit/537.36 (KHTML, like Gecko; compatible; ClaudeBot/1.0; [email protected])"
216.73.216.255 - - [20/Jul/2025:16:28:07 +0000] "GET /detail/950316696 HTTP/1.1" 404 16415 "-" "Mozilla/5.0 AppleWebKit/537.36 (KHTML, like Gecko; compatible; ClaudeBot/1.0; [email protected])"
216.73.216.255 - - [20/Jul/2025:16:28:10 +0000] "GET /detail/950005490 HTTP/1.1" 404 16414 "-" "Mozilla/5.0 AppleWebKit/537.36 (KHTML, like Gecko; compatible; ClaudeBot/1.0; [email protected])"
66.249.79.232 - - [20/Jul/2025:16:28:10 +0000] "GET /?h=5725431041960&mod=4428d361&uri=info.php?detail/33846956 HTTP/1.1" 200 20949 "-" "Mozilla/5.0 (Linux; Android 6.0.1; Nexus 5X Build/MMB29P) AppleWebKit/537.36 (KHTML, like Gecko) Chrome/137.0.7151.103 Mobile Safari/537.36 (compatible; Googlebot/2.1; +http://www.google.com/bot.html)"
216.73.216.255 - - [20/Jul/2025:16:28:13 +0000] "GET /detail/950300423 HTTP/1.1" 404 16413 "-" "Mozilla/5.0 AppleWebKit/537.36 (KHTML, like Gecko; compatible; ClaudeBot/1.0; [email protected])"
216.73.216.255 - - [20/Jul/2025:16:28:16 +0000] "GET /detail/950199793 HTTP/1.1" 404 16414 "-" "Mozilla/5.0 AppleWebKit/537.36 (KHTML, like Gecko; compatible; ClaudeBot/1.0; [email protected])"
216.73.216.255 - - [20/Jul/2025:16:28:19 +0000] "GET /detail/950194807 HTTP/1.1" 404 16415 "-" "Mozilla/5.0 AppleWebKit/537.36 (KHTML, like Gecko; compatible; ClaudeBot/1.0; [email protected])"
66.249.79.233 - - [20/Jul/2025:16:28:20 +0000] "POST /get-message-notify HTTP/1.1" 200 19474 "https://www.kelaby.company/?h=5725431041960&mod=4428d361&uri=info.php?detail/33846956" "Mozilla/5.0 (Linux; Android 6.0.1; Nexus 5X Build/MMB29P) AppleWebKit/537.36 (KHTML, like Gecko) Chrome/137.0.7151.119 Mobile Safari/537.36 (compatible; Googlebot/2.1; +http://www.google.com/bot.html)"
2a03:2880:f800:f:: - - [20/Jul/2025:16:28:21 +0000] "GET /detail/813021511 HTTP/1.1" 404 16414 "-" "meta-externalagent/1.1 (+https://developers.facebook.com/docs/sharing/webmasters/crawler)"
216.73.216.255 - - [20/Jul/2025:16:28:22 +0000] "GET /detail/950250099 HTTP/1.1" 404 16414 "-" "Mozilla/5.0 AppleWebKit/537.36 (KHTML, like Gecko; compatible; ClaudeBot/1.0; [email protected])"
216.73.216.255 - - [20/Jul/2025:16:28:25 +0000] "GET /detail/950108297 HTTP/1.1" 404 16414 "-" "Mozilla/5.0 AppleWebKit/537.36 (KHTML, like Gecko; compatible; ClaudeBot/1.0; [email protected])"
66.249.79.232 - - [20/Jul/2025:16:28:26 +0000] "GET /?h=108508956031960&mod=f7efa4f8&uri=article.php?detail/37517459 HTTP/1.1" 200 18878 "-" "Mozilla/5.0 (Linux; Android 6.0.1; Nexus 5X Build/MMB29P) AppleWebKit/537.36 (KHTML, like Gecko) Chrome/137.0.7151.103 Mobile Safari/537.36 (compatible; Googlebot/2.1; +http://www.google.com/bot.html)"
216.73.216.255 - - [20/Jul/2025:16:28:28 +0000] "GET /detail/950105418 HTTP/1.1" 404 16414 "-" "Mozilla/5.0 AppleWebKit/537.36 (KHTML, like Gecko; compatible; ClaudeBot/1.0; [email protected])"
216.73.216.255 - - [20/Jul/2025:16:28:31 +0000] "GET /detail/949893720 HTTP/1.1" 404 16414 "-" "Mozilla/5.0 AppleWebKit/537.36 (KHTML, like Gecko; compatible; ClaudeBot/1.0; [email protected])"
216.73.216.255 - - [20/Jul/2025:16:28:34 +0000] "GET /detail/949808396 HTTP/1.1" 404 16414 "-" "Mozilla/5.0 AppleWebKit/537.36 (KHTML, like Gecko; compatible; ClaudeBot/1.0; [email protected])"
216.73.216.255 - - [20/Jul/2025:16:28:37 +0000] "GET /detail/949887161 HTTP/1.1" 404 16415 "-" "Mozilla/5.0 AppleWebKit/537.36 (KHTML, like Gecko; compatible; ClaudeBot/1.0; [email protected])"
216.73.216.255 - - [20/Jul/2025:16:28:40 +0000] "GET /detail/950269349 HTTP/1.1" 404 16415 "-" "Mozilla/5.0 AppleWebKit/537.36 (KHTML, like Gecko; compatible; ClaudeBot/1.0; [email protected])"
66.249.79.232 - - [20/Jul/2025:16:28:42 +0000] "GET /?h=5725431041960&mod=4428d361&uri=info.php?detail/33848318 HTTP/1.1" 200 19221 "-" "Mozilla/5.0 (Linux; Android 6.0.1; Nexus 5X Build/MMB29P) AppleWebKit/537.36 (KHTML, like Gecko) Chrome/137.0.7151.103 Mobile Safari/537.36 (compatible; Googlebot/2.1; +http://www.google.com/bot.html)"
216.73.216.255 - - [20/Jul/2025:16:28:43 +0000] "GET /detail/950322381 HTTP/1.1" 404 16414 "-" "Mozilla/5.0 AppleWebKit/537.36 (KHTML, like Gecko; compatible; ClaudeBot/1.0; [email protected])"
216.73.216.255 - - [20/Jul/2025:16:28:46 +0000] "GET /detail/950151974 HTTP/1.1" 404 16414 "-" "Mozilla/5.0 AppleWebKit/537.36 (KHTML, like Gecko; compatible; ClaudeBot/1.0; [email protected])"
216.73.216.255 - - [20/Jul/2025:16:28:49 +0000] "GET /detail/950213292 HTTP/1.1" 404 16414 "-" "Mozilla/5.0 AppleWebKit/537.36 (KHTML, like Gecko; compatible; ClaudeBot/1.0; [email protected])"
216.73.216.255 - - [20/Jul/2025:16:28:52 +0000] "GET /detail/950185646 HTTP/1.1" 404 16413 "-" "Mozilla/5.0 AppleWebKit/537.36 (KHTML, like Gecko; compatible; ClaudeBot/1.0; [email protected])"
209.74.77.214 - - [20/Jul/2025:16:29:02 +0000] "POST /wp-cron.php?doing_wp_cron=1753028942.1794478893280029296875 HTTP/1.1" 200 - "-" "WordPress/6.8.2; https://kelaby.company"
216.73.216.255 - - [20/Jul/2025:16:29:01 +0000] "GET /detail/950268584 HTTP/1.1" 404 16414 "-" "Mozilla/5.0 AppleWebKit/537.36 (KHTML, like Gecko; compatible; ClaudeBot/1.0; [email protected])"
216.73.216.255 - - [20/Jul/2025:16:29:04 +0000] "GET /detail/950321001 HTTP/1.1" 404 16414 "-" "Mozilla/5.0 AppleWebKit/537.36 (KHTML, like Gecko; compatible; ClaudeBot/1.0; [email protected])"
216.73.216.255 - - [20/Jul/2025:16:29:07 +0000] "GET /detail/950150804 HTTP/1.1" 404 16414 "-" "Mozilla/5.0 AppleWebKit/537.36 (KHTML, like Gecko; compatible; ClaudeBot/1.0; [email protected])"
216.73.216.255 - - [20/Jul/2025:16:29:10 +0000] "GET /detail/950126293 HTTP/1.1" 404 16414 "-" "Mozilla/5.0 AppleWebKit/537.36 (KHTML, like Gecko; compatible; ClaudeBot/1.0; [email protected])"
66.249.79.233 - - [20/Jul/2025:16:29:13 +0000] "GET /?h=65511821031960&mod=3102051b&uri=products.php?detail/1692414 HTTP/1.1" 200 20987 "-" "Mozilla/5.0 (Linux; Android 6.0.1; Nexus 5X Build/MMB29P) AppleWebKit/537.36 (KHTML, like Gecko) Chrome/137.0.7151.103 Mobile Safari/537.36 (compatible; Googlebot/2.1; +http://www.google.com/bot.html)"
216.73.216.255 - - [20/Jul/2025:16:29:13 +0000] "GET /detail/950144778 HTTP/1.1" 404 16414 "-" "Mozilla/5.0 AppleWebKit/537.36 (KHTML, like Gecko; compatible; ClaudeBot/1.0; [email protected])"
66.249.79.33 - - [20/Jul/2025:16:29:13 +0000] "GET /?h=5835084101960&mod=333d6beb&uri=info.php?detail/2640323 HTTP/1.1" 200 19565 "-" "Mozilla/5.0 (Linux; Android 6.0.1; Nexus 5X Build/MMB29P) AppleWebKit/537.36 (KHTML, like Gecko) Chrome/137.0.7151.103 Mobile Safari/537.36 (compatible; Googlebot/2.1; +http://www.google.com/bot.html)"
66.249.79.233 - - [20/Jul/2025:16:29:14 +0000] "GET /?h=79032956091960&mod=60b7f5df&uri=itm.php?man/kaitori/ansin.html HTTP/1.1" 200 20505 "-" "Mozilla/5.0 (Linux; Android 6.0.1; Nexus 5X Build/MMB29P) AppleWebKit/537.36 (KHTML, like Gecko) Chrome/137.0.7151.103 Mobile Safari/537.36 (compatible; Googlebot/2.1; +http://www.google.com/bot.html)"
66.249.79.232 - - [20/Jul/2025:16:29:15 +0000] "GET /?h=35206575021960&mod=6f08b009&uri=product.php?detail/1651546 HTTP/1.1" 200 19311 "-" "Mozilla/5.0 (Linux; Android 6.0.1; Nexus 5X Build/MMB29P) AppleWebKit/537.36 (KHTML, like Gecko) Chrome/137.0.7151.103 Mobile Safari/537.36 (compatible; Googlebot/2.1; +http://www.google.com/bot.html)"
66.249.79.232 - - [20/Jul/2025:16:29:15 +0000] "GET /?h=25076675021960&mod=62c1507b&uri=news.php?detail/574757774 HTTP/1.1" 200 20895 "-" "Mozilla/5.0 (Linux; Android 6.0.1; Nexus 5X Build/MMB29P) AppleWebKit/537.36 (KHTML, like Gecko) Chrome/137.0.7151.103 Mobile Safari/537.36 (compatible; Googlebot/2.1; +http://www.google.com/bot.html)"
216.73.216.255 - - [20/Jul/2025:16:29:16 +0000] "GET /detail/950169012 HTTP/1.1" 404 16415 "-" "Mozilla/5.0 AppleWebKit/537.36 (KHTML, like Gecko; compatible; ClaudeBot/1.0; [email protected])"
2a03:2880:f800:8:: - - [20/Jul/2025:16:29:19 +0000] "GET /?h=11277092101960& HTTP/1.1" 301 - "-" "meta-externalagent/1.1 (+https://developers.facebook.com/docs/sharing/webmasters/crawler)"
216.73.216.255 - - [20/Jul/2025:16:29:19 +0000] "GET /detail/950245179 HTTP/1.1" 404 16414 "-" "Mozilla/5.0 AppleWebKit/537.36 (KHTML, like Gecko; compatible; ClaudeBot/1.0; [email protected])"
216.73.216.255 - - [20/Jul/2025:16:29:22 +0000] "GET /detail/950198447 HTTP/1.1" 404 16414 "-" "Mozilla/5.0 AppleWebKit/537.36 (KHTML, like Gecko; compatible; ClaudeBot/1.0; [email protected])"
216.73.216.255 - - [20/Jul/2025:16:29:25 +0000] "GET /detail/950194060 HTTP/1.1" 404 16415 "-" "Mozilla/5.0 AppleWebKit/537.36 (KHTML, like Gecko; compatible; ClaudeBot/1.0; [email protected])"
216.73.216.255 - - [20/Jul/2025:16:29:28 +0000] "GET /detail/950260298 HTTP/1.1" 404 16414 "-" "Mozilla/5.0 AppleWebKit/537.36 (KHTML, like Gecko; compatible; ClaudeBot/1.0; [email protected])"
66.249.79.233 - - [20/Jul/2025:16:29:31 +0000] "GET /?h=36364210001960&mod=4b3da53a&uri=search.php?feature/eposcard/index.html HTTP/1.1" 200 20491 "-" "Mozilla/5.0 (Linux; Android 6.0.1; Nexus 5X Build/MMB29P) AppleWebKit/537.36 (KHTML, like Gecko) Chrome/137.0.7151.103 Mobile Safari/537.36 (compatible; Googlebot/2.1; +http://www.google.com/bot.html)"
216.73.216.255 - - [20/Jul/2025:16:29:31 +0000] "GET /detail/950255378 HTTP/1.1" 404 16413 "-" "Mozilla/5.0 AppleWebKit/537.36 (KHTML, like Gecko; compatible; ClaudeBot/1.0; [email protected])"
66.249.79.233 - - [20/Jul/2025:16:29:34 +0000] "POST /get-message-notify HTTP/1.1" 200 19474 "https://www.kelaby.company/?h=36364210001960&mod=4b3da53a&uri=search.php?feature/eposcard/index.html" "Mozilla/5.0 (Linux; Android 6.0.1; Nexus 5X Build/MMB29P) AppleWebKit/537.36 (KHTML, like Gecko) Chrome/137.0.7151.119 Mobile Safari/537.36 (compatible; Googlebot/2.1; +http://www.google.com/bot.html)"
216.73.216.255 - - [20/Jul/2025:16:29:34 +0000] "GET /detail/950129933 HTTP/1.1" 404 16414 "-" "Mozilla/5.0 AppleWebKit/537.36 (KHTML, like Gecko; compatible; ClaudeBot/1.0; [email protected])"
216.73.216.255 - - [20/Jul/2025:16:29:37 +0000] "GET /detail/950278787 HTTP/1.1" 404 16414 "-" "Mozilla/5.0 AppleWebKit/537.36 (KHTML, like Gecko; compatible; ClaudeBot/1.0; [email protected])"
216.73.216.255 - - [20/Jul/2025:16:29:40 +0000] "GET /detail/949808805 HTTP/1.1" 404 16414 "-" "Mozilla/5.0 AppleWebKit/537.36 (KHTML, like Gecko; compatible; ClaudeBot/1.0; [email protected])"
216.73.216.255 - - [20/Jul/2025:16:29:43 +0000] "GET /detail/949798197 HTTP/1.1" 404 16414 "-" "Mozilla/5.0 AppleWebKit/537.36 (KHTML, like Gecko; compatible; ClaudeBot/1.0; [email protected])"
66.249.79.232 - - [20/Jul/2025:16:29:45 +0000] "POST /get-message-notify HTTP/1.1" 200 19474 "https://www.kelaby.company/?h=79032956091960&mod=60b7f5df&uri=itm.php?man/kaitori/ansin.html" "Mozilla/5.0 (Linux; Android 6.0.1; Nexus 5X Build/MMB29P) AppleWebKit/537.36 (KHTML, like Gecko) Chrome/137.0.7151.119 Mobile Safari/537.36 (compatible; Googlebot/2.1; +http://www.google.com/bot.html)"
216.73.216.255 - - [20/Jul/2025:16:29:46 +0000] "GET /detail/950212122 HTTP/1.1" 404 16415 "-" "Mozilla/5.0 AppleWebKit/537.36 (KHTML, like Gecko; compatible; ClaudeBot/1.0; [email protected])"
216.73.216.255 - - [20/Jul/2025:16:29:49 +0000] "GET /detail/950120267 HTTP/1.1" 404 16414 "-" "Mozilla/5.0 AppleWebKit/537.36 (KHTML, like Gecko; compatible; ClaudeBot/1.0; [email protected])"
216.73.216.255 - - [20/Jul/2025:16:29:52 +0000] "GET /detail/950258513 HTTP/1.1" 404 16414 "-" "Mozilla/5.0 AppleWebKit/537.36 (KHTML, like Gecko; compatible; ClaudeBot/1.0; [email protected])"
216.73.216.255 - - [20/Jul/2025:16:29:55 +0000] "GET /detail/949891759 HTTP/1.1" 404 16414 "-" "Mozilla/5.0 AppleWebKit/537.36 (KHTML, like Gecko; compatible; ClaudeBot/1.0; [email protected])"
216.73.216.255 - - [20/Jul/2025:16:29:58 +0000] "GET /detail/950009130 HTTP/1.1" 404 16415 "-" "Mozilla/5.0 AppleWebKit/537.36 (KHTML, like Gecko; compatible; ClaudeBot/1.0; [email protected])"
209.74.77.214 - - [20/Jul/2025:16:30:02 +0000] "POST /wp-cron.php?doing_wp_cron=1753029002.2750089168548583984375 HTTP/1.1" 200 - "-" "WordPress/6.8.2; https://kelaby.company"
66.249.79.232 - - [20/Jul/2025:16:30:02 +0000] "GET /?h=25076675021960&mod=62c1507b&uri=news.php?detail/574750706 HTTP/1.1" 200 19520 "-" "Mozilla/5.0 (Linux; Android 6.0.1; Nexus 5X Build/MMB29P) AppleWebKit/537.36 (KHTML, like Gecko) Chrome/137.0.7151.103 Mobile Safari/537.36 (compatible; Googlebot/2.1; +http://www.google.com/bot.html)"
216.73.216.255 - - [20/Jul/2025:16:30:01 +0000] "GET /detail/950265709 HTTP/1.1" 404 16414 "-" "Mozilla/5.0 AppleWebKit/537.36 (KHTML, like Gecko; compatible; ClaudeBot/1.0; [email protected])"
