216.73.216.255 - - [20/Jul/2025:13:47:05 +0000] "GET /detail/408935427 HTTP/1.1" 404 16415 "-" "Mozilla/5.0 AppleWebKit/537.36 (KHTML, like Gecko; compatible; ClaudeBot/1.0; [email protected])"
66.249.79.233 - - [20/Jul/2025:13:47:07 +0000] "GET /?h=6029044011960&mod=33acaba9&uri=search.php?detail/2631909 HTTP/1.1" 200 19234 "-" "Mozilla/5.0 (Linux; Android 6.0.1; Nexus 5X Build/MMB29P) AppleWebKit/537.36 (KHTML, like Gecko) Chrome/137.0.7151.103 Mobile Safari/537.36 (compatible; Googlebot/2.1; +http://www.google.com/bot.html)"
216.73.216.255 - - [20/Jul/2025:13:47:08 +0000] "GET /detail/408721341 HTTP/1.1" 404 16414 "-" "Mozilla/5.0 AppleWebKit/537.36 (KHTML, like Gecko; compatible; ClaudeBot/1.0; [email protected])"
216.73.216.255 - - [20/Jul/2025:13:47:13 +0000] "GET /detail/408684856 HTTP/1.1" 404 16414 "-" "Mozilla/5.0 AppleWebKit/537.36 (KHTML, like Gecko; compatible; ClaudeBot/1.0; [email protected])"
216.73.216.255 - - [20/Jul/2025:13:47:16 +0000] "GET /detail/408738720 HTTP/1.1" 404 16414 "-" "Mozilla/5.0 AppleWebKit/537.36 (KHTML, like Gecko; compatible; ClaudeBot/1.0; [email protected])"
66.249.79.232 - - [20/Jul/2025:13:47:17 +0000] "POST /get-message-notify HTTP/1.1" 200 19474 "https://www.kelaby.company/?h=6029044011960&mod=33acaba9&uri=search.php?detail/2631909" "Mozilla/5.0 (Linux; Android 6.0.1; Nexus 5X Build/MMB29P) AppleWebKit/537.36 (KHTML, like Gecko) Chrome/137.0.7151.119 Mobile Safari/537.36 (compatible; Googlebot/2.1; +http://www.google.com/bot.html)"
216.73.216.255 - - [20/Jul/2025:13:47:19 +0000] "GET /detail/408765212 HTTP/1.1" 404 16414 "-" "Mozilla/5.0 AppleWebKit/537.36 (KHTML, like Gecko; compatible; ClaudeBot/1.0; [email protected])"
216.73.216.255 - - [20/Jul/2025:13:47:22 +0000] "GET /detail/408507531 HTTP/1.1" 404 16414 "-" "Mozilla/5.0 AppleWebKit/537.36 (KHTML, like Gecko; compatible; ClaudeBot/1.0; [email protected])"
66.249.79.232 - - [20/Jul/2025:13:47:23 +0000] "GET /?h=65578442021960&mod=194cf6c2&uri=blog.php?detail/40383642 HTTP/1.1" 200 21478 "-" "Mozilla/5.0 (Linux; Android 6.0.1; Nexus 5X Build/MMB29P) AppleWebKit/537.36 (KHTML, like Gecko) Chrome/137.0.7151.103 Mobile Safari/537.36 (compatible; Googlebot/2.1; +http://www.google.com/bot.html)"
216.73.216.255 - - [20/Jul/2025:13:47:25 +0000] "GET /detail/408571381 HTTP/1.1" 404 16414 "-" "Mozilla/5.0 AppleWebKit/537.36 (KHTML, like Gecko; compatible; ClaudeBot/1.0; [email protected])"
66.249.79.232 - - [20/Jul/2025:13:47:26 +0000] "POST /get-message-notify HTTP/1.1" 200 19474 "https://www.kelaby.company/?h=65578442021960&mod=194cf6c2&uri=blog.php?detail/40383642" "Mozilla/5.0 (Linux; Android 6.0.1; Nexus 5X Build/MMB29P) AppleWebKit/537.36 (KHTML, like Gecko) Chrome/137.0.7151.119 Mobile Safari/537.36 (compatible; Googlebot/2.1; +http://www.google.com/bot.html)"
216.73.216.255 - - [20/Jul/2025:13:47:28 +0000] "GET /detail/408862736 HTTP/1.1" 404 16414 "-" "Mozilla/5.0 AppleWebKit/537.36 (KHTML, like Gecko; compatible; ClaudeBot/1.0; [email protected])"
216.73.216.255 - - [20/Jul/2025:13:47:31 +0000] "GET /detail/408535598 HTTP/1.1" 404 16413 "-" "Mozilla/5.0 AppleWebKit/537.36 (KHTML, like Gecko; compatible; ClaudeBot/1.0; [email protected])"
216.73.216.255 - - [20/Jul/2025:13:47:34 +0000] "GET /detail/408539494 HTTP/1.1" 404 16414 "-" "Mozilla/5.0 AppleWebKit/537.36 (KHTML, like Gecko; compatible; ClaudeBot/1.0; [email protected])"
216.73.216.255 - - [20/Jul/2025:13:47:37 +0000] "GET /detail/408659532 HTTP/1.1" 404 16414 "-" "Mozilla/5.0 AppleWebKit/537.36 (KHTML, like Gecko; compatible; ClaudeBot/1.0; [email protected])"
66.249.79.232 - - [20/Jul/2025:13:47:39 +0000] "GET /?h=5638292021960&mod=7570fece&uri=category-info.php?detail/2610273 HTTP/1.1" 200 19268 "-" "Mozilla/5.0 (Linux; Android 6.0.1; Nexus 5X Build/MMB29P) AppleWebKit/537.36 (KHTML, like Gecko) Chrome/137.0.7151.103 Mobile Safari/537.36 (compatible; Googlebot/2.1; +http://www.google.com/bot.html)"
216.73.216.255 - - [20/Jul/2025:13:47:40 +0000] "GET /detail/408768347 HTTP/1.1" 404 16413 "-" "Mozilla/5.0 AppleWebKit/537.36 (KHTML, like Gecko; compatible; ClaudeBot/1.0; [email protected])"
66.249.79.232 - - [20/Jul/2025:13:47:42 +0000] "POST /get-message-notify HTTP/1.1" 200 19474 "https://www.kelaby.company/?h=5638292021960&mod=7570fece&uri=category-info.php?detail/2610273" "Mozilla/5.0 (Linux; Android 6.0.1; Nexus 5X Build/MMB29P) AppleWebKit/537.36 (KHTML, like Gecko) Chrome/137.0.7151.119 Mobile Safari/537.36 (compatible; Googlebot/2.1; +http://www.google.com/bot.html)"
216.73.216.255 - - [20/Jul/2025:13:47:43 +0000] "GET /detail/408817028 HTTP/1.1" 404 16414 "-" "Mozilla/5.0 AppleWebKit/537.36 (KHTML, like Gecko; compatible; ClaudeBot/1.0; [email protected])"
216.73.216.255 - - [20/Jul/2025:13:47:46 +0000] "GET /detail/408809960 HTTP/1.1" 404 16413 "-" "Mozilla/5.0 AppleWebKit/537.36 (KHTML, like Gecko; compatible; ClaudeBot/1.0; [email protected])"
216.73.216.255 - - [20/Jul/2025:13:47:49 +0000] "GET /detail/408782595 HTTP/1.1" 404 16414 "-" "Mozilla/5.0 AppleWebKit/537.36 (KHTML, like Gecko; compatible; ClaudeBot/1.0; [email protected])"
216.73.216.255 - - [20/Jul/2025:13:47:52 +0000] "GET /detail/408792858 HTTP/1.1" 404 16415 "-" "Mozilla/5.0 AppleWebKit/537.36 (KHTML, like Gecko; compatible; ClaudeBot/1.0; [email protected])"
66.249.79.232 - - [20/Jul/2025:13:47:55 +0000] "GET /?h=6029044011960&mod=33acaba9&uri=search.php?detail/2630120 HTTP/1.1" 200 19006 "-" "Mozilla/5.0 (Linux; Android 6.0.1; Nexus 5X Build/MMB29P) AppleWebKit/537.36 (KHTML, like Gecko) Chrome/137.0.7151.103 Mobile Safari/537.36 (compatible; Googlebot/2.1; +http://www.google.com/bot.html)"
216.73.216.255 - - [20/Jul/2025:13:47:57 +0000] "GET /detail/408628739 HTTP/1.1" 404 16415 "-" "Mozilla/5.0 AppleWebKit/537.36 (KHTML, like Gecko; compatible; ClaudeBot/1.0; [email protected])"
216.73.216.255 - - [20/Jul/2025:13:48:00 +0000] "GET /detail/408641536 HTTP/1.1" 404 16414 "-" "Mozilla/5.0 AppleWebKit/537.36 (KHTML, like Gecko; compatible; ClaudeBot/1.0; [email protected])"
209.74.77.214 - - [20/Jul/2025:13:48:03 +0000] "POST /wp-cron.php?doing_wp_cron=1753019283.4541349411010742187500 HTTP/1.1" 200 - "-" "WordPress/6.8.2; https://kelaby.company"
216.73.216.255 - - [20/Jul/2025:13:48:03 +0000] "GET /detail/408573166 HTTP/1.1" 404 16414 "-" "Mozilla/5.0 AppleWebKit/537.36 (KHTML, like Gecko; compatible; ClaudeBot/1.0; [email protected])"
216.73.216.255 - - [20/Jul/2025:13:48:06 +0000] "GET /detail/408951634 HTTP/1.1" 404 16415 "-" "Mozilla/5.0 AppleWebKit/537.36 (KHTML, like Gecko; compatible; ClaudeBot/1.0; [email protected])"
216.73.216.255 - - [20/Jul/2025:13:48:09 +0000] "GET /detail/408651721 HTTP/1.1" 404 16415 "-" "Mozilla/5.0 AppleWebKit/537.36 (KHTML, like Gecko; compatible; ClaudeBot/1.0; [email protected])"
66.249.79.232 - - [20/Jul/2025:13:48:11 +0000] "GET /?h=65578442021960&mod=194cf6c2&uri=blog.php?detail/40384051 HTTP/1.1" 200 19501 "-" "Mozilla/5.0 (Linux; Android 6.0.1; Nexus 5X Build/MMB29P) AppleWebKit/537.36 (KHTML, like Gecko) Chrome/137.0.7151.103 Mobile Safari/537.36 (compatible; Googlebot/2.1; +http://www.google.com/bot.html)"
216.73.216.255 - - [20/Jul/2025:13:48:12 +0000] "GET /detail/408944262 HTTP/1.1" 404 16415 "-" "Mozilla/5.0 AppleWebKit/537.36 (KHTML, like Gecko; compatible; ClaudeBot/1.0; [email protected])"
216.73.216.255 - - [20/Jul/2025:13:48:15 +0000] "GET /detail/408757547 HTTP/1.1" 404 16414 "-" "Mozilla/5.0 AppleWebKit/537.36 (KHTML, like Gecko; compatible; ClaudeBot/1.0; [email protected])"
216.73.216.255 - - [20/Jul/2025:13:48:18 +0000] "GET /detail/408888677 HTTP/1.1" 404 16414 "-" "Mozilla/5.0 AppleWebKit/537.36 (KHTML, like Gecko; compatible; ClaudeBot/1.0; [email protected])"
216.73.216.255 - - [20/Jul/2025:13:48:21 +0000] "GET /detail/408931168 HTTP/1.1" 404 16414 "-" "Mozilla/5.0 AppleWebKit/537.36 (KHTML, like Gecko; compatible; ClaudeBot/1.0; [email protected])"
216.73.216.255 - - [20/Jul/2025:13:48:24 +0000] "GET /detail/408963073 HTTP/1.1" 404 16414 "-" "Mozilla/5.0 AppleWebKit/537.36 (KHTML, like Gecko; compatible; ClaudeBot/1.0; [email protected])"
216.73.216.255 - - [20/Jul/2025:13:48:27 +0000] "GET /detail/408450450 HTTP/1.1" 404 16415 "-" "Mozilla/5.0 AppleWebKit/537.36 (KHTML, like Gecko; compatible; ClaudeBot/1.0; [email protected])"
66.249.79.232 - - [20/Jul/2025:13:48:27 +0000] "GET /?h=6029044011960&mod=33acaba9&uri=search.php?detail/2637789 HTTP/1.1" 200 19551 "-" "Mozilla/5.0 (Linux; Android 6.0.1; Nexus 5X Build/MMB29P) AppleWebKit/537.36 (KHTML, like Gecko) Chrome/137.0.7151.103 Mobile Safari/537.36 (compatible; Googlebot/2.1; +http://www.google.com/bot.html)"
216.73.216.255 - - [20/Jul/2025:13:48:30 +0000] "GET /detail/408718464 HTTP/1.1" 404 16414 "-" "Mozilla/5.0 AppleWebKit/537.36 (KHTML, like Gecko; compatible; ClaudeBot/1.0; [email protected])"
66.249.79.232 - - [20/Jul/2025:13:48:32 +0000] "POST /get-message-notify HTTP/1.1" 200 19474 "https://www.kelaby.company/?h=6029044011960&mod=33acaba9&uri=search.php?detail/2630120" "Mozilla/5.0 (Linux; Android 6.0.1; Nexus 5X Build/MMB29P) AppleWebKit/537.36 (KHTML, like Gecko) Chrome/137.0.7151.119 Mobile Safari/537.36 (compatible; Googlebot/2.1; +http://www.google.com/bot.html)"
216.73.216.255 - - [20/Jul/2025:13:48:33 +0000] "GET /detail/408505061 HTTP/1.1" 404 16414 "-" "Mozilla/5.0 AppleWebKit/537.36 (KHTML, like Gecko; compatible; ClaudeBot/1.0; [email protected])"
216.73.216.255 - - [20/Jul/2025:13:48:36 +0000] "GET /detail/408893195 HTTP/1.1" 404 16414 "-" "Mozilla/5.0 AppleWebKit/537.36 (KHTML, like Gecko; compatible; ClaudeBot/1.0; [email protected])"
216.73.216.255 - - [20/Jul/2025:13:48:43 +0000] "GET /detail/408498626 HTTP/1.1" 404 16414 "-" "Mozilla/5.0 AppleWebKit/537.36 (KHTML, like Gecko; compatible; ClaudeBot/1.0; [email protected])"
66.249.79.232 - - [20/Jul/2025:13:48:43 +0000] "GET /?h=65578442021960&mod=194cf6c2&uri=blog.php?detail/40418484 HTTP/1.1" 200 20438 "-" "Mozilla/5.0 (Linux; Android 6.0.1; Nexus 5X Build/MMB29P) AppleWebKit/537.36 (KHTML, like Gecko) Chrome/137.0.7151.103 Mobile Safari/537.36 (compatible; Googlebot/2.1; +http://www.google.com/bot.html)"
216.73.216.255 - - [20/Jul/2025:13:48:46 +0000] "GET /detail/408643307 HTTP/1.1" 404 16414 "-" "Mozilla/5.0 AppleWebKit/537.36 (KHTML, like Gecko; compatible; ClaudeBot/1.0; [email protected])"
216.73.216.255 - - [20/Jul/2025:13:48:49 +0000] "GET /detail/117870394 HTTP/1.1" 404 16414 "-" "Mozilla/5.0 AppleWebKit/537.36 (KHTML, like Gecko; compatible; ClaudeBot/1.0; [email protected])"
216.73.216.255 - - [20/Jul/2025:13:48:52 +0000] "GET /detail/408743576 HTTP/1.1" 404 16414 "-" "Mozilla/5.0 AppleWebKit/537.36 (KHTML, like Gecko; compatible; ClaudeBot/1.0; [email protected])"
216.73.216.255 - - [20/Jul/2025:13:48:55 +0000] "GET /detail/408750367 HTTP/1.1" 404 16414 "-" "Mozilla/5.0 AppleWebKit/537.36 (KHTML, like Gecko; compatible; ClaudeBot/1.0; [email protected])"
216.73.216.255 - - [20/Jul/2025:13:48:58 +0000] "GET /detail/408632976 HTTP/1.1" 404 16414 "-" "Mozilla/5.0 AppleWebKit/537.36 (KHTML, like Gecko; compatible; ClaudeBot/1.0; [email protected])"
66.249.79.232 - - [20/Jul/2025:13:48:59 +0000] "GET /?h=6029044011960&mod=33acaba9&uri=search.php?detail/2642172 HTTP/1.1" 200 19860 "-" "Mozilla/5.0 (Linux; Android 6.0.1; Nexus 5X Build/MMB29P) AppleWebKit/537.36 (KHTML, like Gecko) Chrome/137.0.7151.103 Mobile Safari/537.36 (compatible; Googlebot/2.1; +http://www.google.com/bot.html)"
209.74.77.214 - - [20/Jul/2025:13:49:01 +0000] "POST /wp-cron.php?doing_wp_cron=1753019341.3521380424499511718750 HTTP/1.1" 200 - "-" "WordPress/6.8.2; https://kelaby.company"
216.73.216.255 - - [20/Jul/2025:13:49:01 +0000] "GET /detail/408541121 HTTP/1.1" 404 16414 "-" "Mozilla/5.0 AppleWebKit/537.36 (KHTML, like Gecko; compatible; ClaudeBot/1.0; [email protected])"
216.73.216.255 - - [20/Jul/2025:13:49:04 +0000] "GET /detail/117870668 HTTP/1.1" 404 16414 "-" "Mozilla/5.0 AppleWebKit/537.36 (KHTML, like Gecko; compatible; ClaudeBot/1.0; [email protected])"
216.73.216.255 - - [20/Jul/2025:13:49:07 +0000] "GET /detail/408719065 HTTP/1.1" 404 16414 "-" "Mozilla/5.0 AppleWebKit/537.36 (KHTML, like Gecko; compatible; ClaudeBot/1.0; [email protected])"
216.73.216.255 - - [20/Jul/2025:13:49:10 +0000] "GET /detail/408469682 HTTP/1.1" 404 16412 "-" "Mozilla/5.0 AppleWebKit/537.36 (KHTML, like Gecko; compatible; ClaudeBot/1.0; [email protected])"
216.73.216.255 - - [20/Jul/2025:13:49:13 +0000] "GET /detail/408955683 HTTP/1.1" 404 16414 "-" "Mozilla/5.0 AppleWebKit/537.36 (KHTML, like Gecko; compatible; ClaudeBot/1.0; [email protected])"
66.249.79.232 - - [20/Jul/2025:13:49:15 +0000] "GET /?h=6029044011960&mod=33acaba9&uri=search.php?detail/2630739 HTTP/1.1" 200 23474 "-" "Mozilla/5.0 (Linux; Android 6.0.1; Nexus 5X Build/MMB29P) AppleWebKit/537.36 (KHTML, like Gecko) Chrome/137.0.7151.103 Mobile Safari/537.36 (compatible; Googlebot/2.1; +http://www.google.com/bot.html)"
216.73.216.255 - - [20/Jul/2025:13:49:16 +0000] "GET /detail/408698615 HTTP/1.1" 404 16415 "-" "Mozilla/5.0 AppleWebKit/537.36 (KHTML, like Gecko; compatible; ClaudeBot/1.0; [email protected])"
216.73.216.255 - - [20/Jul/2025:13:49:19 +0000] "GET /detail/408954513 HTTP/1.1" 404 16414 "-" "Mozilla/5.0 AppleWebKit/537.36 (KHTML, like Gecko; compatible; ClaudeBot/1.0; [email protected])"
216.73.216.255 - - [20/Jul/2025:13:49:22 +0000] "GET /detail/408636872 HTTP/1.1" 404 16414 "-" "Mozilla/5.0 AppleWebKit/537.36 (KHTML, like Gecko; compatible; ClaudeBot/1.0; [email protected])"
216.73.216.255 - - [20/Jul/2025:13:49:25 +0000] "GET /detail/408856726 HTTP/1.1" 404 16414 "-" "Mozilla/5.0 AppleWebKit/537.36 (KHTML, like Gecko; compatible; ClaudeBot/1.0; [email protected])"
216.73.216.255 - - [20/Jul/2025:13:49:28 +0000] "GET /detail/408753907 HTTP/1.1" 404 16414 "-" "Mozilla/5.0 AppleWebKit/537.36 (KHTML, like Gecko; compatible; ClaudeBot/1.0; [email protected])"
66.249.79.232 - - [20/Jul/2025:13:49:32 +0000] "GET /?h=5638292021960&mod=7570fece&uri=category-info.php?detail/2603093 HTTP/1.1" 200 21796 "-" "Mozilla/5.0 (Linux; Android 6.0.1; Nexus 5X Build/MMB29P) AppleWebKit/537.36 (KHTML, like Gecko) Chrome/137.0.7151.103 Mobile Safari/537.36 (compatible; Googlebot/2.1; +http://www.google.com/bot.html)"
216.73.216.255 - - [20/Jul/2025:13:49:32 +0000] "GET /detail/117681355 HTTP/1.1" 404 16414 "-" "Mozilla/5.0 AppleWebKit/537.36 (KHTML, like Gecko; compatible; ClaudeBot/1.0; [email protected])"
66.249.79.232 - - [20/Jul/2025:13:49:34 +0000] "POST /get-message-notify HTTP/1.1" 200 19474 "https://www.kelaby.company/?h=5638292021960&mod=7570fece&uri=category-info.php?detail/2603093" "Mozilla/5.0 (Linux; Android 6.0.1; Nexus 5X Build/MMB29P) AppleWebKit/537.36 (KHTML, like Gecko) Chrome/137.0.7151.119 Mobile Safari/537.36 (compatible; Googlebot/2.1; +http://www.google.com/bot.html)"
216.73.216.255 - - [20/Jul/2025:13:49:35 +0000] "GET /detail/408746126 HTTP/1.1" 404 16414 "-" "Mozilla/5.0 AppleWebKit/537.36 (KHTML, like Gecko; compatible; ClaudeBot/1.0; [email protected])"
216.73.216.255 - - [20/Jul/2025:13:49:38 +0000] "GET /detail/117843022 HTTP/1.1" 404 16415 "-" "Mozilla/5.0 AppleWebKit/537.36 (KHTML, like Gecko; compatible; ClaudeBot/1.0; [email protected])"
216.73.216.255 - - [20/Jul/2025:13:49:41 +0000] "GET /detail/117863278 HTTP/1.1" 404 16414 "-" "Mozilla/5.0 AppleWebKit/537.36 (KHTML, like Gecko; compatible; ClaudeBot/1.0; [email protected])"
216.73.216.255 - - [20/Jul/2025:13:49:44 +0000] "GET /detail/408798543 HTTP/1.1" 404 16415 "-" "Mozilla/5.0 AppleWebKit/537.36 (KHTML, like Gecko; compatible; ClaudeBot/1.0; [email protected])"
216.73.216.255 - - [20/Jul/2025:13:49:47 +0000] "GET /detail/408714209 HTTP/1.1" 404 16414 "-" "Mozilla/5.0 AppleWebKit/537.36 (KHTML, like Gecko; compatible; ClaudeBot/1.0; [email protected])"
66.249.79.232 - - [20/Jul/2025:13:49:48 +0000] "GET /?h=65578442021960&mod=194cf6c2&uri=blog.php?detail/40425047 HTTP/1.1" 200 19275 "-" "Mozilla/5.0 (Linux; Android 6.0.1; Nexus 5X Build/MMB29P) AppleWebKit/537.36 (KHTML, like Gecko) Chrome/137.0.7151.103 Mobile Safari/537.36 (compatible; Googlebot/2.1; +http://www.google.com/bot.html)"
216.73.216.255 - - [20/Jul/2025:13:49:50 +0000] "GET /detail/408953423 HTTP/1.1" 404 16414 "-" "Mozilla/5.0 AppleWebKit/537.36 (KHTML, like Gecko; compatible; ClaudeBot/1.0; [email protected])"
2a03:2880:f800:1a:: - - [20/Jul/2025:13:49:51 +0000] "GET /?h=117586280021960& HTTP/1.1" 301 - "-" "meta-externalagent/1.1 (+https://developers.facebook.com/docs/sharing/webmasters/crawler)"
216.73.216.255 - - [20/Jul/2025:13:49:53 +0000] "GET /detail/408775543 HTTP/1.1" 404 16414 "-" "Mozilla/5.0 AppleWebKit/537.36 (KHTML, like Gecko; compatible; ClaudeBot/1.0; [email protected])"
216.73.216.255 - - [20/Jul/2025:13:49:56 +0000] "GET /detail/408729136 HTTP/1.1" 404 16415 "-" "Mozilla/5.0 AppleWebKit/537.36 (KHTML, like Gecko; compatible; ClaudeBot/1.0; [email protected])"
216.73.216.255 - - [20/Jul/2025:13:49:59 +0000] "GET /detail/408719826 HTTP/1.1" 404 16414 "-" "Mozilla/5.0 AppleWebKit/537.36 (KHTML, like Gecko; compatible; ClaudeBot/1.0; [email protected])"
209.74.77.214 - - [20/Jul/2025:13:50:03 +0000] "POST /wp-cron.php?doing_wp_cron=1753019403.0653901100158691406250 HTTP/1.1" 200 - "-" "WordPress/6.8.2; https://kelaby.company"
216.73.216.255 - - [20/Jul/2025:13:50:02 +0000] "GET /detail/408871294 HTTP/1.1" 404 16415 "-" "Mozilla/5.0 AppleWebKit/537.36 (KHTML, like Gecko; compatible; ClaudeBot/1.0; [email protected])"
66.249.79.230 - - [20/Jul/2025:13:50:04 +0000] "GET /?h=65578442021960&mod=194cf6c2&uri=blog.php?detail/40404581 HTTP/1.1" 200 21545 "-" "Mozilla/5.0 (Linux; Android 6.0.1; Nexus 5X Build/MMB29P) AppleWebKit/537.36 (KHTML, like Gecko) Chrome/137.0.7151.103 Mobile Safari/537.36 (compatible; Googlebot/2.1; +http://www.google.com/bot.html)"
216.73.216.255 - - [20/Jul/2025:13:50:05 +0000] "GET /detail/408437799 HTTP/1.1" 404 16414 "-" "Mozilla/5.0 AppleWebKit/537.36 (KHTML, like Gecko; compatible; ClaudeBot/1.0; [email protected])"
216.73.216.255 - - [20/Jul/2025:13:50:08 +0000] "GET /detail/408558580 HTTP/1.1" 404 16414 "-" "Mozilla/5.0 AppleWebKit/537.36 (KHTML, like Gecko; compatible; ClaudeBot/1.0; [email protected])"
216.73.216.255 - - [20/Jul/2025:13:50:11 +0000] "GET /detail/408887912 HTTP/1.1" 404 16414 "-" "Mozilla/5.0 AppleWebKit/537.36 (KHTML, like Gecko; compatible; ClaudeBot/1.0; [email protected])"
216.73.216.255 - - [20/Jul/2025:13:50:14 +0000] "GET /detail/117744949 HTTP/1.1" 404 16415 "-" "Mozilla/5.0 AppleWebKit/537.36 (KHTML, like Gecko; compatible; ClaudeBot/1.0; [email protected])"
2a03:2880:f800:2:: - - [20/Jul/2025:13:50:16 +0000] "GET /?h=117586280021960 HTTP/1.1" 200 26476 "-" "meta-externalagent/1.1 (+https://developers.facebook.com/docs/sharing/webmasters/crawler)"
216.73.216.255 - - [20/Jul/2025:13:50:17 +0000] "GET /detail/408478096 HTTP/1.1" 404 16414 "-" "Mozilla/5.0 AppleWebKit/537.36 (KHTML, like Gecko; compatible; ClaudeBot/1.0; [email protected])"
66.249.79.230 - - [20/Jul/2025:13:50:20 +0000] "GET /?h=5638292021960&mod=7570fece&uri=category-info.php?detail/2607138 HTTP/1.1" 200 20442 "-" "Mozilla/5.0 (Linux; Android 6.0.1; Nexus 5X Build/MMB29P) AppleWebKit/537.36 (KHTML, like Gecko) Chrome/137.0.7151.103 Mobile Safari/537.36 (compatible; Googlebot/2.1; +http://www.google.com/bot.html)"
216.73.216.255 - - [20/Jul/2025:13:50:20 +0000] "GET /detail/408556813 HTTP/1.1" 404 16414 "-" "Mozilla/5.0 AppleWebKit/537.36 (KHTML, like Gecko; compatible; ClaudeBot/1.0; [email protected])"
216.73.216.255 - - [20/Jul/2025:13:50:23 +0000] "GET /detail/408750772 HTTP/1.1" 404 16414 "-" "Mozilla/5.0 AppleWebKit/537.36 (KHTML, like Gecko; compatible; ClaudeBot/1.0; [email protected])"
216.73.216.255 - - [20/Jul/2025:13:50:26 +0000] "GET /detail/408606500 HTTP/1.1" 404 16415 "-" "Mozilla/5.0 AppleWebKit/537.36 (KHTML, like Gecko; compatible; ClaudeBot/1.0; [email protected])"
216.73.216.255 - - [20/Jul/2025:13:50:29 +0000] "GET /detail/117571096 HTTP/1.1" 404 16414 "-" "Mozilla/5.0 AppleWebKit/537.36 (KHTML, like Gecko; compatible; ClaudeBot/1.0; [email protected])"
216.73.216.255 - - [20/Jul/2025:13:50:32 +0000] "GET /detail/408460781 HTTP/1.1" 404 16414 "-" "Mozilla/5.0 AppleWebKit/537.36 (KHTML, like Gecko; compatible; ClaudeBot/1.0; [email protected])"
216.73.216.255 - - [20/Jul/2025:13:50:35 +0000] "GET /detail/117398901 HTTP/1.1" 404 16414 "-" "Mozilla/5.0 AppleWebKit/537.36 (KHTML, like Gecko; compatible; ClaudeBot/1.0; [email protected])"
66.249.79.230 - - [20/Jul/2025:13:50:36 +0000] "GET /?h=65578442021960&mod=194cf6c2&uri=blog.php?detail/40424510 HTTP/1.1" 200 20772 "-" "Mozilla/5.0 (Linux; Android 6.0.1; Nexus 5X Build/MMB29P) AppleWebKit/537.36 (KHTML, like Gecko) Chrome/137.0.7151.103 Mobile Safari/537.36 (compatible; Googlebot/2.1; +http://www.google.com/bot.html)"
66.249.79.230 - - [20/Jul/2025:13:50:52 +0000] "GET /?h=5638292021960&mod=7570fece&uri=category-info.php?detail/2599876 HTTP/1.1" 200 20092 "-" "Mozilla/5.0 (Linux; Android 6.0.1; Nexus 5X Build/MMB29P) AppleWebKit/537.36 (KHTML, like Gecko) Chrome/137.0.7151.103 Mobile Safari/537.36 (compatible; Googlebot/2.1; +http://www.google.com/bot.html)"
2a03:2880:f800:7:: - - [20/Jul/2025:13:50:53 +0000] "GET /?h=92805813031960& HTTP/1.1" 301 - "-" "meta-externalagent/1.1 (+https://developers.facebook.com/docs/sharing/webmasters/crawler)"
216.73.216.255 - - [20/Jul/2025:13:51:00 +0000] "GET /detail/408769599 HTTP/1.1" 404 16414 "-" "Mozilla/5.0 AppleWebKit/537.36 (KHTML, like Gecko; compatible; ClaudeBot/1.0; [email protected])"
209.74.77.214 - - [20/Jul/2025:13:51:03 +0000] "POST /wp-cron.php?doing_wp_cron=1753019463.5508959293365478515625 HTTP/1.1" 200 - "-" "WordPress/6.8.2; https://kelaby.company"
216.73.216.255 - - [20/Jul/2025:13:51:03 +0000] "GET /detail/408577684 HTTP/1.1" 404 16414 "-" "Mozilla/5.0 AppleWebKit/537.36 (KHTML, like Gecko; compatible; ClaudeBot/1.0; [email protected])"
216.73.216.255 - - [20/Jul/2025:13:51:06 +0000] "GET /detail/408798948 HTTP/1.1" 404 16414 "-" "Mozilla/5.0 AppleWebKit/537.36 (KHTML, like Gecko; compatible; ClaudeBot/1.0; [email protected])"
66.249.79.230 - - [20/Jul/2025:13:51:08 +0000] "GET /?h=65578442021960&mod=194cf6c2&uri=blog.php?detail/40391375 HTTP/1.1" 200 20259 "-" "Mozilla/5.0 (Linux; Android 6.0.1; Nexus 5X Build/MMB29P) AppleWebKit/537.36 (KHTML, like Gecko) Chrome/137.0.7151.103 Mobile Safari/537.36 (compatible; Googlebot/2.1; +http://www.google.com/bot.html)"
216.73.216.255 - - [20/Jul/2025:13:51:09 +0000] "GET /detail/408625860 HTTP/1.1" 404 16414 "-" "Mozilla/5.0 AppleWebKit/537.36 (KHTML, like Gecko; compatible; ClaudeBot/1.0; [email protected])"
216.73.216.255 - - [20/Jul/2025:13:51:12 +0000] "GET /detail/408854941 HTTP/1.1" 404 16414 "-" "Mozilla/5.0 AppleWebKit/537.36 (KHTML, like Gecko; compatible; ClaudeBot/1.0; [email protected])"
216.73.216.255 - - [20/Jul/2025:13:51:15 +0000] "GET /detail/408794647 HTTP/1.1" 404 16415 "-" "Mozilla/5.0 AppleWebKit/537.36 (KHTML, like Gecko; compatible; ClaudeBot/1.0; [email protected])"
216.73.216.255 - - [20/Jul/2025:13:51:18 +0000] "GET /detail/408558598 HTTP/1.1" 404 16415 "-" "Mozilla/5.0 AppleWebKit/537.36 (KHTML, like Gecko; compatible; ClaudeBot/1.0; [email protected])"
216.73.216.255 - - [20/Jul/2025:13:51:21 +0000] "GET /detail/408853835 HTTP/1.1" 404 16414 "-" "Mozilla/5.0 AppleWebKit/537.36 (KHTML, like Gecko; compatible; ClaudeBot/1.0; [email protected])"
216.73.216.255 - - [20/Jul/2025:13:51:24 +0000] "GET /detail/408895793 HTTP/1.1" 404 16414 "-" "Mozilla/5.0 AppleWebKit/537.36 (KHTML, like Gecko; compatible; ClaudeBot/1.0; [email protected])"
66.249.79.230 - - [20/Jul/2025:13:51:24 +0000] "GET /?h=65578442021960&mod=194cf6c2&uri=blog.php?detail/40428687 HTTP/1.1" 200 19658 "-" "Mozilla/5.0 (Linux; Android 6.0.1; Nexus 5X Build/MMB29P) AppleWebKit/537.36 (KHTML, like Gecko) Chrome/137.0.7151.103 Mobile Safari/537.36 (compatible; Googlebot/2.1; +http://www.google.com/bot.html)"
216.73.216.255 - - [20/Jul/2025:13:51:27 +0000] "GET /detail/408958409 HTTP/1.1" 404 16414 "-" "Mozilla/5.0 AppleWebKit/537.36 (KHTML, like Gecko; compatible; ClaudeBot/1.0; [email protected])"
216.73.216.255 - - [20/Jul/2025:13:51:30 +0000] "GET /detail/408503272 HTTP/1.1" 404 16414 "-" "Mozilla/5.0 AppleWebKit/537.36 (KHTML, like Gecko; compatible; ClaudeBot/1.0; [email protected])"
216.73.216.255 - - [20/Jul/2025:13:51:33 +0000] "GET /detail/408675142 HTTP/1.1" 404 16415 "-" "Mozilla/5.0 AppleWebKit/537.36 (KHTML, like Gecko; compatible; ClaudeBot/1.0; [email protected])"
216.73.216.255 - - [20/Jul/2025:13:51:36 +0000] "GET /detail/408631271 HTTP/1.1" 404 16414 "-" "Mozilla/5.0 AppleWebKit/537.36 (KHTML, like Gecko; compatible; ClaudeBot/1.0; [email protected])"
216.73.216.255 - - [20/Jul/2025:13:51:39 +0000] "GET /detail/408550787 HTTP/1.1" 404 16414 "-" "Mozilla/5.0 AppleWebKit/537.36 (KHTML, like Gecko; compatible; ClaudeBot/1.0; [email protected])"
66.249.79.230 - - [20/Jul/2025:13:51:40 +0000] "GET /?h=5638292021960&mod=7570fece&uri=category-info.php?detail/2597067 HTTP/1.1" 200 19479 "-" "Mozilla/5.0 (Linux; Android 6.0.1; Nexus 5X Build/MMB29P) AppleWebKit/537.36 (KHTML, like Gecko) Chrome/137.0.7151.103 Mobile Safari/537.36 (compatible; Googlebot/2.1; +http://www.google.com/bot.html)"
216.73.216.255 - - [20/Jul/2025:13:51:42 +0000] "GET /detail/408450859 HTTP/1.1" 404 16414 "-" "Mozilla/5.0 AppleWebKit/537.36 (KHTML, like Gecko; compatible; ClaudeBot/1.0; [email protected])"
216.73.216.255 - - [20/Jul/2025:13:51:45 +0000] "GET /detail/408473110 HTTP/1.1" 404 16414 "-" "Mozilla/5.0 AppleWebKit/537.36 (KHTML, like Gecko; compatible; ClaudeBot/1.0; [email protected])"
216.73.216.255 - - [20/Jul/2025:13:51:48 +0000] "GET /detail/117900590 HTTP/1.1" 404 16415 "-" "Mozilla/5.0 AppleWebKit/537.36 (KHTML, like Gecko; compatible; ClaudeBot/1.0; [email protected])"
216.73.216.255 - - [20/Jul/2025:13:51:51 +0000] "GET /detail/408726261 HTTP/1.1" 404 16414 "-" "Mozilla/5.0 AppleWebKit/537.36 (KHTML, like Gecko; compatible; ClaudeBot/1.0; [email protected])"
216.73.216.255 - - [20/Jul/2025:13:51:57 +0000] "GET /detail/408922349 HTTP/1.1" 404 16415 "-" "Mozilla/5.0 AppleWebKit/537.36 (KHTML, like Gecko; compatible; ClaudeBot/1.0; [email protected])"
216.73.216.255 - - [20/Jul/2025:13:52:00 +0000] "GET /detail/408531537 HTTP/1.1" 404 16414 "-" "Mozilla/5.0 AppleWebKit/537.36 (KHTML, like Gecko; compatible; ClaudeBot/1.0; [email protected])"
66.249.79.231 - - [20/Jul/2025:13:52:02 +0000] "GET /?h=65578442021960&mod=194cf6c2&uri=blog.php?detail/40388224 HTTP/1.1" 200 19914 "-" "Mozilla/5.0 (Linux; Android 6.0.1; Nexus 5X Build/MMB29P) AppleWebKit/537.36 (KHTML, like Gecko) Chrome/137.0.7151.103 Mobile Safari/537.36 (compatible; Googlebot/2.1; +http://www.google.com/bot.html)"
209.74.77.214 - - [20/Jul/2025:13:52:03 +0000] "POST /wp-cron.php?doing_wp_cron=1753019523.6234979629516601562500 HTTP/1.1" 200 - "-" "WordPress/6.8.2; https://kelaby.company"
216.73.216.255 - - [20/Jul/2025:13:52:03 +0000] "GET /detail/408607928 HTTP/1.1" 404 16414 "-" "Mozilla/5.0 AppleWebKit/537.36 (KHTML, like Gecko; compatible; ClaudeBot/1.0; [email protected])"
2a03:2880:f800:19:: - - [20/Jul/2025:13:52:05 +0000] "GET /?h=31157971091960& HTTP/1.1" 301 - "-" "meta-externalagent/1.1 (+https://developers.facebook.com/docs/sharing/webmasters/crawler)"
216.73.216.255 - - [20/Jul/2025:13:52:06 +0000] "GET /detail/408618536 HTTP/1.1" 404 16414 "-" "Mozilla/5.0 AppleWebKit/537.36 (KHTML, like Gecko; compatible; ClaudeBot/1.0; [email protected])"
216.73.216.255 - - [20/Jul/2025:13:52:09 +0000] "GET /detail/408619898 HTTP/1.1" 404 16414 "-" "Mozilla/5.0 AppleWebKit/537.36 (KHTML, like Gecko; compatible; ClaudeBot/1.0; [email protected])"
66.249.79.231 - - [20/Jul/2025:13:52:09 +0000] "POST /get-message-notify HTTP/1.1" 200 19474 "https://www.kelaby.company/?h=65578442021960&mod=194cf6c2&uri=blog.php?detail/40388224" "Mozilla/5.0 (Linux; Android 6.0.1; Nexus 5X Build/MMB29P) AppleWebKit/537.36 (KHTML, like Gecko) Chrome/137.0.7151.119 Mobile Safari/537.36 (compatible; Googlebot/2.1; +http://www.google.com/bot.html)"
216.73.216.255 - - [20/Jul/2025:13:52:12 +0000] "GET /detail/408722705 HTTP/1.1" 404 16414 "-" "Mozilla/5.0 AppleWebKit/537.36 (KHTML, like Gecko; compatible; ClaudeBot/1.0; [email protected])"
216.73.216.255 - - [20/Jul/2025:13:52:15 +0000] "GET /detail/408876982 HTTP/1.1" 404 16415 "-" "Mozilla/5.0 AppleWebKit/537.36 (KHTML, like Gecko; compatible; ClaudeBot/1.0; [email protected])"
66.249.79.230 - - [20/Jul/2025:13:52:17 +0000] "GET /?h=5638292021960&mod=7570fece&uri=category-info.php?detail/2597472 HTTP/1.1" 200 20920 "-" "Mozilla/5.0 (Linux; Android 6.0.1; Nexus 5X Build/MMB29P) AppleWebKit/537.36 (KHTML, like Gecko) Chrome/137.0.7151.103 Mobile Safari/537.36 (compatible; Googlebot/2.1; +http://www.google.com/bot.html)"
66.249.79.230 - - [20/Jul/2025:13:52:17 +0000] "GET /?h=97569217001960&mod=4428d361&uri=products.php?detail/1664752 HTTP/1.1" 200 20493 "-" "Mozilla/5.0 (Linux; Android 6.0.1; Nexus 5X Build/MMB29P) AppleWebKit/537.36 (KHTML, like Gecko) Chrome/137.0.7151.103 Mobile Safari/537.36 (compatible; Googlebot/2.1; +http://www.google.com/bot.html)"
216.73.216.255 - - [20/Jul/2025:13:52:18 +0000] "GET /detail/408705667 HTTP/1.1" 404 16414 "-" "Mozilla/5.0 AppleWebKit/537.36 (KHTML, like Gecko; compatible; ClaudeBot/1.0; [email protected])"
216.73.216.255 - - [20/Jul/2025:13:52:21 +0000] "GET /detail/408721615 HTTP/1.1" 404 16414 "-" "Mozilla/5.0 AppleWebKit/537.36 (KHTML, like Gecko; compatible; ClaudeBot/1.0; [email protected])"
216.73.216.255 - - [20/Jul/2025:13:52:24 +0000] "GET /detail/408526272 HTTP/1.1" 404 16415 "-" "Mozilla/5.0 AppleWebKit/537.36 (KHTML, like Gecko; compatible; ClaudeBot/1.0; [email protected])"
216.73.216.255 - - [20/Jul/2025:13:52:27 +0000] "GET /detail/408731540 HTTP/1.1" 404 16415 "-" "Mozilla/5.0 AppleWebKit/537.36 (KHTML, like Gecko; compatible; ClaudeBot/1.0; [email protected])"
216.73.216.255 - - [20/Jul/2025:13:52:30 +0000] "GET /detail/408681152 HTTP/1.1" 404 16414 "-" "Mozilla/5.0 AppleWebKit/537.36 (KHTML, like Gecko; compatible; ClaudeBot/1.0; [email protected])"
66.249.79.230 - - [20/Jul/2025:13:52:31 +0000] "GET /?h=6029044011960&mod=33acaba9&uri=search.php?detail/2602474 HTTP/1.1" 200 19375 "-" "Mozilla/5.0 (Linux; Android 6.0.1; Nexus 5X Build/MMB29P) AppleWebKit/537.36 (KHTML, like Gecko) Chrome/137.0.7151.103 Mobile Safari/537.36 (compatible; Googlebot/2.1; +http://www.google.com/bot.html)"
66.249.79.32 - - [20/Jul/2025:13:52:32 +0000] "GET /?h=114725500031960&mod=dc2b6905&uri=products.php%3Fid%3D3828817-26%26name%3Dcrema+despues+de+depilar HTTP/1.1" 200 21327 "-" "Mozilla/5.0 (Linux; Android 6.0.1; Nexus 5X Build/MMB29P) AppleWebKit/537.36 (KHTML, like Gecko) Chrome/137.0.7151.103 Mobile Safari/537.36 (compatible; Googlebot/2.1; +http://www.google.com/bot.html)"
216.73.216.255 - - [20/Jul/2025:13:52:33 +0000] "GET /detail/408639767 HTTP/1.1" 404 16414 "-" "Mozilla/5.0 AppleWebKit/537.36 (KHTML, like Gecko; compatible; ClaudeBot/1.0; [email protected])"
216.73.216.255 - - [20/Jul/2025:13:52:36 +0000] "GET /detail/408535177 HTTP/1.1" 404 16414 "-" "Mozilla/5.0 AppleWebKit/537.36 (KHTML, like Gecko; compatible; ClaudeBot/1.0; [email protected])"
216.73.216.255 - - [20/Jul/2025:13:52:39 +0000] "GET /detail/408698206 HTTP/1.1" 404 16414 "-" "Mozilla/5.0 AppleWebKit/537.36 (KHTML, like Gecko; compatible; ClaudeBot/1.0; [email protected])"
216.73.216.255 - - [20/Jul/2025:13:52:42 +0000] "GET /detail/408680619 HTTP/1.1" 404 16414 "-" "Mozilla/5.0 AppleWebKit/537.36 (KHTML, like Gecko; compatible; ClaudeBot/1.0; [email protected])"
66.249.79.230 - - [20/Jul/2025:13:52:44 +0000] "GET /?h=5638292021960&mod=7570fece&uri=category-info.php?detail/2598578 HTTP/1.1" 200 19209 "-" "Mozilla/5.0 (Linux; Android 6.0.1; Nexus 5X Build/MMB29P) AppleWebKit/537.36 (KHTML, like Gecko) Chrome/137.0.7151.103 Mobile Safari/537.36 (compatible; Googlebot/2.1; +http://www.google.com/bot.html)"
216.73.216.255 - - [20/Jul/2025:13:52:45 +0000] "GET /detail/408561459 HTTP/1.1" 404 16414 "-" "Mozilla/5.0 AppleWebKit/537.36 (KHTML, like Gecko; compatible; ClaudeBot/1.0; [email protected])"
216.73.216.255 - - [20/Jul/2025:13:52:48 +0000] "GET /detail/408593294 HTTP/1.1" 404 16415 "-" "Mozilla/5.0 AppleWebKit/537.36 (KHTML, like Gecko; compatible; ClaudeBot/1.0; [email protected])"
216.73.216.255 - - [20/Jul/2025:13:52:54 +0000] "GET /detail/408747472 HTTP/1.1" 404 16414 "-" "Mozilla/5.0 AppleWebKit/537.36 (KHTML, like Gecko; compatible; ClaudeBot/1.0; [email protected])"
216.73.216.255 - - [20/Jul/2025:13:52:57 +0000] "GET /detail/117591011 HTTP/1.1" 404 16414 "-" "Mozilla/5.0 AppleWebKit/537.36 (KHTML, like Gecko; compatible; ClaudeBot/1.0; [email protected])"
209.74.77.214 - - [20/Jul/2025:13:53:01 +0000] "POST /wp-cron.php?doing_wp_cron=1753019581.0184020996093750000000 HTTP/1.1" 200 - "-" "WordPress/6.8.2; https://kelaby.company"
66.249.79.231 - - [20/Jul/2025:13:53:01 +0000] "GET /?h=6029044011960&mod=33acaba9&uri=search.php?detail/2629375 HTTP/1.1" 200 19224 "-" "Mozilla/5.0 (Linux; Android 6.0.1; Nexus 5X Build/MMB29P) AppleWebKit/537.36 (KHTML, like Gecko) Chrome/137.0.7151.103 Mobile Safari/537.36 (compatible; Googlebot/2.1; +http://www.google.com/bot.html)"
216.73.216.255 - - [20/Jul/2025:13:53:00 +0000] "GET /detail/408559199 HTTP/1.1" 404 16414 "-" "Mozilla/5.0 AppleWebKit/537.36 (KHTML, like Gecko; compatible; ClaudeBot/1.0; [email protected])"
216.73.216.255 - - [20/Jul/2025:13:53:03 +0000] "GET /detail/408578854 HTTP/1.1" 404 16414 "-" "Mozilla/5.0 AppleWebKit/537.36 (KHTML, like Gecko; compatible; ClaudeBot/1.0; [email protected])"
216.73.216.255 - - [20/Jul/2025:13:53:06 +0000] "GET /detail/408616422 HTTP/1.1" 404 16414 "-" "Mozilla/5.0 AppleWebKit/537.36 (KHTML, like Gecko; compatible; ClaudeBot/1.0; [email protected])"
216.73.216.255 - - [20/Jul/2025:13:53:09 +0000] "GET /detail/408447980 HTTP/1.1" 404 16414 "-" "Mozilla/5.0 AppleWebKit/537.36 (KHTML, like Gecko; compatible; ClaudeBot/1.0; [email protected])"
216.73.216.255 - - [20/Jul/2025:13:53:12 +0000] "GET /detail/408954232 HTTP/1.1" 404 16414 "-" "Mozilla/5.0 AppleWebKit/537.36 (KHTML, like Gecko; compatible; ClaudeBot/1.0; [email protected])"
216.73.216.255 - - [20/Jul/2025:13:53:15 +0000] "GET /detail/408666648 HTTP/1.1" 404 16414 "-" "Mozilla/5.0 AppleWebKit/537.36 (KHTML, like Gecko; compatible; ClaudeBot/1.0; [email protected])"
66.249.79.231 - - [20/Jul/2025:13:53:17 +0000] "GET /?h=65578442021960&mod=194cf6c2&uri=blog.php?detail/40393973 HTTP/1.1" 200 19761 "-" "Mozilla/5.0 (Linux; Android 6.0.1; Nexus 5X Build/MMB29P) AppleWebKit/537.36 (KHTML, like Gecko) Chrome/137.0.7151.103 Mobile Safari/537.36 (compatible; Googlebot/2.1; +http://www.google.com/bot.html)"
216.73.216.255 - - [20/Jul/2025:13:53:18 +0000] "GET /detail/408897578 HTTP/1.1" 404 16414 "-" "Mozilla/5.0 AppleWebKit/537.36 (KHTML, like Gecko; compatible; ClaudeBot/1.0; [email protected])"
216.73.216.255 - - [20/Jul/2025:13:53:21 +0000] "GET /detail/408843913 HTTP/1.1" 404 16414 "-" "Mozilla/5.0 AppleWebKit/537.36 (KHTML, like Gecko; compatible; ClaudeBot/1.0; [email protected])"
216.73.216.255 - - [20/Jul/2025:13:53:24 +0000] "GET /detail/408677740 HTTP/1.1" 404 16414 "-" "Mozilla/5.0 AppleWebKit/537.36 (KHTML, like Gecko; compatible; ClaudeBot/1.0; [email protected])"
216.73.216.255 - - [20/Jul/2025:13:53:27 +0000] "GET /detail/408542373 HTTP/1.1" 404 16414 "-" "Mozilla/5.0 AppleWebKit/537.36 (KHTML, like Gecko; compatible; ClaudeBot/1.0; [email protected])"
216.73.216.255 - - [20/Jul/2025:13:53:30 +0000] "GET /detail/408803189 HTTP/1.1" 404 16414 "-" "Mozilla/5.0 AppleWebKit/537.36 (KHTML, like Gecko; compatible; ClaudeBot/1.0; [email protected])"
66.249.79.230 - - [20/Jul/2025:13:53:33 +0000] "GET /?h=6029044011960&mod=33acaba9&uri=search.php?detail/2599876 HTTP/1.1" 200 20070 "-" "Mozilla/5.0 (Linux; Android 6.0.1; Nexus 5X Build/MMB29P) AppleWebKit/537.36 (KHTML, like Gecko) Chrome/137.0.7151.103 Mobile Safari/537.36 (compatible; Googlebot/2.1; +http://www.google.com/bot.html)"
216.73.216.255 - - [20/Jul/2025:13:53:33 +0000] "GET /detail/408561050 HTTP/1.1" 404 16414 "-" "Mozilla/5.0 AppleWebKit/537.36 (KHTML, like Gecko; compatible; ClaudeBot/1.0; [email protected])"
216.73.216.255 - - [20/Jul/2025:13:53:36 +0000] "GET /detail/408487257 HTTP/1.1" 404 16414 "-" "Mozilla/5.0 AppleWebKit/537.36 (KHTML, like Gecko; compatible; ClaudeBot/1.0; [email protected])"
216.73.216.255 - - [20/Jul/2025:13:53:39 +0000] "GET /detail/408790113 HTTP/1.1" 404 16414 "-" "Mozilla/5.0 AppleWebKit/537.36 (KHTML, like Gecko; compatible; ClaudeBot/1.0; [email protected])"
216.73.216.255 - - [20/Jul/2025:13:53:42 +0000] "GET /detail/408975043 HTTP/1.1" 404 16414 "-" "Mozilla/5.0 AppleWebKit/537.36 (KHTML, like Gecko; compatible; ClaudeBot/1.0; [email protected])"
216.73.216.255 - - [20/Jul/2025:13:53:45 +0000] "GET /detail/408745084 HTTP/1.1" 404 16414 "-" "Mozilla/5.0 AppleWebKit/537.36 (KHTML, like Gecko; compatible; ClaudeBot/1.0; [email protected])"
216.73.216.255 - - [20/Jul/2025:13:53:48 +0000] "GET /detail/408488427 HTTP/1.1" 404 16414 "-" "Mozilla/5.0 AppleWebKit/537.36 (KHTML, like Gecko; compatible; ClaudeBot/1.0; [email protected])"
66.249.79.230 - - [20/Jul/2025:13:53:49 +0000] "GET /?h=6029044011960&mod=33acaba9&uri=search.php?detail/2598173 HTTP/1.1" 200 20280 "-" "Mozilla/5.0 (Linux; Android 6.0.1; Nexus 5X Build/MMB29P) AppleWebKit/537.36 (KHTML, like Gecko) Chrome/137.0.7151.103 Mobile Safari/537.36 (compatible; Googlebot/2.1; +http://www.google.com/bot.html)"
216.73.216.255 - - [20/Jul/2025:13:53:51 +0000] "GET /detail/408465445 HTTP/1.1" 404 16413 "-" "Mozilla/5.0 AppleWebKit/537.36 (KHTML, like Gecko; compatible; ClaudeBot/1.0; [email protected])"
216.73.216.255 - - [20/Jul/2025:13:53:54 +0000] "GET /detail/408461058 HTTP/1.1" 404 16414 "-" "Mozilla/5.0 AppleWebKit/537.36 (KHTML, like Gecko; compatible; ClaudeBot/1.0; [email protected])"
216.73.216.255 - - [20/Jul/2025:13:53:57 +0000] "GET /detail/408681981 HTTP/1.1" 404 16414 "-" "Mozilla/5.0 AppleWebKit/537.36 (KHTML, like Gecko; compatible; ClaudeBot/1.0; [email protected])"
66.249.79.232 - - [20/Jul/2025:13:54:05 +0000] "GET /?h=65578442021960&mod=194cf6c2&uri=blog.php?detail/40429092 HTTP/1.1" 200 19260 "-" "Mozilla/5.0 (Linux; Android 6.0.1; Nexus 5X Build/MMB29P) AppleWebKit/537.36 (KHTML, like Gecko) Chrome/137.0.7151.103 Mobile Safari/537.36 (compatible; Googlebot/2.1; +http://www.google.com/bot.html)"
66.249.79.231 - - [20/Jul/2025:13:54:21 +0000] "GET /?h=65578442021960&mod=194cf6c2&uri=blog.php?detail/40421619 HTTP/1.1" 200 20129 "-" "Mozilla/5.0 (Linux; Android 6.0.1; Nexus 5X Build/MMB29P) AppleWebKit/537.36 (KHTML, like Gecko) Chrome/137.0.7151.103 Mobile Safari/537.36 (compatible; Googlebot/2.1; +http://www.google.com/bot.html)"
209.74.77.214 - - [20/Jul/2025:13:54:26 +0000] "POST /wp-cron.php?doing_wp_cron=1753019666.3637619018554687500000 HTTP/1.1" 200 - "-" "WordPress/6.8.2; https://kelaby.company"
216.73.216.255 - - [20/Jul/2025:13:54:26 +0000] "GET /detail/408458249 HTTP/1.1" 404 16414 "-" "Mozilla/5.0 AppleWebKit/537.36 (KHTML, like Gecko; compatible; ClaudeBot/1.0; [email protected])"
216.73.216.255 - - [20/Jul/2025:13:54:29 +0000] "GET /detail/408634484 HTTP/1.1" 404 16415 "-" "Mozilla/5.0 AppleWebKit/537.36 (KHTML, like Gecko; compatible; ClaudeBot/1.0; [email protected])"
216.73.216.255 - - [20/Jul/2025:13:54:32 +0000] "GET /detail/408470980 HTTP/1.1" 404 16414 "-" "Mozilla/5.0 AppleWebKit/537.36 (KHTML, like Gecko; compatible; ClaudeBot/1.0; [email protected])"
216.73.216.255 - - [20/Jul/2025:13:54:35 +0000] "GET /detail/408696229 HTTP/1.1" 404 16415 "-" "Mozilla/5.0 AppleWebKit/537.36 (KHTML, like Gecko; compatible; ClaudeBot/1.0; [email protected])"
66.249.79.230 - - [20/Jul/2025:13:54:37 +0000] "GET /?h=6029044011960&mod=33acaba9&uri=search.php?detail/2628774 HTTP/1.1" 200 20367 "-" "Mozilla/5.0 (Linux; Android 6.0.1; Nexus 5X Build/MMB29P) AppleWebKit/537.36 (KHTML, like Gecko) Chrome/137.0.7151.103 Mobile Safari/537.36 (compatible; Googlebot/2.1; +http://www.google.com/bot.html)"
216.73.216.255 - - [20/Jul/2025:13:54:38 +0000] "GET /detail/408782933 HTTP/1.1" 404 16414 "-" "Mozilla/5.0 AppleWebKit/537.36 (KHTML, like Gecko; compatible; ClaudeBot/1.0; [email protected])"
216.73.216.255 - - [20/Jul/2025:13:54:41 +0000] "GET /detail/408640172 HTTP/1.1" 404 16414 "-" "Mozilla/5.0 AppleWebKit/537.36 (KHTML, like Gecko; compatible; ClaudeBot/1.0; [email protected])"
216.73.216.255 - - [20/Jul/2025:13:54:44 +0000] "GET /detail/408617025 HTTP/1.1" 404 16414 "-" "Mozilla/5.0 AppleWebKit/537.36 (KHTML, like Gecko; compatible; ClaudeBot/1.0; [email protected])"
216.73.216.255 - - [20/Jul/2025:13:54:54 +0000] "GET /detail/408481652 HTTP/1.1" 404 16415 "-" "Mozilla/5.0 AppleWebKit/537.36 (KHTML, like Gecko; compatible; ClaudeBot/1.0; [email protected])"
216.73.216.255 - - [20/Jul/2025:13:54:57 +0000] "GET /detail/408741937 HTTP/1.1" 404 16414 "-" "Mozilla/5.0 AppleWebKit/537.36 (KHTML, like Gecko; compatible; ClaudeBot/1.0; [email protected])"
216.73.216.255 - - [20/Jul/2025:13:55:00 +0000] "GET /detail/408568783 HTTP/1.1" 404 16414 "-" "Mozilla/5.0 AppleWebKit/537.36 (KHTML, like Gecko; compatible; ClaudeBot/1.0; [email protected])"
209.74.77.214 - - [20/Jul/2025:13:55:04 +0000] "POST /wp-cron.php?doing_wp_cron=1753019703.9201529026031494140625 HTTP/1.1" 200 - "-" "WordPress/6.8.2; https://kelaby.company"
216.73.216.255 - - [20/Jul/2025:13:55:03 +0000] "GET /detail/408791752 HTTP/1.1" 404 16414 "-" "Mozilla/5.0 AppleWebKit/537.36 (KHTML, like Gecko; compatible; ClaudeBot/1.0; [email protected])"
66.249.79.232 - - [20/Jul/2025:13:55:05 +0000] "GET /?h=6049704121960&mod=7a7338ef&uri=category-info.php%3Fid%3D202020-347%26name%3Dpull+levis+vert HTTP/1.1" 200 21325 "-" "Mozilla/5.0 (Linux; Android 6.0.1; Nexus 5X Build/MMB29P) AppleWebKit/537.36 (KHTML, like Gecko) Chrome/137.0.7151.103 Mobile Safari/537.36 (compatible; Googlebot/2.1; +http://www.google.com/bot.html)"
66.249.79.234 - - [20/Jul/2025:13:55:05 +0000] "GET /?h=5638292021960&mod=7570fece&uri=category-info.php?detail/2601304 HTTP/1.1" 200 19519 "-" "Mozilla/5.0 (Linux; Android 6.0.1; Nexus 5X Build/MMB29P) AppleWebKit/537.36 (KHTML, like Gecko) Chrome/137.0.7151.103 Mobile Safari/537.36 (compatible; Googlebot/2.1; +http://www.google.com/bot.html)"
216.73.216.255 - - [20/Jul/2025:13:55:06 +0000] "GET /detail/408772730 HTTP/1.1" 404 16414 "-" "Mozilla/5.0 AppleWebKit/537.36 (KHTML, like Gecko; compatible; ClaudeBot/1.0; [email protected])"
66.249.79.234 - - [20/Jul/2025:13:55:08 +0000] "POST /get-message-notify HTTP/1.1" 200 19474 "https://www.kelaby.company/?h=6049704121960&mod=7a7338ef&uri=category-info.php%3Fid%3D202020-347%26name%3Dpull+levis+vert" "Mozilla/5.0 (Linux; Android 6.0.1; Nexus 5X Build/MMB29P) AppleWebKit/537.36 (KHTML, like Gecko) Chrome/137.0.7151.119 Mobile Safari/537.36 (compatible; Googlebot/2.1; +http://www.google.com/bot.html)"
216.73.216.255 - - [20/Jul/2025:13:55:09 +0000] "GET /detail/408878346 HTTP/1.1" 404 16413 "-" "Mozilla/5.0 AppleWebKit/537.36 (KHTML, like Gecko; compatible; ClaudeBot/1.0; [email protected])"
216.73.216.255 - - [20/Jul/2025:13:55:12 +0000] "GET /detail/408483425 HTTP/1.1" 404 16414 "-" "Mozilla/5.0 AppleWebKit/537.36 (KHTML, like Gecko; compatible; ClaudeBot/1.0; [email protected])"
66.249.79.232 - - [20/Jul/2025:13:55:13 +0000] "GET /?h=5638292021960&mod=7570fece&uri=category-info.php?detail/2604263 HTTP/1.1" 200 18998 "-" "Mozilla/5.0 (Linux; Android 6.0.1; Nexus 5X Build/MMB29P) AppleWebKit/537.36 (KHTML, like Gecko) Chrome/137.0.7151.103 Mobile Safari/537.36 (compatible; Googlebot/2.1; +http://www.google.com/bot.html)"
216.73.216.255 - - [20/Jul/2025:13:55:15 +0000] "GET /detail/408518203 HTTP/1.1" 404 16414 "-" "Mozilla/5.0 AppleWebKit/537.36 (KHTML, like Gecko; compatible; ClaudeBot/1.0; [email protected])"
216.73.216.255 - - [20/Jul/2025:13:55:18 +0000] "GET /detail/408835090 HTTP/1.1" 404 16414 "-" "Mozilla/5.0 AppleWebKit/537.36 (KHTML, like Gecko; compatible; ClaudeBot/1.0; [email protected])"
216.73.216.255 - - [20/Jul/2025:13:55:21 +0000] "GET /detail/408720235 HTTP/1.1" 404 16413 "-" "Mozilla/5.0 AppleWebKit/537.36 (KHTML, like Gecko; compatible; ClaudeBot/1.0; [email protected])"
66.249.79.232 - - [20/Jul/2025:13:55:23 +0000] "POST /get-message-notify HTTP/1.1" 200 19474 "https://www.kelaby.company/?h=5638292021960&mod=7570fece&uri=category-info.php?detail/2604263" "Mozilla/5.0 (Linux; Android 6.0.1; Nexus 5X Build/MMB29P) AppleWebKit/537.36 (KHTML, like Gecko) Chrome/137.0.7151.119 Mobile Safari/537.36 (compatible; Googlebot/2.1; +http://www.google.com/bot.html)"
216.73.216.255 - - [20/Jul/2025:13:55:24 +0000] "GET /detail/408861372 HTTP/1.1" 404 16414 "-" "Mozilla/5.0 AppleWebKit/537.36 (KHTML, like Gecko; compatible; ClaudeBot/1.0; [email protected])"
66.249.79.232 - - [20/Jul/2025:13:55:25 +0000] "GET /?h=65578442021960&mod=194cf6c2&uri=blog.php?detail/40417378 HTTP/1.1" 200 19372 "-" "Mozilla/5.0 (Linux; Android 6.0.1; Nexus 5X Build/MMB29P) AppleWebKit/537.36 (KHTML, like Gecko) Chrome/137.0.7151.103 Mobile Safari/537.36 (compatible; Googlebot/2.1; +http://www.google.com/bot.html)"
216.73.216.255 - - [20/Jul/2025:13:55:27 +0000] "GET /detail/408800054 HTTP/1.1" 404 16413 "-" "Mozilla/5.0 AppleWebKit/537.36 (KHTML, like Gecko; compatible; ClaudeBot/1.0; [email protected])"
216.73.216.255 - - [20/Jul/2025:13:55:30 +0000] "GET /detail/408964435 HTTP/1.1" 404 16415 "-" "Mozilla/5.0 AppleWebKit/537.36 (KHTML, like Gecko; compatible; ClaudeBot/1.0; [email protected])"
216.73.216.255 - - [20/Jul/2025:13:55:33 +0000] "GET /detail/408884372 HTTP/1.1" 404 16415 "-" "Mozilla/5.0 AppleWebKit/537.36 (KHTML, like Gecko; compatible; ClaudeBot/1.0; [email protected])"
216.73.216.255 - - [20/Jul/2025:13:55:36 +0000] "GET /detail/117797643 HTTP/1.1" 404 16415 "-" "Mozilla/5.0 AppleWebKit/537.36 (KHTML, like Gecko; compatible; ClaudeBot/1.0; [email protected])"
216.73.216.255 - - [20/Jul/2025:13:55:39 +0000] "GET /detail/408598214 HTTP/1.1" 404 16414 "-" "Mozilla/5.0 AppleWebKit/537.36 (KHTML, like Gecko; compatible; ClaudeBot/1.0; [email protected])"
66.249.79.232 - - [20/Jul/2025:13:55:41 +0000] "GET /?h=6029044011960&mod=33acaba9&uri=search.php?detail/2655168 HTTP/1.1" 200 20766 "-" "Mozilla/5.0 (Linux; Android 6.0.1; Nexus 5X Build/MMB29P) AppleWebKit/537.36 (KHTML, like Gecko) Chrome/137.0.7151.103 Mobile Safari/537.36 (compatible; Googlebot/2.1; +http://www.google.com/bot.html)"
216.73.216.255 - - [20/Jul/2025:13:55:42 +0000] "GET /detail/117852670 HTTP/1.1" 404 16415 "-" "Mozilla/5.0 AppleWebKit/537.36 (KHTML, like Gecko; compatible; ClaudeBot/1.0; [email protected])"
216.73.216.255 - - [20/Jul/2025:13:55:45 +0000] "GET /detail/408925158 HTTP/1.1" 404 16413 "-" "Mozilla/5.0 AppleWebKit/537.36 (KHTML, like Gecko; compatible; ClaudeBot/1.0; [email protected])"
216.73.216.255 - - [20/Jul/2025:13:55:48 +0000] "GET /detail/408517858 HTTP/1.1" 404 16415 "-" "Mozilla/5.0 AppleWebKit/537.36 (KHTML, like Gecko; compatible; ClaudeBot/1.0; [email protected])"
66.249.79.232 - - [20/Jul/2025:13:55:49 +0000] "POST /get-message-notify HTTP/1.1" 200 19474 "https://www.kelaby.company/?h=65578442021960&mod=194cf6c2&uri=blog.php?detail/40417378" "Mozilla/5.0 (Linux; Android 6.0.1; Nexus 5X Build/MMB29P) AppleWebKit/537.36 (KHTML, like Gecko) Chrome/137.0.7151.119 Mobile Safari/537.36 (compatible; Googlebot/2.1; +http://www.google.com/bot.html)"
216.73.216.255 - - [20/Jul/2025:13:55:51 +0000] "GET /detail/408682258 HTTP/1.1" 404 16415 "-" "Mozilla/5.0 AppleWebKit/537.36 (KHTML, like Gecko; compatible; ClaudeBot/1.0; [email protected])"
216.73.216.255 - - [20/Jul/2025:13:55:54 +0000] "GET /detail/408725852 HTTP/1.1" 404 16414 "-" "Mozilla/5.0 AppleWebKit/537.36 (KHTML, like Gecko; compatible; ClaudeBot/1.0; [email protected])"
66.249.79.232 - - [20/Jul/2025:13:55:57 +0000] "GET /?h=65578442021960&mod=194cf6c2&uri=blog.php?detail/40389053 HTTP/1.1" 200 21065 "-" "Mozilla/5.0 (Linux; Android 6.0.1; Nexus 5X Build/MMB29P) AppleWebKit/537.36 (KHTML, like Gecko) Chrome/137.0.7151.103 Mobile Safari/537.36 (compatible; Googlebot/2.1; +http://www.google.com/bot.html)"
216.73.216.255 - - [20/Jul/2025:13:55:57 +0000] "GET /detail/117784583 HTTP/1.1" 404 16415 "-" "Mozilla/5.0 AppleWebKit/537.36 (KHTML, like Gecko; compatible; ClaudeBot/1.0; [email protected])"
66.249.79.234 - - [20/Jul/2025:13:56:13 +0000] "GET /?h=6029044011960&mod=33acaba9&uri=search.php?detail/2627522 HTTP/1.1" 200 19392 "-" "Mozilla/5.0 (Linux; Android 6.0.1; Nexus 5X Build/MMB29P) AppleWebKit/537.36 (KHTML, like Gecko) Chrome/137.0.7151.103 Mobile Safari/537.36 (compatible; Googlebot/2.1; +http://www.google.com/bot.html)"
66.249.79.232 - - [20/Jul/2025:13:56:29 +0000] "GET /?h=6029044011960&mod=33acaba9&uri=search.php?detail/2592552 HTTP/1.1" 200 19662 "-" "Mozilla/5.0 (Linux; Android 6.0.1; Nexus 5X Build/MMB29P) AppleWebKit/537.36 (KHTML, like Gecko) Chrome/137.0.7151.103 Mobile Safari/537.36 (compatible; Googlebot/2.1; +http://www.google.com/bot.html)"
66.249.79.232 - - [20/Jul/2025:13:56:45 +0000] "GET /?h=35413074051960&mod=8c76acf2&uri=pin.php?detail/2634784 HTTP/1.1" 200 19245 "-" "Mozilla/5.0 (Linux; Android 6.0.1; Nexus 5X Build/MMB29P) AppleWebKit/537.36 (KHTML, like Gecko) Chrome/137.0.7151.103 Mobile Safari/537.36 (compatible; Googlebot/2.1; +http://www.google.com/bot.html)"
66.249.79.232 - - [20/Jul/2025:13:56:55 +0000] "POST /get-message-notify HTTP/1.1" 200 19474 "https://www.kelaby.company/?h=6029044011960&mod=33acaba9&uri=search.php?detail/2592552" "Mozilla/5.0 (Linux; Android 6.0.1; Nexus 5X Build/MMB29P) AppleWebKit/537.36 (KHTML, like Gecko) Chrome/137.0.7151.119 Mobile Safari/537.36 (compatible; Googlebot/2.1; +http://www.google.com/bot.html)"
