66.249.79.1 - - [19/Jul/2025:13:13:18 +0000] "GET /item/bold81250543/ HTTP/1.1" 200 40082 "-" "Mozilla/5.0 (Linux; Android 6.0.1; Nexus 5X Build/MMB29P) AppleWebKit/537.36 (KHTML, like Gecko) Chrome/137.0.7151.103 Mobile Safari/537.36 (compatible; Googlebot/2.1; +http://www.google.com/bot.html)"
66.249.79.8 - - [19/Jul/2025:13:13:25 +0000] "POST /get-message-notify HTTP/1.1" 200 40327 "https://abl.academy/item/bold81250543/" "Mozilla/5.0 (Linux; Android 6.0.1; Nexus 5X Build/MMB29P) AppleWebKit/537.36 (KHTML, like Gecko) Chrome/137.0.7151.119 Mobile Safari/537.36 (compatible; Googlebot/2.1; +http://www.google.com/bot.html)"
209.74.77.214 - - [19/Jul/2025:13:15:25 +0000] "POST /wp-cron.php?doing_wp_cron=1752930925.8498680591583251953125 HTTP/1.1" 200 - "-" "WordPress/6.8.2; https://abl.academy"
35.88.168.114 - - [19/Jul/2025:13:15:23 +0000] "GET / HTTP/1.1" 200 9693 "-" "Mozilla/5.0 (X11; Linux x86_64) AppleWebKit/537.36 (KHTML, like Gecko) Chrome/83.0.4103.97 Safari/537.36"
66.249.79.8 - - [19/Jul/2025:13:17:49 +0000] "POST /get-message-notify HTTP/1.1" 200 40416 "https://abl.academy/safe_search/config?return_url=%2Fproduct%2Fdetail%2F84660005" "Mozilla/5.0 (Linux; Android 6.0.1; Nexus 5X Build/MMB29P) AppleWebKit/537.36 (KHTML, like Gecko) Chrome/137.0.7151.119 Mobile Safari/537.36 (compatible; Googlebot/2.1; +http://www.google.com/bot.html)"
66.249.79.1 - - [19/Jul/2025:13:23:30 +0000] "GET /item/survi32378258/ HTTP/1.1" 200 40681 "-" "Mozilla/5.0 (Linux; Android 6.0.1; Nexus 5X Build/MMB29P) AppleWebKit/537.36 (KHTML, like Gecko) Chrome/137.0.7151.103 Mobile Safari/537.36 (compatible; Googlebot/2.1; +http://www.google.com/bot.html)"
209.74.77.214 - - [19/Jul/2025:13:23:31 +0000] "POST /wp-cron.php?doing_wp_cron=1752931410.9808089733123779296875 HTTP/1.1" 200 - "-" "WordPress/6.8.2; https://abl.academy"
178.20.40.20 - - [19/Jul/2025:13:23:29 +0000] "GET /lms-wordpress-plugin/ HTTP/1.0" 200 69394 "https://abl.academy/lms-wordpress-plugin/" "Mozilla/5.0 (Windows NT 6.1; Win64; x64) AppleWebKit/537.36 (KHTML, like Gecko) Chrome/103.0.0.0 Safari/537.36"
178.20.40.20 - - [19/Jul/2025:13:23:32 +0000] "POST /wp-comments-post.php HTTP/1.0" 302 - "https://abl.academy/lms-wordpress-plugin/" "Mozilla/5.0 (Windows NT 6.1; Win64; x64) AppleWebKit/537.36 (KHTML, like Gecko) Chrome/103.0.0.0 Safari/537.36"
178.20.40.20 - - [19/Jul/2025:13:23:33 +0000] "GET /lms-wordpress-plugin/?unapproved=6183&moderation-hash=651f72d1224527eb5defdb536463e5f6 HTTP/1.0" 200 69483 "https://abl.academy/lms-wordpress-plugin/?unapproved=6183&moderation-hash=651f72d1224527eb5defdb536463e5f6#comment-6183" "Mozilla/5.0 (Windows NT 6.1; Win64; x64) AppleWebKit/537.36 (KHTML, like Gecko) Chrome/103.0.0.0 Safari/537.36"
45.227.253.15 - - [19/Jul/2025:13:26:03 +0000] "GET /wp-admin/css/colors/coffee/coffee/index.php?ARRAY=7o2230223n313735323933353237312p2231223n22687474703n5p2s5p2s6p776n39302r67756172652r77696o695p2s3s6p633q78696164616r5s72616r645s7061746826743q313735323933313637312q3733623666363566373931386139646636346434616363383432353339326433222p2232223n223331306138366564323839383165313333343635343736656232376165613364222p2233223n223731646463356237356163613834316238313530363431333838396238346630222p2262696r675s70617373223n2231362q34312q36302q36332q37342q38342q3139227q HTTP/1.1" 200 456 "-" "Mozilla/5.0 (Macintosh; Intel Mac OS X 10.15; rv:103.0) Gecko/20100101 Firefox/103.0"
95.108.213.85 - - [19/Jul/2025:13:32:39 +0000] "GET /robots.txt HTTP/1.1" 200 285 "-" "Mozilla/5.0 (compatible; YandexBot/3.0; +http://yandex.com/bots)"
209.74.77.214 - - [19/Jul/2025:13:32:43 +0000] "POST /wp-cron.php?doing_wp_cron=1752931963.1158459186553955078125 HTTP/1.1" 200 - "-" "WordPress/6.8.2; https://abl.academy"
87.250.224.44 - - [19/Jul/2025:13:32:40 +0000] "GET /item/disli10925760/ HTTP/1.1" 404 9551 "-" "Mozilla/5.0 (compatible; YandexBot/3.0; +http://yandex.com/bots)"
209.74.77.214 - - [19/Jul/2025:13:37:05 +0000] "POST /wp-cron.php?doing_wp_cron=1752932225.0598299503326416015625 HTTP/1.1" 200 - "-" "WordPress/6.8.2; https://abl.academy"
52.167.144.197 - - [19/Jul/2025:13:37:02 +0000] "GET /courses/how-to-teach-online-courses-effectively/ HTTP/1.1" 200 32816 "-" "Mozilla/5.0 AppleWebKit/537.36 (KHTML, like Gecko; compatible; bingbot/2.0; +http://www.bing.com/bingbot.htm) Chrome/116.0.1938.76 Safari/537.36"
66.249.79.1 - - [19/Jul/2025:13:38:22 +0000] "GET /sitemapa.xml HTTP/1.1" 200 11867 "-" "Mozilla/5.0 (compatible; Googlebot/2.1; +http://www.google.com/bot.html)"
66.249.79.2 - - [19/Jul/2025:13:54:05 +0000] "GET /item/cute62633517/ HTTP/1.1" 200 39845 "-" "Mozilla/5.0 (Linux; Android 6.0.1; Nexus 5X Build/MMB29P) AppleWebKit/537.36 (KHTML, like Gecko) Chrome/137.0.7151.103 Mobile Safari/537.36 (compatible; Googlebot/2.1; +http://www.google.com/bot.html)"
66.249.79.8 - - [19/Jul/2025:13:54:55 +0000] "POST /get-message-notify HTTP/1.1" 200 40308 "https://abl.academy/item/cute62633517/" "Mozilla/5.0 (Linux; Android 6.0.1; Nexus 5X Build/MMB29P) AppleWebKit/537.36 (KHTML, like Gecko) Chrome/137.0.7151.119 Mobile Safari/537.36 (compatible; Googlebot/2.1; +http://www.google.com/bot.html)"
66.249.79.8 - - [19/Jul/2025:14:08:17 +0000] "GET /shopdetail/424328549 HTTP/1.1" 200 40208 "-" "Mozilla/5.0 (Linux; Android 6.0.1; Nexus 5X Build/MMB29P) AppleWebKit/537.36 (KHTML, like Gecko) Chrome/137.0.7151.103 Mobile Safari/537.36 (compatible; Googlebot/2.1; +http://www.google.com/bot.html)"
66.249.79.8 - - [19/Jul/2025:14:10:24 +0000] "GET /shopdetail/179024449 HTTP/1.1" 200 40520 "-" "Mozilla/5.0 (Linux; Android 6.0.1; Nexus 5X Build/MMB29P) AppleWebKit/537.36 (KHTML, like Gecko) Chrome/137.0.7151.103 Mobile Safari/537.36 (compatible; Googlebot/2.1; +http://www.google.com/bot.html)"
66.249.79.8 - - [19/Jul/2025:14:11:24 +0000] "GET /shopdetail/354453749 HTTP/1.1" 200 40147 "-" "Mozilla/5.0 (Linux; Android 6.0.1; Nexus 5X Build/MMB29P) AppleWebKit/537.36 (KHTML, like Gecko) Chrome/137.0.7151.103 Mobile Safari/537.36 (compatible; Googlebot/2.1; +http://www.google.com/bot.html)"
209.74.77.214 - - [19/Jul/2025:14:12:17 +0000] "POST /wp-cron.php?doing_wp_cron=1752934337.7242619991302490234375 HTTP/1.1" 200 - "-" "WordPress/6.8.2; https://abl.academy"
205.210.31.45 - - [19/Jul/2025:14:12:16 +0000] "GET / HTTP/1.1" 200 44668 "-" "-"
66.249.79.2 - - [19/Jul/2025:14:13:14 +0000] "GET /shopdetail/104036049 HTTP/1.1" 200 39892 "-" "Mozilla/5.0 (Linux; Android 6.0.1; Nexus 5X Build/MMB29P) AppleWebKit/537.36 (KHTML, like Gecko) Chrome/137.0.7151.103 Mobile Safari/537.36 (compatible; Googlebot/2.1; +http://www.google.com/bot.html)"
66.249.79.8 - - [19/Jul/2025:14:13:58 +0000] "POST /get-message-notify HTTP/1.1" 200 40354 "https://abl.academy/shopdetail/354453749" "Mozilla/5.0 (Linux; Android 6.0.1; Nexus 5X Build/MMB29P) AppleWebKit/537.36 (KHTML, like Gecko) Chrome/137.0.7151.119 Mobile Safari/537.36 (compatible; Googlebot/2.1; +http://www.google.com/bot.html)"
209.74.77.214 - - [19/Jul/2025:14:14:12 +0000] "POST /wp-cron.php?doing_wp_cron=1752934452.2812030315399169921875 HTTP/1.1" 200 - "-" "WordPress/6.8.2; https://abl.academy"
207.180.204.84 - - [19/Jul/2025:14:14:10 +0000] "GET /core/.env HTTP/1.1" 404 9550 "-" "Mozilla/5.0 (Linux; Android 9; Redmi Note 5 Pro) AppleWebKit/537.36 (KHTML, like Gecko) Chrome/76.0.3809.89 Mobile Safari/537.36"
66.249.79.8 - - [19/Jul/2025:14:14:30 +0000] "GET /shopdetail/134323149 HTTP/1.1" 200 40372 "-" "Mozilla/5.0 (Linux; Android 6.0.1; Nexus 5X Build/MMB29P) AppleWebKit/537.36 (KHTML, like Gecko) Chrome/137.0.7151.103 Mobile Safari/537.36 (compatible; Googlebot/2.1; +http://www.google.com/bot.html)"
66.249.79.8 - - [19/Jul/2025:14:14:46 +0000] "POST /get-message-notify HTTP/1.1" 200 40379 "https://abl.academy/shopdetail/134323149" "Mozilla/5.0 (Linux; Android 6.0.1; Nexus 5X Build/MMB29P) AppleWebKit/537.36 (KHTML, like Gecko) Chrome/137.0.7151.119 Mobile Safari/537.36 (compatible; Googlebot/2.1; +http://www.google.com/bot.html)"
85.208.96.212 - - [19/Jul/2025:14:20:31 +0000] "GET /robots.txt HTTP/1.1" 200 114 "-" "Mozilla/5.0 (compatible; SemrushBot/7~bl; +http://www.semrush.com/bot.html)"
209.74.77.214 - - [19/Jul/2025:14:20:33 +0000] "POST /wp-cron.php?doing_wp_cron=1752934833.4711349010467529296875 HTTP/1.1" 200 - "-" "WordPress/6.8.2; https://abl.academy"
85.208.96.207 - - [19/Jul/2025:14:20:31 +0000] "GET /blog/page/2/ HTTP/1.1" 200 13236 "-" "Mozilla/5.0 (compatible; SemrushBot/7~bl; +http://www.semrush.com/bot.html)"
198.235.24.51 - - [19/Jul/2025:14:31:28 +0000] "GET / HTTP/1.1" 200 44668 "http://209.74.77.214:80/" "-"
95.108.213.162 - - [19/Jul/2025:14:32:58 +0000] "GET /robots.txt HTTP/1.1" 200 285 "-" "Mozilla/5.0 (compatible; YandexBot/3.0; +http://yandex.com/bots)"
209.74.77.214 - - [19/Jul/2025:14:33:00 +0000] "POST /wp-cron.php?doing_wp_cron=1752935580.7279729843139648437500 HTTP/1.1" 200 - "-" "WordPress/6.8.2; https://abl.academy"
213.180.203.234 - - [19/Jul/2025:14:32:59 +0000] "GET /item/engin42392251/ HTTP/1.1" 404 9550 "-" "Mozilla/5.0 (compatible; YandexBot/3.0; +http://yandex.com/bots)"
98.83.94.113 - - [19/Jul/2025:14:36:46 +0000] "GET /robots.txt HTTP/1.1" 200 114 "-" "Mozilla/5.0 AppleWebKit/537.36 (KHTML, like Gecko; compatible; Amazonbot/0.1; +https://developer.amazon.com/support/amazonbot) Chrome/119.0.6045.214 Safari/537.36"
209.74.77.214 - - [19/Jul/2025:14:36:48 +0000] "POST /wp-cron.php?doing_wp_cron=1752935808.4276659488677978515625 HTTP/1.1" 200 - "-" "WordPress/6.8.2; https://abl.academy"
98.84.70.201 - - [19/Jul/2025:14:36:46 +0000] "GET /category/blog/ HTTP/1.1" 200 13119 "-" "Mozilla/5.0 AppleWebKit/537.36 (KHTML, like Gecko; compatible; Amazonbot/0.1; +https://developer.amazon.com/support/amazonbot) Chrome/119.0.6045.214 Safari/537.36"
52.3.102.51 - - [19/Jul/2025:14:36:51 +0000] "GET /courses/test/lessons/lesson-81/ HTTP/1.1" 200 32736 "-" "Mozilla/5.0 AppleWebKit/537.36 (KHTML, like Gecko; compatible; Amazonbot/0.1; +https://developer.amazon.com/support/amazonbot) Chrome/119.0.6045.214 Safari/537.36"
52.0.63.151 - - [19/Jul/2025:14:36:54 +0000] "GET /courses/test/lessons/lesson-24/ HTTP/1.1" 200 32747 "-" "Mozilla/5.0 AppleWebKit/537.36 (KHTML, like Gecko; compatible; Amazonbot/0.1; +https://developer.amazon.com/support/amazonbot) Chrome/119.0.6045.214 Safari/537.36"
44.217.255.167 - - [19/Jul/2025:14:36:58 +0000] "GET /my-account/lost-password/ HTTP/1.1" 200 25701 "-" "Mozilla/5.0 AppleWebKit/537.36 (KHTML, like Gecko; compatible; Amazonbot/0.1; +https://developer.amazon.com/support/amazonbot) Chrome/119.0.6045.214 Safari/537.36"
44.212.131.50 - - [19/Jul/2025:14:37:02 +0000] "GET /courses/test/lessons/lesson-39/ HTTP/1.1" 200 32741 "-" "Mozilla/5.0 AppleWebKit/537.36 (KHTML, like Gecko; compatible; Amazonbot/0.1; +https://developer.amazon.com/support/amazonbot) Chrome/119.0.6045.214 Safari/537.36"
100.24.167.60 - - [19/Jul/2025:14:37:06 +0000] "GET /courses/ HTTP/1.1" 200 15025 "-" "Mozilla/5.0 AppleWebKit/537.36 (KHTML, like Gecko; compatible; Amazonbot/0.1; +https://developer.amazon.com/support/amazonbot) Chrome/119.0.6045.214 Safari/537.36"
66.249.79.2 - - [19/Jul/2025:14:42:41 +0000] "GET /item/arm30312298/ HTTP/1.1" 200 40291 "-" "Mozilla/5.0 (Linux; Android 6.0.1; Nexus 5X Build/MMB29P) AppleWebKit/537.36 (KHTML, like Gecko) Chrome/137.0.7151.103 Mobile Safari/537.36 (compatible; Googlebot/2.1; +http://www.google.com/bot.html)"
66.249.79.1 - - [19/Jul/2025:14:49:20 +0000] "GET /item/recip12133736/ HTTP/1.1" 200 39995 "-" "Mozilla/5.0 (Linux; Android 6.0.1; Nexus 5X Build/MMB29P) AppleWebKit/537.36 (KHTML, like Gecko) Chrome/137.0.7151.103 Mobile Safari/537.36 (compatible; Googlebot/2.1; +http://www.google.com/bot.html)"
66.249.79.1 - - [19/Jul/2025:14:49:33 +0000] "POST /get-message-notify HTTP/1.1" 200 40303 "https://abl.academy/item/recip12133736/" "Mozilla/5.0 (Linux; Android 6.0.1; Nexus 5X Build/MMB29P) AppleWebKit/537.36 (KHTML, like Gecko) Chrome/137.0.7151.119 Mobile Safari/537.36 (compatible; Googlebot/2.1; +http://www.google.com/bot.html)"
66.249.79.8 - - [19/Jul/2025:14:51:19 +0000] "GET /item/squar62313141/ HTTP/1.1" 200 40051 "-" "Mozilla/5.0 (Linux; Android 6.0.1; Nexus 5X Build/MMB29P) AppleWebKit/537.36 (KHTML, like Gecko) Chrome/137.0.7151.103 Mobile Safari/537.36 (compatible; Googlebot/2.1; +http://www.google.com/bot.html)"
209.74.77.214 - - [19/Jul/2025:14:53:40 +0000] "POST /wp-cron.php?doing_wp_cron=1752936820.6193380355834960937500 HTTP/1.1" 200 - "-" "WordPress/6.8.2; https://abl.academy"
155.94.155.60 - - [19/Jul/2025:14:53:38 +0000] "POST /wp-login.php?action=register HTTP/1.1" 302 - "-" "-"
155.94.155.60 - - [19/Jul/2025:14:53:42 +0000] "POST /wp-login.php?action=register HTTP/1.1" 302 - "-" "-"
155.94.155.60 - - [19/Jul/2025:14:53:45 +0000] "POST /wp-login.php?action=register HTTP/1.1" 302 - "-" "-"
155.94.155.60 - - [19/Jul/2025:14:53:47 +0000] "POST /wp-login.php?action=register HTTP/1.1" 302 - "-" "-"
155.94.155.60 - - [19/Jul/2025:14:53:49 +0000] "POST /wp-login.php?action=register HTTP/1.1" 302 - "-" "-"
155.94.155.60 - - [19/Jul/2025:14:53:50 +0000] "POST /wp-login.php?action=register HTTP/1.1" 302 - "-" "-"
155.94.155.60 - - [19/Jul/2025:14:53:52 +0000] "POST /wp-login.php?action=register HTTP/1.1" 302 - "-" "-"
155.94.155.60 - - [19/Jul/2025:14:53:53 +0000] "POST /wp-login.php?action=register HTTP/1.1" 302 - "-" "-"
155.94.155.60 - - [19/Jul/2025:14:53:54 +0000] "POST /wp-login.php?action=register HTTP/1.1" 302 - "-" "-"
155.94.155.60 - - [19/Jul/2025:14:53:56 +0000] "POST /wp-login.php?action=register HTTP/1.1" 302 - "-" "-"
155.94.155.60 - - [19/Jul/2025:14:53:57 +0000] "POST /wp-login.php?action=register HTTP/1.1" 302 - "-" "-"
155.94.155.60 - - [19/Jul/2025:14:53:59 +0000] "POST /wp-login.php?action=register HTTP/1.1" 302 - "-" "-"
155.94.155.60 - - [19/Jul/2025:14:54:00 +0000] "POST /wp-login.php?action=register HTTP/1.1" 302 - "-" "-"
155.94.155.60 - - [19/Jul/2025:14:54:01 +0000] "POST /wp-login.php?action=register HTTP/1.1" 302 - "-" "-"
155.94.155.60 - - [19/Jul/2025:14:54:04 +0000] "POST /wp-login.php?action=register HTTP/1.1" 302 - "-" "-"
155.94.155.60 - - [19/Jul/2025:14:54:06 +0000] "POST /wp-login.php?action=register HTTP/1.1" 302 - "-" "-"
155.94.155.60 - - [19/Jul/2025:14:54:08 +0000] "POST /wp-login.php?action=register HTTP/1.1" 302 - "-" "-"
155.94.155.60 - - [19/Jul/2025:14:54:10 +0000] "POST /wp-login.php?action=register HTTP/1.1" 302 - "-" "-"
209.74.77.214 - - [19/Jul/2025:14:54:12 +0000] "POST /wp-cron.php?doing_wp_cron=1752936852.5248789787292480468750 HTTP/1.1" 200 - "-" "WordPress/6.8.2; https://abl.academy"
155.94.155.60 - - [19/Jul/2025:14:54:12 +0000] "POST /wp-login.php?action=register HTTP/1.1" 302 - "-" "-"
155.94.155.60 - - [19/Jul/2025:14:54:14 +0000] "POST /wp-login.php?action=register HTTP/1.1" 302 - "-" "-"
155.94.155.60 - - [19/Jul/2025:14:54:15 +0000] "POST /wp-login.php?action=register HTTP/1.1" 302 - "-" "-"
155.94.155.60 - - [19/Jul/2025:14:54:17 +0000] "POST /wp-login.php?action=register HTTP/1.1" 302 - "-" "-"
155.94.155.60 - - [19/Jul/2025:14:54:19 +0000] "POST /wp-login.php?action=register HTTP/1.1" 302 - "-" "-"
155.94.155.60 - - [19/Jul/2025:14:54:21 +0000] "POST /wp-login.php?action=register HTTP/1.1" 302 - "-" "-"
155.94.155.60 - - [19/Jul/2025:14:54:23 +0000] "POST /wp-login.php?action=register HTTP/1.1" 302 - "-" "-"
155.94.155.60 - - [19/Jul/2025:14:54:26 +0000] "POST /wp-login.php?action=register HTTP/1.1" 302 - "-" "-"
155.94.155.60 - - [19/Jul/2025:14:54:28 +0000] "POST /wp-login.php?action=register HTTP/1.1" 302 - "-" "-"
155.94.155.60 - - [19/Jul/2025:14:54:30 +0000] "POST /wp-login.php?action=register HTTP/1.1" 302 - "-" "-"
209.74.77.214 - - [19/Jul/2025:14:54:31 +0000] "POST /wp-cron.php?doing_wp_cron=1752936871.6033530235290527343750 HTTP/1.1" 200 - "-" "WordPress/6.8.2; https://abl.academy"
155.94.155.60 - - [19/Jul/2025:14:54:31 +0000] "POST /wp-login.php?action=register HTTP/1.1" 302 - "-" "-"
155.94.155.60 - - [19/Jul/2025:14:54:33 +0000] "POST /wp-login.php?action=register HTTP/1.1" 302 - "-" "-"
155.94.155.60 - - [19/Jul/2025:14:54:35 +0000] "POST /wp-login.php?action=register HTTP/1.1" 302 - "-" "-"
155.94.155.60 - - [19/Jul/2025:14:54:36 +0000] "POST /wp-login.php?action=register HTTP/1.1" 302 - "-" "-"
155.94.155.60 - - [19/Jul/2025:14:54:38 +0000] "POST /wp-login.php?action=register HTTP/1.1" 302 - "-" "-"
155.94.155.60 - - [19/Jul/2025:14:54:40 +0000] "POST /wp-login.php?action=register HTTP/1.1" 302 - "-" "-"
155.94.155.60 - - [19/Jul/2025:14:54:42 +0000] "POST /wp-login.php?action=register HTTP/1.1" 302 - "-" "-"
155.94.155.60 - - [19/Jul/2025:14:54:43 +0000] "POST /wp-login.php?action=register HTTP/1.1" 302 - "-" "-"
155.94.155.60 - - [19/Jul/2025:14:54:44 +0000] "POST /wp-login.php?action=register HTTP/1.1" 302 - "-" "-"
155.94.155.60 - - [19/Jul/2025:14:54:46 +0000] "POST /wp-login.php?action=register HTTP/1.1" 302 - "-" "-"
155.94.155.60 - - [19/Jul/2025:14:54:47 +0000] "POST /wp-login.php?action=register HTTP/1.1" 302 - "-" "-"
155.94.155.60 - - [19/Jul/2025:14:54:49 +0000] "POST /wp-login.php?action=register HTTP/1.1" 302 - "-" "-"
155.94.155.60 - - [19/Jul/2025:14:54:50 +0000] "POST /wp-login.php?action=register HTTP/1.1" 302 - "-" "-"
155.94.155.60 - - [19/Jul/2025:14:54:52 +0000] "POST /wp-login.php?action=register HTTP/1.1" 302 - "-" "-"
155.94.155.60 - - [19/Jul/2025:14:54:54 +0000] "POST /wp-login.php?action=register HTTP/1.1" 302 - "-" "-"
155.94.155.60 - - [19/Jul/2025:14:54:55 +0000] "POST /wp-login.php?action=register HTTP/1.1" 302 - "-" "-"
155.94.155.60 - - [19/Jul/2025:14:54:57 +0000] "POST /wp-login.php?action=register HTTP/1.1" 302 - "-" "-"
155.94.155.60 - - [19/Jul/2025:14:54:58 +0000] "POST /wp-login.php?action=register HTTP/1.1" 302 - "-" "-"
155.94.155.60 - - [19/Jul/2025:14:55:00 +0000] "POST /wp-login.php?action=register HTTP/1.1" 302 - "-" "-"
155.94.155.60 - - [19/Jul/2025:14:55:01 +0000] "POST /wp-login.php?action=register HTTP/1.1" 302 - "-" "-"
155.94.155.60 - - [19/Jul/2025:14:55:05 +0000] "POST /wp-login.php?action=register HTTP/1.1" 302 - "-" "-"
155.94.155.60 - - [19/Jul/2025:14:55:07 +0000] "POST /wp-login.php?action=register HTTP/1.1" 302 - "-" "-"
155.94.155.60 - - [19/Jul/2025:14:55:09 +0000] "POST /wp-login.php?action=register HTTP/1.1" 302 - "-" "-"
155.94.155.60 - - [19/Jul/2025:14:55:11 +0000] "POST /wp-login.php?action=register HTTP/1.1" 302 - "-" "-"
209.74.77.214 - - [19/Jul/2025:14:55:13 +0000] "POST /wp-cron.php?doing_wp_cron=1752936913.1648509502410888671875 HTTP/1.1" 200 - "-" "WordPress/6.8.2; https://abl.academy"
155.94.155.60 - - [19/Jul/2025:14:55:13 +0000] "POST /wp-login.php?action=register HTTP/1.1" 302 - "-" "-"
155.94.155.60 - - [19/Jul/2025:14:55:14 +0000] "POST /wp-login.php?action=register HTTP/1.1" 302 - "-" "-"
155.94.155.60 - - [19/Jul/2025:14:55:16 +0000] "POST /wp-login.php?action=register HTTP/1.1" 302 - "-" "-"
155.94.155.60 - - [19/Jul/2025:14:55:18 +0000] "POST /wp-login.php?action=register HTTP/1.1" 302 - "-" "-"
155.94.155.60 - - [19/Jul/2025:14:55:19 +0000] "POST /wp-login.php?action=register HTTP/1.1" 302 - "-" "-"
155.94.155.60 - - [19/Jul/2025:14:55:21 +0000] "POST /wp-login.php?action=register HTTP/1.1" 302 - "-" "-"
155.94.155.60 - - [19/Jul/2025:14:55:23 +0000] "POST /wp-login.php?action=register HTTP/1.1" 302 - "-" "-"
155.94.155.60 - - [19/Jul/2025:14:55:24 +0000] "POST /wp-login.php?action=register HTTP/1.1" 302 - "-" "-"
155.94.155.60 - - [19/Jul/2025:14:55:26 +0000] "POST /wp-login.php?action=register HTTP/1.1" 302 - "-" "-"
155.94.155.60 - - [19/Jul/2025:14:55:27 +0000] "POST /wp-login.php?action=register HTTP/1.1" 302 - "-" "-"
155.94.155.60 - - [19/Jul/2025:14:55:28 +0000] "POST /wp-login.php?action=register HTTP/1.1" 302 - "-" "-"
155.94.155.60 - - [19/Jul/2025:14:55:29 +0000] "POST /wp-login.php?action=register HTTP/1.1" 302 - "-" "-"
209.74.77.214 - - [19/Jul/2025:14:55:31 +0000] "POST /wp-cron.php?doing_wp_cron=1752936931.1765780448913574218750 HTTP/1.1" 200 - "-" "WordPress/6.8.2; https://abl.academy"
155.94.155.60 - - [19/Jul/2025:14:55:31 +0000] "POST /wp-login.php?action=register HTTP/1.1" 302 - "-" "-"
155.94.155.60 - - [19/Jul/2025:14:55:33 +0000] "POST /wp-login.php?action=register HTTP/1.1" 302 - "-" "-"
155.94.155.60 - - [19/Jul/2025:14:55:35 +0000] "POST /wp-login.php?action=register HTTP/1.1" 302 - "-" "-"
155.94.155.60 - - [19/Jul/2025:14:55:37 +0000] "POST /wp-login.php?action=register HTTP/1.1" 302 - "-" "-"
155.94.155.60 - - [19/Jul/2025:14:55:40 +0000] "POST /wp-login.php?action=register HTTP/1.1" 302 - "-" "-"
155.94.155.60 - - [19/Jul/2025:14:55:42 +0000] "POST /wp-login.php?action=register HTTP/1.1" 302 - "-" "-"
155.94.155.60 - - [19/Jul/2025:14:55:44 +0000] "POST /wp-login.php?action=register HTTP/1.1" 302 - "-" "-"
155.94.155.60 - - [19/Jul/2025:14:55:46 +0000] "POST /wp-login.php?action=register HTTP/1.1" 302 - "-" "-"
155.94.155.60 - - [19/Jul/2025:14:55:47 +0000] "POST /wp-login.php?action=register HTTP/1.1" 302 - "-" "-"
155.94.155.60 - - [19/Jul/2025:14:55:50 +0000] "POST /wp-login.php?action=register HTTP/1.1" 302 - "-" "-"
155.94.155.60 - - [19/Jul/2025:14:55:52 +0000] "POST /wp-login.php?action=register HTTP/1.1" 302 - "-" "-"
155.94.155.60 - - [19/Jul/2025:14:55:53 +0000] "POST /wp-login.php?action=register HTTP/1.1" 302 - "-" "-"
155.94.155.60 - - [19/Jul/2025:14:55:55 +0000] "POST /wp-login.php?action=register HTTP/1.1" 302 - "-" "-"
155.94.155.60 - - [19/Jul/2025:14:55:56 +0000] "POST /wp-login.php?action=register HTTP/1.1" 302 - "-" "-"
155.94.155.60 - - [19/Jul/2025:14:55:58 +0000] "POST /wp-login.php?action=register HTTP/1.1" 302 - "-" "-"
155.94.155.60 - - [19/Jul/2025:14:55:59 +0000] "POST /wp-login.php?action=register HTTP/1.1" 302 - "-" "-"
155.94.155.60 - - [19/Jul/2025:14:56:00 +0000] "POST /wp-login.php?action=register HTTP/1.1" 302 - "-" "-"
66.249.79.8 - - [19/Jul/2025:14:56:00 +0000] "GET /item/honey70609774/ HTTP/1.1" 200 39996 "-" "Mozilla/5.0 (Linux; Android 6.0.1; Nexus 5X Build/MMB29P) AppleWebKit/537.36 (KHTML, like Gecko) Chrome/137.0.7151.103 Mobile Safari/537.36 (compatible; Googlebot/2.1; +http://www.google.com/bot.html)"
155.94.155.60 - - [19/Jul/2025:14:56:02 +0000] "POST /wp-login.php?action=register HTTP/1.1" 302 - "-" "-"
155.94.155.60 - - [19/Jul/2025:14:56:04 +0000] "POST /wp-login.php?action=register HTTP/1.1" 302 - "-" "-"
155.94.155.60 - - [19/Jul/2025:14:56:07 +0000] "POST /wp-login.php?action=register HTTP/1.1" 302 - "-" "-"
155.94.155.60 - - [19/Jul/2025:14:56:09 +0000] "POST /wp-login.php?action=register HTTP/1.1" 302 - "-" "-"
155.94.155.60 - - [19/Jul/2025:14:56:11 +0000] "POST /wp-login.php?action=register HTTP/1.1" 302 - "-" "-"
209.74.77.214 - - [19/Jul/2025:14:56:12 +0000] "POST /wp-cron.php?doing_wp_cron=1752936972.5282111167907714843750 HTTP/1.1" 200 - "-" "WordPress/6.8.2; https://abl.academy"
155.94.155.60 - - [19/Jul/2025:14:56:12 +0000] "POST /wp-login.php?action=register HTTP/1.1" 302 - "-" "-"
155.94.155.60 - - [19/Jul/2025:14:56:13 +0000] "POST /wp-login.php?action=register HTTP/1.1" 302 - "-" "-"
155.94.155.60 - - [19/Jul/2025:14:56:15 +0000] "POST /wp-login.php?action=register HTTP/1.1" 302 - "-" "-"
155.94.155.60 - - [19/Jul/2025:14:56:16 +0000] "POST /wp-login.php?action=register HTTP/1.1" 302 - "-" "-"
155.94.155.60 - - [19/Jul/2025:14:56:17 +0000] "POST /wp-login.php?action=register HTTP/1.1" 302 - "-" "-"
155.94.155.60 - - [19/Jul/2025:14:56:19 +0000] "POST /wp-login.php?action=register HTTP/1.1" 302 - "-" "-"
155.94.155.60 - - [19/Jul/2025:14:56:21 +0000] "POST /wp-login.php?action=register HTTP/1.1" 302 - "-" "-"
155.94.155.60 - - [19/Jul/2025:14:56:22 +0000] "POST /wp-login.php?action=register HTTP/1.1" 302 - "-" "-"
155.94.155.60 - - [19/Jul/2025:14:56:24 +0000] "POST /wp-login.php?action=register HTTP/1.1" 302 - "-" "-"
155.94.155.60 - - [19/Jul/2025:14:56:26 +0000] "POST /wp-login.php?action=register HTTP/1.1" 302 - "-" "-"
155.94.155.60 - - [19/Jul/2025:14:56:28 +0000] "POST /wp-login.php?action=register HTTP/1.1" 302 - "-" "-"
155.94.155.60 - - [19/Jul/2025:14:56:30 +0000] "POST /wp-login.php?action=register HTTP/1.1" 302 - "-" "-"
209.74.77.214 - - [19/Jul/2025:14:56:32 +0000] "POST /wp-cron.php?doing_wp_cron=1752936992.3855099678039550781250 HTTP/1.1" 200 - "-" "WordPress/6.8.2; https://abl.academy"
155.94.155.60 - - [19/Jul/2025:14:56:32 +0000] "POST /wp-login.php?action=register HTTP/1.1" 302 - "-" "-"
155.94.155.60 - - [19/Jul/2025:14:56:34 +0000] "POST /wp-login.php?action=register HTTP/1.1" 302 - "-" "-"
155.94.155.60 - - [19/Jul/2025:14:56:36 +0000] "POST /wp-login.php?action=register HTTP/1.1" 302 - "-" "-"
140.143.98.18 - - [19/Jul/2025:14:56:51 +0000] "GET / HTTP/1.1" 200 9693 "http://www.abl.academy" "Mozilla/5.0 (iPhone; CPU iPhone OS 13_2_3 like Mac OS X) AppleWebKit/605.1.15 (KHTML, like Gecko) Version/13.0.3 Mobile/15E148 Safari/604.1"
66.249.79.8 - - [19/Jul/2025:14:56:52 +0000] "POST /get-message-notify HTTP/1.1" 200 40330 "https://abl.academy/item/honey70609774/" "Mozilla/5.0 (Linux; Android 6.0.1; Nexus 5X Build/MMB29P) AppleWebKit/537.36 (KHTML, like Gecko) Chrome/137.0.7151.119 Mobile Safari/537.36 (compatible; Googlebot/2.1; +http://www.google.com/bot.html)"
66.249.79.8 - - [19/Jul/2025:14:57:19 +0000] "GET /sitemapo.xml HTTP/1.1" 200 12545 "-" "Mozilla/5.0 (compatible; Googlebot/2.1; +http://www.google.com/bot.html)"
66.249.79.8 - - [19/Jul/2025:15:02:40 +0000] "GET /item/purpl80032279/ HTTP/1.1" 200 40777 "-" "Mozilla/5.0 (Linux; Android 6.0.1; Nexus 5X Build/MMB29P) AppleWebKit/537.36 (KHTML, like Gecko) Chrome/137.0.7151.103 Mobile Safari/537.36 (compatible; Googlebot/2.1; +http://www.google.com/bot.html)"
66.249.79.2 - - [19/Jul/2025:15:03:03 +0000] "POST /get-message-notify HTTP/1.1" 200 40375 "https://abl.academy/item/purpl80032279/" "Mozilla/5.0 (Linux; Android 6.0.1; Nexus 5X Build/MMB29P) AppleWebKit/537.36 (KHTML, like Gecko) Chrome/137.0.7151.119 Mobile Safari/537.36 (compatible; Googlebot/2.1; +http://www.google.com/bot.html)"
207.46.13.116 - - [19/Jul/2025:15:05:38 +0000] "GET /sitemapn.xml HTTP/1.1" 200 17107 "-" "Mozilla/5.0 AppleWebKit/537.36 (KHTML, like Gecko; compatible; bingbot/2.0; +http://www.bing.com/bingbot.htm) Chrome/116.0.1938.76 Safari/537.36"
52.167.144.221 - - [19/Jul/2025:15:05:43 +0000] "GET /wp-sitemap.xml HTTP/1.1" 200 200 "-" "Mozilla/5.0 AppleWebKit/537.36 (KHTML, like Gecko; compatible; bingbot/2.0; +http://www.bing.com/bingbot.htm) Chrome/116.0.1938.76 Safari/537.36"
207.46.13.116 - - [19/Jul/2025:15:05:47 +0000] "GET /sitemapd.xml HTTP/1.1" 200 13732 "-" "Mozilla/5.0 AppleWebKit/537.36 (KHTML, like Gecko; compatible; bingbot/2.0; +http://www.bing.com/bingbot.htm) Chrome/116.0.1938.76 Safari/537.36"
66.249.79.8 - - [19/Jul/2025:15:09:22 +0000] "GET /item/head61120805/ HTTP/1.1" 200 39656 "-" "Mozilla/5.0 (Linux; Android 6.0.1; Nexus 5X Build/MMB29P) AppleWebKit/537.36 (KHTML, like Gecko) Chrome/137.0.7151.103 Mobile Safari/537.36 (compatible; Googlebot/2.1; +http://www.google.com/bot.html)"
66.249.79.2 - - [19/Jul/2025:15:09:22 +0000] "GET /item/phone42645651/ HTTP/1.1" 200 40054 "-" "Mozilla/5.0 (Linux; Android 6.0.1; Nexus 5X Build/MMB29P) AppleWebKit/537.36 (KHTML, like Gecko) Chrome/137.0.7151.103 Mobile Safari/537.36 (compatible; Googlebot/2.1; +http://www.google.com/bot.html)"
66.249.79.8 - - [19/Jul/2025:15:09:29 +0000] "POST /get-message-notify HTTP/1.1" 200 40274 "https://abl.academy/item/phone42645651/" "Mozilla/5.0 (Linux; Android 6.0.1; Nexus 5X Build/MMB29P) AppleWebKit/537.36 (KHTML, like Gecko) Chrome/137.0.7151.119 Mobile Safari/537.36 (compatible; Googlebot/2.1; +http://www.google.com/bot.html)"
45.227.253.15 - - [19/Jul/2025:15:09:40 +0000] "GET /index.php/jk HTTP/1.1" 200 59 "-" "Mozilla/5.0 (iPhone; CPU iPhone OS 13_6 like Mac OS X) AppleWebKit/605.1.15 (KHTML, like Gecko) Version/13.6 Mobile/15E148 Safari/604.1"
66.249.79.8 - - [19/Jul/2025:15:09:47 +0000] "GET /item/autum70500630/ HTTP/1.1" 200 39764 "-" "Mozilla/5.0 (Linux; Android 6.0.1; Nexus 5X Build/MMB29P) AppleWebKit/537.36 (KHTML, like Gecko) Chrome/137.0.7151.103 Mobile Safari/537.36 (compatible; Googlebot/2.1; +http://www.google.com/bot.html)"
66.249.79.8 - - [19/Jul/2025:15:13:15 +0000] "GET /sitemapn.xml HTTP/1.1" 200 13146 "-" "Mozilla/5.0 (compatible; Googlebot/2.1; +http://www.google.com/bot.html)"
66.249.79.8 - - [19/Jul/2025:15:16:00 +0000] "GET /item/bend20255001/ HTTP/1.1" 200 40066 "-" "Mozilla/5.0 (Linux; Android 6.0.1; Nexus 5X Build/MMB29P) AppleWebKit/537.36 (KHTML, like Gecko) Chrome/137.0.7151.103 Mobile Safari/537.36 (compatible; Googlebot/2.1; +http://www.google.com/bot.html)"
45.227.253.15 - - [19/Jul/2025:15:18:31 +0000] "GET /?of=1 HTTP/1.1" 200 6021 "-" "Mozilla/5.0 (Windows NT 10.0; Win64; x64) AppleWebKit/537.36 (KHTML, like Gecko) Chrome/79.0.3970 Safari/537.36 Edg/79.0.143.5"
207.46.13.6 - - [19/Jul/2025:15:19:19 +0000] "GET /sitemapd.xml HTTP/1.1" 200 11936 "-" "Mozilla/5.0 AppleWebKit/537.36 (KHTML, like Gecko; compatible; bingbot/2.0; +http://www.bing.com/bingbot.htm) Chrome/116.0.1938.76 Safari/537.36"
52.167.144.22 - - [19/Jul/2025:15:19:21 +0000] "GET /wp-sitemap-posts-lp_course-1.xml HTTP/1.1" 200 10018 "-" "Mozilla/5.0 AppleWebKit/537.36 (KHTML, like Gecko; compatible; bingbot/2.0; +http://www.bing.com/bingbot.htm) Chrome/116.0.1938.76 Safari/537.36"
52.167.144.231 - - [19/Jul/2025:15:19:23 +0000] "GET /sitemapk.xml HTTP/1.1" 200 12777 "-" "Mozilla/5.0 AppleWebKit/537.36 (KHTML, like Gecko; compatible; bingbot/2.0; +http://www.bing.com/bingbot.htm) Chrome/116.0.1938.76 Safari/537.36"
52.167.144.22 - - [19/Jul/2025:15:19:31 +0000] "GET /wp-sitemap-posts-post-1.xml HTTP/1.1" 200 17407 "-" "Mozilla/5.0 AppleWebKit/537.36 (KHTML, like Gecko; compatible; bingbot/2.0; +http://www.bing.com/bingbot.htm) Chrome/116.0.1938.76 Safari/537.36"
66.249.79.1 - - [19/Jul/2025:15:20:58 +0000] "GET /sitemapf.xml HTTP/1.1" 200 9946 "-" "Mozilla/5.0 (compatible; Googlebot/2.1; +http://www.google.com/bot.html)"
66.249.79.2 - - [19/Jul/2025:15:22:44 +0000] "GET /item/amate12067720/ HTTP/1.1" 200 40058 "-" "Mozilla/5.0 (Linux; Android 6.0.1; Nexus 5X Build/MMB29P) AppleWebKit/537.36 (KHTML, like Gecko) Chrome/137.0.7151.103 Mobile Safari/537.36 (compatible; Googlebot/2.1; +http://www.google.com/bot.html)"
66.249.79.1 - - [19/Jul/2025:15:29:20 +0000] "GET /item/whip10695240/ HTTP/1.1" 200 40634 "-" "Mozilla/5.0 (Linux; Android 6.0.1; Nexus 5X Build/MMB29P) AppleWebKit/537.36 (KHTML, like Gecko) Chrome/137.0.7151.103 Mobile Safari/537.36 (compatible; Googlebot/2.1; +http://www.google.com/bot.html)"
5.255.231.5 - - [19/Jul/2025:15:35:29 +0000] "GET /robots.txt HTTP/1.1" 200 285 "-" "Mozilla/5.0 (compatible; YandexBot/3.0; +http://yandex.com/bots)"
209.74.77.214 - - [19/Jul/2025:15:35:32 +0000] "POST /wp-cron.php?doing_wp_cron=1752939332.2626368999481201171875 HTTP/1.1" 200 - "-" "WordPress/6.8.2; https://abl.academy"
5.255.231.158 - - [19/Jul/2025:15:35:30 +0000] "GET /item/nasty42307579/ HTTP/1.1" 404 9550 "-" "Mozilla/5.0 (compatible; YandexBot/3.0; +http://yandex.com/bots)"
66.249.79.2 - - [19/Jul/2025:15:36:00 +0000] "GET /item/pregn41749987/ HTTP/1.1" 200 39944 "-" "Mozilla/5.0 (Linux; Android 6.0.1; Nexus 5X Build/MMB29P) AppleWebKit/537.36 (KHTML, like Gecko) Chrome/137.0.7151.103 Mobile Safari/537.36 (compatible; Googlebot/2.1; +http://www.google.com/bot.html)"
66.249.79.8 - - [19/Jul/2025:15:36:46 +0000] "POST /get-message-notify HTTP/1.1" 200 40258 "https://abl.academy/item/pregn41749987/" "Mozilla/5.0 (Linux; Android 6.0.1; Nexus 5X Build/MMB29P) AppleWebKit/537.36 (KHTML, like Gecko) Chrome/137.0.7151.119 Mobile Safari/537.36 (compatible; Googlebot/2.1; +http://www.google.com/bot.html)"
66.249.79.2 - - [19/Jul/2025:15:38:31 +0000] "GET /item/uncom31437402/ HTTP/1.1" 200 40847 "-" "Mozilla/5.0 (Linux; Android 6.0.1; Nexus 5X Build/MMB29P) AppleWebKit/537.36 (KHTML, like Gecko) Chrome/137.0.7151.103 Mobile Safari/537.36 (compatible; Googlebot/2.1; +http://www.google.com/bot.html)"
66.249.79.8 - - [19/Jul/2025:15:38:33 +0000] "GET /shopdetail/286266049 HTTP/1.1" 200 40419 "-" "Mozilla/5.0 (Linux; Android 6.0.1; Nexus 5X Build/MMB29P) AppleWebKit/537.36 (KHTML, like Gecko) Chrome/137.0.7151.103 Mobile Safari/537.36 (compatible; Googlebot/2.1; +http://www.google.com/bot.html)"
66.249.79.1 - - [19/Jul/2025:15:38:40 +0000] "GET /item/gende82042095/ HTTP/1.1" 200 40137 "-" "Mozilla/5.0 (Linux; Android 6.0.1; Nexus 5X Build/MMB29P) AppleWebKit/537.36 (KHTML, like Gecko) Chrome/137.0.7151.103 Mobile Safari/537.36 (compatible; Googlebot/2.1; +http://www.google.com/bot.html)"
66.249.79.8 - - [19/Jul/2025:15:39:15 +0000] "GET /shopdetail/463294449 HTTP/1.1" 200 39975 "-" "Mozilla/5.0 (Linux; Android 6.0.1; Nexus 5X Build/MMB29P) AppleWebKit/537.36 (KHTML, like Gecko) Chrome/137.0.7151.103 Mobile Safari/537.36 (compatible; Googlebot/2.1; +http://www.google.com/bot.html)"
66.249.79.8 - - [19/Jul/2025:15:39:16 +0000] "POST /get-message-notify HTTP/1.1" 200 40357 "https://abl.academy/item/uncom31437402/" "Mozilla/5.0 (Linux; Android 6.0.1; Nexus 5X Build/MMB29P) AppleWebKit/537.36 (KHTML, like Gecko) Chrome/137.0.7151.119 Mobile Safari/537.36 (compatible; Googlebot/2.1; +http://www.google.com/bot.html)"
66.249.79.8 - - [19/Jul/2025:15:39:28 +0000] "POST /get-message-notify HTTP/1.1" 200 40320 "https://abl.academy/shopdetail/463294449" "Mozilla/5.0 (Linux; Android 6.0.1; Nexus 5X Build/MMB29P) AppleWebKit/537.36 (KHTML, like Gecko) Chrome/137.0.7151.119 Mobile Safari/537.36 (compatible; Googlebot/2.1; +http://www.google.com/bot.html)"
66.249.79.1 - - [19/Jul/2025:15:39:29 +0000] "POST /get-message-notify HTTP/1.1" 200 40410 "https://abl.academy/item/gende82042095/" "Mozilla/5.0 (Linux; Android 6.0.1; Nexus 5X Build/MMB29P) AppleWebKit/537.36 (KHTML, like Gecko) Chrome/137.0.7151.119 Mobile Safari/537.36 (compatible; Googlebot/2.1; +http://www.google.com/bot.html)"
66.249.79.1 - - [19/Jul/2025:15:40:02 +0000] "GET /shopdetail/496908049 HTTP/1.1" 200 40409 "-" "Mozilla/5.0 (Linux; Android 6.0.1; Nexus 5X Build/MMB29P) AppleWebKit/537.36 (KHTML, like Gecko) Chrome/137.0.7151.103 Mobile Safari/537.36 (compatible; Googlebot/2.1; +http://www.google.com/bot.html)"
66.249.79.8 - - [19/Jul/2025:15:40:23 +0000] "POST /get-message-notify HTTP/1.1" 200 40298 "https://abl.academy/shopdetail/496908049" "Mozilla/5.0 (Linux; Android 6.0.1; Nexus 5X Build/MMB29P) AppleWebKit/537.36 (KHTML, like Gecko) Chrome/137.0.7151.119 Mobile Safari/537.36 (compatible; Googlebot/2.1; +http://www.google.com/bot.html)"
66.249.79.8 - - [19/Jul/2025:15:40:48 +0000] "GET /shopdetail/425835249 HTTP/1.1" 200 40070 "-" "Mozilla/5.0 (Linux; Android 6.0.1; Nexus 5X Build/MMB29P) AppleWebKit/537.36 (KHTML, like Gecko) Chrome/137.0.7151.103 Mobile Safari/537.36 (compatible; Googlebot/2.1; +http://www.google.com/bot.html)"
66.249.79.8 - - [19/Jul/2025:15:41:31 +0000] "GET /item/smoke60160349/ HTTP/1.1" 200 40117 "-" "Mozilla/5.0 (Linux; Android 6.0.1; Nexus 5X Build/MMB29P) AppleWebKit/537.36 (KHTML, like Gecko) Chrome/137.0.7151.103 Mobile Safari/537.36 (compatible; Googlebot/2.1; +http://www.google.com/bot.html)"
66.249.79.8 - - [19/Jul/2025:15:41:33 +0000] "GET /shopdetail/37387649 HTTP/1.1" 200 39915 "-" "Mozilla/5.0 (Linux; Android 6.0.1; Nexus 5X Build/MMB29P) AppleWebKit/537.36 (KHTML, like Gecko) Chrome/137.0.7151.103 Mobile Safari/537.36 (compatible; Googlebot/2.1; +http://www.google.com/bot.html)"
66.249.79.1 - - [19/Jul/2025:15:42:22 +0000] "GET /shopdetail/553716049 HTTP/1.1" 200 40673 "-" "Mozilla/5.0 (Linux; Android 6.0.1; Nexus 5X Build/MMB29P) AppleWebKit/537.36 (KHTML, like Gecko) Chrome/137.0.7151.103 Mobile Safari/537.36 (compatible; Googlebot/2.1; +http://www.google.com/bot.html)"
66.249.79.8 - - [19/Jul/2025:15:42:50 +0000] "GET /shopdetail/492035949 HTTP/1.1" 200 40177 "-" "Mozilla/5.0 (Linux; Android 6.0.1; Nexus 5X Build/MMB29P) AppleWebKit/537.36 (KHTML, like Gecko) Chrome/137.0.7151.103 Mobile Safari/537.36 (compatible; Googlebot/2.1; +http://www.google.com/bot.html)"
66.249.79.2 - - [19/Jul/2025:15:43:08 +0000] "GET /shopdetail/365663049 HTTP/1.1" 200 39920 "-" "Mozilla/5.0 (Linux; Android 6.0.1; Nexus 5X Build/MMB29P) AppleWebKit/537.36 (KHTML, like Gecko) Chrome/137.0.7151.103 Mobile Safari/537.36 (compatible; Googlebot/2.1; +http://www.google.com/bot.html)"
66.249.79.8 - - [19/Jul/2025:15:44:30 +0000] "GET /shopdetail/504342349 HTTP/1.1" 200 40060 "-" "Mozilla/5.0 (Linux; Android 6.0.1; Nexus 5X Build/MMB29P) AppleWebKit/537.36 (KHTML, like Gecko) Chrome/137.0.7151.103 Mobile Safari/537.36 (compatible; Googlebot/2.1; +http://www.google.com/bot.html)"
66.249.79.8 - - [19/Jul/2025:15:45:55 +0000] "GET /shopdetail/174011549 HTTP/1.1" 200 39892 "-" "Mozilla/5.0 (Linux; Android 6.0.1; Nexus 5X Build/MMB29P) AppleWebKit/537.36 (KHTML, like Gecko) Chrome/137.0.7151.103 Mobile Safari/537.36 (compatible; Googlebot/2.1; +http://www.google.com/bot.html)"
66.249.79.2 - - [19/Jul/2025:15:46:00 +0000] "GET /shopdetail/145685049 HTTP/1.1" 200 39944 "-" "Mozilla/5.0 (Linux; Android 6.0.1; Nexus 5X Build/MMB29P) AppleWebKit/537.36 (KHTML, like Gecko) Chrome/137.0.7151.103 Mobile Safari/537.36 (compatible; Googlebot/2.1; +http://www.google.com/bot.html)"
66.249.79.8 - - [19/Jul/2025:15:46:59 +0000] "POST /get-message-notify HTTP/1.1" 200 40299 "https://abl.academy/shopdetail/504342349" "Mozilla/5.0 (Linux; Android 6.0.1; Nexus 5X Build/MMB29P) AppleWebKit/537.36 (KHTML, like Gecko) Chrome/137.0.7151.119 Mobile Safari/537.36 (compatible; Googlebot/2.1; +http://www.google.com/bot.html)"
66.249.79.8 - - [19/Jul/2025:15:47:06 +0000] "GET /shopdetail/363542049 HTTP/1.1" 200 41320 "-" "Mozilla/5.0 (Linux; Android 6.0.1; Nexus 5X Build/MMB29P) AppleWebKit/537.36 (KHTML, like Gecko) Chrome/137.0.7151.103 Mobile Safari/537.36 (compatible; Googlebot/2.1; +http://www.google.com/bot.html)"
66.249.79.8 - - [19/Jul/2025:15:47:30 +0000] "GET /shopdetail/115556049 HTTP/1.1" 200 40065 "-" "Mozilla/5.0 (Linux; Android 6.0.1; Nexus 5X Build/MMB29P) AppleWebKit/537.36 (KHTML, like Gecko) Chrome/137.0.7151.103 Mobile Safari/537.36 (compatible; Googlebot/2.1; +http://www.google.com/bot.html)"
66.249.79.2 - - [19/Jul/2025:15:48:12 +0000] "GET /sitemapj.xml HTTP/1.1" 200 15568 "-" "Mozilla/5.0 (compatible; Googlebot/2.1; +http://www.google.com/bot.html)"
66.249.79.8 - - [19/Jul/2025:15:48:29 +0000] "POST /get-message-notify HTTP/1.1" 200 40426 "https://abl.academy/shopdetail/363542049" "Mozilla/5.0 (Linux; Android 6.0.1; Nexus 5X Build/MMB29P) AppleWebKit/537.36 (KHTML, like Gecko) Chrome/137.0.7151.119 Mobile Safari/537.36 (compatible; Googlebot/2.1; +http://www.google.com/bot.html)"
66.249.79.2 - - [19/Jul/2025:15:49:00 +0000] "GET /shopdetail/415855549 HTTP/1.1" 200 41045 "-" "Mozilla/5.0 (Linux; Android 6.0.1; Nexus 5X Build/MMB29P) AppleWebKit/537.36 (KHTML, like Gecko) Chrome/137.0.7151.103 Mobile Safari/537.36 (compatible; Googlebot/2.1; +http://www.google.com/bot.html)"
66.249.79.2 - - [19/Jul/2025:15:50:30 +0000] "GET /shopdetail/66619049 HTTP/1.1" 200 40494 "-" "Mozilla/5.0 (Linux; Android 6.0.1; Nexus 5X Build/MMB29P) AppleWebKit/537.36 (KHTML, like Gecko) Chrome/137.0.7151.103 Mobile Safari/537.36 (compatible; Googlebot/2.1; +http://www.google.com/bot.html)"
209.74.77.214 - - [19/Jul/2025:15:51:06 +0000] "POST /wp-cron.php?doing_wp_cron=1752940266.9334969520568847656250 HTTP/1.1" 200 - "-" "WordPress/6.8.2; https://abl.academy"
178.20.47.39 - - [19/Jul/2025:15:51:05 +0000] "GET /lms-wordpress-plugin/ HTTP/1.0" 200 69394 "https://abl.academy/lms-wordpress-plugin/" "Mozilla/5.0 (Windows NT 10.0; Win64; x64) AppleWebKit/537.36 (KHTML, like Gecko) Chrome/130.0.0.0 Safari/537.36"
178.20.47.39 - - [19/Jul/2025:15:51:08 +0000] "POST /wp-comments-post.php HTTP/1.0" 302 - "https://abl.academy/lms-wordpress-plugin/" "Mozilla/5.0 (Windows NT 10.0; Win64; x64) AppleWebKit/537.36 (KHTML, like Gecko) Chrome/130.0.0.0 Safari/537.36"
178.20.47.39 - - [19/Jul/2025:15:51:09 +0000] "GET /lms-wordpress-plugin/?unapproved=6184&moderation-hash=cc15ed8fe4691a20d46ea5712bdc3ca4 HTTP/1.0" 200 69483 "https://abl.academy/lms-wordpress-plugin/?unapproved=6184&moderation-hash=cc15ed8fe4691a20d46ea5712bdc3ca4#comment-6184" "Mozilla/5.0 (Windows NT 10.0; Win64; x64) AppleWebKit/537.36 (KHTML, like Gecko) Chrome/130.0.0.0 Safari/537.36"
66.249.79.1 - - [19/Jul/2025:15:51:23 +0000] "GET /shopdetail/307410349 HTTP/1.1" 200 39982 "-" "Mozilla/5.0 (Linux; Android 6.0.1; Nexus 5X Build/MMB29P) AppleWebKit/537.36 (KHTML, like Gecko) Chrome/137.0.7151.103 Mobile Safari/537.36 (compatible; Googlebot/2.1; +http://www.google.com/bot.html)"
66.249.79.8 - - [19/Jul/2025:15:52:01 +0000] "GET /shopdetail/340437649 HTTP/1.1" 200 40302 "-" "Mozilla/5.0 (Linux; Android 6.0.1; Nexus 5X Build/MMB29P) AppleWebKit/537.36 (KHTML, like Gecko) Chrome/137.0.7151.103 Mobile Safari/537.36 (compatible; Googlebot/2.1; +http://www.google.com/bot.html)"
66.249.79.1 - - [19/Jul/2025:15:53:30 +0000] "GET /shopdetail/52782549 HTTP/1.1" 200 39926 "-" "Mozilla/5.0 (Linux; Android 6.0.1; Nexus 5X Build/MMB29P) AppleWebKit/537.36 (KHTML, like Gecko) Chrome/137.0.7151.103 Mobile Safari/537.36 (compatible; Googlebot/2.1; +http://www.google.com/bot.html)"
66.249.79.1 - - [19/Jul/2025:15:55:00 +0000] "GET /shopdetail/237715349 HTTP/1.1" 200 39846 "-" "Mozilla/5.0 (Linux; Android 6.0.1; Nexus 5X Build/MMB29P) AppleWebKit/537.36 (KHTML, like Gecko) Chrome/137.0.7151.103 Mobile Safari/537.36 (compatible; Googlebot/2.1; +http://www.google.com/bot.html)"
66.249.79.8 - - [19/Jul/2025:15:55:41 +0000] "GET /shopdetail/308109749 HTTP/1.1" 200 40223 "-" "Mozilla/5.0 (Linux; Android 6.0.1; Nexus 5X Build/MMB29P) AppleWebKit/537.36 (KHTML, like Gecko) Chrome/137.0.7151.103 Mobile Safari/537.36 (compatible; Googlebot/2.1; +http://www.google.com/bot.html)"
66.249.79.1 - - [19/Jul/2025:15:56:00 +0000] "GET /item/wink71967910/ HTTP/1.1" 200 40476 "-" "Mozilla/5.0 (Linux; Android 6.0.1; Nexus 5X Build/MMB29P) AppleWebKit/537.36 (KHTML, like Gecko) Chrome/137.0.7151.103 Mobile Safari/537.36 (compatible; Googlebot/2.1; +http://www.google.com/bot.html)"
87.250.224.223 - - [19/Jul/2025:15:56:14 +0000] "GET /robots.txt HTTP/1.1" 200 285 "-" "Mozilla/5.0 (compatible; YandexBot/3.0; +http://yandex.com/bots)"
209.74.77.214 - - [19/Jul/2025:15:56:17 +0000] "POST /wp-cron.php?doing_wp_cron=1752940577.3442990779876708984375 HTTP/1.1" 200 - "-" "WordPress/6.8.2; https://abl.academy"
213.180.203.7 - - [19/Jul/2025:15:56:15 +0000] "GET /item/lens52179612/ HTTP/1.1" 404 9551 "-" "Mozilla/5.0 (compatible; YandexBot/3.0; +http://yandex.com/bots)"
66.249.79.1 - - [19/Jul/2025:15:56:30 +0000] "GET /shopdetail/348940649 HTTP/1.1" 200 40870 "-" "Mozilla/5.0 (Linux; Android 6.0.1; Nexus 5X Build/MMB29P) AppleWebKit/537.36 (KHTML, like Gecko) Chrome/137.0.7151.103 Mobile Safari/537.36 (compatible; Googlebot/2.1; +http://www.google.com/bot.html)"
66.249.79.2 - - [19/Jul/2025:15:58:00 +0000] "GET /shopdetail/269518149 HTTP/1.1" 200 39882 "-" "Mozilla/5.0 (Linux; Android 6.0.1; Nexus 5X Build/MMB29P) AppleWebKit/537.36 (KHTML, like Gecko) Chrome/137.0.7151.103 Mobile Safari/537.36 (compatible; Googlebot/2.1; +http://www.google.com/bot.html)"
66.249.79.8 - - [19/Jul/2025:15:59:30 +0000] "GET /shopdetail/76058049 HTTP/1.1" 200 40059 "-" "Mozilla/5.0 (Linux; Android 6.0.1; Nexus 5X Build/MMB29P) AppleWebKit/537.36 (KHTML, like Gecko) Chrome/137.0.7151.103 Mobile Safari/537.36 (compatible; Googlebot/2.1; +http://www.google.com/bot.html)"
66.249.79.8 - - [19/Jul/2025:15:59:58 +0000] "GET /shopdetail/35176649 HTTP/1.1" 200 39945 "-" "Mozilla/5.0 (Linux; Android 6.0.1; Nexus 5X Build/MMB29P) AppleWebKit/537.36 (KHTML, like Gecko) Chrome/137.0.7151.103 Mobile Safari/537.36 (compatible; Googlebot/2.1; +http://www.google.com/bot.html)"
66.249.79.1 - - [19/Jul/2025:16:00:45 +0000] "POST /get-message-notify HTTP/1.1" 200 40285 "https://abl.academy/shopdetail/35176649" "Mozilla/5.0 (Linux; Android 6.0.1; Nexus 5X Build/MMB29P) AppleWebKit/537.36 (KHTML, like Gecko) Chrome/137.0.7151.119 Mobile Safari/537.36 (compatible; Googlebot/2.1; +http://www.google.com/bot.html)"
66.249.79.8 - - [19/Jul/2025:16:01:00 +0000] "GET /shopdetail/526838449 HTTP/1.1" 200 40502 "-" "Mozilla/5.0 (Linux; Android 6.0.1; Nexus 5X Build/MMB29P) AppleWebKit/537.36 (KHTML, like Gecko) Chrome/137.0.7151.103 Mobile Safari/537.36 (compatible; Googlebot/2.1; +http://www.google.com/bot.html)"
66.249.79.8 - - [19/Jul/2025:16:01:08 +0000] "POST /get-message-notify HTTP/1.1" 200 40279 "https://abl.academy/shopdetail/526838449" "Mozilla/5.0 (Linux; Android 6.0.1; Nexus 5X Build/MMB29P) AppleWebKit/537.36 (KHTML, like Gecko) Chrome/137.0.7151.119 Mobile Safari/537.36 (compatible; Googlebot/2.1; +http://www.google.com/bot.html)"
209.74.77.214 - - [19/Jul/2025:16:02:12 +0000] "POST /wp-cron.php?doing_wp_cron=1752940932.5410680770874023437500 HTTP/1.1" 200 - "-" "WordPress/6.8.2; https://abl.academy"
37.113.10.101 - - [19/Jul/2025:16:02:10 +0000] "GET /lms-wordpress-plugin/?unapproved=1274&moderation-hash=b51231008e70577b794167818d5df3b7 HTTP/1.0" 200 69483 "https://abl.academy/lms-wordpress-plugin/?unapproved=1274&moderation-hash=b51231008e70577b794167818d5df3b7#comment-1274" "Mozilla/5.0 (Windows NT 6.1; WOW64) AppleWebKit/537.36 (KHTML, like Gecko) Chrome/103.0.0.0 Safari/537.36"
37.113.10.101 - - [19/Jul/2025:16:02:13 +0000] "POST /wp-comments-post.php HTTP/1.0" 409 2616 "https://abl.academy/lms-wordpress-plugin/?unapproved=1274&moderation-hash=b51231008e70577b794167818d5df3b7#comment-1274" "Mozilla/5.0 (Windows NT 6.1; WOW64) AppleWebKit/537.36 (KHTML, like Gecko) Chrome/103.0.0.0 Safari/537.36"
66.249.66.65 - - [19/Jul/2025:16:02:30 +0000] "GET /shopdetail/180389249 HTTP/1.1" 200 39714 "-" "Mozilla/5.0 (Linux; Android 6.0.1; Nexus 5X Build/MMB29P) AppleWebKit/537.36 (KHTML, like Gecko) Chrome/137.0.7151.103 Mobile Safari/537.36 (compatible; Googlebot/2.1; +http://www.google.com/bot.html)"
66.249.79.8 - - [19/Jul/2025:16:02:40 +0000] "GET /item/hamme32638682/ HTTP/1.1" 200 40758 "-" "Mozilla/5.0 (Linux; Android 6.0.1; Nexus 5X Build/MMB29P) AppleWebKit/537.36 (KHTML, like Gecko) Chrome/137.0.7151.103 Mobile Safari/537.36 (compatible; Googlebot/2.1; +http://www.google.com/bot.html)"
66.249.79.2 - - [19/Jul/2025:16:09:20 +0000] "GET /item/custo60345461/ HTTP/1.1" 200 41016 "-" "Mozilla/5.0 (Linux; Android 6.0.1; Nexus 5X Build/MMB29P) AppleWebKit/537.36 (KHTML, like Gecko) Chrome/137.0.7151.103 Mobile Safari/537.36 (compatible; Googlebot/2.1; +http://www.google.com/bot.html)"
66.249.79.1 - - [19/Jul/2025:16:10:26 +0000] "POST /get-message-notify HTTP/1.1" 200 40424 "https://abl.academy/item/wink71967910/" "Mozilla/5.0 (Linux; Android 6.0.1; Nexus 5X Build/MMB29P) AppleWebKit/537.36 (KHTML, like Gecko) Chrome/137.0.7151.119 Mobile Safari/537.36 (compatible; Googlebot/2.1; +http://www.google.com/bot.html)"
43.153.15.51 - - [19/Jul/2025:16:12:20 +0000] "GET / HTTP/1.1" 200 9694 "http://abl.academy" "Mozilla/5.0 (iPhone; CPU iPhone OS 13_2_3 like Mac OS X) AppleWebKit/605.1.15 (KHTML, like Gecko) Version/13.0.3 Mobile/15E148 Safari/604.1"
66.249.79.1 - - [19/Jul/2025:16:16:04 +0000] "GET /item/case20949649/ HTTP/1.1" 200 39931 "-" "Mozilla/5.0 (Linux; Android 6.0.1; Nexus 5X Build/MMB29P) AppleWebKit/537.36 (KHTML, like Gecko) Chrome/137.0.7151.103 Mobile Safari/537.36 (compatible; Googlebot/2.1; +http://www.google.com/bot.html)"
209.74.77.214 - - [19/Jul/2025:16:16:32 +0000] "POST /wp-cron.php?doing_wp_cron=1752941792.3504528999328613281250 HTTP/1.1" 200 - "-" "WordPress/6.8.2; https://abl.academy"
69.16.145.159 - - [19/Jul/2025:16:16:31 +0000] "GET /lms-wordpress-plugin/ HTTP/1.0" 200 69394 "https://abl.academy/lms-wordpress-plugin/" "Mozilla/5.0 (Windows NT 10.0; Win64; x64) AppleWebKit/537.36 (KHTML, like Gecko) Chrome/130.0.0.0 Safari/537.36"
69.16.145.159 - - [19/Jul/2025:16:16:33 +0000] "POST /wp-comments-post.php HTTP/1.0" 302 - "https://abl.academy/lms-wordpress-plugin/" "Mozilla/5.0 (Windows NT 10.0; Win64; x64) AppleWebKit/537.36 (KHTML, like Gecko) Chrome/130.0.0.0 Safari/537.36"
69.16.145.159 - - [19/Jul/2025:16:16:34 +0000] "GET /lms-wordpress-plugin/?unapproved=6185&moderation-hash=cadf06cdf13117927fef862fb2c1166e HTTP/1.0" 200 69483 "https://abl.academy/lms-wordpress-plugin/?unapproved=6185&moderation-hash=cadf06cdf13117927fef862fb2c1166e#comment-6185" "Mozilla/5.0 (Windows NT 10.0; Win64; x64) AppleWebKit/537.36 (KHTML, like Gecko) Chrome/130.0.0.0 Safari/537.36"
66.249.79.2 - - [19/Jul/2025:16:17:40 +0000] "GET /item/glare40270987/ HTTP/1.1" 200 39891 "-" "Mozilla/5.0 (Linux; Android 6.0.1; Nexus 5X Build/MMB29P) AppleWebKit/537.36 (KHTML, like Gecko) Chrome/137.0.7151.103 Mobile Safari/537.36 (compatible; Googlebot/2.1; +http://www.google.com/bot.html)"
66.249.79.1 - - [19/Jul/2025:16:17:46 +0000] "POST /get-message-notify HTTP/1.1" 200 40312 "https://abl.academy/item/glare40270987/" "Mozilla/5.0 (Linux; Android 6.0.1; Nexus 5X Build/MMB29P) AppleWebKit/537.36 (KHTML, like Gecko) Chrome/137.0.7151.119 Mobile Safari/537.36 (compatible; Googlebot/2.1; +http://www.google.com/bot.html)"
66.249.79.8 - - [19/Jul/2025:16:21:42 +0000] "GET /shopdetail/44426949 HTTP/1.1" 200 40015 "-" "Mozilla/5.0 (Linux; Android 6.0.1; Nexus 5X Build/MMB29P) AppleWebKit/537.36 (KHTML, like Gecko) Chrome/137.0.7151.103 Mobile Safari/537.36 (compatible; Googlebot/2.1; +http://www.google.com/bot.html)"
66.249.79.8 - - [19/Jul/2025:16:23:05 +0000] "GET /item/middl70052822/ HTTP/1.1" 200 39818 "-" "Mozilla/5.0 (Linux; Android 6.0.1; Nexus 5X Build/MMB29P) AppleWebKit/537.36 (KHTML, like Gecko) Chrome/137.0.7151.103 Mobile Safari/537.36 (compatible; Googlebot/2.1; +http://www.google.com/bot.html)"
209.74.77.214 - - [19/Jul/2025:16:24:12 +0000] "POST /wp-cron.php?doing_wp_cron=1752942252.6446840763092041015625 HTTP/1.1" 200 - "-" "WordPress/6.8.2; https://abl.academy"
