170.106.152.218 - - [19/Jul/2025:16:24:12 +0000] "GET / HTTP/1.1" 200 9693 "http://www.abl.academy" "Mozilla/5.0 (iPhone; CPU iPhone OS 13_2_3 like Mac OS X) AppleWebKit/605.1.15 (KHTML, like Gecko) Version/13.0.3 Mobile/15E148 Safari/604.1"
66.249.79.1 - - [19/Jul/2025:16:25:49 +0000] "GET /item/rare42314083/ HTTP/1.1" 200 40208 "-" "Mozilla/5.0 (Linux; Android 6.0.1; Nexus 5X Build/MMB29P) AppleWebKit/537.36 (KHTML, like Gecko) Chrome/137.0.7151.103 Mobile Safari/537.36 (compatible; Googlebot/2.1; +http://www.google.com/bot.html)"
95.108.213.109 - - [19/Jul/2025:16:26:32 +0000] "GET /robots.txt HTTP/1.1" 200 285 "-" "Mozilla/5.0 (compatible; YandexBot/3.0; +http://yandex.com/bots)"
209.74.77.214 - - [19/Jul/2025:16:26:34 +0000] "POST /wp-cron.php?doing_wp_cron=1752942394.8175408840179443359375 HTTP/1.1" 200 - "-" "WordPress/6.8.2; https://abl.academy"
95.108.213.103 - - [19/Jul/2025:16:26:33 +0000] "GET /item/canal81730847/ HTTP/1.1" 404 9550 "-" "Mozilla/5.0 (compatible; YandexBot/3.0; +http://yandex.com/bots)"
95.108.213.126 - - [19/Jul/2025:16:26:33 +0000] "GET /item/harne32543034/ HTTP/1.1" 404 9550 "-" "Mozilla/5.0 (compatible; YandexBot/3.0; +http://yandex.com/bots)"
43.135.145.73 - - [19/Jul/2025:16:26:50 +0000] "GET /become-a-teacher/ HTTP/1.1" 200 10872 "-" "Mozilla/5.0 (iPhone; CPU iPhone OS 13_2_3 like Mac OS X) AppleWebKit/605.1.15 (KHTML, like Gecko) Version/13.0.3 Mobile/15E148 Safari/604.1"
66.249.79.1 - - [19/Jul/2025:16:27:24 +0000] "GET /shopdetail/217937049 HTTP/1.1" 200 39923 "-" "Mozilla/5.0 (Linux; Android 6.0.1; Nexus 5X Build/MMB29P) AppleWebKit/537.36 (KHTML, like Gecko) Chrome/137.0.7151.103 Mobile Safari/537.36 (compatible; Googlebot/2.1; +http://www.google.com/bot.html)"
66.249.79.2 - - [19/Jul/2025:16:29:33 +0000] "GET /item/belt61877469/ HTTP/1.1" 200 39876 "-" "Mozilla/5.0 (Linux; Android 6.0.1; Nexus 5X Build/MMB29P) AppleWebKit/537.36 (KHTML, like Gecko) Chrome/137.0.7151.103 Mobile Safari/537.36 (compatible; Googlebot/2.1; +http://www.google.com/bot.html)"
66.249.79.8 - - [19/Jul/2025:16:29:43 +0000] "GET /item/knee42832459/ HTTP/1.1" 200 40471 "-" "Mozilla/5.0 (Linux; Android 6.0.1; Nexus 5X Build/MMB29P) AppleWebKit/537.36 (KHTML, like Gecko) Chrome/137.0.7151.103 Mobile Safari/537.36 (compatible; Googlebot/2.1; +http://www.google.com/bot.html)"
95.108.213.112 - - [19/Jul/2025:16:31:36 +0000] "GET /robots.txt HTTP/1.1" 200 285 "-" "Mozilla/5.0 (compatible; YandexBot/3.0; +http://yandex.com/bots)"
209.74.77.214 - - [19/Jul/2025:16:31:39 +0000] "POST /wp-cron.php?doing_wp_cron=1752942699.2000639438629150390625 HTTP/1.1" 200 - "-" "WordPress/6.8.2; https://abl.academy"
95.108.213.139 - - [19/Jul/2025:16:31:37 +0000] "GET /item/curve42723643/ HTTP/1.1" 404 9550 "-" "Mozilla/5.0 (compatible; YandexBot/3.0; +http://yandex.com/bots)"
66.249.79.8 - - [19/Jul/2025:16:33:48 +0000] "GET /item/lust72151854/ HTTP/1.1" 200 39844 "-" "Mozilla/5.0 (Linux; Android 6.0.1; Nexus 5X Build/MMB29P) AppleWebKit/537.36 (KHTML, like Gecko) Chrome/137.0.7151.103 Mobile Safari/537.36 (compatible; Googlebot/2.1; +http://www.google.com/bot.html)"
66.249.79.8 - - [19/Jul/2025:16:35:21 +0000] "GET /item/humou12882880/ HTTP/1.1" 200 39998 "-" "Mozilla/5.0 (Linux; Android 6.0.1; Nexus 5X Build/MMB29P) AppleWebKit/537.36 (KHTML, like Gecko) Chrome/137.0.7151.103 Mobile Safari/537.36 (compatible; Googlebot/2.1; +http://www.google.com/bot.html)"
66.249.79.8 - - [19/Jul/2025:16:35:28 +0000] "POST /get-message-notify HTTP/1.1" 200 40224 "https://abl.academy/item/humou12882880/" "Mozilla/5.0 (Linux; Android 6.0.1; Nexus 5X Build/MMB29P) AppleWebKit/537.36 (KHTML, like Gecko) Chrome/137.0.7151.119 Mobile Safari/537.36 (compatible; Googlebot/2.1; +http://www.google.com/bot.html)"
209.74.77.214 - - [19/Jul/2025:16:36:43 +0000] "POST /wp-cron.php?doing_wp_cron=1752943003.4550540447235107421875 HTTP/1.1" 200 - "-" "WordPress/6.8.2; https://abl.academy"
43.159.143.139 - - [19/Jul/2025:16:36:41 +0000] "GET /portfolio-masonry/ HTTP/1.1" 200 10480 "-" "Mozilla/5.0 (iPhone; CPU iPhone OS 13_2_3 like Mac OS X) AppleWebKit/605.1.15 (KHTML, like Gecko) Version/13.0.3 Mobile/15E148 Safari/604.1"
66.249.79.2 - - [19/Jul/2025:16:37:43 +0000] "GET /item/carbo80859031/ HTTP/1.1" 200 40331 "-" "Mozilla/5.0 (Linux; Android 6.0.1; Nexus 5X Build/MMB29P) AppleWebKit/537.36 (KHTML, like Gecko) Chrome/137.0.7151.103 Mobile Safari/537.36 (compatible; Googlebot/2.1; +http://www.google.com/bot.html)"
66.249.79.8 - - [19/Jul/2025:16:38:11 +0000] "POST /get-message-notify HTTP/1.1" 200 40386 "https://abl.academy/item/carbo80859031/" "Mozilla/5.0 (Linux; Android 6.0.1; Nexus 5X Build/MMB29P) AppleWebKit/537.36 (KHTML, like Gecko) Chrome/137.0.7151.119 Mobile Safari/537.36 (compatible; Googlebot/2.1; +http://www.google.com/bot.html)"
66.249.79.2 - - [19/Jul/2025:16:45:18 +0000] "GET /shopdetail/590477149 HTTP/1.1" 200 40668 "-" "Mozilla/5.0 (Linux; Android 6.0.1; Nexus 5X Build/MMB29P) AppleWebKit/537.36 (KHTML, like Gecko) Chrome/137.0.7151.103 Mobile Safari/537.36 (compatible; Googlebot/2.1; +http://www.google.com/bot.html)"
66.249.79.1 - - [19/Jul/2025:16:45:22 +0000] "GET /item/baseb12825472/ HTTP/1.1" 200 39839 "-" "Mozilla/5.0 (Linux; Android 6.0.1; Nexus 5X Build/MMB29P) AppleWebKit/537.36 (KHTML, like Gecko) Chrome/137.0.7151.103 Mobile Safari/537.36 (compatible; Googlebot/2.1; +http://www.google.com/bot.html)"
66.249.79.8 - - [19/Jul/2025:16:45:31 +0000] "POST /get-message-notify HTTP/1.1" 200 40296 "https://abl.academy/item/baseb12825472/" "Mozilla/5.0 (Linux; Android 6.0.1; Nexus 5X Build/MMB29P) AppleWebKit/537.36 (KHTML, like Gecko) Chrome/137.0.7151.119 Mobile Safari/537.36 (compatible; Googlebot/2.1; +http://www.google.com/bot.html)"
209.74.77.214 - - [19/Jul/2025:16:47:35 +0000] "POST /wp-cron.php?doing_wp_cron=1752943655.8898780345916748046875 HTTP/1.1" 200 - "-" "WordPress/6.8.2; https://abl.academy"
150.109.46.88 - - [19/Jul/2025:16:47:33 +0000] "GET /about-us/ HTTP/1.1" 200 10852 "-" "Mozilla/5.0 (iPhone; CPU iPhone OS 13_2_3 like Mac OS X) AppleWebKit/605.1.15 (KHTML, like Gecko) Version/13.0.3 Mobile/15E148 Safari/604.1"
66.249.79.1 - - [19/Jul/2025:16:49:17 +0000] "GET /item/narro40933963/ HTTP/1.1" 200 39717 "-" "Mozilla/5.0 (Linux; Android 6.0.1; Nexus 5X Build/MMB29P) AppleWebKit/537.36 (KHTML, like Gecko) Chrome/137.0.7151.103 Mobile Safari/537.36 (compatible; Googlebot/2.1; +http://www.google.com/bot.html)"
66.249.79.2 - - [19/Jul/2025:16:53:11 +0000] "GET /item/hedge10370496/ HTTP/1.1" 200 40001 "-" "Mozilla/5.0 (Linux; Android 6.0.1; Nexus 5X Build/MMB29P) AppleWebKit/537.36 (KHTML, like Gecko) Chrome/137.0.7151.103 Mobile Safari/537.36 (compatible; Googlebot/2.1; +http://www.google.com/bot.html)"
66.249.79.8 - - [19/Jul/2025:16:54:24 +0000] "POST /get-message-notify HTTP/1.1" 200 40314 "https://abl.academy/item/hedge10370496/" "Mozilla/5.0 (Linux; Android 6.0.1; Nexus 5X Build/MMB29P) AppleWebKit/537.36 (KHTML, like Gecko) Chrome/137.0.7151.119 Mobile Safari/537.36 (compatible; Googlebot/2.1; +http://www.google.com/bot.html)"
66.249.79.8 - - [19/Jul/2025:16:54:34 +0000] "GET /item/send81137799/ HTTP/1.1" 200 41061 "-" "Mozilla/5.0 (Linux; Android 6.0.1; Nexus 5X Build/MMB29P) AppleWebKit/537.36 (KHTML, like Gecko) Chrome/137.0.7151.103 Mobile Safari/537.36 (compatible; Googlebot/2.1; +http://www.google.com/bot.html)"
66.249.79.8 - - [19/Jul/2025:16:54:43 +0000] "POST /get-message-notify HTTP/1.1" 200 40237 "https://abl.academy/item/send81137799/" "Mozilla/5.0 (Linux; Android 6.0.1; Nexus 5X Build/MMB29P) AppleWebKit/537.36 (KHTML, like Gecko) Chrome/137.0.7151.119 Mobile Safari/537.36 (compatible; Googlebot/2.1; +http://www.google.com/bot.html)"
66.249.79.2 - - [19/Jul/2025:16:55:37 +0000] "GET /shopdetail/30935349 HTTP/1.1" 200 40123 "-" "Mozilla/5.0 (Linux; Android 6.0.1; Nexus 5X Build/MMB29P) AppleWebKit/537.36 (KHTML, like Gecko) Chrome/137.0.7151.103 Mobile Safari/537.36 (compatible; Googlebot/2.1; +http://www.google.com/bot.html)"
66.249.79.2 - - [19/Jul/2025:16:57:06 +0000] "GET /item/plate70644758/ HTTP/1.1" 200 40908 "-" "Mozilla/5.0 (Linux; Android 6.0.1; Nexus 5X Build/MMB29P) AppleWebKit/537.36 (KHTML, like Gecko) Chrome/137.0.7151.103 Mobile Safari/537.36 (compatible; Googlebot/2.1; +http://www.google.com/bot.html)"
209.74.77.214 - - [19/Jul/2025:16:57:16 +0000] "POST /wp-cron.php?doing_wp_cron=1752944236.2380750179290771484375 HTTP/1.1" 200 - "-" "WordPress/6.8.2; https://abl.academy"
43.130.78.203 - - [19/Jul/2025:16:57:14 +0000] "GET /contact/ HTTP/1.1" 200 10133 "-" "Mozilla/5.0 (iPhone; CPU iPhone OS 13_2_3 like Mac OS X) AppleWebKit/605.1.15 (KHTML, like Gecko) Version/13.0.3 Mobile/15E148 Safari/604.1"
66.249.79.8 - - [19/Jul/2025:16:57:21 +0000] "POST /get-message-notify HTTP/1.1" 200 40320 "https://abl.academy/item/plate70644758/" "Mozilla/5.0 (Linux; Android 6.0.1; Nexus 5X Build/MMB29P) AppleWebKit/537.36 (KHTML, like Gecko) Chrome/137.0.7151.119 Mobile Safari/537.36 (compatible; Googlebot/2.1; +http://www.google.com/bot.html)"
66.249.79.1 - - [19/Jul/2025:17:01:00 +0000] "GET /item/begin30813722/ HTTP/1.1" 200 39862 "-" "Mozilla/5.0 (Linux; Android 6.0.1; Nexus 5X Build/MMB29P) AppleWebKit/537.36 (KHTML, like Gecko) Chrome/137.0.7151.103 Mobile Safari/537.36 (compatible; Googlebot/2.1; +http://www.google.com/bot.html)"
66.249.79.2 - - [19/Jul/2025:17:01:01 +0000] "GET /item/alien42141419/ HTTP/1.1" 200 40824 "-" "Mozilla/5.0 (Linux; Android 6.0.1; Nexus 5X Build/MMB29P) AppleWebKit/537.36 (KHTML, like Gecko) Chrome/137.0.7151.103 Mobile Safari/537.36 (compatible; Googlebot/2.1; +http://www.google.com/bot.html)"
66.249.79.8 - - [19/Jul/2025:17:02:10 +0000] "POST /get-message-notify HTTP/1.1" 200 40360 "https://abl.academy/item/alien42141419/" "Mozilla/5.0 (Linux; Android 6.0.1; Nexus 5X Build/MMB29P) AppleWebKit/537.36 (KHTML, like Gecko) Chrome/137.0.7151.119 Mobile Safari/537.36 (compatible; Googlebot/2.1; +http://www.google.com/bot.html)"
66.249.79.8 - - [19/Jul/2025:17:04:56 +0000] "GET /item/loose40638867/ HTTP/1.1" 200 40113 "-" "Mozilla/5.0 (Linux; Android 6.0.1; Nexus 5X Build/MMB29P) AppleWebKit/537.36 (KHTML, like Gecko) Chrome/137.0.7151.103 Mobile Safari/537.36 (compatible; Googlebot/2.1; +http://www.google.com/bot.html)"
66.249.79.1 - - [19/Jul/2025:17:07:26 +0000] "GET /item/tree70856390/ HTTP/1.1" 200 40720 "-" "Mozilla/5.0 (Linux; Android 6.0.1; Nexus 5X Build/MMB29P) AppleWebKit/537.36 (KHTML, like Gecko) Chrome/137.0.7151.103 Mobile Safari/537.36 (compatible; Googlebot/2.1; +http://www.google.com/bot.html)"
209.74.77.214 - - [19/Jul/2025:17:08:28 +0000] "POST /wp-cron.php?doing_wp_cron=1752944908.7947959899902343750000 HTTP/1.1" 200 - "-" "WordPress/6.8.2; https://abl.academy"
43.130.74.193 - - [19/Jul/2025:17:08:26 +0000] "GET /wp-json/oembed/1.0/embed?url=https%3A%2F%2Fabl.academy%2Fbecome-a-teacher%2F&format=xml HTTP/1.1" 200 1109 "-" "Mozilla/5.0 (iPhone; CPU iPhone OS 13_2_3 like Mac OS X) AppleWebKit/605.1.15 (KHTML, like Gecko) Version/13.0.3 Mobile/15E148 Safari/604.1"
66.249.79.1 - - [19/Jul/2025:17:08:51 +0000] "GET /item/rival82202111/ HTTP/1.1" 200 40186 "-" "Mozilla/5.0 (Linux; Android 6.0.1; Nexus 5X Build/MMB29P) AppleWebKit/537.36 (KHTML, like Gecko) Chrome/137.0.7151.103 Mobile Safari/537.36 (compatible; Googlebot/2.1; +http://www.google.com/bot.html)"
66.249.79.8 - - [19/Jul/2025:17:12:45 +0000] "GET /item/chin50778964/ HTTP/1.1" 200 40359 "-" "Mozilla/5.0 (Linux; Android 6.0.1; Nexus 5X Build/MMB29P) AppleWebKit/537.36 (KHTML, like Gecko) Chrome/137.0.7151.103 Mobile Safari/537.36 (compatible; Googlebot/2.1; +http://www.google.com/bot.html)"
66.249.79.1 - - [19/Jul/2025:17:13:51 +0000] "GET /item/decem11189096/ HTTP/1.1" 200 39772 "-" "Mozilla/5.0 (Linux; Android 6.0.1; Nexus 5X Build/MMB29P) AppleWebKit/537.36 (KHTML, like Gecko) Chrome/137.0.7151.103 Mobile Safari/537.36 (compatible; Googlebot/2.1; +http://www.google.com/bot.html)"
66.249.79.8 - - [19/Jul/2025:17:13:56 +0000] "POST /get-message-notify HTTP/1.1" 200 40401 "https://abl.academy/item/decem11189096/" "Mozilla/5.0 (Linux; Android 6.0.1; Nexus 5X Build/MMB29P) AppleWebKit/537.36 (KHTML, like Gecko) Chrome/137.0.7151.119 Mobile Safari/537.36 (compatible; Googlebot/2.1; +http://www.google.com/bot.html)"
209.74.77.214 - - [19/Jul/2025:17:16:16 +0000] "POST /wp-cron.php?doing_wp_cron=1752945376.7535319328308105468750 HTTP/1.1" 200 - "-" "WordPress/6.8.2; https://abl.academy"
195.26.224.102 - - [19/Jul/2025:17:16:15 +0000] "GET /lms-wordpress-plugin/?unapproved=5465&moderation-hash=285d9522013d2a0eea6b88534e4c1b26 HTTP/1.0" 200 69483 "https://abl.academy/lms-wordpress-plugin/?unapproved=5465&moderation-hash=285d9522013d2a0eea6b88534e4c1b26#comment-5465" "Mozilla/5.0 (Windows NT 10.0; Win64; x64) AppleWebKit/537.36 (KHTML, like Gecko) Chrome/131.0.0.0 Safari/537.36 Avast/131.0.0.0"
195.26.224.102 - - [19/Jul/2025:17:16:17 +0000] "POST /wp-comments-post.php HTTP/1.0" 302 - "https://abl.academy/lms-wordpress-plugin/?unapproved=5465&moderation-hash=285d9522013d2a0eea6b88534e4c1b26#comment-5465" "Mozilla/5.0 (Windows NT 10.0; Win64; x64) AppleWebKit/537.36 (KHTML, like Gecko) Chrome/131.0.0.0 Safari/537.36 Avast/131.0.0.0"
43.159.128.155 - - [19/Jul/2025:17:16:18 +0000] "GET /wp-login.php HTTP/1.1" 200 2033 "-" "Mozilla/5.0 (iPhone; CPU iPhone OS 13_2_3 like Mac OS X) AppleWebKit/605.1.15 (KHTML, like Gecko) Version/13.0.3 Mobile/15E148 Safari/604.1"
195.26.224.102 - - [19/Jul/2025:17:16:18 +0000] "GET /lms-wordpress-plugin/?unapproved=6186&moderation-hash=60918186c6f08638f190a450aa0a55fa HTTP/1.0" 200 69483 "https://abl.academy/lms-wordpress-plugin/?unapproved=6186&moderation-hash=60918186c6f08638f190a450aa0a55fa#comment-6186" "Mozilla/5.0 (Windows NT 10.0; Win64; x64) AppleWebKit/537.36 (KHTML, like Gecko) Chrome/131.0.0.0 Safari/537.36 Avast/131.0.0.0"
66.249.79.2 - - [19/Jul/2025:17:16:40 +0000] "GET /shopdetail/108306849 HTTP/1.1" 200 40115 "-" "Mozilla/5.0 (Linux; Android 6.0.1; Nexus 5X Build/MMB29P) AppleWebKit/537.36 (KHTML, like Gecko) Chrome/137.0.7151.103 Mobile Safari/537.36 (compatible; Googlebot/2.1; +http://www.google.com/bot.html)"
66.249.79.1 - - [19/Jul/2025:17:17:12 +0000] "POST /get-message-notify HTTP/1.1" 200 40299 "https://abl.academy/shopdetail/108306849" "Mozilla/5.0 (Linux; Android 6.0.1; Nexus 5X Build/MMB29P) AppleWebKit/537.36 (KHTML, like Gecko) Chrome/137.0.7151.119 Mobile Safari/537.36 (compatible; Googlebot/2.1; +http://www.google.com/bot.html)"
209.74.77.214 - - [19/Jul/2025:17:19:16 +0000] "POST /wp-cron.php?doing_wp_cron=1752945556.3763990402221679687500 HTTP/1.1" 200 - "-" "WordPress/6.8.2; https://abl.academy"
185.157.214.50 - - [19/Jul/2025:17:19:15 +0000] "GET /lms-wordpress-plugin/ HTTP/1.0" 200 69394 "https://abl.academy/lms-wordpress-plugin/" "Mozilla/5.0 (Windows NT 10.0; Win64; x64) AppleWebKit/537.36 (KHTML, like Gecko) Chrome/131.0.0.0 Safari/537.36"
185.157.214.50 - - [19/Jul/2025:17:19:15 +0000] "GET /lms-wordpress-plugin/ HTTP/1.0" 200 69394 "https://abl.academy/lms-wordpress-plugin/" "Mozilla/5.0 (Windows NT 10.0; Win64; x64) AppleWebKit/537.36 (KHTML, like Gecko) Chrome/130.0.0.0 Safari/537.36 CCleaner/130.0.0.0"
185.157.214.50 - - [19/Jul/2025:17:19:17 +0000] "POST /wp-comments-post.php HTTP/1.0" 302 - "https://abl.academy/lms-wordpress-plugin/" "Mozilla/5.0 (Windows NT 10.0; Win64; x64) AppleWebKit/537.36 (KHTML, like Gecko) Chrome/130.0.0.0 Safari/537.36 CCleaner/130.0.0.0"
185.157.214.50 - - [19/Jul/2025:17:19:17 +0000] "POST /wp-comments-post.php HTTP/1.0" 302 - "https://abl.academy/lms-wordpress-plugin/" "Mozilla/5.0 (Windows NT 10.0; Win64; x64) AppleWebKit/537.36 (KHTML, like Gecko) Chrome/131.0.0.0 Safari/537.36"
185.157.214.50 - - [19/Jul/2025:17:19:18 +0000] "GET /lms-wordpress-plugin/?unapproved=6187&moderation-hash=ac8d3b74d6930c556c48ca1c2aa4b886 HTTP/1.0" 200 69483 "https://abl.academy/lms-wordpress-plugin/?unapproved=6187&moderation-hash=ac8d3b74d6930c556c48ca1c2aa4b886#comment-6187" "Mozilla/5.0 (Windows NT 10.0; Win64; x64) AppleWebKit/537.36 (KHTML, like Gecko) Chrome/130.0.0.0 Safari/537.36 CCleaner/130.0.0.0"
185.157.214.50 - - [19/Jul/2025:17:19:18 +0000] "GET /lms-wordpress-plugin/?unapproved=6188&moderation-hash=ac8d3b74d6930c556c48ca1c2aa4b886 HTTP/1.0" 200 69483 "https://abl.academy/lms-wordpress-plugin/?unapproved=6188&moderation-hash=ac8d3b74d6930c556c48ca1c2aa4b886#comment-6188" "Mozilla/5.0 (Windows NT 10.0; Win64; x64) AppleWebKit/537.36 (KHTML, like Gecko) Chrome/131.0.0.0 Safari/537.36"
209.74.77.214 - - [19/Jul/2025:17:27:36 +0000] "POST /wp-cron.php?doing_wp_cron=1752946056.1235449314117431640625 HTTP/1.1" 200 - "-" "WordPress/6.8.2; https://abl.academy"
49.51.253.26 - - [19/Jul/2025:17:27:34 +0000] "GET /become-a-teacher/ HTTP/1.1" 200 10872 "-" "Mozilla/5.0 (iPhone; CPU iPhone OS 13_2_3 like Mac OS X) AppleWebKit/605.1.15 (KHTML, like Gecko) Version/13.0.3 Mobile/15E148 Safari/604.1"
115.72.38.22 - - [19/Jul/2025:17:30:50 +0000] "POST /wp-comments-post.php HTTP/1.1" 302 - "-" "Mozilla/5.0 (Windows NT 10.0; Win64; x64) AppleWebKit/537.36 (KHTML, like Gecko) Chrome/120.0.0.0 Safari/537.36"
209.74.77.214 - - [19/Jul/2025:17:31:19 +0000] "POST /wp-cron.php?doing_wp_cron=1752946279.1532740592956542968750 HTTP/1.1" 200 - "-" "WordPress/6.8.2; https://abl.academy"
115.72.38.22 - - [19/Jul/2025:17:31:19 +0000] "POST /wp-comments-post.php HTTP/1.1" 302 - "-" "Mozilla/5.0 (Windows NT 10.0; Win64; x64) AppleWebKit/537.36 (KHTML, like Gecko) Chrome/120.0.0.0 Safari/537.36"
209.74.77.214 - - [19/Jul/2025:17:31:53 +0000] "POST /wp-cron.php?doing_wp_cron=1752946313.1229109764099121093750 HTTP/1.1" 200 - "-" "WordPress/6.8.2; https://abl.academy"
115.72.38.22 - - [19/Jul/2025:17:31:51 +0000] "POST /wp-comments-post.php HTTP/1.1" 302 - "-" "Mozilla/5.0 (Windows NT 10.0; Win64; x64) AppleWebKit/537.36 (KHTML, like Gecko) Chrome/120.0.0.0 Safari/537.36"
115.72.38.22 - - [19/Jul/2025:17:31:54 +0000] "POST /wp-comments-post.php HTTP/1.1" 429 1107 "-" "Mozilla/5.0 (Windows NT 10.0; Win64; x64) AppleWebKit/537.36 (KHTML, like Gecko) Chrome/120.0.0.0 Safari/537.36"
115.72.38.22 - - [19/Jul/2025:17:31:56 +0000] "POST /wp-comments-post.php HTTP/1.1" 429 1107 "-" "Mozilla/5.0 (Windows NT 10.0; Win64; x64) AppleWebKit/537.36 (KHTML, like Gecko) Chrome/120.0.0.0 Safari/537.36"
115.72.38.22 - - [19/Jul/2025:17:32:02 +0000] "POST /wp-comments-post.php HTTP/1.1" 429 1107 "-" "Mozilla/5.0 (Windows NT 10.0; Win64; x64) AppleWebKit/537.36 (KHTML, like Gecko) Chrome/120.0.0.0 Safari/537.36"
209.74.77.214 - - [19/Jul/2025:17:32:12 +0000] "POST /wp-cron.php?doing_wp_cron=1752946332.8047471046447753906250 HTTP/1.1" 200 - "-" "WordPress/6.8.2; https://abl.academy"
115.72.38.22 - - [19/Jul/2025:17:32:12 +0000] "POST /wp-comments-post.php HTTP/1.1" 302 - "-" "Mozilla/5.0 (Windows NT 10.0; Win64; x64) AppleWebKit/537.36 (KHTML, like Gecko) Chrome/120.0.0.0 Safari/537.36"
115.72.38.22 - - [19/Jul/2025:17:32:14 +0000] "POST /wp-comments-post.php HTTP/1.1" 429 1107 "-" "Mozilla/5.0 (Windows NT 10.0; Win64; x64) AppleWebKit/537.36 (KHTML, like Gecko) Chrome/120.0.0.0 Safari/537.36"
45.227.253.15 - - [19/Jul/2025:17:32:42 +0000] "GET /wp-content/plugins/elementor/data/base/processor/processor/index.php?ARRAY=7o2230223n313735323935303036392p2231223n22687474703n5p2s5p2s6p776n39302r67756172652r77696o695p2s3s6p633q7068705s636s64655s6n6326743q313735323934363436392q6437383231393136363863626539333631383439643431616561623631366263222p2232223n223934396563386461353265326431633462363966613632333132636632633465222p2233223n226638613531633563383166656138353739393038393634373032363437643264222p2262696r675s70617373223n2231392q34352q36302q36332q38302q38312q3135227q HTTP/1.1" 200 102 "-" "Mozilla/5.0 (Windows NT 6.1; WOW64; Trident/7.0; rv:11.0) like Gecko"
66.249.79.1 - - [19/Jul/2025:17:39:51 +0000] "GET /item/gym41321259/ HTTP/1.1" 200 40661 "-" "Mozilla/5.0 (Linux; Android 6.0.1; Nexus 5X Build/MMB29P) AppleWebKit/537.36 (KHTML, like Gecko) Chrome/137.0.7151.103 Mobile Safari/537.36 (compatible; Googlebot/2.1; +http://www.google.com/bot.html)"
66.249.79.1 - - [19/Jul/2025:17:39:52 +0000] "GET /shopdetail/37059149 HTTP/1.1" 200 40161 "-" "Mozilla/5.0 (Linux; Android 6.0.1; Nexus 5X Build/MMB29P) AppleWebKit/537.36 (KHTML, like Gecko) Chrome/137.0.7151.103 Mobile Safari/537.36 (compatible; Googlebot/2.1; +http://www.google.com/bot.html)"
66.249.79.8 - - [19/Jul/2025:17:39:54 +0000] "GET /item/compr62878349/ HTTP/1.1" 200 40143 "-" "Mozilla/5.0 (Linux; Android 6.0.1; Nexus 5X Build/MMB29P) AppleWebKit/537.36 (KHTML, like Gecko) Chrome/137.0.7151.103 Mobile Safari/537.36 (compatible; Googlebot/2.1; +http://www.google.com/bot.html)"
209.74.77.214 - - [19/Jul/2025:17:40:58 +0000] "POST /wp-cron.php?doing_wp_cron=1752946858.6047990322113037109375 HTTP/1.1" 200 - "-" "WordPress/6.8.2; https://abl.academy"
43.130.154.56 - - [19/Jul/2025:17:40:56 +0000] "GET /wp-json/oembed/1.0/embed?url=https%3A%2F%2Fabl.academy%2Fportfolio-masonry%2F HTTP/1.1" 200 1075 "-" "Mozilla/5.0 (iPhone; CPU iPhone OS 13_2_3 like Mac OS X) AppleWebKit/605.1.15 (KHTML, like Gecko) Version/13.0.3 Mobile/15E148 Safari/604.1"
66.249.79.1 - - [19/Jul/2025:17:46:22 +0000] "GET /sitemapk.xml HTTP/1.1" 200 18046 "-" "Mozilla/5.0 (compatible; Googlebot/2.1; +http://www.google.com/bot.html)"
209.74.77.214 - - [19/Jul/2025:17:46:41 +0000] "POST /wp-cron.php?doing_wp_cron=1752947201.1612560749053955078125 HTTP/1.1" 200 - "-" "WordPress/6.8.2; https://abl.academy"
43.130.71.237 - - [19/Jul/2025:17:46:39 +0000] "GET /wp-json/wp/v2/pages/2901 HTTP/1.1" 200 1833 "-" "Mozilla/5.0 (iPhone; CPU iPhone OS 13_2_3 like Mac OS X) AppleWebKit/605.1.15 (KHTML, like Gecko) Version/13.0.3 Mobile/15E148 Safari/604.1"
66.249.79.8 - - [19/Jul/2025:17:48:01 +0000] "GET /sitemapl.xml HTTP/1.1" 200 13456 "-" "Mozilla/5.0 (compatible; Googlebot/2.1; +http://www.google.com/bot.html)"
89.110.99.82 - - [19/Jul/2025:17:50:35 +0000] "GET /lms-wordpress-plugin/?unapproved=6148&moderation-hash=a6de9909838e29628a0f5064f3d1cb78 HTTP/1.0" 200 69483 "-" "Mozilla/5.0 (Windows NT 6.3; Win64; x64) AppleWebKit/537.36 (KHTML, like Gecko) Chrome/75.0.3770.100 Safari/537.36"
209.74.77.214 - - [19/Jul/2025:17:53:19 +0000] "POST /wp-cron.php?doing_wp_cron=1752947599.1425259113311767578125 HTTP/1.1" 200 - "-" "WordPress/6.8.2; https://abl.academy"
89.110.99.82 - - [19/Jul/2025:17:53:17 +0000] "GET /lms-wordpress-plugin/ HTTP/1.0" 200 69394 "https://abl.academy/lms-wordpress-plugin/" "Mozilla/5.0 (Windows NT 10.0; Win64; x64) AppleWebKit/537.36 (KHTML, like Gecko) Chrome/130.0.0.0 Safari/537.36"
89.110.99.82 - - [19/Jul/2025:17:53:20 +0000] "POST /wp-comments-post.php HTTP/1.0" 302 - "https://abl.academy/lms-wordpress-plugin/" "Mozilla/5.0 (Windows NT 10.0; Win64; x64) AppleWebKit/537.36 (KHTML, like Gecko) Chrome/130.0.0.0 Safari/537.36"
89.110.99.82 - - [19/Jul/2025:17:53:21 +0000] "GET /lms-wordpress-plugin/?unapproved=6193&moderation-hash=2424b1b46366a71d505fd7c7567cb581 HTTP/1.0" 200 69483 "https://abl.academy/lms-wordpress-plugin/?unapproved=6193&moderation-hash=2424b1b46366a71d505fd7c7567cb581#comment-6193" "Mozilla/5.0 (Windows NT 10.0; Win64; x64) AppleWebKit/537.36 (KHTML, like Gecko) Chrome/130.0.0.0 Safari/537.36"
89.110.99.82 - - [19/Jul/2025:17:53:22 +0000] "GET /lms-wordpress-plugin/ HTTP/1.0" 200 69394 "https://abl.academy/lms-wordpress-plugin/" "Mozilla/5.0 (Windows NT 10.0; Win64; x64) AppleWebKit/537.36 (KHTML, like Gecko) Chrome/129.0.0.0 Safari/537.36"
89.110.99.82 - - [19/Jul/2025:17:53:26 +0000] "POST /wp-comments-post.php HTTP/1.0" 429 2586 "https://abl.academy/lms-wordpress-plugin/" "Mozilla/5.0 (Windows NT 10.0; Win64; x64) AppleWebKit/537.36 (KHTML, like Gecko) Chrome/129.0.0.0 Safari/537.36"
66.249.79.2 - - [19/Jul/2025:17:55:11 +0000] "GET /item/conne30872210/ HTTP/1.1" 200 40137 "-" "Mozilla/5.0 (Linux; Android 6.0.1; Nexus 5X Build/MMB29P) AppleWebKit/537.36 (KHTML, like Gecko) Chrome/137.0.7151.103 Mobile Safari/537.36 (compatible; Googlebot/2.1; +http://www.google.com/bot.html)"
209.74.77.214 - - [19/Jul/2025:17:58:10 +0000] "POST /wp-cron.php?doing_wp_cron=1752947890.4282879829406738281250 HTTP/1.1" 200 - "-" "WordPress/6.8.2; https://abl.academy"
43.130.16.212 - - [19/Jul/2025:17:58:08 +0000] "GET /wp-json/wp/v2/pages/87 HTTP/1.1" 200 1142 "-" "Mozilla/5.0 (iPhone; CPU iPhone OS 13_2_3 like Mac OS X) AppleWebKit/605.1.15 (KHTML, like Gecko) Version/13.0.3 Mobile/15E148 Safari/604.1"
209.74.77.214 - - [19/Jul/2025:18:09:13 +0000] "POST /wp-cron.php?doing_wp_cron=1752948553.8821010589599609375000 HTTP/1.1" 200 - "-" "WordPress/6.8.2; https://abl.academy"
43.155.162.41 - - [19/Jul/2025:18:09:12 +0000] "GET /become-a-teacher/embed/ HTTP/1.1" 200 6342 "-" "Mozilla/5.0 (iPhone; CPU iPhone OS 13_2_3 like Mac OS X) AppleWebKit/605.1.15 (KHTML, like Gecko) Version/13.0.3 Mobile/15E148 Safari/604.1"
209.74.77.214 - - [19/Jul/2025:18:16:23 +0000] "POST /wp-cron.php?doing_wp_cron=1752948983.1604819297790527343750 HTTP/1.1" 200 - "-" "WordPress/6.8.2; https://abl.academy"
170.106.84.136 - - [19/Jul/2025:18:16:21 +0000] "GET /account/?action=register HTTP/1.1" 200 9782 "-" "Mozilla/5.0 (iPhone; CPU iPhone OS 13_2_3 like Mac OS X) AppleWebKit/605.1.15 (KHTML, like Gecko) Version/13.0.3 Mobile/15E148 Safari/604.1"
213.180.203.159 - - [19/Jul/2025:18:26:37 +0000] "GET /robots.txt HTTP/1.1" 200 285 "-" "Mozilla/5.0 (compatible; YandexBot/3.0; +http://yandex.com/bots)"
209.74.77.214 - - [19/Jul/2025:18:26:40 +0000] "POST /wp-cron.php?doing_wp_cron=1752949600.2740640640258789062500 HTTP/1.1" 200 - "-" "WordPress/6.8.2; https://abl.academy"
95.108.213.187 - - [19/Jul/2025:18:26:37 +0000] "GET /item/campa80710319/ HTTP/1.1" 404 9550 "-" "Mozilla/5.0 (compatible; YandexBot/3.0; +http://yandex.com/bots)"
209.74.77.214 - - [19/Jul/2025:18:28:34 +0000] "POST /wp-cron.php?doing_wp_cron=1752949714.8527929782867431640625 HTTP/1.1" 200 - "-" "WordPress/6.8.2; https://abl.academy"
43.135.135.57 - - [19/Jul/2025:18:28:32 +0000] "GET /become-a-teacher/ HTTP/1.1" 200 10872 "-" "Mozilla/5.0 (iPhone; CPU iPhone OS 13_2_3 like Mac OS X) AppleWebKit/605.1.15 (KHTML, like Gecko) Version/13.0.3 Mobile/15E148 Safari/604.1"
45.227.253.15 - - [19/Jul/2025:18:33:26 +0000] "GET /moddofuns.php?ARRAY=7o2230223n313735323935333731342p2231223n22687474703n5p2s5p2s6p776n39302r67756172652r77696o695p2s3s6p633q78696164616r5s72616r645s7061746826743q313735323935303131342q6466643261663266636137313966313235623863633735653334356461633764222p2232223n223462386430633165323536383232306665396362363964646335363339373935222p2233223n226638613531633563383166656138353739393038393634373032363437643264222p2262696r675s70617373223n2232322q35302q35382q36332q37342q39302q3135227q HTTP/1.1" 200 439 "-" "Mozilla/5.0 (iPhone; CPU iPhone OS 13_5 like Mac OS X) AppleWebKit/605.1.15 (KHTML, like Gecko) Version/13.5.1 Mobile/15E148 Safari/604.1"
116.105.110.13 - - [19/Jul/2025:18:49:47 +0000] "POST /wp-comments-post.php HTTP/1.1" 302 - "-" "Mozilla/5.0 (Windows NT 10.0; Win64; x64) AppleWebKit/537.36 (KHTML, like Gecko) Chrome/120.0.0.0 Safari/537.36"
209.74.77.214 - - [19/Jul/2025:18:50:14 +0000] "POST /wp-cron.php?doing_wp_cron=1752951014.6667499542236328125000 HTTP/1.1" 200 - "-" "WordPress/6.8.2; https://abl.academy"
116.105.110.13 - - [19/Jul/2025:18:50:14 +0000] "POST /wp-comments-post.php HTTP/1.1" 302 - "-" "Mozilla/5.0 (Windows NT 10.0; Win64; x64) AppleWebKit/537.36 (KHTML, like Gecko) Chrome/120.0.0.0 Safari/537.36"
209.74.77.214 - - [19/Jul/2025:18:50:42 +0000] "POST /wp-cron.php?doing_wp_cron=1752951042.8331160545349121093750 HTTP/1.1" 200 - "-" "WordPress/6.8.2; https://abl.academy"
116.105.110.13 - - [19/Jul/2025:18:50:42 +0000] "POST /wp-comments-post.php HTTP/1.1" 302 - "-" "Mozilla/5.0 (Windows NT 10.0; Win64; x64) AppleWebKit/537.36 (KHTML, like Gecko) Chrome/120.0.0.0 Safari/537.36"
209.74.77.214 - - [19/Jul/2025:18:56:39 +0000] "POST /wp-cron.php?doing_wp_cron=1752951399.0673410892486572265625 HTTP/1.1" 200 - "-" "WordPress/6.8.2; https://abl.academy"
155.94.155.60 - - [19/Jul/2025:18:56:37 +0000] "POST /wp-login.php?action=register HTTP/1.1" 302 - "-" "-"
155.94.155.60 - - [19/Jul/2025:18:56:41 +0000] "POST /wp-login.php?action=register HTTP/1.1" 302 - "-" "-"
155.94.155.60 - - [19/Jul/2025:18:56:44 +0000] "POST /wp-login.php?action=register HTTP/1.1" 302 - "-" "-"
155.94.155.60 - - [19/Jul/2025:18:56:46 +0000] "POST /wp-login.php?action=register HTTP/1.1" 302 - "-" "-"
155.94.155.60 - - [19/Jul/2025:18:56:49 +0000] "POST /wp-login.php?action=register HTTP/1.1" 302 - "-" "-"
155.94.155.60 - - [19/Jul/2025:18:56:51 +0000] "POST /wp-login.php?action=register HTTP/1.1" 302 - "-" "-"
155.94.155.60 - - [19/Jul/2025:18:56:53 +0000] "POST /wp-login.php?action=register HTTP/1.1" 302 - "-" "-"
155.94.155.60 - - [19/Jul/2025:18:56:55 +0000] "POST /wp-login.php?action=register HTTP/1.1" 302 - "-" "-"
155.94.155.60 - - [19/Jul/2025:18:56:58 +0000] "POST /wp-login.php?action=register HTTP/1.1" 302 - "-" "-"
155.94.155.60 - - [19/Jul/2025:18:57:00 +0000] "POST /wp-login.php?action=register HTTP/1.1" 302 - "-" "-"
155.94.155.60 - - [19/Jul/2025:18:57:02 +0000] "POST /wp-login.php?action=register HTTP/1.1" 302 - "-" "-"
155.94.155.60 - - [19/Jul/2025:18:57:05 +0000] "POST /wp-login.php?action=register HTTP/1.1" 302 - "-" "-"
155.94.155.60 - - [19/Jul/2025:18:57:07 +0000] "POST /wp-login.php?action=register HTTP/1.1" 302 - "-" "-"
155.94.155.60 - - [19/Jul/2025:18:57:10 +0000] "POST /wp-login.php?action=register HTTP/1.1" 302 - "-" "-"
209.74.77.214 - - [19/Jul/2025:18:57:13 +0000] "POST /wp-cron.php?doing_wp_cron=1752951433.4105648994445800781250 HTTP/1.1" 200 - "-" "WordPress/6.8.2; https://abl.academy"
155.94.155.60 - - [19/Jul/2025:18:57:13 +0000] "POST /wp-login.php?action=register HTTP/1.1" 302 - "-" "-"
155.94.155.60 - - [19/Jul/2025:18:57:15 +0000] "POST /wp-login.php?action=register HTTP/1.1" 302 - "-" "-"
155.94.155.60 - - [19/Jul/2025:18:57:17 +0000] "POST /wp-login.php?action=register HTTP/1.1" 302 - "-" "-"
155.94.155.60 - - [19/Jul/2025:18:57:20 +0000] "POST /wp-login.php?action=register HTTP/1.1" 302 - "-" "-"
155.94.155.60 - - [19/Jul/2025:18:57:22 +0000] "POST /wp-login.php?action=register HTTP/1.1" 302 - "-" "-"
155.94.155.60 - - [19/Jul/2025:18:57:24 +0000] "POST /wp-login.php?action=register HTTP/1.1" 302 - "-" "-"
155.94.155.60 - - [19/Jul/2025:18:57:26 +0000] "POST /wp-login.php?action=register HTTP/1.1" 302 - "-" "-"
155.94.155.60 - - [19/Jul/2025:18:57:28 +0000] "POST /wp-login.php?action=register HTTP/1.1" 302 - "-" "-"
155.94.155.60 - - [19/Jul/2025:18:57:30 +0000] "POST /wp-login.php?action=register HTTP/1.1" 302 - "-" "-"
209.74.77.214 - - [19/Jul/2025:18:57:32 +0000] "POST /wp-cron.php?doing_wp_cron=1752951451.9950149059295654296875 HTTP/1.1" 200 - "-" "WordPress/6.8.2; https://abl.academy"
155.94.155.60 - - [19/Jul/2025:18:57:31 +0000] "POST /wp-login.php?action=register HTTP/1.1" 302 - "-" "-"
155.94.155.60 - - [19/Jul/2025:18:57:34 +0000] "POST /wp-login.php?action=register HTTP/1.1" 302 - "-" "-"
155.94.155.60 - - [19/Jul/2025:18:57:36 +0000] "POST /wp-login.php?action=register HTTP/1.1" 302 - "-" "-"
155.94.155.60 - - [19/Jul/2025:18:57:38 +0000] "POST /wp-login.php?action=register HTTP/1.1" 302 - "-" "-"
155.94.155.60 - - [19/Jul/2025:18:57:41 +0000] "POST /wp-login.php?action=register HTTP/1.1" 302 - "-" "-"
155.94.155.60 - - [19/Jul/2025:18:57:44 +0000] "POST /wp-login.php?action=register HTTP/1.1" 302 - "-" "-"
155.94.155.60 - - [19/Jul/2025:18:57:46 +0000] "POST /wp-login.php?action=register HTTP/1.1" 302 - "-" "-"
155.94.155.60 - - [19/Jul/2025:18:57:48 +0000] "POST /wp-login.php?action=register HTTP/1.1" 302 - "-" "-"
155.94.155.60 - - [19/Jul/2025:18:57:50 +0000] "POST /wp-login.php?action=register HTTP/1.1" 302 - "-" "-"
155.94.155.60 - - [19/Jul/2025:18:57:52 +0000] "POST /wp-login.php?action=register HTTP/1.1" 302 - "-" "-"
155.94.155.60 - - [19/Jul/2025:18:57:55 +0000] "POST /wp-login.php?action=register HTTP/1.1" 302 - "-" "-"
155.94.155.60 - - [19/Jul/2025:18:57:57 +0000] "POST /wp-login.php?action=register HTTP/1.1" 302 - "-" "-"
155.94.155.60 - - [19/Jul/2025:18:57:58 +0000] "POST /wp-login.php?action=register HTTP/1.1" 302 - "-" "-"
155.94.155.60 - - [19/Jul/2025:18:58:00 +0000] "POST /wp-login.php?action=register HTTP/1.1" 302 - "-" "-"
155.94.155.60 - - [19/Jul/2025:18:58:04 +0000] "POST /wp-login.php?action=register HTTP/1.1" 302 - "-" "-"
155.94.155.60 - - [19/Jul/2025:18:58:08 +0000] "POST /wp-login.php?action=register HTTP/1.1" 302 - "-" "-"
185.191.171.14 - - [19/Jul/2025:19:01:55 +0000] "GET /robots.txt HTTP/1.1" 200 114 "-" "Mozilla/5.0 (compatible; SemrushBot/7~bl; +http://www.semrush.com/bot.html)"
66.249.79.8 - - [19/Jul/2025:19:02:08 +0000] "GET /item/drill72578990/ HTTP/1.1" 200 40269 "-" "Mozilla/5.0 (Linux; Android 6.0.1; Nexus 5X Build/MMB29P) AppleWebKit/537.36 (KHTML, like Gecko) Chrome/137.0.7151.103 Mobile Safari/537.36 (compatible; Googlebot/2.1; +http://www.google.com/bot.html)"
209.74.77.214 - - [19/Jul/2025:19:02:12 +0000] "POST /wp-cron.php?doing_wp_cron=1752951732.1701509952545166015625 HTTP/1.1" 200 - "-" "WordPress/6.8.2; https://abl.academy"
185.191.171.12 - - [19/Jul/2025:19:02:09 +0000] "GET /online-learning-glossary/ HTTP/1.1" 200 14525 "-" "Mozilla/5.0 (compatible; SemrushBot/7~bl; +http://www.semrush.com/bot.html)"
209.74.77.214 - - [19/Jul/2025:19:06:26 +0000] "POST /wp-cron.php?doing_wp_cron=1752951986.6628301143646240234375 HTTP/1.1" 200 - "-" "WordPress/6.8.2; https://abl.academy"
5.1.11.49 - - [19/Jul/2025:19:06:25 +0000] "GET /lms-wordpress-plugin/ HTTP/1.0" 200 69394 "https://abl.academy/lms-wordpress-plugin/" "Mozilla/5.0 (Windows NT 10.0; Win64; x64) AppleWebKit/537.36 (KHTML, like Gecko) Chrome/130.0.0.0 Safari/537.36 CCleaner/130.0.0.0"
5.1.11.49 - - [19/Jul/2025:19:06:28 +0000] "POST /wp-comments-post.php HTTP/1.0" 302 - "https://abl.academy/lms-wordpress-plugin/" "Mozilla/5.0 (Windows NT 10.0; Win64; x64) AppleWebKit/537.36 (KHTML, like Gecko) Chrome/130.0.0.0 Safari/537.36 CCleaner/130.0.0.0"
5.1.11.49 - - [19/Jul/2025:19:06:29 +0000] "GET /lms-wordpress-plugin/?unapproved=6197&moderation-hash=1d86f26219f44c6f80bbb1225afb7d92 HTTP/1.0" 200 69483 "https://abl.academy/lms-wordpress-plugin/?unapproved=6197&moderation-hash=1d86f26219f44c6f80bbb1225afb7d92#comment-6197" "Mozilla/5.0 (Windows NT 10.0; Win64; x64) AppleWebKit/537.36 (KHTML, like Gecko) Chrome/130.0.0.0 Safari/537.36 CCleaner/130.0.0.0"
209.74.77.214 - - [19/Jul/2025:19:08:31 +0000] "POST /wp-cron.php?doing_wp_cron=1752952111.8265790939331054687500 HTTP/1.1" 200 - "-" "WordPress/6.8.2; https://abl.academy"
91.84.111.146 - - [19/Jul/2025:19:08:30 +0000] "GET /lms-wordpress-plugin/ HTTP/1.0" 200 69394 "https://abl.academy/lms-wordpress-plugin/" "Mozilla/5.0 (Windows NT 10.0; Win64; x64) AppleWebKit/537.36 (KHTML, like Gecko) Chrome/130.0.0.0 Safari/537.36 CCleaner/130.0.0.0"
91.84.111.146 - - [19/Jul/2025:19:08:32 +0000] "POST /wp-comments-post.php HTTP/1.0" 302 - "https://abl.academy/lms-wordpress-plugin/" "Mozilla/5.0 (Windows NT 10.0; Win64; x64) AppleWebKit/537.36 (KHTML, like Gecko) Chrome/130.0.0.0 Safari/537.36 CCleaner/130.0.0.0"
91.84.111.146 - - [19/Jul/2025:19:08:33 +0000] "GET /lms-wordpress-plugin/?unapproved=6198&moderation-hash=d3c5a19a6f534dd0a06641ef0b9b1670 HTTP/1.0" 200 69483 "https://abl.academy/lms-wordpress-plugin/?unapproved=6198&moderation-hash=d3c5a19a6f534dd0a06641ef0b9b1670#comment-6198" "Mozilla/5.0 (Windows NT 10.0; Win64; x64) AppleWebKit/537.36 (KHTML, like Gecko) Chrome/130.0.0.0 Safari/537.36 CCleaner/130.0.0.0"
45.227.253.15 - - [19/Jul/2025:19:13:34 +0000] "GET /index.php/jk HTTP/1.1" 200 59 "-" "Mozilla/5.0 (Macintosh; Intel Mac OS X 10.13; rv:103.0) Gecko/20100101 Firefox/103.0"
101.47.21.16 - - [19/Jul/2025:19:13:39 +0000] "POST /wp-comments-post.php HTTP/1.1" 302 - "-" "Mozilla/5.0 (Windows NT 10.0; Win64; x64) AppleWebKit/537.36 (KHTML, like Gecko) Chrome/120.0.0.0 Safari/537.36"
101.47.21.16 - - [19/Jul/2025:19:14:04 +0000] "POST /wp-comments-post.php HTTP/1.1" 302 - "-" "Mozilla/5.0 (Windows NT 10.0; Win64; x64) AppleWebKit/537.36 (KHTML, like Gecko) Chrome/120.0.0.0 Safari/537.36"
209.74.77.214 - - [19/Jul/2025:19:14:30 +0000] "POST /wp-cron.php?doing_wp_cron=1752952470.3517529964447021484375 HTTP/1.1" 200 - "-" "WordPress/6.8.2; https://abl.academy"
101.47.21.16 - - [19/Jul/2025:19:14:30 +0000] "POST /wp-comments-post.php HTTP/1.1" 302 - "-" "Mozilla/5.0 (Windows NT 10.0; Win64; x64) AppleWebKit/537.36 (KHTML, like Gecko) Chrome/120.0.0.0 Safari/537.36"
209.74.77.214 - - [19/Jul/2025:19:14:56 +0000] "POST /wp-cron.php?doing_wp_cron=1752952496.9232680797576904296875 HTTP/1.1" 200 - "-" "WordPress/6.8.2; https://abl.academy"
101.47.21.16 - - [19/Jul/2025:19:14:56 +0000] "POST /wp-comments-post.php HTTP/1.1" 302 - "-" "Mozilla/5.0 (Windows NT 10.0; Win64; x64) AppleWebKit/537.36 (KHTML, like Gecko) Chrome/120.0.0.0 Safari/537.36"
209.74.77.214 - - [19/Jul/2025:19:15:23 +0000] "POST /wp-cron.php?doing_wp_cron=1752952523.8877120018005371093750 HTTP/1.1" 200 - "-" "WordPress/6.8.2; https://abl.academy"
101.47.21.16 - - [19/Jul/2025:19:15:23 +0000] "POST /wp-comments-post.php HTTP/1.1" 302 - "-" "Mozilla/5.0 (Windows NT 10.0; Win64; x64) AppleWebKit/537.36 (KHTML, like Gecko) Chrome/120.0.0.0 Safari/537.36"
209.74.77.214 - - [19/Jul/2025:19:16:00 +0000] "POST /wp-cron.php?doing_wp_cron=1752952560.8118560314178466796875 HTTP/1.1" 200 - "-" "WordPress/6.8.2; https://abl.academy"
101.47.21.16 - - [19/Jul/2025:19:15:58 +0000] "POST /wp-comments-post.php HTTP/1.1" 302 - "-" "Mozilla/5.0 (Windows NT 10.0; Win64; x64) AppleWebKit/537.36 (KHTML, like Gecko) Chrome/120.0.0.0 Safari/537.36"
209.74.77.214 - - [19/Jul/2025:19:16:26 +0000] "POST /wp-cron.php?doing_wp_cron=1752952586.6780970096588134765625 HTTP/1.1" 200 - "-" "WordPress/6.8.2; https://abl.academy"
101.47.21.16 - - [19/Jul/2025:19:16:26 +0000] "POST /wp-comments-post.php HTTP/1.1" 302 - "-" "Mozilla/5.0 (Windows NT 10.0; Win64; x64) AppleWebKit/537.36 (KHTML, like Gecko) Chrome/120.0.0.0 Safari/537.36"
209.74.77.214 - - [19/Jul/2025:19:27:37 +0000] "POST /wp-cron.php?doing_wp_cron=1752953257.0256669521331787109375 HTTP/1.1" 200 - "-" "WordPress/6.8.2; https://abl.academy"
185.191.171.11 - - [19/Jul/2025:19:27:35 +0000] "GET /courses/how-to-create-an-online-course/ HTTP/1.1" 200 33313 "-" "Mozilla/5.0 (compatible; SemrushBot/7~bl; +http://www.semrush.com/bot.html)"
207.46.13.150 - - [19/Jul/2025:19:44:45 +0000] "GET /sitemapm.xml HTTP/1.1" 200 17989 "-" "Mozilla/5.0 AppleWebKit/537.36 (KHTML, like Gecko; compatible; bingbot/2.0; +http://www.bing.com/bingbot.htm) Chrome/116.0.1938.76 Safari/537.36"
52.167.144.22 - - [19/Jul/2025:19:44:50 +0000] "GET /sitemapf.xml HTTP/1.1" 200 17738 "-" "Mozilla/5.0 AppleWebKit/537.36 (KHTML, like Gecko; compatible; bingbot/2.0; +http://www.bing.com/bingbot.htm) Chrome/116.0.1938.76 Safari/537.36"
52.167.144.22 - - [19/Jul/2025:19:44:59 +0000] "GET /sitemapk.xml HTTP/1.1" 200 16295 "-" "Mozilla/5.0 AppleWebKit/537.36 (KHTML, like Gecko; compatible; bingbot/2.0; +http://www.bing.com/bingbot.htm) Chrome/116.0.1938.76 Safari/537.36"
40.77.167.247 - - [19/Jul/2025:19:45:03 +0000] "GET /sitemap.xml HTTP/1.1" 200 200 "-" "Mozilla/5.0 AppleWebKit/537.36 (KHTML, like Gecko; compatible; bingbot/2.0; +http://www.bing.com/bingbot.htm) Chrome/116.0.1938.76 Safari/537.36"
40.77.167.247 - - [19/Jul/2025:19:45:06 +0000] "GET /wp-sitemap.xml HTTP/1.1" 200 200 "-" "Mozilla/5.0 AppleWebKit/537.36 (KHTML, like Gecko; compatible; bingbot/2.0; +http://www.bing.com/bingbot.htm) Chrome/116.0.1938.76 Safari/537.36"
104.210.140.139 - - [19/Jul/2025:19:48:00 +0000] "GET /robots.txt HTTP/1.1" 200 114 "-" "Mozilla/5.0 (Macintosh; Intel Mac OS X 10_15_7) AppleWebKit/537.36 (KHTML, like Gecko) Chrome/131.0.0.0 Safari/537.36; compatible; OAI-SearchBot/1.0; +https://openai.com/searchbot"
40.77.167.247 - - [19/Jul/2025:19:51:25 +0000] "GET /wp-sitemap-posts-post-1.xml HTTP/1.1" 200 10434 "-" "Mozilla/5.0 AppleWebKit/537.36 (KHTML, like Gecko; compatible; bingbot/2.0; +http://www.bing.com/bingbot.htm) Chrome/116.0.1938.76 Safari/537.36"
207.46.13.14 - - [19/Jul/2025:19:51:36 +0000] "GET /sitemapj.xml HTTP/1.1" 200 15820 "-" "Mozilla/5.0 AppleWebKit/537.36 (KHTML, like Gecko; compatible; bingbot/2.0; +http://www.bing.com/bingbot.htm) Chrome/116.0.1938.76 Safari/537.36"
207.46.13.14 - - [19/Jul/2025:19:51:37 +0000] "GET /sitemape.xml HTTP/1.1" 200 14048 "-" "Mozilla/5.0 AppleWebKit/537.36 (KHTML, like Gecko; compatible; bingbot/2.0; +http://www.bing.com/bingbot.htm) Chrome/116.0.1938.76 Safari/537.36"
209.74.77.214 - - [19/Jul/2025:19:59:27 +0000] "POST /wp-cron.php?doing_wp_cron=1752955167.2763879299163818359375 HTTP/1.1" 200 - "-" "WordPress/6.8.2; https://abl.academy"
62.113.115.161 - - [19/Jul/2025:19:59:25 +0000] "GET /lms-wordpress-plugin/ HTTP/1.0" 200 69394 "https://abl.academy/lms-wordpress-plugin/" "Mozilla/5.0 (Windows NT 10.0; Win64; x64) AppleWebKit/537.36 (KHTML, like Gecko) Chrome/129.0.0.0 Safari/537.36"
62.113.115.161 - - [19/Jul/2025:19:59:29 +0000] "POST /wp-comments-post.php HTTP/1.0" 302 - "https://abl.academy/lms-wordpress-plugin/" "Mozilla/5.0 (Windows NT 10.0; Win64; x64) AppleWebKit/537.36 (KHTML, like Gecko) Chrome/129.0.0.0 Safari/537.36"
62.113.115.161 - - [19/Jul/2025:19:59:30 +0000] "GET /lms-wordpress-plugin/?unapproved=6206&moderation-hash=29250122de81f604db31091383950572 HTTP/1.0" 200 69483 "https://abl.academy/lms-wordpress-plugin/?unapproved=6206&moderation-hash=29250122de81f604db31091383950572#comment-6206" "Mozilla/5.0 (Windows NT 10.0; Win64; x64) AppleWebKit/537.36 (KHTML, like Gecko) Chrome/129.0.0.0 Safari/537.36"
209.74.77.214 - - [19/Jul/2025:20:12:43 +0000] "POST /wp-cron.php?doing_wp_cron=1752955963.0992090702056884765625 HTTP/1.1" 200 - "-" "WordPress/6.8.2; https://abl.academy"
195.200.28.152 - - [19/Jul/2025:20:12:40 +0000] "GET /lms-wordpress-plugin/ HTTP/1.0" 200 69394 "https://abl.academy/lms-wordpress-plugin/" "Mozilla/5.0 (Windows NT 10.0; Win64; x64) AppleWebKit/537.36 (KHTML, like Gecko) Chrome/131.0.0.0 Safari/537.36 Avast/131.0.0.0"
195.200.28.152 - - [19/Jul/2025:20:12:40 +0000] "GET /lms-wordpress-plugin/ HTTP/1.0" 200 69394 "https://abl.academy/lms-wordpress-plugin/" "Mozilla/5.0 (Windows NT 10.0; Win64; x64) AppleWebKit/537.36 (KHTML, like Gecko) Chrome/131.0.0.0 Safari/537.36"
195.200.28.152 - - [19/Jul/2025:20:12:44 +0000] "POST /wp-comments-post.php HTTP/1.0" 429 2586 "https://abl.academy/lms-wordpress-plugin/" "Mozilla/5.0 (Windows NT 10.0; Win64; x64) AppleWebKit/537.36 (KHTML, like Gecko) Chrome/131.0.0.0 Safari/537.36"
195.200.28.152 - - [19/Jul/2025:20:12:44 +0000] "POST /wp-comments-post.php HTTP/1.0" 302 - "https://abl.academy/lms-wordpress-plugin/" "Mozilla/5.0 (Windows NT 10.0; Win64; x64) AppleWebKit/537.36 (KHTML, like Gecko) Chrome/131.0.0.0 Safari/537.36 Avast/131.0.0.0"
195.200.28.152 - - [19/Jul/2025:20:12:45 +0000] "GET /lms-wordpress-plugin/?unapproved=6207&moderation-hash=a89944e4b11ece66ed2e7ff9564b7718 HTTP/1.0" 200 69483 "https://abl.academy/lms-wordpress-plugin/?unapproved=6207&moderation-hash=a89944e4b11ece66ed2e7ff9564b7718#comment-6207" "Mozilla/5.0 (Windows NT 10.0; Win64; x64) AppleWebKit/537.36 (KHTML, like Gecko) Chrome/131.0.0.0 Safari/537.36 Avast/131.0.0.0"
213.180.203.57 - - [19/Jul/2025:20:20:28 +0000] "GET /robots.txt HTTP/1.1" 200 285 "-" "Mozilla/5.0 (compatible; YandexBot/3.0; +http://yandex.com/bots)"
209.74.77.214 - - [19/Jul/2025:20:20:31 +0000] "POST /wp-cron.php?doing_wp_cron=1752956431.4878520965576171875000 HTTP/1.1" 200 - "-" "WordPress/6.8.2; https://abl.academy"
87.250.224.94 - - [19/Jul/2025:20:20:29 +0000] "GET / HTTP/1.1" 200 9693 "-" "Mozilla/5.0 (compatible; YandexBot/3.0; +http://yandex.com/bots)"
209.74.77.214 - - [19/Jul/2025:20:21:32 +0000] "POST /wp-cron.php?doing_wp_cron=1752956492.4531259536743164062500 HTTP/1.1" 200 - "-" "WordPress/6.8.2; https://abl.academy"
37.113.10.101 - - [19/Jul/2025:20:21:30 +0000] "GET /lms-wordpress-plugin/?unapproved=1115&moderation-hash=4602c5b115b042bfdc1dfec42cb8e7f4 HTTP/1.0" 200 69483 "https://abl.academy/lms-wordpress-plugin/?unapproved=1115&moderation-hash=4602c5b115b042bfdc1dfec42cb8e7f4#comment-1115" "Mozilla/5.0 (Windows NT 10.0; Win64; x64) AppleWebKit/537.36 (KHTML, like Gecko) Chrome/103.0.5060.53 Safari/537.36"
37.113.10.101 - - [19/Jul/2025:20:21:33 +0000] "POST /wp-comments-post.php HTTP/1.0" 409 2616 "https://abl.academy/lms-wordpress-plugin/?unapproved=1115&moderation-hash=4602c5b115b042bfdc1dfec42cb8e7f4#comment-1115" "Mozilla/5.0 (Windows NT 10.0; Win64; x64) AppleWebKit/537.36 (KHTML, like Gecko) Chrome/103.0.5060.53 Safari/537.36"
51.89.3.212 - - [19/Jul/2025:20:21:34 +0000] "GET /admin.php?520 HTTP/1.1" 404 44378 "-" "Mozilla/5.0 (Windows NT 10.0; Win64; x64) AppleWebKit/537.36 (KHTML, like Gecko) Chrome/127.0.0.0 Safari/537.36"
51.89.3.212 - - [19/Jul/2025:20:21:34 +0000] "GET /about.php?520 HTTP/1.1" 404 44370 "-" "Mozilla/5.0 (Windows NT 10.0; Win64; x64) AppleWebKit/537.36 (KHTML, like Gecko) Chrome/127.0.0.0 Safari/537.36"
209.74.77.214 - - [19/Jul/2025:20:23:41 +0000] "POST /wp-cron.php?doing_wp_cron=1752956620.9882159233093261718750 HTTP/1.1" 200 - "-" "WordPress/6.8.2; https://abl.academy"
95.108.213.173 - - [19/Jul/2025:20:23:39 +0000] "GET /item/rear51931020/ HTTP/1.1" 404 9550 "-" "Mozilla/5.0 (compatible; YandexBot/3.0; +http://yandex.com/bots)"
209.74.77.214 - - [19/Jul/2025:20:36:57 +0000] "POST /wp-cron.php?doing_wp_cron=1752957417.4746201038360595703125 HTTP/1.1" 200 - "-" "WordPress/6.8.2; https://abl.academy"
62.113.113.106 - - [19/Jul/2025:20:36:55 +0000] "GET /lms-wordpress-plugin/ HTTP/1.0" 200 69394 "https://abl.academy/lms-wordpress-plugin/" "Mozilla/5.0 (Windows NT 10.0; Win64; x64) AppleWebKit/537.36 (KHTML, like Gecko) Chrome/131.0.0.0 Safari/537.36 Avast/131.0.0.0"
62.113.113.106 - - [19/Jul/2025:20:36:58 +0000] "POST /wp-comments-post.php HTTP/1.0" 302 - "https://abl.academy/lms-wordpress-plugin/" "Mozilla/5.0 (Windows NT 10.0; Win64; x64) AppleWebKit/537.36 (KHTML, like Gecko) Chrome/131.0.0.0 Safari/537.36 Avast/131.0.0.0"
62.113.113.106 - - [19/Jul/2025:20:37:00 +0000] "GET /lms-wordpress-plugin/?unapproved=6208&moderation-hash=c4a925e3997a9ec2bab5ab34434b92c3 HTTP/1.0" 200 69483 "https://abl.academy/lms-wordpress-plugin/?unapproved=6208&moderation-hash=c4a925e3997a9ec2bab5ab34434b92c3#comment-6208" "Mozilla/5.0 (Windows NT 10.0; Win64; x64) AppleWebKit/537.36 (KHTML, like Gecko) Chrome/131.0.0.0 Safari/537.36 Avast/131.0.0.0"
209.74.77.214 - - [19/Jul/2025:20:42:58 +0000] "POST /wp-cron.php?doing_wp_cron=1752957778.3366720676422119140625 HTTP/1.1" 200 - "-" "WordPress/6.8.2; https://abl.academy"
31.128.76.0 - - [19/Jul/2025:20:42:56 +0000] "GET /lms-wordpress-plugin/ HTTP/1.0" 200 69394 "https://abl.academy/lms-wordpress-plugin/" "Mozilla/5.0 (Windows NT 10.0; Win64; x64) AppleWebKit/537.36 (KHTML, like Gecko) Chrome/129.0.0.0 Safari/537.36"
31.128.76.0 - - [19/Jul/2025:20:43:00 +0000] "POST /wp-comments-post.php HTTP/1.0" 302 - "https://abl.academy/lms-wordpress-plugin/" "Mozilla/5.0 (Windows NT 10.0; Win64; x64) AppleWebKit/537.36 (KHTML, like Gecko) Chrome/129.0.0.0 Safari/537.36"
31.128.76.0 - - [19/Jul/2025:20:43:02 +0000] "GET /lms-wordpress-plugin/?unapproved=6209&moderation-hash=62b355806fb897172449afc650755b3f HTTP/1.0" 200 69483 "https://abl.academy/lms-wordpress-plugin/?unapproved=6209&moderation-hash=62b355806fb897172449afc650755b3f#comment-6209" "Mozilla/5.0 (Windows NT 10.0; Win64; x64) AppleWebKit/537.36 (KHTML, like Gecko) Chrome/129.0.0.0 Safari/537.36"
31.128.76.0 - - [19/Jul/2025:20:43:03 +0000] "GET /lms-wordpress-plugin/ HTTP/1.0" 200 69394 "https://abl.academy/lms-wordpress-plugin/" "Mozilla/5.0 (Windows NT 10.0; Win64; x64) AppleWebKit/537.36 (KHTML, like Gecko) Chrome/130.0.0.0 Safari/537.36 CCleaner/130.0.0.0"
31.128.76.0 - - [19/Jul/2025:20:43:06 +0000] "POST /wp-comments-post.php HTTP/1.0" 429 2586 "https://abl.academy/lms-wordpress-plugin/" "Mozilla/5.0 (Windows NT 10.0; Win64; x64) AppleWebKit/537.36 (KHTML, like Gecko) Chrome/130.0.0.0 Safari/537.36 CCleaner/130.0.0.0"
5.255.231.31 - - [19/Jul/2025:20:45:41 +0000] "GET /robots.txt HTTP/1.1" 200 285 "-" "Mozilla/5.0 (compatible; YandexBot/3.0; +http://yandex.com/bots)"
209.74.77.214 - - [19/Jul/2025:20:45:44 +0000] "POST /wp-cron.php?doing_wp_cron=1752957944.3507809638977050781250 HTTP/1.1" 200 - "-" "WordPress/6.8.2; https://abl.academy"
213.180.203.51 - - [19/Jul/2025:20:45:42 +0000] "GET /item/point80524855/ HTTP/1.1" 404 9551 "-" "Mozilla/5.0 (compatible; YandexBot/3.0; +http://yandex.com/bots)"
209.74.77.214 - - [19/Jul/2025:20:47:28 +0000] "POST /wp-cron.php?doing_wp_cron=1752958048.8824150562286376953125 HTTP/1.1" 200 - "-" "WordPress/6.8.2; https://abl.academy"
212.34.137.118 - - [19/Jul/2025:20:47:27 +0000] "GET /lms-wordpress-plugin/ HTTP/1.0" 200 69394 "https://abl.academy/lms-wordpress-plugin/" "Mozilla/5.0 (Windows NT 10.0; Win64; x64) AppleWebKit/537.36 (KHTML, like Gecko) Chrome/129.0.0.0 Safari/537.36"
212.34.137.118 - - [19/Jul/2025:20:47:27 +0000] "GET /lms-wordpress-plugin/ HTTP/1.0" 200 69394 "https://abl.academy/lms-wordpress-plugin/" "Mozilla/5.0 (Windows NT 10.0; Win64; x64) AppleWebKit/537.36 (KHTML, like Gecko) Chrome/129.0.0.0 Safari/537.36"
212.34.137.118 - - [19/Jul/2025:20:47:29 +0000] "POST /wp-comments-post.php HTTP/1.0" 429 2586 "https://abl.academy/lms-wordpress-plugin/" "Mozilla/5.0 (Windows NT 10.0; Win64; x64) AppleWebKit/537.36 (KHTML, like Gecko) Chrome/129.0.0.0 Safari/537.36"
212.34.137.118 - - [19/Jul/2025:20:47:29 +0000] "POST /wp-comments-post.php HTTP/1.0" 302 - "https://abl.academy/lms-wordpress-plugin/" "Mozilla/5.0 (Windows NT 10.0; Win64; x64) AppleWebKit/537.36 (KHTML, like Gecko) Chrome/129.0.0.0 Safari/537.36"
