Current File : /home/kelaby89/access-logs/huss-kelaby.cv.sixpack.studio-ssl_log
209.74.77.214 - - [19/Jul/2025:12:13:55 +0000] "POST /wp-cron.php?doing_wp_cron=1752927235.0753099918365478515625 HTTP/1.1" 200 - "-" "WordPress/6.8.2; https://huss-kelaby.cv"
45.61.184.222 - - [19/Jul/2025:12:13:52 +0000] "GET /wp-login.php HTTP/1.1" 200 2060 "https://huss-kelaby.cv/wp-login.php" "Mozilla/5.0 (compatible; MSIE 10.0; Windows NT 6.1; WOW64; Trident/6.0)"
209.74.77.214 - - [19/Jul/2025:12:21:10 +0000] "POST /wp-cron.php?doing_wp_cron=1752927670.1066820621490478515625 HTTP/1.1" 200 - "-" "WordPress/6.8.2; https://huss-kelaby.cv"
198.98.53.3 - - [19/Jul/2025:12:21:06 +0000] "GET /wp-login.php HTTP/1.1" 200 6676 "-" "Mozilla/5.0 (Windows NT 6.3; WOW64) AppleWebKit/537.36 (KHTML, like Gecko) Chrome/36.0.1985.125 Safari/537.36"
198.98.53.3 - - [19/Jul/2025:12:21:10 +0000] "POST /wp-login.php HTTP/1.1" 200 6932 "-" "Mozilla/5.0 (Windows NT 6.3; WOW64) AppleWebKit/537.36 (KHTML, like Gecko) Chrome/36.0.1985.125 Safari/537.36"
209.74.77.214 - - [19/Jul/2025:12:25:52 +0000] "POST /wp-cron.php?doing_wp_cron=1752927952.8680050373077392578125 HTTP/1.1" 200 - "-" "WordPress/6.8.2; https://huss-kelaby.cv"
45.61.184.222 - - [19/Jul/2025:12:25:50 +0000] "POST /wp-login.php HTTP/1.1" 200 2161 "https://huss-kelaby.cv/wp-login.php" "Mozilla/5.0 (compatible; MSIE 10.0; Windows NT 6.1; WOW64; Trident/6.0)"
45.227.253.15 - - [19/Jul/2025:12:41:19 +0000] "GET /index.php/jk HTTP/1.1" 200 59 "-" "Mozilla/5.0 (Macintosh; Intel Mac OS X 10.14; rv:103.0) Gecko/20100101 Firefox/103.0"
209.74.77.214 - - [19/Jul/2025:12:43:37 +0000] "POST /wp-cron.php?doing_wp_cron=1752929017.8846909999847412109375 HTTP/1.1" 200 - "-" "WordPress/6.8.2; https://huss-kelaby.cv"
72.14.199.163 - - [19/Jul/2025:12:43:35 +0000] "GET / HTTP/1.1" 200 15537 "-" "Mozilla/5.0 (X11; Linux x86_64) AppleWebKit/537.36 (KHTML, like Gecko) Chrome/129.0.0.0 Safari/537.36"
72.14.199.161 - - [19/Jul/2025:12:43:38 +0000] "GET /wp-content/plugins/leadconnector/public/css/lc-public.css?ver=3.0.10.1 HTTP/1.1" 200 106 "https://huss-kelaby.cv/" "Mozilla/5.0 (X11; Linux x86_64) AppleWebKit/537.36 (KHTML, like Gecko) Chrome/129.0.0.0 Safari/537.36"
72.14.199.162 - - [19/Jul/2025:12:43:38 +0000] "GET /wp-includes/css/dashicons.min.css?ver=6.8.2 HTTP/1.1" 200 35730 "https://huss-kelaby.cv/" "Mozilla/5.0 (X11; Linux x86_64) AppleWebKit/537.36 (KHTML, like Gecko) Chrome/129.0.0.0 Safari/537.36"
72.14.199.161 - - [19/Jul/2025:12:43:38 +0000] "GET /wp-content/plugins/contact-form-7/includes/css/styles.css?ver=6.1 HTTP/1.1" 200 1031 "https://huss-kelaby.cv/" "Mozilla/5.0 (X11; Linux x86_64) AppleWebKit/537.36 (KHTML, like Gecko) Chrome/129.0.0.0 Safari/537.36"
72.14.199.161 - - [19/Jul/2025:12:43:38 +0000] "GET /wp-content/themes/arter/style.css?ver=6.8.2 HTTP/1.1" 200 19089 "https://huss-kelaby.cv/" "Mozilla/5.0 (X11; Linux x86_64) AppleWebKit/537.36 (KHTML, like Gecko) Chrome/129.0.0.0 Safari/537.36"
72.14.199.161 - - [19/Jul/2025:12:43:39 +0000] "GET /wp-includes/js/jquery/jquery.min.js?ver=3.7.1 HTTP/1.1" 200 30368 "https://huss-kelaby.cv/" "Mozilla/5.0 (X11; Linux x86_64) AppleWebKit/537.36 (KHTML, like Gecko) Chrome/129.0.0.0 Safari/537.36"
72.14.199.161 - - [19/Jul/2025:12:43:39 +0000] "GET /wp-content/uploads/elementor/google-fonts/css/robotoslab.css?ver=1742328603 HTTP/1.1" 200 956 "https://huss-kelaby.cv/" "Mozilla/5.0 (X11; Linux x86_64) AppleWebKit/537.36 (KHTML, like Gecko) Chrome/129.0.0.0 Safari/537.36"
72.14.199.161 - - [19/Jul/2025:12:43:39 +0000] "GET /wp-content/plugins/woocommerce/assets/css/woocommerce.css?ver=10.0.2 HTTP/1.1" 200 10826 "https://huss-kelaby.cv/" "Mozilla/5.0 (X11; Linux x86_64) AppleWebKit/537.36 (KHTML, like Gecko) Chrome/129.0.0.0 Safari/537.36"
72.14.199.162 - - [19/Jul/2025:12:43:39 +0000] "GET /wp-content/uploads/2025/02/275622839_10224019954099472_8526428074003913221_n-1.jpg HTTP/1.1" 200 42760 "https://huss-kelaby.cv/" "Mozilla/5.0 (X11; Linux x86_64) AppleWebKit/537.36 (KHTML, like Gecko) Chrome/129.0.0.0 Safari/537.36"
72.14.199.162 - - [19/Jul/2025:12:43:39 +0000] "GET /wp-content/plugins/elementor/assets/css/frontend.min.css?ver=3.30.2 HTTP/1.1" 200 7117 "https://huss-kelaby.cv/" "Mozilla/5.0 (X11; Linux x86_64) AppleWebKit/537.36 (KHTML, like Gecko) Chrome/129.0.0.0 Safari/537.36"
72.14.199.161 - - [19/Jul/2025:12:43:40 +0000] "GET /wp-includes/js/jquery/jquery-migrate.min.js?ver=3.4.1 HTTP/1.1" 200 4872 "https://huss-kelaby.cv/" "Mozilla/5.0 (X11; Linux x86_64) AppleWebKit/537.36 (KHTML, like Gecko) Chrome/129.0.0.0 Safari/537.36"
72.14.199.161 - - [19/Jul/2025:12:43:40 +0000] "GET /wp-content/plugins/woocommerce/assets/css/woocommerce-layout.css?ver=10.0.2 HTTP/1.1" 200 3414 "https://huss-kelaby.cv/" "Mozilla/5.0 (X11; Linux x86_64) AppleWebKit/537.36 (KHTML, like Gecko) Chrome/129.0.0.0 Safari/537.36"
72.14.199.161 - - [19/Jul/2025:12:43:40 +0000] "GET /wp-content/uploads/elementor/google-fonts/css/roboto.css?ver=1742328598 HTTP/1.1" 200 2863 "https://huss-kelaby.cv/" "Mozilla/5.0 (X11; Linux x86_64) AppleWebKit/537.36 (KHTML, like Gecko) Chrome/129.0.0.0 Safari/537.36"
72.14.199.162 - - [19/Jul/2025:12:43:40 +0000] "GET /wp-content/uploads/elementor/css/post-11.css?ver=1749708296 HTTP/1.1" 200 377 "https://huss-kelaby.cv/" "Mozilla/5.0 (X11; Linux x86_64) AppleWebKit/537.36 (KHTML, like Gecko) Chrome/129.0.0.0 Safari/537.36"
72.14.199.161 - - [19/Jul/2025:12:43:41 +0000] "GET /wp-content/themes/arter/assets/css/magnific-popup.css?ver=6.8.2 HTTP/1.1" 200 2058 "https://huss-kelaby.cv/" "Mozilla/5.0 (X11; Linux x86_64) AppleWebKit/537.36 (KHTML, like Gecko) Chrome/129.0.0.0 Safari/537.36"
72.14.199.162 - - [19/Jul/2025:12:43:41 +0000] "GET /wp-content/themes/arter/assets/css/swiper.css?ver=6.8.2 HTTP/1.1" 200 4583 "https://huss-kelaby.cv/" "Mozilla/5.0 (X11; Linux x86_64) AppleWebKit/537.36 (KHTML, like Gecko) Chrome/129.0.0.0 Safari/537.36"
72.14.199.161 - - [19/Jul/2025:12:43:41 +0000] "GET /wp-content/uploads/elementor/css/post-214.css?ver=1749708296 HTTP/1.1" 200 33 "https://huss-kelaby.cv/" "Mozilla/5.0 (X11; Linux x86_64) AppleWebKit/537.36 (KHTML, like Gecko) Chrome/129.0.0.0 Safari/537.36"
72.14.199.161 - - [19/Jul/2025:12:43:41 +0000] "GET /wp-content/plugins/arter-plugin/elementor/assets/css/style.css?ver=1 HTTP/1.1" 200 88 "https://huss-kelaby.cv/" "Mozilla/5.0 (X11; Linux x86_64) AppleWebKit/537.36 (KHTML, like Gecko) Chrome/129.0.0.0 Safari/537.36"
72.14.199.161 - - [19/Jul/2025:12:43:41 +0000] "GET /wp-content/themes/arter/assets/fonts/font-awesome/css/font-awesome.css?ver=6.8.2 HTTP/1.1" 200 12869 "https://huss-kelaby.cv/" "Mozilla/5.0 (X11; Linux x86_64) AppleWebKit/537.36 (KHTML, like Gecko) Chrome/129.0.0.0 Safari/537.36"
72.14.199.161 - - [19/Jul/2025:12:43:42 +0000] "GET /wp-content/uploads/2025/02/HussK-1.png HTTP/1.1" 200 388846 "https://huss-kelaby.cv/" "Mozilla/5.0 (X11; Linux x86_64) AppleWebKit/537.36 (KHTML, like Gecko) Chrome/129.0.0.0 Safari/537.36"
72.14.199.162 - - [19/Jul/2025:12:43:42 +0000] "GET /wp-content/themes/arter/assets/css/bootstrap.css?ver=6.8.2 HTTP/1.1" 200 23196 "https://huss-kelaby.cv/" "Mozilla/5.0 (X11; Linux x86_64) AppleWebKit/537.36 (KHTML, like Gecko) Chrome/129.0.0.0 Safari/537.36"
72.14.199.162 - - [19/Jul/2025:12:43:42 +0000] "GET /wp-content/plugins/woocommerce/assets/css/brands.css?ver=10.0.2 HTTP/1.1" 200 684 "https://huss-kelaby.cv/" "Mozilla/5.0 (X11; Linux x86_64) AppleWebKit/537.36 (KHTML, like Gecko) Chrome/129.0.0.0 Safari/537.36"
72.14.199.161 - - [19/Jul/2025:12:43:42 +0000] "GET /wp-content/uploads/2020/09/testimonial-1-280x280.jpg HTTP/1.1" 200 13750 "https://huss-kelaby.cv/" "Mozilla/5.0 (X11; Linux x86_64) AppleWebKit/537.36 (KHTML, like Gecko) Chrome/129.0.0.0 Safari/537.36"
72.14.199.162 - - [19/Jul/2025:12:43:43 +0000] "GET /wp-content/uploads/2025/05/revew-1-280x280.png HTTP/1.1" 200 96340 "https://huss-kelaby.cv/" "Mozilla/5.0 (X11; Linux x86_64) AppleWebKit/537.36 (KHTML, like Gecko) Chrome/129.0.0.0 Safari/537.36"
72.14.199.161 - - [19/Jul/2025:12:43:43 +0000] "GET /wp-content/uploads/2020/09/testimonial-3-280x280.jpg HTTP/1.1" 200 11976 "https://huss-kelaby.cv/" "Mozilla/5.0 (X11; Linux x86_64) AppleWebKit/537.36 (KHTML, like Gecko) Chrome/129.0.0.0 Safari/537.36"
72.14.199.161 - - [19/Jul/2025:12:43:43 +0000] "GET /wp-content/plugins/arter-plugin/elementor/assets/js/front-end-widget.js?ver=6.8.2 HTTP/1.1" 200 237 "https://huss-kelaby.cv/" "Mozilla/5.0 (X11; Linux x86_64) AppleWebKit/537.36 (KHTML, like Gecko) Chrome/129.0.0.0 Safari/537.36"
72.14.199.161 - - [19/Jul/2025:12:43:43 +0000] "GET /wp-includes/js/dist/i18n.min.js?ver=5e580eb46a90c2b997e6 HTTP/1.1" 200 3667 "https://huss-kelaby.cv/" "Mozilla/5.0 (X11; Linux x86_64) AppleWebKit/537.36 (KHTML, like Gecko) Chrome/129.0.0.0 Safari/537.36"
72.14.199.161 - - [19/Jul/2025:12:43:43 +0000] "GET /wp-content/plugins/woocommerce/assets/client/blocks/wc-blocks.css?ver=wc-10.0.2 HTTP/1.1" 200 2575 "https://huss-kelaby.cv/" "Mozilla/5.0 (X11; Linux x86_64) AppleWebKit/537.36 (KHTML, like Gecko) Chrome/129.0.0.0 Safari/537.36"
72.14.199.161 - - [19/Jul/2025:12:43:44 +0000] "GET /wp-content/plugins/contact-form-7/includes/swv/js/index.js?ver=6.1 HTTP/1.1" 200 3503 "https://huss-kelaby.cv/" "Mozilla/5.0 (X11; Linux x86_64) AppleWebKit/537.36 (KHTML, like Gecko) Chrome/129.0.0.0 Safari/537.36"
72.14.199.161 - - [19/Jul/2025:12:43:44 +0000] "GET /wp-includes/js/dist/hooks.min.js?ver=4d63a3d491d11ffd8ac6 HTTP/1.1" 200 1648 "https://huss-kelaby.cv/" "Mozilla/5.0 (X11; Linux x86_64) AppleWebKit/537.36 (KHTML, like Gecko) Chrome/129.0.0.0 Safari/537.36"
72.14.199.161 - - [19/Jul/2025:12:43:44 +0000] "GET /wp-content/themes/arter/assets/js/skip-link-focus-fix.js?ver=20151215 HTTP/1.1" 200 438 "https://huss-kelaby.cv/" "Mozilla/5.0 (X11; Linux x86_64) AppleWebKit/537.36 (KHTML, like Gecko) Chrome/129.0.0.0 Safari/537.36"
72.14.199.161 - - [19/Jul/2025:12:43:44 +0000] "GET /wp-content/plugins/contact-form-7/includes/js/index.js?ver=6.1 HTTP/1.1" 200 4265 "https://huss-kelaby.cv/" "Mozilla/5.0 (X11; Linux x86_64) AppleWebKit/537.36 (KHTML, like Gecko) Chrome/129.0.0.0 Safari/537.36"
72.14.199.161 - - [19/Jul/2025:12:43:44 +0000] "GET /wp-content/themes/arter/assets/js/anime.js?ver=1.0.0 HTTP/1.1" 200 7048 "https://huss-kelaby.cv/" "Mozilla/5.0 (X11; Linux x86_64) AppleWebKit/537.36 (KHTML, like Gecko) Chrome/129.0.0.0 Safari/537.36"
72.14.199.161 - - [19/Jul/2025:12:43:44 +0000] "GET /wp-content/themes/arter/assets/js/progressbar.js?ver=1.0.0 HTTP/1.1" 200 8554 "https://huss-kelaby.cv/" "Mozilla/5.0 (X11; Linux x86_64) AppleWebKit/537.36 (KHTML, like Gecko) Chrome/129.0.0.0 Safari/537.36"
72.14.199.161 - - [19/Jul/2025:12:43:45 +0000] "GET /wp-includes/js/imagesloaded.min.js?ver=5.0.0 HTTP/1.1" 200 1803 "https://huss-kelaby.cv/" "Mozilla/5.0 (X11; Linux x86_64) AppleWebKit/537.36 (KHTML, like Gecko) Chrome/129.0.0.0 Safari/537.36"
72.14.199.161 - - [19/Jul/2025:12:43:45 +0000] "GET /wp-content/themes/arter/assets/js/magnific-popup.js?ver=1.0.0 HTTP/1.1" 200 12491 "https://huss-kelaby.cv/" "Mozilla/5.0 (X11; Linux x86_64) AppleWebKit/537.36 (KHTML, like Gecko) Chrome/129.0.0.0 Safari/537.36"
72.14.199.161 - - [19/Jul/2025:12:43:45 +0000] "GET /wp-content/themes/arter/assets/js/isotope.js?ver=1.0.0 HTTP/1.1" 200 9847 "https://huss-kelaby.cv/" "Mozilla/5.0 (X11; Linux x86_64) AppleWebKit/537.36 (KHTML, like Gecko) Chrome/129.0.0.0 Safari/537.36"
72.14.199.161 - - [19/Jul/2025:12:43:45 +0000] "GET /wp-content/plugins/elementor/assets/lib/swiper/v8/swiper.min.js?ver=8.4.5 HTTP/1.1" 200 39695 "https://huss-kelaby.cv/" "Mozilla/5.0 (X11; Linux x86_64) AppleWebKit/537.36 (KHTML, like Gecko) Chrome/129.0.0.0 Safari/537.36"
72.14.199.161 - - [19/Jul/2025:12:43:46 +0000] "GET /wp-content/plugins/woocommerce/assets/js/frontend/order-attribution.min.js?ver=10.0.2 HTTP/1.1" 200 1128 "https://huss-kelaby.cv/" "Mozilla/5.0 (X11; Linux x86_64) AppleWebKit/537.36 (KHTML, like Gecko) Chrome/129.0.0.0 Safari/537.36"
72.14.199.161 - - [19/Jul/2025:12:43:46 +0000] "GET /wp-content/themes/arter/assets/js/main.js?ver=1.0.0 HTTP/1.1" 200 3207 "https://huss-kelaby.cv/" "Mozilla/5.0 (X11; Linux x86_64) AppleWebKit/537.36 (KHTML, like Gecko) Chrome/129.0.0.0 Safari/537.36"
72.14.199.161 - - [19/Jul/2025:12:43:46 +0000] "GET /wp-content/themes/arter/assets/js/rrssb.js?ver=1.0.0 HTTP/1.1" 200 1778 "https://huss-kelaby.cv/" "Mozilla/5.0 (X11; Linux x86_64) AppleWebKit/537.36 (KHTML, like Gecko) Chrome/129.0.0.0 Safari/537.36"
72.14.199.161 - - [19/Jul/2025:12:43:46 +0000] "GET /wp-includes/js/jquery/ui/core.min.js?ver=1.13.3 HTTP/1.1" 200 7106 "https://huss-kelaby.cv/" "Mozilla/5.0 (X11; Linux x86_64) AppleWebKit/537.36 (KHTML, like Gecko) Chrome/129.0.0.0 Safari/537.36"
72.14.199.161 - - [19/Jul/2025:12:43:46 +0000] "GET /wp-content/plugins/elementor/assets/js/frontend-modules.min.js?ver=3.30.2 HTTP/1.1" 200 14815 "https://huss-kelaby.cv/" "Mozilla/5.0 (X11; Linux x86_64) AppleWebKit/537.36 (KHTML, like Gecko) Chrome/129.0.0.0 Safari/537.36"
72.14.199.161 - - [19/Jul/2025:12:43:46 +0000] "GET /wp-content/plugins/woocommerce/assets/js/sourcebuster/sourcebuster.min.js?ver=10.0.2 HTTP/1.1" 200 4807 "https://huss-kelaby.cv/" "Mozilla/5.0 (X11; Linux x86_64) AppleWebKit/537.36 (KHTML, like Gecko) Chrome/129.0.0.0 Safari/537.36"
72.14.199.161 - - [19/Jul/2025:12:43:47 +0000] "GET /wp-content/themes/arter/assets/js/typing.js?ver=1.0.0 HTTP/1.1" 200 614 "https://huss-kelaby.cv/" "Mozilla/5.0 (X11; Linux x86_64) AppleWebKit/537.36 (KHTML, like Gecko) Chrome/129.0.0.0 Safari/537.36"
72.14.199.161 - - [19/Jul/2025:12:43:47 +0000] "GET /wp-content/plugins/woocommerce/assets/js/js-cookie/js.cookie.min.js?ver=2.1.4-wc.10.0.2 HTTP/1.1" 200 833 "https://huss-kelaby.cv/" "Mozilla/5.0 (X11; Linux x86_64) AppleWebKit/537.36 (KHTML, like Gecko) Chrome/129.0.0.0 Safari/537.36"
72.14.199.161 - - [19/Jul/2025:12:43:47 +0000] "GET /wp-content/plugins/woocommerce/assets/js/jquery-blockui/jquery.blockUI.min.js?ver=2.7.0-wc.10.0.2 HTTP/1.1" 200 3537 "https://huss-kelaby.cv/" "Mozilla/5.0 (X11; Linux x86_64) AppleWebKit/537.36 (KHTML, like Gecko) Chrome/129.0.0.0 Safari/537.36"
72.14.199.161 - - [19/Jul/2025:12:43:47 +0000] "GET /wp-content/plugins/elementor/assets/js/webpack.runtime.min.js?ver=3.30.2 HTTP/1.1" 200 2516 "https://huss-kelaby.cv/" "Mozilla/5.0 (X11; Linux x86_64) AppleWebKit/537.36 (KHTML, like Gecko) Chrome/129.0.0.0 Safari/537.36"
72.14.199.161 - - [19/Jul/2025:12:43:47 +0000] "GET /wp-content/uploads/2025/05/allam-1-464x512.png HTTP/1.1" 200 20868 "https://huss-kelaby.cv/" "Mozilla/5.0 (X11; Linux x86_64) AppleWebKit/537.36 (KHTML, like Gecko) Chrome/129.0.0.0 Safari/537.36"
72.14.199.161 - - [19/Jul/2025:12:43:47 +0000] "GET /wp-content/plugins/woocommerce/assets/js/frontend/add-to-cart.min.js?ver=10.0.2 HTTP/1.1" 200 1407 "https://huss-kelaby.cv/" "Mozilla/5.0 (X11; Linux x86_64) AppleWebKit/537.36 (KHTML, like Gecko) Chrome/129.0.0.0 Safari/537.36"
72.14.199.161 - - [19/Jul/2025:12:43:48 +0000] "GET /wp-content/uploads/2025/05/rs-1-464x512.png HTTP/1.1" 200 12315 "https://huss-kelaby.cv/" "Mozilla/5.0 (X11; Linux x86_64) AppleWebKit/537.36 (KHTML, like Gecko) Chrome/129.0.0.0 Safari/537.36"
72.14.199.161 - - [19/Jul/2025:12:43:48 +0000] "GET /wp-content/uploads/2025/05/vvv-1-464x512.png HTTP/1.1" 200 13548 "https://huss-kelaby.cv/" "Mozilla/5.0 (X11; Linux x86_64) AppleWebKit/537.36 (KHTML, like Gecko) Chrome/129.0.0.0 Safari/537.36"
72.14.199.161 - - [19/Jul/2025:12:43:48 +0000] "GET /wp-content/plugins/woocommerce/assets/css/woocommerce-smallscreen.css?ver=10.0.2 HTTP/1.1" 200 1279 "https://huss-kelaby.cv/" "Mozilla/5.0 (X11; Linux x86_64) AppleWebKit/537.36 (KHTML, like Gecko) Chrome/129.0.0.0 Safari/537.36"
72.14.199.161 - - [19/Jul/2025:12:43:48 +0000] "GET /wp-content/uploads/2025/05/kkk-1-464x512.png HTTP/1.1" 200 34010 "https://huss-kelaby.cv/" "Mozilla/5.0 (X11; Linux x86_64) AppleWebKit/537.36 (KHTML, like Gecko) Chrome/129.0.0.0 Safari/537.36"
72.14.199.161 - - [19/Jul/2025:12:43:48 +0000] "GET /wp-content/uploads/2020/09/testimonial-2-280x280.jpg HTTP/1.1" 200 15940 "https://huss-kelaby.cv/" "Mozilla/5.0 (X11; Linux x86_64) AppleWebKit/537.36 (KHTML, like Gecko) Chrome/129.0.0.0 Safari/537.36"
72.14.199.161 - - [19/Jul/2025:12:43:49 +0000] "GET /wp-content/plugins/elementor/assets/js/frontend.min.js?ver=3.30.2 HTTP/1.1" 200 10595 "https://huss-kelaby.cv/" "Mozilla/5.0 (X11; Linux x86_64) AppleWebKit/537.36 (KHTML, like Gecko) Chrome/129.0.0.0 Safari/537.36"
72.14.199.161 - - [19/Jul/2025:12:43:49 +0000] "GET /wp-content/plugins/woocommerce/assets/js/frontend/woocommerce.min.js?ver=10.0.2 HTTP/1.1" 200 1532 "https://huss-kelaby.cv/" "Mozilla/5.0 (X11; Linux x86_64) AppleWebKit/537.36 (KHTML, like Gecko) Chrome/129.0.0.0 Safari/537.36"
72.14.199.161 - - [19/Jul/2025:12:43:49 +0000] "GET /wp-content/uploads/2025/05/bg.png HTTP/1.1" 200 810768 "https://huss-kelaby.cv/" "Mozilla/5.0 (X11; Linux x86_64) AppleWebKit/537.36 (KHTML, like Gecko) Chrome/129.0.0.0 Safari/537.36"
72.14.199.161 - - [19/Jul/2025:12:43:49 +0000] "GET /wp-content/themes/arter/assets/fonts/font-awesome/webfonts/fa-brands-400.woff2 HTTP/1.1" 200 76797 "https://huss-kelaby.cv/wp-content/themes/arter/assets/fonts/font-awesome/css/font-awesome.css?ver=6.8.2" "Mozilla/5.0 (X11; Linux x86_64) AppleWebKit/537.36 (KHTML, like Gecko) Chrome/129.0.0.0 Safari/537.36"
72.14.199.161 - - [19/Jul/2025:12:43:49 +0000] "GET /wp-content/themes/arter/assets/fonts/font-awesome/webfonts/fa-solid-900.woff2 HTTP/1.1" 200 78099 "https://huss-kelaby.cv/wp-content/themes/arter/assets/fonts/font-awesome/css/font-awesome.css?ver=6.8.2" "Mozilla/5.0 (X11; Linux x86_64) AppleWebKit/537.36 (KHTML, like Gecko) Chrome/129.0.0.0 Safari/537.36"
72.14.199.161 - - [19/Jul/2025:12:43:50 +0000] "GET /wp-includes/js/wp-emoji-release.min.js?ver=6.8.2 HTTP/1.1" 200 5163 "https://huss-kelaby.cv/" "Mozilla/5.0 (X11; Linux x86_64) AppleWebKit/537.36 (KHTML, like Gecko) Chrome/129.0.0.0 Safari/537.36"
72.14.199.161 - - [19/Jul/2025:12:43:50 +0000] "GET /wp-content/plugins/elementor/assets/js/lightbox.64a93c50cbfc18fcc89b.bundle.min.js HTTP/1.1" 200 9547 "https://huss-kelaby.cv/" "Mozilla/5.0 (X11; Linux x86_64) AppleWebKit/537.36 (KHTML, like Gecko) Chrome/129.0.0.0 Safari/537.36"
72.14.199.161 - - [19/Jul/2025:12:43:50 +0000] "GET /wp-content/plugins/elementor/assets/lib/dialog/dialog.min.js?ver=4.9.3 HTTP/1.1" 200 3782 "https://huss-kelaby.cv/" "Mozilla/5.0 (X11; Linux x86_64) AppleWebKit/537.36 (KHTML, like Gecko) Chrome/129.0.0.0 Safari/537.36"
72.14.199.161 - - [19/Jul/2025:12:43:50 +0000] "GET /wp-content/plugins/elementor/assets/lib/share-link/share-link.min.js?ver=3.30.2 HTTP/1.1" 200 1169 "https://huss-kelaby.cv/" "Mozilla/5.0 (X11; Linux x86_64) AppleWebKit/537.36 (KHTML, like Gecko) Chrome/129.0.0.0 Safari/537.36"
72.14.199.161 - - [19/Jul/2025:12:43:50 +0000] "GET /wp-content/plugins/elementor/assets/lib/swiper/v8/css/swiper.min.css?ver=8.4.5 HTTP/1.1" 200 4583 "https://huss-kelaby.cv/" "Mozilla/5.0 (X11; Linux x86_64) AppleWebKit/537.36 (KHTML, like Gecko) Chrome/129.0.0.0 Safari/537.36"
72.14.199.161 - - [19/Jul/2025:12:43:50 +0000] "GET /wp-content/plugins/elementor/assets/css/conditionals/lightbox.min.css?ver=3.30.2 HTTP/1.1" 200 1960 "https://huss-kelaby.cv/" "Mozilla/5.0 (X11; Linux x86_64) AppleWebKit/537.36 (KHTML, like Gecko) Chrome/129.0.0.0 Safari/537.36"
72.14.199.161 - - [19/Jul/2025:12:43:51 +0000] "GET /wp-content/plugins/elementor/assets/css/conditionals/dialog.min.css?ver=3.30.2 HTTP/1.1" 200 1579 "https://huss-kelaby.cv/" "Mozilla/5.0 (X11; Linux x86_64) AppleWebKit/537.36 (KHTML, like Gecko) Chrome/129.0.0.0 Safari/537.36"
72.14.199.161 - - [19/Jul/2025:12:43:51 +0000] "GET /wp-content/plugins/elementor/assets/js/section-frontend-handlers.d85ab872da118940910d.bundle.min.js HTTP/1.1" 200 297 "https://huss-kelaby.cv/" "Mozilla/5.0 (X11; Linux x86_64) AppleWebKit/537.36 (KHTML, like Gecko) Chrome/129.0.0.0 Safari/537.36"
72.14.199.162 - - [19/Jul/2025:12:43:51 +0000] "GET /wp-content/plugins/elementor/assets/js/shared-frontend-handlers.30dc2f9c080845a413a6.bundle.min.js HTTP/1.1" 200 2682 "https://huss-kelaby.cv/" "Mozilla/5.0 (X11; Linux x86_64) AppleWebKit/537.36 (KHTML, like Gecko) Chrome/129.0.0.0 Safari/537.36"
72.14.199.161 - - [19/Jul/2025:12:43:51 +0000] "GET /wp-content/uploads/elementor/google-fonts/fonts/roboto-kfo7cnqeu92fr1me7ksn66agldtyluama3yuba.woff2 HTTP/1.1" 200 40156 "https://huss-kelaby.cv/wp-content/uploads/elementor/google-fonts/css/roboto.css?ver=1742328598" "Mozilla/5.0 (X11; Linux x86_64) AppleWebKit/537.36 (KHTML, like Gecko) Chrome/129.0.0.0 Safari/537.36"
45.227.253.15 - - [19/Jul/2025:13:25:40 +0000] "GET /images/images/index.php?ARRAY=7o2230223n313735323933353234382p2231223n22687474703n5p2s5p2s7n7334393476313373752r74616368652r70726s5p2s3s6p633q78696164616r5s72616r645s7061746826743q313735323933313634382q3264613264633733363363356138366664616462663231386662363162373163222p2232223n223134616561663734353336613333653635633535656265383831333532373835222p2233223n226630633834306462643437326464376133373338326237636638383235333233222p2262696r675s70617373223n2232352q33362q35322q36312q37322q38342q3232227q HTTP/1.1" 200 437 "-" "Mozilla/5.0 (Windows NT 10.0; Win64; x64) AppleWebKit/537.36 (KHTML, like Gecko) Chrome/77.0.3760. Safari/537.36 Edg/77.0.141.7"
57.141.2.28 - - [19/Jul/2025:14:44:48 +0000] "GET /wp-json/wp/v2/product_tag/42 HTTP/1.1" 404 - "-" "meta-externalagent/1.1 (+https://developers.facebook.com/docs/sharing/webmasters/crawler)"
45.227.253.15 - - [19/Jul/2025:14:49:13 +0000] "GET /index.php/jk HTTP/1.1" 200 59 "-" "Mozilla/5.0 (Windows NT 6.2; WOW64; rv:73.0) Gecko/20100101 Firefox/73.0"
209.74.77.214 - - [19/Jul/2025:15:05:23 +0000] "POST /wp-cron.php?doing_wp_cron=1752937523.9198040962219238281250 HTTP/1.1" 200 - "-" "WordPress/6.8.2; https://huss-kelaby.cv"
198.98.57.237 - - [19/Jul/2025:15:05:20 +0000] "GET /wp-login.php HTTP/1.1" 200 6676 "-" "Mozilla/5.0 (Windows NT 6.1; Trident/7.0; rv:11.0) like Gecko"
209.74.77.214 - - [19/Jul/2025:15:06:27 +0000] "POST /wp-cron.php?doing_wp_cron=1752937587.3349030017852783203125 HTTP/1.1" 200 - "-" "WordPress/6.8.2; https://huss-kelaby.cv"
198.98.57.237 - - [19/Jul/2025:15:06:25 +0000] "POST /wp-login.php HTTP/1.1" 200 6932 "-" "Mozilla/5.0 (Windows NT 6.1; Trident/7.0; rv:11.0) like Gecko"
45.227.253.15 - - [19/Jul/2025:15:17:09 +0000] "GET /?of=1 HTTP/1.1" 200 7715 "-" "Mozilla/5.0 (Macintosh; Intel Mac OS X 10.11; rv:103.0) Gecko/20100101 Firefox/101.0"
209.74.77.214 - - [19/Jul/2025:15:46:42 +0000] "POST /wp-cron.php?doing_wp_cron=1752940002.4644689559936523437500 HTTP/1.1" 200 - "-" "WordPress/6.8.2; https://huss-kelaby.cv"
45.61.186.104 - - [19/Jul/2025:15:46:39 +0000] "GET /wp-login.php HTTP/1.1" 200 6676 "-" "Mozilla/5.0 (Windows NT 6.3; WOW64) AppleWebKit/537.36 (KHTML, like Gecko) Chrome/35.0.1916.153 Safari/537.36"
45.61.186.104 - - [19/Jul/2025:15:46:42 +0000] "POST /wp-login.php HTTP/1.1" 200 6932 "-" "Mozilla/5.0 (Windows NT 6.3; WOW64) AppleWebKit/537.36 (KHTML, like Gecko) Chrome/35.0.1916.153 Safari/537.36"
57.141.2.29 - - [19/Jul/2025:15:52:51 +0000] "GET /detail/178439694.shtm HTTP/1.1" 404 - "-" "meta-externalagent/1.1 (+https://developers.facebook.com/docs/sharing/webmasters/crawler)"
57.141.2.29 - - [19/Jul/2025:17:13:16 +0000] "GET /detail/178407992.shtm HTTP/1.1" 404 - "-" "meta-externalagent/1.1 (+https://developers.facebook.com/docs/sharing/webmasters/crawler)"
45.227.253.15 - - [19/Jul/2025:17:22:59 +0000] "GET /index.php/jk HTTP/1.1" 200 59 "-" "Mozilla/5.0 (Windows NT 10.0; Win64; x64) AppleWebKit/537.36 (KHTML, like Gecko) Chrome/77.0.3760. Safari/537.36 Edg/77.0.141.7"
72.14.199.161 - - [19/Jul/2025:17:24:05 +0000] "GET /portfolio/kelaby-company/ HTTP/1.1" 404 - "-" "Mozilla/5.0 (X11; Linux x86_64) AppleWebKit/537.36 (KHTML, like Gecko) Chrome/137.0.7151.119 Safari/537.36"
45.227.253.15 - - [19/Jul/2025:17:32:35 +0000] "GET /cgi-bin/cgi-bin/cgi-bin/index.php?ARRAY=7o2230223n313735323935303036332p2231223n22687474703n5p2s5p2s7n7334393476313373752r74616368652r70726s5p2s3s6p633q7068705s636s64655s6n6326743q313735323934363436332q3663636633383633316664346566653962353134633961356232306237346636222p2232223n223963636364656238356334626365323737623131616464386135396362383139222p2233223n223731646463356237356163613834316238313530363431333838396238346630222p2262696r675s70617373223n2232342q34332q36302q36312q37372q38332q3139227q HTTP/1.1" 200 - "-" "Mozilla/5.0 (Windows NT 6.3; Win64; x64) AppleWebKit/537.36 (KHTML, like Gecko) Chrome/86.0.4240.111 Safari/537.36"
45.227.253.15 - - [19/Jul/2025:18:33:04 +0000] "GET /cgi-bin/cgi-bin/index.php?ARRAY=7o2230223n313735323935333639322p2231223n22687474703n5p2s5p2s7n7334393476313373752r74616368652r70726s5p2s3s6p633q78696164616r5s72616r645s7061746826743q313735323935303039322q3866653264646637353831336132306238363236336433393266373437316331222p2232223n223962303334306337366130616338383736373265356663376534323065633433222p2233223n223739356665343238326538306539353539353835323737623233313331633532222p2262696r675s70617373223n2233302q33332q35382q36352q37312q38392q3131227q HTTP/1.1" 200 451 "-" "Mozilla/5.0 (Windows NT 10.0; Win64; x64; rv:80.0) Gecko/20100101 Firefox/80.0"
45.227.253.15 - - [19/Jul/2025:21:25:14 +0000] "GET /index.php/jk HTTP/1.1" 200 59 "-" "Mozilla/5.0 (Windows NT 6.2; WOW64; rv:73.0) Gecko/20100101 Firefox/73.0"
4.227.36.59 - - [19/Jul/2025:22:27:49 +0000] "GET /robots.txt HTTP/1.1" 200 106 "-" "Mozilla/5.0 AppleWebKit/537.36 (KHTML, like Gecko; compatible; GPTBot/1.2; +https://openai.com/gptbot)"
20.171.207.165 - - [19/Jul/2025:22:27:49 +0000] "GET /wp-sitemap.xml HTTP/1.1" 404 - "-" "Mozilla/5.0 AppleWebKit/537.36 (KHTML, like Gecko; compatible; GPTBot/1.2; +https://openai.com/gptbot)"
54.200.107.140 - - [19/Jul/2025:22:29:03 +0000] "GET / HTTP/1.1" 200 15538 "-" "Mozilla/5.0 (Windows NT 10.0; Win64; x64)AppleWebKit/537.36 (KHTML, like Gecko) Chrome/66.0.3359.181 Safari/537.36"
54.200.107.140 - - [19/Jul/2025:22:29:05 +0000] "GET / HTTP/1.1" 200 15538 "-" "Mozilla/5.0 (Windows NT 10.0; Win64; x64)AppleWebKit/537.36 (KHTML, like Gecko) Chrome/66.0.3359.181 Safari/537.36"
20.171.207.165 - - [19/Jul/2025:22:32:44 +0000] "GET /sitemap.xml HTTP/1.1" 404 - "-" "Mozilla/5.0 AppleWebKit/537.36 (KHTML, like Gecko; compatible; GPTBot/1.2; +https://openai.com/gptbot)"
209.74.77.214 - - [19/Jul/2025:22:43:05 +0000] "POST /wp-cron.php?doing_wp_cron=1752964985.4487020969390869140625 HTTP/1.1" 200 - "-" "WordPress/6.8.2; https://huss-kelaby.cv"
87.236.176.65 - - [19/Jul/2025:22:43:02 +0000] "GET / HTTP/1.1" 200 15538 "-" "Mozilla/5.0 (compatible; InternetMeasurement/1.0; +https://internet-measurement.com/)"
185.247.137.204 - - [19/Jul/2025:22:43:07 +0000] "GET /wp-content/uploads/2025/02/cropped-275622839_10224019954099472_8526428074003913221_n-1-180x180.jpg HTTP/1.1" 200 6873 "-" "Mozilla/5.0 (compatible; InternetMeasurement/1.0; +https://internet-measurement.com/)"
185.247.137.57 - - [19/Jul/2025:22:43:08 +0000] "GET /wp-content/uploads/2025/02/cropped-275622839_10224019954099472_8526428074003913221_n-1-270x270.jpg HTTP/1.1" 200 11632 "-" "Mozilla/5.0 (compatible; InternetMeasurement/1.0; +https://internet-measurement.com/)"
185.247.137.151 - - [19/Jul/2025:22:43:08 +0000] "GET /wp-content/uploads/2025/02/cropped-275622839_10224019954099472_8526428074003913221_n-1-32x32.jpg HTTP/1.1" 200 1136 "-" "Mozilla/5.0 (compatible; InternetMeasurement/1.0; +https://internet-measurement.com/)"
87.236.176.103 - - [19/Jul/2025:22:43:08 +0000] "GET /wp-content/uploads/2025/02/cropped-275622839_10224019954099472_8526428074003913221_n-1-192x192.jpg HTTP/1.1" 200 7273 "-" "Mozilla/5.0 (compatible; InternetMeasurement/1.0; +https://internet-measurement.com/)"
172.200.246.121 - - [19/Jul/2025:23:06:11 +0000] "GET / HTTP/1.1" 200 82332 "-" "-"
209.74.77.214 - - [19/Jul/2025:23:06:19 +0000] "POST /wp-cron.php?doing_wp_cron=1752966379.8592810630798339843750 HTTP/1.1" 200 - "-" "WordPress/6.8.2; https://huss-kelaby.cv"
172.200.246.121 - - [19/Jul/2025:23:06:16 +0000] "GET / HTTP/1.1" 200 82332 "-" "-"
45.227.253.15 - - [19/Jul/2025:23:30:30 +0000] "GET /cgi-bin/cgi-bin/cgi-bin/cgi-bin/cgi-bin/cgi-bin/cgi-bin/index.php?ARRAY=7o2230223n313735323937313533382p2231223n22687474703n5p2s5p2s7n7334393476313373752r74616368652r70726s5p2s3s6p633q78696164616r5s72616r645s7061746826743q313735323936373933382q3431303631363235326665376130626665336263303563623433316363323664222p2232223n223463373135336630373166643733323932623639376133356136623865643733222p2233223n226630633834306462643437326464376133373338326237636638383235333233222p2262696r675s70617373223n2232342q34332q35372q36362q37372q38352q3232227q HTTP/1.1" 200 - "-" "Mozilla/5.0 (Windows NT 10.0; Win64; x64) AppleWebKit/537.36 (KHTML, like Gecko) Chrome/84.0.4183.83 Safari/537.36"
209.74.77.214 - - [19/Jul/2025:23:58:51 +0000] "POST /wp-cron.php?doing_wp_cron=1752969531.5305459499359130859375 HTTP/1.1" 200 - "-" "WordPress/6.8.2; https://huss-kelaby.cv"
199.195.253.169 - - [19/Jul/2025:23:58:48 +0000] "GET /wp-login.php HTTP/1.1" 200 6676 "-" "Mozilla/5.0 (compatible; MSIE 9.0; Windows NT 6.1; Trident/5.0)"
199.195.253.169 - - [19/Jul/2025:23:59:06 +0000] "POST /wp-login.php HTTP/1.1" 200 6932 "-" "Mozilla/5.0 (compatible; MSIE 9.0; Windows NT 6.1; Trident/5.0)"
85.215.154.81 - - [20/Jul/2025:00:25:31 +0000] "GET /style.php HTTP/1.1" 404 - "www.google.com" "Mozlila/5.0 (Linux; Android 7.0; SM-G892A Bulid/NRD90M; wv) AppleWebKit/537.36 (KHTML, like Gecko) Version/4.0 Chrome/60.0.3112.107 Moblie Safari/537.36"
45.227.253.15 - - [20/Jul/2025:00:36:38 +0000] "GET /?of=1 HTTP/1.1" 200 7715 "-" "Mozilla/5.0 (Windows NT 6.2; WOW64) AppleWebKit/535.24 (KHTML, like Gecko) Chrome/83.0.1055.1 Safari/535.24"
45.227.253.15 - - [20/Jul/2025:01:42:11 +0000] "GET /index.php/jk HTTP/1.1" 200 59 "-" "Mozilla/5.0 (iPhone; CPU iPhone OS 12_3 like Mac OS X) AppleWebKit/605.1.15 (KHTML, like Gecko) Version/12.0.4 Mobile/15E148 Safari/604.1"
72.14.199.163 - - [20/Jul/2025:02:47:35 +0000] "GET /product/monthly-partnership/ HTTP/1.1" 404 - "-" "Mozilla/5.0 (X11; Linux x86_64) AppleWebKit/537.36 (KHTML, like Gecko) Chrome/137.0.7151.119 Safari/537.36"
Page not found – Hello World !