20.171.207.57 - - [19/Jul/2025:18:33:46 +0000] "GET /detail/937092895 HTTP/1.1" 404 16431 "-" "Mozilla/5.0 AppleWebKit/537.36 (KHTML, like Gecko; compatible; GPTBot/1.2; +https://openai.com/gptbot)"
20.171.207.57 - - [19/Jul/2025:18:33:48 +0000] "GET /detail/937110274 HTTP/1.1" 404 16431 "-" "Mozilla/5.0 AppleWebKit/537.36 (KHTML, like Gecko; compatible; GPTBot/1.2; +https://openai.com/gptbot)"
20.171.207.57 - - [19/Jul/2025:18:33:51 +0000] "GET /detail/937144711 HTTP/1.1" 404 16431 "-" "Mozilla/5.0 AppleWebKit/537.36 (KHTML, like Gecko; compatible; GPTBot/1.2; +https://openai.com/gptbot)"
20.171.207.57 - - [19/Jul/2025:18:33:57 +0000] "GET /detail/937029173 HTTP/1.1" 404 16432 "-" "Mozilla/5.0 AppleWebKit/537.36 (KHTML, like Gecko; compatible; GPTBot/1.2; +https://openai.com/gptbot)"
209.74.77.214 - - [19/Jul/2025:18:34:03 +0000] "POST /wp-cron.php?doing_wp_cron=1752950043.1450378894805908203125 HTTP/1.1" 200 - "-" "WordPress/6.8.2; https://kelaby.company"
20.171.207.57 - - [19/Jul/2025:18:34:02 +0000] "GET /detail/937175488 HTTP/1.1" 404 16431 "-" "Mozilla/5.0 AppleWebKit/537.36 (KHTML, like Gecko; compatible; GPTBot/1.2; +https://openai.com/gptbot)"
20.171.207.57 - - [19/Jul/2025:18:34:11 +0000] "GET /detail/936712638 HTTP/1.1" 404 16431 "-" "Mozilla/5.0 AppleWebKit/537.36 (KHTML, like Gecko; compatible; GPTBot/1.2; +https://openai.com/gptbot)"
20.171.207.57 - - [19/Jul/2025:18:34:14 +0000] "GET /detail/937152570 HTTP/1.1" 404 16431 "-" "Mozilla/5.0 AppleWebKit/537.36 (KHTML, like Gecko; compatible; GPTBot/1.2; +https://openai.com/gptbot)"
20.171.207.57 - - [19/Jul/2025:18:34:16 +0000] "GET /detail/937110274 HTTP/1.1" 404 16431 "-" "Mozilla/5.0 AppleWebKit/537.36 (KHTML, like Gecko; compatible; GPTBot/1.2; +https://openai.com/gptbot)"
20.171.207.57 - - [19/Jul/2025:18:34:25 +0000] "GET /detail/936911377 HTTP/1.1" 404 16431 "-" "Mozilla/5.0 AppleWebKit/537.36 (KHTML, like Gecko; compatible; GPTBot/1.2; +https://openai.com/gptbot)"
20.171.207.57 - - [19/Jul/2025:18:34:33 +0000] "GET /detail/936761095 HTTP/1.1" 404 16431 "-" "Mozilla/5.0 AppleWebKit/537.36 (KHTML, like Gecko; compatible; GPTBot/1.2; +https://openai.com/gptbot)"
20.171.207.57 - - [19/Jul/2025:18:34:45 +0000] "GET /detail/936712638 HTTP/1.1" 404 16432 "-" "Mozilla/5.0 AppleWebKit/537.36 (KHTML, like Gecko; compatible; GPTBot/1.2; +https://openai.com/gptbot)"
20.171.207.57 - - [19/Jul/2025:18:34:50 +0000] "GET /detail/936960378 HTTP/1.1" 404 16431 "-" "Mozilla/5.0 AppleWebKit/537.36 (KHTML, like Gecko; compatible; GPTBot/1.2; +https://openai.com/gptbot)"
209.74.77.214 - - [19/Jul/2025:18:35:03 +0000] "POST /wp-cron.php?doing_wp_cron=1752950102.8611810207366943359375 HTTP/1.1" 200 - "-" "WordPress/6.8.2; https://kelaby.company"
20.171.207.57 - - [19/Jul/2025:18:35:02 +0000] "GET /detail/936702375 HTTP/1.1" 404 16432 "-" "Mozilla/5.0 AppleWebKit/537.36 (KHTML, like Gecko; compatible; GPTBot/1.2; +https://openai.com/gptbot)"
20.171.207.57 - - [19/Jul/2025:18:35:07 +0000] "GET /detail/937002873 HTTP/1.1" 404 16431 "-" "Mozilla/5.0 AppleWebKit/537.36 (KHTML, like Gecko; compatible; GPTBot/1.2; +https://openai.com/gptbot)"
20.171.207.57 - - [19/Jul/2025:18:35:19 +0000] "GET /detail/936702990 HTTP/1.1" 404 16432 "-" "Mozilla/5.0 AppleWebKit/537.36 (KHTML, like Gecko; compatible; GPTBot/1.2; +https://openai.com/gptbot)"
20.171.207.57 - - [19/Jul/2025:18:35:22 +0000] "GET /detail/936689896 HTTP/1.1" 404 16432 "-" "Mozilla/5.0 AppleWebKit/537.36 (KHTML, like Gecko; compatible; GPTBot/1.2; +https://openai.com/gptbot)"
20.171.207.57 - - [19/Jul/2025:18:35:24 +0000] "GET /detail/936675929 HTTP/1.1" 404 16431 "-" "Mozilla/5.0 AppleWebKit/537.36 (KHTML, like Gecko; compatible; GPTBot/1.2; +https://openai.com/gptbot)"
20.171.207.57 - - [19/Jul/2025:18:35:27 +0000] "GET /detail/937114515 HTTP/1.1" 404 16432 "-" "Mozilla/5.0 AppleWebKit/537.36 (KHTML, like Gecko; compatible; GPTBot/1.2; +https://openai.com/gptbot)"
20.171.207.57 - - [19/Jul/2025:18:35:33 +0000] "GET /detail/936993712 HTTP/1.1" 404 16431 "-" "Mozilla/5.0 AppleWebKit/537.36 (KHTML, like Gecko; compatible; GPTBot/1.2; +https://openai.com/gptbot)"
20.171.207.57 - - [19/Jul/2025:18:35:36 +0000] "GET /detail/936825544 HTTP/1.1" 404 16432 "-" "Mozilla/5.0 AppleWebKit/537.36 (KHTML, like Gecko; compatible; GPTBot/1.2; +https://openai.com/gptbot)"
20.171.207.57 - - [19/Jul/2025:18:35:38 +0000] "GET /detail/937109232 HTTP/1.1" 404 16432 "-" "Mozilla/5.0 AppleWebKit/537.36 (KHTML, like Gecko; compatible; GPTBot/1.2; +https://openai.com/gptbot)"
20.171.207.57 - - [19/Jul/2025:18:35:41 +0000] "GET /detail/936838023 HTTP/1.1" 404 16431 "-" "Mozilla/5.0 AppleWebKit/537.36 (KHTML, like Gecko; compatible; GPTBot/1.2; +https://openai.com/gptbot)"
20.171.207.57 - - [19/Jul/2025:18:35:50 +0000] "GET /detail/936689896 HTTP/1.1" 404 16432 "-" "Mozilla/5.0 AppleWebKit/537.36 (KHTML, like Gecko; compatible; GPTBot/1.2; +https://openai.com/gptbot)"
20.171.207.57 - - [19/Jul/2025:18:36:10 +0000] "GET /detail/936797365 HTTP/1.1" 404 16431 "-" "Mozilla/5.0 AppleWebKit/537.36 (KHTML, like Gecko; compatible; GPTBot/1.2; +https://openai.com/gptbot)"
20.171.207.57 - - [19/Jul/2025:18:36:15 +0000] "GET /detail/936753618 HTTP/1.1" 404 16431 "-" "Mozilla/5.0 AppleWebKit/537.36 (KHTML, like Gecko; compatible; GPTBot/1.2; +https://openai.com/gptbot)"
20.171.207.57 - - [19/Jul/2025:18:36:24 +0000] "GET /detail/936918164 HTTP/1.1" 404 16431 "-" "Mozilla/5.0 AppleWebKit/537.36 (KHTML, like Gecko; compatible; GPTBot/1.2; +https://openai.com/gptbot)"
20.171.207.57 - - [19/Jul/2025:18:36:29 +0000] "GET /detail/936769719 HTTP/1.1" 404 16431 "-" "Mozilla/5.0 AppleWebKit/537.36 (KHTML, like Gecko; compatible; GPTBot/1.2; +https://openai.com/gptbot)"
20.171.207.57 - - [19/Jul/2025:18:36:32 +0000] "GET /detail/936683886 HTTP/1.1" 404 16431 "-" "Mozilla/5.0 AppleWebKit/537.36 (KHTML, like Gecko; compatible; GPTBot/1.2; +https://openai.com/gptbot)"
20.171.207.57 - - [19/Jul/2025:18:36:43 +0000] "GET /detail/936672453 HTTP/1.1" 404 16432 "-" "Mozilla/5.0 AppleWebKit/537.36 (KHTML, like Gecko; compatible; GPTBot/1.2; +https://openai.com/gptbot)"
20.171.207.57 - - [19/Jul/2025:18:37:03 +0000] "GET /detail/936883731 HTTP/1.1" 404 16431 "-" "Mozilla/5.0 AppleWebKit/537.36 (KHTML, like Gecko; compatible; GPTBot/1.2; +https://openai.com/gptbot)"
20.171.207.57 - - [19/Jul/2025:18:37:06 +0000] "GET /detail/936729256 HTTP/1.1" 404 16431 "-" "Mozilla/5.0 AppleWebKit/537.36 (KHTML, like Gecko; compatible; GPTBot/1.2; +https://openai.com/gptbot)"
20.171.207.57 - - [19/Jul/2025:18:37:09 +0000] "GET /detail/936916784 HTTP/1.1" 404 16431 "-" "Mozilla/5.0 AppleWebKit/537.36 (KHTML, like Gecko; compatible; GPTBot/1.2; +https://openai.com/gptbot)"
20.171.207.57 - - [19/Jul/2025:18:37:15 +0000] "GET /detail/936982295 HTTP/1.1" 404 16431 "-" "Mozilla/5.0 AppleWebKit/537.36 (KHTML, like Gecko; compatible; GPTBot/1.2; +https://openai.com/gptbot)"
65.109.193.158 - - [19/Jul/2025:18:37:19 +0000] "GET / HTTP/1.1" 301 - "-" "Mozilla/5.0 (Macintosh; Intel Mac OS X 11_13) AppleWebKit/537.36 (KHTML, like Gecko) Chrome/99.0.4875.89 Safari/537.36"
20.171.207.57 - - [19/Jul/2025:18:37:20 +0000] "GET /detail/937069616 HTTP/1.1" 404 16431 "-" "Mozilla/5.0 AppleWebKit/537.36 (KHTML, like Gecko; compatible; GPTBot/1.2; +https://openai.com/gptbot)"
20.171.207.57 - - [19/Jul/2025:18:37:26 +0000] "GET /detail/936943340 HTTP/1.1" 404 16432 "-" "Mozilla/5.0 AppleWebKit/537.36 (KHTML, like Gecko; compatible; GPTBot/1.2; +https://openai.com/gptbot)"
20.171.207.57 - - [19/Jul/2025:18:37:29 +0000] "GET /detail/937007128 HTTP/1.1" 404 16431 "-" "Mozilla/5.0 AppleWebKit/537.36 (KHTML, like Gecko; compatible; GPTBot/1.2; +https://openai.com/gptbot)"
20.171.207.57 - - [19/Jul/2025:18:37:32 +0000] "GET /detail/936866412 HTTP/1.1" 404 16430 "-" "Mozilla/5.0 AppleWebKit/537.36 (KHTML, like Gecko; compatible; GPTBot/1.2; +https://openai.com/gptbot)"
20.171.207.57 - - [19/Jul/2025:18:37:37 +0000] "GET /detail/936756497 HTTP/1.1" 404 16431 "-" "Mozilla/5.0 AppleWebKit/537.36 (KHTML, like Gecko; compatible; GPTBot/1.2; +https://openai.com/gptbot)"
20.171.207.57 - - [19/Jul/2025:18:37:40 +0000] "GET /detail/936896462 HTTP/1.1" 404 16432 "-" "Mozilla/5.0 AppleWebKit/537.36 (KHTML, like Gecko; compatible; GPTBot/1.2; +https://openai.com/gptbot)"
20.171.207.57 - - [19/Jul/2025:18:37:46 +0000] "GET /detail/936911096 HTTP/1.1" 404 16432 "-" "Mozilla/5.0 AppleWebKit/537.36 (KHTML, like Gecko; compatible; GPTBot/1.2; +https://openai.com/gptbot)"
20.171.207.57 - - [19/Jul/2025:18:37:52 +0000] "GET /detail/936953006 HTTP/1.1" 404 16431 "-" "Mozilla/5.0 AppleWebKit/537.36 (KHTML, like Gecko; compatible; GPTBot/1.2; +https://openai.com/gptbot)"
20.171.207.57 - - [19/Jul/2025:18:37:54 +0000] "GET /detail/937187949 HTTP/1.1" 404 16431 "-" "Mozilla/5.0 AppleWebKit/537.36 (KHTML, like Gecko; compatible; GPTBot/1.2; +https://openai.com/gptbot)"
20.171.207.57 - - [19/Jul/2025:18:37:57 +0000] "GET /detail/937184393 HTTP/1.1" 404 16432 "-" "Mozilla/5.0 AppleWebKit/537.36 (KHTML, like Gecko; compatible; GPTBot/1.2; +https://openai.com/gptbot)"
20.171.207.57 - - [19/Jul/2025:18:38:06 +0000] "GET /detail/936659652 HTTP/1.1" 404 16431 "-" "Mozilla/5.0 AppleWebKit/537.36 (KHTML, like Gecko; compatible; GPTBot/1.2; +https://openai.com/gptbot)"
20.171.207.57 - - [19/Jul/2025:18:38:08 +0000] "GET /detail/936775663 HTTP/1.1" 404 16431 "-" "Mozilla/5.0 AppleWebKit/537.36 (KHTML, like Gecko; compatible; GPTBot/1.2; +https://openai.com/gptbot)"
20.171.207.57 - - [19/Jul/2025:18:38:14 +0000] "GET /detail/936784564 HTTP/1.1" 404 16431 "-" "Mozilla/5.0 AppleWebKit/537.36 (KHTML, like Gecko; compatible; GPTBot/1.2; +https://openai.com/gptbot)"
20.171.207.57 - - [19/Jul/2025:18:38:29 +0000] "GET /detail/936796113 HTTP/1.1" 404 16431 "-" "Mozilla/5.0 AppleWebKit/537.36 (KHTML, like Gecko; compatible; GPTBot/1.2; +https://openai.com/gptbot)"
20.171.207.57 - - [19/Jul/2025:18:38:31 +0000] "GET /detail/936785313 HTTP/1.1" 404 16431 "-" "Mozilla/5.0 AppleWebKit/537.36 (KHTML, like Gecko; compatible; GPTBot/1.2; +https://openai.com/gptbot)"
20.171.207.57 - - [19/Jul/2025:18:38:34 +0000] "GET /detail/936710362 HTTP/1.1" 404 16431 "-" "Mozilla/5.0 AppleWebKit/537.36 (KHTML, like Gecko; compatible; GPTBot/1.2; +https://openai.com/gptbot)"
20.171.207.57 - - [19/Jul/2025:18:38:37 +0000] "GET /detail/936764226 HTTP/1.1" 404 16431 "-" "Mozilla/5.0 AppleWebKit/537.36 (KHTML, like Gecko; compatible; GPTBot/1.2; +https://openai.com/gptbot)"
20.171.207.57 - - [19/Jul/2025:18:38:40 +0000] "GET /detail/937174743 HTTP/1.1" 404 16431 "-" "Mozilla/5.0 AppleWebKit/537.36 (KHTML, like Gecko; compatible; GPTBot/1.2; +https://openai.com/gptbot)"
20.171.207.57 - - [19/Jul/2025:18:38:46 +0000] "GET /detail/936928495 HTTP/1.1" 404 16431 "-" "Mozilla/5.0 AppleWebKit/537.36 (KHTML, like Gecko; compatible; GPTBot/1.2; +https://openai.com/gptbot)"
20.171.207.57 - - [19/Jul/2025:18:38:54 +0000] "GET /detail/936956418 HTTP/1.1" 404 16431 "-" "Mozilla/5.0 AppleWebKit/537.36 (KHTML, like Gecko; compatible; GPTBot/1.2; +https://openai.com/gptbot)"
20.171.207.57 - - [19/Jul/2025:18:39:00 +0000] "GET /detail/937123672 HTTP/1.1" 404 16431 "-" "Mozilla/5.0 AppleWebKit/537.36 (KHTML, like Gecko; compatible; GPTBot/1.2; +https://openai.com/gptbot)"
209.74.77.214 - - [19/Jul/2025:18:39:03 +0000] "POST /wp-cron.php?doing_wp_cron=1752950343.6758038997650146484375 HTTP/1.1" 200 - "-" "WordPress/6.8.2; https://kelaby.company"
20.171.207.57 - - [19/Jul/2025:18:39:03 +0000] "GET /detail/936895913 HTTP/1.1" 404 16432 "-" "Mozilla/5.0 AppleWebKit/537.36 (KHTML, like Gecko; compatible; GPTBot/1.2; +https://openai.com/gptbot)"
20.171.207.57 - - [19/Jul/2025:18:39:05 +0000] "GET /detail/936688127 HTTP/1.1" 404 16431 "-" "Mozilla/5.0 AppleWebKit/537.36 (KHTML, like Gecko; compatible; GPTBot/1.2; +https://openai.com/gptbot)"
20.171.207.57 - - [19/Jul/2025:18:39:08 +0000] "GET /detail/936718648 HTTP/1.1" 404 16432 "-" "Mozilla/5.0 AppleWebKit/537.36 (KHTML, like Gecko; compatible; GPTBot/1.2; +https://openai.com/gptbot)"
20.171.207.57 - - [19/Jul/2025:18:39:11 +0000] "GET /detail/937174743 HTTP/1.1" 404 16431 "-" "Mozilla/5.0 AppleWebKit/537.36 (KHTML, like Gecko; compatible; GPTBot/1.2; +https://openai.com/gptbot)"
20.171.207.57 - - [19/Jul/2025:18:39:17 +0000] "GET /detail/936989475 HTTP/1.1" 404 16431 "-" "Mozilla/5.0 AppleWebKit/537.36 (KHTML, like Gecko; compatible; GPTBot/1.2; +https://openai.com/gptbot)"
20.171.207.57 - - [19/Jul/2025:18:39:42 +0000] "GET /detail/937051554 HTTP/1.1" 404 16432 "-" "Mozilla/5.0 AppleWebKit/537.36 (KHTML, like Gecko; compatible; GPTBot/1.2; +https://openai.com/gptbot)"
20.171.207.57 - - [19/Jul/2025:18:39:45 +0000] "GET /detail/936785928 HTTP/1.1" 404 16431 "-" "Mozilla/5.0 AppleWebKit/537.36 (KHTML, like Gecko; compatible; GPTBot/1.2; +https://openai.com/gptbot)"
20.171.207.57 - - [19/Jul/2025:18:39:48 +0000] "GET /detail/937038757 HTTP/1.1" 404 16432 "-" "Mozilla/5.0 AppleWebKit/537.36 (KHTML, like Gecko; compatible; GPTBot/1.2; +https://openai.com/gptbot)"
20.171.207.57 - - [19/Jul/2025:18:39:59 +0000] "GET /detail/936855804 HTTP/1.1" 404 16431 "-" "Mozilla/5.0 AppleWebKit/537.36 (KHTML, like Gecko; compatible; GPTBot/1.2; +https://openai.com/gptbot)"
209.74.77.214 - - [19/Jul/2025:18:40:03 +0000] "POST /wp-cron.php?doing_wp_cron=1752950402.9285569190979003906250 HTTP/1.1" 200 - "-" "WordPress/6.8.2; https://kelaby.company"
20.171.207.57 - - [19/Jul/2025:18:40:02 +0000] "GET /detail/937192951 HTTP/1.1" 404 16431 "-" "Mozilla/5.0 AppleWebKit/537.36 (KHTML, like Gecko; compatible; GPTBot/1.2; +https://openai.com/gptbot)"
20.171.207.57 - - [19/Jul/2025:18:40:05 +0000] "GET /detail/936834168 HTTP/1.1" 404 16431 "-" "Mozilla/5.0 AppleWebKit/537.36 (KHTML, like Gecko; compatible; GPTBot/1.2; +https://openai.com/gptbot)"
20.171.207.57 - - [19/Jul/2025:18:40:11 +0000] "GET /detail/936672179 HTTP/1.1" 404 16432 "-" "Mozilla/5.0 AppleWebKit/537.36 (KHTML, like Gecko; compatible; GPTBot/1.2; +https://openai.com/gptbot)"
20.171.207.57 - - [19/Jul/2025:18:40:13 +0000] "GET /detail/937092550 HTTP/1.1" 404 16431 "-" "Mozilla/5.0 AppleWebKit/537.36 (KHTML, like Gecko; compatible; GPTBot/1.2; +https://openai.com/gptbot)"
20.171.207.57 - - [19/Jul/2025:18:40:16 +0000] "GET /detail/937094664 HTTP/1.1" 404 16431 "-" "Mozilla/5.0 AppleWebKit/537.36 (KHTML, like Gecko; compatible; GPTBot/1.2; +https://openai.com/gptbot)"
20.171.207.57 - - [19/Jul/2025:18:40:33 +0000] "GET /detail/937163943 HTTP/1.1" 404 16431 "-" "Mozilla/5.0 AppleWebKit/537.36 (KHTML, like Gecko; compatible; GPTBot/1.2; +https://openai.com/gptbot)"
20.171.207.57 - - [19/Jul/2025:18:41:10 +0000] "GET /detail/936761417 HTTP/1.1" 404 16432 "-" "Mozilla/5.0 AppleWebKit/537.36 (KHTML, like Gecko; compatible; GPTBot/1.2; +https://openai.com/gptbot)"
20.171.207.57 - - [19/Jul/2025:18:41:21 +0000] "GET /detail/937097815 HTTP/1.1" 404 16431 "-" "Mozilla/5.0 AppleWebKit/537.36 (KHTML, like Gecko; compatible; GPTBot/1.2; +https://openai.com/gptbot)"
20.171.207.57 - - [19/Jul/2025:18:41:24 +0000] "GET /detail/937147081 HTTP/1.1" 404 16431 "-" "Mozilla/5.0 AppleWebKit/537.36 (KHTML, like Gecko; compatible; GPTBot/1.2; +https://openai.com/gptbot)"
20.171.207.57 - - [19/Jul/2025:18:41:27 +0000] "GET /detail/937006513 HTTP/1.1" 404 16431 "-" "Mozilla/5.0 AppleWebKit/537.36 (KHTML, like Gecko; compatible; GPTBot/1.2; +https://openai.com/gptbot)"
20.171.207.57 - - [19/Jul/2025:18:41:30 +0000] "GET /detail/937106101 HTTP/1.1" 404 16431 "-" "Mozilla/5.0 AppleWebKit/537.36 (KHTML, like Gecko; compatible; GPTBot/1.2; +https://openai.com/gptbot)"
20.171.207.57 - - [19/Jul/2025:18:41:32 +0000] "GET /detail/936730636 HTTP/1.1" 404 16431 "-" "Mozilla/5.0 AppleWebKit/537.36 (KHTML, like Gecko; compatible; GPTBot/1.2; +https://openai.com/gptbot)"
20.171.207.57 - - [19/Jul/2025:18:41:35 +0000] "GET /detail/936886263 HTTP/1.1" 404 16431 "-" "Mozilla/5.0 AppleWebKit/537.36 (KHTML, like Gecko; compatible; GPTBot/1.2; +https://openai.com/gptbot)"
20.171.207.57 - - [19/Jul/2025:18:41:41 +0000] "GET /detail/937183029 HTTP/1.1" 404 16431 "-" "Mozilla/5.0 AppleWebKit/537.36 (KHTML, like Gecko; compatible; GPTBot/1.2; +https://openai.com/gptbot)"
20.171.207.57 - - [19/Jul/2025:18:41:44 +0000] "GET /detail/936860386 HTTP/1.1" 404 16432 "-" "Mozilla/5.0 AppleWebKit/537.36 (KHTML, like Gecko; compatible; GPTBot/1.2; +https://openai.com/gptbot)"
20.171.207.57 - - [19/Jul/2025:18:41:52 +0000] "GET /detail/936883450 HTTP/1.1" 404 16431 "-" "Mozilla/5.0 AppleWebKit/537.36 (KHTML, like Gecko; compatible; GPTBot/1.2; +https://openai.com/gptbot)"
20.171.207.57 - - [19/Jul/2025:18:41:55 +0000] "GET /detail/937173100 HTTP/1.1" 404 16430 "-" "Mozilla/5.0 AppleWebKit/537.36 (KHTML, like Gecko; compatible; GPTBot/1.2; +https://openai.com/gptbot)"
20.171.207.57 - - [19/Jul/2025:18:42:04 +0000] "GET /detail/936996262 HTTP/1.1" 404 16431 "-" "Mozilla/5.0 AppleWebKit/537.36 (KHTML, like Gecko; compatible; GPTBot/1.2; +https://openai.com/gptbot)"
20.171.207.57 - - [19/Jul/2025:18:42:12 +0000] "GET /detail/936842406 HTTP/1.1" 404 16431 "-" "Mozilla/5.0 AppleWebKit/537.36 (KHTML, like Gecko; compatible; GPTBot/1.2; +https://openai.com/gptbot)"
20.171.207.57 - - [19/Jul/2025:18:42:15 +0000] "GET /detail/937140534 HTTP/1.1" 404 16431 "-" "Mozilla/5.0 AppleWebKit/537.36 (KHTML, like Gecko; compatible; GPTBot/1.2; +https://openai.com/gptbot)"
20.171.207.57 - - [19/Jul/2025:18:42:18 +0000] "GET /detail/936657949 HTTP/1.1" 404 16431 "-" "Mozilla/5.0 AppleWebKit/537.36 (KHTML, like Gecko; compatible; GPTBot/1.2; +https://openai.com/gptbot)"
20.171.207.57 - - [19/Jul/2025:18:42:35 +0000] "GET /detail/937193228 HTTP/1.1" 404 16432 "-" "Mozilla/5.0 AppleWebKit/537.36 (KHTML, like Gecko; compatible; GPTBot/1.2; +https://openai.com/gptbot)"
20.171.207.57 - - [19/Jul/2025:18:42:38 +0000] "GET /detail/936701610 HTTP/1.1" 404 16431 "-" "Mozilla/5.0 AppleWebKit/537.36 (KHTML, like Gecko; compatible; GPTBot/1.2; +https://openai.com/gptbot)"
20.171.207.57 - - [19/Jul/2025:18:42:44 +0000] "GET /detail/936916379 HTTP/1.1" 404 16431 "-" "Mozilla/5.0 AppleWebKit/537.36 (KHTML, like Gecko; compatible; GPTBot/1.2; +https://openai.com/gptbot)"
20.171.207.57 - - [19/Jul/2025:18:42:46 +0000] "GET /detail/936818985 HTTP/1.1" 404 16431 "-" "Mozilla/5.0 AppleWebKit/537.36 (KHTML, like Gecko; compatible; GPTBot/1.2; +https://openai.com/gptbot)"
20.171.207.57 - - [19/Jul/2025:18:42:49 +0000] "GET /detail/936961829 HTTP/1.1" 404 16431 "-" "Mozilla/5.0 AppleWebKit/537.36 (KHTML, like Gecko; compatible; GPTBot/1.2; +https://openai.com/gptbot)"
20.171.207.57 - - [19/Jul/2025:18:42:52 +0000] "GET /detail/936717839 HTTP/1.1" 404 16431 "-" "Mozilla/5.0 AppleWebKit/537.36 (KHTML, like Gecko; compatible; GPTBot/1.2; +https://openai.com/gptbot)"
20.171.207.57 - - [19/Jul/2025:18:42:55 +0000] "GET /detail/936906112 HTTP/1.1" 404 16432 "-" "Mozilla/5.0 AppleWebKit/537.36 (KHTML, like Gecko; compatible; GPTBot/1.2; +https://openai.com/gptbot)"
20.171.207.57 - - [19/Jul/2025:18:42:58 +0000] "GET /detail/936862856 HTTP/1.1" 404 16431 "-" "Mozilla/5.0 AppleWebKit/537.36 (KHTML, like Gecko; compatible; GPTBot/1.2; +https://openai.com/gptbot)"
20.171.207.57 - - [19/Jul/2025:18:43:03 +0000] "GET /detail/937193228 HTTP/1.1" 404 16430 "-" "Mozilla/5.0 AppleWebKit/537.36 (KHTML, like Gecko; compatible; GPTBot/1.2; +https://openai.com/gptbot)"
20.171.207.57 - - [19/Jul/2025:18:43:12 +0000] "GET /detail/936884492 HTTP/1.1" 404 16431 "-" "Mozilla/5.0 AppleWebKit/537.36 (KHTML, like Gecko; compatible; GPTBot/1.2; +https://openai.com/gptbot)"
20.171.207.57 - - [19/Jul/2025:18:43:24 +0000] "GET /detail/936757667 HTTP/1.1" 404 16431 "-" "Mozilla/5.0 AppleWebKit/537.36 (KHTML, like Gecko; compatible; GPTBot/1.2; +https://openai.com/gptbot)"
20.171.207.57 - - [19/Jul/2025:18:43:26 +0000] "GET /detail/937172954 HTTP/1.1" 404 16431 "-" "Mozilla/5.0 AppleWebKit/537.36 (KHTML, like Gecko; compatible; GPTBot/1.2; +https://openai.com/gptbot)"
20.171.207.57 - - [19/Jul/2025:18:43:29 +0000] "GET /detail/936699825 HTTP/1.1" 404 16431 "-" "Mozilla/5.0 AppleWebKit/537.36 (KHTML, like Gecko; compatible; GPTBot/1.2; +https://openai.com/gptbot)"
20.171.207.57 - - [19/Jul/2025:18:43:38 +0000] "GET /detail/936692791 HTTP/1.1" 404 16431 "-" "Mozilla/5.0 AppleWebKit/537.36 (KHTML, like Gecko; compatible; GPTBot/1.2; +https://openai.com/gptbot)"
20.171.207.57 - - [19/Jul/2025:18:43:49 +0000] "GET /detail/936778538 HTTP/1.1" 404 16432 "-" "Mozilla/5.0 AppleWebKit/537.36 (KHTML, like Gecko; compatible; GPTBot/1.2; +https://openai.com/gptbot)"
20.171.207.57 - - [19/Jul/2025:18:43:52 +0000] "GET /detail/936830955 HTTP/1.1" 404 16432 "-" "Mozilla/5.0 AppleWebKit/537.36 (KHTML, like Gecko; compatible; GPTBot/1.2; +https://openai.com/gptbot)"
209.74.77.214 - - [19/Jul/2025:18:44:01 +0000] "POST /wp-cron.php?doing_wp_cron=1752950641.2240140438079833984375 HTTP/1.1" 200 - "-" "WordPress/6.8.2; https://kelaby.company"
20.171.207.57 - - [19/Jul/2025:18:44:01 +0000] "GET /detail/936871414 HTTP/1.1" 404 16431 "-" "Mozilla/5.0 AppleWebKit/537.36 (KHTML, like Gecko; compatible; GPTBot/1.2; +https://openai.com/gptbot)"
20.171.207.57 - - [19/Jul/2025:18:44:26 +0000] "GET /detail/936841236 HTTP/1.1" 404 16432 "-" "Mozilla/5.0 AppleWebKit/537.36 (KHTML, like Gecko; compatible; GPTBot/1.2; +https://openai.com/gptbot)"
20.171.207.57 - - [19/Jul/2025:18:44:29 +0000] "GET /detail/936723246 HTTP/1.1" 404 16432 "-" "Mozilla/5.0 AppleWebKit/537.36 (KHTML, like Gecko; compatible; GPTBot/1.2; +https://openai.com/gptbot)"
20.171.207.57 - - [19/Jul/2025:18:44:37 +0000] "GET /detail/937041970 HTTP/1.1" 404 16432 "-" "Mozilla/5.0 AppleWebKit/537.36 (KHTML, like Gecko; compatible; GPTBot/1.2; +https://openai.com/gptbot)"
20.171.207.57 - - [19/Jul/2025:18:44:40 +0000] "GET /detail/936966340 HTTP/1.1" 404 16431 "-" "Mozilla/5.0 AppleWebKit/537.36 (KHTML, like Gecko; compatible; GPTBot/1.2; +https://openai.com/gptbot)"
20.171.207.57 - - [19/Jul/2025:18:44:51 +0000] "GET /detail/936679569 HTTP/1.1" 404 16431 "-" "Mozilla/5.0 AppleWebKit/537.36 (KHTML, like Gecko; compatible; GPTBot/1.2; +https://openai.com/gptbot)"
20.171.207.57 - - [19/Jul/2025:18:44:57 +0000] "GET /detail/937058117 HTTP/1.1" 404 16431 "-" "Mozilla/5.0 AppleWebKit/537.36 (KHTML, like Gecko; compatible; GPTBot/1.2; +https://openai.com/gptbot)"
20.171.207.57 - - [19/Jul/2025:18:45:00 +0000] "GET /detail/936841236 HTTP/1.1" 404 16431 "-" "Mozilla/5.0 AppleWebKit/537.36 (KHTML, like Gecko; compatible; GPTBot/1.2; +https://openai.com/gptbot)"
20.171.207.57 - - [19/Jul/2025:18:45:05 +0000] "GET /detail/936895164 HTTP/1.1" 404 16432 "-" "Mozilla/5.0 AppleWebKit/537.36 (KHTML, like Gecko; compatible; GPTBot/1.2; +https://openai.com/gptbot)"
20.171.207.57 - - [19/Jul/2025:18:45:08 +0000] "GET /detail/937171592 HTTP/1.1" 404 16432 "-" "Mozilla/5.0 AppleWebKit/537.36 (KHTML, like Gecko; compatible; GPTBot/1.2; +https://openai.com/gptbot)"
20.171.207.57 - - [19/Jul/2025:18:45:17 +0000] "GET /detail/936714411 HTTP/1.1" 404 16432 "-" "Mozilla/5.0 AppleWebKit/537.36 (KHTML, like Gecko; compatible; GPTBot/1.2; +https://openai.com/gptbot)"
20.171.207.57 - - [19/Jul/2025:18:45:20 +0000] "GET /detail/936954633 HTTP/1.1" 404 16431 "-" "Mozilla/5.0 AppleWebKit/537.36 (KHTML, like Gecko; compatible; GPTBot/1.2; +https://openai.com/gptbot)"
20.171.207.57 - - [19/Jul/2025:18:45:28 +0000] "GET /detail/937100413 HTTP/1.1" 404 16431 "-" "Mozilla/5.0 AppleWebKit/537.36 (KHTML, like Gecko; compatible; GPTBot/1.2; +https://openai.com/gptbot)"
20.171.207.57 - - [19/Jul/2025:18:45:31 +0000] "GET /detail/936993986 HTTP/1.1" 404 16431 "-" "Mozilla/5.0 AppleWebKit/537.36 (KHTML, like Gecko; compatible; GPTBot/1.2; +https://openai.com/gptbot)"
20.171.207.57 - - [19/Jul/2025:18:45:37 +0000] "GET /detail/936813508 HTTP/1.1" 404 16431 "-" "Mozilla/5.0 AppleWebKit/537.36 (KHTML, like Gecko; compatible; GPTBot/1.2; +https://openai.com/gptbot)"
20.171.207.57 - - [19/Jul/2025:18:45:45 +0000] "GET /detail/937002272 HTTP/1.1" 404 16431 "-" "Mozilla/5.0 AppleWebKit/537.36 (KHTML, like Gecko; compatible; GPTBot/1.2; +https://openai.com/gptbot)"
20.171.207.57 - - [19/Jul/2025:18:45:53 +0000] "GET /detail/936677860 HTTP/1.1" 404 16431 "-" "Mozilla/5.0 AppleWebKit/537.36 (KHTML, like Gecko; compatible; GPTBot/1.2; +https://openai.com/gptbot)"
20.171.207.57 - - [19/Jul/2025:18:46:05 +0000] "GET /detail/936993986 HTTP/1.1" 404 16431 "-" "Mozilla/5.0 AppleWebKit/537.36 (KHTML, like Gecko; compatible; GPTBot/1.2; +https://openai.com/gptbot)"
20.171.207.57 - - [19/Jul/2025:18:46:16 +0000] "GET /detail/937086869 HTTP/1.1" 404 16431 "-" "Mozilla/5.0 AppleWebKit/537.36 (KHTML, like Gecko; compatible; GPTBot/1.2; +https://openai.com/gptbot)"
20.171.207.57 - - [19/Jul/2025:18:46:28 +0000] "GET /detail/936879213 HTTP/1.1" 404 16431 "-" "Mozilla/5.0 AppleWebKit/537.36 (KHTML, like Gecko; compatible; GPTBot/1.2; +https://openai.com/gptbot)"
20.171.207.57 - - [19/Jul/2025:18:46:30 +0000] "GET /detail/936807973 HTTP/1.1" 404 16430 "-" "Mozilla/5.0 AppleWebKit/537.36 (KHTML, like Gecko; compatible; GPTBot/1.2; +https://openai.com/gptbot)"
20.171.207.57 - - [19/Jul/2025:18:46:33 +0000] "GET /detail/937079801 HTTP/1.1" 404 16431 "-" "Mozilla/5.0 AppleWebKit/537.36 (KHTML, like Gecko; compatible; GPTBot/1.2; +https://openai.com/gptbot)"
20.171.207.57 - - [19/Jul/2025:18:46:59 +0000] "GET /detail/937177003 HTTP/1.1" 404 16432 "-" "Mozilla/5.0 AppleWebKit/537.36 (KHTML, like Gecko; compatible; GPTBot/1.2; +https://openai.com/gptbot)"
209.74.77.214 - - [19/Jul/2025:18:47:02 +0000] "POST /wp-cron.php?doing_wp_cron=1752950822.1362590789794921875000 HTTP/1.1" 200 - "-" "WordPress/6.8.2; https://kelaby.company"
20.171.207.57 - - [19/Jul/2025:18:47:01 +0000] "GET /detail/937062500 HTTP/1.1" 404 16431 "-" "Mozilla/5.0 AppleWebKit/537.36 (KHTML, like Gecko; compatible; GPTBot/1.2; +https://openai.com/gptbot)"
20.171.207.57 - - [19/Jul/2025:18:47:04 +0000] "GET /detail/936974626 HTTP/1.1" 404 16431 "-" "Mozilla/5.0 AppleWebKit/537.36 (KHTML, like Gecko; compatible; GPTBot/1.2; +https://openai.com/gptbot)"
20.171.207.57 - - [19/Jul/2025:18:47:07 +0000] "GET /detail/936693324 HTTP/1.1" 404 16431 "-" "Mozilla/5.0 AppleWebKit/537.36 (KHTML, like Gecko; compatible; GPTBot/1.2; +https://openai.com/gptbot)"
20.171.207.57 - - [19/Jul/2025:18:47:27 +0000] "GET /detail/937053940 HTTP/1.1" 404 16432 "-" "Mozilla/5.0 AppleWebKit/537.36 (KHTML, like Gecko; compatible; GPTBot/1.2; +https://openai.com/gptbot)"
20.171.207.57 - - [19/Jul/2025:18:47:35 +0000] "GET /detail/936704336 HTTP/1.1" 404 16432 "-" "Mozilla/5.0 AppleWebKit/537.36 (KHTML, like Gecko; compatible; GPTBot/1.2; +https://openai.com/gptbot)"
20.171.207.57 - - [19/Jul/2025:18:47:38 +0000] "GET /detail/936836572 HTTP/1.1" 404 16432 "-" "Mozilla/5.0 AppleWebKit/537.36 (KHTML, like Gecko; compatible; GPTBot/1.2; +https://openai.com/gptbot)"
20.171.207.57 - - [19/Jul/2025:18:47:41 +0000] "GET /detail/936677099 HTTP/1.1" 404 16432 "-" "Mozilla/5.0 AppleWebKit/537.36 (KHTML, like Gecko; compatible; GPTBot/1.2; +https://openai.com/gptbot)"
20.171.207.57 - - [19/Jul/2025:18:47:44 +0000] "GET /detail/937135127 HTTP/1.1" 404 16431 "-" "Mozilla/5.0 AppleWebKit/537.36 (KHTML, like Gecko; compatible; GPTBot/1.2; +https://openai.com/gptbot)"
20.171.207.57 - - [19/Jul/2025:18:47:47 +0000] "GET /detail/936970986 HTTP/1.1" 404 16431 "-" "Mozilla/5.0 AppleWebKit/537.36 (KHTML, like Gecko; compatible; GPTBot/1.2; +https://openai.com/gptbot)"
20.171.207.57 - - [19/Jul/2025:18:47:50 +0000] "GET /detail/936722076 HTTP/1.1" 404 16432 "-" "Mozilla/5.0 AppleWebKit/537.36 (KHTML, like Gecko; compatible; GPTBot/1.2; +https://openai.com/gptbot)"
20.171.207.57 - - [19/Jul/2025:18:47:55 +0000] "GET /detail/937090146 HTTP/1.1" 404 16432 "-" "Mozilla/5.0 AppleWebKit/537.36 (KHTML, like Gecko; compatible; GPTBot/1.2; +https://openai.com/gptbot)"
20.171.207.57 - - [19/Jul/2025:18:47:58 +0000] "GET /detail/937190337 HTTP/1.1" 404 16432 "-" "Mozilla/5.0 AppleWebKit/537.36 (KHTML, like Gecko; compatible; GPTBot/1.2; +https://openai.com/gptbot)"
20.171.207.57 - - [19/Jul/2025:18:48:38 +0000] "GET /detail/936901126 HTTP/1.1" 404 16432 "-" "Mozilla/5.0 AppleWebKit/537.36 (KHTML, like Gecko; compatible; GPTBot/1.2; +https://openai.com/gptbot)"
20.171.207.57 - - [19/Jul/2025:18:48:43 +0000] "GET /detail/937157152 HTTP/1.1" 404 16431 "-" "Mozilla/5.0 AppleWebKit/537.36 (KHTML, like Gecko; compatible; GPTBot/1.2; +https://openai.com/gptbot)"
20.171.207.57 - - [19/Jul/2025:18:48:55 +0000] "GET /detail/937145454 HTTP/1.1" 404 16432 "-" "Mozilla/5.0 AppleWebKit/537.36 (KHTML, like Gecko; compatible; GPTBot/1.2; +https://openai.com/gptbot)"
20.171.207.57 - - [19/Jul/2025:18:48:58 +0000] "GET /detail/936814936 HTTP/1.1" 404 16432 "-" "Mozilla/5.0 AppleWebKit/537.36 (KHTML, like Gecko; compatible; GPTBot/1.2; +https://openai.com/gptbot)"
209.74.77.214 - - [19/Jul/2025:18:49:01 +0000] "POST /wp-cron.php?doing_wp_cron=1752950941.1881480216979980468750 HTTP/1.1" 200 - "-" "WordPress/6.8.2; https://kelaby.company"
20.171.207.57 - - [19/Jul/2025:18:49:01 +0000] "GET /detail/937157152 HTTP/1.1" 404 16431 "-" "Mozilla/5.0 AppleWebKit/537.36 (KHTML, like Gecko; compatible; GPTBot/1.2; +https://openai.com/gptbot)"
209.74.77.214 - - [19/Jul/2025:19:15:14 +0000] "POST /wp-cron.php?doing_wp_cron=1752952514.6102399826049804687500 HTTP/1.1" 200 - "-" "WordPress/6.8.2; https://kelaby.company"
89.163.242.76 - - [19/Jul/2025:19:15:13 +0000] "GET /hplfuns.php HTTP/1.1" 404 16430 "www.google.com" "Mozlila/5.0 (Linux; Android 7.0; SM-G892A Bulid/NRD90M; wv) AppleWebKit/537.36 (KHTML, like Gecko) Version/4.0 Chrome/60.0.3112.107 Moblie Safari/537.36"
209.74.77.214 - - [19/Jul/2025:19:22:47 +0000] "POST /wp-cron.php?doing_wp_cron=1752952967.3396849632263183593750 HTTP/1.1" 200 - "-" "WordPress/6.8.2; https://kelaby.company"
203.2.64.59 - - [19/Jul/2025:19:22:46 +0000] "GET / HTTP/1.1" 301 - "-" "Mozilla/5.0 (iPhone; CPU iPhone OS 13_2_3 like Mac OS X) AppleWebKit/605.1.15 (KHTML, like Gecko) Version/13.0.3 Mobile/15E148 Safari/604.1"
209.74.77.214 - - [19/Jul/2025:19:26:44 +0000] "POST /wp-cron.php?doing_wp_cron=1752953204.2193059921264648437500 HTTP/1.1" 200 - "-" "WordPress/6.8.2; https://kelaby.company"
2a03:2880:f800:6:: - - [19/Jul/2025:19:26:42 +0000] "GET /detail/988447872 HTTP/1.1" 404 16432 "-" "meta-externalagent/1.1 (+https://developers.facebook.com/docs/sharing/webmasters/crawler)"
66.249.79.226 - - [19/Jul/2025:19:30:15 +0000] "GET /?h=26702485011960&mod=43cf10a7&uri=info.php?detail/1674418 HTTP/1.1" 200 19381 "-" "Mozilla/5.0 (Linux; Android 6.0.1; Nexus 5X Build/MMB29P) AppleWebKit/537.36 (KHTML, like Gecko) Chrome/137.0.7151.103 Mobile Safari/537.36 (compatible; Googlebot/2.1; +http://www.google.com/bot.html)"
66.249.79.225 - - [19/Jul/2025:19:30:25 +0000] "POST /get-message-notify HTTP/1.1" 200 19476 "http://www.kelaby.company/?h=26702485011960&mod=43cf10a7&uri=info.php?detail/1674418" "Mozilla/5.0 (Linux; Android 6.0.1; Nexus 5X Build/MMB29P) AppleWebKit/537.36 (KHTML, like Gecko) Chrome/137.0.7151.119 Mobile Safari/537.36 (compatible; Googlebot/2.1; +http://www.google.com/bot.html)"
2a03:2880:f800:15:: - - [19/Jul/2025:19:42:11 +0000] "GET /detail/988660576 HTTP/1.1" 404 16431 "-" "meta-externalagent/1.1 (+https://developers.facebook.com/docs/sharing/webmasters/crawler)"
2a03:2880:f800:10:: - - [19/Jul/2025:19:42:26 +0000] "GET /detail/988548822 HTTP/1.1" 404 16432 "-" "meta-externalagent/1.1 (+https://developers.facebook.com/docs/sharing/webmasters/crawler)"
2a03:2880:f800:1:: - - [19/Jul/2025:19:42:52 +0000] "GET /detail/466804088 HTTP/1.1" 404 16431 "-" "meta-externalagent/1.1 (+https://developers.facebook.com/docs/sharing/webmasters/crawler)"
209.74.77.214 - - [19/Jul/2025:19:43:12 +0000] "POST /wp-cron.php?doing_wp_cron=1752954192.2013230323791503906250 HTTP/1.1" 200 - "-" "WordPress/6.8.2; https://kelaby.company"
2a03:2880:f800:1a:: - - [19/Jul/2025:19:43:12 +0000] "GET /detail/988837777 HTTP/1.1" 404 16431 "-" "meta-externalagent/1.1 (+https://developers.facebook.com/docs/sharing/webmasters/crawler)"
2a03:2880:f800:d:: - - [19/Jul/2025:19:43:12 +0000] "GET /detail/466692679 HTTP/1.1" 404 16432 "-" "meta-externalagent/1.1 (+https://developers.facebook.com/docs/sharing/webmasters/crawler)"
2a03:2880:f800:3:: - - [19/Jul/2025:19:45:39 +0000] "GET /detail/467164985 HTTP/1.1" 404 16430 "-" "meta-externalagent/1.1 (+https://developers.facebook.com/docs/sharing/webmasters/crawler)"
2a03:2880:f800:b:: - - [19/Jul/2025:19:47:29 +0000] "GET /detail/988571548 HTTP/1.1" 404 16432 "-" "meta-externalagent/1.1 (+https://developers.facebook.com/docs/sharing/webmasters/crawler)"
2a03:2880:f800:13:: - - [19/Jul/2025:19:47:42 +0000] "GET /detail/466631000 HTTP/1.1" 404 16432 "-" "meta-externalagent/1.1 (+https://developers.facebook.com/docs/sharing/webmasters/crawler)"
2a03:2880:f800:9:: - - [19/Jul/2025:19:48:00 +0000] "GET /detail/466907853 HTTP/1.1" 404 16432 "-" "meta-externalagent/1.1 (+https://developers.facebook.com/docs/sharing/webmasters/crawler)"
209.74.77.214 - - [19/Jul/2025:19:49:28 +0000] "POST /wp-cron.php?doing_wp_cron=1752954568.1988179683685302734375 HTTP/1.1" 200 - "-" "WordPress/6.8.2; https://kelaby.company"
2a03:2880:f800:11:: - - [19/Jul/2025:19:49:26 +0000] "GET /detail/988619191 HTTP/1.1" 404 16432 "-" "meta-externalagent/1.1 (+https://developers.facebook.com/docs/sharing/webmasters/crawler)"
209.74.77.214 - - [19/Jul/2025:19:50:03 +0000] "POST /wp-cron.php?doing_wp_cron=1752954603.0058879852294921875000 HTTP/1.1" 200 - "-" "WordPress/6.8.2; https://kelaby.company"
2a03:2880:f800:17:: - - [19/Jul/2025:19:50:01 +0000] "GET /detail/466933856 HTTP/1.1" 404 16432 "-" "meta-externalagent/1.1 (+https://developers.facebook.com/docs/sharing/webmasters/crawler)"
2a03:2880:f800:13:: - - [19/Jul/2025:19:50:44 +0000] "GET /detail/467067198 HTTP/1.1" 404 16432 "-" "meta-externalagent/1.1 (+https://developers.facebook.com/docs/sharing/webmasters/crawler)"
2a03:2880:f800:c:: - - [19/Jul/2025:19:51:33 +0000] "GET /detail/466716897 HTTP/1.1" 404 16432 "-" "meta-externalagent/1.1 (+https://developers.facebook.com/docs/sharing/webmasters/crawler)"
2a03:2880:f800:: - - [19/Jul/2025:19:52:44 +0000] "GET /detail/988744636 HTTP/1.1" 404 16432 "-" "meta-externalagent/1.1 (+https://developers.facebook.com/docs/sharing/webmasters/crawler)"
2a03:2880:f800:b:: - - [19/Jul/2025:19:53:26 +0000] "GET /detail/466672149 HTTP/1.1" 404 16432 "-" "meta-externalagent/1.1 (+https://developers.facebook.com/docs/sharing/webmasters/crawler)"
2a03:2880:f800:b:: - - [19/Jul/2025:19:53:29 +0000] "GET /detail/467049739 HTTP/1.1" 404 16431 "-" "meta-externalagent/1.1 (+https://developers.facebook.com/docs/sharing/webmasters/crawler)"
2a03:2880:f800:19:: - - [19/Jul/2025:19:53:30 +0000] "GET /detail/466657300 HTTP/1.1" 404 16432 "-" "meta-externalagent/1.1 (+https://developers.facebook.com/docs/sharing/webmasters/crawler)"
2a03:2880:f800:1b:: - - [19/Jul/2025:19:55:24 +0000] "GET /detail/466818336 HTTP/1.1" 404 16432 "-" "meta-externalagent/1.1 (+https://developers.facebook.com/docs/sharing/webmasters/crawler)"
2a03:2880:f800:19:: - - [19/Jul/2025:19:57:59 +0000] "GET /detail/466980007 HTTP/1.1" 404 16432 "-" "meta-externalagent/1.1 (+https://developers.facebook.com/docs/sharing/webmasters/crawler)"
2a03:2880:f800:5:: - - [19/Jul/2025:20:10:07 +0000] "GET /detail/467033526 HTTP/1.1" 404 16432 "-" "meta-externalagent/1.1 (+https://developers.facebook.com/docs/sharing/webmasters/crawler)"
209.74.77.214 - - [19/Jul/2025:20:11:14 +0000] "POST /wp-cron.php?doing_wp_cron=1752955874.3126580715179443359375 HTTP/1.1" 200 - "-" "WordPress/6.8.2; https://kelaby.company"
2a03:2880:f800:13:: - - [19/Jul/2025:20:11:13 +0000] "GET /detail/466815802 HTTP/1.1" 404 16431 "-" "meta-externalagent/1.1 (+https://developers.facebook.com/docs/sharing/webmasters/crawler)"
2a03:2880:f800:10:: - - [19/Jul/2025:20:12:12 +0000] "GET /detail/467028119 HTTP/1.1" 404 16431 "-" "meta-externalagent/1.1 (+https://developers.facebook.com/docs/sharing/webmasters/crawler)"
2a03:2880:f800:11:: - - [19/Jul/2025:20:13:30 +0000] "GET /detail/466677556 HTTP/1.1" 404 16431 "-" "meta-externalagent/1.1 (+https://developers.facebook.com/docs/sharing/webmasters/crawler)"
209.74.77.214 - - [19/Jul/2025:20:15:05 +0000] "POST /wp-cron.php?doing_wp_cron=1752956105.7738630771636962890625 HTTP/1.1" 200 - "-" "WordPress/6.8.2; https://kelaby.company"
101.32.208.70 - - [19/Jul/2025:20:15:04 +0000] "GET / HTTP/1.1" 301 - "-" "Mozilla/5.0 (iPhone; CPU iPhone OS 13_2_3 like Mac OS X) AppleWebKit/605.1.15 (KHTML, like Gecko) Version/13.0.3 Mobile/15E148 Safari/604.1"
2a03:2880:f800:7:: - - [19/Jul/2025:20:15:23 +0000] "GET /detail/466923463 HTTP/1.1" 404 16430 "-" "meta-externalagent/1.1 (+https://developers.facebook.com/docs/sharing/webmasters/crawler)"
2a03:2880:f800:8:: - - [19/Jul/2025:20:25:59 +0000] "GET /detail/466933726 HTTP/1.1" 404 16432 "-" "meta-externalagent/1.1 (+https://developers.facebook.com/docs/sharing/webmasters/crawler)"
2a03:2880:f800:4:: - - [19/Jul/2025:20:29:06 +0000] "GET /detail/466819979 HTTP/1.1" 404 16431 "-" "meta-externalagent/1.1 (+https://developers.facebook.com/docs/sharing/webmasters/crawler)"
209.74.77.214 - - [19/Jul/2025:20:36:22 +0000] "POST /wp-cron.php?doing_wp_cron=1752957382.8729979991912841796875 HTTP/1.1" 200 - "-" "WordPress/6.8.2; https://kelaby.company"
2a03:2880:f800:2:: - - [19/Jul/2025:20:36:22 +0000] "GET /detail/466827790 HTTP/1.1" 404 16430 "-" "meta-externalagent/1.1 (+https://developers.facebook.com/docs/sharing/webmasters/crawler)"
209.74.77.214 - - [19/Jul/2025:20:40:12 +0000] "POST /wp-cron.php?doing_wp_cron=1752957612.0467379093170166015625 HTTP/1.1" 200 - "-" "WordPress/6.8.2; https://kelaby.company"
2a03:2880:f800:10:: - - [19/Jul/2025:20:40:10 +0000] "GET /detail/467153564 HTTP/1.1" 404 16431 "-" "meta-externalagent/1.1 (+https://developers.facebook.com/docs/sharing/webmasters/crawler)"
2a03:2880:f800:2:: - - [19/Jul/2025:20:40:37 +0000] "GET /detail/466866448 HTTP/1.1" 404 16431 "-" "meta-externalagent/1.1 (+https://developers.facebook.com/docs/sharing/webmasters/crawler)"
2a03:2880:f800:18:: - - [19/Jul/2025:20:41:30 +0000] "GET /detail/467035299 HTTP/1.1" 404 16431 "-" "meta-externalagent/1.1 (+https://developers.facebook.com/docs/sharing/webmasters/crawler)"
2a03:2880:f800:1b:: - - [19/Jul/2025:20:42:11 +0000] "GET /detail/467043713 HTTP/1.1" 404 16431 "-" "meta-externalagent/1.1 (+https://developers.facebook.com/docs/sharing/webmasters/crawler)"
2a03:2880:f800:8:: - - [19/Jul/2025:20:44:20 +0000] "GET /detail/467135824 HTTP/1.1" 404 16431 "-" "meta-externalagent/1.1 (+https://developers.facebook.com/docs/sharing/webmasters/crawler)"
2a03:2880:f800:16:: - - [19/Jul/2025:20:49:48 +0000] "GET /detail/988395441 HTTP/1.1" 404 16431 "-" "meta-externalagent/1.1 (+https://developers.facebook.com/docs/sharing/webmasters/crawler)"
2a03:2880:f800:13:: - - [19/Jul/2025:21:10:59 +0000] "GET /detail/467028524 HTTP/1.1" 404 16431 "-" "meta-externalagent/1.1 (+https://developers.facebook.com/docs/sharing/webmasters/crawler)"
2a03:2880:f800:b:: - - [19/Jul/2025:21:23:40 +0000] "GET /detail/466633959 HTTP/1.1" 404 16431 "-" "meta-externalagent/1.1 (+https://developers.facebook.com/docs/sharing/webmasters/crawler)"
2a03:2880:f800:8:: - - [19/Jul/2025:21:23:44 +0000] "GET /detail/467077806 HTTP/1.1" 404 16431 "-" "meta-externalagent/1.1 (+https://developers.facebook.com/docs/sharing/webmasters/crawler)"
209.74.77.214 - - [19/Jul/2025:21:24:11 +0000] "POST /wp-cron.php?doing_wp_cron=1752960251.1846439838409423828125 HTTP/1.1" 200 - "-" "WordPress/6.8.2; https://kelaby.company"
2a03:2880:f800:1d:: - - [19/Jul/2025:21:24:10 +0000] "GET /detail/466800957 HTTP/1.1" 404 16431 "-" "meta-externalagent/1.1 (+https://developers.facebook.com/docs/sharing/webmasters/crawler)"
66.249.79.225 - - [19/Jul/2025:21:27:55 +0000] "GET /?h=108696571041960&mod=c3b1a352&uri=shop.php?detail/1688161 HTTP/1.1" 200 19942 "-" "Mozilla/5.0 (Linux; Android 6.0.1; Nexus 5X Build/MMB29P) AppleWebKit/537.36 (KHTML, like Gecko) Chrome/137.0.7151.103 Mobile Safari/537.36 (compatible; Googlebot/2.1; +http://www.google.com/bot.html)"
209.74.77.214 - - [19/Jul/2025:21:28:21 +0000] "POST /wp-cron.php?doing_wp_cron=1752960501.8327128887176513671875 HTTP/1.1" 200 - "-" "WordPress/6.8.2; https://kelaby.company"
2a03:2880:f800:1b:: - - [19/Jul/2025:21:28:21 +0000] "GET /detail/466821487 HTTP/1.1" 404 16431 "-" "meta-externalagent/1.1 (+https://developers.facebook.com/docs/sharing/webmasters/crawler)"
2a03:2880:f800:1c:: - - [19/Jul/2025:21:28:25 +0000] "GET /detail/466627869 HTTP/1.1" 404 16432 "-" "meta-externalagent/1.1 (+https://developers.facebook.com/docs/sharing/webmasters/crawler)"
2a03:2880:f800:7:: - - [19/Jul/2025:21:30:54 +0000] "GET /detail/467137339 HTTP/1.1" 404 16431 "-" "meta-externalagent/1.1 (+https://developers.facebook.com/docs/sharing/webmasters/crawler)"
2a03:2880:f800:a:: - - [19/Jul/2025:21:35:16 +0000] "GET /detail/466826005 HTTP/1.1" 404 16431 "-" "meta-externalagent/1.1 (+https://developers.facebook.com/docs/sharing/webmasters/crawler)"
2a03:2880:f800:18:: - - [19/Jul/2025:21:37:07 +0000] "GET /detail/466868237 HTTP/1.1" 404 16431 "-" "meta-externalagent/1.1 (+https://developers.facebook.com/docs/sharing/webmasters/crawler)"
82.218.176.68 - - [19/Jul/2025:21:40:26 +0000] "GET /wp-login.php HTTP/1.1" 302 - "" "Mozilla/5.0 (Windows NT 10.0; Win64; x64; rv:137.0) Gecko/20100101 Firefox/137.0"
2a03:2880:f800:5:: - - [19/Jul/2025:21:45:49 +0000] "GET /detail/466680691 HTTP/1.1" 404 16431 "-" "meta-externalagent/1.1 (+https://developers.facebook.com/docs/sharing/webmasters/crawler)"
2a03:2880:f800:d:: - - [19/Jul/2025:21:46:06 +0000] "GET /detail/467154313 HTTP/1.1" 404 16430 "-" "meta-externalagent/1.1 (+https://developers.facebook.com/docs/sharing/webmasters/crawler)"
2a03:2880:f800:15:: - - [19/Jul/2025:21:53:17 +0000] "GET /detail/466652636 HTTP/1.1" 404 16431 "-" "meta-externalagent/1.1 (+https://developers.facebook.com/docs/sharing/webmasters/crawler)"
2a03:2880:f800:16:: - - [19/Jul/2025:21:55:45 +0000] "GET /detail/466676450 HTTP/1.1" 404 16432 "-" "meta-externalagent/1.1 (+https://developers.facebook.com/docs/sharing/webmasters/crawler)"
2a03:2880:f800:14:: - - [19/Jul/2025:21:56:51 +0000] "GET /detail/466755848 HTTP/1.1" 404 16432 "-" "meta-externalagent/1.1 (+https://developers.facebook.com/docs/sharing/webmasters/crawler)"
13.79.234.125 - - [19/Jul/2025:22:10:37 +0000] "GET /wp-content/plugins/hellopress/wp_filemanager.php HTTP/1.1" 404 16431 "-" "-"
13.79.234.125 - - [19/Jul/2025:22:10:38 +0000] "GET /alfanew.php HTTP/1.1" 404 16431 "-" "-"
13.79.234.125 - - [19/Jul/2025:22:10:38 +0000] "GET /htaccess.php HTTP/1.1" 404 16431 "-" "-"
13.79.234.125 - - [19/Jul/2025:22:10:39 +0000] "GET /readme.php HTTP/1.1" 404 16431 "-" "-"
13.79.234.125 - - [19/Jul/2025:22:10:40 +0000] "GET /as.php HTTP/1.1" 404 16431 "-" "-"
13.79.234.125 - - [19/Jul/2025:22:10:40 +0000] "GET /403.php HTTP/1.1" 404 16432 "-" "-"
13.79.234.125 - - [19/Jul/2025:22:10:41 +0000] "GET /max.php HTTP/1.1" 404 16431 "-" "-"
13.79.234.125 - - [19/Jul/2025:22:10:42 +0000] "GET /m.php HTTP/1.1" 404 16431 "-" "-"
13.79.234.125 - - [19/Jul/2025:22:10:42 +0000] "GET /post.php HTTP/1.1" 404 16431 "-" "-"
13.79.234.125 - - [19/Jul/2025:22:10:43 +0000] "GET /themes.php HTTP/1.1" 404 16431 "-" "-"
13.79.234.125 - - [19/Jul/2025:22:10:44 +0000] "GET /wp-content/themes/astra/inc/ki1k.php HTTP/1.1" 404 16431 "-" "-"
13.79.234.125 - - [19/Jul/2025:22:10:44 +0000] "GET /ALFA_DATA/index.php HTTP/1.1" 301 - "-" "-"
13.79.234.125 - - [19/Jul/2025:22:10:45 +0000] "GET /ALFA_DATA/ HTTP/1.1" 404 16431 "-" "-"
13.79.234.125 - - [19/Jul/2025:22:10:45 +0000] "GET /wp-admin/maint/about.php HTTP/1.1" 404 16431 "-" "-"
13.79.234.125 - - [19/Jul/2025:22:10:46 +0000] "GET /wp-admin/network/wp-conflg.php?p= HTTP/1.1" 301 - "-" "-"
13.79.234.125 - - [19/Jul/2025:22:10:46 +0000] "GET /wp-admin/network/wp-conflg.php HTTP/1.1" 404 16431 "-" "-"
13.79.234.125 - - [19/Jul/2025:22:10:47 +0000] "GET /click.php HTTP/1.1" 404 16431 "-" "-"
13.79.234.125 - - [19/Jul/2025:22:10:48 +0000] "GET /install.php HTTP/1.1" 404 16431 "-" "-"
13.79.234.125 - - [19/Jul/2025:22:10:49 +0000] "GET /lv.php HTTP/1.1" 404 16431 "-" "-"
13.79.234.125 - - [19/Jul/2025:22:10:49 +0000] "GET /simple.php HTTP/1.1" 404 16431 "-" "-"
13.79.234.125 - - [19/Jul/2025:22:10:50 +0000] "GET /13k.php HTTP/1.1" 404 16431 "-" "-"
13.79.234.125 - - [19/Jul/2025:22:10:51 +0000] "GET /css.php HTTP/1.1" 404 16431 "-" "-"
13.79.234.125 - - [19/Jul/2025:22:10:51 +0000] "GET /up.php?x= HTTP/1.1" 404 16431 "-" "-"
13.79.234.125 - - [19/Jul/2025:22:10:52 +0000] "GET /0x1949.php HTTP/1.1" 404 16431 "-" "-"
13.79.234.125 - - [19/Jul/2025:22:10:53 +0000] "GET /cong.php HTTP/1.1" 404 16431 "-" "-"
13.79.234.125 - - [19/Jul/2025:22:10:53 +0000] "GET /fw.php HTTP/1.1" 404 16431 "-" "-"
13.79.234.125 - - [19/Jul/2025:22:10:54 +0000] "GET /bs1.php HTTP/1.1" 404 16431 "-" "-"
13.79.234.125 - - [19/Jul/2025:22:10:55 +0000] "GET /wp-includes/images/wp-login.php HTTP/1.1" 404 16431 "-" "-"
13.79.234.125 - - [19/Jul/2025:22:10:55 +0000] "GET /termps.php HTTP/1.1" 404 16432 "-" "-"
13.79.234.125 - - [19/Jul/2025:22:10:56 +0000] "GET /brand.php HTTP/1.1" 404 16431 "-" "-"
13.79.234.125 - - [19/Jul/2025:22:10:57 +0000] "GET /cong.php HTTP/1.1" 404 16431 "-" "-"
13.79.234.125 - - [19/Jul/2025:22:10:57 +0000] "GET /atomlib.php HTTP/1.1" 404 16431 "-" "-"
13.79.234.125 - - [19/Jul/2025:22:10:58 +0000] "GET /w.php HTTP/1.1" 404 16431 "-" "-"
13.79.234.125 - - [19/Jul/2025:22:10:59 +0000] "GET /404.php?fm=true HTTP/1.1" 404 16431 "-" "-"
13.79.234.125 - - [19/Jul/2025:22:10:59 +0000] "GET /404.php HTTP/1.1" 404 16431 "-" "-"
13.79.234.125 - - [19/Jul/2025:22:11:00 +0000] "GET /article.php HTTP/1.1" 404 16431 "-" "-"
209.74.77.214 - - [19/Jul/2025:22:11:01 +0000] "POST /wp-cron.php?doing_wp_cron=1752963061.6254498958587646484375 HTTP/1.1" 200 - "-" "WordPress/6.8.2; https://kelaby.company"
13.79.234.125 - - [19/Jul/2025:22:11:01 +0000] "GET /wp-content/product.php HTTP/1.1" 404 16431 "-" "-"
13.79.234.125 - - [19/Jul/2025:22:11:03 +0000] "GET /wp-content/function.php HTTP/1.1" 404 16431 "-" "-"
13.79.234.125 - - [19/Jul/2025:22:11:04 +0000] "GET /0x.php HTTP/1.1" 404 16432 "-" "-"
13.79.234.125 - - [19/Jul/2025:22:11:04 +0000] "GET /css.php HTTP/1.1" 404 16432 "-" "-"
13.79.234.125 - - [19/Jul/2025:22:11:05 +0000] "GET /modules/mod_simplefileuploadv1.3/elements/filemanager.php?p= HTTP/1.1" 301 - "-" "-"
13.79.234.125 - - [19/Jul/2025:22:11:06 +0000] "GET /modules/mod_simplefileuploadv1.3/elements/filemanager.php HTTP/1.1" 404 16431 "-" "-"
13.79.234.125 - - [19/Jul/2025:22:11:06 +0000] "GET /wp-content/index.php HTTP/1.1" 200 - "-" "-"
13.79.234.125 - - [19/Jul/2025:22:11:06 +0000] "GET /1.php HTTP/1.1" 404 16432 "-" "-"
13.79.234.125 - - [19/Jul/2025:22:11:07 +0000] "GET /admin.php HTTP/1.1" 404 16431 "-" "-"
13.79.234.125 - - [19/Jul/2025:22:11:08 +0000] "GET /wp-admin/maint/maint.php HTTP/1.1" 404 16431 "-" "-"
13.79.234.125 - - [19/Jul/2025:22:11:08 +0000] "GET /classwithtostring.php HTTP/1.1" 404 16431 "-" "-"
13.79.234.125 - - [19/Jul/2025:22:11:09 +0000] "GET /dropdown.php HTTP/1.1" 404 16431 "-" "-"
13.79.234.125 - - [19/Jul/2025:22:11:10 +0000] "GET /moon.php HTTP/1.1" 404 16431 "-" "-"
13.79.234.125 - - [19/Jul/2025:22:11:11 +0000] "GET /0x.php HTTP/1.1" 404 16431 "-" "-"
13.79.234.125 - - [19/Jul/2025:22:11:11 +0000] "GET /moon.php?p= HTTP/1.1" 301 - "-" "-"
13.79.234.125 - - [19/Jul/2025:22:11:12 +0000] "GET /moon.php HTTP/1.1" 404 16431 "-" "-"
13.79.234.125 - - [19/Jul/2025:22:11:12 +0000] "GET /autoload_classmap.php?p= HTTP/1.1" 301 - "-" "-"
13.79.234.125 - - [19/Jul/2025:22:11:13 +0000] "GET /autoload_classmap.php HTTP/1.1" 404 16431 "-" "-"
13.79.234.125 - - [19/Jul/2025:22:11:13 +0000] "GET /inputs.php HTTP/1.1" 404 16431 "-" "-"
13.79.234.125 - - [19/Jul/2025:22:11:14 +0000] "GET /default.php HTTP/1.1" 404 16431 "-" "-"
13.79.234.125 - - [19/Jul/2025:22:11:15 +0000] "GET /fm.php?p= HTTP/1.1" 301 - "-" "-"
13.79.234.125 - - [19/Jul/2025:22:11:15 +0000] "GET /fm.php HTTP/1.1" 404 16431 "-" "-"
13.79.234.125 - - [19/Jul/2025:22:11:16 +0000] "GET /fm.php?fm=true HTTP/1.1" 404 16431 "-" "-"
13.79.234.125 - - [19/Jul/2025:22:11:16 +0000] "GET /about.php HTTP/1.1" 404 16431 "-" "-"
13.79.234.125 - - [19/Jul/2025:22:11:17 +0000] "GET /file.php? HTTP/1.1" 404 16432 "-" "-"
13.79.234.125 - - [19/Jul/2025:22:11:18 +0000] "GET /alfa.php HTTP/1.1" 404 16432 "-" "-"
13.79.234.125 - - [19/Jul/2025:22:11:18 +0000] "GET /buy.php HTTP/1.1" 404 16431 "-" "-"
13.79.234.125 - - [19/Jul/2025:22:11:19 +0000] "GET /themes/twentytwentytwo/index.php HTTP/1.1" 301 - "-" "-"
13.79.234.125 - - [19/Jul/2025:22:11:19 +0000] "GET /themes/twentytwentytwo/ HTTP/1.1" 404 16431 "-" "-"
13.79.234.125 - - [19/Jul/2025:22:11:20 +0000] "GET /wp-admin/js/wp-conflg.php?p= HTTP/1.1" 301 - "-" "-"
13.79.234.125 - - [19/Jul/2025:22:11:20 +0000] "GET /wp-admin/js/wp-conflg.php HTTP/1.1" 404 16431 "-" "-"
13.79.234.125 - - [19/Jul/2025:22:11:21 +0000] "GET /wp-admin/wp-conflg.php?p= HTTP/1.1" 301 - "-" "-"
13.79.234.125 - - [19/Jul/2025:22:11:21 +0000] "GET /wp-admin/wp-conflg.php HTTP/1.1" 404 16431 "-" "-"
13.79.234.125 - - [19/Jul/2025:22:11:22 +0000] "GET /wp-admin/css/wp-conflg.php?p= HTTP/1.1" 301 - "-" "-"
13.79.234.125 - - [19/Jul/2025:22:11:22 +0000] "GET /wp-admin/css/wp-conflg.php HTTP/1.1" 404 16431 "-" "-"
13.79.234.125 - - [19/Jul/2025:22:11:23 +0000] "GET /manager.php?p= HTTP/1.1" 301 - "-" "-"
13.79.234.125 - - [19/Jul/2025:22:11:23 +0000] "GET /manager.php HTTP/1.1" 404 16431 "-" "-"
13.79.234.125 - - [19/Jul/2025:22:11:24 +0000] "GET /js/fm.php HTTP/1.1" 404 16431 "-" "-"
13.79.234.125 - - [19/Jul/2025:22:11:25 +0000] "GET /item.php HTTP/1.1" 404 16431 "-" "-"
