Current File : /home/kelaby89/access-logs/kelaby.sixpack.studio |
2a03:2880:f800:c:: - - [19/Jul/2025:12:13:43 +0000] "GET /detail/988813408 HTTP/1.1" 404 16431 "-" "meta-externalagent/1.1 (+https://developers.facebook.com/docs/sharing/webmasters/crawler)"
2a03:2880:f800:14:: - - [19/Jul/2025:12:17:03 +0000] "GET /detail/466812927 HTTP/1.1" 404 16431 "-" "meta-externalagent/1.1 (+https://developers.facebook.com/docs/sharing/webmasters/crawler)"
196.251.67.143 - - [19/Jul/2025:12:20:57 +0000] "GET /.env HTTP/1.1" 404 16431 "-" "Mozilla/5.0 (X11; Linux x86_64) AppleWebKit/537.36 (KHTML, like Gecko) Chrome/81.0.4044.129 Safari/537.36"
196.251.67.143 - - [19/Jul/2025:12:20:58 +0000] "POST / HTTP/1.1" 200 26442 "-" "Mozilla/5.0 (X11; Linux x86_64) AppleWebKit/537.36 (KHTML, like Gecko) Chrome/81.0.4044.129 Safari/537.36"
43.130.106.18 - - [19/Jul/2025:12:48:07 +0000] "GET / HTTP/1.1" 301 - "-" "Mozilla/5.0 (iPhone; CPU iPhone OS 13_2_3 like Mac OS X) AppleWebKit/605.1.15 (KHTML, like Gecko) Version/13.0.3 Mobile/15E148 Safari/604.1"
165.232.183.71 - - [19/Jul/2025:12:54:42 +0000] "GET / HTTP/1.1" 301 - "-" "Mozilla/5.0 (X11; Linux x86_64; rv:137.0) Gecko/20100101 Firefox/137.0"
165.232.183.71 - - [19/Jul/2025:12:54:43 +0000] "GET /favicon.ico HTTP/1.1" 302 - "http://kelaby.company/" "Mozilla/5.0 (X11; Linux x86_64; rv:137.0) Gecko/20100101 Firefox/137.0"
2a03:2880:f800:9:: - - [19/Jul/2025:12:57:08 +0000] "GET /sitemap.xml HTTP/1.1" 200 4488 "-" "meta-externalagent/1.1 (+https://developers.facebook.com/docs/sharing/webmasters/crawler)"
66.249.79.237 - - [19/Jul/2025:13:00:33 +0000] "GET /?h=108696571041960&mod=c3b1a352&uri=shop.php?toiawase HTTP/1.1" 200 20833 "-" "Mozilla/5.0 (Linux; Android 6.0.1; Nexus 5X Build/MMB29P) AppleWebKit/537.36 (KHTML, like Gecko) Chrome/137.0.7151.103 Mobile Safari/537.36 (compatible; Googlebot/2.1; +http://www.google.com/bot.html)"
66.249.79.237 - - [19/Jul/2025:13:00:38 +0000] "POST /get-message-notify HTTP/1.1" 200 19473 "http://www.kelaby.company/?h=108696571041960&mod=c3b1a352&uri=shop.php?toiawase" "Mozilla/5.0 (Linux; Android 6.0.1; Nexus 5X Build/MMB29P) AppleWebKit/537.36 (KHTML, like Gecko) Chrome/137.0.7151.119 Mobile Safari/537.36 (compatible; Googlebot/2.1; +http://www.google.com/bot.html)"
2a03:2880:f800:f:: - - [19/Jul/2025:13:03:25 +0000] "GET /detail/467056935 HTTP/1.1" 404 16431 "-" "meta-externalagent/1.1 (+https://developers.facebook.com/docs/sharing/webmasters/crawler)"
92.205.20.61 - - [19/Jul/2025:13:09:10 +0000] "GET /wp-login.php HTTP/1.1" 302 - "" "Mozilla/5.0 (Windows NT 10.0; Win64; x64; rv:137.0) Gecko/20100101 Firefox/137.0"
223.15.245.170 - - [19/Jul/2025:13:09:46 +0000] "GET / HTTP/1.1" 301 - "-" "Mozilla/5.0 (iPhone; CPU iPhone OS 13_2_3 like Mac OS X) AppleWebKit/605.1.15 (KHTML, like Gecko) Version/13.0.3 Mobile/15E148 Safari/604.1"
2a03:2880:f800:e:: - - [19/Jul/2025:13:27:08 +0000] "GET /detail/466936260 HTTP/1.1" 404 16432 "-" "meta-externalagent/1.1 (+https://developers.facebook.com/docs/sharing/webmasters/crawler)"
2a03:2880:f800:13:: - - [19/Jul/2025:13:28:26 +0000] "GET /detail/466661946 HTTP/1.1" 404 16432 "-" "meta-externalagent/1.1 (+https://developers.facebook.com/docs/sharing/webmasters/crawler)"
66.249.79.225 - - [19/Jul/2025:13:45:15 +0000] "GET /robots.txt HTTP/1.1" 304 - "-" "Mozilla/5.0 (compatible; Googlebot/2.1; +http://www.google.com/bot.html)"
66.249.79.227 - - [19/Jul/2025:13:45:16 +0000] "GET /?h=109901815041960&mod=e22d90e1&uri=info.php?detail/1688161 HTTP/1.1" 200 19940 "-" "Mozilla/5.0 (Linux; Android 6.0.1; Nexus 5X Build/MMB29P) AppleWebKit/537.36 (KHTML, like Gecko) Chrome/137.0.7151.103 Mobile Safari/537.36 (compatible; Googlebot/2.1; +http://www.google.com/bot.html)"
66.249.79.226 - - [19/Jul/2025:13:45:20 +0000] "POST /get-message-notify HTTP/1.1" 200 19473 "http://www.kelaby.company/?h=109901815041960&mod=e22d90e1&uri=info.php?detail/1688161" "Mozilla/5.0 (Linux; Android 6.0.1; Nexus 5X Build/MMB29P) AppleWebKit/537.36 (KHTML, like Gecko) Chrome/137.0.7151.119 Mobile Safari/537.36 (compatible; Googlebot/2.1; +http://www.google.com/bot.html)"
2a03:2880:f800:6:: - - [19/Jul/2025:13:46:11 +0000] "GET /detail/466688081 HTTP/1.1" 404 16431 "-" "meta-externalagent/1.1 (+https://developers.facebook.com/docs/sharing/webmasters/crawler)"
2a03:2880:f800:11:: - - [19/Jul/2025:13:46:59 +0000] "GET /detail/988710477 HTTP/1.1" 404 16431 "-" "meta-externalagent/1.1 (+https://developers.facebook.com/docs/sharing/webmasters/crawler)"
209.74.77.214 - - [19/Jul/2025:13:47:03 +0000] "POST /wp-cron.php?doing_wp_cron=1752932822.9047479629516601562500 HTTP/1.1" 200 - "-" "WordPress/6.8.2; https://kelaby.company"
2a03:2880:f800:b:: - - [19/Jul/2025:13:47:02 +0000] "GET /detail/988377994 HTTP/1.1" 404 16431 "-" "meta-externalagent/1.1 (+https://developers.facebook.com/docs/sharing/webmasters/crawler)"
209.74.77.214 - - [19/Jul/2025:13:49:11 +0000] "POST /wp-cron.php?doing_wp_cron=1752932950.9741759300231933593750 HTTP/1.1" 200 - "-" "WordPress/6.8.2; https://kelaby.company"
2a03:2880:f800:19:: - - [19/Jul/2025:13:49:10 +0000] "GET /detail/466833185 HTTP/1.1" 404 16431 "-" "meta-externalagent/1.1 (+https://developers.facebook.com/docs/sharing/webmasters/crawler)"
2a03:2880:f800:b:: - - [19/Jul/2025:13:51:42 +0000] "GET /detail/467123027 HTTP/1.1" 404 16431 "-" "meta-externalagent/1.1 (+https://developers.facebook.com/docs/sharing/webmasters/crawler)"
2a03:2880:f800:1b:: - - [19/Jul/2025:13:59:18 +0000] "GET /detail/466885680 HTTP/1.1" 404 16432 "-" "meta-externalagent/1.1 (+https://developers.facebook.com/docs/sharing/webmasters/crawler)"
2a03:2880:f800:1b:: - - [19/Jul/2025:14:04:13 +0000] "GET /detail/466993067 HTTP/1.1" 404 16430 "-" "meta-externalagent/1.1 (+https://developers.facebook.com/docs/sharing/webmasters/crawler)"
2a03:2880:f800:12:: - - [19/Jul/2025:14:06:05 +0000] "GET /detail/466875287 HTTP/1.1" 404 16431 "-" "meta-externalagent/1.1 (+https://developers.facebook.com/docs/sharing/webmasters/crawler)"
165.231.182.126 - - [19/Jul/2025:14:06:38 +0000] "GET / HTTP/1.1" 301 - "http://kelaby.company/" "Mozilla/5.0 (Windows NT 10.0; Win64; x64) AppleWebKit/537.36 (KHTML, like Gecko) Chrome/103.0.0.0 Safari/537.36 OpenWave/97.4.2043.44"
199.195.253.169 - - [19/Jul/2025:14:06:51 +0000] "GET /wp-login.php HTTP/1.1" 302 - "-" "Mozilla/5.0 (Windows NT 6.3; WOW64) AppleWebKit/537.36 (KHTML, like Gecko) Chrome/35.0.1916.153 Safari/537.36"
199.195.253.169 - - [19/Jul/2025:14:08:22 +0000] "POST /wp-login.php HTTP/1.1" 302 - "-" "Mozilla/5.0 (Windows NT 6.3; WOW64) AppleWebKit/537.36 (KHTML, like Gecko) Chrome/35.0.1916.153 Safari/537.36"
199.195.253.169 - - [19/Jul/2025:14:10:32 +0000] "GET /wp-admin/themes.php HTTP/1.1" 302 - "-" "python-requests/2.27.1"
209.74.77.214 - - [19/Jul/2025:14:17:04 +0000] "POST /wp-cron.php?doing_wp_cron=1752934624.8607940673828125000000 HTTP/1.1" 200 - "-" "WordPress/6.8.2; https://kelaby.company"
199.195.253.169 - - [19/Jul/2025:14:17:04 +0000] "GET /wp-admin/plugin-install.php?tab=upload HTTP/1.1" 404 16431 "-" "python-requests/2.27.1"
66.249.79.37 - - [19/Jul/2025:14:25:02 +0000] "GET /robots.txt HTTP/1.1" 304 - "-" "Mozilla/5.0 (compatible; Googlebot/2.1; +http://www.google.com/bot.html)"
66.249.79.35 - - [19/Jul/2025:14:25:02 +0000] "GET / HTTP/1.1" 200 18973 "-" "Mozilla/5.0 (compatible; Googlebot/2.1; +http://www.google.com/bot.html)"
66.249.79.36 - - [19/Jul/2025:14:25:03 +0000] "GET / HTTP/1.1" 200 18973 "-" "Mozilla/5.0 (Linux; Android 6.0.1; Nexus 5X Build/MMB29P) AppleWebKit/537.36 (KHTML, like Gecko) Chrome/99.0.4844.84 Mobile Safari/537.36 (compatible; Googlebot/2.1; +http://www.google.com/bot.html)"
66.249.79.36 - - [19/Jul/2025:14:25:04 +0000] "POST /get-message-notify HTTP/1.1" 200 19444 "http://kelaby.company/" "Mozilla/5.0 AppleWebKit/537.36 (KHTML, like Gecko; compatible; Googlebot/2.1; +http://www.google.com/bot.html) Chrome/137.0.7151.119 Safari/537.36"
66.249.79.36 - - [19/Jul/2025:14:25:04 +0000] "POST /get-message-notify HTTP/1.1" 200 19444 "http://kelaby.company/" "Mozilla/5.0 (Linux; Android 6.0.1; Nexus 5X Build/MMB29P) AppleWebKit/537.36 (KHTML, like Gecko) Chrome/137.0.7151.119 Mobile Safari/537.36 (compatible; Googlebot/2.1; +http://www.google.com/bot.html)"
66.249.79.35 - - [19/Jul/2025:14:25:06 +0000] "GET /favicon.ico HTTP/1.1" 302 - "-" "Googlebot-Image/1.0"
88.99.187.198 - - [19/Jul/2025:14:37:11 +0000] "GET /wp-login.php HTTP/1.1" 302 - "" "Mozilla/5.0 (Windows NT 10.0; Win64; x64; rv:137.0) Gecko/20100101 Firefox/137.0"
2a03:2880:f800:11:: - - [19/Jul/2025:14:59:47 +0000] "GET /detail/988765232 HTTP/1.1" 404 16432 "-" "meta-externalagent/1.1 (+https://developers.facebook.com/docs/sharing/webmasters/crawler)"
2a03:2880:f800:17:: - - [19/Jul/2025:15:14:47 +0000] "GET /detail/467058574 HTTP/1.1" 404 16432 "-" "meta-externalagent/1.1 (+https://developers.facebook.com/docs/sharing/webmasters/crawler)"
66.249.79.237 - - [19/Jul/2025:15:26:56 +0000] "GET /?h=70096213021960&mod=a714c9e8&uri=blog.php%3Fid%3D2339188-775%26name%3Dbrowning+pro+scout HTTP/1.1" 200 21323 "-" "Mozilla/5.0 (Linux; Android 6.0.1; Nexus 5X Build/MMB29P) AppleWebKit/537.36 (KHTML, like Gecko) Chrome/137.0.7151.103 Mobile Safari/537.36 (compatible; Googlebot/2.1; +http://www.google.com/bot.html)"
2a03:2880:f800:3:: - - [19/Jul/2025:15:28:29 +0000] "GET /detail/467064584 HTTP/1.1" 404 16431 "-" "meta-externalagent/1.1 (+https://developers.facebook.com/docs/sharing/webmasters/crawler)"
209.74.77.214 - - [19/Jul/2025:15:33:30 +0000] "POST /wp-cron.php?doing_wp_cron=1752939210.4416329860687255859375 HTTP/1.1" 200 - "-" "WordPress/6.8.2; https://kelaby.company"
103.1.185.26 - - [19/Jul/2025:15:33:29 +0000] "GET /wp-login.php HTTP/1.1" 302 - "" "Mozilla/5.0 (Windows NT 10.0; Win64; x64; rv:137.0) Gecko/20100101 Firefox/137.0"
170.106.192.208 - - [19/Jul/2025:15:38:52 +0000] "GET / HTTP/1.1" 301 - "-" "Mozilla/5.0 (iPhone; CPU iPhone OS 13_2_3 like Mac OS X) AppleWebKit/605.1.15 (KHTML, like Gecko) Version/13.0.3 Mobile/15E148 Safari/604.1"
2a03:2880:27ff:71:: - - [19/Jul/2025:15:43:02 +0000] "GET /robots.txt HTTP/1.1" 200 92 "-" "facebookexternalhit/1.1 (+http://www.facebook.com/externalhit_uatext.php)"
2a03:2880:f800:1b:: - - [19/Jul/2025:15:43:27 +0000] "GET /detail/988525401 HTTP/1.1" 404 16431 "-" "meta-externalagent/1.1 (+https://developers.facebook.com/docs/sharing/webmasters/crawler)"
2a03:2880:f800:16:: - - [19/Jul/2025:15:48:05 +0000] "GET /detail/988679680 HTTP/1.1" 404 16432 "-" "meta-externalagent/1.1 (+https://developers.facebook.com/docs/sharing/webmasters/crawler)"
2a03:2880:f800:16:: - - [19/Jul/2025:15:49:41 +0000] "GET /detail/466916477 HTTP/1.1" 404 16432 "-" "meta-externalagent/1.1 (+https://developers.facebook.com/docs/sharing/webmasters/crawler)"
92.205.212.113 - - [19/Jul/2025:15:51:19 +0000] "GET /wp-login.php HTTP/1.1" 302 - "" "Mozilla/5.0 (Windows NT 10.0; Win64; x64; rv:137.0) Gecko/20100101 Firefox/137.0"
45.4.172.194 - - [19/Jul/2025:15:53:39 +0000] "GET /wp-login.php HTTP/1.1" 302 - "" "Mozilla/5.0 (Windows NT 10.0; Win64; x64; rv:137.0) Gecko/20100101 Firefox/137.0"
2a03:2880:f800:1a:: - - [19/Jul/2025:15:56:21 +0000] "GET /detail/466822577 HTTP/1.1" 404 16431 "-" "meta-externalagent/1.1 (+https://developers.facebook.com/docs/sharing/webmasters/crawler)"
66.249.79.236 - - [19/Jul/2025:16:08:49 +0000] "GET /?h=108696571041960&mod=c3b1a352&uri=shop.php?toreka/toreka_single.html HTTP/1.1" 200 20301 "-" "Mozilla/5.0 (Linux; Android 6.0.1; Nexus 5X Build/MMB29P) AppleWebKit/537.36 (KHTML, like Gecko) Chrome/137.0.7151.103 Mobile Safari/537.36 (compatible; Googlebot/2.1; +http://www.google.com/bot.html)"
66.249.79.238 - - [19/Jul/2025:16:09:05 +0000] "POST /get-message-notify HTTP/1.1" 200 19476 "http://www.kelaby.company/?h=108696571041960&mod=c3b1a352&uri=shop.php?toreka/toreka_single.html" "Mozilla/5.0 (Linux; Android 6.0.1; Nexus 5X Build/MMB29P) AppleWebKit/537.36 (KHTML, like Gecko) Chrome/137.0.7151.119 Mobile Safari/537.36 (compatible; Googlebot/2.1; +http://www.google.com/bot.html)"
2a03:2880:f800:d:: - - [19/Jul/2025:16:09:48 +0000] "GET /detail/988692481 HTTP/1.1" 404 16431 "-" "meta-externalagent/1.1 (+https://developers.facebook.com/docs/sharing/webmasters/crawler)"
110.166.71.39 - - [19/Jul/2025:16:19:07 +0000] "GET / HTTP/1.1" 301 - "-" "Mozilla/5.0 (iPhone; CPU iPhone OS 13_2_3 like Mac OS X) AppleWebKit/605.1.15 (KHTML, like Gecko) Version/13.0.3 Mobile/15E148 Safari/604.1"
2a03:2880:f800:1a:: - - [19/Jul/2025:16:23:41 +0000] "GET /detail/467153223 HTTP/1.1" 404 16431 "-" "meta-externalagent/1.1 (+https://developers.facebook.com/docs/sharing/webmasters/crawler)"
2a03:2880:f800:c:: - - [19/Jul/2025:16:37:59 +0000] "GET /detail/467056170 HTTP/1.1" 404 16431 "-" "meta-externalagent/1.1 (+https://developers.facebook.com/docs/sharing/webmasters/crawler)"
66.249.79.225 - - [19/Jul/2025:16:41:35 +0000] "GET /?h=5699097031960&mod=2076b5ab&uri=goods.php%3Fid%3D190291-333%26name%3Dkay+jewelers+purple+butterfly+necklace HTTP/1.1" 200 21356 "-" "Mozilla/5.0 (Linux; Android 6.0.1; Nexus 5X Build/MMB29P) AppleWebKit/537.36 (KHTML, like Gecko) Chrome/137.0.7151.103 Mobile Safari/537.36 (compatible; Googlebot/2.1; +http://www.google.com/bot.html)"
209.74.77.214 - - [19/Jul/2025:16:45:29 +0000] "POST /wp-cron.php?doing_wp_cron=1752943529.3982870578765869140625 HTTP/1.1" 200 - "-" "WordPress/6.8.2; https://kelaby.company"
89.163.242.76 - - [19/Jul/2025:16:45:29 +0000] "GET /export.php HTTP/1.1" 404 16432 "www.google.com" "Mozlila/5.0 (Linux; Android 7.0; SM-G892A Bulid/NRD90M; wv) AppleWebKit/537.36 (KHTML, like Gecko) Version/4.0 Chrome/60.0.3112.107 Moblie Safari/537.36"
66.249.79.226 - - [19/Jul/2025:16:59:09 +0000] "GET /?h=108696571041960&mod=c3b1a352&uri=shop.php?detail/33410225 HTTP/1.1" 200 20213 "-" "Mozilla/5.0 (Linux; Android 6.0.1; Nexus 5X Build/MMB29P) AppleWebKit/537.36 (KHTML, like Gecko) Chrome/137.0.7151.103 Mobile Safari/537.36 (compatible; Googlebot/2.1; +http://www.google.com/bot.html)"
66.249.79.236 - - [19/Jul/2025:17:07:41 +0000] "GET /?h=5695917021960&mod=2076b5ab&uri=dp.php%3Fid%3D190185-333%26name%3Dopal+shark+tooth+necklace HTTP/1.1" 200 21301 "-" "Mozilla/5.0 (Linux; Android 6.0.1; Nexus 5X Build/MMB29P) AppleWebKit/537.36 (KHTML, like Gecko) Chrome/137.0.7151.103 Mobile Safari/537.36 (compatible; Googlebot/2.1; +http://www.google.com/bot.html)"
66.249.79.236 - - [19/Jul/2025:17:15:04 +0000] "GET /?h=5698557001960&mod=2076b5ab&uri=itm.php%3Fid%3D190273-333%26name%3Djewelry+stores+in+fashion+fair+mall HTTP/1.1" 200 21342 "-" "Mozilla/5.0 (Linux; Android 6.0.1; Nexus 5X Build/MMB29P) AppleWebKit/537.36 (KHTML, like Gecko) Chrome/137.0.7151.103 Mobile Safari/537.36 (compatible; Googlebot/2.1; +http://www.google.com/bot.html)"
66.249.79.236 - - [19/Jul/2025:17:15:11 +0000] "GET /?h=108696571041960&mod=c3b1a352&uri=shop.php?detail/33421786 HTTP/1.1" 200 18884 "-" "Mozilla/5.0 (Linux; Android 6.0.1; Nexus 5X Build/MMB29P) AppleWebKit/537.36 (KHTML, like Gecko) Chrome/137.0.7151.103 Mobile Safari/537.36 (compatible; Googlebot/2.1; +http://www.google.com/bot.html)"
66.249.79.236 - - [19/Jul/2025:17:15:28 +0000] "GET /?h=108696571041960&mod=c3b1a352&uri=shop.php?detail/33433500 HTTP/1.1" 200 18883 "-" "Mozilla/5.0 (Linux; Android 6.0.1; Nexus 5X Build/MMB29P) AppleWebKit/537.36 (KHTML, like Gecko) Chrome/137.0.7151.103 Mobile Safari/537.36 (compatible; Googlebot/2.1; +http://www.google.com/bot.html)"
66.249.79.236 - - [19/Jul/2025:17:15:32 +0000] "POST /get-message-notify HTTP/1.1" 200 19476 "http://www.kelaby.company/?h=108696571041960&mod=c3b1a352&uri=shop.php?detail/33433500" "Mozilla/5.0 (Linux; Android 6.0.1; Nexus 5X Build/MMB29P) AppleWebKit/537.36 (KHTML, like Gecko) Chrome/137.0.7151.119 Mobile Safari/537.36 (compatible; Googlebot/2.1; +http://www.google.com/bot.html)"
66.249.79.238 - - [19/Jul/2025:17:16:12 +0000] "GET /?h=108696571041960&mod=c3b1a352&uri=shop.php?detail/33381473 HTTP/1.1" 200 19227 "-" "Mozilla/5.0 (Linux; Android 6.0.1; Nexus 5X Build/MMB29P) AppleWebKit/537.36 (KHTML, like Gecko) Chrome/137.0.7151.103 Mobile Safari/537.36 (compatible; Googlebot/2.1; +http://www.google.com/bot.html)"
4.227.36.72 - - [19/Jul/2025:17:16:22 +0000] "GET /robots.txt HTTP/1.1" 200 92 "-" "Mozilla/5.0 AppleWebKit/537.36 (KHTML, like Gecko; compatible; GPTBot/1.2; +https://openai.com/gptbot)"
20.171.207.233 - - [19/Jul/2025:17:16:22 +0000] "GET /sitemap.xml HTTP/1.1" 200 4422 "-" "Mozilla/5.0 AppleWebKit/537.36 (KHTML, like Gecko; compatible; GPTBot/1.2; +https://openai.com/gptbot)"
20.171.207.233 - - [19/Jul/2025:17:16:25 +0000] "GET /detail/937141071 HTTP/1.1" 301 - "-" "Mozilla/5.0 AppleWebKit/537.36 (KHTML, like Gecko; compatible; GPTBot/1.2; +https://openai.com/gptbot)"
4.227.36.97 - - [19/Jul/2025:17:16:26 +0000] "GET /robots.txt HTTP/1.1" 200 92 "-" "Mozilla/5.0 AppleWebKit/537.36 (KHTML, like Gecko; compatible; GPTBot/1.2; +https://openai.com/gptbot)"
20.171.207.233 - - [19/Jul/2025:17:16:28 +0000] "GET /detail/936816725 HTTP/1.1" 301 - "-" "Mozilla/5.0 AppleWebKit/537.36 (KHTML, like Gecko; compatible; GPTBot/1.2; +https://openai.com/gptbot)"
20.171.207.233 - - [19/Jul/2025:17:16:31 +0000] "GET /detail/936818236 HTTP/1.1" 301 - "-" "Mozilla/5.0 AppleWebKit/537.36 (KHTML, like Gecko; compatible; GPTBot/1.2; +https://openai.com/gptbot)"
20.171.207.233 - - [19/Jul/2025:17:16:33 +0000] "GET /detail/937056819 HTTP/1.1" 301 - "-" "Mozilla/5.0 AppleWebKit/537.36 (KHTML, like Gecko; compatible; GPTBot/1.2; +https://openai.com/gptbot)"
20.171.207.233 - - [19/Jul/2025:17:16:35 +0000] "GET /detail/936807564 HTTP/1.1" 301 - "-" "Mozilla/5.0 AppleWebKit/537.36 (KHTML, like Gecko; compatible; GPTBot/1.2; +https://openai.com/gptbot)"
20.171.207.233 - - [19/Jul/2025:17:16:37 +0000] "GET /detail/936758264 HTTP/1.1" 301 - "-" "Mozilla/5.0 AppleWebKit/537.36 (KHTML, like Gecko; compatible; GPTBot/1.2; +https://openai.com/gptbot)"
66.249.79.236 - - [19/Jul/2025:17:16:37 +0000] "GET /?h=108696571041960&mod=c3b1a352&uri=shop.php?product/edit/K2862929260 HTTP/1.1" 200 19664 "-" "Mozilla/5.0 (Linux; Android 6.0.1; Nexus 5X Build/MMB29P) AppleWebKit/537.36 (KHTML, like Gecko) Chrome/137.0.7151.103 Mobile Safari/537.36 (compatible; Googlebot/2.1; +http://www.google.com/bot.html)"
20.171.207.233 - - [19/Jul/2025:17:16:39 +0000] "GET /detail/937109997 HTTP/1.1" 301 - "-" "Mozilla/5.0 AppleWebKit/537.36 (KHTML, like Gecko; compatible; GPTBot/1.2; +https://openai.com/gptbot)"
66.249.79.236 - - [19/Jul/2025:17:16:40 +0000] "POST /get-message-notify HTTP/1.1" 200 19476 "http://www.kelaby.company/?h=108696571041960&mod=c3b1a352&uri=shop.php?product/edit/K2862929260" "Mozilla/5.0 (Linux; Android 6.0.1; Nexus 5X Build/MMB29P) AppleWebKit/537.36 (KHTML, like Gecko) Chrome/137.0.7151.119 Mobile Safari/537.36 (compatible; Googlebot/2.1; +http://www.google.com/bot.html)"
20.171.207.233 - - [19/Jul/2025:17:16:40 +0000] "GET /detail/936713175 HTTP/1.1" 301 - "-" "Mozilla/5.0 AppleWebKit/537.36 (KHTML, like Gecko; compatible; GPTBot/1.2; +https://openai.com/gptbot)"
20.171.207.233 - - [19/Jul/2025:17:16:41 +0000] "GET /detail/937060992 HTTP/1.1" 301 - "-" "Mozilla/5.0 AppleWebKit/537.36 (KHTML, like Gecko; compatible; GPTBot/1.2; +https://openai.com/gptbot)"
20.171.207.233 - - [19/Jul/2025:17:16:43 +0000] "GET /detail/937190337 HTTP/1.1" 301 - "-" "Mozilla/5.0 AppleWebKit/537.36 (KHTML, like Gecko; compatible; GPTBot/1.2; +https://openai.com/gptbot)"
20.171.207.233 - - [19/Jul/2025:17:16:44 +0000] "GET /detail/937104995 HTTP/1.1" 301 - "-" "Mozilla/5.0 AppleWebKit/537.36 (KHTML, like Gecko; compatible; GPTBot/1.2; +https://openai.com/gptbot)"
20.171.207.233 - - [19/Jul/2025:17:16:45 +0000] "GET /detail/936835619 HTTP/1.1" 301 - "-" "Mozilla/5.0 AppleWebKit/537.36 (KHTML, like Gecko; compatible; GPTBot/1.2; +https://openai.com/gptbot)"
20.171.207.233 - - [19/Jul/2025:17:16:46 +0000] "GET /detail/936818236 HTTP/1.1" 301 - "-" "Mozilla/5.0 AppleWebKit/537.36 (KHTML, like Gecko; compatible; GPTBot/1.2; +https://openai.com/gptbot)"
20.171.207.233 - - [19/Jul/2025:17:16:47 +0000] "GET /detail/937034708 HTTP/1.1" 301 - "-" "Mozilla/5.0 AppleWebKit/537.36 (KHTML, like Gecko; compatible; GPTBot/1.2; +https://openai.com/gptbot)"
20.171.207.233 - - [19/Jul/2025:17:16:48 +0000] "GET /detail/937021632 HTTP/1.1" 301 - "-" "Mozilla/5.0 AppleWebKit/537.36 (KHTML, like Gecko; compatible; GPTBot/1.2; +https://openai.com/gptbot)"
20.171.207.233 - - [19/Jul/2025:17:16:50 +0000] "GET /detail/937172954 HTTP/1.1" 301 - "-" "Mozilla/5.0 AppleWebKit/537.36 (KHTML, like Gecko; compatible; GPTBot/1.2; +https://openai.com/gptbot)"
20.171.207.233 - - [19/Jul/2025:17:16:51 +0000] "GET /detail/936725972 HTTP/1.1" 301 - "-" "Mozilla/5.0 AppleWebKit/537.36 (KHTML, like Gecko; compatible; GPTBot/1.2; +https://openai.com/gptbot)"
20.171.207.233 - - [19/Jul/2025:17:16:52 +0000] "GET /detail/937109997 HTTP/1.1" 301 - "-" "Mozilla/5.0 AppleWebKit/537.36 (KHTML, like Gecko; compatible; GPTBot/1.2; +https://openai.com/gptbot)"
20.171.207.233 - - [19/Jul/2025:17:16:53 +0000] "GET /detail/936683886 HTTP/1.1" 301 - "-" "Mozilla/5.0 AppleWebKit/537.36 (KHTML, like Gecko; compatible; GPTBot/1.2; +https://openai.com/gptbot)"
20.171.207.233 - - [19/Jul/2025:17:16:54 +0000] "GET /detail/936866007 HTTP/1.1" 301 - "-" "Mozilla/5.0 AppleWebKit/537.36 (KHTML, like Gecko; compatible; GPTBot/1.2; +https://openai.com/gptbot)"
20.171.207.233 - - [19/Jul/2025:17:16:55 +0000] "GET /detail/936791339 HTTP/1.1" 301 - "-" "Mozilla/5.0 AppleWebKit/537.36 (KHTML, like Gecko; compatible; GPTBot/1.2; +https://openai.com/gptbot)"
20.171.207.233 - - [19/Jul/2025:17:16:56 +0000] "GET /detail/936855804 HTTP/1.1" 301 - "-" "Mozilla/5.0 AppleWebKit/537.36 (KHTML, like Gecko; compatible; GPTBot/1.2; +https://openai.com/gptbot)"
20.171.207.233 - - [19/Jul/2025:17:16:58 +0000] "GET /detail/937046147 HTTP/1.1" 301 - "-" "Mozilla/5.0 AppleWebKit/537.36 (KHTML, like Gecko; compatible; GPTBot/1.2; +https://openai.com/gptbot)"
20.171.207.233 - - [19/Jul/2025:17:16:59 +0000] "GET /detail/937191589 HTTP/1.1" 301 - "-" "Mozilla/5.0 AppleWebKit/537.36 (KHTML, like Gecko; compatible; GPTBot/1.2; +https://openai.com/gptbot)"
20.171.207.233 - - [19/Jul/2025:17:17:00 +0000] "GET /detail/936889138 HTTP/1.1" 301 - "-" "Mozilla/5.0 AppleWebKit/537.36 (KHTML, like Gecko; compatible; GPTBot/1.2; +https://openai.com/gptbot)"
209.74.77.214 - - [19/Jul/2025:17:17:01 +0000] "POST /wp-cron.php?doing_wp_cron=1752945421.6486930847167968750000 HTTP/1.1" 200 - "-" "WordPress/6.8.2; https://kelaby.company"
20.171.207.233 - - [19/Jul/2025:17:17:01 +0000] "GET /detail/936945810 HTTP/1.1" 301 - "-" "Mozilla/5.0 AppleWebKit/537.36 (KHTML, like Gecko; compatible; GPTBot/1.2; +https://openai.com/gptbot)"
20.171.207.57 - - [19/Jul/2025:17:17:01 +0000] "GET /detail/936816725 HTTP/1.1" 404 16431 "-" "Mozilla/5.0 AppleWebKit/537.36 (KHTML, like Gecko; compatible; GPTBot/1.2; +https://openai.com/gptbot)"
20.171.207.233 - - [19/Jul/2025:17:17:02 +0000] "GET /detail/936710024 HTTP/1.1" 301 - "-" "Mozilla/5.0 AppleWebKit/537.36 (KHTML, like Gecko; compatible; GPTBot/1.2; +https://openai.com/gptbot)"
20.171.207.233 - - [19/Jul/2025:17:17:03 +0000] "GET /detail/937105692 HTTP/1.1" 301 - "-" "Mozilla/5.0 AppleWebKit/537.36 (KHTML, like Gecko; compatible; GPTBot/1.2; +https://openai.com/gptbot)"
20.171.207.233 - - [19/Jul/2025:17:17:04 +0000] "GET /detail/936840621 HTTP/1.1" 301 - "-" "Mozilla/5.0 AppleWebKit/537.36 (KHTML, like Gecko; compatible; GPTBot/1.2; +https://openai.com/gptbot)"
20.171.207.233 - - [19/Jul/2025:17:17:06 +0000] "GET /detail/936740284 HTTP/1.1" 301 - "-" "Mozilla/5.0 AppleWebKit/537.36 (KHTML, like Gecko; compatible; GPTBot/1.2; +https://openai.com/gptbot)"
20.171.207.233 - - [19/Jul/2025:17:17:07 +0000] "GET /detail/936781264 HTTP/1.1" 301 - "-" "Mozilla/5.0 AppleWebKit/537.36 (KHTML, like Gecko; compatible; GPTBot/1.2; +https://openai.com/gptbot)"
20.171.207.57 - - [19/Jul/2025:17:17:07 +0000] "GET /detail/937056819 HTTP/1.1" 404 16431 "-" "Mozilla/5.0 AppleWebKit/537.36 (KHTML, like Gecko; compatible; GPTBot/1.2; +https://openai.com/gptbot)"
20.171.207.233 - - [19/Jul/2025:17:17:08 +0000] "GET /detail/936831570 HTTP/1.1" 301 - "-" "Mozilla/5.0 AppleWebKit/537.36 (KHTML, like Gecko; compatible; GPTBot/1.2; +https://openai.com/gptbot)"
20.171.207.233 - - [19/Jul/2025:17:17:09 +0000] "GET /detail/937082351 HTTP/1.1" 301 - "-" "Mozilla/5.0 AppleWebKit/537.36 (KHTML, like Gecko; compatible; GPTBot/1.2; +https://openai.com/gptbot)"
20.171.207.233 - - [19/Jul/2025:17:17:10 +0000] "GET /detail/936924108 HTTP/1.1" 301 - "-" "Mozilla/5.0 AppleWebKit/537.36 (KHTML, like Gecko; compatible; GPTBot/1.2; +https://openai.com/gptbot)"
20.171.207.233 - - [19/Jul/2025:17:17:11 +0000] "GET /detail/937085226 HTTP/1.1" 301 - "-" "Mozilla/5.0 AppleWebKit/537.36 (KHTML, like Gecko; compatible; GPTBot/1.2; +https://openai.com/gptbot)"
20.171.207.233 - - [19/Jul/2025:17:17:13 +0000] "GET /detail/936851421 HTTP/1.1" 301 - "-" "Mozilla/5.0 AppleWebKit/537.36 (KHTML, like Gecko; compatible; GPTBot/1.2; +https://openai.com/gptbot)"
20.171.207.57 - - [19/Jul/2025:17:17:12 +0000] "GET /detail/936758264 HTTP/1.1" 404 16431 "-" "Mozilla/5.0 AppleWebKit/537.36 (KHTML, like Gecko; compatible; GPTBot/1.2; +https://openai.com/gptbot)"
20.171.207.233 - - [19/Jul/2025:17:17:14 +0000] "GET /detail/936812975 HTTP/1.1" 301 - "-" "Mozilla/5.0 AppleWebKit/537.36 (KHTML, like Gecko; compatible; GPTBot/1.2; +https://openai.com/gptbot)"
20.171.207.233 - - [19/Jul/2025:17:17:15 +0000] "GET /detail/937174206 HTTP/1.1" 301 - "-" "Mozilla/5.0 AppleWebKit/537.36 (KHTML, like Gecko; compatible; GPTBot/1.2; +https://openai.com/gptbot)"
20.171.207.57 - - [19/Jul/2025:17:17:15 +0000] "GET /detail/936807564 HTTP/1.1" 404 16431 "-" "Mozilla/5.0 AppleWebKit/537.36 (KHTML, like Gecko; compatible; GPTBot/1.2; +https://openai.com/gptbot)"
20.171.207.233 - - [19/Jul/2025:17:17:16 +0000] "GET /detail/936701205 HTTP/1.1" 301 - "-" "Mozilla/5.0 AppleWebKit/537.36 (KHTML, like Gecko; compatible; GPTBot/1.2; +https://openai.com/gptbot)"
20.171.207.233 - - [19/Jul/2025:17:17:17 +0000] "GET /detail/936784159 HTTP/1.1" 301 - "-" "Mozilla/5.0 AppleWebKit/537.36 (KHTML, like Gecko; compatible; GPTBot/1.2; +https://openai.com/gptbot)"
20.171.207.233 - - [19/Jul/2025:17:17:18 +0000] "GET /detail/936970581 HTTP/1.1" 301 - "-" "Mozilla/5.0 AppleWebKit/537.36 (KHTML, like Gecko; compatible; GPTBot/1.2; +https://openai.com/gptbot)"
20.171.207.57 - - [19/Jul/2025:17:17:18 +0000] "GET /detail/937104995 HTTP/1.1" 404 16431 "-" "Mozilla/5.0 AppleWebKit/537.36 (KHTML, like Gecko; compatible; GPTBot/1.2; +https://openai.com/gptbot)"
20.171.207.233 - - [19/Jul/2025:17:17:20 +0000] "GET /detail/937027658 HTTP/1.1" 301 - "-" "Mozilla/5.0 AppleWebKit/537.36 (KHTML, like Gecko; compatible; GPTBot/1.2; +https://openai.com/gptbot)"
20.171.207.233 - - [19/Jul/2025:17:17:21 +0000] "GET /detail/936912547 HTTP/1.1" 301 - "-" "Mozilla/5.0 AppleWebKit/537.36 (KHTML, like Gecko; compatible; GPTBot/1.2; +https://openai.com/gptbot)"
20.171.207.57 - - [19/Jul/2025:17:17:21 +0000] "GET /detail/937109997 HTTP/1.1" 404 16431 "-" "Mozilla/5.0 AppleWebKit/537.36 (KHTML, like Gecko; compatible; GPTBot/1.2; +https://openai.com/gptbot)"
20.171.207.233 - - [19/Jul/2025:17:17:22 +0000] "GET /detail/936924108 HTTP/1.1" 301 - "-" "Mozilla/5.0 AppleWebKit/537.36 (KHTML, like Gecko; compatible; GPTBot/1.2; +https://openai.com/gptbot)"
20.171.207.233 - - [19/Jul/2025:17:17:23 +0000] "GET /detail/937084056 HTTP/1.1" 301 - "-" "Mozilla/5.0 AppleWebKit/537.36 (KHTML, like Gecko; compatible; GPTBot/1.2; +https://openai.com/gptbot)"
66.249.79.238 - - [19/Jul/2025:17:17:24 +0000] "GET /?h=108696571041960&mod=c3b1a352&uri=shop.php?detail/33392778 HTTP/1.1" 200 19414 "-" "Mozilla/5.0 (Linux; Android 6.0.1; Nexus 5X Build/MMB29P) AppleWebKit/537.36 (KHTML, like Gecko) Chrome/137.0.7151.103 Mobile Safari/537.36 (compatible; Googlebot/2.1; +http://www.google.com/bot.html)"
20.171.207.233 - - [19/Jul/2025:17:17:24 +0000] "GET /detail/936921704 HTTP/1.1" 301 - "-" "Mozilla/5.0 AppleWebKit/537.36 (KHTML, like Gecko; compatible; GPTBot/1.2; +https://openai.com/gptbot)"
20.171.207.233 - - [19/Jul/2025:17:17:25 +0000] "GET /detail/937087612 HTTP/1.1" 301 - "-" "Mozilla/5.0 AppleWebKit/537.36 (KHTML, like Gecko; compatible; GPTBot/1.2; +https://openai.com/gptbot)"
20.171.207.233 - - [19/Jul/2025:17:17:27 +0000] "GET /detail/937165582 HTTP/1.1" 301 - "-" "Mozilla/5.0 AppleWebKit/537.36 (KHTML, like Gecko; compatible; GPTBot/1.2; +https://openai.com/gptbot)"
20.171.207.233 - - [19/Jul/2025:17:17:28 +0000] "GET /detail/936835210 HTTP/1.1" 301 - "-" "Mozilla/5.0 AppleWebKit/537.36 (KHTML, like Gecko; compatible; GPTBot/1.2; +https://openai.com/gptbot)"
20.171.207.233 - - [19/Jul/2025:17:17:29 +0000] "GET /detail/936745204 HTTP/1.1" 301 - "-" "Mozilla/5.0 AppleWebKit/537.36 (KHTML, like Gecko; compatible; GPTBot/1.2; +https://openai.com/gptbot)"
20.171.207.57 - - [19/Jul/2025:17:17:30 +0000] "GET /detail/937191589 HTTP/1.1" 404 16431 "-" "Mozilla/5.0 AppleWebKit/537.36 (KHTML, like Gecko; compatible; GPTBot/1.2; +https://openai.com/gptbot)"
20.171.207.233 - - [19/Jul/2025:17:17:30 +0000] "GET /detail/936784159 HTTP/1.1" 301 - "-" "Mozilla/5.0 AppleWebKit/537.36 (KHTML, like Gecko; compatible; GPTBot/1.2; +https://openai.com/gptbot)"
20.171.207.233 - - [19/Jul/2025:17:17:31 +0000] "GET /detail/937014861 HTTP/1.1" 301 - "-" "Mozilla/5.0 AppleWebKit/537.36 (KHTML, like Gecko; compatible; GPTBot/1.2; +https://openai.com/gptbot)"
20.171.207.233 - - [19/Jul/2025:17:17:32 +0000] "GET /detail/936748001 HTTP/1.1" 301 - "-" "Mozilla/5.0 AppleWebKit/537.36 (KHTML, like Gecko; compatible; GPTBot/1.2; +https://openai.com/gptbot)"
20.171.207.57 - - [19/Jul/2025:17:17:32 +0000] "GET /detail/936945810 HTTP/1.1" 404 16431 "-" "Mozilla/5.0 AppleWebKit/537.36 (KHTML, like Gecko; compatible; GPTBot/1.2; +https://openai.com/gptbot)"
20.171.207.233 - - [19/Jul/2025:17:17:34 +0000] "GET /detail/936750487 HTTP/1.1" 301 - "-" "Mozilla/5.0 AppleWebKit/537.36 (KHTML, like Gecko; compatible; GPTBot/1.2; +https://openai.com/gptbot)"
20.171.207.233 - - [19/Jul/2025:17:17:35 +0000] "GET /detail/936912547 HTTP/1.1" 301 - "-" "Mozilla/5.0 AppleWebKit/537.36 (KHTML, like Gecko; compatible; GPTBot/1.2; +https://openai.com/gptbot)"
20.171.207.57 - - [19/Jul/2025:17:17:35 +0000] "GET /detail/936710024 HTTP/1.1" 404 16431 "-" "Mozilla/5.0 AppleWebKit/537.36 (KHTML, like Gecko; compatible; GPTBot/1.2; +https://openai.com/gptbot)"
20.171.207.233 - - [19/Jul/2025:17:17:36 +0000] "GET /detail/937054689 HTTP/1.1" 301 - "-" "Mozilla/5.0 AppleWebKit/537.36 (KHTML, like Gecko; compatible; GPTBot/1.2; +https://openai.com/gptbot)"
20.171.207.233 - - [19/Jul/2025:17:17:37 +0000] "GET /detail/936742057 HTTP/1.1" 301 - "-" "Mozilla/5.0 AppleWebKit/537.36 (KHTML, like Gecko; compatible; GPTBot/1.2; +https://openai.com/gptbot)"
20.171.207.233 - - [19/Jul/2025:17:17:38 +0000] "GET /detail/936921704 HTTP/1.1" 301 - "-" "Mozilla/5.0 AppleWebKit/537.36 (KHTML, like Gecko; compatible; GPTBot/1.2; +https://openai.com/gptbot)"
20.171.207.57 - - [19/Jul/2025:17:17:38 +0000] "GET /detail/936781264 HTTP/1.1" 404 16431 "-" "Mozilla/5.0 AppleWebKit/537.36 (KHTML, like Gecko; compatible; GPTBot/1.2; +https://openai.com/gptbot)"
20.171.207.233 - - [19/Jul/2025:17:17:39 +0000] "GET /detail/937182620 HTTP/1.1" 301 - "-" "Mozilla/5.0 AppleWebKit/537.36 (KHTML, like Gecko; compatible; GPTBot/1.2; +https://openai.com/gptbot)"
66.249.79.236 - - [19/Jul/2025:17:17:39 +0000] "GET /?h=108696571041960&mod=c3b1a352&uri=shop.php?detail/33407627 HTTP/1.1" 200 19677 "-" "Mozilla/5.0 (Linux; Android 6.0.1; Nexus 5X Build/MMB29P) AppleWebKit/537.36 (KHTML, like Gecko) Chrome/137.0.7151.103 Mobile Safari/537.36 (compatible; Googlebot/2.1; +http://www.google.com/bot.html)"
20.171.207.233 - - [19/Jul/2025:17:17:40 +0000] "GET /detail/937120541 HTTP/1.1" 301 - "-" "Mozilla/5.0 AppleWebKit/537.36 (KHTML, like Gecko; compatible; GPTBot/1.2; +https://openai.com/gptbot)"
20.171.207.57 - - [19/Jul/2025:17:17:41 +0000] "GET /detail/936758264 HTTP/1.1" 404 16432 "-" "Mozilla/5.0 AppleWebKit/537.36 (KHTML, like Gecko; compatible; GPTBot/1.2; +https://openai.com/gptbot)"
20.171.207.233 - - [19/Jul/2025:17:17:42 +0000] "GET /detail/937004658 HTTP/1.1" 301 - "-" "Mozilla/5.0 AppleWebKit/537.36 (KHTML, like Gecko; compatible; GPTBot/1.2; +https://openai.com/gptbot)"
20.171.207.233 - - [19/Jul/2025:17:17:43 +0000] "GET /detail/936835210 HTTP/1.1" 301 - "-" "Mozilla/5.0 AppleWebKit/537.36 (KHTML, like Gecko; compatible; GPTBot/1.2; +https://openai.com/gptbot)"
20.171.207.57 - - [19/Jul/2025:17:17:44 +0000] "GET /detail/937085226 HTTP/1.1" 404 16432 "-" "Mozilla/5.0 AppleWebKit/537.36 (KHTML, like Gecko; compatible; GPTBot/1.2; +https://openai.com/gptbot)"
20.171.207.233 - - [19/Jul/2025:17:17:44 +0000] "GET /detail/937088654 HTTP/1.1" 301 - "-" "Mozilla/5.0 AppleWebKit/537.36 (KHTML, like Gecko; compatible; GPTBot/1.2; +https://openai.com/gptbot)"
20.171.207.233 - - [19/Jul/2025:17:17:45 +0000] "GET /detail/936754027 HTTP/1.1" 301 - "-" "Mozilla/5.0 AppleWebKit/537.36 (KHTML, like Gecko; compatible; GPTBot/1.2; +https://openai.com/gptbot)"
20.171.207.233 - - [19/Jul/2025:17:17:46 +0000] "GET /detail/936849017 HTTP/1.1" 301 - "-" "Mozilla/5.0 AppleWebKit/537.36 (KHTML, like Gecko; compatible; GPTBot/1.2; +https://openai.com/gptbot)"
20.171.207.57 - - [19/Jul/2025:17:17:46 +0000] "GET /detail/936924108 HTTP/1.1" 404 16432 "-" "Mozilla/5.0 AppleWebKit/537.36 (KHTML, like Gecko; compatible; GPTBot/1.2; +https://openai.com/gptbot)"
20.171.207.233 - - [19/Jul/2025:17:17:47 +0000] "GET /detail/936978054 HTTP/1.1" 301 - "-" "Mozilla/5.0 AppleWebKit/537.36 (KHTML, like Gecko; compatible; GPTBot/1.2; +https://openai.com/gptbot)"
20.171.207.233 - - [19/Jul/2025:17:17:48 +0000] "GET /detail/937056410 HTTP/1.1" 301 - "-" "Mozilla/5.0 AppleWebKit/537.36 (KHTML, like Gecko; compatible; GPTBot/1.2; +https://openai.com/gptbot)"
20.171.207.57 - - [19/Jul/2025:17:17:49 +0000] "GET /detail/936701205 HTTP/1.1" 404 16431 "-" "Mozilla/5.0 AppleWebKit/537.36 (KHTML, like Gecko; compatible; GPTBot/1.2; +https://openai.com/gptbot)"
20.171.207.233 - - [19/Jul/2025:17:17:50 +0000] "GET /detail/936706125 HTTP/1.1" 301 - "-" "Mozilla/5.0 AppleWebKit/537.36 (KHTML, like Gecko; compatible; GPTBot/1.2; +https://openai.com/gptbot)"
20.171.207.233 - - [19/Jul/2025:17:17:51 +0000] "GET /detail/936724610 HTTP/1.1" 301 - "-" "Mozilla/5.0 AppleWebKit/537.36 (KHTML, like Gecko; compatible; GPTBot/1.2; +https://openai.com/gptbot)"
20.171.207.233 - - [19/Jul/2025:17:17:52 +0000] "GET /detail/936728851 HTTP/1.1" 301 - "-" "Mozilla/5.0 AppleWebKit/537.36 (KHTML, like Gecko; compatible; GPTBot/1.2; +https://openai.com/gptbot)"
20.171.207.57 - - [19/Jul/2025:17:17:52 +0000] "GET /detail/936912547 HTTP/1.1" 404 16432 "-" "Mozilla/5.0 AppleWebKit/537.36 (KHTML, like Gecko; compatible; GPTBot/1.2; +https://openai.com/gptbot)"
20.171.207.233 - - [19/Jul/2025:17:17:53 +0000] "GET /detail/937107465 HTTP/1.1" 301 - "-" "Mozilla/5.0 AppleWebKit/537.36 (KHTML, like Gecko; compatible; GPTBot/1.2; +https://openai.com/gptbot)"
20.171.207.233 - - [19/Jul/2025:17:17:54 +0000] "GET /detail/936825011 HTTP/1.1" 301 - "-" "Mozilla/5.0 AppleWebKit/537.36 (KHTML, like Gecko; compatible; GPTBot/1.2; +https://openai.com/gptbot)"
20.171.207.57 - - [19/Jul/2025:17:17:55 +0000] "GET /detail/936921704 HTTP/1.1" 404 16431 "-" "Mozilla/5.0 AppleWebKit/537.36 (KHTML, like Gecko; compatible; GPTBot/1.2; +https://openai.com/gptbot)"
20.171.207.233 - - [19/Jul/2025:17:17:55 +0000] "GET /detail/937088654 HTTP/1.1" 301 - "-" "Mozilla/5.0 AppleWebKit/537.36 (KHTML, like Gecko; compatible; GPTBot/1.2; +https://openai.com/gptbot)"
20.171.207.233 - - [19/Jul/2025:17:17:57 +0000] "GET /detail/936942170 HTTP/1.1" 301 - "-" "Mozilla/5.0 AppleWebKit/537.36 (KHTML, like Gecko; compatible; GPTBot/1.2; +https://openai.com/gptbot)"
66.249.79.236 - - [19/Jul/2025:17:17:57 +0000] "GET /?h=108696571041960&mod=c3b1a352&uri=shop.php?detail/33382579 HTTP/1.1" 200 20731 "-" "Mozilla/5.0 (Linux; Android 6.0.1; Nexus 5X Build/MMB29P) AppleWebKit/537.36 (KHTML, like Gecko) Chrome/137.0.7151.103 Mobile Safari/537.36 (compatible; Googlebot/2.1; +http://www.google.com/bot.html)"
20.171.207.233 - - [19/Jul/2025:17:17:58 +0000] "GET /detail/936947581 HTTP/1.1" 301 - "-" "Mozilla/5.0 AppleWebKit/537.36 (KHTML, like Gecko; compatible; GPTBot/1.2; +https://openai.com/gptbot)"
20.171.207.57 - - [19/Jul/2025:17:17:58 +0000] "GET /detail/936840621 HTTP/1.1" 404 16432 "-" "Mozilla/5.0 AppleWebKit/537.36 (KHTML, like Gecko; compatible; GPTBot/1.2; +https://openai.com/gptbot)"
20.171.207.233 - - [19/Jul/2025:17:17:59 +0000] "GET /detail/937062354 HTTP/1.1" 301 - "-" "Mozilla/5.0 AppleWebKit/537.36 (KHTML, like Gecko; compatible; GPTBot/1.2; +https://openai.com/gptbot)"
20.171.207.233 - - [19/Jul/2025:17:18:00 +0000] "GET /detail/936978054 HTTP/1.1" 301 - "-" "Mozilla/5.0 AppleWebKit/537.36 (KHTML, like Gecko; compatible; GPTBot/1.2; +https://openai.com/gptbot)"
209.74.77.214 - - [19/Jul/2025:17:18:01 +0000] "POST /wp-cron.php?doing_wp_cron=1752945481.4803879261016845703125 HTTP/1.1" 200 - "-" "WordPress/6.8.2; https://kelaby.company"
20.171.207.57 - - [19/Jul/2025:17:18:01 +0000] "GET /detail/937191589 HTTP/1.1" 404 16431 "-" "Mozilla/5.0 AppleWebKit/537.36 (KHTML, like Gecko; compatible; GPTBot/1.2; +https://openai.com/gptbot)"
20.171.207.233 - - [19/Jul/2025:17:18:01 +0000] "GET /detail/937028764 HTTP/1.1" 301 - "-" "Mozilla/5.0 AppleWebKit/537.36 (KHTML, like Gecko; compatible; GPTBot/1.2; +https://openai.com/gptbot)"
20.171.207.233 - - [19/Jul/2025:17:18:02 +0000] "GET /detail/936832740 HTTP/1.1" 301 - "-" "Mozilla/5.0 AppleWebKit/537.36 (KHTML, like Gecko; compatible; GPTBot/1.2; +https://openai.com/gptbot)"
20.171.207.233 - - [19/Jul/2025:17:18:04 +0000] "GET /detail/937064952 HTTP/1.1" 301 - "-" "Mozilla/5.0 AppleWebKit/537.36 (KHTML, like Gecko; compatible; GPTBot/1.2; +https://openai.com/gptbot)"
20.171.207.57 - - [19/Jul/2025:17:18:04 +0000] "GET /detail/936835210 HTTP/1.1" 404 16432 "-" "Mozilla/5.0 AppleWebKit/537.36 (KHTML, like Gecko; compatible; GPTBot/1.2; +https://openai.com/gptbot)"
20.171.207.233 - - [19/Jul/2025:17:18:05 +0000] "GET /detail/936823174 HTTP/1.1" 301 - "-" "Mozilla/5.0 AppleWebKit/537.36 (KHTML, like Gecko; compatible; GPTBot/1.2; +https://openai.com/gptbot)"
20.171.207.233 - - [19/Jul/2025:17:18:06 +0000] "GET /detail/937165289 HTTP/1.1" 301 - "-" "Mozilla/5.0 AppleWebKit/537.36 (KHTML, like Gecko; compatible; GPTBot/1.2; +https://openai.com/gptbot)"
20.171.207.57 - - [19/Jul/2025:17:18:06 +0000] "GET /detail/937014861 HTTP/1.1" 404 16432 "-" "Mozilla/5.0 AppleWebKit/537.36 (KHTML, like Gecko; compatible; GPTBot/1.2; +https://openai.com/gptbot)"
20.171.207.233 - - [19/Jul/2025:17:18:07 +0000] "GET /detail/937128059 HTTP/1.1" 301 - "-" "Mozilla/5.0 AppleWebKit/537.36 (KHTML, like Gecko; compatible; GPTBot/1.2; +https://openai.com/gptbot)"
20.171.207.233 - - [19/Jul/2025:17:18:08 +0000] "GET /detail/936870052 HTTP/1.1" 301 - "-" "Mozilla/5.0 AppleWebKit/537.36 (KHTML, like Gecko; compatible; GPTBot/1.2; +https://openai.com/gptbot)"
20.171.207.57 - - [19/Jul/2025:17:18:09 +0000] "GET /detail/937084056 HTTP/1.1" 404 16431 "-" "Mozilla/5.0 AppleWebKit/537.36 (KHTML, like Gecko; compatible; GPTBot/1.2; +https://openai.com/gptbot)"
20.171.207.233 - - [19/Jul/2025:17:18:09 +0000] "GET /detail/937187540 HTTP/1.1" 301 - "-" "Mozilla/5.0 AppleWebKit/537.36 (KHTML, like Gecko; compatible; GPTBot/1.2; +https://openai.com/gptbot)"
20.171.207.233 - - [19/Jul/2025:17:18:11 +0000] "GET /detail/937160984 HTTP/1.1" 301 - "-" "Mozilla/5.0 AppleWebKit/537.36 (KHTML, like Gecko; compatible; GPTBot/1.2; +https://openai.com/gptbot)"
20.171.207.233 - - [19/Jul/2025:17:18:12 +0000] "GET /detail/937106862 HTTP/1.1" 301 - "-" "Mozilla/5.0 AppleWebKit/537.36 (KHTML, like Gecko; compatible; GPTBot/1.2; +https://openai.com/gptbot)"
20.171.207.57 - - [19/Jul/2025:17:18:12 +0000] "GET /detail/936742057 HTTP/1.1" 404 16431 "-" "Mozilla/5.0 AppleWebKit/537.36 (KHTML, like Gecko; compatible; GPTBot/1.2; +https://openai.com/gptbot)"
20.171.207.233 - - [19/Jul/2025:17:18:13 +0000] "GET /detail/937125461 HTTP/1.1" 301 - "-" "Mozilla/5.0 AppleWebKit/537.36 (KHTML, like Gecko; compatible; GPTBot/1.2; +https://openai.com/gptbot)"
20.171.207.233 - - [19/Jul/2025:17:18:14 +0000] "GET /detail/937145308 HTTP/1.1" 301 - "-" "Mozilla/5.0 AppleWebKit/537.36 (KHTML, like Gecko; compatible; GPTBot/1.2; +https://openai.com/gptbot)"
20.171.207.57 - - [19/Jul/2025:17:18:15 +0000] "GET /detail/937088654 HTTP/1.1" 404 16431 "-" "Mozilla/5.0 AppleWebKit/537.36 (KHTML, like Gecko; compatible; GPTBot/1.2; +https://openai.com/gptbot)"
20.171.207.233 - - [19/Jul/2025:17:18:15 +0000] "GET /detail/936872017 HTTP/1.1" 301 - "-" "Mozilla/5.0 AppleWebKit/537.36 (KHTML, like Gecko; compatible; GPTBot/1.2; +https://openai.com/gptbot)"
20.171.207.233 - - [19/Jul/2025:17:18:16 +0000] "GET /detail/936917058 HTTP/1.1" 301 - "-" "Mozilla/5.0 AppleWebKit/537.36 (KHTML, like Gecko; compatible; GPTBot/1.2; +https://openai.com/gptbot)"
66.249.79.236 - - [19/Jul/2025:17:18:17 +0000] "GET /?h=108696571041960&mod=c3b1a352&uri=shop.php?detail/33385388 HTTP/1.1" 200 21409 "-" "Mozilla/5.0 (Linux; Android 6.0.1; Nexus 5X Build/MMB29P) AppleWebKit/537.36 (KHTML, like Gecko) Chrome/137.0.7151.103 Mobile Safari/537.36 (compatible; Googlebot/2.1; +http://www.google.com/bot.html)"
20.171.207.233 - - [19/Jul/2025:17:18:18 +0000] "GET /detail/937165289 HTTP/1.1" 301 - "-" "Mozilla/5.0 AppleWebKit/537.36 (KHTML, like Gecko; compatible; GPTBot/1.2; +https://openai.com/gptbot)"
20.171.207.57 - - [19/Jul/2025:17:18:17 +0000] "GET /detail/937182620 HTTP/1.1" 404 16430 "-" "Mozilla/5.0 AppleWebKit/537.36 (KHTML, like Gecko; compatible; GPTBot/1.2; +https://openai.com/gptbot)"
20.171.207.233 - - [19/Jul/2025:17:18:19 +0000] "GET /detail/937061821 HTTP/1.1" 301 - "-" "Mozilla/5.0 AppleWebKit/537.36 (KHTML, like Gecko; compatible; GPTBot/1.2; +https://openai.com/gptbot)"
20.171.207.233 - - [19/Jul/2025:17:18:20 +0000] "GET /detail/937040185 HTTP/1.1" 301 - "-" "Mozilla/5.0 AppleWebKit/537.36 (KHTML, like Gecko; compatible; GPTBot/1.2; +https://openai.com/gptbot)"
20.171.207.57 - - [19/Jul/2025:17:18:20 +0000] "GET /detail/936978054 HTTP/1.1" 404 16431 "-" "Mozilla/5.0 AppleWebKit/537.36 (KHTML, like Gecko; compatible; GPTBot/1.2; +https://openai.com/gptbot)"
20.171.207.233 - - [19/Jul/2025:17:18:21 +0000] "GET /detail/937054982 HTTP/1.1" 301 - "-" "Mozilla/5.0 AppleWebKit/537.36 (KHTML, like Gecko; compatible; GPTBot/1.2; +https://openai.com/gptbot)"
20.171.207.233 - - [19/Jul/2025:17:18:22 +0000] "GET /detail/937043268 HTTP/1.1" 301 - "-" "Mozilla/5.0 AppleWebKit/537.36 (KHTML, like Gecko; compatible; GPTBot/1.2; +https://openai.com/gptbot)"
20.171.207.233 - - [19/Jul/2025:17:18:23 +0000] "GET /detail/936772850 HTTP/1.1" 301 - "-" "Mozilla/5.0 AppleWebKit/537.36 (KHTML, like Gecko; compatible; GPTBot/1.2; +https://openai.com/gptbot)"
20.171.207.57 - - [19/Jul/2025:17:18:23 +0000] "GET /detail/936724610 HTTP/1.1" 404 16431 "-" "Mozilla/5.0 AppleWebKit/537.36 (KHTML, like Gecko; compatible; GPTBot/1.2; +https://openai.com/gptbot)"
20.171.207.233 - - [19/Jul/2025:17:18:24 +0000] "GET /detail/936800174 HTTP/1.1" 301 - "-" "Mozilla/5.0 AppleWebKit/537.36 (KHTML, like Gecko; compatible; GPTBot/1.2; +https://openai.com/gptbot)"
20.171.207.233 - - [19/Jul/2025:17:18:26 +0000] "GET /detail/936982014 HTTP/1.1" 301 - "-" "Mozilla/5.0 AppleWebKit/537.36 (KHTML, like Gecko; compatible; GPTBot/1.2; +https://openai.com/gptbot)"
66.249.79.236 - - [19/Jul/2025:17:18:26 +0000] "POST /get-message-notify HTTP/1.1" 200 19476 "http://www.kelaby.company/?h=108696571041960&mod=c3b1a352&uri=shop.php?detail/33382579" "Mozilla/5.0 (Linux; Android 6.0.1; Nexus 5X Build/MMB29P) AppleWebKit/537.36 (KHTML, like Gecko) Chrome/137.0.7151.119 Mobile Safari/537.36 (compatible; Googlebot/2.1; +http://www.google.com/bot.html)"
20.171.207.57 - - [19/Jul/2025:17:18:26 +0000] "GET /detail/936706125 HTTP/1.1" 404 16431 "-" "Mozilla/5.0 AppleWebKit/537.36 (KHTML, like Gecko; compatible; GPTBot/1.2; +https://openai.com/gptbot)"
20.171.207.233 - - [19/Jul/2025:17:18:27 +0000] "GET /detail/937015622 HTTP/1.1" 301 - "-" "Mozilla/5.0 AppleWebKit/537.36 (KHTML, like Gecko; compatible; GPTBot/1.2; +https://openai.com/gptbot)"
20.171.207.233 - - [19/Jul/2025:17:18:28 +0000] "GET /detail/937036481 HTTP/1.1" 301 - "-" "Mozilla/5.0 AppleWebKit/537.36 (KHTML, like Gecko; compatible; GPTBot/1.2; +https://openai.com/gptbot)"
20.171.207.233 - - [19/Jul/2025:17:18:29 +0000] "GET /detail/937180216 HTTP/1.1" 301 - "-" "Mozilla/5.0 AppleWebKit/537.36 (KHTML, like Gecko; compatible; GPTBot/1.2; +https://openai.com/gptbot)"
20.171.207.57 - - [19/Jul/2025:17:18:29 +0000] "GET /detail/936942170 HTTP/1.1" 404 16431 "-" "Mozilla/5.0 AppleWebKit/537.36 (KHTML, like Gecko; compatible; GPTBot/1.2; +https://openai.com/gptbot)"
20.171.207.233 - - [19/Jul/2025:17:18:30 +0000] "GET /detail/936810425 HTTP/1.1" 301 - "-" "Mozilla/5.0 AppleWebKit/537.36 (KHTML, like Gecko; compatible; GPTBot/1.2; +https://openai.com/gptbot)"
20.171.207.233 - - [19/Jul/2025:17:18:31 +0000] "GET /detail/937134508 HTTP/1.1" 301 - "-" "Mozilla/5.0 AppleWebKit/537.36 (KHTML, like Gecko; compatible; GPTBot/1.2; +https://openai.com/gptbot)"
20.171.207.57 - - [19/Jul/2025:17:18:32 +0000] "GET /detail/937062354 HTTP/1.1" 404 16431 "-" "Mozilla/5.0 AppleWebKit/537.36 (KHTML, like Gecko; compatible; GPTBot/1.2; +https://openai.com/gptbot)"
20.171.207.233 - - [19/Jul/2025:17:18:33 +0000] "GET /detail/936740821 HTTP/1.1" 301 - "-" "Mozilla/5.0 AppleWebKit/537.36 (KHTML, like Gecko; compatible; GPTBot/1.2; +https://openai.com/gptbot)"
20.171.207.233 - - [19/Jul/2025:17:18:34 +0000] "GET /detail/936987215 HTTP/1.1" 301 - "-" "Mozilla/5.0 AppleWebKit/537.36 (KHTML, like Gecko; compatible; GPTBot/1.2; +https://openai.com/gptbot)"
20.171.207.233 - - [19/Jul/2025:17:18:35 +0000] "GET /detail/937084465 HTTP/1.1" 301 - "-" "Mozilla/5.0 AppleWebKit/537.36 (KHTML, like Gecko; compatible; GPTBot/1.2; +https://openai.com/gptbot)"
20.171.207.57 - - [19/Jul/2025:17:18:35 +0000] "GET /detail/937165289 HTTP/1.1" 404 16431 "-" "Mozilla/5.0 AppleWebKit/537.36 (KHTML, like Gecko; compatible; GPTBot/1.2; +https://openai.com/gptbot)"
20.171.207.233 - - [19/Jul/2025:17:18:36 +0000] "GET /detail/936800174 HTTP/1.1" 301 - "-" "Mozilla/5.0 AppleWebKit/537.36 (KHTML, like Gecko; compatible; GPTBot/1.2; +https://openai.com/gptbot)"
20.171.207.233 - - [19/Jul/2025:17:18:37 +0000] "GET /detail/936755812 HTTP/1.1" 301 - "-" "Mozilla/5.0 AppleWebKit/537.36 (KHTML, like Gecko; compatible; GPTBot/1.2; +https://openai.com/gptbot)"
20.171.207.57 - - [19/Jul/2025:17:18:37 +0000] "GET /detail/936823174 HTTP/1.1" 404 16431 "-" "Mozilla/5.0 AppleWebKit/537.36 (KHTML, like Gecko; compatible; GPTBot/1.2; +https://openai.com/gptbot)"
20.171.207.233 - - [19/Jul/2025:17:18:38 +0000] "GET /detail/936847180 HTTP/1.1" 301 - "-" "Mozilla/5.0 AppleWebKit/537.36 (KHTML, like Gecko; compatible; GPTBot/1.2; +https://openai.com/gptbot)"
20.171.207.233 - - [19/Jul/2025:17:18:39 +0000] "GET /detail/936750892 HTTP/1.1" 301 - "-" "Mozilla/5.0 AppleWebKit/537.36 (KHTML, like Gecko; compatible; GPTBot/1.2; +https://openai.com/gptbot)"
20.171.207.57 - - [19/Jul/2025:17:18:40 +0000] "GET /detail/937160984 HTTP/1.1" 404 16431 "-" "Mozilla/5.0 AppleWebKit/537.36 (KHTML, like Gecko; compatible; GPTBot/1.2; +https://openai.com/gptbot)"
20.171.207.233 - - [19/Jul/2025:17:18:41 +0000] "GET /detail/937104586 HTTP/1.1" 301 - "-" "Mozilla/5.0 AppleWebKit/537.36 (KHTML, like Gecko; compatible; GPTBot/1.2; +https://openai.com/gptbot)"
20.171.207.233 - - [19/Jul/2025:17:18:42 +0000] "GET /detail/937162154 HTTP/1.1" 301 - "-" "Mozilla/5.0 AppleWebKit/537.36 (KHTML, like Gecko; compatible; GPTBot/1.2; +https://openai.com/gptbot)"
20.171.207.233 - - [19/Jul/2025:17:18:43 +0000] "GET /detail/936760814 HTTP/1.1" 301 - "-" "Mozilla/5.0 AppleWebKit/537.36 (KHTML, like Gecko; compatible; GPTBot/1.2; +https://openai.com/gptbot)"
20.171.207.57 - - [19/Jul/2025:17:18:43 +0000] "GET /detail/937088654 HTTP/1.1" 404 16431 "-" "Mozilla/5.0 AppleWebKit/537.36 (KHTML, like Gecko; compatible; GPTBot/1.2; +https://openai.com/gptbot)"
20.171.207.233 - - [19/Jul/2025:17:18:44 +0000] "GET /detail/937164540 HTTP/1.1" 301 - "-" "Mozilla/5.0 AppleWebKit/537.36 (KHTML, like Gecko; compatible; GPTBot/1.2; +https://openai.com/gptbot)"
20.171.207.233 - - [19/Jul/2025:17:18:45 +0000] "GET /detail/936705851 HTTP/1.1" 301 - "-" "Mozilla/5.0 AppleWebKit/537.36 (KHTML, like Gecko; compatible; GPTBot/1.2; +https://openai.com/gptbot)"
20.171.207.57 - - [19/Jul/2025:17:18:46 +0000] "GET /detail/937107465 HTTP/1.1" 404 16431 "-" "Mozilla/5.0 AppleWebKit/537.36 (KHTML, like Gecko; compatible; GPTBot/1.2; +https://openai.com/gptbot)"
20.171.207.233 - - [19/Jul/2025:17:18:46 +0000] "GET /detail/936751230 HTTP/1.1" 301 - "-" "Mozilla/5.0 AppleWebKit/537.36 (KHTML, like Gecko; compatible; GPTBot/1.2; +https://openai.com/gptbot)"
20.171.207.233 - - [19/Jul/2025:17:18:47 +0000] "GET /detail/937195826 HTTP/1.1" 301 - "-" "Mozilla/5.0 AppleWebKit/537.36 (KHTML, like Gecko; compatible; GPTBot/1.2; +https://openai.com/gptbot)"
20.171.207.233 - - [19/Jul/2025:17:18:49 +0000] "GET /detail/937081586 HTTP/1.1" 301 - "-" "Mozilla/5.0 AppleWebKit/537.36 (KHTML, like Gecko; compatible; GPTBot/1.2; +https://openai.com/gptbot)"
20.171.207.57 - - [19/Jul/2025:17:18:49 +0000] "GET /detail/937028764 HTTP/1.1" 404 16431 "-" "Mozilla/5.0 AppleWebKit/537.36 (KHTML, like Gecko; compatible; GPTBot/1.2; +https://openai.com/gptbot)"
