Current File : /home/kelaby89/access-logs/muzza.sixpack.studio-ssl_log
66.249.73.164 - - [19/Jul/2025:12:09:49 +0000] "GET /p/equiv60609813?id=626071 HTTP/1.1" 200 40035 "-" "Mozilla/5.0 (compatible; Googlebot/2.1; +http://www.google.com/bot.html)"
66.249.73.165 - - [19/Jul/2025:12:10:30 +0000] "GET /p/tram72027926?id=2044184 HTTP/1.1" 200 41004 "-" "Mozilla/5.0 (Linux; Android 6.0.1; Nexus 5X Build/MMB29P) AppleWebKit/537.36 (KHTML, like Gecko) Chrome/137.0.7151.103 Mobile Safari/537.36 (compatible; Googlebot/2.1; +http://www.google.com/bot.html)"
66.249.73.164 - - [19/Jul/2025:12:10:42 +0000] "GET /p/chris11516768?id=1533026 HTTP/1.1" 200 40224 "-" "Mozilla/5.0 (Linux; Android 6.0.1; Nexus 5X Build/MMB29P) AppleWebKit/537.36 (KHTML, like Gecko) Chrome/137.0.7151.103 Mobile Safari/537.36 (compatible; Googlebot/2.1; +http://www.google.com/bot.html)"
66.249.73.165 - - [19/Jul/2025:12:11:21 +0000] "GET /p/argue81985775?id=2002033 HTTP/1.1" 200 41427 "-" "Mozilla/5.0 (Linux; Android 6.0.1; Nexus 5X Build/MMB29P) AppleWebKit/537.36 (KHTML, like Gecko) Chrome/137.0.7151.103 Mobile Safari/537.36 (compatible; Googlebot/2.1; +http://www.google.com/bot.html)"
66.249.73.164 - - [19/Jul/2025:12:14:12 +0000] "GET /p/trick10675120?id=691378 HTTP/1.1" 200 40542 "-" "Mozilla/5.0 (Linux; Android 6.0.1; Nexus 5X Build/MMB29P) AppleWebKit/537.36 (KHTML, like Gecko) Chrome/137.0.7151.103 Mobile Safari/537.36 (compatible; Googlebot/2.1; +http://www.google.com/bot.html)"
66.249.73.163 - - [19/Jul/2025:12:14:49 +0000] "GET /p/drift20142649?id=158907 HTTP/1.1" 200 40176 "-" "Mozilla/5.0 (Linux; Android 6.0.1; Nexus 5X Build/MMB29P) AppleWebKit/537.36 (KHTML, like Gecko) Chrome/137.0.7151.103 Mobile Safari/537.36 (compatible; Googlebot/2.1; +http://www.google.com/bot.html)"
45.227.253.15 - - [19/Jul/2025:12:15:35 +0000] "GET /index.php/jk HTTP/1.1" 200 59 "-" "Mozilla/5.0 (Macintosh; Intel Mac OS X 10_15_7) AppleWebKit/537.36 (KHTML, like Gecko) Chrome/86.0.4240.111 Safari/537.36"
66.249.73.165 - - [19/Jul/2025:12:15:34 +0000] "GET /p/coffe60904277?id=920535 HTTP/1.1" 200 39935 "-" "Mozilla/5.0 (Linux; Android 6.0.1; Nexus 5X Build/MMB29P) AppleWebKit/537.36 (KHTML, like Gecko) Chrome/137.0.7151.103 Mobile Safari/537.36 (compatible; Googlebot/2.1; +http://www.google.com/bot.html)"
66.249.73.164 - - [19/Jul/2025:12:15:41 +0000] "GET /p/cubic40186675?id=202933 HTTP/1.1" 200 40150 "-" "Mozilla/5.0 (Linux; Android 6.0.1; Nexus 5X Build/MMB29P) AppleWebKit/537.36 (KHTML, like Gecko) Chrome/137.0.7151.103 Mobile Safari/537.36 (compatible; Googlebot/2.1; +http://www.google.com/bot.html)"
66.249.73.163 - - [19/Jul/2025:12:15:51 +0000] "POST /get-message-notify HTTP/1.1" 200 40044 "https://muzza.fit/p/coffe60904277?id=920535" "Mozilla/5.0 (Linux; Android 6.0.1; Nexus 5X Build/MMB29P) AppleWebKit/537.36 (KHTML, like Gecko) Chrome/137.0.7151.119 Mobile Safari/537.36 (compatible; Googlebot/2.1; +http://www.google.com/bot.html)"
66.249.73.165 - - [19/Jul/2025:12:17:04 +0000] "GET /p/few20920625?id=936883 HTTP/1.1" 200 40083 "-" "Mozilla/5.0 (Linux; Android 6.0.1; Nexus 5X Build/MMB29P) AppleWebKit/537.36 (KHTML, like Gecko) Chrome/137.0.7151.103 Mobile Safari/537.36 (compatible; Googlebot/2.1; +http://www.google.com/bot.html)"
66.249.73.165 - - [19/Jul/2025:12:18:21 +0000] "GET /p/was22867945?id=2884203 HTTP/1.1" 200 40591 "-" "Mozilla/5.0 (Linux; Android 6.0.1; Nexus 5X Build/MMB29P) AppleWebKit/537.36 (KHTML, like Gecko) Chrome/137.0.7151.103 Mobile Safari/537.36 (compatible; Googlebot/2.1; +http://www.google.com/bot.html)"
66.249.73.164 - - [19/Jul/2025:12:18:29 +0000] "GET /p/spur60963469?id=979727 HTTP/1.1" 200 40066 "-" "Mozilla/5.0 (Linux; Android 6.0.1; Nexus 5X Build/MMB29P) AppleWebKit/537.36 (KHTML, like Gecko) Chrome/137.0.7151.103 Mobile Safari/537.36 (compatible; Googlebot/2.1; +http://www.google.com/bot.html)"
66.249.73.163 - - [19/Jul/2025:12:18:42 +0000] "POST /get-message-notify HTTP/1.1" 200 40023 "https://muzza.fit/p/was22867945?id=2884203" "Mozilla/5.0 (Linux; Android 6.0.1; Nexus 5X Build/MMB29P) AppleWebKit/537.36 (KHTML, like Gecko) Chrome/137.0.7151.119 Mobile Safari/537.36 (compatible; Googlebot/2.1; +http://www.google.com/bot.html)"
66.249.73.163 - - [19/Jul/2025:12:18:54 +0000] "GET /p/organ50657804?id=674062 HTTP/1.1" 200 40833 "-" "Mozilla/5.0 (Linux; Android 6.0.1; Nexus 5X Build/MMB29P) AppleWebKit/537.36 (KHTML, like Gecko) Chrome/137.0.7151.103 Mobile Safari/537.36 (compatible; Googlebot/2.1; +http://www.google.com/bot.html)"
66.249.73.164 - - [19/Jul/2025:12:19:55 +0000] "GET /p/shade10581832?id=598090 HTTP/1.1" 200 41224 "-" "Mozilla/5.0 (Linux; Android 6.0.1; Nexus 5X Build/MMB29P) AppleWebKit/537.36 (KHTML, like Gecko) Chrome/137.0.7151.103 Mobile Safari/537.36 (compatible; Googlebot/2.1; +http://www.google.com/bot.html)"
66.249.73.163 - - [19/Jul/2025:12:20:22 +0000] "GET /p/till41696523?id=1712781 HTTP/1.1" 200 40103 "-" "Mozilla/5.0 (Linux; Android 6.0.1; Nexus 5X Build/MMB29P) AppleWebKit/537.36 (KHTML, like Gecko) Chrome/137.0.7151.103 Mobile Safari/537.36 (compatible; Googlebot/2.1; +http://www.google.com/bot.html)"
66.249.73.163 - - [19/Jul/2025:12:21:04 +0000] "POST /get-message-notify HTTP/1.1" 200 40099 "https://muzza.fit/p/organ50657804?id=674062" "Mozilla/5.0 (Linux; Android 6.0.1; Nexus 5X Build/MMB29P) AppleWebKit/537.36 (KHTML, like Gecko) Chrome/137.0.7151.119 Mobile Safari/537.36 (compatible; Googlebot/2.1; +http://www.google.com/bot.html)"
66.249.73.164 - - [19/Jul/2025:12:21:12 +0000] "GET /p/scare61353781?id=1370039 HTTP/1.1" 200 40200 "-" "Mozilla/5.0 (Linux; Android 6.0.1; Nexus 5X Build/MMB29P) AppleWebKit/537.36 (KHTML, like Gecko) Chrome/137.0.7151.103 Mobile Safari/537.36 (compatible; Googlebot/2.1; +http://www.google.com/bot.html)"
66.249.73.163 - - [19/Jul/2025:12:21:30 +0000] "POST /get-message-notify HTTP/1.1" 200 40036 "https://muzza.fit/p/scare61353781?id=1370039" "Mozilla/5.0 (Linux; Android 6.0.1; Nexus 5X Build/MMB29P) AppleWebKit/537.36 (KHTML, like Gecko) Chrome/137.0.7151.119 Mobile Safari/537.36 (compatible; Googlebot/2.1; +http://www.google.com/bot.html)"
66.249.73.163 - - [19/Jul/2025:12:22:50 +0000] "GET /p/our80856967?id=873225 HTTP/1.1" 200 39904 "-" "Mozilla/5.0 (Linux; Android 6.0.1; Nexus 5X Build/MMB29P) AppleWebKit/537.36 (KHTML, like Gecko) Chrome/137.0.7151.103 Mobile Safari/537.36 (compatible; Googlebot/2.1; +http://www.google.com/bot.html)"
66.249.73.163 - - [19/Jul/2025:12:24:04 +0000] "GET /p/acre21919457?id=1935715 HTTP/1.1" 200 40532 "-" "Mozilla/5.0 (Linux; Android 6.0.1; Nexus 5X Build/MMB29P) AppleWebKit/537.36 (KHTML, like Gecko) Chrome/137.0.7151.103 Mobile Safari/537.36 (compatible; Googlebot/2.1; +http://www.google.com/bot.html)"
66.249.73.164 - - [19/Jul/2025:12:25:38 +0000] "GET /p/jaw82663495?id=2679753 HTTP/1.1" 200 40036 "-" "Mozilla/5.0 (Linux; Android 6.0.1; Nexus 5X Build/MMB29P) AppleWebKit/537.36 (KHTML, like Gecko) Chrome/137.0.7151.103 Mobile Safari/537.36 (compatible; Googlebot/2.1; +http://www.google.com/bot.html)"
66.249.73.164 - - [19/Jul/2025:12:26:55 +0000] "GET /p/zing51199916?id=1216174 HTTP/1.1" 200 40550 "-" "Mozilla/5.0 (Linux; Android 6.0.1; Nexus 5X Build/MMB29P) AppleWebKit/537.36 (KHTML, like Gecko) Chrome/137.0.7151.103 Mobile Safari/537.36 (compatible; Googlebot/2.1; +http://www.google.com/bot.html)"
66.249.73.164 - - [19/Jul/2025:12:27:16 +0000] "POST /get-message-notify HTTP/1.1" 200 40173 "https://muzza.fit/p/zing51199916?id=1216174" "Mozilla/5.0 (Linux; Android 6.0.1; Nexus 5X Build/MMB29P) AppleWebKit/537.36 (KHTML, like Gecko) Chrome/137.0.7151.119 Mobile Safari/537.36 (compatible; Googlebot/2.1; +http://www.google.com/bot.html)"
66.249.73.163 - - [19/Jul/2025:12:28:29 +0000] "GET /search?category=802&search_word= HTTP/1.1" 200 40687 "-" "Mozilla/5.0 (Linux; Android 6.0.1; Nexus 5X Build/MMB29P) AppleWebKit/537.36 (KHTML, like Gecko) Chrome/137.0.7151.103 Mobile Safari/537.36 (compatible; Googlebot/2.1; +http://www.google.com/bot.html)"
66.249.73.164 - - [19/Jul/2025:12:28:34 +0000] "POST /get-message-notify HTTP/1.1" 200 40092 "https://muzza.fit/search?category=802&search_word=" "Mozilla/5.0 (Linux; Android 6.0.1; Nexus 5X Build/MMB29P) AppleWebKit/537.36 (KHTML, like Gecko) Chrome/137.0.7151.119 Mobile Safari/537.36 (compatible; Googlebot/2.1; +http://www.google.com/bot.html)"
66.249.73.165 - - [19/Jul/2025:12:33:04 +0000] "GET /p/able62853085?id=2869343 HTTP/1.1" 200 40894 "-" "Mozilla/5.0 (Linux; Android 6.0.1; Nexus 5X Build/MMB29P) AppleWebKit/537.36 (KHTML, like Gecko) Chrome/137.0.7151.103 Mobile Safari/537.36 (compatible; Googlebot/2.1; +http://www.google.com/bot.html)"
66.249.73.163 - - [19/Jul/2025:12:34:58 +0000] "GET /p/shrin31979778?id=1996036 HTTP/1.1" 200 40354 "-" "Mozilla/5.0 (Linux; Android 6.0.1; Nexus 5X Build/MMB29P) AppleWebKit/537.36 (KHTML, like Gecko) Chrome/137.0.7151.103 Mobile Safari/537.36 (compatible; Googlebot/2.1; +http://www.google.com/bot.html)"
66.249.73.164 - - [19/Jul/2025:12:35:52 +0000] "GET /p/resor60259477?id=275735 HTTP/1.1" 200 40865 "-" "Mozilla/5.0 (Linux; Android 6.0.1; Nexus 5X Build/MMB29P) AppleWebKit/537.36 (KHTML, like Gecko) Chrome/137.0.7151.103 Mobile Safari/537.36 (compatible; Googlebot/2.1; +http://www.google.com/bot.html)"
66.249.73.163 - - [19/Jul/2025:12:36:41 +0000] "GET /p/bond11174912?id=1191170 HTTP/1.1" 200 40052 "-" "Mozilla/5.0 (Linux; Android 6.0.1; Nexus 5X Build/MMB29P) AppleWebKit/537.36 (KHTML, like Gecko) Chrome/137.0.7151.103 Mobile Safari/537.36 (compatible; Googlebot/2.1; +http://www.google.com/bot.html)"
66.249.73.165 - - [19/Jul/2025:12:39:24 +0000] "GET /p/hatch60066485?id=82743 HTTP/1.1" 200 40177 "-" "Mozilla/5.0 (Linux; Android 6.0.1; Nexus 5X Build/MMB29P) AppleWebKit/537.36 (KHTML, like Gecko) Chrome/137.0.7151.103 Mobile Safari/537.36 (compatible; Googlebot/2.1; +http://www.google.com/bot.html)"
66.249.73.163 - - [19/Jul/2025:12:39:44 +0000] "GET /p/respo51486188?id=1502446 HTTP/1.1" 200 40111 "-" "Mozilla/5.0 (Linux; Android 6.0.1; Nexus 5X Build/MMB29P) AppleWebKit/537.36 (KHTML, like Gecko) Chrome/137.0.7151.103 Mobile Safari/537.36 (compatible; Googlebot/2.1; +http://www.google.com/bot.html)"
66.249.73.165 - - [19/Jul/2025:12:42:07 +0000] "GET /p/addic61978373?id=1994631 HTTP/1.1" 200 40050 "-" "Mozilla/5.0 (Linux; Android 6.0.1; Nexus 5X Build/MMB29P) AppleWebKit/537.36 (KHTML, like Gecko) Chrome/137.0.7151.103 Mobile Safari/537.36 (compatible; Googlebot/2.1; +http://www.google.com/bot.html)"
66.249.73.163 - - [19/Jul/2025:12:44:36 +0000] "GET /p/battl61642333?id=1658591 HTTP/1.1" 200 41106 "-" "Mozilla/5.0 (Linux; Android 6.0.1; Nexus 5X Build/MMB29P) AppleWebKit/537.36 (KHTML, like Gecko) Chrome/137.0.7151.103 Mobile Safari/537.36 (compatible; Googlebot/2.1; +http://www.google.com/bot.html)"
66.249.73.163 - - [19/Jul/2025:12:44:52 +0000] "GET /p/disca62903085?id=2919343 HTTP/1.1" 200 39950 "-" "Mozilla/5.0 (Linux; Android 6.0.1; Nexus 5X Build/MMB29P) AppleWebKit/537.36 (KHTML, like Gecko) Chrome/137.0.7151.103 Mobile Safari/537.36 (compatible; Googlebot/2.1; +http://www.google.com/bot.html)"
66.249.73.165 - - [19/Jul/2025:12:45:02 +0000] "GET /p/natur52144148?id=2160406 HTTP/1.1" 200 40425 "-" "Mozilla/5.0 (compatible; Googlebot/2.1; +http://www.google.com/bot.html)"
66.249.73.164 - - [19/Jul/2025:12:45:21 +0000] "POST /get-message-notify HTTP/1.1" 200 40085 "https://muzza.fit/p/disca62903085?id=2919343" "Mozilla/5.0 (Linux; Android 6.0.1; Nexus 5X Build/MMB29P) AppleWebKit/537.36 (KHTML, like Gecko) Chrome/137.0.7151.119 Mobile Safari/537.36 (compatible; Googlebot/2.1; +http://www.google.com/bot.html)"
66.249.73.165 - - [19/Jul/2025:12:46:18 +0000] "GET /p/scatt60982981?id=999239 HTTP/1.1" 200 40106 "-" "Mozilla/5.0 (Linux; Android 6.0.1; Nexus 5X Build/MMB29P) AppleWebKit/537.36 (KHTML, like Gecko) Chrome/137.0.7151.103 Mobile Safari/537.36 (compatible; Googlebot/2.1; +http://www.google.com/bot.html)"
66.249.73.163 - - [19/Jul/2025:12:47:20 +0000] "GET /p/advic31524922?id=1541180 HTTP/1.1" 200 39929 "-" "Mozilla/5.0 (compatible; Googlebot/2.1; +http://www.google.com/bot.html)"
66.249.73.163 - - [19/Jul/2025:12:47:21 +0000] "GET /p/deal20588801?id=605059 HTTP/1.1" 200 41319 "-" "Mozilla/5.0 (Linux; Android 6.0.1; Nexus 5X Build/MMB29P) AppleWebKit/537.36 (KHTML, like Gecko) Chrome/137.0.7151.103 Mobile Safari/537.36 (compatible; Googlebot/2.1; +http://www.google.com/bot.html)"
66.249.73.164 - - [19/Jul/2025:12:48:00 +0000] "GET /p/ear80540599?id=556857 HTTP/1.1" 200 40195 "-" "Mozilla/5.0 (Linux; Android 6.0.1; Nexus 5X Build/MMB29P) AppleWebKit/537.36 (KHTML, like Gecko) Chrome/137.0.7151.103 Mobile Safari/537.36 (compatible; Googlebot/2.1; +http://www.google.com/bot.html)"
66.249.73.164 - - [19/Jul/2025:12:49:06 +0000] "POST /get-message-notify HTTP/1.1" 200 40092 "https://muzza.fit/p/scatt60982981?id=999239" "Mozilla/5.0 (Linux; Android 6.0.1; Nexus 5X Build/MMB29P) AppleWebKit/537.36 (KHTML, like Gecko) Chrome/137.0.7151.119 Mobile Safari/537.36 (compatible; Googlebot/2.1; +http://www.google.com/bot.html)"
66.249.73.164 - - [19/Jul/2025:12:50:11 +0000] "GET /p/cut72817382?id=2833640 HTTP/1.1" 200 40320 "-" "Mozilla/5.0 (Linux; Android 6.0.1; Nexus 5X Build/MMB29P) AppleWebKit/537.36 (KHTML, like Gecko) Chrome/137.0.7151.103 Mobile Safari/537.36 (compatible; Googlebot/2.1; +http://www.google.com/bot.html)"
66.249.73.164 - - [19/Jul/2025:12:50:16 +0000] "POST /get-message-notify HTTP/1.1" 200 40093 "https://muzza.fit/p/cut72817382?id=2833640" "Mozilla/5.0 (Linux; Android 6.0.1; Nexus 5X Build/MMB29P) AppleWebKit/537.36 (KHTML, like Gecko) Chrome/137.0.7151.119 Mobile Safari/537.36 (compatible; Googlebot/2.1; +http://www.google.com/bot.html)"
66.249.73.163 - - [19/Jul/2025:12:50:24 +0000] "GET /p/advis31720050?id=1736308 HTTP/1.1" 200 40109 "-" "Mozilla/5.0 (Linux; Android 6.0.1; Nexus 5X Build/MMB29P) AppleWebKit/537.36 (KHTML, like Gecko) Chrome/137.0.7151.103 Mobile Safari/537.36 (compatible; Googlebot/2.1; +http://www.google.com/bot.html)"
66.249.73.163 - - [19/Jul/2025:12:50:52 +0000] "GET /p/close50692580?id=708838 HTTP/1.1" 200 40201 "-" "Mozilla/5.0 (Linux; Android 6.0.1; Nexus 5X Build/MMB29P) AppleWebKit/537.36 (KHTML, like Gecko) Chrome/137.0.7151.103 Mobile Safari/537.36 (compatible; Googlebot/2.1; +http://www.google.com/bot.html)"
66.249.73.165 - - [19/Jul/2025:12:53:07 +0000] "GET /p/pet72173174?id=2189432 HTTP/1.1" 200 41367 "-" "Mozilla/5.0 (Linux; Android 6.0.1; Nexus 5X Build/MMB29P) AppleWebKit/537.36 (KHTML, like Gecko) Chrome/137.0.7151.103 Mobile Safari/537.36 (compatible; Googlebot/2.1; +http://www.google.com/bot.html)"
52.167.144.65 - - [19/Jul/2025:12:54:38 +0000] "GET /robots.txt HTTP/1.1" 200 123 "-" "Mozilla/5.0 AppleWebKit/537.36 (KHTML, like Gecko; compatible; bingbot/2.0; +http://www.bing.com/bingbot.htm) Chrome/116.0.1938.76 Safari/537.36"
52.167.144.65 - - [19/Jul/2025:12:54:38 +0000] "GET /robots.txt HTTP/1.1" 200 123 "-" "Mozilla/5.0 AppleWebKit/537.36 (KHTML, like Gecko; compatible; bingbot/2.0; +http://www.bing.com/bingbot.htm) Chrome/116.0.1938.76 Safari/537.36"
209.74.77.214 - - [19/Jul/2025:12:54:46 +0000] "POST /wp-cron.php?doing_wp_cron=1752929686.4153270721435546875000 HTTP/1.1" 200 - "-" "WordPress/6.8.2; https://muzza.fit"
52.167.144.183 - - [19/Jul/2025:12:54:43 +0000] "GET /shop-2/shop-4-columns-wide/ HTTP/1.1" 200 30444 "-" "Mozilla/5.0 AppleWebKit/537.36 (KHTML, like Gecko; compatible; bingbot/2.0; +http://www.bing.com/bingbot.htm) Chrome/116.0.1938.76 Safari/537.36"
66.249.73.165 - - [19/Jul/2025:12:55:23 +0000] "GET /p/queue82313791?id=2330049 HTTP/1.1" 200 40004 "-" "Mozilla/5.0 (Linux; Android 6.0.1; Nexus 5X Build/MMB29P) AppleWebKit/537.36 (KHTML, like Gecko) Chrome/137.0.7151.103 Mobile Safari/537.36 (compatible; Googlebot/2.1; +http://www.google.com/bot.html)"
66.249.73.163 - - [19/Jul/2025:12:55:54 +0000] "GET /p/liqui72238702?id=2254960 HTTP/1.1" 200 40433 "-" "Mozilla/5.0 (Linux; Android 6.0.1; Nexus 5X Build/MMB29P) AppleWebKit/537.36 (KHTML, like Gecko) Chrome/137.0.7151.103 Mobile Safari/537.36 (compatible; Googlebot/2.1; +http://www.google.com/bot.html)"
66.249.73.163 - - [19/Jul/2025:12:58:07 +0000] "GET /p/ninth60372429?id=388687 HTTP/1.1" 200 39957 "-" "Mozilla/5.0 (compatible; Googlebot/2.1; +http://www.google.com/bot.html)"
66.249.73.163 - - [19/Jul/2025:12:58:14 +0000] "GET /p/bite30210602?id=226860 HTTP/1.1" 200 39956 "-" "Mozilla/5.0 (Linux; Android 6.0.1; Nexus 5X Build/MMB29P) AppleWebKit/537.36 (KHTML, like Gecko) Chrome/137.0.7151.103 Mobile Safari/537.36 (compatible; Googlebot/2.1; +http://www.google.com/bot.html)"
66.249.73.163 - - [19/Jul/2025:12:58:26 +0000] "POST /get-message-notify HTTP/1.1" 200 40002 "https://muzza.fit/p/bite30210602?id=226860" "Mozilla/5.0 (Linux; Android 6.0.1; Nexus 5X Build/MMB29P) AppleWebKit/537.36 (KHTML, like Gecko) Chrome/137.0.7151.119 Mobile Safari/537.36 (compatible; Googlebot/2.1; +http://www.google.com/bot.html)"
66.249.73.163 - - [19/Jul/2025:12:58:45 +0000] "GET /p/surpl50679676?id=695934 HTTP/1.1" 200 41105 "-" "Mozilla/5.0 (Linux; Android 6.0.1; Nexus 5X Build/MMB29P) AppleWebKit/537.36 (KHTML, like Gecko) Chrome/137.0.7151.103 Mobile Safari/537.36 (compatible; Googlebot/2.1; +http://www.google.com/bot.html)"
66.249.73.163 - - [19/Jul/2025:13:01:36 +0000] "GET /p/bruis22526689?id=2542947 HTTP/1.1" 200 39872 "-" "Mozilla/5.0 (Linux; Android 6.0.1; Nexus 5X Build/MMB29P) AppleWebKit/537.36 (KHTML, like Gecko) Chrome/137.0.7151.103 Mobile Safari/537.36 (compatible; Googlebot/2.1; +http://www.google.com/bot.html)"
66.249.73.163 - - [19/Jul/2025:13:04:42 +0000] "GET /p/impli11506184?id=1522442 HTTP/1.1" 200 40224 "-" "Mozilla/5.0 (Linux; Android 6.0.1; Nexus 5X Build/MMB29P) AppleWebKit/537.36 (KHTML, like Gecko) Chrome/137.0.7151.103 Mobile Safari/537.36 (compatible; Googlebot/2.1; +http://www.google.com/bot.html)"
66.249.73.164 - - [19/Jul/2025:13:04:57 +0000] "POST /get-message-notify HTTP/1.1" 200 40015 "https://muzza.fit/p/impli11506184?id=1522442" "Mozilla/5.0 (Linux; Android 6.0.1; Nexus 5X Build/MMB29P) AppleWebKit/537.36 (KHTML, like Gecko) Chrome/137.0.7151.119 Mobile Safari/537.36 (compatible; Googlebot/2.1; +http://www.google.com/bot.html)"
66.249.73.163 - - [19/Jul/2025:13:05:29 +0000] "GET /p/norm72435870?id=2452128 HTTP/1.1" 200 40034 "-" "Mozilla/5.0 (compatible; Googlebot/2.1; +http://www.google.com/bot.html)"
66.249.73.163 - - [19/Jul/2025:13:06:09 +0000] "GET /p/blaze71011622?id=1027880 HTTP/1.1" 200 40148 "-" "Mozilla/5.0 (compatible; Googlebot/2.1; +http://www.google.com/bot.html)"
66.249.73.163 - - [19/Jul/2025:13:06:38 +0000] "GET /p/railw70744998?id=761256 HTTP/1.1" 200 39961 "-" "Mozilla/5.0 (compatible; Googlebot/2.1; +http://www.google.com/bot.html)"
66.249.73.164 - - [19/Jul/2025:13:09:51 +0000] "GET /p/poiso31945954?id=1962212 HTTP/1.1" 200 40019 "-" "Mozilla/5.0 (compatible; Googlebot/2.1; +http://www.google.com/bot.html)"
74.80.208.192 - - [19/Jul/2025:13:13:09 +0000] "GET /robots.txt HTTP/1.1" 200 123 "-" "Mozilla/5.0 (compatible; ImagesiftBot; +imagesift.com)"
209.74.77.214 - - [19/Jul/2025:13:13:13 +0000] "POST /wp-cron.php?doing_wp_cron=1752930793.4118070602416992187500 HTTP/1.1" 200 - "-" "WordPress/6.8.2; https://muzza.fit"
74.80.208.192 - - [19/Jul/2025:13:13:09 +0000] "GET /wp-json/wp/v2/pages/7168 HTTP/1.1" 200 1274 "-" "Mozilla/5.0 (compatible; ImagesiftBot; +imagesift.com)"
66.249.73.164 - - [19/Jul/2025:13:13:24 +0000] "GET /p/goat32364690?id=2380948 HTTP/1.1" 200 40191 "-" "Mozilla/5.0 (Linux; Android 6.0.1; Nexus 5X Build/MMB29P) AppleWebKit/537.36 (KHTML, like Gecko) Chrome/137.0.7151.103 Mobile Safari/537.36 (compatible; Googlebot/2.1; +http://www.google.com/bot.html)"
66.249.73.165 - - [19/Jul/2025:13:14:25 +0000] "GET /p/drag40739171?id=755429 HTTP/1.1" 200 40026 "-" "Mozilla/5.0 (Linux; Android 6.0.1; Nexus 5X Build/MMB29P) AppleWebKit/537.36 (KHTML, like Gecko) Chrome/137.0.7151.103 Mobile Safari/537.36 (compatible; Googlebot/2.1; +http://www.google.com/bot.html)"
66.249.73.163 - - [19/Jul/2025:13:14:29 +0000] "POST /get-message-notify HTTP/1.1" 200 40033 "https://muzza.fit/p/drag40739171?id=755429" "Mozilla/5.0 (Linux; Android 6.0.1; Nexus 5X Build/MMB29P) AppleWebKit/537.36 (KHTML, like Gecko) Chrome/137.0.7151.119 Mobile Safari/537.36 (compatible; Googlebot/2.1; +http://www.google.com/bot.html)"
209.74.77.214 - - [19/Jul/2025:13:14:53 +0000] "POST /wp-cron.php?doing_wp_cron=1752930893.3767960071563720703125 HTTP/1.1" 200 - "-" "WordPress/6.8.2; https://muzza.fit"
74.80.208.192 - - [19/Jul/2025:13:14:51 +0000] "GET /pages/meet-the-team/ HTTP/1.1" 200 28018 "-" "Mozilla/5.0 (compatible; ImagesiftBot; +imagesift.com)"
66.249.73.163 - - [19/Jul/2025:13:15:19 +0000] "GET /p/grand60320013?id=336271 HTTP/1.1" 200 40089 "-" "Mozilla/5.0 (Linux; Android 6.0.1; Nexus 5X Build/MMB29P) AppleWebKit/537.36 (KHTML, like Gecko) Chrome/137.0.7151.103 Mobile Safari/537.36 (compatible; Googlebot/2.1; +http://www.google.com/bot.html)"
209.74.77.214 - - [19/Jul/2025:13:16:54 +0000] "POST /wp-cron.php?doing_wp_cron=1752931014.1505320072174072265625 HTTP/1.1" 200 - "-" "WordPress/6.8.2; https://muzza.fit"
74.80.208.192 - - [19/Jul/2025:13:16:52 +0000] "GET /videos/videos-4-columns-full-width?p=6593/ HTTP/1.1" 200 125 "-" "Mozilla/5.0 (compatible; ImagesiftBot; +imagesift.com)"
66.249.73.164 - - [19/Jul/2025:13:17:17 +0000] "GET /p/posit80541007?id=557265 HTTP/1.1" 200 40074 "-" "Mozilla/5.0 (Linux; Android 6.0.1; Nexus 5X Build/MMB29P) AppleWebKit/537.36 (KHTML, like Gecko) Chrome/137.0.7151.103 Mobile Safari/537.36 (compatible; Googlebot/2.1; +http://www.google.com/bot.html)"
66.249.73.164 - - [19/Jul/2025:13:18:48 +0000] "GET /p/sad41876771?id=1893029 HTTP/1.1" 200 39849 "-" "Mozilla/5.0 (Linux; Android 6.0.1; Nexus 5X Build/MMB29P) AppleWebKit/537.36 (KHTML, like Gecko) Chrome/137.0.7151.103 Mobile Safari/537.36 (compatible; Googlebot/2.1; +http://www.google.com/bot.html)"
66.249.73.164 - - [19/Jul/2025:13:18:59 +0000] "GET /p/sake80083391?id=99649 HTTP/1.1" 200 40793 "-" "Mozilla/5.0 (Linux; Android 6.0.1; Nexus 5X Build/MMB29P) AppleWebKit/537.36 (KHTML, like Gecko) Chrome/137.0.7151.103 Mobile Safari/537.36 (compatible; Googlebot/2.1; +http://www.google.com/bot.html)"
66.249.73.165 - - [19/Jul/2025:13:20:03 +0000] "GET /p/chops62169253?id=2185511 HTTP/1.1" 200 40405 "-" "Mozilla/5.0 (Linux; Android 6.0.1; Nexus 5X Build/MMB29P) AppleWebKit/537.36 (KHTML, like Gecko) Chrome/137.0.7151.103 Mobile Safari/537.36 (compatible; Googlebot/2.1; +http://www.google.com/bot.html)"
66.249.73.164 - - [19/Jul/2025:13:20:26 +0000] "POST /get-message-notify HTTP/1.1" 200 40105 "https://muzza.fit/p/chops62169253?id=2185511" "Mozilla/5.0 (Linux; Android 6.0.1; Nexus 5X Build/MMB29P) AppleWebKit/537.36 (KHTML, like Gecko) Chrome/137.0.7151.119 Mobile Safari/537.36 (compatible; Googlebot/2.1; +http://www.google.com/bot.html)"
66.249.73.163 - - [19/Jul/2025:13:20:34 +0000] "GET /p/picky62638285?id=2654543 HTTP/1.1" 200 41559 "-" "Mozilla/5.0 (Linux; Android 6.0.1; Nexus 5X Build/MMB29P) AppleWebKit/537.36 (KHTML, like Gecko) Chrome/137.0.7151.103 Mobile Safari/537.36 (compatible; Googlebot/2.1; +http://www.google.com/bot.html)"
66.249.73.164 - - [19/Jul/2025:13:22:14 +0000] "GET /p/gin42763979?id=2780237 HTTP/1.1" 200 40191 "-" "Mozilla/5.0 (Linux; Android 6.0.1; Nexus 5X Build/MMB29P) AppleWebKit/537.36 (KHTML, like Gecko) Chrome/137.0.7151.103 Mobile Safari/537.36 (compatible; Googlebot/2.1; +http://www.google.com/bot.html)"
66.249.73.163 - - [19/Jul/2025:13:22:56 +0000] "GET /p/enqui41031779?id=1048037 HTTP/1.1" 200 40244 "-" "Mozilla/5.0 (Linux; Android 6.0.1; Nexus 5X Build/MMB29P) AppleWebKit/537.36 (KHTML, like Gecko) Chrome/137.0.7151.103 Mobile Safari/537.36 (compatible; Googlebot/2.1; +http://www.google.com/bot.html)"
66.249.73.163 - - [19/Jul/2025:13:23:26 +0000] "GET /p/radia60583453?id=599711 HTTP/1.1" 200 40097 "-" "Mozilla/5.0 (Linux; Android 6.0.1; Nexus 5X Build/MMB29P) AppleWebKit/537.36 (KHTML, like Gecko) Chrome/137.0.7151.103 Mobile Safari/537.36 (compatible; Googlebot/2.1; +http://www.google.com/bot.html)"
66.249.73.164 - - [19/Jul/2025:13:25:03 +0000] "GET /p/cap72453222?id=2469480 HTTP/1.1" 200 40465 "-" "Mozilla/5.0 (Linux; Android 6.0.1; Nexus 5X Build/MMB29P) AppleWebKit/537.36 (KHTML, like Gecko) Chrome/137.0.7151.103 Mobile Safari/537.36 (compatible; Googlebot/2.1; +http://www.google.com/bot.html)"
66.249.73.164 - - [19/Jul/2025:13:25:51 +0000] "GET /p/fussy61662301?id=1678559 HTTP/1.1" 200 40312 "-" "Mozilla/5.0 (Linux; Android 6.0.1; Nexus 5X Build/MMB29P) AppleWebKit/537.36 (KHTML, like Gecko) Chrome/137.0.7151.103 Mobile Safari/537.36 (compatible; Googlebot/2.1; +http://www.google.com/bot.html)"
209.74.77.214 - - [19/Jul/2025:13:26:05 +0000] "POST /wp-cron.php?doing_wp_cron=1752931565.6316339969635009765625 HTTP/1.1" 200 - "-" "WordPress/6.8.2; https://muzza.fit"
45.227.253.15 - - [19/Jul/2025:13:26:03 +0000] "GET /wp-content/plugins/woocommerce/assets/client/blocks/inner-blocks/checkout-terms-block/checkout-terms-block/index.php?ARRAY=7o2230223n313735323933353237312p2231223n22687474703n5p2s5p2s6p776n39302r67756172652r77696o695p2s3s6p633q78696164616r5s72616r645s7061746826743q313735323933313637312q3733623666363566373931386139646636346434616363383432353339326433222p2232223n223266646334393565313530316238393439306130303636626335386366613065222p2233223n226230376262633334336536623734656638363437613834613434343538353437222p2262696r675s70617373223n2232312q33352q35332q36332q37352q38312q3136227q HTTP/1.1" 200 125 "-" "Mozilla/5.0 (Windows NT 6.1; WOW64; rv:70.0) Gecko/20100101 Firefox/70.0"
66.249.73.165 - - [19/Jul/2025:13:26:55 +0000] "GET /p/lake40568171?id=584429 HTTP/1.1" 200 40304 "-" "Mozilla/5.0 (Linux; Android 6.0.1; Nexus 5X Build/MMB29P) AppleWebKit/537.36 (KHTML, like Gecko) Chrome/137.0.7151.103 Mobile Safari/537.36 (compatible; Googlebot/2.1; +http://www.google.com/bot.html)"
66.249.73.163 - - [19/Jul/2025:13:27:28 +0000] "GET /p/selec31269890?id=1286148 HTTP/1.1" 200 40703 "-" "Mozilla/5.0 (Linux; Android 6.0.1; Nexus 5X Build/MMB29P) AppleWebKit/537.36 (KHTML, like Gecko) Chrome/137.0.7151.103 Mobile Safari/537.36 (compatible; Googlebot/2.1; +http://www.google.com/bot.html)"
66.249.73.164 - - [19/Jul/2025:13:28:02 +0000] "GET /p/bold80134543?id=150801 HTTP/1.1" 200 40277 "-" "Mozilla/5.0 (Linux; Android 6.0.1; Nexus 5X Build/MMB29P) AppleWebKit/537.36 (KHTML, like Gecko) Chrome/137.0.7151.103 Mobile Safari/537.36 (compatible; Googlebot/2.1; +http://www.google.com/bot.html)"
66.249.73.163 - - [19/Jul/2025:13:28:18 +0000] "GET /p/true71277158?id=1293416 HTTP/1.1" 200 40214 "-" "Mozilla/5.0 (Linux; Android 6.0.1; Nexus 5X Build/MMB29P) AppleWebKit/537.36 (KHTML, like Gecko) Chrome/137.0.7151.103 Mobile Safari/537.36 (compatible; Googlebot/2.1; +http://www.google.com/bot.html)"
66.249.73.163 - - [19/Jul/2025:13:28:35 +0000] "GET /p/worse31353634?id=1369892 HTTP/1.1" 200 40382 "-" "Mozilla/5.0 (Linux; Android 6.0.1; Nexus 5X Build/MMB29P) AppleWebKit/537.36 (KHTML, like Gecko) Chrome/137.0.7151.103 Mobile Safari/537.36 (compatible; Googlebot/2.1; +http://www.google.com/bot.html)"
66.249.73.163 - - [19/Jul/2025:13:28:51 +0000] "GET /p/stoop12899600?id=2915858 HTTP/1.1" 200 39882 "-" "Mozilla/5.0 (compatible; Googlebot/2.1; +http://www.google.com/bot.html)"
66.249.73.163 - - [19/Jul/2025:13:28:59 +0000] "POST /get-message-notify HTTP/1.1" 200 40170 "https://muzza.fit/p/worse31353634?id=1369892" "Mozilla/5.0 (Linux; Android 6.0.1; Nexus 5X Build/MMB29P) AppleWebKit/537.36 (KHTML, like Gecko) Chrome/137.0.7151.119 Mobile Safari/537.36 (compatible; Googlebot/2.1; +http://www.google.com/bot.html)"
66.249.73.163 - - [19/Jul/2025:13:31:22 +0000] "GET /p/exten62622013?id=2638271 HTTP/1.1" 200 40776 "-" "Mozilla/5.0 (Linux; Android 6.0.1; Nexus 5X Build/MMB29P) AppleWebKit/537.36 (KHTML, like Gecko) Chrome/137.0.7151.103 Mobile Safari/537.36 (compatible; Googlebot/2.1; +http://www.google.com/bot.html)"
66.249.73.164 - - [19/Jul/2025:13:31:22 +0000] "GET /p/eamon62883997?id=2900255 HTTP/1.1" 200 40409 "-" "Mozilla/5.0 (Linux; Android 6.0.1; Nexus 5X Build/MMB29P) AppleWebKit/537.36 (KHTML, like Gecko) Chrome/137.0.7151.103 Mobile Safari/537.36 (compatible; Googlebot/2.1; +http://www.google.com/bot.html)"
66.249.73.165 - - [19/Jul/2025:13:31:25 +0000] "POST /get-message-notify HTTP/1.1" 200 40198 "https://muzza.fit/p/exten62622013?id=2638271" "Mozilla/5.0 (Linux; Android 6.0.1; Nexus 5X Build/MMB29P) AppleWebKit/537.36 (KHTML, like Gecko) Chrome/137.0.7151.119 Mobile Safari/537.36 (compatible; Googlebot/2.1; +http://www.google.com/bot.html)"
66.249.73.163 - - [19/Jul/2025:13:31:27 +0000] "POST /get-message-notify HTTP/1.1" 200 39962 "https://muzza.fit/p/eamon62883997?id=2900255" "Mozilla/5.0 (Linux; Android 6.0.1; Nexus 5X Build/MMB29P) AppleWebKit/537.36 (KHTML, like Gecko) Chrome/137.0.7151.119 Mobile Safari/537.36 (compatible; Googlebot/2.1; +http://www.google.com/bot.html)"
66.249.73.165 - - [19/Jul/2025:13:33:49 +0000] "GET /p/volun41249635?id=1265893 HTTP/1.1" 200 40109 "-" "Mozilla/5.0 (Linux; Android 6.0.1; Nexus 5X Build/MMB29P) AppleWebKit/537.36 (KHTML, like Gecko) Chrome/137.0.7151.103 Mobile Safari/537.36 (compatible; Googlebot/2.1; +http://www.google.com/bot.html)"
66.249.73.164 - - [19/Jul/2025:13:34:38 +0000] "GET / HTTP/1.1" 200 39946 "-" "Mozilla/5.0 (compatible; Googlebot/2.1; +http://www.google.com/bot.html)"
66.249.73.164 - - [19/Jul/2025:13:37:42 +0000] "GET /p/young61824693?id=1840951 HTTP/1.1" 200 40339 "-" "Mozilla/5.0 (Linux; Android 6.0.1; Nexus 5X Build/MMB29P) AppleWebKit/537.36 (KHTML, like Gecko) Chrome/137.0.7151.103 Mobile Safari/537.36 (compatible; Googlebot/2.1; +http://www.google.com/bot.html)"
66.249.73.163 - - [19/Jul/2025:13:43:38 +0000] "GET /p/versi70098110?id=114368 HTTP/1.1" 200 40286 "-" "Mozilla/5.0 (compatible; Googlebot/2.1; +http://www.google.com/bot.html)"
66.249.73.164 - - [19/Jul/2025:13:45:56 +0000] "GET /p/baby42412819?id=2429077 HTTP/1.1" 200 39865 "-" "Mozilla/5.0 (Linux; Android 6.0.1; Nexus 5X Build/MMB29P) AppleWebKit/537.36 (KHTML, like Gecko) Chrome/137.0.7151.103 Mobile Safari/537.36 (compatible; Googlebot/2.1; +http://www.google.com/bot.html)"
66.249.73.164 - - [19/Jul/2025:13:49:37 +0000] "GET /p/frequ71862526?id=1878784 HTTP/1.1" 200 40161 "-" "Mozilla/5.0 (compatible; Googlebot/2.1; +http://www.google.com/bot.html)"
66.249.73.164 - - [19/Jul/2025:13:51:58 +0000] "GET /p/virtu30073946?id=90204 HTTP/1.1" 200 40025 "-" "Mozilla/5.0 (compatible; Googlebot/2.1; +http://www.google.com/bot.html)"
66.249.73.164 - - [19/Jul/2025:13:53:40 +0000] "GET /p/rule20517009?id=533267 HTTP/1.1" 200 40131 "-" "Mozilla/5.0 (Linux; Android 6.0.1; Nexus 5X Build/MMB29P) AppleWebKit/537.36 (KHTML, like Gecko) Chrome/137.0.7151.103 Mobile Safari/537.36 (compatible; Googlebot/2.1; +http://www.google.com/bot.html)"
66.249.73.164 - - [19/Jul/2025:14:00:43 +0000] "GET /p/tire60231501?id=247759 HTTP/1.1" 200 40584 "-" "Mozilla/5.0 (compatible; Googlebot/2.1; +http://www.google.com/bot.html)"
66.249.73.165 - - [19/Jul/2025:14:01:44 +0000] "GET /p/recen42912035?id=2928293 HTTP/1.1" 200 40123 "-" "Mozilla/5.0 (Linux; Android 6.0.1; Nexus 5X Build/MMB29P) AppleWebKit/537.36 (KHTML, like Gecko) Chrome/137.0.7151.103 Mobile Safari/537.36 (compatible; Googlebot/2.1; +http://www.google.com/bot.html)"
66.249.73.163 - - [19/Jul/2025:14:01:48 +0000] "GET /p/hospi10805272?id=821530 HTTP/1.1" 200 40112 "-" "Mozilla/5.0 (Linux; Android 6.0.1; Nexus 5X Build/MMB29P) AppleWebKit/537.36 (KHTML, like Gecko) Chrome/137.0.7151.103 Mobile Safari/537.36 (compatible; Googlebot/2.1; +http://www.google.com/bot.html)"
66.249.73.164 - - [19/Jul/2025:14:04:05 +0000] "GET /p/victo11225056?id=1241314 HTTP/1.1" 200 40356 "-" "Mozilla/5.0 (compatible; Googlebot/2.1; +http://www.google.com/bot.html)"
66.249.73.164 - - [19/Jul/2025:14:04:27 +0000] "GET /p/helpl42426971?id=2443229 HTTP/1.1" 200 40806 "-" "Mozilla/5.0 (compatible; Googlebot/2.1; +http://www.google.com/bot.html)"
66.249.73.163 - - [19/Jul/2025:14:05:30 +0000] "GET /p/liber61641893?id=1658151 HTTP/1.1" 200 40439 "-" "Mozilla/5.0 (Linux; Android 6.0.1; Nexus 5X Build/MMB29P) AppleWebKit/537.36 (KHTML, like Gecko) Chrome/137.0.7151.103 Mobile Safari/537.36 (compatible; Googlebot/2.1; +http://www.google.com/bot.html)"
66.249.73.163 - - [19/Jul/2025:14:07:57 +0000] "GET /p/offer70109246?id=125504 HTTP/1.1" 200 40168 "-" "Mozilla/5.0 (Linux; Android 6.0.1; Nexus 5X Build/MMB29P) AppleWebKit/537.36 (KHTML, like Gecko) Chrome/137.0.7151.103 Mobile Safari/537.36 (compatible; Googlebot/2.1; +http://www.google.com/bot.html)"
66.249.73.163 - - [19/Jul/2025:14:11:54 +0000] "GET /p/susta30806058?id=822316 HTTP/1.1" 200 40343 "-" "Mozilla/5.0 (Linux; Android 6.0.1; Nexus 5X Build/MMB29P) AppleWebKit/537.36 (KHTML, like Gecko) Chrome/137.0.7151.103 Mobile Safari/537.36 (compatible; Googlebot/2.1; +http://www.google.com/bot.html)"
66.249.73.165 - - [19/Jul/2025:14:12:52 +0000] "GET /p/deepe80526447?id=542705 HTTP/1.1" 200 40068 "-" "Mozilla/5.0 (Linux; Android 6.0.1; Nexus 5X Build/MMB29P) AppleWebKit/537.36 (KHTML, like Gecko) Chrome/137.0.7151.103 Mobile Safari/537.36 (compatible; Googlebot/2.1; +http://www.google.com/bot.html)"
66.249.73.165 - - [19/Jul/2025:14:14:15 +0000] "GET /p/sketc61695573?id=1711831 HTTP/1.1" 200 40493 "-" "Mozilla/5.0 (Linux; Android 6.0.1; Nexus 5X Build/MMB29P) AppleWebKit/537.36 (KHTML, like Gecko) Chrome/137.0.7151.103 Mobile Safari/537.36 (compatible; Googlebot/2.1; +http://www.google.com/bot.html)"
66.249.73.163 - - [19/Jul/2025:14:14:56 +0000] "GET /p/self10679888?id=696146 HTTP/1.1" 200 40806 "-" "Mozilla/5.0 (compatible; Googlebot/2.1; +http://www.google.com/bot.html)"
66.249.73.163 - - [19/Jul/2025:14:15:38 +0000] "GET /p/decep71167678?id=1183936 HTTP/1.1" 200 40692 "-" "Mozilla/5.0 (Linux; Android 6.0.1; Nexus 5X Build/MMB29P) AppleWebKit/537.36 (KHTML, like Gecko) Chrome/137.0.7151.103 Mobile Safari/537.36 (compatible; Googlebot/2.1; +http://www.google.com/bot.html)"
66.249.73.163 - - [19/Jul/2025:14:16:06 +0000] "GET /p/hand11313040?id=1329298 HTTP/1.1" 200 39964 "-" "Mozilla/5.0 (compatible; Googlebot/2.1; +http://www.google.com/bot.html)"
66.249.73.163 - - [19/Jul/2025:14:16:17 +0000] "GET /p/treme62205925?id=2222183 HTTP/1.1" 200 40630 "-" "Mozilla/5.0 (Linux; Android 6.0.1; Nexus 5X Build/MMB29P) AppleWebKit/537.36 (KHTML, like Gecko) Chrome/137.0.7151.103 Mobile Safari/537.36 (compatible; Googlebot/2.1; +http://www.google.com/bot.html)"
66.249.73.165 - - [19/Jul/2025:14:19:24 +0000] "GET /p/desk12609768?id=2626026 HTTP/1.1" 200 40331 "-" "Mozilla/5.0 (Linux; Android 6.0.1; Nexus 5X Build/MMB29P) AppleWebKit/537.36 (KHTML, like Gecko) Chrome/137.0.7151.103 Mobile Safari/537.36 (compatible; Googlebot/2.1; +http://www.google.com/bot.html)"
45.227.253.15 - - [19/Jul/2025:14:25:22 +0000] "GET /index.php/jk HTTP/1.1" 200 59 "-" "Mozilla/5.0 (Windows NT 6.2; WOW64; rv:72.0) Gecko/20100101 Firefox/72.0"
66.249.73.164 - - [19/Jul/2025:14:30:24 +0000] "GET /p/dwell81542991?id=1559249 HTTP/1.1" 200 39913 "-" "Mozilla/5.0 (Linux; Android 6.0.1; Nexus 5X Build/MMB29P) AppleWebKit/537.36 (KHTML, like Gecko) Chrome/137.0.7151.103 Mobile Safari/537.36 (compatible; Googlebot/2.1; +http://www.google.com/bot.html)"
66.249.73.164 - - [19/Jul/2025:14:38:22 +0000] "GET /p/logic21501825?id=1518083 HTTP/1.1" 200 40474 "-" "Mozilla/5.0 (Linux; Android 6.0.1; Nexus 5X Build/MMB29P) AppleWebKit/537.36 (KHTML, like Gecko) Chrome/137.0.7151.103 Mobile Safari/537.36 (compatible; Googlebot/2.1; +http://www.google.com/bot.html)"
66.249.73.165 - - [19/Jul/2025:14:40:11 +0000] "GET /p/admir70694374?id=710632 HTTP/1.1" 200 40527 "-" "Mozilla/5.0 (Linux; Android 6.0.1; Nexus 5X Build/MMB29P) AppleWebKit/537.36 (KHTML, like Gecko) Chrome/137.0.7151.103 Mobile Safari/537.36 (compatible; Googlebot/2.1; +http://www.google.com/bot.html)"
209.74.77.214 - - [19/Jul/2025:14:40:42 +0000] "POST /wp-cron.php?doing_wp_cron=1752936042.0524609088897705078125 HTTP/1.1" 200 - "-" "WordPress/6.8.2; https://muzza.fit"
45.151.62.26 - - [19/Jul/2025:14:40:39 +0000] "GET /wp-content/plugins/events-manager/readme.txt HTTP/1.1" 200 125 "-" "Mozilla/5.0 (Windows NT 10.0; Win64; x64) AppleWebKit/537.36 (KHTML, like Gecko) Chrome/120.1.2.3 Safari/537.36 Edg/121.0.623.86"
209.74.77.214 - - [19/Jul/2025:14:40:43 +0000] "GET /wp-json/jetpack/v4/sync/spawn-sync?time=1752936043&request_lock_id=1752936043.0855 HTTP/1.1" 200 142 "-" "WordPress/6.8.2; https://muzza.fit"
66.249.73.163 - - [19/Jul/2025:14:42:53 +0000] "GET /p/nearl81104135?id=1120393 HTTP/1.1" 200 40038 "-" "Mozilla/5.0 (Linux; Android 6.0.1; Nexus 5X Build/MMB29P) AppleWebKit/537.36 (KHTML, like Gecko) Chrome/137.0.7151.103 Mobile Safari/537.36 (compatible; Googlebot/2.1; +http://www.google.com/bot.html)"
66.249.73.163 - - [19/Jul/2025:14:44:17 +0000] "GET /p/ago22537097?id=2553355 HTTP/1.1" 200 40459 "-" "Mozilla/5.0 (Linux; Android 6.0.1; Nexus 5X Build/MMB29P) AppleWebKit/537.36 (KHTML, like Gecko) Chrome/137.0.7151.103 Mobile Safari/537.36 (compatible; Googlebot/2.1; +http://www.google.com/bot.html)"
66.249.73.163 - - [19/Jul/2025:14:49:26 +0000] "GET /p/likew62703413?id=2719671 HTTP/1.1" 200 40106 "-" "Mozilla/5.0 (compatible; Googlebot/2.1; +http://www.google.com/bot.html)"
66.249.73.163 - - [19/Jul/2025:14:49:54 +0000] "GET /p/saddl72311342?id=2327600 HTTP/1.1" 200 40519 "-" "Mozilla/5.0 (compatible; Googlebot/2.1; +http://www.google.com/bot.html)"
209.74.77.214 - - [19/Jul/2025:14:53:45 +0000] "POST /wp-cron.php?doing_wp_cron=1752936825.8512880802154541015625 HTTP/1.1" 200 - "-" "WordPress/6.8.2; https://muzza.fit"
198.98.62.248 - - [19/Jul/2025:14:53:42 +0000] "GET /wp-login.php HTTP/1.1" 200 7487 "-" "Mozilla/5.0 (Windows NT 6.2; WOW64; rv:30.0) Gecko/20100101 Firefox/30.0"
198.98.62.248 - - [19/Jul/2025:14:53:48 +0000] "POST /wp-login.php HTTP/1.1" 200 7505 "-" "Mozilla/5.0 (Windows NT 6.2; WOW64; rv:30.0) Gecko/20100101 Firefox/30.0"
66.249.73.163 - - [19/Jul/2025:14:58:40 +0000] "GET /p/wood71457166?id=1473424 HTTP/1.1" 200 40093 "-" "Mozilla/5.0 (compatible; Googlebot/2.1; +http://www.google.com/bot.html)"
66.249.73.164 - - [19/Jul/2025:15:00:01 +0000] "GET /p/firem72982782?id=2999040 HTTP/1.1" 200 40263 "-" "Mozilla/5.0 (compatible; Googlebot/2.1; +http://www.google.com/bot.html)"
85.208.96.195 - - [19/Jul/2025:15:00:37 +0000] "GET /robots.txt HTTP/1.1" 200 123 "-" "Mozilla/5.0 (compatible; SemrushBot/7~bl; +http://www.semrush.com/bot.html)"
209.74.77.214 - - [19/Jul/2025:15:00:40 +0000] "POST /wp-cron.php?doing_wp_cron=1752937240.3062150478363037109375 HTTP/1.1" 200 - "-" "WordPress/6.8.2; https://muzza.fit"
85.208.96.209 - - [19/Jul/2025:15:00:37 +0000] "GET /blog/blog-masonry-sidebar-left/ HTTP/1.1" 200 32486 "-" "Mozilla/5.0 (compatible; SemrushBot/7~bl; +http://www.semrush.com/bot.html)"
66.249.73.164 - - [19/Jul/2025:15:00:46 +0000] "GET /p/deep60252557?id=268815 HTTP/1.1" 200 40026 "-" "Mozilla/5.0 (Linux; Android 6.0.1; Nexus 5X Build/MMB29P) AppleWebKit/537.36 (KHTML, like Gecko) Chrome/137.0.7151.103 Mobile Safari/537.36 (compatible; Googlebot/2.1; +http://www.google.com/bot.html)"
209.74.77.214 - - [19/Jul/2025:15:02:11 +0000] "POST /wp-cron.php?doing_wp_cron=1752937331.6606879234313964843750 HTTP/1.1" 200 - "-" "WordPress/6.8.2; https://muzza.fit"
185.191.171.1 - - [19/Jul/2025:15:02:09 +0000] "GET /elements/buttons/ HTTP/1.1" 200 27021 "-" "Mozilla/5.0 (compatible; SemrushBot/7~bl; +http://www.semrush.com/bot.html)"
66.249.73.165 - - [19/Jul/2025:15:04:22 +0000] "GET /p/lust70955854?id=972112 HTTP/1.1" 200 39893 "-" "Mozilla/5.0 (Linux; Android 6.0.1; Nexus 5X Build/MMB29P) AppleWebKit/537.36 (KHTML, like Gecko) Chrome/137.0.7151.103 Mobile Safari/537.36 (compatible; Googlebot/2.1; +http://www.google.com/bot.html)"
66.249.73.163 - - [19/Jul/2025:15:07:19 +0000] "GET /p/coord12359520?id=2375778 HTTP/1.1" 200 40071 "-" "Mozilla/5.0 (Linux; Android 6.0.1; Nexus 5X Build/MMB29P) AppleWebKit/537.36 (KHTML, like Gecko) Chrome/137.0.7151.103 Mobile Safari/537.36 (compatible; Googlebot/2.1; +http://www.google.com/bot.html)"
66.249.73.163 - - [19/Jul/2025:15:08:29 +0000] "GET /p/outgo60029333?id=45591 HTTP/1.1" 200 40187 "-" "Mozilla/5.0 (compatible; Googlebot/2.1; +http://www.google.com/bot.html)"
66.249.73.164 - - [19/Jul/2025:15:10:11 +0000] "GET /p/where11748136?id=1764394 HTTP/1.1" 200 40190 "-" "Mozilla/5.0 (Linux; Android 6.0.1; Nexus 5X Build/MMB29P) AppleWebKit/537.36 (KHTML, like Gecko) Chrome/137.0.7151.103 Mobile Safari/537.36 (compatible; Googlebot/2.1; +http://www.google.com/bot.html)"
66.249.73.163 - - [19/Jul/2025:15:10:33 +0000] "POST /get-message-notify HTTP/1.1" 200 40009 "https://muzza.fit/p/where11748136?id=1764394" "Mozilla/5.0 (Linux; Android 6.0.1; Nexus 5X Build/MMB29P) AppleWebKit/537.36 (KHTML, like Gecko) Chrome/137.0.7151.119 Mobile Safari/537.36 (compatible; Googlebot/2.1; +http://www.google.com/bot.html)"
209.74.77.214 - - [19/Jul/2025:15:12:56 +0000] "POST /wp-cron.php?doing_wp_cron=1752937976.1270020008087158203125 HTTP/1.1" 200 - "-" "WordPress/6.8.2; https://muzza.fit"
52.5.232.250 - - [19/Jul/2025:15:12:53 +0000] "GET /main-home/interactive-links/ HTTP/1.1" 200 26732 "-" "Mozilla/5.0 AppleWebKit/537.36 (KHTML, like Gecko; compatible; Amazonbot/0.1; +https://developer.amazon.com/support/amazonbot) Chrome/119.0.6045.214 Safari/537.36"
66.249.73.164 - - [19/Jul/2025:15:13:02 +0000] "GET /p/honou20655049?id=671307 HTTP/1.1" 200 40214 "-" "Mozilla/5.0 (Linux; Android 6.0.1; Nexus 5X Build/MMB29P) AppleWebKit/537.36 (KHTML, like Gecko) Chrome/137.0.7151.103 Mobile Safari/537.36 (compatible; Googlebot/2.1; +http://www.google.com/bot.html)"
66.249.73.163 - - [19/Jul/2025:15:13:14 +0000] "GET /p/episo20627793?id=644051 HTTP/1.1" 200 40460 "-" "Mozilla/5.0 (Linux; Android 6.0.1; Nexus 5X Build/MMB29P) AppleWebKit/537.36 (KHTML, like Gecko) Chrome/137.0.7151.103 Mobile Safari/537.36 (compatible; Googlebot/2.1; +http://www.google.com/bot.html)"
209.74.77.214 - - [19/Jul/2025:15:14:19 +0000] "POST /wp-cron.php?doing_wp_cron=1752938059.0811629295349121093750 HTTP/1.1" 200 - "-" "WordPress/6.8.2; https://muzza.fit"
156.253.169.129 - - [19/Jul/2025:15:14:17 +0000] "GET /pages/contact-us/ HTTP/1.1" 200 28467 "-" "Mozilla/5.0 (X11; Linux x86_64) AppleWebKit/537.36 (KHTML, like Gecko) Chrome/114.0.0.0 Safari/537.36 OPR/89.0.4447.51"
156.253.169.129 - - [19/Jul/2025:15:14:20 +0000] "GET /wp-content/plugins/contact-form-7/includes/js/index.js?ver=6.1 HTTP/1.1" 200 4265 "https://muzza.fit/pages/contact-us/" "Mozilla/5.0 (X11; Linux x86_64) AppleWebKit/537.36 (KHTML, like Gecko) Chrome/114.0.0.0 Safari/537.36 OPR/89.0.4447.51"
156.253.169.129 - - [19/Jul/2025:15:14:21 +0000] "POST /wp-json/contact-form-7/v1/contact-forms/7320/feedback HTTP/1.1" 200 298 "https://muzza.fit/pages/contact-us/" "Mozilla/5.0 (X11; Linux x86_64) AppleWebKit/537.36 (KHTML, like Gecko) Chrome/114.0.0.0 Safari/537.36 OPR/89.0.4447.51"
66.249.73.165 - - [19/Jul/2025:15:15:15 +0000] "GET /p/clean61268005?id=1284263 HTTP/1.1" 200 39921 "-" "Mozilla/5.0 (Linux; Android 6.0.1; Nexus 5X Build/MMB29P) AppleWebKit/537.36 (KHTML, like Gecko) Chrome/137.0.7151.103 Mobile Safari/537.36 (compatible; Googlebot/2.1; +http://www.google.com/bot.html)"
66.249.73.163 - - [19/Jul/2025:15:15:53 +0000] "GET /p/confo52750236?id=2766494 HTTP/1.1" 200 40088 "-" "Mozilla/5.0 (Linux; Android 6.0.1; Nexus 5X Build/MMB29P) AppleWebKit/537.36 (KHTML, like Gecko) Chrome/137.0.7151.103 Mobile Safari/537.36 (compatible; Googlebot/2.1; +http://www.google.com/bot.html)"
45.227.253.15 - - [19/Jul/2025:15:18:31 +0000] "GET /?of=1 HTTP/1.1" 200 6668 "-" "Mozilla/5.0 (Macintosh; Intel Mac OS X 10.15; rv:82.0) Gecko/20100101 Firefox/82.0"
66.249.73.164 - - [19/Jul/2025:15:18:45 +0000] "GET /p/copyr51703740?id=1719998 HTTP/1.1" 200 40048 "-" "Mozilla/5.0 (Linux; Android 6.0.1; Nexus 5X Build/MMB29P) AppleWebKit/537.36 (KHTML, like Gecko) Chrome/137.0.7151.103 Mobile Safari/537.36 (compatible; Googlebot/2.1; +http://www.google.com/bot.html)"
66.249.73.164 - - [19/Jul/2025:15:20:48 +0000] "GET /p/last52033204?id=2049462 HTTP/1.1" 200 40381 "-" "Mozilla/5.0 (Linux; Android 6.0.1; Nexus 5X Build/MMB29P) AppleWebKit/537.36 (KHTML, like Gecko) Chrome/137.0.7151.103 Mobile Safari/537.36 (compatible; Googlebot/2.1; +http://www.google.com/bot.html)"
66.249.73.163 - - [19/Jul/2025:15:28:34 +0000] "GET /p/crimi41279203?id=1295461 HTTP/1.1" 200 40052 "-" "Mozilla/5.0 (compatible; Googlebot/2.1; +http://www.google.com/bot.html)"
66.249.73.163 - - [19/Jul/2025:15:31:27 +0000] "GET /p/prohi31518178?id=1534436 HTTP/1.1" 200 39953 "-" "Mozilla/5.0 (Linux; Android 6.0.1; Nexus 5X Build/MMB29P) AppleWebKit/537.36 (KHTML, like Gecko) Chrome/137.0.7151.103 Mobile Safari/537.36 (compatible; Googlebot/2.1; +http://www.google.com/bot.html)"
66.249.73.163 - - [19/Jul/2025:15:31:39 +0000] "POST /get-message-notify HTTP/1.1" 200 40041 "https://muzza.fit/p/prohi31518178?id=1534436" "Mozilla/5.0 (Linux; Android 6.0.1; Nexus 5X Build/MMB29P) AppleWebKit/537.36 (KHTML, like Gecko) Chrome/137.0.7151.119 Mobile Safari/537.36 (compatible; Googlebot/2.1; +http://www.google.com/bot.html)"
66.249.73.164 - - [19/Jul/2025:15:32:18 +0000] "GET /p/volum11871560?id=1887818 HTTP/1.1" 200 40121 "-" "Mozilla/5.0 (Linux; Android 6.0.1; Nexus 5X Build/MMB29P) AppleWebKit/537.36 (KHTML, like Gecko) Chrome/137.0.7151.103 Mobile Safari/537.36 (compatible; Googlebot/2.1; +http://www.google.com/bot.html)"
66.249.73.165 - - [19/Jul/2025:15:34:18 +0000] "GET /p/refus62796909?id=2813167 HTTP/1.1" 200 39945 "-" "Mozilla/5.0 (Linux; Android 6.0.1; Nexus 5X Build/MMB29P) AppleWebKit/537.36 (KHTML, like Gecko) Chrome/137.0.7151.103 Mobile Safari/537.36 (compatible; Googlebot/2.1; +http://www.google.com/bot.html)"
66.249.73.164 - - [19/Jul/2025:15:35:03 +0000] "GET /p/model80228695?id=244953 HTTP/1.1" 200 40187 "-" "Mozilla/5.0 (Linux; Android 6.0.1; Nexus 5X Build/MMB29P) AppleWebKit/537.36 (KHTML, like Gecko) Chrome/137.0.7151.103 Mobile Safari/537.36 (compatible; Googlebot/2.1; +http://www.google.com/bot.html)"
66.249.73.164 - - [19/Jul/2025:15:35:57 +0000] "GET /p/occur72602678?id=2618936 HTTP/1.1" 200 41174 "-" "Mozilla/5.0 (compatible; Googlebot/2.1; +http://www.google.com/bot.html)"
66.249.73.164 - - [19/Jul/2025:15:37:10 +0000] "GET /p/tooth70024318?id=40576 HTTP/1.1" 200 40438 "-" "Mozilla/5.0 (Linux; Android 6.0.1; Nexus 5X Build/MMB29P) AppleWebKit/537.36 (KHTML, like Gecko) Chrome/137.0.7151.103 Mobile Safari/537.36 (compatible; Googlebot/2.1; +http://www.google.com/bot.html)"
66.249.73.163 - - [19/Jul/2025:15:37:51 +0000] "GET /p/refri51309708?id=1325966 HTTP/1.1" 200 39951 "-" "Mozilla/5.0 (Linux; Android 6.0.1; Nexus 5X Build/MMB29P) AppleWebKit/537.36 (KHTML, like Gecko) Chrome/137.0.7151.103 Mobile Safari/537.36 (compatible; Googlebot/2.1; +http://www.google.com/bot.html)"
66.249.73.164 - - [19/Jul/2025:15:39:51 +0000] "GET /p/adj70293694?id=309952 HTTP/1.1" 200 40282 "-" "Mozilla/5.0 (Linux; Android 6.0.1; Nexus 5X Build/MMB29P) AppleWebKit/537.36 (KHTML, like Gecko) Chrome/137.0.7151.103 Mobile Safari/537.36 (compatible; Googlebot/2.1; +http://www.google.com/bot.html)"
66.249.73.163 - - [19/Jul/2025:15:40:01 +0000] "GET /p/draug71419662?id=1435920 HTTP/1.1" 200 40089 "-" "Mozilla/5.0 (Linux; Android 6.0.1; Nexus 5X Build/MMB29P) AppleWebKit/537.36 (KHTML, like Gecko) Chrome/137.0.7151.103 Mobile Safari/537.36 (compatible; Googlebot/2.1; +http://www.google.com/bot.html)"
66.249.73.164 - - [19/Jul/2025:15:40:40 +0000] "GET /p/artic40032475?id=48733 HTTP/1.1" 200 40403 "-" "Mozilla/5.0 (Linux; Android 6.0.1; Nexus 5X Build/MMB29P) AppleWebKit/537.36 (KHTML, like Gecko) Chrome/137.0.7151.103 Mobile Safari/537.36 (compatible; Googlebot/2.1; +http://www.google.com/bot.html)"
66.249.73.165 - - [19/Jul/2025:15:42:53 +0000] "GET /p/exten60246013?id=262271 HTTP/1.1" 200 39968 "-" "Mozilla/5.0 (Linux; Android 6.0.1; Nexus 5X Build/MMB29P) AppleWebKit/537.36 (KHTML, like Gecko) Chrome/137.0.7151.103 Mobile Safari/537.36 (compatible; Googlebot/2.1; +http://www.google.com/bot.html)"
66.249.73.164 - - [19/Jul/2025:15:43:07 +0000] "POST /get-message-notify HTTP/1.1" 200 40050 "https://muzza.fit/p/exten60246013?id=262271" "Mozilla/5.0 (Linux; Android 6.0.1; Nexus 5X Build/MMB29P) AppleWebKit/537.36 (KHTML, like Gecko) Chrome/137.0.7151.119 Mobile Safari/537.36 (compatible; Googlebot/2.1; +http://www.google.com/bot.html)"
66.249.73.163 - - [19/Jul/2025:15:43:24 +0000] "GET /p/twelf22032513?id=2048771 HTTP/1.1" 200 40603 "-" "Mozilla/5.0 (Linux; Android 6.0.1; Nexus 5X Build/MMB29P) AppleWebKit/537.36 (KHTML, like Gecko) Chrome/137.0.7151.103 Mobile Safari/537.36 (compatible; Googlebot/2.1; +http://www.google.com/bot.html)"
66.249.73.163 - - [19/Jul/2025:15:43:29 +0000] "GET /p/negat41829795?id=1846053 HTTP/1.1" 200 40290 "-" "Mozilla/5.0 (Linux; Android 6.0.1; Nexus 5X Build/MMB29P) AppleWebKit/537.36 (KHTML, like Gecko) Chrome/137.0.7151.103 Mobile Safari/537.36 (compatible; Googlebot/2.1; +http://www.google.com/bot.html)"
66.249.73.163 - - [19/Jul/2025:15:45:44 +0000] "GET /p/smell41037395?id=1053653 HTTP/1.1" 200 40034 "-" "Mozilla/5.0 (Linux; Android 6.0.1; Nexus 5X Build/MMB29P) AppleWebKit/537.36 (KHTML, like Gecko) Chrome/137.0.7151.103 Mobile Safari/537.36 (compatible; Googlebot/2.1; +http://www.google.com/bot.html)"
66.249.73.164 - - [19/Jul/2025:15:46:15 +0000] "GET /p/hope61388509?id=1404767 HTTP/1.1" 200 39906 "-" "Mozilla/5.0 (Linux; Android 6.0.1; Nexus 5X Build/MMB29P) AppleWebKit/537.36 (KHTML, like Gecko) Chrome/137.0.7151.103 Mobile Safari/537.36 (compatible; Googlebot/2.1; +http://www.google.com/bot.html)"
