109.42.179.141 - - [19/Jul/2025:14:04:42 +0000] "GET /wp-content/uploads/2025/02/worker-grinding-metal-metal-grinding-machine-with-sparks-metal-sawing.webp HTTP/1.1" 200 119526 "https://onlycnc.com.au/?f=31631793031490&mod=e24a7e4c&uri=article.php%3Fid%3D1055754-310%26name%3Dhp%20158a%20motherboard" "Mozilla/5.0 (iPhone; CPU iPhone OS 18_5_0 like Mac OS X) AppleWebKit/605.1.15 (KHTML, like Gecko) CriOS/138.0.7204.162 Mobile/15E148 Safari/604.1"
109.42.179.141 - - [19/Jul/2025:14:04:42 +0000] "GET /wp-content/uploads/2025/02/image-world-ondustry.webp HTTP/1.1" 200 132307 "https://onlycnc.com.au/?f=31631793031490&mod=e24a7e4c&uri=article.php%3Fid%3D1055754-310%26name%3Dhp%20158a%20motherboard" "Mozilla/5.0 (iPhone; CPU iPhone OS 18_5_0 like Mac OS X) AppleWebKit/605.1.15 (KHTML, like Gecko) CriOS/138.0.7204.162 Mobile/15E148 Safari/604.1"
109.42.179.141 - - [19/Jul/2025:14:04:42 +0000] "GET /wp-content/uploads/2025/02/industry-plant-ondustry.webp HTTP/1.1" 200 83451 "https://onlycnc.com.au/?f=31631793031490&mod=e24a7e4c&uri=article.php%3Fid%3D1055754-310%26name%3Dhp%20158a%20motherboard" "Mozilla/5.0 (iPhone; CPU iPhone OS 18_5_0 like Mac OS X) AppleWebKit/605.1.15 (KHTML, like Gecko) CriOS/138.0.7204.162 Mobile/15E148 Safari/604.1"
104.210.140.140 - - [19/Jul/2025:14:06:27 +0000] "GET /robots.txt HTTP/1.1" 200 108 "-" "Mozilla/5.0 (Macintosh; Intel Mac OS X 10_15_7) AppleWebKit/537.36 (KHTML, like Gecko) Chrome/131.0.0.0 Safari/537.36; compatible; OAI-SearchBot/1.0; +https://openai.com/searchbot"
109.42.179.141 - - [19/Jul/2025:14:04:41 +0000] "GET /wp-content/uploads/2025/02/Untitled-design-12-1-1.png HTTP/1.1" 200 760026 "https://onlycnc.com.au/?f=31631793031490&mod=e24a7e4c&uri=article.php%3Fid%3D1055754-310%26name%3Dhp%20158a%20motherboard" "Mozilla/5.0 (iPhone; CPU iPhone OS 18_5_0 like Mac OS X) AppleWebKit/605.1.15 (KHTML, like Gecko) CriOS/138.0.7204.162 Mobile/15E148 Safari/604.1"
212.83.38.152 - - [19/Jul/2025:14:10:58 +0000] "GET / HTTP/1.1" 200 21281 "-" "Mozilla/5.0 (Windows NT 6.3; Win64; x64) AppleWebKit/537.36 (KHTML, like Gecko) Chrome/80.0.3987.163 Safari/537.36"
212.83.38.152 - - [19/Jul/2025:14:11:00 +0000] "GET /wp-content/plugins/gutenverse-form/lib/framework/assets/fonts/fontawesome/css/all.min.css?ver=2.1.0 HTTP/1.1" 200 22534 "https://onlycnc.com.au/" "Mozilla/5.0 (Windows NT 6.3; Win64; x64) AppleWebKit/537.36 (KHTML, like Gecko) Chrome/80.0.3987.163 Safari/537.36"
212.83.38.152 - - [19/Jul/2025:14:11:00 +0000] "GET /wp-content/plugins/gutenverse-form/lib/framework/assets/fonts/gtnicon/gtnicon.css?ver=2.1.0 HTTP/1.1" 200 35282 "https://onlycnc.com.au/" "Mozilla/5.0 (Windows NT 6.3; Win64; x64) AppleWebKit/537.36 (KHTML, like Gecko) Chrome/80.0.3987.163 Safari/537.36"
212.83.38.152 - - [19/Jul/2025:14:11:00 +0000] "GET /wp-content/plugins/gutenverse-form/lib/framework/assets/css/frontend.css?ver=2.1.0 HTTP/1.1" 200 5147 "https://onlycnc.com.au/" "Mozilla/5.0 (Windows NT 6.3; Win64; x64) AppleWebKit/537.36 (KHTML, like Gecko) Chrome/80.0.3987.163 Safari/537.36"
212.83.38.152 - - [19/Jul/2025:14:11:00 +0000] "GET /wp-content/themes/ondustry/style.css?ver=1.0.1 HTTP/1.1" 200 549 "https://onlycnc.com.au/" "Mozilla/5.0 (Windows NT 6.3; Win64; x64) AppleWebKit/537.36 (KHTML, like Gecko) Chrome/80.0.3987.163 Safari/537.36"
212.83.38.152 - - [19/Jul/2025:14:11:01 +0000] "GET /wp-includes/css/dashicons.min.css?ver=6.8.2 HTTP/1.1" 200 35730 "https://onlycnc.com.au/" "Mozilla/5.0 (Windows NT 6.3; Win64; x64) AppleWebKit/537.36 (KHTML, like Gecko) Chrome/80.0.3987.163 Safari/537.36"
212.83.38.152 - - [19/Jul/2025:14:11:01 +0000] "GET /wp-content/plugins/leadconnector/public/css/lc-public.css?ver=3.0.10.1 HTTP/1.1" 200 106 "https://onlycnc.com.au/" "Mozilla/5.0 (Windows NT 6.3; Win64; x64) AppleWebKit/537.36 (KHTML, like Gecko) Chrome/80.0.3987.163 Safari/537.36"
212.83.38.152 - - [19/Jul/2025:14:11:01 +0000] "GET /wp-content/plugins/gutenverse-form/assets/css/frontend.css?ver=2.1.0 HTTP/1.1" 200 4889 "https://onlycnc.com.au/" "Mozilla/5.0 (Windows NT 6.3; Win64; x64) AppleWebKit/537.36 (KHTML, like Gecko) Chrome/80.0.3987.163 Safari/537.36"
212.83.38.152 - - [19/Jul/2025:14:11:01 +0000] "GET /wp-content/plugins/gutenverse/assets/css/frontend.css?ver=3.1.0 HTTP/1.1" 200 20119 "https://onlycnc.com.au/" "Mozilla/5.0 (Windows NT 6.3; Win64; x64) AppleWebKit/537.36 (KHTML, like Gecko) Chrome/80.0.3987.163 Safari/537.36"
212.83.38.152 - - [19/Jul/2025:14:11:01 +0000] "GET /wp-content/uploads/gutenverse/css/gutenverse-template-blank-canvas-666947.css?ver=666947 HTTP/1.1" 200 19 "https://onlycnc.com.au/" "Mozilla/5.0 (Windows NT 6.3; Win64; x64) AppleWebKit/537.36 (KHTML, like Gecko) Chrome/80.0.3987.163 Safari/537.36"
212.83.38.152 - - [19/Jul/2025:14:11:01 +0000] "GET /wp-content/themes/ondustry/assets/css/essential/frontend-essential.css?ver=1.0.5 HTTP/1.1" 200 2196 "https://onlycnc.com.au/" "Mozilla/5.0 (Windows NT 6.3; Win64; x64) AppleWebKit/537.36 (KHTML, like Gecko) Chrome/80.0.3987.163 Safari/537.36"
212.83.38.152 - - [19/Jul/2025:14:11:01 +0000] "GET /wp-content/uploads/gutenverse/css/gutenverse-content-45-666947.css?ver=666947 HTTP/1.1" 200 13688 "https://onlycnc.com.au/" "Mozilla/5.0 (Windows NT 6.3; Win64; x64) AppleWebKit/537.36 (KHTML, like Gecko) Chrome/80.0.3987.163 Safari/537.36"
212.83.38.152 - - [19/Jul/2025:14:11:01 +0000] "GET /wp-content/plugins/gutenverse-form/lib/framework/assets/dist/frontend-icon.css?ver=2.1.0 HTTP/1.1" 200 507 "https://onlycnc.com.au/" "Mozilla/5.0 (Windows NT 6.3; Win64; x64) AppleWebKit/537.36 (KHTML, like Gecko) Chrome/80.0.3987.163 Safari/537.36"
212.83.38.152 - - [19/Jul/2025:14:11:01 +0000] "GET /wp-includes/js/jquery/jquery.min.js?ver=3.7.1 HTTP/1.1" 200 30368 "https://onlycnc.com.au/" "Mozilla/5.0 (Windows NT 6.3; Win64; x64) AppleWebKit/537.36 (KHTML, like Gecko) Chrome/80.0.3987.163 Safari/537.36"
212.83.38.152 - - [19/Jul/2025:14:11:01 +0000] "GET /wp-includes/js/jquery/jquery-migrate.min.js?ver=3.4.1 HTTP/1.1" 200 4872 "https://onlycnc.com.au/" "Mozilla/5.0 (Windows NT 6.3; Win64; x64) AppleWebKit/537.36 (KHTML, like Gecko) Chrome/80.0.3987.163 Safari/537.36"
212.83.38.152 - - [19/Jul/2025:14:11:01 +0000] "GET /wp-content/plugins/leadconnector/public/js/lc-public.js?ver=3.0.10.1 HTTP/1.1" 200 1322 "https://onlycnc.com.au/" "Mozilla/5.0 (Windows NT 6.3; Win64; x64) AppleWebKit/537.36 (KHTML, like Gecko) Chrome/80.0.3987.163 Safari/537.36"
212.83.38.152 - - [19/Jul/2025:14:11:01 +0000] "GET /wp-content/uploads/2025/02/Asset-3.png HTTP/1.1" 200 23991 "https://onlycnc.com.au/" "Mozilla/5.0 (Windows NT 6.3; Win64; x64) AppleWebKit/537.36 (KHTML, like Gecko) Chrome/80.0.3987.163 Safari/537.36"
212.83.38.152 - - [19/Jul/2025:14:11:01 +0000] "GET /wp-content/uploads/2025/02/Asset-3-1024x258.png HTTP/1.1" 200 37631 "https://onlycnc.com.au/" "Mozilla/5.0 (Windows NT 6.3; Win64; x64) AppleWebKit/537.36 (KHTML, like Gecko) Chrome/80.0.3987.163 Safari/537.36"
212.83.38.152 - - [19/Jul/2025:14:11:02 +0000] "GET /wp-content/plugins/gutenverse-form/lib/framework/assets/fonts/fontawesome/webfonts/fa-solid-900.woff2 HTTP/1.1" 200 156539 "https://onlycnc.com.au/wp-content/plugins/gutenverse-form/lib/framework/assets/fonts/fontawesome/css/all.min.css?ver=2.1.0" "Mozilla/5.0 (Windows NT 6.3; Win64; x64) AppleWebKit/537.36 (KHTML, like Gecko) Chrome/80.0.3987.163 Safari/537.36"
212.83.38.152 - - [19/Jul/2025:14:11:02 +0000] "GET /wp-content/plugins/gutenverse-form/lib/framework/assets/fonts/gtnicon/gtnicon-9.woff?bv8d8l HTTP/1.1" 200 88298 "https://onlycnc.com.au/wp-content/plugins/gutenverse-form/lib/framework/assets/fonts/gtnicon/gtnicon.css?ver=2.1.0" "Mozilla/5.0 (Windows NT 6.3; Win64; x64) AppleWebKit/537.36 (KHTML, like Gecko) Chrome/80.0.3987.163 Safari/537.36"
212.83.38.152 - - [19/Jul/2025:14:11:01 +0000] "GET /wp-content/uploads/2025/02/Untitled-design-12-1-1.png HTTP/1.1" 200 760026 "https://onlycnc.com.au/" "Mozilla/5.0 (Windows NT 6.3; Win64; x64) AppleWebKit/537.36 (KHTML, like Gecko) Chrome/80.0.3987.163 Safari/537.36"
212.83.38.152 - - [19/Jul/2025:14:11:02 +0000] "GET /wp-content/plugins/gutenverse-form/lib/framework/assets/fonts/fontawesome/webfonts/fa-brands-400.woff2 HTTP/1.1" 200 117389 "https://onlycnc.com.au/wp-content/plugins/gutenverse-form/lib/framework/assets/fonts/fontawesome/css/all.min.css?ver=2.1.0" "Mozilla/5.0 (Windows NT 6.3; Win64; x64) AppleWebKit/537.36 (KHTML, like Gecko) Chrome/80.0.3987.163 Safari/537.36"
212.83.38.152 - - [19/Jul/2025:14:11:02 +0000] "GET /wp-content/plugins/gutenverse-form/lib/framework/assets/fonts/gtnicon/gtnicon-6.woff?bv8d8l HTTP/1.1" 200 41993 "https://onlycnc.com.au/wp-content/plugins/gutenverse-form/lib/framework/assets/fonts/gtnicon/gtnicon.css?ver=2.1.0" "Mozilla/5.0 (Windows NT 6.3; Win64; x64) AppleWebKit/537.36 (KHTML, like Gecko) Chrome/80.0.3987.163 Safari/537.36"
212.83.38.152 - - [19/Jul/2025:14:11:02 +0000] "GET /wp-content/plugins/gutenverse-form/lib/framework/assets/fonts/gtnicon/gtnicon-8.woff?bv8d8l HTTP/1.1" 200 71472 "https://onlycnc.com.au/wp-content/plugins/gutenverse-form/lib/framework/assets/fonts/gtnicon/gtnicon.css?ver=2.1.0" "Mozilla/5.0 (Windows NT 6.3; Win64; x64) AppleWebKit/537.36 (KHTML, like Gecko) Chrome/80.0.3987.163 Safari/537.36"
212.83.38.152 - - [19/Jul/2025:14:11:02 +0000] "GET /wp-content/plugins/gutenverse-form/lib/framework/assets/fonts/gtnicon/gtnicon-10.woff?bv8d8l HTTP/1.1" 200 37214 "https://onlycnc.com.au/wp-content/plugins/gutenverse-form/lib/framework/assets/fonts/gtnicon/gtnicon.css?ver=2.1.0" "Mozilla/5.0 (Windows NT 6.3; Win64; x64) AppleWebKit/537.36 (KHTML, like Gecko) Chrome/80.0.3987.163 Safari/537.36"
212.83.38.152 - - [19/Jul/2025:14:11:02 +0000] "GET /wp-content/uploads/2025/02/bg1.png HTTP/1.1" 200 268337 "https://onlycnc.com.au/wp-content/uploads/gutenverse/css/gutenverse-content-45-666947.css?ver=666947" "Mozilla/5.0 (Windows NT 6.3; Win64; x64) AppleWebKit/537.36 (KHTML, like Gecko) Chrome/80.0.3987.163 Safari/537.36"
212.83.38.152 - - [19/Jul/2025:14:11:02 +0000] "GET /wp-content/uploads/2025/02/team-worker-ondustry.webp HTTP/1.1" 200 51830 "https://onlycnc.com.au/" "Mozilla/5.0 (Windows NT 6.3; Win64; x64) AppleWebKit/537.36 (KHTML, like Gecko) Chrome/80.0.3987.163 Safari/537.36"
212.83.38.152 - - [19/Jul/2025:14:11:02 +0000] "GET /wp-content/uploads/2025/02/industrial-worker-indoors-in-factory-young-technic-ondustry.webp HTTP/1.1" 200 50178 "https://onlycnc.com.au/" "Mozilla/5.0 (Windows NT 6.3; Win64; x64) AppleWebKit/537.36 (KHTML, like Gecko) Chrome/80.0.3987.163 Safari/537.36"
212.83.38.152 - - [19/Jul/2025:14:11:02 +0000] "GET /services/ HTTP/1.1" 404 - "-" "Mozilla/5.0 (Windows NT 6.3; Win64; x64) AppleWebKit/537.36 (KHTML, like Gecko) Chrome/80.0.3987.163 Safari/537.36"
212.83.38.152 - - [19/Jul/2025:14:11:02 +0000] "GET /wp-content/uploads/2025/02/male-worker-holds-ondustry.webp HTTP/1.1" 200 68951 "https://onlycnc.com.au/" "Mozilla/5.0 (Windows NT 6.3; Win64; x64) AppleWebKit/537.36 (KHTML, like Gecko) Chrome/80.0.3987.163 Safari/537.36"
212.83.38.152 - - [19/Jul/2025:14:11:03 +0000] "GET /wp-content/uploads/2025/02/what-is-CNC-Routing.webp HTTP/1.1" 200 95895 "https://onlycnc.com.au/wp-content/uploads/gutenverse/css/gutenverse-content-45-666947.css?ver=666947" "Mozilla/5.0 (Windows NT 6.3; Win64; x64) AppleWebKit/537.36 (KHTML, like Gecko) Chrome/80.0.3987.163 Safari/537.36"
212.83.38.152 - - [19/Jul/2025:14:11:03 +0000] "GET /wp-content/uploads/2025/02/welding-process-ondustry.webp HTTP/1.1" 200 105224 "https://onlycnc.com.au/" "Mozilla/5.0 (Windows NT 6.3; Win64; x64) AppleWebKit/537.36 (KHTML, like Gecko) Chrome/80.0.3987.163 Safari/537.36"
212.83.38.152 - - [19/Jul/2025:14:11:03 +0000] "GET /wp-content/plugins/gutenverse/assets/js/frontend.js?ver=3.1.0 HTTP/1.1" 200 109016 "https://onlycnc.com.au/" "Mozilla/5.0 (Windows NT 6.3; Win64; x64) AppleWebKit/537.36 (KHTML, like Gecko) Chrome/80.0.3987.163 Safari/537.36"
212.83.38.152 - - [19/Jul/2025:14:11:03 +0000] "GET /wp-content/uploads/2025/02/image-world-ondustry.webp HTTP/1.1" 200 132307 "https://onlycnc.com.au/wp-content/uploads/gutenverse/css/gutenverse-content-45-666947.css?ver=666947" "Mozilla/5.0 (Windows NT 6.3; Win64; x64) AppleWebKit/537.36 (KHTML, like Gecko) Chrome/80.0.3987.163 Safari/537.36"
212.83.38.152 - - [19/Jul/2025:14:11:04 +0000] "GET /about-us/ HTTP/1.1" 404 - "-" "Mozilla/5.0 (Windows NT 6.3; Win64; x64) AppleWebKit/537.36 (KHTML, like Gecko) Chrome/80.0.3987.163 Safari/537.36"
212.83.38.152 - - [19/Jul/2025:14:11:05 +0000] "GET /contact HTTP/1.1" 404 - "-" "Mozilla/5.0 (Windows NT 6.3; Win64; x64) AppleWebKit/537.36 (KHTML, like Gecko) Chrome/80.0.3987.163 Safari/537.36"
40.77.167.65 - - [19/Jul/2025:14:57:30 +0000] "GET /wp-sitemap.xml HTTP/1.1" 404 - "-" "Mozilla/5.0 AppleWebKit/537.36 (KHTML, like Gecko; compatible; bingbot/2.0; +http://www.bing.com/bingbot.htm) Chrome/116.0.1938.76 Safari/537.36"
45.227.253.15 - - [19/Jul/2025:15:17:09 +0000] "GET /?of=1 HTTP/1.1" 200 9337 "-" "Mozilla/5.0 (Macintosh; Intel Mac OS X 10.15; rv:79.0) Gecko/20100101 Firefox/79.0"
172.213.11.151 - - [19/Jul/2025:15:19:06 +0000] "GET /?f=5668371031490&mod=ab33c4de&uri=products.php?id%3D189266-308%26name%3Dnext+graphic+sweatshirt HTTP/1.1" 301 - "-" "Mozilla/5.0 AppleWebKit/537.36 (KHTML, like Gecko); compatible; ChatGPT-User/1.0; +https://openai.com/bot"
172.213.11.151 - - [19/Jul/2025:15:19:10 +0000] "GET /?f=5668371031490&mod=ab33c4de&uri=products.php?id%3D189266-308%26name%3Dnext%20graphic%20sweatshirt HTTP/1.1" 301 - "-" "Mozilla/5.0 AppleWebKit/537.36 (KHTML, like Gecko); compatible; ChatGPT-User/1.0; +https://openai.com/bot"
4.227.36.18 - - [19/Jul/2025:15:21:22 +0000] "GET /robots.txt HTTP/1.1" 200 108 "-" "Mozilla/5.0 AppleWebKit/537.36 (KHTML, like Gecko; compatible; GPTBot/1.2; +https://openai.com/gptbot)"
209.74.77.214 - - [19/Jul/2025:15:21:23 +0000] "POST /wp-cron.php?doing_wp_cron=1752938483.6082930564880371093750 HTTP/1.1" 200 - "-" "WordPress/6.8.2; https://onlycnc.com.au"
20.169.6.232 - - [19/Jul/2025:15:21:22 +0000] "GET /?f=5668371031490&mod=ab33c4de&uri=products.php%3Fid%3D189266-308%26name%3Dnext+graphic+sweatshirt HTTP/1.1" 301 - "-" "Mozilla/5.0 (Macintosh; Intel Mac OS X 10_15_7) AppleWebKit/537.36 (KHTML, like Gecko) Chrome/131.0.0.0 Safari/537.36; compatible; OAI-SearchBot/1.0; +https://openai.com/searchbot"
20.169.6.232 - - [19/Jul/2025:15:21:23 +0000] "GET /?f=5668371031490&mod=ab33c4de&uri=products.php%3Fid%3D189266-308%26name%3Dnext%20graphic%20sweatshirt HTTP/1.1" 200 21262 "-" "Mozilla/5.0 (Macintosh; Intel Mac OS X 10_15_7) AppleWebKit/537.36 (KHTML, like Gecko) Chrome/131.0.0.0 Safari/537.36; compatible; OAI-SearchBot/1.0; +https://openai.com/searchbot"
216.73.216.52 - - [19/Jul/2025:15:37:47 +0000] "GET /robots.txt HTTP/1.1" 200 108 "-" "Mozilla/5.0 AppleWebKit/537.36 (KHTML, like Gecko; compatible; ClaudeBot/1.0; [email protected])"
216.73.216.52 - - [19/Jul/2025:15:37:47 +0000] "GET /sitemap.xml HTTP/1.1" 404 - "-" "Mozilla/5.0 AppleWebKit/537.36 (KHTML, like Gecko; compatible; ClaudeBot/1.0; [email protected])"
57.141.2.27 - - [19/Jul/2025:15:40:01 +0000] "GET /shopdetail/1633230332 HTTP/1.1" 404 - "-" "meta-externalagent/1.1 (+https://developers.facebook.com/docs/sharing/webmasters/crawler)"
57.141.2.29 - - [19/Jul/2025:15:49:00 +0000] "GET /shopdetail/1633499364 HTTP/1.1" 404 - "-" "meta-externalagent/1.1 (+https://developers.facebook.com/docs/sharing/webmasters/crawler)"
216.73.216.52 - - [19/Jul/2025:15:51:55 +0000] "GET /sitemap.xml HTTP/1.1" 404 - "-" "Mozilla/5.0 AppleWebKit/537.36 (KHTML, like Gecko; compatible; ClaudeBot/1.0; [email protected])"
209.74.77.214 - - [19/Jul/2025:16:02:15 +0000] "POST /wp-cron.php?doing_wp_cron=1752940935.6579389572143554687500 HTTP/1.1" 200 - "-" "WordPress/6.8.2; https://onlycnc.com.au"
141.164.91.56 - - [19/Jul/2025:16:02:14 +0000] "GET /?f=5677461061490&mod=ab33c4de&uri=products.php%3Fid%3D189569-308%26name%3Dhoodie+korean+style+girl HTTP/1.1" 301 - "-" "Mozilla/5.0 (Windows NT 10.0; WOW64; Rv:50.0) Gecko/20100101 Firefox/50.0"
141.164.91.56 - - [19/Jul/2025:16:02:15 +0000] "GET /?f=5677461061490&mod=ab33c4de&uri=products.php%3Fid%3D189569-308%26name%3Dhoodie%20korean%20style%20girl HTTP/1.1" 200 21262 "-" "Mozilla/5.0 (Windows NT 10.0; WOW64; Rv:50.0) Gecko/20100101 Firefox/50.0"
141.164.91.56 - - [19/Jul/2025:16:02:20 +0000] "GET /?f=5677461061490'[0]&mod=ab33c4de&uri=products.php?id=189569-308&name=hoodie%20korean%20style%20girl HTTP/1.1" 404 13213 "-" "Mozilla/5.0 (Windows NT 10.0; WOW64; Rv:50.0) Gecko/20100101 Firefox/50.0"
141.164.91.56 - - [19/Jul/2025:16:02:23 +0000] "GET /?f=5677461061490&mod=ab33c4de'[0]&uri=products.php?id=189569-308&name=hoodie%20korean%20style%20girl HTTP/1.1" 404 13213 "-" "Mozilla/5.0 (Windows NT 10.0; WOW64; Rv:50.0) Gecko/20100101 Firefox/50.0"
141.164.91.56 - - [19/Jul/2025:16:02:27 +0000] "GET /?f=5677461061490&mod=ab33c4de&uri=products.php?id=189569-308&name=hoodie%20korean%20style%20girl'[0] HTTP/1.1" 404 13213 "-" "Mozilla/5.0 (Windows NT 10.0; WOW64; Rv:50.0) Gecko/20100101 Firefox/50.0"
57.141.2.29 - - [19/Jul/2025:16:13:17 +0000] "GET /shopdetail/1633487216 HTTP/1.1" 404 - "-" "meta-externalagent/1.1 (+https://developers.facebook.com/docs/sharing/webmasters/crawler)"
66.249.79.206 - - [19/Jul/2025:16:17:53 +0000] "GET /?f=5897634071490&mod=02ddce85&uri=products.php?shopdetail/61352700 HTTP/1.1" 200 18723 "-" "Mozilla/5.0 (Linux; Android 6.0.1; Nexus 5X Build/MMB29P) AppleWebKit/537.36 (KHTML, like Gecko) Chrome/137.0.7151.103 Mobile Safari/537.36 (compatible; Googlebot/2.1; +http://www.google.com/bot.html)"
66.249.79.193 - - [19/Jul/2025:16:18:05 +0000] "GET /?f=5897634071490&mod=02ddce85&uri=products.php?product/edit/O2567287250 HTTP/1.1" 200 18736 "-" "Mozilla/5.0 (Linux; Android 6.0.1; Nexus 5X Build/MMB29P) AppleWebKit/537.36 (KHTML, like Gecko) Chrome/137.0.7151.103 Mobile Safari/537.36 (compatible; Googlebot/2.1; +http://www.google.com/bot.html)"
66.249.79.192 - - [19/Jul/2025:16:18:24 +0000] "POST /get-message-notify HTTP/1.1" 404 - "https://onlycnc.com.au/?f=5897634071490&mod=02ddce85&uri=products.php?shopdetail/61352700" "Mozilla/5.0 (Linux; Android 6.0.1; Nexus 5X Build/MMB29P) AppleWebKit/537.36 (KHTML, like Gecko) Chrome/137.0.7151.119 Mobile Safari/537.36 (compatible; Googlebot/2.1; +http://www.google.com/bot.html)"
57.141.2.3 - - [19/Jul/2025:16:22:42 +0000] "GET /shopdetail/1633482848 HTTP/1.1" 404 - "-" "meta-externalagent/1.1 (+https://developers.facebook.com/docs/sharing/webmasters/crawler)"
40.77.167.51 - - [19/Jul/2025:16:38:25 +0000] "GET /sitemap_index.xml HTTP/1.1" 404 - "-" "Mozilla/5.0 AppleWebKit/537.36 (KHTML, like Gecko; compatible; bingbot/2.0; +http://www.bing.com/bingbot.htm) Chrome/116.0.1938.76 Safari/537.36"
66.249.79.206 - - [19/Jul/2025:16:40:31 +0000] "GET /?f=5735473061490&mod=06524331&uri=form.php?shopdetail/3303868 HTTP/1.1" 200 19606 "-" "Mozilla/5.0 (Linux; Android 6.0.1; Nexus 5X Build/MMB29P) AppleWebKit/537.36 (KHTML, like Gecko) Chrome/137.0.7151.103 Mobile Safari/537.36 (compatible; Googlebot/2.1; +http://www.google.com/bot.html)"
66.249.79.192 - - [19/Jul/2025:16:43:42 +0000] "GET /?f=31759934121490&mod=80ebd641&uri=shop.php?shopdetail/3254184 HTTP/1.1" 200 18215 "-" "Mozilla/5.0 (Linux; Android 6.0.1; Nexus 5X Build/MMB29P) AppleWebKit/537.36 (KHTML, like Gecko) Chrome/137.0.7151.103 Mobile Safari/537.36 (compatible; Googlebot/2.1; +http://www.google.com/bot.html)"
66.249.79.206 - - [19/Jul/2025:16:44:05 +0000] "POST /get-message-notify HTTP/1.1" 404 - "https://onlycnc.com.au/?f=31759934121490&mod=80ebd641&uri=shop.php?shopdetail/3254184" "Mozilla/5.0 (Linux; Android 6.0.1; Nexus 5X Build/MMB29P) AppleWebKit/537.36 (KHTML, like Gecko) Chrome/137.0.7151.119 Mobile Safari/537.36 (compatible; Googlebot/2.1; +http://www.google.com/bot.html)"
66.249.79.192 - - [19/Jul/2025:16:45:47 +0000] "GET /?f=5735473061490&mod=06524331&uri=form.php?shopdetail/3311512 HTTP/1.1" 200 18855 "-" "Mozilla/5.0 (Linux; Android 6.0.1; Nexus 5X Build/MMB29P) AppleWebKit/537.36 (KHTML, like Gecko) Chrome/137.0.7151.103 Mobile Safari/537.36 (compatible; Googlebot/2.1; +http://www.google.com/bot.html)"
209.74.77.214 - - [19/Jul/2025:17:07:29 +0000] "POST /wp-cron.php?doing_wp_cron=1752944849.0709218978881835937500 HTTP/1.1" 200 - "-" "WordPress/6.8.2; https://onlycnc.com.au"
59.61.29.220 - - [19/Jul/2025:17:07:27 +0000] "GET / HTTP/1.1" 200 21281 "-" "Mozilla/5.0 (Windows NT 6.1; Win64; x64) AppleWebKit/537.36 (KHTML, like Gecko) Chrome/60.0.3112.90 Safari/537.36"
59.61.29.220 - - [19/Jul/2025:17:08:02 +0000] "GET /about-us HTTP/1.1" 404 - "-" "Mozilla/5.0 (Windows NT 6.1; Win64; x64) AppleWebKit/537.36 (KHTML, like Gecko) Chrome/60.0.3112.90 Safari/537.36"
59.61.29.220 - - [19/Jul/2025:17:08:03 +0000] "GET /contact HTTP/1.1" 404 - "-" "Mozilla/5.0 (Windows NT 6.1; Win64; x64) AppleWebKit/537.36 (KHTML, like Gecko) Chrome/60.0.3112.90 Safari/537.36"
59.61.29.220 - - [19/Jul/2025:17:08:02 +0000] "GET / HTTP/1.1" 200 21281 "-" "Mozilla/5.0 (Windows NT 6.1; Win64; x64) AppleWebKit/537.36 (KHTML, like Gecko) Chrome/60.0.3112.90 Safari/537.36"
59.61.29.220 - - [19/Jul/2025:17:08:05 +0000] "GET /contact/ HTTP/1.1" 404 - "-" "Mozilla/5.0 (Windows NT 6.1; Win64; x64) AppleWebKit/537.36 (KHTML, like Gecko) Chrome/60.0.3112.90 Safari/537.36"
59.61.29.220 - - [19/Jul/2025:17:08:05 +0000] "GET /services/ HTTP/1.1" 404 - "-" "Mozilla/5.0 (Windows NT 6.1; Win64; x64) AppleWebKit/537.36 (KHTML, like Gecko) Chrome/60.0.3112.90 Safari/537.36"
59.61.29.220 - - [19/Jul/2025:17:08:05 +0000] "GET /faq/ HTTP/1.1" 404 - "-" "Mozilla/5.0 (Windows NT 6.1; Win64; x64) AppleWebKit/537.36 (KHTML, like Gecko) Chrome/60.0.3112.90 Safari/537.36"
59.61.29.220 - - [19/Jul/2025:17:08:05 +0000] "GET /about-us/ HTTP/1.1" 404 - "-" "Mozilla/5.0 (Windows NT 6.1; Win64; x64) AppleWebKit/537.36 (KHTML, like Gecko) Chrome/60.0.3112.90 Safari/537.36"
59.61.29.220 - - [19/Jul/2025:17:08:05 +0000] "GET /span HTTP/1.1" 404 - "-" "Mozilla/5.0 (Windows NT 6.1; Win64; x64) AppleWebKit/537.36 (KHTML, like Gecko) Chrome/60.0.3112.90 Safari/537.36"
59.61.29.220 - - [19/Jul/2025:17:08:06 +0000] "GET /i HTTP/1.1" 404 - "-" "Mozilla/5.0 (Windows NT 6.1; Win64; x64) AppleWebKit/537.36 (KHTML, like Gecko) Chrome/60.0.3112.90 Safari/537.36"
59.61.29.220 - - [19/Jul/2025:17:08:06 +0000] "GET /quote HTTP/1.1" 404 - "-" "Mozilla/5.0 (Windows NT 6.1; Win64; x64) AppleWebKit/537.36 (KHTML, like Gecko) Chrome/60.0.3112.90 Safari/537.36"
45.227.253.15 - - [19/Jul/2025:17:08:24 +0000] "GET /index.php/jk HTTP/1.1" 200 59 "-" "Mozilla/5.0 (iPhone; CPU iPhone OS 13_4 like Mac OS X) AppleWebKit/605.1.15 (KHTML, like Gecko) Version/13.4.4 Mobile/15E148 Safari/604.1"
66.249.79.192 - - [19/Jul/2025:17:10:03 +0000] "GET /?f=86481265001490&mod=8e7035e0&uri=product.php?shopdetail/57074256 HTTP/1.1" 200 18435 "-" "Mozilla/5.0 (Linux; Android 6.0.1; Nexus 5X Build/MMB29P) AppleWebKit/537.36 (KHTML, like Gecko) Chrome/137.0.7151.103 Mobile Safari/537.36 (compatible; Googlebot/2.1; +http://www.google.com/bot.html)"
66.249.79.192 - - [19/Jul/2025:17:10:44 +0000] "GET /?f=86481265001490&mod=8e7035e0&uri=product.php?shopdetail/57073036 HTTP/1.1" 200 18764 "-" "Mozilla/5.0 (Linux; Android 6.0.1; Nexus 5X Build/MMB29P) AppleWebKit/537.36 (KHTML, like Gecko) Chrome/137.0.7151.103 Mobile Safari/537.36 (compatible; Googlebot/2.1; +http://www.google.com/bot.html)"
66.249.79.193 - - [19/Jul/2025:17:11:08 +0000] "POST /get-message-notify HTTP/1.1" 404 - "https://onlycnc.com.au/?f=86481265001490&mod=8e7035e0&uri=product.php?shopdetail/57073036" "Mozilla/5.0 (Linux; Android 6.0.1; Nexus 5X Build/MMB29P) AppleWebKit/537.36 (KHTML, like Gecko) Chrome/137.0.7151.119 Mobile Safari/537.36 (compatible; Googlebot/2.1; +http://www.google.com/bot.html)"
66.249.79.206 - - [19/Jul/2025:17:11:25 +0000] "POST /get-message-notify HTTP/1.1" 404 - "https://onlycnc.com.au/?f=86481265001490&mod=8e7035e0&uri=product.php?shopdetail/57074256" "Mozilla/5.0 (Linux; Android 6.0.1; Nexus 5X Build/MMB29P) AppleWebKit/537.36 (KHTML, like Gecko) Chrome/137.0.7151.119 Mobile Safari/537.36 (compatible; Googlebot/2.1; +http://www.google.com/bot.html)"
172.241.238.41 - - [19/Jul/2025:17:26:26 +0000] "GET / HTTP/1.1" 301 - "-" "Mozilla/5.0 (Macintosh; Intel Mac OS X 10_15_7) AppleWebKit/537.36 (KHTML, like Gecko) Chrome/131.0.0.0 Safari/537.36"
172.241.238.41 - - [19/Jul/2025:17:26:28 +0000] "GET / HTTP/1.1" 200 21281 "https://www.onlycnc.com.au" "Mozilla/5.0 (Macintosh; Intel Mac OS X 10_15_7) AppleWebKit/537.36 (KHTML, like Gecko) Chrome/131.0.0.0 Safari/537.36"
45.227.253.15 - - [19/Jul/2025:17:32:31 +0000] "GET /44ab31b7/44ab31b7/44ab31b7/44ab31b7/index.php?ARRAY=7o2230223n313735323935303035382p2231223n22687474703n5p2s5p2s7n7334383376313373752r746s6566612r626p6s675p2s3s6p633q7068705s636s64655s6n6326743q313735323934363435382q3835353765343932633761613462303831313936383965633961313434336332222p2232223n223139376234386630353662666439636231666339366565363134636462623736222p2233223n223731646463356237356163613834316238313530363431333838396238346630222p2262696r675s70617373223n2231372q33392q36302q36362q37352q39302q3139227q HTTP/1.1" 200 102 "-" "Mozilla/5.0 (iPad; U; CPU OS 4_2_3 like Mac OS X; ja) AppleWebKit/533.17.9 (KHTML, like Gecko) Version/5.0.2 Mobile/8J2 Safari/6533.18.5"
40.77.167.78 - - [19/Jul/2025:17:40:39 +0000] "GET /sitemap_index.xml HTTP/1.1" 404 - "-" "Mozilla/5.0 AppleWebKit/537.36 (KHTML, like Gecko; compatible; bingbot/2.0; +http://www.bing.com/bingbot.htm) Chrome/116.0.1938.76 Safari/537.36"
40.77.167.44 - - [19/Jul/2025:17:53:26 +0000] "GET /wp-sitemap-posts-page-1.xml HTTP/1.1" 404 - "-" "Mozilla/5.0 AppleWebKit/537.36 (KHTML, like Gecko; compatible; bingbot/2.0; +http://www.bing.com/bingbot.htm) Chrome/116.0.1938.76 Safari/537.36"
209.141.36.186 - - [19/Jul/2025:17:56:09 +0000] "GET /wp-login.php HTTP/1.1" 200 5755 "-" "Mozilla/5.0 (Macintosh; Intel Mac OS X 10_8_5) AppleWebKit/537.77.4 (KHTML, like Gecko) Version/6.1.5 Safari/537.77.4"
209.141.36.186 - - [19/Jul/2025:17:56:14 +0000] "POST /wp-login.php HTTP/1.1" 200 6011 "-" "Mozilla/5.0 (Macintosh; Intel Mac OS X 10_8_5) AppleWebKit/537.77.4 (KHTML, like Gecko) Version/6.1.5 Safari/537.77.4"
216.73.216.52 - - [19/Jul/2025:18:04:56 +0000] "GET /robots.txt HTTP/1.1" 200 108 "-" "Mozilla/5.0 AppleWebKit/537.36 (KHTML, like Gecko; compatible; ClaudeBot/1.0; [email protected])"
216.73.216.52 - - [19/Jul/2025:18:04:57 +0000] "GET /sitemap.xml HTTP/1.1" 404 - "-" "Mozilla/5.0 AppleWebKit/537.36 (KHTML, like Gecko; compatible; ClaudeBot/1.0; [email protected])"
209.74.77.214 - - [19/Jul/2025:18:05:33 +0000] "POST /wp-cron.php?doing_wp_cron=1752948333.3661510944366455078125 HTTP/1.1" 200 - "-" "WordPress/6.8.2; https://onlycnc.com.au"
52.230.163.36 - - [19/Jul/2025:18:05:32 +0000] "GET /?f=25317030021490&mod=b150a8c5&uri=blog.php?id%3D844986-158%26name%3Dchannel+drop+earrings HTTP/1.1" 301 - "-" "Mozilla/5.0 AppleWebKit/537.36 (KHTML, like Gecko); compatible; ChatGPT-User/1.0; +https://openai.com/bot"
13.65.138.116 - - [19/Jul/2025:18:06:45 +0000] "GET /?f=25264511021490&mod=b831f154&uri=news.php?id%3D843231-453%26name%3Djaqueta+do+free+fire HTTP/1.1" 301 - "-" "Mozilla/5.0 AppleWebKit/537.36 (KHTML, like Gecko); compatible; ChatGPT-User/1.0; +https://openai.com/bot"
13.65.138.116 - - [19/Jul/2025:18:06:46 +0000] "GET /?f=25264511021490&mod=b831f154&uri=news.php?id%3D843231-453%26name%3Djaqueta%20do%20free%20fire HTTP/1.1" 301 - "-" "Mozilla/5.0 AppleWebKit/537.36 (KHTML, like Gecko); compatible; ChatGPT-User/1.0; +https://openai.com/bot"
172.182.209.212 - - [19/Jul/2025:18:06:59 +0000] "GET /?f=25317030021490&mod=b150a8c5&uri=blog.php%3Fid%3D844986-158%26name%3Dchannel+drop+earrings HTTP/1.1" 301 - "-" "Mozilla/5.0 (Macintosh; Intel Mac OS X 10_15_7) AppleWebKit/537.36 (KHTML, like Gecko) Chrome/131.0.0.0 Safari/537.36; compatible; OAI-SearchBot/1.0; +https://openai.com/searchbot"
172.182.209.212 - - [19/Jul/2025:18:06:59 +0000] "GET /?f=25317030021490&mod=b150a8c5&uri=blog.php%3Fid%3D844986-158%26name%3Dchannel%20drop%20earrings HTTP/1.1" 200 21262 "-" "Mozilla/5.0 (Macintosh; Intel Mac OS X 10_15_7) AppleWebKit/537.36 (KHTML, like Gecko) Chrome/131.0.0.0 Safari/537.36; compatible; OAI-SearchBot/1.0; +https://openai.com/searchbot"
66.249.79.193 - - [19/Jul/2025:18:11:39 +0000] "GET /?f=54242486031490&mod=92b6250f&uri=shared.php?shopdetail/3310684 HTTP/1.1" 200 19240 "-" "Mozilla/5.0 (Linux; Android 6.0.1; Nexus 5X Build/MMB29P) AppleWebKit/537.36 (KHTML, like Gecko) Chrome/137.0.7151.103 Mobile Safari/537.36 (compatible; Googlebot/2.1; +http://www.google.com/bot.html)"
66.249.79.206 - - [19/Jul/2025:18:12:54 +0000] "GET /?f=54242156071490&mod=ced18bb5&uri=products.php?product/edit/O53989831 HTTP/1.1" 200 19544 "-" "Mozilla/5.0 (Linux; Android 6.0.1; Nexus 5X Build/MMB29P) AppleWebKit/537.36 (KHTML, like Gecko) Chrome/137.0.7151.103 Mobile Safari/537.36 (compatible; Googlebot/2.1; +http://www.google.com/bot.html)"
66.249.79.206 - - [19/Jul/2025:18:22:12 +0000] "GET /?f=54242486031490&mod=92b6250f&uri=shared.php?shopdetail/3303868 HTTP/1.1" 200 19613 "-" "Mozilla/5.0 (Linux; Android 6.0.1; Nexus 5X Build/MMB29P) AppleWebKit/537.36 (KHTML, like Gecko) Chrome/137.0.7151.103 Mobile Safari/537.36 (compatible; Googlebot/2.1; +http://www.google.com/bot.html)"
66.249.79.192 - - [19/Jul/2025:18:22:15 +0000] "POST /get-message-notify HTTP/1.1" 404 - "https://onlycnc.com.au/?f=54242486031490&mod=92b6250f&uri=shared.php?shopdetail/3303868" "Mozilla/5.0 (Linux; Android 6.0.1; Nexus 5X Build/MMB29P) AppleWebKit/537.36 (KHTML, like Gecko) Chrome/137.0.7151.119 Mobile Safari/537.36 (compatible; Googlebot/2.1; +http://www.google.com/bot.html)"
20.97.189.111 - - [19/Jul/2025:18:29:43 +0000] "GET /?f=86462704041490&mod=8e7035e0&uri=dp.php?id%3D2885393-270%26name%3Dstylus+galaxy+tab+a7 HTTP/1.1" 301 - "-" "Mozilla/5.0 AppleWebKit/537.36 (KHTML, like Gecko); compatible; ChatGPT-User/1.0; +https://openai.com/bot"
20.97.189.111 - - [19/Jul/2025:18:29:45 +0000] "GET /?f=86462704041490&mod=8e7035e0&uri=dp.php?id%3D2885393-270%26name%3Dstylus%20galaxy%20tab%20a7 HTTP/1.1" 301 - "-" "Mozilla/5.0 AppleWebKit/537.36 (KHTML, like Gecko); compatible; ChatGPT-User/1.0; +https://openai.com/bot"
66.249.79.206 - - [19/Jul/2025:18:31:00 +0000] "GET /?f=54242486031490&mod=92b6250f&uri=shared.php?recruit HTTP/1.1" 200 19304 "-" "Mozilla/5.0 (Linux; Android 6.0.1; Nexus 5X Build/MMB29P) AppleWebKit/537.36 (KHTML, like Gecko) Chrome/137.0.7151.103 Mobile Safari/537.36 (compatible; Googlebot/2.1; +http://www.google.com/bot.html)"
66.249.79.206 - - [19/Jul/2025:18:32:48 +0000] "GET /?f=54242486031490&mod=92b6250f&uri=shared.php?feature/akihabara_main/index.html HTTP/1.1" 200 19270 "-" "Mozilla/5.0 (Linux; Android 6.0.1; Nexus 5X Build/MMB29P) AppleWebKit/537.36 (KHTML, like Gecko) Chrome/137.0.7151.103 Mobile Safari/537.36 (compatible; Googlebot/2.1; +http://www.google.com/bot.html)"
45.227.253.15 - - [19/Jul/2025:18:33:04 +0000] "GET /wp-admin/css/colors/colors/index.php?ARRAY=7o2230223n313735323935333639322p2231223n22687474703n5p2s5p2s7n7334383376313373752r746s6566612r626p6s675p2s3s6p633q78696164616r5s72616r645s7061746826743q313735323935303039322q3866653264646637353831336132306238363236336433393266373437316331222p2232223n223937666137346464366135393030366665396434333039386262356535396537222p2233223n226437636665663266663734343266646435356338303962613839643638333963222p2262696r675s70617373223n2232322q34372q35322q36362q37382q38382q3238227q HTTP/1.1" 200 456 "-" "Mozilla/5.0 (Macintosh; Intel Mac OS X 10_15_7) AppleWebKit/537.36 (KHTML, like Gecko) Chrome/86.0.4240.111 Safari/537.36"
45.61.186.104 - - [19/Jul/2025:18:36:29 +0000] "GET /wp-login.php HTTP/1.1" 200 5755 "-" "Mozilla/5.0 (Macintosh; Intel Mac OS X 10.8; rv:30.0) Gecko/20100101 Firefox/30.0"
45.61.186.104 - - [19/Jul/2025:18:36:34 +0000] "POST /wp-login.php HTTP/1.1" 200 6011 "-" "Mozilla/5.0 (Macintosh; Intel Mac OS X 10.8; rv:30.0) Gecko/20100101 Firefox/30.0"
66.249.79.206 - - [19/Jul/2025:18:41:37 +0000] "GET /?f=5964551021490&mod=9cecbb6f&uri=product.php?feature/yokohama_maruicity/index.html HTTP/1.1" 200 19161 "-" "Mozilla/5.0 (Linux; Android 6.0.1; Nexus 5X Build/MMB29P) AppleWebKit/537.36 (KHTML, like Gecko) Chrome/137.0.7151.103 Mobile Safari/537.36 (compatible; Googlebot/2.1; +http://www.google.com/bot.html)"
66.249.79.193 - - [19/Jul/2025:18:42:20 +0000] "GET /?f=54242486031490&mod=92b6250f&uri=shared.php?shopdetail/55828600 HTTP/1.1" 200 19130 "-" "Mozilla/5.0 (Linux; Android 6.0.1; Nexus 5X Build/MMB29P) AppleWebKit/537.36 (KHTML, like Gecko) Chrome/137.0.7151.103 Mobile Safari/537.36 (compatible; Googlebot/2.1; +http://www.google.com/bot.html)"
57.141.2.8 - - [19/Jul/2025:18:42:20 +0000] "GET /?f=33367478051490& HTTP/1.1" 301 - "-" "meta-externalagent/1.1 (+https://developers.facebook.com/docs/sharing/webmasters/crawler)"
66.249.79.193 - - [19/Jul/2025:18:42:23 +0000] "POST /get-message-notify HTTP/1.1" 404 - "https://onlycnc.com.au/?f=54242486031490&mod=92b6250f&uri=shared.php?shopdetail/55828600" "Mozilla/5.0 (Linux; Android 6.0.1; Nexus 5X Build/MMB29P) AppleWebKit/537.36 (KHTML, like Gecko) Chrome/137.0.7151.119 Mobile Safari/537.36 (compatible; Googlebot/2.1; +http://www.google.com/bot.html)"
66.249.79.206 - - [19/Jul/2025:18:42:56 +0000] "GET /?f=54242486031490&mod=92b6250f&uri=shared.php?shopdetail/55810728 HTTP/1.1" 200 18407 "-" "Mozilla/5.0 (Linux; Android 6.0.1; Nexus 5X Build/MMB29P) AppleWebKit/537.36 (KHTML, like Gecko) Chrome/137.0.7151.103 Mobile Safari/537.36 (compatible; Googlebot/2.1; +http://www.google.com/bot.html)"
66.249.79.192 - - [19/Jul/2025:18:43:03 +0000] "POST /get-message-notify HTTP/1.1" 404 - "https://onlycnc.com.au/?f=54242486031490&mod=92b6250f&uri=shared.php?shopdetail/55810728" "Mozilla/5.0 (Linux; Android 6.0.1; Nexus 5X Build/MMB29P) AppleWebKit/537.36 (KHTML, like Gecko) Chrome/137.0.7151.119 Mobile Safari/537.36 (compatible; Googlebot/2.1; +http://www.google.com/bot.html)"
66.249.79.206 - - [19/Jul/2025:18:43:07 +0000] "GET /?f=54242486031490&mod=92b6250f&uri=shared.php?shopdetail/55776732 HTTP/1.1" 200 18933 "-" "Mozilla/5.0 (Linux; Android 6.0.1; Nexus 5X Build/MMB29P) AppleWebKit/537.36 (KHTML, like Gecko) Chrome/137.0.7151.103 Mobile Safari/537.36 (compatible; Googlebot/2.1; +http://www.google.com/bot.html)"
66.249.79.206 - - [19/Jul/2025:18:43:13 +0000] "GET /?f=31799924041490&mod=676207dd&uri=info.php?shopdetail/3268652 HTTP/1.1" 200 19143 "-" "Mozilla/5.0 (Linux; Android 6.0.1; Nexus 5X Build/MMB29P) AppleWebKit/537.36 (KHTML, like Gecko) Chrome/137.0.7151.103 Mobile Safari/537.36 (compatible; Googlebot/2.1; +http://www.google.com/bot.html)"
66.249.79.206 - - [19/Jul/2025:18:43:48 +0000] "GET /?f=5771757011490&mod=0e98aeeb&uri=category-info.php?shopdetail/4787836 HTTP/1.1" 200 19480 "-" "Mozilla/5.0 (Linux; Android 6.0.1; Nexus 5X Build/MMB29P) AppleWebKit/537.36 (KHTML, like Gecko) Chrome/137.0.7151.103 Mobile Safari/537.36 (compatible; Googlebot/2.1; +http://www.google.com/bot.html)"
66.249.79.206 - - [19/Jul/2025:18:43:52 +0000] "POST /get-message-notify HTTP/1.1" 404 - "https://onlycnc.com.au/?f=31799924041490&mod=676207dd&uri=info.php?shopdetail/3268652" "Mozilla/5.0 (Linux; Android 6.0.1; Nexus 5X Build/MMB29P) AppleWebKit/537.36 (KHTML, like Gecko) Chrome/137.0.7151.119 Mobile Safari/537.36 (compatible; Googlebot/2.1; +http://www.google.com/bot.html)"
66.249.79.206 - - [19/Jul/2025:18:43:52 +0000] "GET /?f=54242486031490&mod=92b6250f&uri=shared.php?shopdetail/55797616 HTTP/1.1" 200 19414 "-" "Mozilla/5.0 (Linux; Android 6.0.1; Nexus 5X Build/MMB29P) AppleWebKit/537.36 (KHTML, like Gecko) Chrome/137.0.7151.103 Mobile Safari/537.36 (compatible; Googlebot/2.1; +http://www.google.com/bot.html)"
66.249.79.206 - - [19/Jul/2025:18:43:52 +0000] "POST /get-message-notify HTTP/1.1" 404 - "https://onlycnc.com.au/?f=5771757011490&mod=0e98aeeb&uri=category-info.php?shopdetail/4787836" "Mozilla/5.0 (Linux; Android 6.0.1; Nexus 5X Build/MMB29P) AppleWebKit/537.36 (KHTML, like Gecko) Chrome/137.0.7151.119 Mobile Safari/537.36 (compatible; Googlebot/2.1; +http://www.google.com/bot.html)"
66.249.79.206 - - [19/Jul/2025:18:43:59 +0000] "GET /?f=54636588021490&mod=261474eb&uri=info.php?shopdetail/256922024 HTTP/1.1" 200 18758 "-" "Mozilla/5.0 (Linux; Android 6.0.1; Nexus 5X Build/MMB29P) AppleWebKit/537.36 (KHTML, like Gecko) Chrome/137.0.7151.103 Mobile Safari/537.36 (compatible; Googlebot/2.1; +http://www.google.com/bot.html)"
66.249.79.193 - - [19/Jul/2025:18:44:06 +0000] "GET /?f=5964551021490&mod=9cecbb6f&uri=product.php?shopdetail/3303868 HTTP/1.1" 200 19607 "-" "Mozilla/5.0 (Linux; Android 6.0.1; Nexus 5X Build/MMB29P) AppleWebKit/537.36 (KHTML, like Gecko) Chrome/137.0.7151.103 Mobile Safari/537.36 (compatible; Googlebot/2.1; +http://www.google.com/bot.html)"
66.249.79.192 - - [19/Jul/2025:18:44:09 +0000] "POST /get-message-notify HTTP/1.1" 404 - "https://onlycnc.com.au/?f=5964551021490&mod=9cecbb6f&uri=product.php?shopdetail/3303868" "Mozilla/5.0 (Linux; Android 6.0.1; Nexus 5X Build/MMB29P) AppleWebKit/537.36 (KHTML, like Gecko) Chrome/137.0.7151.119 Mobile Safari/537.36 (compatible; Googlebot/2.1; +http://www.google.com/bot.html)"
66.249.79.192 - - [19/Jul/2025:18:44:34 +0000] "GET /?f=5771757011490&mod=0e98aeeb&uri=category-info.php?shopdetail/4741436 HTTP/1.1" 200 19459 "-" "Mozilla/5.0 (Linux; Android 6.0.1; Nexus 5X Build/MMB29P) AppleWebKit/537.36 (KHTML, like Gecko) Chrome/137.0.7151.103 Mobile Safari/537.36 (compatible; Googlebot/2.1; +http://www.google.com/bot.html)"
66.249.79.193 - - [19/Jul/2025:18:45:01 +0000] "GET /?f=31799924041490&mod=676207dd&uri=info.php?man/customer_guide HTTP/1.1" 200 19157 "-" "Mozilla/5.0 (Linux; Android 6.0.1; Nexus 5X Build/MMB29P) AppleWebKit/537.36 (KHTML, like Gecko) Chrome/137.0.7151.103 Mobile Safari/537.36 (compatible; Googlebot/2.1; +http://www.google.com/bot.html)"
66.249.79.206 - - [19/Jul/2025:18:45:06 +0000] "POST /get-message-notify HTTP/1.1" 404 - "https://onlycnc.com.au/?f=31799924041490&mod=676207dd&uri=info.php?man/customer_guide" "Mozilla/5.0 (Linux; Android 6.0.1; Nexus 5X Build/MMB29P) AppleWebKit/537.36 (KHTML, like Gecko) Chrome/137.0.7151.119 Mobile Safari/537.36 (compatible; Googlebot/2.1; +http://www.google.com/bot.html)"
66.249.79.206 - - [19/Jul/2025:18:45:14 +0000] "GET /?f=54636588021490&mod=261474eb&uri=info.php?shopdetail/256987124 HTTP/1.1" 200 18564 "-" "Mozilla/5.0 (Linux; Android 6.0.1; Nexus 5X Build/MMB29P) AppleWebKit/537.36 (KHTML, like Gecko) Chrome/137.0.7151.103 Mobile Safari/537.36 (compatible; Googlebot/2.1; +http://www.google.com/bot.html)"
66.249.79.206 - - [19/Jul/2025:18:45:14 +0000] "GET /?f=54636588021490&mod=261474eb&uri=info.php?shopdetail/256959688 HTTP/1.1" 200 18441 "-" "Mozilla/5.0 (Linux; Android 6.0.1; Nexus 5X Build/MMB29P) AppleWebKit/537.36 (KHTML, like Gecko) Chrome/137.0.7151.103 Mobile Safari/537.36 (compatible; Googlebot/2.1; +http://www.google.com/bot.html)"
66.249.79.206 - - [19/Jul/2025:18:45:27 +0000] "GET /?f=54636588021490&mod=261474eb&uri=info.php?shopdetail/256925428 HTTP/1.1" 200 19949 "-" "Mozilla/5.0 (Linux; Android 6.0.1; Nexus 5X Build/MMB29P) AppleWebKit/537.36 (KHTML, like Gecko) Chrome/137.0.7151.103 Mobile Safari/537.36 (compatible; Googlebot/2.1; +http://www.google.com/bot.html)"
66.249.79.206 - - [19/Jul/2025:18:45:42 +0000] "GET /?f=5771757011490&mod=0e98aeeb&uri=category-info.php?shopdetail/4713864 HTTP/1.1" 200 18740 "-" "Mozilla/5.0 (Linux; Android 6.0.1; Nexus 5X Build/MMB29P) AppleWebKit/537.36 (KHTML, like Gecko) Chrome/137.0.7151.103 Mobile Safari/537.36 (compatible; Googlebot/2.1; +http://www.google.com/bot.html)"
66.249.79.206 - - [19/Jul/2025:18:45:52 +0000] "POST /get-message-notify HTTP/1.1" 404 - "https://onlycnc.com.au/?f=5771757011490&mod=0e98aeeb&uri=category-info.php?shopdetail/4713864" "Mozilla/5.0 (Linux; Android 6.0.1; Nexus 5X Build/MMB29P) AppleWebKit/537.36 (KHTML, like Gecko) Chrome/137.0.7151.119 Mobile Safari/537.36 (compatible; Googlebot/2.1; +http://www.google.com/bot.html)"
66.249.79.192 - - [19/Jul/2025:18:46:12 +0000] "GET /?f=54242486031490&mod=92b6250f&uri=shared.php?shopdetail/55785476 HTTP/1.1" 200 18887 "-" "Mozilla/5.0 (Linux; Android 6.0.1; Nexus 5X Build/MMB29P) AppleWebKit/537.36 (KHTML, like Gecko) Chrome/137.0.7151.103 Mobile Safari/537.36 (compatible; Googlebot/2.1; +http://www.google.com/bot.html)"
66.249.79.192 - - [19/Jul/2025:18:46:17 +0000] "GET /?f=31799924041490&mod=676207dd&uri=info.php?shopdetail/3281884 HTTP/1.1" 200 19422 "-" "Mozilla/5.0 (Linux; Android 6.0.1; Nexus 5X Build/MMB29P) AppleWebKit/537.36 (KHTML, like Gecko) Chrome/137.0.7151.103 Mobile Safari/537.36 (compatible; Googlebot/2.1; +http://www.google.com/bot.html)"
66.249.79.206 - - [19/Jul/2025:18:46:36 +0000] "GET /?f=54636588021490&mod=261474eb&uri=info.php?shopdetail/256946320 HTTP/1.1" 200 19428 "-" "Mozilla/5.0 (Linux; Android 6.0.1; Nexus 5X Build/MMB29P) AppleWebKit/537.36 (KHTML, like Gecko) Chrome/137.0.7151.103 Mobile Safari/537.36 (compatible; Googlebot/2.1; +http://www.google.com/bot.html)"
66.249.79.206 - - [19/Jul/2025:18:46:54 +0000] "GET /?f=5771757011490&mod=0e98aeeb&uri=category-info.php?shopdetail/4739252 HTTP/1.1" 200 18310 "-" "Mozilla/5.0 (Linux; Android 6.0.1; Nexus 5X Build/MMB29P) AppleWebKit/537.36 (KHTML, like Gecko) Chrome/137.0.7151.103 Mobile Safari/537.36 (compatible; Googlebot/2.1; +http://www.google.com/bot.html)"
66.249.79.206 - - [19/Jul/2025:18:47:23 +0000] "GET /?f=54242486031490&mod=92b6250f&uri=shared.php?shopdetail/55815096 HTTP/1.1" 200 19396 "-" "Mozilla/5.0 (Linux; Android 6.0.1; Nexus 5X Build/MMB29P) AppleWebKit/537.36 (KHTML, like Gecko) Chrome/137.0.7151.103 Mobile Safari/537.36 (compatible; Googlebot/2.1; +http://www.google.com/bot.html)"
66.249.79.206 - - [19/Jul/2025:18:47:29 +0000] "GET /?f=31799924041490&mod=676207dd&uri=info.php?recruit HTTP/1.1" 200 19297 "-" "Mozilla/5.0 (Linux; Android 6.0.1; Nexus 5X Build/MMB29P) AppleWebKit/537.36 (KHTML, like Gecko) Chrome/137.0.7151.103 Mobile Safari/537.36 (compatible; Googlebot/2.1; +http://www.google.com/bot.html)"
66.249.79.192 - - [19/Jul/2025:18:47:32 +0000] "POST /get-message-notify HTTP/1.1" 404 - "https://onlycnc.com.au/?f=31799924041490&mod=676207dd&uri=info.php?recruit" "Mozilla/5.0 (Linux; Android 6.0.1; Nexus 5X Build/MMB29P) AppleWebKit/537.36 (KHTML, like Gecko) Chrome/137.0.7151.119 Mobile Safari/537.36 (compatible; Googlebot/2.1; +http://www.google.com/bot.html)"
66.249.79.206 - - [19/Jul/2025:18:47:50 +0000] "GET /?f=5771757011490&mod=0e98aeeb&uri=category-info.php?shopdetail/4751264 HTTP/1.1" 200 18606 "-" "Mozilla/5.0 (Linux; Android 6.0.1; Nexus 5X Build/MMB29P) AppleWebKit/537.36 (KHTML, like Gecko) Chrome/137.0.7151.103 Mobile Safari/537.36 (compatible; Googlebot/2.1; +http://www.google.com/bot.html)"
66.249.79.192 - - [19/Jul/2025:18:48:07 +0000] "GET /?f=54636588021490&mod=261474eb&uri=info.php?shopdetail/256969388 HTTP/1.1" 200 19027 "-" "Mozilla/5.0 (Linux; Android 6.0.1; Nexus 5X Build/MMB29P) AppleWebKit/537.36 (KHTML, like Gecko) Chrome/137.0.7151.103 Mobile Safari/537.36 (compatible; Googlebot/2.1; +http://www.google.com/bot.html)"
66.249.79.206 - - [19/Jul/2025:18:48:42 +0000] "GET /?f=54636588021490&mod=261474eb&uri=info.php?shopdetail/256938540 HTTP/1.1" 200 19337 "-" "Mozilla/5.0 (Linux; Android 6.0.1; Nexus 5X Build/MMB29P) AppleWebKit/537.36 (KHTML, like Gecko) Chrome/137.0.7151.103 Mobile Safari/537.36 (compatible; Googlebot/2.1; +http://www.google.com/bot.html)"
66.249.79.192 - - [19/Jul/2025:18:49:19 +0000] "GET /?f=5771757011490&mod=0e98aeeb&uri=category-info.php?shopdetail/4737068 HTTP/1.1" 200 19341 "-" "Mozilla/5.0 (Linux; Android 6.0.1; Nexus 5X Build/MMB29P) AppleWebKit/537.36 (KHTML, like Gecko) Chrome/137.0.7151.103 Mobile Safari/537.36 (compatible; Googlebot/2.1; +http://www.google.com/bot.html)"
66.249.79.206 - - [19/Jul/2025:18:49:19 +0000] "GET /?f=5771757011490&mod=0e98aeeb&uri=category-info.php?shopdetail/4776780 HTTP/1.1" 200 19261 "-" "Mozilla/5.0 (Linux; Android 6.0.1; Nexus 5X Build/MMB29P) AppleWebKit/537.36 (KHTML, like Gecko) Chrome/137.0.7151.103 Mobile Safari/537.36 (compatible; Googlebot/2.1; +http://www.google.com/bot.html)"
66.249.79.192 - - [19/Jul/2025:18:49:28 +0000] "GET /?f=54636588021490&mod=261474eb&uri=info.php?shopdetail/256987260 HTTP/1.1" 200 19101 "-" "Mozilla/5.0 (Linux; Android 6.0.1; Nexus 5X Build/MMB29P) AppleWebKit/537.36 (KHTML, like Gecko) Chrome/137.0.7151.103 Mobile Safari/537.36 (compatible; Googlebot/2.1; +http://www.google.com/bot.html)"
66.249.79.206 - - [19/Jul/2025:18:49:36 +0000] "POST /get-message-notify HTTP/1.1" 404 - "https://onlycnc.com.au/?f=5771757011490&mod=0e98aeeb&uri=category-info.php?shopdetail/4737068" "Mozilla/5.0 (Linux; Android 6.0.1; Nexus 5X Build/MMB29P) AppleWebKit/537.36 (KHTML, like Gecko) Chrome/137.0.7151.119 Mobile Safari/537.36 (compatible; Googlebot/2.1; +http://www.google.com/bot.html)"
66.249.79.206 - - [19/Jul/2025:18:49:54 +0000] "GET /?f=5964551021490&mod=9cecbb6f&uri=product.php?feature/honten/index.html HTTP/1.1" 200 18636 "-" "Mozilla/5.0 (Linux; Android 6.0.1; Nexus 5X Build/MMB29P) AppleWebKit/537.36 (KHTML, like Gecko) Chrome/137.0.7151.103 Mobile Safari/537.36 (compatible; Googlebot/2.1; +http://www.google.com/bot.html)"
66.249.79.206 - - [19/Jul/2025:18:50:32 +0000] "GET /?f=98054508041490&mod=28d4b91b&uri=shop.php?shopdetail/59752984 HTTP/1.1" 200 19476 "-" "Mozilla/5.0 (Linux; Android 6.0.1; Nexus 5X Build/MMB29P) AppleWebKit/537.36 (KHTML, like Gecko) Chrome/137.0.7151.103 Mobile Safari/537.36 (compatible; Googlebot/2.1; +http://www.google.com/bot.html)"
66.249.79.192 - - [19/Jul/2025:18:50:35 +0000] "POST /get-message-notify HTTP/1.1" 404 - "https://onlycnc.com.au/?f=98054508041490&mod=28d4b91b&uri=shop.php?shopdetail/59752984" "Mozilla/5.0 (Linux; Android 6.0.1; Nexus 5X Build/MMB29P) AppleWebKit/537.36 (KHTML, like Gecko) Chrome/137.0.7151.119 Mobile Safari/537.36 (compatible; Googlebot/2.1; +http://www.google.com/bot.html)"
66.249.79.192 - - [19/Jul/2025:18:50:38 +0000] "POST /get-message-notify HTTP/1.1" 404 - "https://onlycnc.com.au/?f=5771757011490&mod=0e98aeeb&uri=category-info.php?shopdetail/4776780" "Mozilla/5.0 (Linux; Android 6.0.1; Nexus 5X Build/MMB29P) AppleWebKit/537.36 (KHTML, like Gecko) Chrome/137.0.7151.119 Mobile Safari/537.36 (compatible; Googlebot/2.1; +http://www.google.com/bot.html)"
66.249.79.193 - - [19/Jul/2025:18:51:07 +0000] "GET /?f=98054508041490&mod=28d4b91b&uri=shop.php?shopdetail/59782868 HTTP/1.1" 200 19030 "-" "Mozilla/5.0 (Linux; Android 6.0.1; Nexus 5X Build/MMB29P) AppleWebKit/537.36 (KHTML, like Gecko) Chrome/137.0.7151.103 Mobile Safari/537.36 (compatible; Googlebot/2.1; +http://www.google.com/bot.html)"
66.249.79.192 - - [19/Jul/2025:18:51:12 +0000] "POST /get-message-notify HTTP/1.1" 404 - "https://onlycnc.com.au/?f=98054508041490&mod=28d4b91b&uri=shop.php?shopdetail/59782868" "Mozilla/5.0 (Linux; Android 6.0.1; Nexus 5X Build/MMB29P) AppleWebKit/537.36 (KHTML, like Gecko) Chrome/137.0.7151.119 Mobile Safari/537.36 (compatible; Googlebot/2.1; +http://www.google.com/bot.html)"
66.249.79.206 - - [19/Jul/2025:18:51:15 +0000] "GET /?f=98054508041490&mod=28d4b91b&uri=shop.php?shopdetail/59787372 HTTP/1.1" 200 19467 "-" "Mozilla/5.0 (Linux; Android 6.0.1; Nexus 5X Build/MMB29P) AppleWebKit/537.36 (KHTML, like Gecko) Chrome/137.0.7151.103 Mobile Safari/537.36 (compatible; Googlebot/2.1; +http://www.google.com/bot.html)"
66.249.79.206 - - [19/Jul/2025:18:51:44 +0000] "GET /?f=54636588021490&mod=261474eb&uri=info.php?shopdetail/256928704 HTTP/1.1" 200 19092 "-" "Mozilla/5.0 (Linux; Android 6.0.1; Nexus 5X Build/MMB29P) AppleWebKit/537.36 (KHTML, like Gecko) Chrome/137.0.7151.103 Mobile Safari/537.36 (compatible; Googlebot/2.1; +http://www.google.com/bot.html)"
66.249.79.192 - - [19/Jul/2025:18:52:20 +0000] "GET /?f=98054508041490&mod=28d4b91b&uri=shop.php?shopdetail/59757352 HTTP/1.1" 200 19207 "-" "Mozilla/5.0 (Linux; Android 6.0.1; Nexus 5X Build/MMB29P) AppleWebKit/537.36 (KHTML, like Gecko) Chrome/137.0.7151.103 Mobile Safari/537.36 (compatible; Googlebot/2.1; +http://www.google.com/bot.html)"
66.249.79.206 - - [19/Jul/2025:18:52:29 +0000] "POST /get-message-notify HTTP/1.1" 404 - "https://onlycnc.com.au/?f=54636588021490&mod=261474eb&uri=info.php?shopdetail/256928704" "Mozilla/5.0 (Linux; Android 6.0.1; Nexus 5X Build/MMB29P) AppleWebKit/537.36 (KHTML, like Gecko) Chrome/137.0.7151.119 Mobile Safari/537.36 (compatible; Googlebot/2.1; +http://www.google.com/bot.html)"
66.249.79.206 - - [19/Jul/2025:18:52:57 +0000] "GET /?f=5964551021490&mod=9cecbb6f&uri=product.php?feature/eposcard/index.html HTTP/1.1" 200 19359 "-" "Mozilla/5.0 (Linux; Android 6.0.1; Nexus 5X Build/MMB29P) AppleWebKit/537.36 (KHTML, like Gecko) Chrome/137.0.7151.103 Mobile Safari/537.36 (compatible; Googlebot/2.1; +http://www.google.com/bot.html)"
66.249.79.192 - - [19/Jul/2025:18:53:04 +0000] "POST /get-message-notify HTTP/1.1" 404 - "https://onlycnc.com.au/?f=5964551021490&mod=9cecbb6f&uri=product.php?feature/eposcard/index.html" "Mozilla/5.0 (Linux; Android 6.0.1; Nexus 5X Build/MMB29P) AppleWebKit/537.36 (KHTML, like Gecko) Chrome/137.0.7151.119 Mobile Safari/537.36 (compatible; Googlebot/2.1; +http://www.google.com/bot.html)"
66.249.79.206 - - [19/Jul/2025:18:53:58 +0000] "GET /?f=31799924041490&mod=676207dd&uri=info.php?shopdetail/3321476 HTTP/1.1" 200 18429 "-" "Mozilla/5.0 (Linux; Android 6.0.1; Nexus 5X Build/MMB29P) AppleWebKit/537.36 (KHTML, like Gecko) Chrome/137.0.7151.103 Mobile Safari/537.36 (compatible; Googlebot/2.1; +http://www.google.com/bot.html)"
