20.171.207.65 - - [20/Jul/2025:00:09:12 +0000] "GET /items/tickets/fitness-clubs/5195415/ HTTP/1.1" 200 - "-" "Mozilla/5.0 AppleWebKit/537.36 (KHTML, like Gecko; compatible; GPTBot/1.2; +https://openai.com/gptbot)"
57.141.2.4 - - [20/Jul/2025:00:09:30 +0000] "GET /special/308127580 HTTP/1.1" 200 - "-" "meta-externalagent/1.1 (+https://developers.facebook.com/docs/sharing/webmasters/crawler)"
57.141.2.25 - - [20/Jul/2025:00:09:55 +0000] "GET /special/308301512 HTTP/1.1" 200 - "-" "meta-externalagent/1.1 (+https://developers.facebook.com/docs/sharing/webmasters/crawler)"
20.171.207.65 - - [20/Jul/2025:00:10:13 +0000] "GET /items/fishing/outdoor-shoes/3399008/ HTTP/1.1" 200 - "-" "Mozilla/5.0 AppleWebKit/537.36 (KHTML, like Gecko; compatible; GPTBot/1.2; +https://openai.com/gptbot)"
57.141.2.30 - - [20/Jul/2025:00:10:58 +0000] "GET /special/308121752 HTTP/1.1" 200 - "-" "meta-externalagent/1.1 (+https://developers.facebook.com/docs/sharing/webmasters/crawler)"
20.171.207.65 - - [20/Jul/2025:00:11:16 +0000] "GET /items/manga/children-books/5514421/ HTTP/1.1" 200 - "-" "Mozilla/5.0 AppleWebKit/537.36 (KHTML, like Gecko; compatible; GPTBot/1.2; +https://openai.com/gptbot)"
20.171.207.65 - - [20/Jul/2025:00:12:18 +0000] "GET /items/cosmetics/men-perfume/1818807/ HTTP/1.1" 200 - "-" "Mozilla/5.0 AppleWebKit/537.36 (KHTML, like Gecko; compatible; GPTBot/1.2; +https://openai.com/gptbot)"
20.171.207.65 - - [20/Jul/2025:00:13:24 +0000] "GET /items/fishing/outdoor-wear/3061094/ HTTP/1.1" 200 - "-" "Mozilla/5.0 AppleWebKit/537.36 (KHTML, like Gecko; compatible; GPTBot/1.2; +https://openai.com/gptbot)"
20.171.207.65 - - [20/Jul/2025:00:14:26 +0000] "GET /items/fishing/outdoor-wear/3789901/ HTTP/1.1" 200 - "-" "Mozilla/5.0 AppleWebKit/537.36 (KHTML, like Gecko; compatible; GPTBot/1.2; +https://openai.com/gptbot)"
57.141.2.13 - - [20/Jul/2025:00:14:47 +0000] "GET /special/308008400 HTTP/1.1" 200 - "-" "meta-externalagent/1.1 (+https://developers.facebook.com/docs/sharing/webmasters/crawler)"
57.141.2.24 - - [20/Jul/2025:00:15:08 +0000] "GET /special/308113628 HTTP/1.1" 200 - "-" "meta-externalagent/1.1 (+https://developers.facebook.com/docs/sharing/webmasters/crawler)"
20.171.207.65 - - [20/Jul/2025:00:15:29 +0000] "GET /items/daily-necessities/bulk-sales/4604409/ HTTP/1.1" 200 - "-" "Mozilla/5.0 AppleWebKit/537.36 (KHTML, like Gecko; compatible; GPTBot/1.2; +https://openai.com/gptbot)"
57.141.2.9 - - [20/Jul/2025:00:15:43 +0000] "GET /special/308178324 HTTP/1.1" 200 - "-" "meta-externalagent/1.1 (+https://developers.facebook.com/docs/sharing/webmasters/crawler)"
20.171.207.65 - - [20/Jul/2025:00:16:30 +0000] "GET /items/daily-necessities/bulk-sales/5560700/ HTTP/1.1" 200 - "-" "Mozilla/5.0 AppleWebKit/537.36 (KHTML, like Gecko; compatible; GPTBot/1.2; +https://openai.com/gptbot)"
20.171.207.65 - - [20/Jul/2025:00:17:36 +0000] "GET /items/travel-supplies/reels/4142784/ HTTP/1.1" 200 - "-" "Mozilla/5.0 AppleWebKit/537.36 (KHTML, like Gecko; compatible; GPTBot/1.2; +https://openai.com/gptbot)"
20.171.207.65 - - [20/Jul/2025:00:18:39 +0000] "GET /items/daily-necessities/bulk-sales/3446463/ HTTP/1.1" 200 - "-" "Mozilla/5.0 AppleWebKit/537.36 (KHTML, like Gecko; compatible; GPTBot/1.2; +https://openai.com/gptbot)"
57.141.2.10 - - [20/Jul/2025:00:19:03 +0000] "GET /special/308004060 HTTP/1.1" 200 - "-" "meta-externalagent/1.1 (+https://developers.facebook.com/docs/sharing/webmasters/crawler)"
20.171.207.65 - - [20/Jul/2025:00:19:41 +0000] "GET /items/daily-necessities/bulk-sales/4662282/ HTTP/1.1" 200 - "-" "Mozilla/5.0 AppleWebKit/537.36 (KHTML, like Gecko; compatible; GPTBot/1.2; +https://openai.com/gptbot)"
20.171.207.65 - - [20/Jul/2025:00:20:45 +0000] "GET /items/daily-necessities/bulk-sales/2132252/ HTTP/1.1" 200 - "-" "Mozilla/5.0 AppleWebKit/537.36 (KHTML, like Gecko; compatible; GPTBot/1.2; +https://openai.com/gptbot)"
20.171.207.65 - - [20/Jul/2025:00:21:48 +0000] "GET /items/daily-necessities/bulk-sales/5114185/ HTTP/1.1" 200 - "-" "Mozilla/5.0 AppleWebKit/537.36 (KHTML, like Gecko; compatible; GPTBot/1.2; +https://openai.com/gptbot)"
20.171.207.65 - - [20/Jul/2025:00:22:51 +0000] "GET /items/furniture/interior-clocks/2549034/ HTTP/1.1" 200 - "-" "Mozilla/5.0 AppleWebKit/537.36 (KHTML, like Gecko; compatible; GPTBot/1.2; +https://openai.com/gptbot)"
20.171.207.65 - - [20/Jul/2025:00:23:52 +0000] "GET /items/flowers/other-houseplants/5395196/ HTTP/1.1" 200 - "-" "Mozilla/5.0 AppleWebKit/537.36 (KHTML, like Gecko; compatible; GPTBot/1.2; +https://openai.com/gptbot)"
20.171.207.65 - - [20/Jul/2025:00:24:54 +0000] "GET /items/flowers/other-houseplants/3133800/ HTTP/1.1" 200 - "-" "Mozilla/5.0 AppleWebKit/537.36 (KHTML, like Gecko; compatible; GPTBot/1.2; +https://openai.com/gptbot)"
57.141.2.22 - - [20/Jul/2025:00:25:49 +0000] "GET /special/308194232 HTTP/1.1" 200 - "-" "meta-externalagent/1.1 (+https://developers.facebook.com/docs/sharing/webmasters/crawler)"
20.171.207.65 - - [20/Jul/2025:00:25:57 +0000] "GET /items/daily-necessities/kitchen/5529638/ HTTP/1.1" 200 - "-" "Mozilla/5.0 AppleWebKit/537.36 (KHTML, like Gecko; compatible; GPTBot/1.2; +https://openai.com/gptbot)"
20.171.207.65 - - [20/Jul/2025:00:26:59 +0000] "GET /items/outdoor/mountain-climbing/1763446/ HTTP/1.1" 200 - "-" "Mozilla/5.0 AppleWebKit/537.36 (KHTML, like Gecko; compatible; GPTBot/1.2; +https://openai.com/gptbot)"
20.171.207.65 - - [20/Jul/2025:00:27:59 +0000] "GET /items/furniture/umbrella-stands/4860608/ HTTP/1.1" 200 - "-" "Mozilla/5.0 AppleWebKit/537.36 (KHTML, like Gecko; compatible; GPTBot/1.2; +https://openai.com/gptbot)"
20.171.207.65 - - [20/Jul/2025:00:29:02 +0000] "GET /items/daily-necessities/bulk-sales/3446463/ HTTP/1.1" 200 - "-" "Mozilla/5.0 AppleWebKit/537.36 (KHTML, like Gecko; compatible; GPTBot/1.2; +https://openai.com/gptbot)"
20.171.207.65 - - [20/Jul/2025:00:30:03 +0000] "GET /items/health/handheld-massagers/1654629/ HTTP/1.1" 200 - "-" "Mozilla/5.0 AppleWebKit/537.36 (KHTML, like Gecko; compatible; GPTBot/1.2; +https://openai.com/gptbot)"
20.171.207.65 - - [20/Jul/2025:00:31:05 +0000] "GET /items/health/nutritional-drinks/4311082/ HTTP/1.1" 200 - "-" "Mozilla/5.0 AppleWebKit/537.36 (KHTML, like Gecko; compatible; GPTBot/1.2; +https://openai.com/gptbot)"
57.141.2.21 - - [20/Jul/2025:00:32:08 +0000] "GET /special/308227972 HTTP/1.1" 200 - "-" "meta-externalagent/1.1 (+https://developers.facebook.com/docs/sharing/webmasters/crawler)"
20.171.207.65 - - [20/Jul/2025:00:32:11 +0000] "GET /items/cameras/optical-equipment/1916513/ HTTP/1.1" 200 - "-" "Mozilla/5.0 AppleWebKit/537.36 (KHTML, like Gecko; compatible; GPTBot/1.2; +https://openai.com/gptbot)"
57.141.2.25 - - [20/Jul/2025:00:32:16 +0000] "GET /special/308001976 HTTP/1.1" 200 - "-" "meta-externalagent/1.1 (+https://developers.facebook.com/docs/sharing/webmasters/crawler)"
57.141.2.1 - - [20/Jul/2025:00:32:18 +0000] "GET /special/308026828 HTTP/1.1" 200 - "-" "meta-externalagent/1.1 (+https://developers.facebook.com/docs/sharing/webmasters/crawler)"
57.141.2.16 - - [20/Jul/2025:00:32:35 +0000] "GET /special/308007048 HTTP/1.1" 200 - "-" "meta-externalagent/1.1 (+https://developers.facebook.com/docs/sharing/webmasters/crawler)"
20.171.207.65 - - [20/Jul/2025:00:33:15 +0000] "GET /items/daily-necessities/kitchen/4792636/ HTTP/1.1" 200 - "-" "Mozilla/5.0 AppleWebKit/537.36 (KHTML, like Gecko; compatible; GPTBot/1.2; +https://openai.com/gptbot)"
20.171.207.65 - - [20/Jul/2025:00:34:16 +0000] "GET /items/air-conditioning/lighters/2753400/ HTTP/1.1" 200 - "-" "Mozilla/5.0 AppleWebKit/537.36 (KHTML, like Gecko; compatible; GPTBot/1.2; +https://openai.com/gptbot)"
20.171.207.65 - - [20/Jul/2025:00:35:20 +0000] "GET /items/furniture/outdoor-storage/2979634/ HTTP/1.1" 200 - "-" "Mozilla/5.0 AppleWebKit/537.36 (KHTML, like Gecko; compatible; GPTBot/1.2; +https://openai.com/gptbot)"
20.171.207.65 - - [20/Jul/2025:00:36:20 +0000] "GET /items/air-conditioning/lighters/3655476/ HTTP/1.1" 200 - "-" "Mozilla/5.0 AppleWebKit/537.36 (KHTML, like Gecko; compatible; GPTBot/1.2; +https://openai.com/gptbot)"
45.227.253.15 - - [20/Jul/2025:00:36:38 +0000] "GET /?of=1 HTTP/1.1" 200 8000 "-" "Mozilla/5.0 (Windows NT 10.0; Win64; x64) AppleWebKit/537.36 (KHTML, like Gecko) Chrome/75.0.3780 Safari/537.36 Edg/75.0.139"
20.171.207.65 - - [20/Jul/2025:00:37:24 +0000] "GET /items/cosmetics/unisex-perfumes/3204976/ HTTP/1.1" 200 - "-" "Mozilla/5.0 AppleWebKit/537.36 (KHTML, like Gecko; compatible; GPTBot/1.2; +https://openai.com/gptbot)"
57.141.2.1 - - [20/Jul/2025:00:38:21 +0000] "GET /special/308115852 HTTP/1.1" 200 - "-" "meta-externalagent/1.1 (+https://developers.facebook.com/docs/sharing/webmasters/crawler)"
20.171.207.65 - - [20/Jul/2025:00:38:24 +0000] "GET /items/health/nutritional-drinks/3152057/ HTTP/1.1" 200 - "-" "Mozilla/5.0 AppleWebKit/537.36 (KHTML, like Gecko; compatible; GPTBot/1.2; +https://openai.com/gptbot)"
20.171.207.65 - - [20/Jul/2025:00:39:30 +0000] "GET /items/furniture/interior-clocks/2697571/ HTTP/1.1" 200 - "-" "Mozilla/5.0 AppleWebKit/537.36 (KHTML, like Gecko; compatible; GPTBot/1.2; +https://openai.com/gptbot)"
66.249.74.109 - - [20/Jul/2025:00:40:00 +0000] "GET /product/edit/S2661601280 HTTP/1.1" 200 19608 "-" "Mozilla/5.0 (Linux; Android 6.0.1; Nexus 5X Build/MMB29P) AppleWebKit/537.36 (KHTML, like Gecko) Chrome/137.0.7151.103 Mobile Safari/537.36 (compatible; Googlebot/2.1; +http://www.google.com/bot.html)"
20.171.207.65 - - [20/Jul/2025:00:40:31 +0000] "GET /items/air-conditioning/lighters/4802343/ HTTP/1.1" 200 - "-" "Mozilla/5.0 AppleWebKit/537.36 (KHTML, like Gecko; compatible; GPTBot/1.2; +https://openai.com/gptbot)"
66.249.74.108 - - [20/Jul/2025:00:40:49 +0000] "GET /special/2574840 HTTP/1.1" 200 19064 "-" "Mozilla/5.0 (Linux; Android 6.0.1; Nexus 5X Build/MMB29P) AppleWebKit/537.36 (KHTML, like Gecko) Chrome/137.0.7151.103 Mobile Safari/537.36 (compatible; Googlebot/2.1; +http://www.google.com/bot.html)"
66.249.74.108 - - [20/Jul/2025:00:41:12 +0000] "POST /get-message-notify HTTP/1.1" 200 19463 "https://www.sainature.group/special/2574840" "Mozilla/5.0 (Linux; Android 6.0.1; Nexus 5X Build/MMB29P) AppleWebKit/537.36 (KHTML, like Gecko) Chrome/137.0.7151.119 Mobile Safari/537.36 (compatible; Googlebot/2.1; +http://www.google.com/bot.html)"
20.171.207.65 - - [20/Jul/2025:00:41:34 +0000] "GET /items/outdoor/mountain-climbing/3100401/ HTTP/1.1" 200 - "-" "Mozilla/5.0 AppleWebKit/537.36 (KHTML, like Gecko; compatible; GPTBot/1.2; +https://openai.com/gptbot)"
20.171.207.65 - - [20/Jul/2025:00:42:35 +0000] "GET /items/cameras/optical-equipment/1916513/ HTTP/1.1" 200 - "-" "Mozilla/5.0 AppleWebKit/537.36 (KHTML, like Gecko; compatible; GPTBot/1.2; +https://openai.com/gptbot)"
20.171.207.65 - - [20/Jul/2025:00:43:36 +0000] "GET /items/furniture/dressing-tables/2116650/ HTTP/1.1" 200 - "-" "Mozilla/5.0 AppleWebKit/537.36 (KHTML, like Gecko; compatible; GPTBot/1.2; +https://openai.com/gptbot)"
20.171.207.65 - - [20/Jul/2025:00:44:36 +0000] "GET /items/air-conditioning/lighters/5084639/ HTTP/1.1" 200 - "-" "Mozilla/5.0 AppleWebKit/537.36 (KHTML, like Gecko; compatible; GPTBot/1.2; +https://openai.com/gptbot)"
20.171.207.65 - - [20/Jul/2025:00:45:41 +0000] "GET /items/cosmetics/unisex-perfumes/2296371/ HTTP/1.1" 200 - "-" "Mozilla/5.0 AppleWebKit/537.36 (KHTML, like Gecko; compatible; GPTBot/1.2; +https://openai.com/gptbot)"
20.171.207.65 - - [20/Jul/2025:00:46:45 +0000] "GET /items/daily-necessities/kitchen/4885106/ HTTP/1.1" 200 - "-" "Mozilla/5.0 AppleWebKit/537.36 (KHTML, like Gecko; compatible; GPTBot/1.2; +https://openai.com/gptbot)"
57.141.2.30 - - [20/Jul/2025:00:47:28 +0000] "GET /special/866732592 HTTP/1.1" 200 - "-" "meta-externalagent/1.1 (+https://developers.facebook.com/docs/sharing/webmasters/crawler)"
20.171.207.65 - - [20/Jul/2025:00:47:48 +0000] "GET /items/daily-necessities/kitchen/2164585/ HTTP/1.1" 200 - "-" "Mozilla/5.0 AppleWebKit/537.36 (KHTML, like Gecko; compatible; GPTBot/1.2; +https://openai.com/gptbot)"
20.171.207.65 - - [20/Jul/2025:00:48:48 +0000] "GET /items/outdoor/mountain-climbing/5270624/ HTTP/1.1" 200 - "-" "Mozilla/5.0 AppleWebKit/537.36 (KHTML, like Gecko; compatible; GPTBot/1.2; +https://openai.com/gptbot)"
20.171.207.65 - - [20/Jul/2025:00:49:51 +0000] "GET /items/handmade/decoration-parts/2369272/ HTTP/1.1" 200 - "-" "Mozilla/5.0 AppleWebKit/537.36 (KHTML, like Gecko; compatible; GPTBot/1.2; +https://openai.com/gptbot)"
20.171.207.65 - - [20/Jul/2025:00:50:51 +0000] "GET /items/air-conditioning/lighters/2770682/ HTTP/1.1" 200 - "-" "Mozilla/5.0 AppleWebKit/537.36 (KHTML, like Gecko; compatible; GPTBot/1.2; +https://openai.com/gptbot)"
20.171.207.65 - - [20/Jul/2025:00:51:57 +0000] "GET /items/daily-necessities/laundry/3996310/ HTTP/1.1" 200 - "-" "Mozilla/5.0 AppleWebKit/537.36 (KHTML, like Gecko; compatible; GPTBot/1.2; +https://openai.com/gptbot)"
20.171.207.65 - - [20/Jul/2025:00:53:00 +0000] "GET /items/flowers/other-houseplants/4941452/ HTTP/1.1" 200 - "-" "Mozilla/5.0 AppleWebKit/537.36 (KHTML, like Gecko; compatible; GPTBot/1.2; +https://openai.com/gptbot)"
57.141.2.28 - - [20/Jul/2025:00:53:37 +0000] "GET /special/304707844 HTTP/1.1" 200 - "-" "meta-externalagent/1.1 (+https://developers.facebook.com/docs/sharing/webmasters/crawler)"
20.171.207.65 - - [20/Jul/2025:00:54:05 +0000] "GET /items/air-conditioning/lighters/3690096/ HTTP/1.1" 200 - "-" "Mozilla/5.0 AppleWebKit/537.36 (KHTML, like Gecko; compatible; GPTBot/1.2; +https://openai.com/gptbot)"
20.171.207.65 - - [20/Jul/2025:00:55:07 +0000] "GET /items/air-conditioning/lighters/5374589/ HTTP/1.1" 200 - "-" "Mozilla/5.0 AppleWebKit/537.36 (KHTML, like Gecko; compatible; GPTBot/1.2; +https://openai.com/gptbot)"
20.171.207.65 - - [20/Jul/2025:00:56:09 +0000] "GET /items/daily-necessities/kitchen/4583817/ HTTP/1.1" 200 - "-" "Mozilla/5.0 AppleWebKit/537.36 (KHTML, like Gecko; compatible; GPTBot/1.2; +https://openai.com/gptbot)"
66.249.74.108 - - [20/Jul/2025:00:56:14 +0000] "GET /special/259095272 HTTP/1.1" 200 21969 "-" "Mozilla/5.0 (Linux; Android 6.0.1; Nexus 5X Build/MMB29P) AppleWebKit/537.36 (KHTML, like Gecko) Chrome/137.0.7151.103 Mobile Safari/537.36 (compatible; Googlebot/2.1; +http://www.google.com/bot.html)"
20.171.207.65 - - [20/Jul/2025:00:57:15 +0000] "GET /items/outdoor/mountain-climbing/2840221/ HTTP/1.1" 200 - "-" "Mozilla/5.0 AppleWebKit/537.36 (KHTML, like Gecko; compatible; GPTBot/1.2; +https://openai.com/gptbot)"
66.249.74.108 - - [20/Jul/2025:00:57:27 +0000] "GET /special/4303640 HTTP/1.1" 200 21343 "-" "Mozilla/5.0 (Linux; Android 6.0.1; Nexus 5X Build/MMB29P) AppleWebKit/537.36 (KHTML, like Gecko) Chrome/137.0.7151.103 Mobile Safari/537.36 (compatible; Googlebot/2.1; +http://www.google.com/bot.html)"
66.249.74.109 - - [20/Jul/2025:00:57:44 +0000] "POST /get-message-notify HTTP/1.1" 200 19463 "https://www.sainature.group/special/4303640" "Mozilla/5.0 (Linux; Android 6.0.1; Nexus 5X Build/MMB29P) AppleWebKit/537.36 (KHTML, like Gecko) Chrome/137.0.7151.119 Mobile Safari/537.36 (compatible; Googlebot/2.1; +http://www.google.com/bot.html)"
66.249.74.109 - - [20/Jul/2025:00:57:46 +0000] "GET /special/410561632 HTTP/1.1" 200 19072 "-" "Mozilla/5.0 (Linux; Android 6.0.1; Nexus 5X Build/MMB29P) AppleWebKit/537.36 (KHTML, like Gecko) Chrome/137.0.7151.103 Mobile Safari/537.36 (compatible; Googlebot/2.1; +http://www.google.com/bot.html)"
66.249.74.108 - - [20/Jul/2025:00:57:49 +0000] "POST /get-message-notify HTTP/1.1" 200 19463 "https://www.sainature.group/special/410561632" "Mozilla/5.0 (Linux; Android 6.0.1; Nexus 5X Build/MMB29P) AppleWebKit/537.36 (KHTML, like Gecko) Chrome/137.0.7151.119 Mobile Safari/537.36 (compatible; Googlebot/2.1; +http://www.google.com/bot.html)"
20.171.207.65 - - [20/Jul/2025:00:58:18 +0000] "GET /items/sports/spikes/3522680/ HTTP/1.1" 200 - "-" "Mozilla/5.0 AppleWebKit/537.36 (KHTML, like Gecko; compatible; GPTBot/1.2; +https://openai.com/gptbot)"
20.171.207.65 - - [20/Jul/2025:00:59:23 +0000] "GET /items/sports/spikes/2744659/ HTTP/1.1" 200 - "-" "Mozilla/5.0 AppleWebKit/537.36 (KHTML, like Gecko; compatible; GPTBot/1.2; +https://openai.com/gptbot)"
20.171.207.65 - - [20/Jul/2025:01:00:27 +0000] "GET /items/flowers/others/4947861/ HTTP/1.1" 200 - "-" "Mozilla/5.0 AppleWebKit/537.36 (KHTML, like Gecko; compatible; GPTBot/1.2; +https://openai.com/gptbot)"
57.141.2.10 - - [20/Jul/2025:01:00:39 +0000] "GET /special/308130568 HTTP/1.1" 200 - "-" "meta-externalagent/1.1 (+https://developers.facebook.com/docs/sharing/webmasters/crawler)"
57.141.2.14 - - [20/Jul/2025:01:01:10 +0000] "GET /special/308094872 HTTP/1.1" 200 - "-" "meta-externalagent/1.1 (+https://developers.facebook.com/docs/sharing/webmasters/crawler)"
20.171.207.65 - - [20/Jul/2025:01:01:27 +0000] "GET /items/flowers/others/2520790/ HTTP/1.1" 200 - "-" "Mozilla/5.0 AppleWebKit/537.36 (KHTML, like Gecko; compatible; GPTBot/1.2; +https://openai.com/gptbot)"
57.141.2.12 - - [20/Jul/2025:01:02:04 +0000] "GET /special/308237912 HTTP/1.1" 200 - "-" "meta-externalagent/1.1 (+https://developers.facebook.com/docs/sharing/webmasters/crawler)"
57.141.2.6 - - [20/Jul/2025:01:02:06 +0000] "GET /special/308240900 HTTP/1.1" 200 - "-" "meta-externalagent/1.1 (+https://developers.facebook.com/docs/sharing/webmasters/crawler)"
20.171.207.65 - - [20/Jul/2025:01:02:29 +0000] "GET /items/beauty/women-perfume/5310157/ HTTP/1.1" 200 - "-" "Mozilla/5.0 AppleWebKit/537.36 (KHTML, like Gecko; compatible; GPTBot/1.2; +https://openai.com/gptbot)"
57.141.2.27 - - [20/Jul/2025:01:02:41 +0000] "GET /special/308209712 HTTP/1.1" 200 - "-" "meta-externalagent/1.1 (+https://developers.facebook.com/docs/sharing/webmasters/crawler)"
66.249.74.110 - - [20/Jul/2025:01:03:08 +0000] "GET /special/25475752 HTTP/1.1" 200 18926 "-" "Mozilla/5.0 (Linux; Android 6.0.1; Nexus 5X Build/MMB29P) AppleWebKit/537.36 (KHTML, like Gecko) Chrome/137.0.7151.103 Mobile Safari/537.36 (compatible; Googlebot/2.1; +http://www.google.com/bot.html)"
57.141.2.14 - - [20/Jul/2025:01:03:09 +0000] "GET /special/308231320 HTTP/1.1" 200 - "-" "meta-externalagent/1.1 (+https://developers.facebook.com/docs/sharing/webmasters/crawler)"
20.171.207.65 - - [20/Jul/2025:01:03:32 +0000] "GET /items/tickets/female-idols/3205680/ HTTP/1.1" 200 - "-" "Mozilla/5.0 AppleWebKit/537.36 (KHTML, like Gecko; compatible; GPTBot/1.2; +https://openai.com/gptbot)"
66.249.74.109 - - [20/Jul/2025:01:03:37 +0000] "GET /special/29288388 HTTP/1.1" 200 20311 "-" "Mozilla/5.0 (Linux; Android 6.0.1; Nexus 5X Build/MMB29P) AppleWebKit/537.36 (KHTML, like Gecko) Chrome/137.0.7151.103 Mobile Safari/537.36 (compatible; Googlebot/2.1; +http://www.google.com/bot.html)"
66.249.74.109 - - [20/Jul/2025:01:03:41 +0000] "POST /get-message-notify HTTP/1.1" 200 19463 "https://www.sainature.group/special/29288388" "Mozilla/5.0 (Linux; Android 6.0.1; Nexus 5X Build/MMB29P) AppleWebKit/537.36 (KHTML, like Gecko) Chrome/137.0.7151.119 Mobile Safari/537.36 (compatible; Googlebot/2.1; +http://www.google.com/bot.html)"
57.141.2.1 - - [20/Jul/2025:01:03:50 +0000] "GET /special/308082080 HTTP/1.1" 200 - "-" "meta-externalagent/1.1 (+https://developers.facebook.com/docs/sharing/webmasters/crawler)"
57.141.2.26 - - [20/Jul/2025:01:03:50 +0000] "GET /special/308091256 HTTP/1.1" 200 - "-" "meta-externalagent/1.1 (+https://developers.facebook.com/docs/sharing/webmasters/crawler)"
57.141.2.16 - - [20/Jul/2025:01:03:52 +0000] "GET /special/308242092 HTTP/1.1" 200 - "-" "meta-externalagent/1.1 (+https://developers.facebook.com/docs/sharing/webmasters/crawler)"
66.249.74.108 - - [20/Jul/2025:01:03:54 +0000] "GET /special/811342152 HTTP/1.1" 200 19439 "-" "Mozilla/5.0 (Linux; Android 6.0.1; Nexus 5X Build/MMB29P) AppleWebKit/537.36 (KHTML, like Gecko) Chrome/137.0.7151.103 Mobile Safari/537.36 (compatible; Googlebot/2.1; +http://www.google.com/bot.html)"
57.141.2.21 - - [20/Jul/2025:01:03:57 +0000] "GET /special/308094244 HTTP/1.1" 200 - "-" "meta-externalagent/1.1 (+https://developers.facebook.com/docs/sharing/webmasters/crawler)"
57.141.2.15 - - [20/Jul/2025:01:04:01 +0000] "GET /special/308094540 HTTP/1.1" 200 - "-" "meta-externalagent/1.1 (+https://developers.facebook.com/docs/sharing/webmasters/crawler)"
66.249.74.110 - - [20/Jul/2025:01:04:03 +0000] "POST /get-message-notify HTTP/1.1" 200 19463 "https://www.sainature.group/special/811342152" "Mozilla/5.0 (Linux; Android 6.0.1; Nexus 5X Build/MMB29P) AppleWebKit/537.36 (KHTML, like Gecko) Chrome/137.0.7151.119 Mobile Safari/537.36 (compatible; Googlebot/2.1; +http://www.google.com/bot.html)"
57.141.2.3 - - [20/Jul/2025:01:04:23 +0000] "GET /special/308238308 HTTP/1.1" 200 - "-" "meta-externalagent/1.1 (+https://developers.facebook.com/docs/sharing/webmasters/crawler)"
20.171.207.65 - - [20/Jul/2025:01:04:35 +0000] "GET /items/travel-supplies/rods/1755660/ HTTP/1.1" 200 - "-" "Mozilla/5.0 AppleWebKit/537.36 (KHTML, like Gecko; compatible; GPTBot/1.2; +https://openai.com/gptbot)"
57.141.2.11 - - [20/Jul/2025:01:04:53 +0000] "GET /special/308024744 HTTP/1.1" 200 - "-" "meta-externalagent/1.1 (+https://developers.facebook.com/docs/sharing/webmasters/crawler)"
66.249.74.110 - - [20/Jul/2025:01:05:06 +0000] "GET /special/319254272 HTTP/1.1" 200 18564 "-" "Mozilla/5.0 (Linux; Android 6.0.1; Nexus 5X Build/MMB29P) AppleWebKit/537.36 (KHTML, like Gecko) Chrome/137.0.7151.103 Mobile Safari/537.36 (compatible; Googlebot/2.1; +http://www.google.com/bot.html)"
20.171.207.65 - - [20/Jul/2025:01:05:40 +0000] "GET /items/games/character-toys/1683009/ HTTP/1.1" 200 - "-" "Mozilla/5.0 AppleWebKit/537.36 (KHTML, like Gecko; compatible; GPTBot/1.2; +https://openai.com/gptbot)"
57.141.2.8 - - [20/Jul/2025:01:05:43 +0000] "GET /special/307998192 HTTP/1.1" 200 - "-" "meta-externalagent/1.1 (+https://developers.facebook.com/docs/sharing/webmasters/crawler)"
57.141.2.20 - - [20/Jul/2025:01:05:51 +0000] "GET /special/308275132 HTTP/1.1" 200 - "-" "meta-externalagent/1.1 (+https://developers.facebook.com/docs/sharing/webmasters/crawler)"
57.141.2.4 - - [20/Jul/2025:01:06:01 +0000] "GET /special/308338304 HTTP/1.1" 200 - "-" "meta-externalagent/1.1 (+https://developers.facebook.com/docs/sharing/webmasters/crawler)"
57.141.2.10 - - [20/Jul/2025:01:06:11 +0000] "GET /special/308097092 HTTP/1.1" 200 - "-" "meta-externalagent/1.1 (+https://developers.facebook.com/docs/sharing/webmasters/crawler)"
57.141.2.21 - - [20/Jul/2025:01:06:16 +0000] "GET /special/308006612 HTTP/1.1" 200 - "-" "meta-externalagent/1.1 (+https://developers.facebook.com/docs/sharing/webmasters/crawler)"
57.141.2.1 - - [20/Jul/2025:01:06:34 +0000] "GET /special/308196784 HTTP/1.1" 200 - "-" "meta-externalagent/1.1 (+https://developers.facebook.com/docs/sharing/webmasters/crawler)"
66.249.74.108 - - [20/Jul/2025:01:06:35 +0000] "GET /special/334236420 HTTP/1.1" 200 19960 "-" "Mozilla/5.0 (Linux; Android 6.0.1; Nexus 5X Build/MMB29P) AppleWebKit/537.36 (KHTML, like Gecko) Chrome/137.0.7151.103 Mobile Safari/537.36 (compatible; Googlebot/2.1; +http://www.google.com/bot.html)"
20.171.207.65 - - [20/Jul/2025:01:06:46 +0000] "GET /items/travel-supplies/rods/2766580/ HTTP/1.1" 200 - "-" "Mozilla/5.0 AppleWebKit/537.36 (KHTML, like Gecko; compatible; GPTBot/1.2; +https://openai.com/gptbot)"
57.141.2.21 - - [20/Jul/2025:01:06:49 +0000] "GET /special/308090500 HTTP/1.1" 200 - "-" "meta-externalagent/1.1 (+https://developers.facebook.com/docs/sharing/webmasters/crawler)"
57.141.2.28 - - [20/Jul/2025:01:07:05 +0000] "GET /special/308232776 HTTP/1.1" 200 - "-" "meta-externalagent/1.1 (+https://developers.facebook.com/docs/sharing/webmasters/crawler)"
57.141.2.29 - - [20/Jul/2025:01:07:43 +0000] "GET /special/308329488 HTTP/1.1" 200 - "-" "meta-externalagent/1.1 (+https://developers.facebook.com/docs/sharing/webmasters/crawler)"
20.171.207.65 - - [20/Jul/2025:01:07:47 +0000] "GET /items/decor/ceiling-lights/2994311/ HTTP/1.1" 200 - "-" "Mozilla/5.0 AppleWebKit/537.36 (KHTML, like Gecko; compatible; GPTBot/1.2; +https://openai.com/gptbot)"
57.141.2.23 - - [20/Jul/2025:01:07:48 +0000] "GET /special/308305256 HTTP/1.1" 200 - "-" "meta-externalagent/1.1 (+https://developers.facebook.com/docs/sharing/webmasters/crawler)"
66.249.74.108 - - [20/Jul/2025:01:08:03 +0000] "GET /special/333498112 HTTP/1.1" 200 20541 "-" "Mozilla/5.0 (Linux; Android 6.0.1; Nexus 5X Build/MMB29P) AppleWebKit/537.36 (KHTML, like Gecko) Chrome/137.0.7151.103 Mobile Safari/537.36 (compatible; Googlebot/2.1; +http://www.google.com/bot.html)"
57.141.2.6 - - [20/Jul/2025:01:08:36 +0000] "GET /special/308034952 HTTP/1.1" 200 - "-" "meta-externalagent/1.1 (+https://developers.facebook.com/docs/sharing/webmasters/crawler)"
20.171.207.65 - - [20/Jul/2025:01:08:47 +0000] "GET /items/diet/aroma-diffusers/2807513/ HTTP/1.1" 200 - "-" "Mozilla/5.0 AppleWebKit/537.36 (KHTML, like Gecko; compatible; GPTBot/1.2; +https://openai.com/gptbot)"
57.141.2.5 - - [20/Jul/2025:01:08:51 +0000] "GET /special/308277184 HTTP/1.1" 200 - "-" "meta-externalagent/1.1 (+https://developers.facebook.com/docs/sharing/webmasters/crawler)"
57.141.2.28 - - [20/Jul/2025:01:08:53 +0000] "GET /special/308361136 HTTP/1.1" 200 - "-" "meta-externalagent/1.1 (+https://developers.facebook.com/docs/sharing/webmasters/crawler)"
66.249.74.110 - - [20/Jul/2025:01:09:31 +0000] "GET /special/259057620 HTTP/1.1" 200 18715 "-" "Mozilla/5.0 (Linux; Android 6.0.1; Nexus 5X Build/MMB29P) AppleWebKit/537.36 (KHTML, like Gecko) Chrome/137.0.7151.103 Mobile Safari/537.36 (compatible; Googlebot/2.1; +http://www.google.com/bot.html)"
66.249.74.108 - - [20/Jul/2025:01:09:37 +0000] "POST /get-message-notify HTTP/1.1" 200 19463 "https://www.sainature.group/special/259057620" "Mozilla/5.0 (Linux; Android 6.0.1; Nexus 5X Build/MMB29P) AppleWebKit/537.36 (KHTML, like Gecko) Chrome/137.0.7151.119 Mobile Safari/537.36 (compatible; Googlebot/2.1; +http://www.google.com/bot.html)"
20.171.207.65 - - [20/Jul/2025:01:09:49 +0000] "GET /items/tickets/golf-courses/5001741/ HTTP/1.1" 200 - "-" "Mozilla/5.0 AppleWebKit/537.36 (KHTML, like Gecko; compatible; GPTBot/1.2; +https://openai.com/gptbot)"
57.141.2.23 - - [20/Jul/2025:01:10:25 +0000] "GET /special/308233108 HTTP/1.1" 200 - "-" "meta-externalagent/1.1 (+https://developers.facebook.com/docs/sharing/webmasters/crawler)"
66.249.65.202 - - [20/Jul/2025:01:10:48 +0000] "GET /special/496634188 HTTP/1.1" 200 20748 "-" "Mozilla/5.0 (Linux; Android 6.0.1; Nexus 5X Build/MMB29P) AppleWebKit/537.36 (KHTML, like Gecko) Chrome/137.0.7151.103 Mobile Safari/537.36 (compatible; Googlebot/2.1; +http://www.google.com/bot.html)"
20.171.207.65 - - [20/Jul/2025:01:10:52 +0000] "GET /items/beauty/women-perfume/3857040/ HTTP/1.1" 200 - "-" "Mozilla/5.0 AppleWebKit/537.36 (KHTML, like Gecko; compatible; GPTBot/1.2; +https://openai.com/gptbot)"
66.249.74.110 - - [20/Jul/2025:01:10:59 +0000] "GET /special/318527096 HTTP/1.1" 200 17967 "-" "Mozilla/5.0 (Linux; Android 6.0.1; Nexus 5X Build/MMB29P) AppleWebKit/537.36 (KHTML, like Gecko) Chrome/137.0.7151.103 Mobile Safari/537.36 (compatible; Googlebot/2.1; +http://www.google.com/bot.html)"
66.249.74.110 - - [20/Jul/2025:01:11:02 +0000] "POST /get-message-notify HTTP/1.1" 200 19463 "https://www.sainature.group/special/318527096" "Mozilla/5.0 (Linux; Android 6.0.1; Nexus 5X Build/MMB29P) AppleWebKit/537.36 (KHTML, like Gecko) Chrome/137.0.7151.119 Mobile Safari/537.36 (compatible; Googlebot/2.1; +http://www.google.com/bot.html)"
20.171.207.65 - - [20/Jul/2025:01:11:57 +0000] "GET /items/flowers/water-stones/2048612/ HTTP/1.1" 200 - "-" "Mozilla/5.0 AppleWebKit/537.36 (KHTML, like Gecko; compatible; GPTBot/1.2; +https://openai.com/gptbot)"
66.249.74.108 - - [20/Jul/2025:01:12:29 +0000] "GET /special/28532120 HTTP/1.1" 200 18883 "-" "Mozilla/5.0 (Linux; Android 6.0.1; Nexus 5X Build/MMB29P) AppleWebKit/537.36 (KHTML, like Gecko) Chrome/137.0.7151.103 Mobile Safari/537.36 (compatible; Googlebot/2.1; +http://www.google.com/bot.html)"
20.171.207.65 - - [20/Jul/2025:01:13:00 +0000] "GET /items/diy/cutting-machines/2949394/ HTTP/1.1" 200 - "-" "Mozilla/5.0 AppleWebKit/537.36 (KHTML, like Gecko; compatible; GPTBot/1.2; +https://openai.com/gptbot)"
57.141.2.1 - - [20/Jul/2025:01:13:08 +0000] "GET /special/308345396 HTTP/1.1" 200 - "-" "meta-externalagent/1.1 (+https://developers.facebook.com/docs/sharing/webmasters/crawler)"
57.141.2.26 - - [20/Jul/2025:01:13:14 +0000] "GET /special/308236520 HTTP/1.1" 200 - "-" "meta-externalagent/1.1 (+https://developers.facebook.com/docs/sharing/webmasters/crawler)"
66.249.74.109 - - [20/Jul/2025:01:13:57 +0000] "GET /special/25321608 HTTP/1.1" 200 19613 "-" "Mozilla/5.0 (Linux; Android 6.0.1; Nexus 5X Build/MMB29P) AppleWebKit/537.36 (KHTML, like Gecko) Chrome/137.0.7151.103 Mobile Safari/537.36 (compatible; Googlebot/2.1; +http://www.google.com/bot.html)"
20.171.207.65 - - [20/Jul/2025:01:14:04 +0000] "GET /items/interior/metal-racks/2840085/ HTTP/1.1" 200 - "-" "Mozilla/5.0 AppleWebKit/537.36 (KHTML, like Gecko; compatible; GPTBot/1.2; +https://openai.com/gptbot)"
66.249.65.200 - - [20/Jul/2025:01:14:56 +0000] "GET /sitemap-6.xml HTTP/1.1" 200 4054 "-" "Mozilla/5.0 (compatible; Googlebot/2.1; +http://www.google.com/bot.html)"
20.171.207.65 - - [20/Jul/2025:01:15:06 +0000] "GET /items/travel-supplies/rods/5078516/ HTTP/1.1" 200 - "-" "Mozilla/5.0 AppleWebKit/537.36 (KHTML, like Gecko; compatible; GPTBot/1.2; +https://openai.com/gptbot)"
66.249.74.110 - - [20/Jul/2025:01:15:27 +0000] "GET /robots.txt HTTP/1.1" 200 95 "-" "Mozilla/5.0 (compatible; Googlebot/2.1; +http://www.google.com/bot.html)"
66.249.74.110 - - [20/Jul/2025:01:15:27 +0000] "GET /special/27522612 HTTP/1.1" 200 19393 "-" "Mozilla/5.0 (Linux; Android 6.0.1; Nexus 5X Build/MMB29P) AppleWebKit/537.36 (KHTML, like Gecko) Chrome/137.0.7151.103 Mobile Safari/537.36 (compatible; Googlebot/2.1; +http://www.google.com/bot.html)"
20.171.207.65 - - [20/Jul/2025:01:16:10 +0000] "GET /items/travel-supplies/bags/4301788/ HTTP/1.1" 200 - "-" "Mozilla/5.0 AppleWebKit/537.36 (KHTML, like Gecko; compatible; GPTBot/1.2; +https://openai.com/gptbot)"
66.249.74.108 - - [20/Jul/2025:01:16:55 +0000] "GET /robots.txt HTTP/1.1" 200 95 "-" "Mozilla/5.0 (compatible; Googlebot/2.1; +http://www.google.com/bot.html)"
66.249.74.108 - - [20/Jul/2025:01:16:55 +0000] "GET /special/26700352 HTTP/1.1" 200 20428 "-" "Mozilla/5.0 (Linux; Android 6.0.1; Nexus 5X Build/MMB29P) AppleWebKit/537.36 (KHTML, like Gecko) Chrome/137.0.7151.103 Mobile Safari/537.36 (compatible; Googlebot/2.1; +http://www.google.com/bot.html)"
57.141.2.17 - - [20/Jul/2025:01:16:57 +0000] "GET /special/308086120 HTTP/1.1" 200 - "-" "meta-externalagent/1.1 (+https://developers.facebook.com/docs/sharing/webmasters/crawler)"
57.141.2.17 - - [20/Jul/2025:01:17:01 +0000] "GET /special/308232012 HTTP/1.1" 200 - "-" "meta-externalagent/1.1 (+https://developers.facebook.com/docs/sharing/webmasters/crawler)"
20.171.207.65 - - [20/Jul/2025:01:17:11 +0000] "GET /items/toys/special-effects/2140663/ HTTP/1.1" 200 - "-" "Mozilla/5.0 AppleWebKit/537.36 (KHTML, like Gecko; compatible; GPTBot/1.2; +https://openai.com/gptbot)"
66.249.74.109 - - [20/Jul/2025:01:17:20 +0000] "GET /special/811352232 HTTP/1.1" 200 18823 "-" "Mozilla/5.0 (Linux; Android 6.0.1; Nexus 5X Build/MMB29P) AppleWebKit/537.36 (KHTML, like Gecko) Chrome/137.0.7151.103 Mobile Safari/537.36 (compatible; Googlebot/2.1; +http://www.google.com/bot.html)"
20.171.207.65 - - [20/Jul/2025:01:18:14 +0000] "GET /items/tickets/golf-courses/2153739/ HTTP/1.1" 200 - "-" "Mozilla/5.0 AppleWebKit/537.36 (KHTML, like Gecko; compatible; GPTBot/1.2; +https://openai.com/gptbot)"
66.249.74.108 - - [20/Jul/2025:01:18:25 +0000] "GET /robots.txt HTTP/1.1" 200 95 "-" "Mozilla/5.0 (compatible; Googlebot/2.1; +http://www.google.com/bot.html)"
66.249.74.110 - - [20/Jul/2025:01:18:25 +0000] "GET /special/24524764 HTTP/1.1" 200 19745 "-" "Mozilla/5.0 (Linux; Android 6.0.1; Nexus 5X Build/MMB29P) AppleWebKit/537.36 (KHTML, like Gecko) Chrome/137.0.7151.103 Mobile Safari/537.36 (compatible; Googlebot/2.1; +http://www.google.com/bot.html)"
20.171.207.65 - - [20/Jul/2025:01:19:19 +0000] "GET /items/travel-supplies/rods/1679854/ HTTP/1.1" 200 - "-" "Mozilla/5.0 AppleWebKit/537.36 (KHTML, like Gecko; compatible; GPTBot/1.2; +https://openai.com/gptbot)"
66.249.74.108 - - [20/Jul/2025:01:19:51 +0000] "GET /robots.txt HTTP/1.1" 200 95 "-" "Mozilla/5.0 (compatible; Googlebot/2.1; +http://www.google.com/bot.html)"
66.249.74.109 - - [20/Jul/2025:01:19:51 +0000] "GET /special/26316600 HTTP/1.1" 200 21113 "-" "Mozilla/5.0 (Linux; Android 6.0.1; Nexus 5X Build/MMB29P) AppleWebKit/537.36 (KHTML, like Gecko) Chrome/137.0.7151.103 Mobile Safari/537.36 (compatible; Googlebot/2.1; +http://www.google.com/bot.html)"
66.249.74.109 - - [20/Jul/2025:01:20:06 +0000] "POST /get-message-notify HTTP/1.1" 200 19463 "https://www.sainature.group/special/26316600" "Mozilla/5.0 (Linux; Android 6.0.1; Nexus 5X Build/MMB29P) AppleWebKit/537.36 (KHTML, like Gecko) Chrome/137.0.7151.119 Mobile Safari/537.36 (compatible; Googlebot/2.1; +http://www.google.com/bot.html)"
57.141.2.29 - - [20/Jul/2025:01:20:19 +0000] "GET /special/308080920 HTTP/1.1" 200 - "-" "meta-externalagent/1.1 (+https://developers.facebook.com/docs/sharing/webmasters/crawler)"
20.171.207.65 - - [20/Jul/2025:01:20:24 +0000] "GET /items/interior/desk-chairs/4005976/ HTTP/1.1" 200 - "-" "Mozilla/5.0 AppleWebKit/537.36 (KHTML, like Gecko; compatible; GPTBot/1.2; +https://openai.com/gptbot)"
57.141.2.17 - - [20/Jul/2025:01:20:40 +0000] "GET /special/308306648 HTTP/1.1" 200 - "-" "meta-externalagent/1.1 (+https://developers.facebook.com/docs/sharing/webmasters/crawler)"
57.141.2.23 - - [20/Jul/2025:01:20:56 +0000] "GET /special/308234564 HTTP/1.1" 200 - "-" "meta-externalagent/1.1 (+https://developers.facebook.com/docs/sharing/webmasters/crawler)"
66.249.74.109 - - [20/Jul/2025:01:21:22 +0000] "GET /robots.txt HTTP/1.1" 200 95 "-" "Mozilla/5.0 (compatible; Googlebot/2.1; +http://www.google.com/bot.html)"
66.249.74.110 - - [20/Jul/2025:01:21:22 +0000] "GET /special/6099348 HTTP/1.1" 200 19292 "-" "Mozilla/5.0 (Linux; Android 6.0.1; Nexus 5X Build/MMB29P) AppleWebKit/537.36 (KHTML, like Gecko) Chrome/137.0.7151.103 Mobile Safari/537.36 (compatible; Googlebot/2.1; +http://www.google.com/bot.html)"
66.249.74.110 - - [20/Jul/2025:01:21:22 +0000] "GET /special/24504356 HTTP/1.1" 200 20186 "-" "Mozilla/5.0 (Linux; Android 6.0.1; Nexus 5X Build/MMB29P) AppleWebKit/537.36 (KHTML, like Gecko) Chrome/137.0.7151.103 Mobile Safari/537.36 (compatible; Googlebot/2.1; +http://www.google.com/bot.html)"
20.171.207.65 - - [20/Jul/2025:01:21:24 +0000] "GET /items/furniture/bed-covers/2265203/ HTTP/1.1" 200 - "-" "Mozilla/5.0 AppleWebKit/537.36 (KHTML, like Gecko; compatible; GPTBot/1.2; +https://openai.com/gptbot)"
66.249.74.109 - - [20/Jul/2025:01:21:59 +0000] "GET /special/24895500 HTTP/1.1" 200 20069 "-" "Mozilla/5.0 (Linux; Android 6.0.1; Nexus 5X Build/MMB29P) AppleWebKit/537.36 (KHTML, like Gecko) Chrome/137.0.7151.103 Mobile Safari/537.36 (compatible; Googlebot/2.1; +http://www.google.com/bot.html)"
66.249.74.108 - - [20/Jul/2025:01:22:03 +0000] "POST /get-message-notify HTTP/1.1" 200 19463 "https://www.sainature.group/special/24895500" "Mozilla/5.0 (Linux; Android 6.0.1; Nexus 5X Build/MMB29P) AppleWebKit/537.36 (KHTML, like Gecko) Chrome/137.0.7151.119 Mobile Safari/537.36 (compatible; Googlebot/2.1; +http://www.google.com/bot.html)"
20.171.207.65 - - [20/Jul/2025:01:22:26 +0000] "GET /items/travel-supplies/rods/4560844/ HTTP/1.1" 200 - "-" "Mozilla/5.0 AppleWebKit/537.36 (KHTML, like Gecko; compatible; GPTBot/1.2; +https://openai.com/gptbot)"
57.141.2.7 - - [20/Jul/2025:01:22:34 +0000] "GET /special/308032728 HTTP/1.1" 200 - "-" "meta-externalagent/1.1 (+https://developers.facebook.com/docs/sharing/webmasters/crawler)"
66.249.74.108 - - [20/Jul/2025:01:22:47 +0000] "GET /robots.txt HTTP/1.1" 200 95 "-" "Mozilla/5.0 (compatible; Googlebot/2.1; +http://www.google.com/bot.html)"
66.249.74.108 - - [20/Jul/2025:01:22:47 +0000] "GET /special/347972052 HTTP/1.1" 200 19457 "-" "Mozilla/5.0 (Linux; Android 6.0.1; Nexus 5X Build/MMB29P) AppleWebKit/537.36 (KHTML, like Gecko) Chrome/137.0.7151.103 Mobile Safari/537.36 (compatible; Googlebot/2.1; +http://www.google.com/bot.html)"
66.249.74.108 - - [20/Jul/2025:01:22:49 +0000] "GET /special/25607256 HTTP/1.1" 200 21127 "-" "Mozilla/5.0 (Linux; Android 6.0.1; Nexus 5X Build/MMB29P) AppleWebKit/537.36 (KHTML, like Gecko) Chrome/137.0.7151.103 Mobile Safari/537.36 (compatible; Googlebot/2.1; +http://www.google.com/bot.html)"
66.249.74.109 - - [20/Jul/2025:01:23:03 +0000] "POST /get-message-notify HTTP/1.1" 200 19463 "https://www.sainature.group/special/25607256" "Mozilla/5.0 (Linux; Android 6.0.1; Nexus 5X Build/MMB29P) AppleWebKit/537.36 (KHTML, like Gecko) Chrome/137.0.7151.119 Mobile Safari/537.36 (compatible; Googlebot/2.1; +http://www.google.com/bot.html)"
66.249.74.109 - - [20/Jul/2025:01:23:11 +0000] "GET /special/4912560 HTTP/1.1" 200 19711 "-" "Mozilla/5.0 (Linux; Android 6.0.1; Nexus 5X Build/MMB29P) AppleWebKit/537.36 (KHTML, like Gecko) Chrome/137.0.7151.103 Mobile Safari/537.36 (compatible; Googlebot/2.1; +http://www.google.com/bot.html)"
57.141.2.22 - - [20/Jul/2025:01:23:21 +0000] "GET /special/308246728 HTTP/1.1" 200 - "-" "meta-externalagent/1.1 (+https://developers.facebook.com/docs/sharing/webmasters/crawler)"
20.171.207.65 - - [20/Jul/2025:01:23:28 +0000] "GET /items/interior/desk-lights/4769201/ HTTP/1.1" 200 - "-" "Mozilla/5.0 AppleWebKit/537.36 (KHTML, like Gecko; compatible; GPTBot/1.2; +https://openai.com/gptbot)"
57.141.2.29 - - [20/Jul/2025:01:23:29 +0000] "GET /special/308136468 HTTP/1.1" 200 - "-" "meta-externalagent/1.1 (+https://developers.facebook.com/docs/sharing/webmasters/crawler)"
20.171.207.65 - - [20/Jul/2025:01:24:29 +0000] "GET /items/games/character-toys/4648772/ HTTP/1.1" 200 - "-" "Mozilla/5.0 AppleWebKit/537.36 (KHTML, like Gecko; compatible; GPTBot/1.2; +https://openai.com/gptbot)"
66.249.74.109 - - [20/Jul/2025:01:24:31 +0000] "GET /robots.txt HTTP/1.1" 200 95 "-" "Mozilla/5.0 (compatible; Googlebot/2.1; +http://www.google.com/bot.html)"
66.249.74.109 - - [20/Jul/2025:01:24:31 +0000] "GET /special/5885016 HTTP/1.1" 200 20577 "-" "Mozilla/5.0 (Linux; Android 6.0.1; Nexus 5X Build/MMB29P) AppleWebKit/537.36 (KHTML, like Gecko) Chrome/137.0.7151.103 Mobile Safari/537.36 (compatible; Googlebot/2.1; +http://www.google.com/bot.html)"
66.249.74.108 - - [20/Jul/2025:01:24:34 +0000] "POST /get-message-notify HTTP/1.1" 200 19463 "https://www.sainature.group/special/5885016" "Mozilla/5.0 (Linux; Android 6.0.1; Nexus 5X Build/MMB29P) AppleWebKit/537.36 (KHTML, like Gecko) Chrome/137.0.7151.119 Mobile Safari/537.36 (compatible; Googlebot/2.1; +http://www.google.com/bot.html)"
20.171.207.65 - - [20/Jul/2025:01:25:30 +0000] "GET /items/computers/gaming-pcs/5464800/ HTTP/1.1" 200 - "-" "Mozilla/5.0 AppleWebKit/537.36 (KHTML, like Gecko; compatible; GPTBot/1.2; +https://openai.com/gptbot)"
66.249.74.109 - - [20/Jul/2025:01:25:49 +0000] "GET /robots.txt HTTP/1.1" 200 95 "-" "Mozilla/5.0 (compatible; Googlebot/2.1; +http://www.google.com/bot.html)"
66.249.74.110 - - [20/Jul/2025:01:25:49 +0000] "GET /special/28276956 HTTP/1.1" 200 20259 "-" "Mozilla/5.0 (Linux; Android 6.0.1; Nexus 5X Build/MMB29P) AppleWebKit/537.36 (KHTML, like Gecko) Chrome/137.0.7151.103 Mobile Safari/537.36 (compatible; Googlebot/2.1; +http://www.google.com/bot.html)"
66.249.74.109 - - [20/Jul/2025:01:26:18 +0000] "GET /special/347992340 HTTP/1.1" 200 18205 "-" "Mozilla/5.0 (Linux; Android 6.0.1; Nexus 5X Build/MMB29P) AppleWebKit/537.36 (KHTML, like Gecko) Chrome/137.0.7151.103 Mobile Safari/537.36 (compatible; Googlebot/2.1; +http://www.google.com/bot.html)"
66.249.74.108 - - [20/Jul/2025:01:26:25 +0000] "POST /get-message-notify HTTP/1.1" 200 19463 "https://www.sainature.group/special/28276956" "Mozilla/5.0 (Linux; Android 6.0.1; Nexus 5X Build/MMB29P) AppleWebKit/537.36 (KHTML, like Gecko) Chrome/137.0.7151.119 Mobile Safari/537.36 (compatible; Googlebot/2.1; +http://www.google.com/bot.html)"
20.171.207.65 - - [20/Jul/2025:01:26:31 +0000] "GET /items/tv/optical-equipment/2793110/ HTTP/1.1" 200 - "-" "Mozilla/5.0 AppleWebKit/537.36 (KHTML, like Gecko; compatible; GPTBot/1.2; +https://openai.com/gptbot)"
66.249.74.108 - - [20/Jul/2025:01:27:15 +0000] "GET /robots.txt HTTP/1.1" 200 95 "-" "Mozilla/5.0 (compatible; Googlebot/2.1; +http://www.google.com/bot.html)"
66.249.74.108 - - [20/Jul/2025:01:27:15 +0000] "GET /special/318529648 HTTP/1.1" 200 18948 "-" "Mozilla/5.0 (Linux; Android 6.0.1; Nexus 5X Build/MMB29P) AppleWebKit/537.36 (KHTML, like Gecko) Chrome/137.0.7151.103 Mobile Safari/537.36 (compatible; Googlebot/2.1; +http://www.google.com/bot.html)"
20.171.207.65 - - [20/Jul/2025:01:27:36 +0000] "GET /items/decor/ceiling-lights/3216072/ HTTP/1.1" 200 - "-" "Mozilla/5.0 AppleWebKit/537.36 (KHTML, like Gecko; compatible; GPTBot/1.2; +https://openai.com/gptbot)"
66.249.74.109 - - [20/Jul/2025:01:27:41 +0000] "GET /special/411313892 HTTP/1.1" 200 19335 "-" "Mozilla/5.0 (Linux; Android 6.0.1; Nexus 5X Build/MMB29P) AppleWebKit/537.36 (KHTML, like Gecko) Chrome/137.0.7151.103 Mobile Safari/537.36 (compatible; Googlebot/2.1; +http://www.google.com/bot.html)"
66.249.74.108 - - [20/Jul/2025:01:27:58 +0000] "GET /items/fashion/tops/3964984/ HTTP/1.1" 200 18448 "-" "Mozilla/5.0 (Linux; Android 6.0.1; Nexus 5X Build/MMB29P) AppleWebKit/537.36 (KHTML, like Gecko) Chrome/137.0.7151.103 Mobile Safari/537.36 (compatible; Googlebot/2.1; +http://www.google.com/bot.html)"
20.171.207.65 - - [20/Jul/2025:01:28:39 +0000] "GET /items/fishing/cooler-boxes/4955979/ HTTP/1.1" 200 - "-" "Mozilla/5.0 AppleWebKit/537.36 (KHTML, like Gecko; compatible; GPTBot/1.2; +https://openai.com/gptbot)"
57.141.2.17 - - [20/Jul/2025:01:29:22 +0000] "GET /special/308214784 HTTP/1.1" 200 - "-" "meta-externalagent/1.1 (+https://developers.facebook.com/docs/sharing/webmasters/crawler)"
20.171.207.65 - - [20/Jul/2025:01:29:43 +0000] "GET /items/beauty/women-perfume/5409733/ HTTP/1.1" 200 - "-" "Mozilla/5.0 AppleWebKit/537.36 (KHTML, like Gecko; compatible; GPTBot/1.2; +https://openai.com/gptbot)"
57.141.2.19 - - [20/Jul/2025:01:29:59 +0000] "GET /special/308235328 HTTP/1.1" 200 - "-" "meta-externalagent/1.1 (+https://developers.facebook.com/docs/sharing/webmasters/crawler)"
20.171.207.65 - - [20/Jul/2025:01:30:48 +0000] "GET /items/decor/cushion-covers/4148412/ HTTP/1.1" 200 - "-" "Mozilla/5.0 AppleWebKit/537.36 (KHTML, like Gecko; compatible; GPTBot/1.2; +https://openai.com/gptbot)"
20.171.207.65 - - [20/Jul/2025:01:31:50 +0000] "GET /items/beauty/women-perfume/3351171/ HTTP/1.1" 200 - "-" "Mozilla/5.0 AppleWebKit/537.36 (KHTML, like Gecko; compatible; GPTBot/1.2; +https://openai.com/gptbot)"
66.249.74.108 - - [20/Jul/2025:01:32:03 +0000] "GET /product/edit/S3770836955 HTTP/1.1" 200 19393 "-" "Mozilla/5.0 (Linux; Android 6.0.1; Nexus 5X Build/MMB29P) AppleWebKit/537.36 (KHTML, like Gecko) Chrome/137.0.7151.103 Mobile Safari/537.36 (compatible; Googlebot/2.1; +http://www.google.com/bot.html)"
66.249.74.109 - - [20/Jul/2025:01:32:21 +0000] "GET /special/411278632 HTTP/1.1" 200 19040 "-" "Mozilla/5.0 (Linux; Android 6.0.1; Nexus 5X Build/MMB29P) AppleWebKit/537.36 (KHTML, like Gecko) Chrome/137.0.7151.103 Mobile Safari/537.36 (compatible; Googlebot/2.1; +http://www.google.com/bot.html)"
66.249.74.108 - - [20/Jul/2025:01:32:44 +0000] "POST /get-message-notify HTTP/1.1" 200 19463 "https://www.sainature.group/special/411278632" "Mozilla/5.0 (Linux; Android 6.0.1; Nexus 5X Build/MMB29P) AppleWebKit/537.36 (KHTML, like Gecko) Chrome/137.0.7151.119 Mobile Safari/537.36 (compatible; Googlebot/2.1; +http://www.google.com/bot.html)"
20.171.207.65 - - [20/Jul/2025:01:32:53 +0000] "GET /items/cars/motorcycle-wear/1868692/ HTTP/1.1" 200 - "-" "Mozilla/5.0 AppleWebKit/537.36 (KHTML, like Gecko; compatible; GPTBot/1.2; +https://openai.com/gptbot)"
57.141.2.28 - - [20/Jul/2025:01:32:56 +0000] "GET /special/308201588 HTTP/1.1" 200 - "-" "meta-externalagent/1.1 (+https://developers.facebook.com/docs/sharing/webmasters/crawler)"
57.141.2.28 - - [20/Jul/2025:01:33:02 +0000] "GET /special/308300820 HTTP/1.1" 200 - "-" "meta-externalagent/1.1 (+https://developers.facebook.com/docs/sharing/webmasters/crawler)"
57.141.2.4 - - [20/Jul/2025:01:33:22 +0000] "GET /special/308245964 HTTP/1.1" 200 - "-" "meta-externalagent/1.1 (+https://developers.facebook.com/docs/sharing/webmasters/crawler)"
20.171.207.65 - - [20/Jul/2025:01:33:53 +0000] "GET /items/interior/metal-racks/4728996/ HTTP/1.1" 200 - "-" "Mozilla/5.0 AppleWebKit/537.36 (KHTML, like Gecko; compatible; GPTBot/1.2; +https://openai.com/gptbot)"
125.77.104.187 - - [20/Jul/2025:01:34:22 +0000] "GET / HTTP/1.1" 200 - "https://sainature.group/" "Mozilla/5.0 (Windows NT 6.1; WOW64) AppleWebKit/537.36 (KHTML, like Gecko) Chrome/50.0.2661.102 Safari/537.36"
66.249.74.108 - - [20/Jul/2025:01:34:53 +0000] "GET /special/23775492 HTTP/1.1" 200 20464 "-" "Mozilla/5.0 (Linux; Android 6.0.1; Nexus 5X Build/MMB29P) AppleWebKit/537.36 (KHTML, like Gecko) Chrome/137.0.7151.103 Mobile Safari/537.36 (compatible; Googlebot/2.1; +http://www.google.com/bot.html)"
20.171.207.65 - - [20/Jul/2025:01:34:58 +0000] "GET /items/computers/gaming-pcs/2377053/ HTTP/1.1" 200 - "-" "Mozilla/5.0 AppleWebKit/537.36 (KHTML, like Gecko; compatible; GPTBot/1.2; +https://openai.com/gptbot)"
66.249.74.108 - - [20/Jul/2025:01:34:59 +0000] "GET /product/edit/S2909457687 HTTP/1.1" 200 21461 "-" "Mozilla/5.0 (Linux; Android 6.0.1; Nexus 5X Build/MMB29P) AppleWebKit/537.36 (KHTML, like Gecko) Chrome/137.0.7151.103 Mobile Safari/537.36 (compatible; Googlebot/2.1; +http://www.google.com/bot.html)"
66.249.74.109 - - [20/Jul/2025:01:35:03 +0000] "POST /get-message-notify HTTP/1.1" 200 19463 "https://www.sainature.group/special/23775492" "Mozilla/5.0 (Linux; Android 6.0.1; Nexus 5X Build/MMB29P) AppleWebKit/537.36 (KHTML, like Gecko) Chrome/137.0.7151.119 Mobile Safari/537.36 (compatible; Googlebot/2.1; +http://www.google.com/bot.html)"
66.249.74.108 - - [20/Jul/2025:01:35:05 +0000] "POST /get-message-notify HTTP/1.1" 200 19463 "https://www.sainature.group/product/edit/S2909457687" "Mozilla/5.0 (Linux; Android 6.0.1; Nexus 5X Build/MMB29P) AppleWebKit/537.36 (KHTML, like Gecko) Chrome/137.0.7151.119 Mobile Safari/537.36 (compatible; Googlebot/2.1; +http://www.google.com/bot.html)"
57.141.2.7 - - [20/Jul/2025:01:35:36 +0000] "GET /special/308272152 HTTP/1.1" 200 - "-" "meta-externalagent/1.1 (+https://developers.facebook.com/docs/sharing/webmasters/crawler)"
57.141.2.5 - - [20/Jul/2025:01:35:59 +0000] "GET /special/308217764 HTTP/1.1" 200 - "-" "meta-externalagent/1.1 (+https://developers.facebook.com/docs/sharing/webmasters/crawler)"
20.171.207.65 - - [20/Jul/2025:01:36:03 +0000] "GET /items/diet/aroma-diffusers/2358290/ HTTP/1.1" 200 - "-" "Mozilla/5.0 AppleWebKit/537.36 (KHTML, like Gecko; compatible; GPTBot/1.2; +https://openai.com/gptbot)"
66.249.74.110 - - [20/Jul/2025:01:36:14 +0000] "GET /special/5276492 HTTP/1.1" 200 19390 "-" "Mozilla/5.0 (Linux; Android 6.0.1; Nexus 5X Build/MMB29P) AppleWebKit/537.36 (KHTML, like Gecko) Chrome/137.0.7151.103 Mobile Safari/537.36 (compatible; Googlebot/2.1; +http://www.google.com/bot.html)"
20.171.207.65 - - [20/Jul/2025:01:37:04 +0000] "GET /items/flowers/flowers/4895843/ HTTP/1.1" 200 - "-" "Mozilla/5.0 AppleWebKit/537.36 (KHTML, like Gecko; compatible; GPTBot/1.2; +https://openai.com/gptbot)"
66.249.74.109 - - [20/Jul/2025:01:37:33 +0000] "GET /special/25613988 HTTP/1.1" 200 19894 "-" "Mozilla/5.0 (Linux; Android 6.0.1; Nexus 5X Build/MMB29P) AppleWebKit/537.36 (KHTML, like Gecko) Chrome/137.0.7151.103 Mobile Safari/537.36 (compatible; Googlebot/2.1; +http://www.google.com/bot.html)"
20.171.207.65 - - [20/Jul/2025:01:38:06 +0000] "GET /items/alcohol/cooking-ingredients/3671898/ HTTP/1.1" 200 - "-" "Mozilla/5.0 AppleWebKit/537.36 (KHTML, like Gecko; compatible; GPTBot/1.2; +https://openai.com/gptbot)"
57.141.2.13 - - [20/Jul/2025:01:38:14 +0000] "GET /special/308216604 HTTP/1.1" 200 - "-" "meta-externalagent/1.1 (+https://developers.facebook.com/docs/sharing/webmasters/crawler)"
57.141.2.15 - - [20/Jul/2025:01:38:16 +0000] "GET /special/308034516 HTTP/1.1" 200 - "-" "meta-externalagent/1.1 (+https://developers.facebook.com/docs/sharing/webmasters/crawler)"
57.141.2.29 - - [20/Jul/2025:01:38:17 +0000] "GET /special/308177696 HTTP/1.1" 200 - "-" "meta-externalagent/1.1 (+https://developers.facebook.com/docs/sharing/webmasters/crawler)"
57.141.2.9 - - [20/Jul/2025:01:38:35 +0000] "GET /special/308270324 HTTP/1.1" 200 - "-" "meta-externalagent/1.1 (+https://developers.facebook.com/docs/sharing/webmasters/crawler)"
66.249.74.108 - - [20/Jul/2025:01:39:02 +0000] "GET /special/25563576 HTTP/1.1" 200 19086 "-" "Mozilla/5.0 (Linux; Android 6.0.1; Nexus 5X Build/MMB29P) AppleWebKit/537.36 (KHTML, like Gecko) Chrome/137.0.7151.103 Mobile Safari/537.36 (compatible; Googlebot/2.1; +http://www.google.com/bot.html)"
66.249.74.109 - - [20/Jul/2025:01:39:05 +0000] "POST /get-message-notify HTTP/1.1" 200 19463 "https://www.sainature.group/special/25563576" "Mozilla/5.0 (Linux; Android 6.0.1; Nexus 5X Build/MMB29P) AppleWebKit/537.36 (KHTML, like Gecko) Chrome/137.0.7151.119 Mobile Safari/537.36 (compatible; Googlebot/2.1; +http://www.google.com/bot.html)"
20.171.207.65 - - [20/Jul/2025:01:39:10 +0000] "GET /items/blu-ray/variety-shows/2037624/ HTTP/1.1" 200 - "-" "Mozilla/5.0 AppleWebKit/537.36 (KHTML, like Gecko; compatible; GPTBot/1.2; +https://openai.com/gptbot)"
57.141.2.21 - - [20/Jul/2025:01:39:17 +0000] "GET /special/308272844 HTTP/1.1" 200 - "-" "meta-externalagent/1.1 (+https://developers.facebook.com/docs/sharing/webmasters/crawler)"
