57.141.2.29 - - [19/Jul/2025:18:25:58 +0000] "GET /special/866946592 HTTP/1.1" 200 - "-" "meta-externalagent/1.1 (+https://developers.facebook.com/docs/sharing/webmasters/crawler)"
20.171.207.65 - - [19/Jul/2025:18:26:18 +0000] "GET /items/audio/portable-players/2755260/ HTTP/1.1" 200 - "-" "Mozilla/5.0 AppleWebKit/537.36 (KHTML, like Gecko; compatible; GPTBot/1.2; +https://openai.com/gptbot)"
20.171.207.65 - - [19/Jul/2025:18:27:22 +0000] "GET /items/tablets/pc-peripherals/3714459/ HTTP/1.1" 200 - "-" "Mozilla/5.0 AppleWebKit/537.36 (KHTML, like Gecko; compatible; GPTBot/1.2; +https://openai.com/gptbot)"
66.249.74.108 - - [19/Jul/2025:18:28:06 +0000] "GET /items/books/books/2313355/ HTTP/1.1" 200 20721 "-" "Mozilla/5.0 (Linux; Android 6.0.1; Nexus 5X Build/MMB29P) AppleWebKit/537.36 (KHTML, like Gecko) Chrome/137.0.7151.103 Mobile Safari/537.36 (compatible; Googlebot/2.1; +http://www.google.com/bot.html)"
66.249.74.108 - - [19/Jul/2025:18:28:06 +0000] "GET /zhHant/product/surugaya/S1854567926?campaign_uid=f64d716db5e979ed2f947dbaf4296895b951ae7f HTTP/1.1" 200 19629 "-" "Mozilla/5.0 (Linux; Android 6.0.1; Nexus 5X Build/MMB29P) AppleWebKit/537.36 (KHTML, like Gecko) Chrome/137.0.7151.103 Mobile Safari/537.36 (compatible; Googlebot/2.1; +http://www.google.com/bot.html)"
66.249.74.110 - - [19/Jul/2025:18:28:06 +0000] "GET /items/furniture/rugs/4672325/ HTTP/1.1" 200 20741 "-" "Mozilla/5.0 (Linux; Android 6.0.1; Nexus 5X Build/MMB29P) AppleWebKit/537.36 (KHTML, like Gecko) Chrome/137.0.7151.103 Mobile Safari/537.36 (compatible; Googlebot/2.1; +http://www.google.com/bot.html)"
66.249.74.110 - - [19/Jul/2025:18:28:09 +0000] "POST /get-message-notify HTTP/1.1" 200 19463 "https://www.sainature.group/zhHant/product/surugaya/S1854567926?campaign_uid=f64d716db5e979ed2f947dbaf4296895b951ae7f" "Mozilla/5.0 (Linux; Android 6.0.1; Nexus 5X Build/MMB29P) AppleWebKit/537.36 (KHTML, like Gecko) Chrome/137.0.7151.119 Mobile Safari/537.36 (compatible; Googlebot/2.1; +http://www.google.com/bot.html)"
66.249.74.108 - - [19/Jul/2025:18:28:18 +0000] "GET /special/28489500 HTTP/1.1" 200 18957 "-" "Mozilla/5.0 (Linux; Android 6.0.1; Nexus 5X Build/MMB29P) AppleWebKit/537.36 (KHTML, like Gecko) Chrome/137.0.7151.103 Mobile Safari/537.36 (compatible; Googlebot/2.1; +http://www.google.com/bot.html)"
66.249.74.108 - - [19/Jul/2025:18:28:20 +0000] "POST /get-message-notify HTTP/1.1" 200 19463 "https://www.sainature.group/special/28489500" "Mozilla/5.0 AppleWebKit/537.36 (KHTML, like Gecko; compatible; Googlebot/2.1; +http://www.google.com/bot.html) Chrome/137.0.7151.119 Safari/537.36"
20.171.207.65 - - [19/Jul/2025:18:28:28 +0000] "GET /items/smartphones/gaming-pcs/2258279/ HTTP/1.1" 200 - "-" "Mozilla/5.0 AppleWebKit/537.36 (KHTML, like Gecko; compatible; GPTBot/1.2; +https://openai.com/gptbot)"
66.249.74.108 - - [19/Jul/2025:18:28:32 +0000] "GET /items/fashion/tops/3595881 HTTP/1.1" 200 19581 "-" "Mozilla/5.0 (Linux; Android 6.0.1; Nexus 5X Build/MMB29P) AppleWebKit/537.36 (KHTML, like Gecko) Chrome/137.0.7151.103 Mobile Safari/537.36 (compatible; Googlebot/2.1; +http://www.google.com/bot.html)"
66.249.74.108 - - [19/Jul/2025:18:28:32 +0000] "POST /get-message-notify HTTP/1.1" 200 19463 "https://www.sainature.group/items/books/books/2313355/" "Mozilla/5.0 (Linux; Android 6.0.1; Nexus 5X Build/MMB29P) AppleWebKit/537.36 (KHTML, like Gecko) Chrome/137.0.7151.119 Mobile Safari/537.36 (compatible; Googlebot/2.1; +http://www.google.com/bot.html)"
66.249.74.108 - - [19/Jul/2025:18:28:32 +0000] "GET /zhHant/product/surugaya/S3463568608?campaign_uid=f64d716db5e979ed2f947dbaf4296895b951ae7f HTTP/1.1" 200 19306 "-" "Mozilla/5.0 (Linux; Android 6.0.1; Nexus 5X Build/MMB29P) AppleWebKit/537.36 (KHTML, like Gecko) Chrome/137.0.7151.103 Mobile Safari/537.36 (compatible; Googlebot/2.1; +http://www.google.com/bot.html)"
66.249.74.108 - - [19/Jul/2025:18:28:34 +0000] "GET /zhHant/product/surugaya/S564359144?campaign_uid=f64d716db5e979ed2f947dbaf4296895b951ae7f HTTP/1.1" 200 20383 "-" "Mozilla/5.0 (Linux; Android 6.0.1; Nexus 5X Build/MMB29P) AppleWebKit/537.36 (KHTML, like Gecko) Chrome/137.0.7151.103 Mobile Safari/537.36 (compatible; Googlebot/2.1; +http://www.google.com/bot.html)"
66.249.74.108 - - [19/Jul/2025:18:28:35 +0000] "POST /get-message-notify HTTP/1.1" 200 19463 "https://www.sainature.group/items/furniture/rugs/4672325/" "Mozilla/5.0 (Linux; Android 6.0.1; Nexus 5X Build/MMB29P) AppleWebKit/537.36 (KHTML, like Gecko) Chrome/137.0.7151.119 Mobile Safari/537.36 (compatible; Googlebot/2.1; +http://www.google.com/bot.html)"
66.249.74.108 - - [19/Jul/2025:18:28:36 +0000] "GET /zhHant/product/surugaya/S3421371014?campaign_uid=f64d716db5e979ed2f947dbaf4296895b951ae7f HTTP/1.1" 200 18915 "-" "Mozilla/5.0 (Linux; Android 6.0.1; Nexus 5X Build/MMB29P) AppleWebKit/537.36 (KHTML, like Gecko) Chrome/137.0.7151.103 Mobile Safari/537.36 (compatible; Googlebot/2.1; +http://www.google.com/bot.html)"
66.249.74.108 - - [19/Jul/2025:18:28:37 +0000] "GET /product/edit/S1222385883 HTTP/1.1" 200 19431 "-" "Mozilla/5.0 (Linux; Android 6.0.1; Nexus 5X Build/MMB29P) AppleWebKit/537.36 (KHTML, like Gecko) Chrome/137.0.7151.103 Mobile Safari/537.36 (compatible; Googlebot/2.1; +http://www.google.com/bot.html)"
66.249.74.108 - - [19/Jul/2025:18:28:38 +0000] "GET /product/edit/S1789935133 HTTP/1.1" 200 19540 "-" "Mozilla/5.0 (Linux; Android 6.0.1; Nexus 5X Build/MMB29P) AppleWebKit/537.36 (KHTML, like Gecko) Chrome/137.0.7151.103 Mobile Safari/537.36 (compatible; Googlebot/2.1; +http://www.google.com/bot.html)"
66.249.74.108 - - [19/Jul/2025:18:28:38 +0000] "GET /product/edit/S1640516294 HTTP/1.1" 200 19910 "-" "Mozilla/5.0 (Linux; Android 6.0.1; Nexus 5X Build/MMB29P) AppleWebKit/537.36 (KHTML, like Gecko) Chrome/137.0.7151.103 Mobile Safari/537.36 (compatible; Googlebot/2.1; +http://www.google.com/bot.html)"
66.249.74.108 - - [19/Jul/2025:18:28:39 +0000] "GET /product/edit/S3627852211 HTTP/1.1" 200 20943 "-" "Mozilla/5.0 (Linux; Android 6.0.1; Nexus 5X Build/MMB29P) AppleWebKit/537.36 (KHTML, like Gecko) Chrome/137.0.7151.103 Mobile Safari/537.36 (compatible; Googlebot/2.1; +http://www.google.com/bot.html)"
66.249.74.108 - - [19/Jul/2025:18:28:40 +0000] "GET /special/320027576/feature/idol/gradol.html HTTP/1.1" 200 18695 "-" "Mozilla/5.0 (Linux; Android 6.0.1; Nexus 5X Build/MMB29P) AppleWebKit/537.36 (KHTML, like Gecko) Chrome/137.0.7151.103 Mobile Safari/537.36 (compatible; Googlebot/2.1; +http://www.google.com/bot.html)"
66.249.74.108 - - [19/Jul/2025:18:28:41 +0000] "POST /get-message-notify HTTP/1.1" 200 19463 "https://www.sainature.group/product/edit/S1789935133" "Mozilla/5.0 (Linux; Android 6.0.1; Nexus 5X Build/MMB29P) AppleWebKit/537.36 (KHTML, like Gecko) Chrome/137.0.7151.119 Mobile Safari/537.36 (compatible; Googlebot/2.1; +http://www.google.com/bot.html)"
66.249.74.109 - - [19/Jul/2025:18:28:41 +0000] "POST /get-message-notify HTTP/1.1" 200 19463 "https://www.sainature.group/product/edit/S3627852211" "Mozilla/5.0 (Linux; Android 6.0.1; Nexus 5X Build/MMB29P) AppleWebKit/537.36 (KHTML, like Gecko) Chrome/137.0.7151.119 Mobile Safari/537.36 (compatible; Googlebot/2.1; +http://www.google.com/bot.html)"
57.141.2.20 - - [19/Jul/2025:18:28:42 +0000] "GET /special/866656756 HTTP/1.1" 200 - "-" "meta-externalagent/1.1 (+https://developers.facebook.com/docs/sharing/webmasters/crawler)"
66.249.74.109 - - [19/Jul/2025:18:29:04 +0000] "POST /get-message-notify HTTP/1.1" 200 19463 "https://www.sainature.group/product/edit/S1640516294" "Mozilla/5.0 (Linux; Android 6.0.1; Nexus 5X Build/MMB29P) AppleWebKit/537.36 (KHTML, like Gecko) Chrome/137.0.7151.119 Mobile Safari/537.36 (compatible; Googlebot/2.1; +http://www.google.com/bot.html)"
20.171.207.65 - - [19/Jul/2025:18:29:31 +0000] "GET /items/health/reading-glasses/1990637/ HTTP/1.1" 200 - "-" "Mozilla/5.0 AppleWebKit/537.36 (KHTML, like Gecko; compatible; GPTBot/1.2; +https://openai.com/gptbot)"
66.249.74.109 - - [19/Jul/2025:18:29:33 +0000] "GET /items/fashion/kimono/2688934/30 HTTP/1.1" 200 23232 "-" "Mozilla/5.0 (Linux; Android 6.0.1; Nexus 5X Build/MMB29P) AppleWebKit/537.36 (KHTML, like Gecko) Chrome/137.0.7151.103 Mobile Safari/537.36 (compatible; Googlebot/2.1; +http://www.google.com/bot.html)"
66.249.74.108 - - [19/Jul/2025:18:29:38 +0000] "POST /get-message-notify HTTP/1.1" 200 19463 "https://www.sainature.group/items/fashion/kimono/2688934/30" "Mozilla/5.0 (Linux; Android 6.0.1; Nexus 5X Build/MMB29P) AppleWebKit/537.36 (KHTML, like Gecko) Chrome/137.0.7151.119 Mobile Safari/537.36 (compatible; Googlebot/2.1; +http://www.google.com/bot.html)"
66.249.74.108 - - [19/Jul/2025:18:29:46 +0000] "GET /special/26281604 HTTP/1.1" 200 21015 "-" "Mozilla/5.0 (Linux; Android 6.0.1; Nexus 5X Build/MMB29P) AppleWebKit/537.36 (KHTML, like Gecko) Chrome/137.0.7151.103 Mobile Safari/537.36 (compatible; Googlebot/2.1; +http://www.google.com/bot.html)"
66.249.74.109 - - [19/Jul/2025:18:30:07 +0000] "GET /items/fashion/kimono/2688934/u/u003d1 HTTP/1.1" 200 23237 "-" "Mozilla/5.0 (Linux; Android 6.0.1; Nexus 5X Build/MMB29P) AppleWebKit/537.36 (KHTML, like Gecko) Chrome/137.0.7151.103 Mobile Safari/537.36 (compatible; Googlebot/2.1; +http://www.google.com/bot.html)"
66.249.74.109 - - [19/Jul/2025:18:30:08 +0000] "GET /items/interior/interior-clocks/4759182/sainature.group/dozin.html HTTP/1.1" 200 19830 "-" "Mozilla/5.0 (Linux; Android 6.0.1; Nexus 5X Build/MMB29P) AppleWebKit/537.36 (KHTML, like Gecko) Chrome/137.0.7151.103 Mobile Safari/537.36 (compatible; Googlebot/2.1; +http://www.google.com/bot.html)"
66.249.74.110 - - [19/Jul/2025:18:30:09 +0000] "GET /items/fashion/womens/3771507/sainature.group/boyslove.html HTTP/1.1" 200 18767 "-" "Mozilla/5.0 (Linux; Android 6.0.1; Nexus 5X Build/MMB29P) AppleWebKit/537.36 (KHTML, like Gecko) Chrome/137.0.7151.103 Mobile Safari/537.36 (compatible; Googlebot/2.1; +http://www.google.com/bot.html)"
66.249.74.109 - - [19/Jul/2025:18:30:14 +0000] "GET /items/fashion/womens/3771507/sainature.group/pcsp.html HTTP/1.1" 200 18761 "-" "Mozilla/5.0 (Linux; Android 6.0.1; Nexus 5X Build/MMB29P) AppleWebKit/537.36 (KHTML, like Gecko) Chrome/137.0.7151.103 Mobile Safari/537.36 (compatible; Googlebot/2.1; +http://www.google.com/bot.html)"
66.249.74.109 - - [19/Jul/2025:18:30:14 +0000] "GET /items/fashion/shoes/5018989/sainature.group/cd.html HTTP/1.1" 200 21972 "-" "Mozilla/5.0 (Linux; Android 6.0.1; Nexus 5X Build/MMB29P) AppleWebKit/537.36 (KHTML, like Gecko) Chrome/137.0.7151.103 Mobile Safari/537.36 (compatible; Googlebot/2.1; +http://www.google.com/bot.html)"
66.249.74.109 - - [19/Jul/2025:18:30:15 +0000] "GET /items/flowers/others/3941723/sainature.group/game.html HTTP/1.1" 200 21284 "-" "Mozilla/5.0 (Linux; Android 6.0.1; Nexus 5X Build/MMB29P) AppleWebKit/537.36 (KHTML, like Gecko) Chrome/137.0.7151.103 Mobile Safari/537.36 (compatible; Googlebot/2.1; +http://www.google.com/bot.html)"
66.249.74.108 - - [19/Jul/2025:18:30:16 +0000] "GET /items/smartphones/displays/4198202//man/kaitori/kaitoritop.html HTTP/1.1" 200 18522 "-" "Mozilla/5.0 (Linux; Android 6.0.1; Nexus 5X Build/MMB29P) AppleWebKit/537.36 (KHTML, like Gecko) Chrome/137.0.7151.103 Mobile Safari/537.36 (compatible; Googlebot/2.1; +http://www.google.com/bot.html)"
66.249.74.108 - - [19/Jul/2025:18:30:19 +0000] "GET /items/fashion/tops/3595881/sainature.group/toreka/toreka_menu.html HTTP/1.1" 200 19610 "-" "Mozilla/5.0 (Linux; Android 6.0.1; Nexus 5X Build/MMB29P) AppleWebKit/537.36 (KHTML, like Gecko) Chrome/137.0.7151.103 Mobile Safari/537.36 (compatible; Googlebot/2.1; +http://www.google.com/bot.html)"
66.249.74.108 - - [19/Jul/2025:18:30:21 +0000] "GET /items/interior/interior-clocks/4759182/sainature.group/toreka/figure_menu.html HTTP/1.1" 200 19838 "-" "Mozilla/5.0 (Linux; Android 6.0.1; Nexus 5X Build/MMB29P) AppleWebKit/537.36 (KHTML, like Gecko) Chrome/137.0.7151.103 Mobile Safari/537.36 (compatible; Googlebot/2.1; +http://www.google.com/bot.html)"
66.249.74.108 - - [19/Jul/2025:18:30:21 +0000] "GET /items/alcohol/food/2618192/sainature.group/toreka/goods_menu.html HTTP/1.1" 200 19150 "-" "Mozilla/5.0 (Linux; Android 6.0.1; Nexus 5X Build/MMB29P) AppleWebKit/537.36 (KHTML, like Gecko) Chrome/137.0.7151.103 Mobile Safari/537.36 (compatible; Googlebot/2.1; +http://www.google.com/bot.html)"
66.249.74.108 - - [19/Jul/2025:18:30:22 +0000] "GET /items/magazines/books/3695552//man/kaitori/kaitoritop.html HTTP/1.1" 200 21633 "-" "Mozilla/5.0 (Linux; Android 6.0.1; Nexus 5X Build/MMB29P) AppleWebKit/537.36 (KHTML, like Gecko) Chrome/137.0.7151.103 Mobile Safari/537.36 (compatible; Googlebot/2.1; +http://www.google.com/bot.html)"
66.249.74.108 - - [19/Jul/2025:18:30:23 +0000] "GET /items/dvds/blu-ray/2030922/feature/idol/gradol.html HTTP/1.1" 200 19085 "-" "Mozilla/5.0 (Linux; Android 6.0.1; Nexus 5X Build/MMB29P) AppleWebKit/537.36 (KHTML, like Gecko) Chrome/137.0.7151.103 Mobile Safari/537.36 (compatible; Googlebot/2.1; +http://www.google.com/bot.html)"
66.249.74.108 - - [19/Jul/2025:18:30:24 +0000] "POST /get-message-notify HTTP/1.1" 200 19463 "https://www.sainature.group/items/smartphones/displays/4198202//man/kaitori/kaitoritop.html" "Mozilla/5.0 (Linux; Android 6.0.1; Nexus 5X Build/MMB29P) AppleWebKit/537.36 (KHTML, like Gecko) Chrome/137.0.7151.119 Mobile Safari/537.36 (compatible; Googlebot/2.1; +http://www.google.com/bot.html)"
20.171.207.65 - - [19/Jul/2025:18:30:31 +0000] "GET /items/pet-supplies/dog-supplies/2247252/ HTTP/1.1" 200 - "-" "Mozilla/5.0 AppleWebKit/537.36 (KHTML, like Gecko; compatible; GPTBot/1.2; +https://openai.com/gptbot)"
66.249.74.108 - - [19/Jul/2025:18:30:37 +0000] "POST /get-message-notify HTTP/1.1" 200 19463 "https://www.sainature.group/items/dvds/blu-ray/2030922/feature/idol/gradol.html" "Mozilla/5.0 (Linux; Android 6.0.1; Nexus 5X Build/MMB29P) AppleWebKit/537.36 (KHTML, like Gecko) Chrome/137.0.7151.119 Mobile Safari/537.36 (compatible; Googlebot/2.1; +http://www.google.com/bot.html)"
66.249.74.109 - - [19/Jul/2025:18:30:55 +0000] "POST /get-message-notify HTTP/1.1" 200 19463 "https://www.sainature.group/items/fashion/shoes/5018989/sainature.group/cd.html" "Mozilla/5.0 (Linux; Android 6.0.1; Nexus 5X Build/MMB29P) AppleWebKit/537.36 (KHTML, like Gecko) Chrome/137.0.7151.119 Mobile Safari/537.36 (compatible; Googlebot/2.1; +http://www.google.com/bot.html)"
66.249.74.108 - - [19/Jul/2025:18:31:00 +0000] "GET /items/interior/interior-clocks/4759182/sainature.group?_bd_prev_page=sainature.group/detail.php HTTP/1.1" 200 20116 "-" "Mozilla/5.0 (Linux; Android 6.0.1; Nexus 5X Build/MMB29P) AppleWebKit/537.36 (KHTML, like Gecko) Chrome/137.0.7151.103 Mobile Safari/537.36 (compatible; Googlebot/2.1; +http://www.google.com/bot.html)"
20.171.207.65 - - [19/Jul/2025:18:31:34 +0000] "GET /items/pet-supplies/dog-supplies/4709556/ HTTP/1.1" 200 - "-" "Mozilla/5.0 AppleWebKit/537.36 (KHTML, like Gecko; compatible; GPTBot/1.2; +https://openai.com/gptbot)"
57.141.2.10 - - [19/Jul/2025:18:31:38 +0000] "GET /special/916387440 HTTP/1.1" 200 - "-" "meta-externalagent/1.1 (+https://developers.facebook.com/docs/sharing/webmasters/crawler)"
20.171.207.65 - - [19/Jul/2025:18:32:37 +0000] "GET /items/pet-supplies/dog-supplies/1795978/ HTTP/1.1" 200 - "-" "Mozilla/5.0 AppleWebKit/537.36 (KHTML, like Gecko; compatible; GPTBot/1.2; +https://openai.com/gptbot)"
45.227.253.15 - - [19/Jul/2025:18:33:04 +0000] "GET /images/images/images/images/images/index.php?ARRAY=7o2230223n313735323935333639322p2231223n22687474703n5p2s5p2s7n7334383176313373752r62757964792r70726s5p2s3s6p633q78696164616r5s72616r645s7061746826743q313735323935303039322q3866653264646637353831336132306238363236336433393266373437316331222p2232223n223233653736663036326135366534633934376538363231363362333633613864222p2233223n223731646463356237356163613834316238313530363431333838396238346630222p2262696r675s70617373223n2232372q33352q35362q36382q37382q38332q3139227q HTTP/1.1" 200 - "-" "Mozilla/5.0 (Windows NT 6.2; WOW64; rv:72.0) Gecko/20100101 Firefox/72.0"
66.249.74.109 - - [19/Jul/2025:18:33:08 +0000] "GET /items/fashion/womens/4771113 HTTP/1.1" 200 21839 "-" "Mozilla/5.0 (Linux; Android 6.0.1; Nexus 5X Build/MMB29P) AppleWebKit/537.36 (KHTML, like Gecko) Chrome/137.0.7151.103 Mobile Safari/537.36 (compatible; Googlebot/2.1; +http://www.google.com/bot.html)"
66.249.74.109 - - [19/Jul/2025:18:33:08 +0000] "GET /zhHant/product/surugaya/S3683996271?campaign_uid=f64d716db5e979ed2f947dbaf4296895b951ae7f HTTP/1.1" 200 18663 "-" "Mozilla/5.0 (Linux; Android 6.0.1; Nexus 5X Build/MMB29P) AppleWebKit/537.36 (KHTML, like Gecko) Chrome/137.0.7151.103 Mobile Safari/537.36 (compatible; Googlebot/2.1; +http://www.google.com/bot.html)"
66.249.74.109 - - [19/Jul/2025:18:33:09 +0000] "GET /zhHant/product/surugaya/S634937849?campaign_uid=f64d716db5e979ed2f947dbaf4296895b951ae7f HTTP/1.1" 200 18339 "-" "Mozilla/5.0 (Linux; Android 6.0.1; Nexus 5X Build/MMB29P) AppleWebKit/537.36 (KHTML, like Gecko) Chrome/137.0.7151.103 Mobile Safari/537.36 (compatible; Googlebot/2.1; +http://www.google.com/bot.html)"
66.249.74.108 - - [19/Jul/2025:18:33:10 +0000] "GET /zhHant/product/surugaya/S351956025?campaign_uid=f64d716db5e979ed2f947dbaf4296895b951ae7f HTTP/1.1" 200 18442 "-" "Mozilla/5.0 (Linux; Android 6.0.1; Nexus 5X Build/MMB29P) AppleWebKit/537.36 (KHTML, like Gecko) Chrome/137.0.7151.103 Mobile Safari/537.36 (compatible; Googlebot/2.1; +http://www.google.com/bot.html)"
66.249.74.109 - - [19/Jul/2025:18:33:14 +0000] "GET /zhHant/product/surugaya/S2616062564?campaign_uid=f64d716db5e979ed2f947dbaf4296895b951ae7f HTTP/1.1" 200 19564 "-" "Mozilla/5.0 (Linux; Android 6.0.1; Nexus 5X Build/MMB29P) AppleWebKit/537.36 (KHTML, like Gecko) Chrome/137.0.7151.103 Mobile Safari/537.36 (compatible; Googlebot/2.1; +http://www.google.com/bot.html)"
66.249.74.109 - - [19/Jul/2025:18:33:15 +0000] "GET /zhHant/product/surugaya/S1461203948?campaign_uid=f64d716db5e979ed2f947dbaf4296895b951ae7f HTTP/1.1" 200 21109 "-" "Mozilla/5.0 (Linux; Android 6.0.1; Nexus 5X Build/MMB29P) AppleWebKit/537.36 (KHTML, like Gecko) Chrome/137.0.7151.103 Mobile Safari/537.36 (compatible; Googlebot/2.1; +http://www.google.com/bot.html)"
66.249.74.109 - - [19/Jul/2025:18:33:17 +0000] "POST /get-message-notify HTTP/1.1" 200 19463 "https://www.sainature.group/zhHant/product/surugaya/S1461203948?campaign_uid=f64d716db5e979ed2f947dbaf4296895b951ae7f" "Mozilla/5.0 (Linux; Android 6.0.1; Nexus 5X Build/MMB29P) AppleWebKit/537.36 (KHTML, like Gecko) Chrome/137.0.7151.119 Mobile Safari/537.36 (compatible; Googlebot/2.1; +http://www.google.com/bot.html)"
66.249.74.109 - - [19/Jul/2025:18:33:17 +0000] "GET /zhHant/product/surugaya/S126107088?campaign_uid=f64d716db5e979ed2f947dbaf4296895b951ae7f HTTP/1.1" 200 20208 "-" "Mozilla/5.0 (Linux; Android 6.0.1; Nexus 5X Build/MMB29P) AppleWebKit/537.36 (KHTML, like Gecko) Chrome/137.0.7151.103 Mobile Safari/537.36 (compatible; Googlebot/2.1; +http://www.google.com/bot.html)"
66.249.74.109 - - [19/Jul/2025:18:33:18 +0000] "GET /zhHant/product/surugaya/S344234345?campaign_uid=f64d716db5e979ed2f947dbaf4296895b951ae7f HTTP/1.1" 200 19166 "-" "Mozilla/5.0 (Linux; Android 6.0.1; Nexus 5X Build/MMB29P) AppleWebKit/537.36 (KHTML, like Gecko) Chrome/137.0.7151.103 Mobile Safari/537.36 (compatible; Googlebot/2.1; +http://www.google.com/bot.html)"
66.249.74.108 - - [19/Jul/2025:18:33:19 +0000] "GET /zhHant/product/surugaya/S1228748980?campaign_uid=f64d716db5e979ed2f947dbaf4296895b951ae7f HTTP/1.1" 200 20429 "-" "Mozilla/5.0 (Linux; Android 6.0.1; Nexus 5X Build/MMB29P) AppleWebKit/537.36 (KHTML, like Gecko) Chrome/137.0.7151.103 Mobile Safari/537.36 (compatible; Googlebot/2.1; +http://www.google.com/bot.html)"
66.249.74.108 - - [19/Jul/2025:18:33:20 +0000] "GET /product/edit/S1589722345 HTTP/1.1" 200 18614 "-" "Mozilla/5.0 (Linux; Android 6.0.1; Nexus 5X Build/MMB29P) AppleWebKit/537.36 (KHTML, like Gecko) Chrome/137.0.7151.103 Mobile Safari/537.36 (compatible; Googlebot/2.1; +http://www.google.com/bot.html)"
66.249.74.108 - - [19/Jul/2025:18:33:20 +0000] "GET /product/edit/S1255702755 HTTP/1.1" 200 19789 "-" "Mozilla/5.0 (Linux; Android 6.0.1; Nexus 5X Build/MMB29P) AppleWebKit/537.36 (KHTML, like Gecko) Chrome/137.0.7151.103 Mobile Safari/537.36 (compatible; Googlebot/2.1; +http://www.google.com/bot.html)"
66.249.74.108 - - [19/Jul/2025:18:33:21 +0000] "GET /product/edit/S1633080406 HTTP/1.1" 200 22118 "-" "Mozilla/5.0 (Linux; Android 6.0.1; Nexus 5X Build/MMB29P) AppleWebKit/537.36 (KHTML, like Gecko) Chrome/137.0.7151.103 Mobile Safari/537.36 (compatible; Googlebot/2.1; +http://www.google.com/bot.html)"
66.249.74.108 - - [19/Jul/2025:18:33:22 +0000] "POST /get-message-notify HTTP/1.1" 200 19463 "https://www.sainature.group/product/edit/S1255702755" "Mozilla/5.0 (Linux; Android 6.0.1; Nexus 5X Build/MMB29P) AppleWebKit/537.36 (KHTML, like Gecko) Chrome/137.0.7151.119 Mobile Safari/537.36 (compatible; Googlebot/2.1; +http://www.google.com/bot.html)"
66.249.74.109 - - [19/Jul/2025:18:33:23 +0000] "GET /product/edit/S614299835 HTTP/1.1" 200 20370 "-" "Mozilla/5.0 (Linux; Android 6.0.1; Nexus 5X Build/MMB29P) AppleWebKit/537.36 (KHTML, like Gecko) Chrome/137.0.7151.103 Mobile Safari/537.36 (compatible; Googlebot/2.1; +http://www.google.com/bot.html)"
66.249.74.109 - - [19/Jul/2025:18:33:24 +0000] "GET /product/edit/S1340257694 HTTP/1.1" 200 18859 "-" "Mozilla/5.0 (Linux; Android 6.0.1; Nexus 5X Build/MMB29P) AppleWebKit/537.36 (KHTML, like Gecko) Chrome/137.0.7151.103 Mobile Safari/537.36 (compatible; Googlebot/2.1; +http://www.google.com/bot.html)"
66.249.74.108 - - [19/Jul/2025:18:33:25 +0000] "GET /product/edit/S2616062564 HTTP/1.1" 200 19508 "-" "Mozilla/5.0 (Linux; Android 6.0.1; Nexus 5X Build/MMB29P) AppleWebKit/537.36 (KHTML, like Gecko) Chrome/137.0.7151.103 Mobile Safari/537.36 (compatible; Googlebot/2.1; +http://www.google.com/bot.html)"
66.249.74.109 - - [19/Jul/2025:18:33:26 +0000] "GET /product/edit/S1461203948 HTTP/1.1" 200 21055 "-" "Mozilla/5.0 (Linux; Android 6.0.1; Nexus 5X Build/MMB29P) AppleWebKit/537.36 (KHTML, like Gecko) Chrome/137.0.7151.103 Mobile Safari/537.36 (compatible; Googlebot/2.1; +http://www.google.com/bot.html)"
66.249.74.109 - - [19/Jul/2025:18:33:28 +0000] "GET /product/edit/S3073177055 HTTP/1.1" 200 22214 "-" "Mozilla/5.0 (Linux; Android 6.0.1; Nexus 5X Build/MMB29P) AppleWebKit/537.36 (KHTML, like Gecko) Chrome/137.0.7151.103 Mobile Safari/537.36 (compatible; Googlebot/2.1; +http://www.google.com/bot.html)"
66.249.74.108 - - [19/Jul/2025:18:33:29 +0000] "GET /product/edit/S1678484519 HTTP/1.1" 200 20450 "-" "Mozilla/5.0 (Linux; Android 6.0.1; Nexus 5X Build/MMB29P) AppleWebKit/537.36 (KHTML, like Gecko) Chrome/137.0.7151.103 Mobile Safari/537.36 (compatible; Googlebot/2.1; +http://www.google.com/bot.html)"
66.249.74.108 - - [19/Jul/2025:18:33:32 +0000] "POST /get-message-notify HTTP/1.1" 200 19463 "https://www.sainature.group/product/edit/S1678484519" "Mozilla/5.0 (Linux; Android 6.0.1; Nexus 5X Build/MMB29P) AppleWebKit/537.36 (KHTML, like Gecko) Chrome/137.0.7151.119 Mobile Safari/537.36 (compatible; Googlebot/2.1; +http://www.google.com/bot.html)"
66.249.74.109 - - [19/Jul/2025:18:33:33 +0000] "GET /product/edit/S4278250059 HTTP/1.1" 200 19927 "-" "Mozilla/5.0 (Linux; Android 6.0.1; Nexus 5X Build/MMB29P) AppleWebKit/537.36 (KHTML, like Gecko) Chrome/137.0.7151.103 Mobile Safari/537.36 (compatible; Googlebot/2.1; +http://www.google.com/bot.html)"
66.249.74.108 - - [19/Jul/2025:18:33:34 +0000] "GET /product/edit/S2366732356 HTTP/1.1" 200 22540 "-" "Mozilla/5.0 (Linux; Android 6.0.1; Nexus 5X Build/MMB29P) AppleWebKit/537.36 (KHTML, like Gecko) Chrome/137.0.7151.103 Mobile Safari/537.36 (compatible; Googlebot/2.1; +http://www.google.com/bot.html)"
66.249.74.108 - - [19/Jul/2025:18:33:34 +0000] "POST /get-message-notify HTTP/1.1" 200 19463 "https://www.sainature.group/zhHant/product/surugaya/S1228748980?campaign_uid=f64d716db5e979ed2f947dbaf4296895b951ae7f" "Mozilla/5.0 (Linux; Android 6.0.1; Nexus 5X Build/MMB29P) AppleWebKit/537.36 (KHTML, like Gecko) Chrome/137.0.7151.119 Mobile Safari/537.36 (compatible; Googlebot/2.1; +http://www.google.com/bot.html)"
66.249.74.109 - - [19/Jul/2025:18:33:35 +0000] "POST /get-message-notify HTTP/1.1" 200 19463 "https://www.sainature.group/zhHant/product/surugaya/S3683996271?campaign_uid=f64d716db5e979ed2f947dbaf4296895b951ae7f" "Mozilla/5.0 (Linux; Android 6.0.1; Nexus 5X Build/MMB29P) AppleWebKit/537.36 (KHTML, like Gecko) Chrome/137.0.7151.119 Mobile Safari/537.36 (compatible; Googlebot/2.1; +http://www.google.com/bot.html)"
66.249.74.108 - - [19/Jul/2025:18:33:36 +0000] "POST /get-message-notify HTTP/1.1" 200 19463 "https://www.sainature.group/product/edit/S2366732356" "Mozilla/5.0 (Linux; Android 6.0.1; Nexus 5X Build/MMB29P) AppleWebKit/537.36 (KHTML, like Gecko) Chrome/137.0.7151.119 Mobile Safari/537.36 (compatible; Googlebot/2.1; +http://www.google.com/bot.html)"
66.249.74.109 - - [19/Jul/2025:18:33:37 +0000] "GET /product/edit/S989612307 HTTP/1.1" 200 19639 "-" "Mozilla/5.0 (Linux; Android 6.0.1; Nexus 5X Build/MMB29P) AppleWebKit/537.36 (KHTML, like Gecko) Chrome/137.0.7151.103 Mobile Safari/537.36 (compatible; Googlebot/2.1; +http://www.google.com/bot.html)"
66.249.74.109 - - [19/Jul/2025:18:33:38 +0000] "GET /product/edit/S1812719748 HTTP/1.1" 200 19261 "-" "Mozilla/5.0 (Linux; Android 6.0.1; Nexus 5X Build/MMB29P) AppleWebKit/537.36 (KHTML, like Gecko) Chrome/137.0.7151.103 Mobile Safari/537.36 (compatible; Googlebot/2.1; +http://www.google.com/bot.html)"
66.249.74.108 - - [19/Jul/2025:18:33:39 +0000] "GET /product/edit/S3421371014 HTTP/1.1" 200 18862 "-" "Mozilla/5.0 (Linux; Android 6.0.1; Nexus 5X Build/MMB29P) AppleWebKit/537.36 (KHTML, like Gecko) Chrome/137.0.7151.103 Mobile Safari/537.36 (compatible; Googlebot/2.1; +http://www.google.com/bot.html)"
66.249.74.109 - - [19/Jul/2025:18:33:40 +0000] "GET /product/edit/S942681089 HTTP/1.1" 200 18912 "-" "Mozilla/5.0 (Linux; Android 6.0.1; Nexus 5X Build/MMB29P) AppleWebKit/537.36 (KHTML, like Gecko) Chrome/137.0.7151.103 Mobile Safari/537.36 (compatible; Googlebot/2.1; +http://www.google.com/bot.html)"
66.249.74.110 - - [19/Jul/2025:18:33:41 +0000] "GET /product/edit/S523735079 HTTP/1.1" 200 18356 "-" "Mozilla/5.0 (Linux; Android 6.0.1; Nexus 5X Build/MMB29P) AppleWebKit/537.36 (KHTML, like Gecko) Chrome/137.0.7151.103 Mobile Safari/537.36 (compatible; Googlebot/2.1; +http://www.google.com/bot.html)"
20.171.207.65 - - [19/Jul/2025:18:33:42 +0000] "GET /items/pet-supplies/dog-supplies/3988611/ HTTP/1.1" 200 - "-" "Mozilla/5.0 AppleWebKit/537.36 (KHTML, like Gecko; compatible; GPTBot/1.2; +https://openai.com/gptbot)"
66.249.74.109 - - [19/Jul/2025:18:33:42 +0000] "POST /get-message-notify HTTP/1.1" 200 19463 "https://www.sainature.group/product/edit/S942681089" "Mozilla/5.0 (Linux; Android 6.0.1; Nexus 5X Build/MMB29P) AppleWebKit/537.36 (KHTML, like Gecko) Chrome/137.0.7151.119 Mobile Safari/537.36 (compatible; Googlebot/2.1; +http://www.google.com/bot.html)"
66.249.74.108 - - [19/Jul/2025:18:33:44 +0000] "GET /items/fashion/womens/4771113/50 HTTP/1.1" 200 21844 "-" "Mozilla/5.0 (Linux; Android 6.0.1; Nexus 5X Build/MMB29P) AppleWebKit/537.36 (KHTML, like Gecko) Chrome/137.0.7151.103 Mobile Safari/537.36 (compatible; Googlebot/2.1; +http://www.google.com/bot.html)"
66.249.74.108 - - [19/Jul/2025:18:33:45 +0000] "GET /items/fashion/kimono/2688934/AmazonEmber HTTP/1.1" 200 23238 "-" "Mozilla/5.0 (Linux; Android 6.0.1; Nexus 5X Build/MMB29P) AppleWebKit/537.36 (KHTML, like Gecko) Chrome/137.0.7151.103 Mobile Safari/537.36 (compatible; Googlebot/2.1; +http://www.google.com/bot.html)"
66.249.74.110 - - [19/Jul/2025:18:33:50 +0000] "GET /items/fashion/kimono/2688934/-20_ZA32 HTTP/1.1" 200 23237 "-" "Mozilla/5.0 (Linux; Android 6.0.1; Nexus 5X Build/MMB29P) AppleWebKit/537.36 (KHTML, like Gecko) Chrome/137.0.7151.103 Mobile Safari/537.36 (compatible; Googlebot/2.1; +http://www.google.com/bot.html)"
66.249.74.108 - - [19/Jul/2025:18:33:55 +0000] "GET /items/flowers/others/3941723/sainature.group?_bd_prev_page=sainature.group/detail.php HTTP/1.1" 200 20087 "-" "Mozilla/5.0 (Linux; Android 6.0.1; Nexus 5X Build/MMB29P) AppleWebKit/537.36 (KHTML, like Gecko) Chrome/137.0.7151.103 Mobile Safari/537.36 (compatible; Googlebot/2.1; +http://www.google.com/bot.html)"
66.249.74.110 - - [19/Jul/2025:18:33:55 +0000] "GET /items/travel-supplies/fishing/3552048/vintagegame.html HTTP/1.1" 200 18872 "-" "Mozilla/5.0 (Linux; Android 6.0.1; Nexus 5X Build/MMB29P) AppleWebKit/537.36 (KHTML, like Gecko) Chrome/137.0.7151.103 Mobile Safari/537.36 (compatible; Googlebot/2.1; +http://www.google.com/bot.html)"
66.249.74.110 - - [19/Jul/2025:18:33:56 +0000] "GET /special/sainature.group/feature/sale2405-18/index.html HTTP/1.1" 200 20194 "-" "Mozilla/5.0 (Linux; Android 6.0.1; Nexus 5X Build/MMB29P) AppleWebKit/537.36 (KHTML, like Gecko) Chrome/137.0.7151.103 Mobile Safari/537.36 (compatible; Googlebot/2.1; +http://www.google.com/bot.html)"
66.249.74.110 - - [19/Jul/2025:18:33:57 +0000] "GET /special/sainature.group/feature/eposcard/index.html HTTP/1.1" 200 19336 "-" "Mozilla/5.0 (Linux; Android 6.0.1; Nexus 5X Build/MMB29P) AppleWebKit/537.36 (KHTML, like Gecko) Chrome/137.0.7151.103 Mobile Safari/537.36 (compatible; Googlebot/2.1; +http://www.google.com/bot.html)"
66.249.74.110 - - [19/Jul/2025:18:34:05 +0000] "GET /sainature.group/zhHant/product/surugaya/25926950?campaign_uid=f64d716db5e979ed2f947dbaf4296895b951ae7f HTTP/1.1" 200 19400 "-" "Mozilla/5.0 (Linux; Android 6.0.1; Nexus 5X Build/MMB29P) AppleWebKit/537.36 (KHTML, like Gecko) Chrome/137.0.7151.103 Mobile Safari/537.36 (compatible; Googlebot/2.1; +http://www.google.com/bot.html)"
66.249.74.109 - - [19/Jul/2025:18:34:10 +0000] "POST /get-message-notify HTTP/1.1" 200 19463 "https://www.sainature.group/product/edit/S4278250059" "Mozilla/5.0 (Linux; Android 6.0.1; Nexus 5X Build/MMB29P) AppleWebKit/537.36 (KHTML, like Gecko) Chrome/137.0.7151.119 Mobile Safari/537.36 (compatible; Googlebot/2.1; +http://www.google.com/bot.html)"
66.249.74.108 - - [19/Jul/2025:18:34:17 +0000] "POST /get-message-notify HTTP/1.1" 200 19463 "https://www.sainature.group/product/edit/S2616062564" "Mozilla/5.0 (Linux; Android 6.0.1; Nexus 5X Build/MMB29P) AppleWebKit/537.36 (KHTML, like Gecko) Chrome/137.0.7151.119 Mobile Safari/537.36 (compatible; Googlebot/2.1; +http://www.google.com/bot.html)"
66.249.74.108 - - [19/Jul/2025:18:34:33 +0000] "POST /get-message-notify HTTP/1.1" 200 19463 "https://www.sainature.group/special/sainature.group/feature/eposcard/index.html" "Mozilla/5.0 (Linux; Android 6.0.1; Nexus 5X Build/MMB29P) AppleWebKit/537.36 (KHTML, like Gecko) Chrome/137.0.7151.119 Mobile Safari/537.36 (compatible; Googlebot/2.1; +http://www.google.com/bot.html)"
20.171.207.65 - - [19/Jul/2025:18:34:47 +0000] "GET /items/pet-supplies/dog-supplies/2240339/ HTTP/1.1" 200 - "-" "Mozilla/5.0 AppleWebKit/537.36 (KHTML, like Gecko; compatible; GPTBot/1.2; +https://openai.com/gptbot)"
20.171.207.65 - - [19/Jul/2025:18:35:48 +0000] "GET /items/hobbies/plastic-models/1779885/ HTTP/1.1" 200 - "-" "Mozilla/5.0 AppleWebKit/537.36 (KHTML, like Gecko; compatible; GPTBot/1.2; +https://openai.com/gptbot)"
20.171.207.65 - - [19/Jul/2025:18:36:51 +0000] "GET /items/pet-supplies/dog-supplies/3869223/ HTTP/1.1" 200 - "-" "Mozilla/5.0 AppleWebKit/537.36 (KHTML, like Gecko; compatible; GPTBot/1.2; +https://openai.com/gptbot)"
66.249.74.110 - - [19/Jul/2025:18:37:23 +0000] "GET /items/fashion/tops/3595881/sainature.group/toiawase HTTP/1.1" 200 19601 "-" "Mozilla/5.0 (Linux; Android 6.0.1; Nexus 5X Build/MMB29P) AppleWebKit/537.36 (KHTML, like Gecko) Chrome/137.0.7151.103 Mobile Safari/537.36 (compatible; Googlebot/2.1; +http://www.google.com/bot.html)"
66.249.74.109 - - [19/Jul/2025:18:37:26 +0000] "GET /items/fashion/tops/3595881/sainature.group/recruit HTTP/1.1" 200 19599 "-" "Mozilla/5.0 (Linux; Android 6.0.1; Nexus 5X Build/MMB29P) AppleWebKit/537.36 (KHTML, like Gecko) Chrome/137.0.7151.103 Mobile Safari/537.36 (compatible; Googlebot/2.1; +http://www.google.com/bot.html)"
66.249.74.108 - - [19/Jul/2025:18:37:27 +0000] "GET /items/interior/interior-clocks/4759182/sainature.group/boyslove.html HTTP/1.1" 200 19834 "-" "Mozilla/5.0 (Linux; Android 6.0.1; Nexus 5X Build/MMB29P) AppleWebKit/537.36 (KHTML, like Gecko) Chrome/137.0.7151.103 Mobile Safari/537.36 (compatible; Googlebot/2.1; +http://www.google.com/bot.html)"
66.249.74.109 - - [19/Jul/2025:18:37:28 +0000] "GET /items/dvds/blu-ray/2030922/sainature.group/cd.html HTTP/1.1" 200 19076 "-" "Mozilla/5.0 (Linux; Android 6.0.1; Nexus 5X Build/MMB29P) AppleWebKit/537.36 (KHTML, like Gecko) Chrome/137.0.7151.103 Mobile Safari/537.36 (compatible; Googlebot/2.1; +http://www.google.com/bot.html)"
66.249.74.109 - - [19/Jul/2025:18:37:28 +0000] "GET /items/dvds/blu-ray/2030922/sainature.group/dozin.html HTTP/1.1" 200 19085 "-" "Mozilla/5.0 (Linux; Android 6.0.1; Nexus 5X Build/MMB29P) AppleWebKit/537.36 (KHTML, like Gecko) Chrome/137.0.7151.103 Mobile Safari/537.36 (compatible; Googlebot/2.1; +http://www.google.com/bot.html)"
66.249.74.109 - - [19/Jul/2025:18:37:29 +0000] "GET /items/dvds/blu-ray/2030922/sainature.group/events/ HTTP/1.1" 200 19075 "-" "Mozilla/5.0 (Linux; Android 6.0.1; Nexus 5X Build/MMB29P) AppleWebKit/537.36 (KHTML, like Gecko) Chrome/137.0.7151.103 Mobile Safari/537.36 (compatible; Googlebot/2.1; +http://www.google.com/bot.html)"
66.249.74.108 - - [19/Jul/2025:18:37:30 +0000] "GET /items/dvds/blu-ray/2030922/sainature.group/pcmypage?callback=product/review/95511401 HTTP/1.1" 200 19105 "-" "Mozilla/5.0 (Linux; Android 6.0.1; Nexus 5X Build/MMB29P) AppleWebKit/537.36 (KHTML, like Gecko) Chrome/137.0.7151.103 Mobile Safari/537.36 (compatible; Googlebot/2.1; +http://www.google.com/bot.html)"
66.249.74.109 - - [19/Jul/2025:18:37:30 +0000] "POST /get-message-notify HTTP/1.1" 200 19463 "https://www.sainature.group/items/dvds/blu-ray/2030922/sainature.group/cd.html" "Mozilla/5.0 (Linux; Android 6.0.1; Nexus 5X Build/MMB29P) AppleWebKit/537.36 (KHTML, like Gecko) Chrome/137.0.7151.119 Mobile Safari/537.36 (compatible; Googlebot/2.1; +http://www.google.com/bot.html)"
66.249.74.108 - - [19/Jul/2025:18:37:31 +0000] "GET /items/flowers/others/3941723/sainature.group/kaden.html HTTP/1.1" 200 21290 "-" "Mozilla/5.0 (Linux; Android 6.0.1; Nexus 5X Build/MMB29P) AppleWebKit/537.36 (KHTML, like Gecko) Chrome/137.0.7151.103 Mobile Safari/537.36 (compatible; Googlebot/2.1; +http://www.google.com/bot.html)"
66.249.74.108 - - [19/Jul/2025:18:37:33 +0000] "GET /items/dvds/blu-ray/2030922/sainature.group/game.html HTTP/1.1" 200 19077 "-" "Mozilla/5.0 (Linux; Android 6.0.1; Nexus 5X Build/MMB29P) AppleWebKit/537.36 (KHTML, like Gecko) Chrome/137.0.7151.103 Mobile Safari/537.36 (compatible; Googlebot/2.1; +http://www.google.com/bot.html)"
66.249.74.108 - - [19/Jul/2025:18:37:34 +0000] "GET /items/dvds/blu-ray/2030922/sainature.group/pcmypage?callback=product%2Fdetail%2F95511401 HTTP/1.1" 200 19110 "-" "Mozilla/5.0 (Linux; Android 6.0.1; Nexus 5X Build/MMB29P) AppleWebKit/537.36 (KHTML, like Gecko) Chrome/137.0.7151.103 Mobile Safari/537.36 (compatible; Googlebot/2.1; +http://www.google.com/bot.html)"
66.249.74.108 - - [19/Jul/2025:18:37:36 +0000] "POST /get-message-notify HTTP/1.1" 200 19463 "https://www.sainature.group/items/dvds/blu-ray/2030922/sainature.group/game.html" "Mozilla/5.0 (Linux; Android 6.0.1; Nexus 5X Build/MMB29P) AppleWebKit/537.36 (KHTML, like Gecko) Chrome/137.0.7151.119 Mobile Safari/537.36 (compatible; Googlebot/2.1; +http://www.google.com/bot.html)"
66.249.74.108 - - [19/Jul/2025:18:37:37 +0000] "GET /items/travel-supplies/fishing/2236594//man/kaitori/kaitoritop.html HTTP/1.1" 200 19978 "-" "Mozilla/5.0 (Linux; Android 6.0.1; Nexus 5X Build/MMB29P) AppleWebKit/537.36 (KHTML, like Gecko) Chrome/137.0.7151.103 Mobile Safari/537.36 (compatible; Googlebot/2.1; +http://www.google.com/bot.html)"
66.249.74.108 - - [19/Jul/2025:18:37:38 +0000] "GET /items/dvds/blu-ray/2030922/sainature.group/kaitori/kaitoritop.html HTTP/1.1" 200 19089 "-" "Mozilla/5.0 (Linux; Android 6.0.1; Nexus 5X Build/MMB29P) AppleWebKit/537.36 (KHTML, like Gecko) Chrome/137.0.7151.103 Mobile Safari/537.36 (compatible; Googlebot/2.1; +http://www.google.com/bot.html)"
66.249.74.108 - - [19/Jul/2025:18:37:39 +0000] "GET /items/flowers/others/3941723/sainature.group/kaitori/kaitoritop.html HTTP/1.1" 200 21294 "-" "Mozilla/5.0 (Linux; Android 6.0.1; Nexus 5X Build/MMB29P) AppleWebKit/537.36 (KHTML, like Gecko) Chrome/137.0.7151.103 Mobile Safari/537.36 (compatible; Googlebot/2.1; +http://www.google.com/bot.html)"
66.249.74.108 - - [19/Jul/2025:18:37:39 +0000] "GET /items/dvds/blu-ray/2030922/sainature.group/toreka/toreka_single.html HTTP/1.1" 200 19094 "-" "Mozilla/5.0 (Linux; Android 6.0.1; Nexus 5X Build/MMB29P) AppleWebKit/537.36 (KHTML, like Gecko) Chrome/137.0.7151.103 Mobile Safari/537.36 (compatible; Googlebot/2.1; +http://www.google.com/bot.html)"
66.249.74.108 - - [19/Jul/2025:18:37:40 +0000] "GET /items/dvds/blu-ray/2030922/sainature.group/man/customer_guide HTTP/1.1" 200 19097 "-" "Mozilla/5.0 (Linux; Android 6.0.1; Nexus 5X Build/MMB29P) AppleWebKit/537.36 (KHTML, like Gecko) Chrome/137.0.7151.103 Mobile Safari/537.36 (compatible; Googlebot/2.1; +http://www.google.com/bot.html)"
66.249.74.108 - - [19/Jul/2025:18:37:41 +0000] "GET /items/home-appliances/appliances/2721246 HTTP/1.1" 200 18783 "-" "Mozilla/5.0 (Linux; Android 6.0.1; Nexus 5X Build/MMB29P) AppleWebKit/537.36 (KHTML, like Gecko) Chrome/137.0.7151.103 Mobile Safari/537.36 (compatible; Googlebot/2.1; +http://www.google.com/bot.html)"
66.249.74.109 - - [19/Jul/2025:18:37:42 +0000] "GET /items/dvds/blu-ray/2030922/sainature.group/cargo/detail HTTP/1.1" 200 19074 "-" "Mozilla/5.0 (Linux; Android 6.0.1; Nexus 5X Build/MMB29P) AppleWebKit/537.36 (KHTML, like Gecko) Chrome/137.0.7151.103 Mobile Safari/537.36 (compatible; Googlebot/2.1; +http://www.google.com/bot.html)"
66.249.74.109 - - [19/Jul/2025:18:37:50 +0000] "POST /get-message-notify HTTP/1.1" 200 19463 "https://www.sainature.group/items/dvds/blu-ray/2030922/sainature.group/toreka/toreka_single.html" "Mozilla/5.0 (Linux; Android 6.0.1; Nexus 5X Build/MMB29P) AppleWebKit/537.36 (KHTML, like Gecko) Chrome/137.0.7151.119 Mobile Safari/537.36 (compatible; Googlebot/2.1; +http://www.google.com/bot.html)"
20.171.207.65 - - [19/Jul/2025:18:37:56 +0000] "GET /items/pet-supplies/dog-supplies/1718892/ HTTP/1.1" 200 - "-" "Mozilla/5.0 AppleWebKit/537.36 (KHTML, like Gecko; compatible; GPTBot/1.2; +https://openai.com/gptbot)"
66.249.74.108 - - [19/Jul/2025:18:38:04 +0000] "POST /get-message-notify HTTP/1.1" 200 19463 "https://www.sainature.group/items/flowers/others/3941723/sainature.group/kaitori/kaitoritop.html" "Mozilla/5.0 (Linux; Android 6.0.1; Nexus 5X Build/MMB29P) AppleWebKit/537.36 (KHTML, like Gecko) Chrome/137.0.7151.119 Mobile Safari/537.36 (compatible; Googlebot/2.1; +http://www.google.com/bot.html)"
20.171.207.65 - - [19/Jul/2025:18:38:59 +0000] "GET /items/pet-supplies/cat-supplies/4068392/ HTTP/1.1" 200 - "-" "Mozilla/5.0 AppleWebKit/537.36 (KHTML, like Gecko; compatible; GPTBot/1.2; +https://openai.com/gptbot)"
77.238.230.6 - - [19/Jul/2025:18:39:03 +0000] "GET / HTTP/1.1" 200 - "-" "Mozilla/5.0 (Macintosh; Intel Mac OS X 10_15_7) AppleWebKit/537.36 (KHTML, like Gecko) Chrome/133.0.0.0 Safari/537.36"
20.171.207.65 - - [19/Jul/2025:18:40:05 +0000] "GET /items/pet-supplies/cat-supplies/5284653/ HTTP/1.1" 200 - "-" "Mozilla/5.0 AppleWebKit/537.36 (KHTML, like Gecko; compatible; GPTBot/1.2; +https://openai.com/gptbot)"
20.171.207.65 - - [19/Jul/2025:18:41:08 +0000] "GET /items/pet-supplies/dog-supplies/3295532/ HTTP/1.1" 200 - "-" "Mozilla/5.0 AppleWebKit/537.36 (KHTML, like Gecko; compatible; GPTBot/1.2; +https://openai.com/gptbot)"
20.171.207.65 - - [19/Jul/2025:18:42:11 +0000] "GET /items/pet-supplies/dog-supplies/4685350/ HTTP/1.1" 200 - "-" "Mozilla/5.0 AppleWebKit/537.36 (KHTML, like Gecko; compatible; GPTBot/1.2; +https://openai.com/gptbot)"
20.171.207.65 - - [19/Jul/2025:18:43:14 +0000] "GET /items/pet-supplies/dog-supplies/3918964/ HTTP/1.1" 200 - "-" "Mozilla/5.0 AppleWebKit/537.36 (KHTML, like Gecko; compatible; GPTBot/1.2; +https://openai.com/gptbot)"
57.141.2.7 - - [19/Jul/2025:18:43:18 +0000] "GET /special/749734512 HTTP/1.1" 200 - "-" "meta-externalagent/1.1 (+https://developers.facebook.com/docs/sharing/webmasters/crawler)"
20.171.207.65 - - [19/Jul/2025:18:44:19 +0000] "GET /items/pet-supplies/dog-supplies/5415783/ HTTP/1.1" 200 - "-" "Mozilla/5.0 AppleWebKit/537.36 (KHTML, like Gecko; compatible; GPTBot/1.2; +https://openai.com/gptbot)"
20.171.207.65 - - [19/Jul/2025:18:45:25 +0000] "GET /items/pet-supplies/dog-supplies/4534059/ HTTP/1.1" 200 - "-" "Mozilla/5.0 AppleWebKit/537.36 (KHTML, like Gecko; compatible; GPTBot/1.2; +https://openai.com/gptbot)"
66.249.74.109 - - [19/Jul/2025:18:46:24 +0000] "GET /items/tickets/drink-tickets/5031208/ HTTP/1.1" 200 19360 "-" "Mozilla/5.0 (Linux; Android 6.0.1; Nexus 5X Build/MMB29P) AppleWebKit/537.36 (KHTML, like Gecko) Chrome/137.0.7151.103 Mobile Safari/537.36 (compatible; Googlebot/2.1; +http://www.google.com/bot.html)"
20.171.207.65 - - [19/Jul/2025:18:46:26 +0000] "GET /items/pet-supplies/dog-supplies/3238954/ HTTP/1.1" 200 - "-" "Mozilla/5.0 AppleWebKit/537.36 (KHTML, like Gecko; compatible; GPTBot/1.2; +https://openai.com/gptbot)"
66.249.74.109 - - [19/Jul/2025:18:46:30 +0000] "POST /get-message-notify HTTP/1.1" 200 19463 "https://www.sainature.group/items/tickets/drink-tickets/5031208/" "Mozilla/5.0 (Linux; Android 6.0.1; Nexus 5X Build/MMB29P) AppleWebKit/537.36 (KHTML, like Gecko) Chrome/137.0.7151.119 Mobile Safari/537.36 (compatible; Googlebot/2.1; +http://www.google.com/bot.html)"
20.171.207.65 - - [19/Jul/2025:18:47:32 +0000] "GET /items/pet-supplies/dog-supplies/2911910/ HTTP/1.1" 200 - "-" "Mozilla/5.0 AppleWebKit/537.36 (KHTML, like Gecko; compatible; GPTBot/1.2; +https://openai.com/gptbot)"
57.141.2.19 - - [19/Jul/2025:18:47:44 +0000] "GET /special/308162544 HTTP/1.1" 200 - "-" "meta-externalagent/1.1 (+https://developers.facebook.com/docs/sharing/webmasters/crawler)"
20.171.207.65 - - [19/Jul/2025:18:48:37 +0000] "GET /items/pet-supplies/dog-supplies/1900184/ HTTP/1.1" 200 - "-" "Mozilla/5.0 AppleWebKit/537.36 (KHTML, like Gecko; compatible; GPTBot/1.2; +https://openai.com/gptbot)"
20.171.207.65 - - [19/Jul/2025:18:49:42 +0000] "GET /items/pet-supplies/dog-supplies/4417979/ HTTP/1.1" 200 - "-" "Mozilla/5.0 AppleWebKit/537.36 (KHTML, like Gecko; compatible; GPTBot/1.2; +https://openai.com/gptbot)"
66.249.74.108 - - [19/Jul/2025:18:49:52 +0000] "GET /product/edit/S2310924626 HTTP/1.1" 200 18599 "-" "Mozilla/5.0 (Linux; Android 6.0.1; Nexus 5X Build/MMB29P) AppleWebKit/537.36 (KHTML, like Gecko) Chrome/137.0.7151.103 Mobile Safari/537.36 (compatible; Googlebot/2.1; +http://www.google.com/bot.html)"
20.171.207.65 - - [19/Jul/2025:18:50:43 +0000] "GET /items/pet-supplies/dog-supplies/5090922/ HTTP/1.1" 200 - "-" "Mozilla/5.0 AppleWebKit/537.36 (KHTML, like Gecko; compatible; GPTBot/1.2; +https://openai.com/gptbot)"
20.171.207.65 - - [19/Jul/2025:18:51:47 +0000] "GET /items/pet-supplies/dog-supplies/2425282/ HTTP/1.1" 200 - "-" "Mozilla/5.0 AppleWebKit/537.36 (KHTML, like Gecko; compatible; GPTBot/1.2; +https://openai.com/gptbot)"
66.249.74.110 - - [19/Jul/2025:18:52:46 +0000] "GET /items/travel-supplies/tables/1866797/ HTTP/1.1" 200 19577 "-" "Mozilla/5.0 (Linux; Android 6.0.1; Nexus 5X Build/MMB29P) AppleWebKit/537.36 (KHTML, like Gecko) Chrome/137.0.7151.103 Mobile Safari/537.36 (compatible; Googlebot/2.1; +http://www.google.com/bot.html)"
66.249.74.109 - - [19/Jul/2025:18:52:46 +0000] "GET /product/edit/S952684661 HTTP/1.1" 200 19897 "-" "Mozilla/5.0 (Linux; Android 6.0.1; Nexus 5X Build/MMB29P) AppleWebKit/537.36 (KHTML, like Gecko) Chrome/137.0.7151.103 Mobile Safari/537.36 (compatible; Googlebot/2.1; +http://www.google.com/bot.html)"
20.171.207.65 - - [19/Jul/2025:18:52:51 +0000] "GET /items/pet-supplies/dog-supplies/2472702/ HTTP/1.1" 200 - "-" "Mozilla/5.0 AppleWebKit/537.36 (KHTML, like Gecko; compatible; GPTBot/1.2; +https://openai.com/gptbot)"
20.171.207.65 - - [19/Jul/2025:18:53:52 +0000] "GET /items/pet-supplies/dog-supplies/4450797/ HTTP/1.1" 200 - "-" "Mozilla/5.0 AppleWebKit/537.36 (KHTML, like Gecko; compatible; GPTBot/1.2; +https://openai.com/gptbot)"
66.249.74.108 - - [19/Jul/2025:18:54:26 +0000] "GET /special/28003036 HTTP/1.1" 200 19085 "-" "Mozilla/5.0 (Linux; Android 6.0.1; Nexus 5X Build/MMB29P) AppleWebKit/537.36 (KHTML, like Gecko) Chrome/137.0.7151.103 Mobile Safari/537.36 (compatible; Googlebot/2.1; +http://www.google.com/bot.html)"
66.249.74.109 - - [19/Jul/2025:18:54:30 +0000] "POST /get-message-notify HTTP/1.1" 200 19463 "https://www.sainature.group/special/28003036" "Mozilla/5.0 (Linux; Android 6.0.1; Nexus 5X Build/MMB29P) AppleWebKit/537.36 (KHTML, like Gecko) Chrome/137.0.7151.119 Mobile Safari/537.36 (compatible; Googlebot/2.1; +http://www.google.com/bot.html)"
20.171.207.65 - - [19/Jul/2025:18:54:58 +0000] "GET /items/pet-supplies/dog-supplies/2617583/ HTTP/1.1" 200 - "-" "Mozilla/5.0 AppleWebKit/537.36 (KHTML, like Gecko; compatible; GPTBot/1.2; +https://openai.com/gptbot)"
66.249.74.109 - - [19/Jul/2025:18:55:39 +0000] "GET /items/travel-supplies/tents/2021346/ HTTP/1.1" 200 21156 "-" "Mozilla/5.0 (Linux; Android 6.0.1; Nexus 5X Build/MMB29P) AppleWebKit/537.36 (KHTML, like Gecko) Chrome/137.0.7151.103 Mobile Safari/537.36 (compatible; Googlebot/2.1; +http://www.google.com/bot.html)"
20.171.207.65 - - [19/Jul/2025:18:55:59 +0000] "GET /items/pet-supplies/dog-supplies/2256972/ HTTP/1.1" 200 - "-" "Mozilla/5.0 AppleWebKit/537.36 (KHTML, like Gecko; compatible; GPTBot/1.2; +https://openai.com/gptbot)"
66.249.74.110 - - [19/Jul/2025:18:56:10 +0000] "GET /items/computers/notebook/2882371/ HTTP/1.1" 200 21624 "-" "Mozilla/5.0 (Linux; Android 6.0.1; Nexus 5X Build/MMB29P) AppleWebKit/537.36 (KHTML, like Gecko) Chrome/137.0.7151.103 Mobile Safari/537.36 (compatible; Googlebot/2.1; +http://www.google.com/bot.html)"
66.249.74.109 - - [19/Jul/2025:18:56:23 +0000] "POST /get-message-notify HTTP/1.1" 200 19463 "https://www.sainature.group/items/computers/notebook/2882371/" "Mozilla/5.0 (Linux; Android 6.0.1; Nexus 5X Build/MMB29P) AppleWebKit/537.36 (KHTML, like Gecko) Chrome/137.0.7151.119 Mobile Safari/537.36 (compatible; Googlebot/2.1; +http://www.google.com/bot.html)"
20.171.207.65 - - [19/Jul/2025:18:57:03 +0000] "GET /items/pet-supplies/dog-supplies/5240947/ HTTP/1.1" 200 - "-" "Mozilla/5.0 AppleWebKit/537.36 (KHTML, like Gecko; compatible; GPTBot/1.2; +https://openai.com/gptbot)"
66.249.74.109 - - [19/Jul/2025:18:57:32 +0000] "GET /special/23438664 HTTP/1.1" 200 18950 "-" "Mozilla/5.0 (Linux; Android 6.0.1; Nexus 5X Build/MMB29P) AppleWebKit/537.36 (KHTML, like Gecko) Chrome/137.0.7151.103 Mobile Safari/537.36 (compatible; Googlebot/2.1; +http://www.google.com/bot.html)"
66.249.74.109 - - [19/Jul/2025:18:57:34 +0000] "POST /get-message-notify HTTP/1.1" 200 19463 "https://www.sainature.group/special/23438664" "Mozilla/5.0 (Linux; Android 6.0.1; Nexus 5X Build/MMB29P) AppleWebKit/537.36 (KHTML, like Gecko) Chrome/137.0.7151.119 Mobile Safari/537.36 (compatible; Googlebot/2.1; +http://www.google.com/bot.html)"
66.249.74.108 - - [19/Jul/2025:18:57:44 +0000] "GET /items/daily-necessities/tableware/4617730 HTTP/1.1" 200 20523 "-" "Mozilla/5.0 (Linux; Android 6.0.1; Nexus 5X Build/MMB29P) AppleWebKit/537.36 (KHTML, like Gecko) Chrome/137.0.7151.103 Mobile Safari/537.36 (compatible; Googlebot/2.1; +http://www.google.com/bot.html)"
20.171.207.65 - - [19/Jul/2025:18:58:09 +0000] "GET /items/pet-supplies/dog-supplies/4194637/ HTTP/1.1" 200 - "-" "Mozilla/5.0 AppleWebKit/537.36 (KHTML, like Gecko; compatible; GPTBot/1.2; +https://openai.com/gptbot)"
66.249.74.108 - - [19/Jul/2025:18:58:34 +0000] "GET /items/goods/figures/3864279/ HTTP/1.1" 200 20686 "-" "Mozilla/5.0 (Linux; Android 6.0.1; Nexus 5X Build/MMB29P) AppleWebKit/537.36 (KHTML, like Gecko) Chrome/137.0.7151.103 Mobile Safari/537.36 (compatible; Googlebot/2.1; +http://www.google.com/bot.html)"
66.249.74.109 - - [19/Jul/2025:18:58:40 +0000] "GET /special/664973256 HTTP/1.1" 200 19953 "-" "Mozilla/5.0 (Linux; Android 6.0.1; Nexus 5X Build/MMB29P) AppleWebKit/537.36 (KHTML, like Gecko) Chrome/137.0.7151.103 Mobile Safari/537.36 (compatible; Googlebot/2.1; +http://www.google.com/bot.html)"
66.249.74.109 - - [19/Jul/2025:18:59:05 +0000] "GET /items/beauty/unisex-perfumes/3811127/ HTTP/1.1" 200 18971 "-" "Mozilla/5.0 (Linux; Android 6.0.1; Nexus 5X Build/MMB29P) AppleWebKit/537.36 (KHTML, like Gecko) Chrome/137.0.7151.103 Mobile Safari/537.36 (compatible; Googlebot/2.1; +http://www.google.com/bot.html)"
20.171.207.65 - - [19/Jul/2025:18:59:11 +0000] "GET /items/pet-supplies/dog-supplies/2640195/ HTTP/1.1" 200 - "-" "Mozilla/5.0 AppleWebKit/537.36 (KHTML, like Gecko; compatible; GPTBot/1.2; +https://openai.com/gptbot)"
20.171.207.65 - - [19/Jul/2025:19:00:13 +0000] "GET /items/pet-supplies/dog-supplies/3465955/ HTTP/1.1" 200 - "-" "Mozilla/5.0 AppleWebKit/537.36 (KHTML, like Gecko; compatible; GPTBot/1.2; +https://openai.com/gptbot)"
20.171.207.65 - - [19/Jul/2025:19:01:15 +0000] "GET /items/pet-supplies/dog-supplies/5090922/ HTTP/1.1" 200 - "-" "Mozilla/5.0 AppleWebKit/537.36 (KHTML, like Gecko; compatible; GPTBot/1.2; +https://openai.com/gptbot)"
20.171.207.65 - - [19/Jul/2025:19:02:20 +0000] "GET /items/pet-supplies/dog-supplies/5195605/ HTTP/1.1" 200 - "-" "Mozilla/5.0 AppleWebKit/537.36 (KHTML, like Gecko; compatible; GPTBot/1.2; +https://openai.com/gptbot)"
20.171.207.65 - - [19/Jul/2025:19:03:20 +0000] "GET /items/pet-supplies/dog-supplies/2425282/ HTTP/1.1" 200 - "-" "Mozilla/5.0 AppleWebKit/537.36 (KHTML, like Gecko; compatible; GPTBot/1.2; +https://openai.com/gptbot)"
