66.249.79.64 - - [19/Jul/2025:14:20:21 +0000] "GET /s/unive62192581/ HTTP/1.1" 200 41150 "-" "Mozilla/5.0 (Linux; Android 6.0.1; Nexus 5X Build/MMB29P) AppleWebKit/537.36 (KHTML, like Gecko) Chrome/137.0.7151.103 Mobile Safari/537.36 (compatible; Googlebot/2.1; +http://www.google.com/bot.html)"
20.171.207.178 - - [19/Jul/2025:14:20:22 +0000] "GET /s/sheet62911565/ HTTP/1.1" 404 9120 "-" "Mozilla/5.0 AppleWebKit/537.36 (KHTML, like Gecko; compatible; GPTBot/1.2; +https://openai.com/gptbot)"
20.171.207.178 - - [19/Jul/2025:14:20:26 +0000] "GET /s/langu41356715/ HTTP/1.1" 404 9120 "-" "Mozilla/5.0 AppleWebKit/537.36 (KHTML, like Gecko; compatible; GPTBot/1.2; +https://openai.com/gptbot)"
20.171.207.178 - - [19/Jul/2025:14:20:29 +0000] "GET /s/prett71300582/ HTTP/1.1" 404 9120 "-" "Mozilla/5.0 AppleWebKit/537.36 (KHTML, like Gecko; compatible; GPTBot/1.2; +https://openai.com/gptbot)"
20.171.207.178 - - [19/Jul/2025:14:20:35 +0000] "GET /s/shoot72329398/ HTTP/1.1" 404 9120 "-" "Mozilla/5.0 AppleWebKit/537.36 (KHTML, like Gecko; compatible; GPTBot/1.2; +https://openai.com/gptbot)"
20.171.207.178 - - [19/Jul/2025:14:20:37 +0000] "GET /s/swear10546528/ HTTP/1.1" 404 9120 "-" "Mozilla/5.0 AppleWebKit/537.36 (KHTML, like Gecko; compatible; GPTBot/1.2; +https://openai.com/gptbot)"
20.171.207.178 - - [19/Jul/2025:14:20:41 +0000] "GET /s/biolo60405533/ HTTP/1.1" 404 9120 "-" "Mozilla/5.0 AppleWebKit/537.36 (KHTML, like Gecko; compatible; GPTBot/1.2; +https://openai.com/gptbot)"
209.74.77.214 - - [19/Jul/2025:14:20:44 +0000] "POST /wp-cron.php?doing_wp_cron=1752934844.9081330299377441406250 HTTP/1.1" 200 - "-" "WordPress/6.8.2; https://sixpacksecurity.com.au"
20.171.207.178 - - [19/Jul/2025:14:20:44 +0000] "GET /s/stake82774055/ HTTP/1.1" 404 9120 "-" "Mozilla/5.0 AppleWebKit/537.36 (KHTML, like Gecko; compatible; GPTBot/1.2; +https://openai.com/gptbot)"
209.74.77.214 - - [19/Jul/2025:14:20:45 +0000] "POST /wp-admin/admin-ajax.php?action=async_litespeed&nonce=iq7Qtc7BZBlT78Xk35O6hbDz95rnMM9J&litespeed_type=imgoptm HTTP/1.1" 200 21 "-" "WordPress/6.8.2; https://sixpacksecurity.com.au"
66.249.79.76 - - [19/Jul/2025:14:20:46 +0000] "GET /sitemapb.xml HTTP/1.1" 200 18576 "-" "Mozilla/5.0 (compatible; Googlebot/2.1; +http://www.google.com/bot.html)"
66.249.79.76 - - [19/Jul/2025:14:20:47 +0000] "GET /sitemapd.xml HTTP/1.1" 200 13386 "-" "Mozilla/5.0 (compatible; Googlebot/2.1; +http://www.google.com/bot.html)"
20.171.207.178 - - [19/Jul/2025:14:20:49 +0000] "GET /s/freel72402646/ HTTP/1.1" 404 9120 "-" "Mozilla/5.0 AppleWebKit/537.36 (KHTML, like Gecko; compatible; GPTBot/1.2; +https://openai.com/gptbot)"
66.249.79.76 - - [19/Jul/2025:14:20:49 +0000] "GET /sitemapf.xml HTTP/1.1" 200 17164 "-" "Mozilla/5.0 (compatible; Googlebot/2.1; +http://www.google.com/bot.html)"
20.171.207.178 - - [19/Jul/2025:14:20:50 +0000] "GET /s/darin31287506/ HTTP/1.1" 404 9120 "-" "Mozilla/5.0 AppleWebKit/537.36 (KHTML, like Gecko; compatible; GPTBot/1.2; +https://openai.com/gptbot)"
66.249.79.76 - - [19/Jul/2025:14:20:51 +0000] "GET /sitemapg.xml HTTP/1.1" 200 16362 "-" "Mozilla/5.0 (compatible; Googlebot/2.1; +http://www.google.com/bot.html)"
66.249.79.76 - - [19/Jul/2025:14:20:51 +0000] "GET /sitemaph.xml HTTP/1.1" 200 14059 "-" "Mozilla/5.0 (compatible; Googlebot/2.1; +http://www.google.com/bot.html)"
66.249.79.76 - - [19/Jul/2025:14:20:53 +0000] "GET /sitemapi.xml HTTP/1.1" 200 13203 "-" "Mozilla/5.0 (compatible; Googlebot/2.1; +http://www.google.com/bot.html)"
66.249.79.76 - - [19/Jul/2025:14:20:53 +0000] "GET /sitemapj.xml HTTP/1.1" 200 18199 "-" "Mozilla/5.0 (compatible; Googlebot/2.1; +http://www.google.com/bot.html)"
66.249.79.76 - - [19/Jul/2025:14:20:54 +0000] "GET /sitemapk.xml HTTP/1.1" 200 13422 "-" "Mozilla/5.0 (compatible; Googlebot/2.1; +http://www.google.com/bot.html)"
20.171.207.178 - - [19/Jul/2025:14:20:55 +0000] "GET /s/field51248412/ HTTP/1.1" 404 9120 "-" "Mozilla/5.0 AppleWebKit/537.36 (KHTML, like Gecko; compatible; GPTBot/1.2; +https://openai.com/gptbot)"
66.249.79.76 - - [19/Jul/2025:14:20:55 +0000] "GET /sitemapl.xml HTTP/1.1" 200 17945 "-" "Mozilla/5.0 (compatible; Googlebot/2.1; +http://www.google.com/bot.html)"
66.249.79.76 - - [19/Jul/2025:14:20:56 +0000] "GET /sitemapm.xml HTTP/1.1" 200 17405 "-" "Mozilla/5.0 (compatible; Googlebot/2.1; +http://www.google.com/bot.html)"
20.171.207.178 - - [19/Jul/2025:14:20:58 +0000] "GET /s/catch80713647/ HTTP/1.1" 404 9120 "-" "Mozilla/5.0 AppleWebKit/537.36 (KHTML, like Gecko; compatible; GPTBot/1.2; +https://openai.com/gptbot)"
66.249.79.76 - - [19/Jul/2025:14:20:58 +0000] "GET /sitemapo.xml HTTP/1.1" 200 18311 "-" "Mozilla/5.0 (compatible; Googlebot/2.1; +http://www.google.com/bot.html)"
20.171.207.178 - - [19/Jul/2025:14:21:01 +0000] "GET /s/sugar11260216/ HTTP/1.1" 404 9120 "-" "Mozilla/5.0 AppleWebKit/537.36 (KHTML, like Gecko; compatible; GPTBot/1.2; +https://openai.com/gptbot)"
209.74.77.214 - - [19/Jul/2025:14:21:06 +0000] "POST /wp-cron.php?doing_wp_cron=1752934866.9022800922393798828125 HTTP/1.1" 200 - "-" "WordPress/6.8.2; https://sixpacksecurity.com.au"
20.171.207.178 - - [19/Jul/2025:14:21:06 +0000] "GET /s/summa40207323/ HTTP/1.1" 404 9120 "-" "Mozilla/5.0 AppleWebKit/537.36 (KHTML, like Gecko; compatible; GPTBot/1.2; +https://openai.com/gptbot)"
20.171.207.178 - - [19/Jul/2025:14:21:08 +0000] "GET /s/abstr11714208/ HTTP/1.1" 404 9120 "-" "Mozilla/5.0 AppleWebKit/537.36 (KHTML, like Gecko; compatible; GPTBot/1.2; +https://openai.com/gptbot)"
20.171.207.178 - - [19/Jul/2025:14:21:11 +0000] "GET /s/swear10546528/ HTTP/1.1" 404 9120 "-" "Mozilla/5.0 AppleWebKit/537.36 (KHTML, like Gecko; compatible; GPTBot/1.2; +https://openai.com/gptbot)"
20.171.207.178 - - [19/Jul/2025:14:21:15 +0000] "GET /s/great61760229/ HTTP/1.1" 404 9120 "-" "Mozilla/5.0 AppleWebKit/537.36 (KHTML, like Gecko; compatible; GPTBot/1.2; +https://openai.com/gptbot)"
20.171.207.178 - - [19/Jul/2025:14:21:20 +0000] "GET /s/empha82190311/ HTTP/1.1" 404 9120 "-" "Mozilla/5.0 AppleWebKit/537.36 (KHTML, like Gecko; compatible; GPTBot/1.2; +https://openai.com/gptbot)"
66.249.79.64 - - [19/Jul/2025:14:21:20 +0000] "GET /s/tempt60342357/ HTTP/1.1" 200 40078 "-" "Mozilla/5.0 (Linux; Android 6.0.1; Nexus 5X Build/MMB29P) AppleWebKit/537.36 (KHTML, like Gecko) Chrome/137.0.7151.103 Mobile Safari/537.36 (compatible; Googlebot/2.1; +http://www.google.com/bot.html)"
20.171.207.178 - - [19/Jul/2025:14:21:23 +0000] "GET /s/liber62017893/ HTTP/1.1" 404 9120 "-" "Mozilla/5.0 AppleWebKit/537.36 (KHTML, like Gecko; compatible; GPTBot/1.2; +https://openai.com/gptbot)"
20.171.207.178 - - [19/Jul/2025:14:21:25 +0000] "GET /s/chill40847251/ HTTP/1.1" 404 9120 "-" "Mozilla/5.0 AppleWebKit/537.36 (KHTML, like Gecko; compatible; GPTBot/1.2; +https://openai.com/gptbot)"
20.171.207.178 - - [19/Jul/2025:14:21:29 +0000] "GET /s/augus61920205/ HTTP/1.1" 404 9120 "-" "Mozilla/5.0 AppleWebKit/537.36 (KHTML, like Gecko; compatible; GPTBot/1.2; +https://openai.com/gptbot)"
66.249.79.76 - - [19/Jul/2025:14:21:30 +0000] "GET /s/resid51450052/ HTTP/1.1" 200 40065 "-" "Mozilla/5.0 (Linux; Android 6.0.1; Nexus 5X Build/MMB29P) AppleWebKit/537.36 (KHTML, like Gecko) Chrome/137.0.7151.103 Mobile Safari/537.36 (compatible; Googlebot/2.1; +http://www.google.com/bot.html)"
20.171.207.178 - - [19/Jul/2025:14:21:32 +0000] "GET /s/forum22818129/ HTTP/1.1" 404 9120 "-" "Mozilla/5.0 AppleWebKit/537.36 (KHTML, like Gecko; compatible; GPTBot/1.2; +https://openai.com/gptbot)"
20.171.207.178 - - [19/Jul/2025:14:21:35 +0000] "GET /s/crane10447536/ HTTP/1.1" 404 9120 "-" "Mozilla/5.0 AppleWebKit/537.36 (KHTML, like Gecko; compatible; GPTBot/1.2; +https://openai.com/gptbot)"
216.73.216.173 - - [19/Jul/2025:14:21:37 +0000] "GET /s/handf10735272 HTTP/1.1" 404 9120 "-" "Mozilla/5.0 AppleWebKit/537.36 (KHTML, like Gecko; compatible; ClaudeBot/1.0; [email protected])"
216.73.216.173 - - [19/Jul/2025:14:21:37 +0000] "GET /s/poste40325563 HTTP/1.1" 404 9120 "-" "Mozilla/5.0 AppleWebKit/537.36 (KHTML, like Gecko; compatible; ClaudeBot/1.0; [email protected])"
216.73.216.173 - - [19/Jul/2025:14:21:38 +0000] "GET /s/resou22730265 HTTP/1.1" 404 9120 "-" "Mozilla/5.0 AppleWebKit/537.36 (KHTML, like Gecko; compatible; ClaudeBot/1.0; [email protected])"
216.73.216.173 - - [19/Jul/2025:14:21:38 +0000] "GET /s/enric82513951 HTTP/1.1" 404 9120 "-" "Mozilla/5.0 AppleWebKit/537.36 (KHTML, like Gecko; compatible; ClaudeBot/1.0; [email protected])"
216.73.216.173 - - [19/Jul/2025:14:21:38 +0000] "GET /s/someb12361176 HTTP/1.1" 404 9120 "-" "Mozilla/5.0 AppleWebKit/537.36 (KHTML, like Gecko; compatible; ClaudeBot/1.0; [email protected])"
216.73.216.173 - - [19/Jul/2025:14:21:38 +0000] "GET /s/dad32753426 HTTP/1.1" 404 9120 "-" "Mozilla/5.0 AppleWebKit/537.36 (KHTML, like Gecko; compatible; ClaudeBot/1.0; [email protected])"
216.73.216.173 - - [19/Jul/2025:14:21:38 +0000] "GET /s/clean61216005 HTTP/1.1" 404 9120 "-" "Mozilla/5.0 AppleWebKit/537.36 (KHTML, like Gecko; compatible; ClaudeBot/1.0; [email protected])"
66.249.79.76 - - [19/Jul/2025:14:21:38 +0000] "GET /s/wax22730537/ HTTP/1.1" 200 40026 "-" "Mozilla/5.0 (Linux; Android 6.0.1; Nexus 5X Build/MMB29P) AppleWebKit/537.36 (KHTML, like Gecko) Chrome/137.0.7151.103 Mobile Safari/537.36 (compatible; Googlebot/2.1; +http://www.google.com/bot.html)"
216.73.216.173 - - [19/Jul/2025:14:21:38 +0000] "GET /s/scrat81305863 HTTP/1.1" 404 9120 "-" "Mozilla/5.0 AppleWebKit/537.36 (KHTML, like Gecko; compatible; ClaudeBot/1.0; [email protected])"
216.73.216.173 - - [19/Jul/2025:14:21:39 +0000] "GET /s/domin61566101 HTTP/1.1" 404 9120 "-" "Mozilla/5.0 AppleWebKit/537.36 (KHTML, like Gecko; compatible; ClaudeBot/1.0; [email protected])"
216.73.216.173 - - [19/Jul/2025:14:21:39 +0000] "GET /s/traff42980547 HTTP/1.1" 404 9120 "-" "Mozilla/5.0 AppleWebKit/537.36 (KHTML, like Gecko; compatible; ClaudeBot/1.0; [email protected])"
20.171.207.178 - - [19/Jul/2025:14:21:39 +0000] "GET /s/banne80402591/ HTTP/1.1" 404 9120 "-" "Mozilla/5.0 AppleWebKit/537.36 (KHTML, like Gecko; compatible; GPTBot/1.2; +https://openai.com/gptbot)"
216.73.216.173 - - [19/Jul/2025:14:21:39 +0000] "GET /s/hence20983017 HTTP/1.1" 404 9120 "-" "Mozilla/5.0 AppleWebKit/537.36 (KHTML, like Gecko; compatible; ClaudeBot/1.0; [email protected])"
216.73.216.173 - - [19/Jul/2025:14:21:39 +0000] "GET /s/chari70737358 HTTP/1.1" 404 9120 "-" "Mozilla/5.0 AppleWebKit/537.36 (KHTML, like Gecko; compatible; ClaudeBot/1.0; [email protected])"
216.73.216.173 - - [19/Jul/2025:14:21:39 +0000] "GET /s/badly11851144 HTTP/1.1" 404 9120 "-" "Mozilla/5.0 AppleWebKit/537.36 (KHTML, like Gecko; compatible; ClaudeBot/1.0; [email protected])"
216.73.216.173 - - [19/Jul/2025:14:21:39 +0000] "GET /s/restl42031275 HTTP/1.1" 404 9120 "-" "Mozilla/5.0 AppleWebKit/537.36 (KHTML, like Gecko; compatible; ClaudeBot/1.0; [email protected])"
216.73.216.173 - - [19/Jul/2025:14:21:39 +0000] "GET /s/wing71496286 HTTP/1.1" 404 9120 "-" "Mozilla/5.0 AppleWebKit/537.36 (KHTML, like Gecko; compatible; ClaudeBot/1.0; [email protected])"
216.73.216.173 - - [19/Jul/2025:14:21:40 +0000] "GET /s/tongu12452264 HTTP/1.1" 404 9120 "-" "Mozilla/5.0 AppleWebKit/537.36 (KHTML, like Gecko; compatible; ClaudeBot/1.0; [email protected])"
216.73.216.173 - - [19/Jul/2025:14:21:40 +0000] "GET /s/rhyth61902557 HTTP/1.1" 404 9120 "-" "Mozilla/5.0 AppleWebKit/537.36 (KHTML, like Gecko; compatible; ClaudeBot/1.0; [email protected])"
216.73.216.173 - - [19/Jul/2025:14:21:40 +0000] "GET /s/keep20093665 HTTP/1.1" 404 9120 "-" "Mozilla/5.0 AppleWebKit/537.36 (KHTML, like Gecko; compatible; ClaudeBot/1.0; [email protected])"
216.73.216.173 - - [19/Jul/2025:14:21:40 +0000] "GET /s/serve60757485 HTTP/1.1" 404 9120 "-" "Mozilla/5.0 AppleWebKit/537.36 (KHTML, like Gecko; compatible; ClaudeBot/1.0; [email protected])"
216.73.216.173 - - [19/Jul/2025:14:21:40 +0000] "GET /s/baske22852265 HTTP/1.1" 404 9120 "-" "Mozilla/5.0 AppleWebKit/537.36 (KHTML, like Gecko; compatible; ClaudeBot/1.0; [email protected])"
216.73.216.173 - - [19/Jul/2025:14:21:40 +0000] "GET /s/rearr32365978 HTTP/1.1" 404 9120 "-" "Mozilla/5.0 AppleWebKit/537.36 (KHTML, like Gecko; compatible; ClaudeBot/1.0; [email protected])"
216.73.216.173 - - [19/Jul/2025:14:21:40 +0000] "GET /s/daugh61256885 HTTP/1.1" 404 9120 "-" "Mozilla/5.0 AppleWebKit/537.36 (KHTML, like Gecko; compatible; ClaudeBot/1.0; [email protected])"
216.73.216.173 - - [19/Jul/2025:14:21:40 +0000] "GET /s/until41956259 HTTP/1.1" 404 9120 "-" "Mozilla/5.0 AppleWebKit/537.36 (KHTML, like Gecko; compatible; ClaudeBot/1.0; [email protected])"
216.73.216.173 - - [19/Jul/2025:14:21:40 +0000] "GET /s/coffe61908277 HTTP/1.1" 404 9120 "-" "Mozilla/5.0 AppleWebKit/537.36 (KHTML, like Gecko; compatible; ClaudeBot/1.0; [email protected])"
216.73.216.173 - - [19/Jul/2025:14:21:41 +0000] "GET /s/riddl42304675 HTTP/1.1" 404 9120 "-" "Mozilla/5.0 AppleWebKit/537.36 (KHTML, like Gecko; compatible; ClaudeBot/1.0; [email protected])"
216.73.216.173 - - [19/Jul/2025:14:21:41 +0000] "GET /s/husba71636702 HTTP/1.1" 404 9120 "-" "Mozilla/5.0 AppleWebKit/537.36 (KHTML, like Gecko; compatible; ClaudeBot/1.0; [email protected])"
216.73.216.173 - - [19/Jul/2025:14:21:41 +0000] "GET /s/wheth42312739 HTTP/1.1" 404 9120 "-" "Mozilla/5.0 AppleWebKit/537.36 (KHTML, like Gecko; compatible; ClaudeBot/1.0; [email protected])"
216.73.216.173 - - [19/Jul/2025:14:21:41 +0000] "GET /s/trunk80859343 HTTP/1.1" 404 9120 "-" "Mozilla/5.0 AppleWebKit/537.36 (KHTML, like Gecko; compatible; ClaudeBot/1.0; [email protected])"
216.73.216.173 - - [19/Jul/2025:14:21:41 +0000] "GET /s/kill30177034 HTTP/1.1" 404 9120 "-" "Mozilla/5.0 AppleWebKit/537.36 (KHTML, like Gecko; compatible; ClaudeBot/1.0; [email protected])"
216.73.216.173 - - [19/Jul/2025:14:21:41 +0000] "GET /s/pregn41785987 HTTP/1.1" 404 9120 "-" "Mozilla/5.0 AppleWebKit/537.36 (KHTML, like Gecko; compatible; ClaudeBot/1.0; [email protected])"
216.73.216.173 - - [19/Jul/2025:14:21:41 +0000] "GET /s/incen30566242 HTTP/1.1" 404 9120 "-" "Mozilla/5.0 AppleWebKit/537.36 (KHTML, like Gecko; compatible; ClaudeBot/1.0; [email protected])"
216.73.216.173 - - [19/Jul/2025:14:21:41 +0000] "GET /s/bulk70878454 HTTP/1.1" 404 9120 "-" "Mozilla/5.0 AppleWebKit/537.36 (KHTML, like Gecko; compatible; ClaudeBot/1.0; [email protected])"
20.171.207.178 - - [19/Jul/2025:14:21:42 +0000] "GET /s/summa40207323/ HTTP/1.1" 404 9120 "-" "Mozilla/5.0 AppleWebKit/537.36 (KHTML, like Gecko; compatible; GPTBot/1.2; +https://openai.com/gptbot)"
209.74.77.214 - - [19/Jul/2025:14:21:46 +0000] "POST /wp-cron.php?doing_wp_cron=1752934906.3795340061187744140625 HTTP/1.1" 200 - "-" "WordPress/6.8.2; https://sixpacksecurity.com.au"
20.171.207.178 - - [19/Jul/2025:14:21:46 +0000] "GET /s/stack31758490/ HTTP/1.1" 404 9120 "-" "Mozilla/5.0 AppleWebKit/537.36 (KHTML, like Gecko; compatible; GPTBot/1.2; +https://openai.com/gptbot)"
209.74.77.214 - - [19/Jul/2025:14:21:46 +0000] "POST /wp-admin/admin-ajax.php?action=async_litespeed&nonce=BbwJv8eN7CE3Bq1SETtNQgZ9uuhrqyW6&litespeed_type=imgoptm HTTP/1.1" 200 21 "-" "WordPress/6.8.2; https://sixpacksecurity.com.au"
66.249.79.76 - - [19/Jul/2025:14:21:47 +0000] "GET /s/beari21531713/ HTTP/1.1" 200 39893 "-" "Mozilla/5.0 (Linux; Android 6.0.1; Nexus 5X Build/MMB29P) AppleWebKit/537.36 (KHTML, like Gecko) Chrome/137.0.7151.103 Mobile Safari/537.36 (compatible; Googlebot/2.1; +http://www.google.com/bot.html)"
20.171.207.178 - - [19/Jul/2025:14:21:49 +0000] "GET /s/unaff42790027/ HTTP/1.1" 404 9120 "-" "Mozilla/5.0 AppleWebKit/537.36 (KHTML, like Gecko; compatible; GPTBot/1.2; +https://openai.com/gptbot)"
20.171.207.178 - - [19/Jul/2025:14:21:52 +0000] "GET /s/great61760229/ HTTP/1.1" 404 9120 "-" "Mozilla/5.0 AppleWebKit/537.36 (KHTML, like Gecko; compatible; GPTBot/1.2; +https://openai.com/gptbot)"
20.171.207.178 - - [19/Jul/2025:14:21:56 +0000] "GET /s/invit51656780/ HTTP/1.1" 404 9120 "-" "Mozilla/5.0 AppleWebKit/537.36 (KHTML, like Gecko; compatible; GPTBot/1.2; +https://openai.com/gptbot)"
20.171.207.178 - - [19/Jul/2025:14:21:59 +0000] "GET /s/crown12242512/ HTTP/1.1" 404 9120 "-" "Mozilla/5.0 AppleWebKit/537.36 (KHTML, like Gecko; compatible; GPTBot/1.2; +https://openai.com/gptbot)"
20.171.207.178 - - [19/Jul/2025:14:22:03 +0000] "GET /s/bosom60399421/ HTTP/1.1" 404 9120 "-" "Mozilla/5.0 AppleWebKit/537.36 (KHTML, like Gecko; compatible; GPTBot/1.2; +https://openai.com/gptbot)"
209.74.77.214 - - [19/Jul/2025:14:22:06 +0000] "POST /wp-cron.php?doing_wp_cron=1752934926.6547238826751708984375 HTTP/1.1" 200 - "-" "WordPress/6.8.2; https://sixpacksecurity.com.au"
20.171.207.178 - - [19/Jul/2025:14:22:06 +0000] "GET /s/dispo20814985/ HTTP/1.1" 404 9120 "-" "Mozilla/5.0 AppleWebKit/537.36 (KHTML, like Gecko; compatible; GPTBot/1.2; +https://openai.com/gptbot)"
20.171.207.178 - - [19/Jul/2025:14:22:09 +0000] "GET /s/front42432139/ HTTP/1.1" 404 9120 "-" "Mozilla/5.0 AppleWebKit/537.36 (KHTML, like Gecko; compatible; GPTBot/1.2; +https://openai.com/gptbot)"
20.171.207.178 - - [19/Jul/2025:14:22:13 +0000] "GET /s/unfam30165370/ HTTP/1.1" 404 9120 "-" "Mozilla/5.0 AppleWebKit/537.36 (KHTML, like Gecko; compatible; GPTBot/1.2; +https://openai.com/gptbot)"
20.171.207.178 - - [19/Jul/2025:14:22:17 +0000] "GET /s/utter71903478/ HTTP/1.1" 404 9120 "-" "Mozilla/5.0 AppleWebKit/537.36 (KHTML, like Gecko; compatible; GPTBot/1.2; +https://openai.com/gptbot)"
20.171.207.178 - - [19/Jul/2025:14:22:21 +0000] "GET /s/spoil11030720/ HTTP/1.1" 404 9120 "-" "Mozilla/5.0 AppleWebKit/537.36 (KHTML, like Gecko; compatible; GPTBot/1.2; +https://openai.com/gptbot)"
66.249.79.64 - - [19/Jul/2025:14:22:21 +0000] "GET /s/brown22753057/ HTTP/1.1" 200 40536 "-" "Mozilla/5.0 (Linux; Android 6.0.1; Nexus 5X Build/MMB29P) AppleWebKit/537.36 (KHTML, like Gecko) Chrome/137.0.7151.103 Mobile Safari/537.36 (compatible; Googlebot/2.1; +http://www.google.com/bot.html)"
20.171.207.178 - - [19/Jul/2025:14:22:24 +0000] "GET /s/techn21984473/ HTTP/1.1" 404 9120 "-" "Mozilla/5.0 AppleWebKit/537.36 (KHTML, like Gecko; compatible; GPTBot/1.2; +https://openai.com/gptbot)"
66.249.79.76 - - [19/Jul/2025:14:22:26 +0000] "POST /get-message-notify HTTP/1.1" 200 40086 "https://sixpacksecurity.com.au/s/brown22753057/" "Mozilla/5.0 (Linux; Android 6.0.1; Nexus 5X Build/MMB29P) AppleWebKit/537.36 (KHTML, like Gecko) Chrome/137.0.7151.119 Mobile Safari/537.36 (compatible; Googlebot/2.1; +http://www.google.com/bot.html)"
20.171.207.178 - - [19/Jul/2025:14:22:28 +0000] "GET /s/resum62850845/ HTTP/1.1" 404 9120 "-" "Mozilla/5.0 AppleWebKit/537.36 (KHTML, like Gecko; compatible; GPTBot/1.2; +https://openai.com/gptbot)"
20.171.207.178 - - [19/Jul/2025:14:22:32 +0000] "GET /s/pover71334590/ HTTP/1.1" 404 9120 "-" "Mozilla/5.0 AppleWebKit/537.36 (KHTML, like Gecko; compatible; GPTBot/1.2; +https://openai.com/gptbot)"
20.171.207.178 - - [19/Jul/2025:14:22:34 +0000] "GET /s/illeg32230010/ HTTP/1.1" 404 9120 "-" "Mozilla/5.0 AppleWebKit/537.36 (KHTML, like Gecko; compatible; GPTBot/1.2; +https://openai.com/gptbot)"
66.249.79.76 - - [19/Jul/2025:14:22:34 +0000] "POST /get-message-notify HTTP/1.1" 200 40156 "https://sixpacksecurity.com.au/s/tempt60342357/" "Mozilla/5.0 (Linux; Android 6.0.1; Nexus 5X Build/MMB29P) AppleWebKit/537.36 (KHTML, like Gecko) Chrome/137.0.7151.119 Mobile Safari/537.36 (compatible; Googlebot/2.1; +http://www.google.com/bot.html)"
20.171.207.178 - - [19/Jul/2025:14:22:38 +0000] "GET /s/highl42594363/ HTTP/1.1" 404 9120 "-" "Mozilla/5.0 AppleWebKit/537.36 (KHTML, like Gecko; compatible; GPTBot/1.2; +https://openai.com/gptbot)"
66.249.79.76 - - [19/Jul/2025:14:22:40 +0000] "GET /s/abrup30710442/ HTTP/1.1" 200 39923 "-" "Mozilla/5.0 (Linux; Android 6.0.1; Nexus 5X Build/MMB29P) AppleWebKit/537.36 (KHTML, like Gecko) Chrome/137.0.7151.103 Mobile Safari/537.36 (compatible; Googlebot/2.1; +http://www.google.com/bot.html)"
20.171.207.178 - - [19/Jul/2025:14:22:41 +0000] "GET /s/indiv50989836/ HTTP/1.1" 404 9120 "-" "Mozilla/5.0 AppleWebKit/537.36 (KHTML, like Gecko; compatible; GPTBot/1.2; +https://openai.com/gptbot)"
209.74.77.214 - - [19/Jul/2025:14:22:45 +0000] "POST /wp-cron.php?doing_wp_cron=1752934965.4049999713897705078125 HTTP/1.1" 200 - "-" "WordPress/6.8.2; https://sixpacksecurity.com.au"
20.171.207.178 - - [19/Jul/2025:14:22:45 +0000] "GET /s/vital80077847/ HTTP/1.1" 404 9120 "-" "Mozilla/5.0 AppleWebKit/537.36 (KHTML, like Gecko; compatible; GPTBot/1.2; +https://openai.com/gptbot)"
209.74.77.214 - - [19/Jul/2025:14:22:45 +0000] "POST /wp-admin/admin-ajax.php?action=async_litespeed&nonce=YTqqDmMDd37RzT8HKO3cnMJgIdDzTxpW&litespeed_type=imgoptm HTTP/1.1" 200 21 "-" "WordPress/6.8.2; https://sixpacksecurity.com.au"
20.171.207.178 - - [19/Jul/2025:14:22:49 +0000] "GET /s/rotat22707441/ HTTP/1.1" 404 9120 "-" "Mozilla/5.0 AppleWebKit/537.36 (KHTML, like Gecko; compatible; GPTBot/1.2; +https://openai.com/gptbot)"
216.73.216.173 - - [19/Jul/2025:14:22:49 +0000] "GET /s/teen52477412 HTTP/1.1" 404 9120 "-" "Mozilla/5.0 AppleWebKit/537.36 (KHTML, like Gecko; compatible; ClaudeBot/1.0; [email protected])"
216.73.216.173 - - [19/Jul/2025:14:22:49 +0000] "GET /s/sexua22043809 HTTP/1.1" 404 9120 "-" "Mozilla/5.0 AppleWebKit/537.36 (KHTML, like Gecko; compatible; ClaudeBot/1.0; [email protected])"
216.73.216.173 - - [19/Jul/2025:14:22:49 +0000] "GET /s/legal52322284 HTTP/1.1" 404 9120 "-" "Mozilla/5.0 AppleWebKit/537.36 (KHTML, like Gecko; compatible; ClaudeBot/1.0; [email protected])"
216.73.216.173 - - [19/Jul/2025:14:22:50 +0000] "GET /s/woman51313348 HTTP/1.1" 404 9120 "-" "Mozilla/5.0 AppleWebKit/537.36 (KHTML, like Gecko; compatible; ClaudeBot/1.0; [email protected])"
216.73.216.173 - - [19/Jul/2025:14:22:50 +0000] "GET /s/asian70400790 HTTP/1.1" 404 9120 "-" "Mozilla/5.0 AppleWebKit/537.36 (KHTML, like Gecko; compatible; ClaudeBot/1.0; [email protected])"
216.73.216.173 - - [19/Jul/2025:14:22:50 +0000] "GET /s/gentl32113026 HTTP/1.1" 404 9120 "-" "Mozilla/5.0 AppleWebKit/537.36 (KHTML, like Gecko; compatible; ClaudeBot/1.0; [email protected])"
216.73.216.173 - - [19/Jul/2025:14:22:50 +0000] "GET /s/polit12176288 HTTP/1.1" 404 9120 "-" "Mozilla/5.0 AppleWebKit/537.36 (KHTML, like Gecko; compatible; ClaudeBot/1.0; [email protected])"
216.73.216.173 - - [19/Jul/2025:14:22:50 +0000] "GET /s/legal52698284 HTTP/1.1" 404 9120 "-" "Mozilla/5.0 AppleWebKit/537.36 (KHTML, like Gecko; compatible; ClaudeBot/1.0; [email protected])"
216.73.216.173 - - [19/Jul/2025:14:22:50 +0000] "GET /s/produ11148328 HTTP/1.1" 404 9120 "-" "Mozilla/5.0 AppleWebKit/537.36 (KHTML, like Gecko; compatible; ClaudeBot/1.0; [email protected])"
216.73.216.173 - - [19/Jul/2025:14:22:50 +0000] "GET /s/nude60011869 HTTP/1.1" 404 9120 "-" "Mozilla/5.0 AppleWebKit/537.36 (KHTML, like Gecko; compatible; ClaudeBot/1.0; [email protected])"
216.73.216.173 - - [19/Jul/2025:14:22:50 +0000] "GET /s/girl30416546 HTTP/1.1" 404 9120 "-" "Mozilla/5.0 AppleWebKit/537.36 (KHTML, like Gecko; compatible; ClaudeBot/1.0; [email protected])"
216.73.216.173 - - [19/Jul/2025:14:22:50 +0000] "GET /s/belie52712244 HTTP/1.1" 404 9120 "-" "Mozilla/5.0 AppleWebKit/537.36 (KHTML, like Gecko; compatible; ClaudeBot/1.0; [email protected])"
216.73.216.173 - - [19/Jul/2025:14:22:50 +0000] "GET /s/fortn71311526 HTTP/1.1" 404 9120 "-" "Mozilla/5.0 AppleWebKit/537.36 (KHTML, like Gecko; compatible; ClaudeBot/1.0; [email protected])"
216.73.216.173 - - [19/Jul/2025:14:22:50 +0000] "GET /s/bible31491338 HTTP/1.1" 404 9120 "-" "Mozilla/5.0 AppleWebKit/537.36 (KHTML, like Gecko; compatible; ClaudeBot/1.0; [email protected])"
216.73.216.173 - - [19/Jul/2025:14:22:50 +0000] "GET /s/sale71404646 HTTP/1.1" 404 9120 "-" "Mozilla/5.0 AppleWebKit/537.36 (KHTML, like Gecko; compatible; ClaudeBot/1.0; [email protected])"
216.73.216.173 - - [19/Jul/2025:14:22:50 +0000] "GET /s/food11261288 HTTP/1.1" 404 9120 "-" "Mozilla/5.0 AppleWebKit/537.36 (KHTML, like Gecko; compatible; ClaudeBot/1.0; [email protected])"
216.73.216.173 - - [19/Jul/2025:14:22:51 +0000] "GET /s/naked40387379 HTTP/1.1" 404 9120 "-" "Mozilla/5.0 AppleWebKit/537.36 (KHTML, like Gecko; compatible; ClaudeBot/1.0; [email protected])"
216.73.216.173 - - [19/Jul/2025:14:22:51 +0000] "GET /s/artif41566499 HTTP/1.1" 404 9120 "-" "Mozilla/5.0 AppleWebKit/537.36 (KHTML, like Gecko; compatible; ClaudeBot/1.0; [email protected])"
216.73.216.173 - - [19/Jul/2025:14:22:51 +0000] "GET /s/famil70329094 HTTP/1.1" 404 9120 "-" "Mozilla/5.0 AppleWebKit/537.36 (KHTML, like Gecko; compatible; ClaudeBot/1.0; [email protected])"
216.73.216.173 - - [19/Jul/2025:14:22:51 +0000] "GET /s/famou80400831 HTTP/1.1" 404 9120 "-" "Mozilla/5.0 AppleWebKit/537.36 (KHTML, like Gecko; compatible; ClaudeBot/1.0; [email protected])"
216.73.216.173 - - [19/Jul/2025:14:22:51 +0000] "GET /s/jewel71863022 HTTP/1.1" 404 9120 "-" "Mozilla/5.0 AppleWebKit/537.36 (KHTML, like Gecko; compatible; ClaudeBot/1.0; [email protected])"
216.73.216.173 - - [19/Jul/2025:14:22:51 +0000] "GET /s/greek40003283 HTTP/1.1" 404 9120 "-" "Mozilla/5.0 AppleWebKit/537.36 (KHTML, like Gecko; compatible; ClaudeBot/1.0; [email protected])"
216.73.216.173 - - [19/Jul/2025:14:22:51 +0000] "GET /s/down62776789 HTTP/1.1" 404 9120 "-" "Mozilla/5.0 AppleWebKit/537.36 (KHTML, like Gecko; compatible; ClaudeBot/1.0; [email protected])"
216.73.216.173 - - [19/Jul/2025:14:22:51 +0000] "GET /s/celeb40784971 HTTP/1.1" 404 9120 "-" "Mozilla/5.0 AppleWebKit/537.36 (KHTML, like Gecko; compatible; ClaudeBot/1.0; [email protected])"
216.73.216.173 - - [19/Jul/2025:14:22:51 +0000] "GET /s/colle41200115 HTTP/1.1" 404 9120 "-" "Mozilla/5.0 AppleWebKit/537.36 (KHTML, like Gecko; compatible; ClaudeBot/1.0; [email protected])"
216.73.216.173 - - [19/Jul/2025:14:22:51 +0000] "GET /s/medic52533252 HTTP/1.1" 404 9120 "-" "Mozilla/5.0 AppleWebKit/537.36 (KHTML, like Gecko; compatible; ClaudeBot/1.0; [email protected])"
216.73.216.173 - - [19/Jul/2025:14:22:51 +0000] "GET /s/saint71378214 HTTP/1.1" 404 9120 "-" "Mozilla/5.0 AppleWebKit/537.36 (KHTML, like Gecko; compatible; ClaudeBot/1.0; [email protected])"
216.73.216.173 - - [19/Jul/2025:14:22:52 +0000] "GET /s/town22188209 HTTP/1.1" 404 9120 "-" "Mozilla/5.0 AppleWebKit/537.36 (KHTML, like Gecko; compatible; ClaudeBot/1.0; [email protected])"
216.73.216.173 - - [19/Jul/2025:14:22:52 +0000] "GET /s/vacuu81631447 HTTP/1.1" 404 9120 "-" "Mozilla/5.0 AppleWebKit/537.36 (KHTML, like Gecko; compatible; ClaudeBot/1.0; [email protected])"
20.171.207.178 - - [19/Jul/2025:14:22:52 +0000] "GET /s/chann42003491/ HTTP/1.1" 404 9120 "-" "Mozilla/5.0 AppleWebKit/537.36 (KHTML, like Gecko; compatible; GPTBot/1.2; +https://openai.com/gptbot)"
216.73.216.173 - - [19/Jul/2025:14:22:52 +0000] "GET /s/finis42476395 HTTP/1.1" 404 9120 "-" "Mozilla/5.0 AppleWebKit/537.36 (KHTML, like Gecko; compatible; ClaudeBot/1.0; [email protected])"
216.73.216.173 - - [19/Jul/2025:14:22:52 +0000] "GET /s/cinem42700859 HTTP/1.1" 404 9120 "-" "Mozilla/5.0 AppleWebKit/537.36 (KHTML, like Gecko; compatible; ClaudeBot/1.0; [email protected])"
20.171.207.178 - - [19/Jul/2025:14:22:56 +0000] "GET /s/seven40036147/ HTTP/1.1" 404 9120 "-" "Mozilla/5.0 AppleWebKit/537.36 (KHTML, like Gecko; compatible; GPTBot/1.2; +https://openai.com/gptbot)"
20.171.207.178 - - [19/Jul/2025:14:22:58 +0000] "GET /s/thoro40702963/ HTTP/1.1" 404 9120 "-" "Mozilla/5.0 AppleWebKit/537.36 (KHTML, like Gecko; compatible; GPTBot/1.2; +https://openai.com/gptbot)"
20.171.207.178 - - [19/Jul/2025:14:23:03 +0000] "GET /s/secur72661958/ HTTP/1.1" 404 9120 "-" "Mozilla/5.0 AppleWebKit/537.36 (KHTML, like Gecko; compatible; GPTBot/1.2; +https://openai.com/gptbot)"
209.74.77.214 - - [19/Jul/2025:14:23:06 +0000] "POST /wp-cron.php?doing_wp_cron=1752934986.0327448844909667968750 HTTP/1.1" 200 - "-" "WordPress/6.8.2; https://sixpacksecurity.com.au"
20.171.207.178 - - [19/Jul/2025:14:23:05 +0000] "GET /s/waite42889451/ HTTP/1.1" 404 9120 "-" "Mozilla/5.0 AppleWebKit/537.36 (KHTML, like Gecko; compatible; GPTBot/1.2; +https://openai.com/gptbot)"
20.171.207.178 - - [19/Jul/2025:14:23:09 +0000] "GET /s/affec42461883/ HTTP/1.1" 404 9120 "-" "Mozilla/5.0 AppleWebKit/537.36 (KHTML, like Gecko; compatible; GPTBot/1.2; +https://openai.com/gptbot)"
20.171.207.178 - - [19/Jul/2025:14:23:12 +0000] "GET /s/dissa82618439/ HTTP/1.1" 404 9120 "-" "Mozilla/5.0 AppleWebKit/537.36 (KHTML, like Gecko; compatible; GPTBot/1.2; +https://openai.com/gptbot)"
20.171.207.178 - - [19/Jul/2025:14:23:15 +0000] "GET /s/marbl20798937/ HTTP/1.1" 404 9120 "-" "Mozilla/5.0 AppleWebKit/537.36 (KHTML, like Gecko; compatible; GPTBot/1.2; +https://openai.com/gptbot)"
66.249.79.64 - - [19/Jul/2025:14:23:16 +0000] "GET /s/outpu20430665/ HTTP/1.1" 200 39924 "-" "Mozilla/5.0 (Linux; Android 6.0.1; Nexus 5X Build/MMB29P) AppleWebKit/537.36 (KHTML, like Gecko) Chrome/137.0.7151.103 Mobile Safari/537.36 (compatible; Googlebot/2.1; +http://www.google.com/bot.html)"
20.171.207.178 - - [19/Jul/2025:14:23:19 +0000] "GET /s/devis81846815/ HTTP/1.1" 404 9120 "-" "Mozilla/5.0 AppleWebKit/537.36 (KHTML, like Gecko; compatible; GPTBot/1.2; +https://openai.com/gptbot)"
20.171.207.178 - - [19/Jul/2025:14:23:22 +0000] "GET /s/insis22465289/ HTTP/1.1" 404 9119 "-" "Mozilla/5.0 AppleWebKit/537.36 (KHTML, like Gecko; compatible; GPTBot/1.2; +https://openai.com/gptbot)"
20.171.207.178 - - [19/Jul/2025:14:23:26 +0000] "GET /s/messa32001274/ HTTP/1.1" 404 9120 "-" "Mozilla/5.0 AppleWebKit/537.36 (KHTML, like Gecko; compatible; GPTBot/1.2; +https://openai.com/gptbot)"
20.171.207.178 - - [19/Jul/2025:14:23:29 +0000] "GET /s/impac30546450/ HTTP/1.1" 404 9120 "-" "Mozilla/5.0 AppleWebKit/537.36 (KHTML, like Gecko; compatible; GPTBot/1.2; +https://openai.com/gptbot)"
66.249.79.76 - - [19/Jul/2025:14:23:32 +0000] "GET /s/dilig12090360/ HTTP/1.1" 200 40543 "-" "Mozilla/5.0 (Linux; Android 6.0.1; Nexus 5X Build/MMB29P) AppleWebKit/537.36 (KHTML, like Gecko) Chrome/137.0.7151.103 Mobile Safari/537.36 (compatible; GoogleOther)"
20.171.207.178 - - [19/Jul/2025:14:23:33 +0000] "GET /s/weddi50374348/ HTTP/1.1" 404 9120 "-" "Mozilla/5.0 AppleWebKit/537.36 (KHTML, like Gecko; compatible; GPTBot/1.2; +https://openai.com/gptbot)"
66.249.79.64 - - [19/Jul/2025:14:23:33 +0000] "GET /s/fierc11874680/ HTTP/1.1" 200 39990 "-" "Mozilla/5.0 (Linux; Android 6.0.1; Nexus 5X Build/MMB29P) AppleWebKit/537.36 (KHTML, like Gecko) Chrome/137.0.7151.103 Mobile Safari/537.36 (compatible; Googlebot/2.1; +http://www.google.com/bot.html)"
20.171.207.178 - - [19/Jul/2025:14:23:38 +0000] "GET /s/route31985442/ HTTP/1.1" 404 9121 "-" "Mozilla/5.0 AppleWebKit/537.36 (KHTML, like Gecko; compatible; GPTBot/1.2; +https://openai.com/gptbot)"
20.171.207.178 - - [19/Jul/2025:14:23:40 +0000] "GET /s/jaron51031996/ HTTP/1.1" 404 9120 "-" "Mozilla/5.0 AppleWebKit/537.36 (KHTML, like Gecko; compatible; GPTBot/1.2; +https://openai.com/gptbot)"
209.74.77.214 - - [19/Jul/2025:14:23:43 +0000] "POST /wp-cron.php?doing_wp_cron=1752935023.4612069129943847656250 HTTP/1.1" 200 - "-" "WordPress/6.8.2; https://sixpacksecurity.com.au"
20.171.207.178 - - [19/Jul/2025:14:23:43 +0000] "GET /s/monum42618483/ HTTP/1.1" 404 9120 "-" "Mozilla/5.0 AppleWebKit/537.36 (KHTML, like Gecko; compatible; GPTBot/1.2; +https://openai.com/gptbot)"
209.74.77.214 - - [19/Jul/2025:14:23:43 +0000] "POST /wp-admin/admin-ajax.php?action=async_litespeed&nonce=OM9G5LJrfePBZCJmye3vpIZ9IZkY72ZD&litespeed_type=imgoptm HTTP/1.1" 200 21 "-" "WordPress/6.8.2; https://sixpacksecurity.com.au"
20.171.207.178 - - [19/Jul/2025:14:23:46 +0000] "GET /s/catal21686193/ HTTP/1.1" 404 9120 "-" "Mozilla/5.0 AppleWebKit/537.36 (KHTML, like Gecko; compatible; GPTBot/1.2; +https://openai.com/gptbot)"
20.171.207.178 - - [19/Jul/2025:14:23:50 +0000] "GET /s/intim70499574/ HTTP/1.1" 404 9120 "-" "Mozilla/5.0 AppleWebKit/537.36 (KHTML, like Gecko; compatible; GPTBot/1.2; +https://openai.com/gptbot)"
20.171.207.178 - - [19/Jul/2025:14:23:53 +0000] "GET /s/biote62243741/ HTTP/1.1" 404 9120 "-" "Mozilla/5.0 AppleWebKit/537.36 (KHTML, like Gecko; compatible; GPTBot/1.2; +https://openai.com/gptbot)"
66.249.79.76 - - [19/Jul/2025:14:23:54 +0000] "GET /s/voice21116161/ HTTP/1.1" 200 41019 "-" "Mozilla/5.0 (Linux; Android 6.0.1; Nexus 5X Build/MMB29P) AppleWebKit/537.36 (KHTML, like Gecko) Chrome/137.0.7151.103 Mobile Safari/537.36 (compatible; Googlebot/2.1; +http://www.google.com/bot.html)"
66.249.79.76 - - [19/Jul/2025:14:23:54 +0000] "GET /s/why30717010/ HTTP/1.1" 200 40145 "-" "Mozilla/5.0 (Linux; Android 6.0.1; Nexus 5X Build/MMB29P) AppleWebKit/537.36 (KHTML, like Gecko) Chrome/137.0.7151.103 Mobile Safari/537.36 (compatible; Googlebot/2.1; +http://www.google.com/bot.html)"
20.171.207.178 - - [19/Jul/2025:14:23:57 +0000] "GET /s/nerve51982860/ HTTP/1.1" 404 9120 "-" "Mozilla/5.0 AppleWebKit/537.36 (KHTML, like Gecko; compatible; GPTBot/1.2; +https://openai.com/gptbot)"
20.171.207.178 - - [19/Jul/2025:14:24:00 +0000] "GET /s/bogus60289989/ HTTP/1.1" 404 9120 "-" "Mozilla/5.0 AppleWebKit/537.36 (KHTML, like Gecko; compatible; GPTBot/1.2; +https://openai.com/gptbot)"
20.171.207.178 - - [19/Jul/2025:14:24:04 +0000] "GET /s/promo41901899/ HTTP/1.1" 404 9120 "-" "Mozilla/5.0 AppleWebKit/537.36 (KHTML, like Gecko; compatible; GPTBot/1.2; +https://openai.com/gptbot)"
209.74.77.214 - - [19/Jul/2025:14:24:07 +0000] "POST /wp-cron.php?doing_wp_cron=1752935047.9429490566253662109375 HTTP/1.1" 200 - "-" "WordPress/6.8.2; https://sixpacksecurity.com.au"
20.171.207.178 - - [19/Jul/2025:14:24:07 +0000] "GET /s/trait82802079/ HTTP/1.1" 404 9120 "-" "Mozilla/5.0 AppleWebKit/537.36 (KHTML, like Gecko; compatible; GPTBot/1.2; +https://openai.com/gptbot)"
20.171.207.178 - - [19/Jul/2025:14:24:11 +0000] "GET /s/minor20638249/ HTTP/1.1" 404 9120 "-" "Mozilla/5.0 AppleWebKit/537.36 (KHTML, like Gecko; compatible; GPTBot/1.2; +https://openai.com/gptbot)"
20.171.207.178 - - [19/Jul/2025:14:24:14 +0000] "GET /s/crayo50880292/ HTTP/1.1" 404 9120 "-" "Mozilla/5.0 AppleWebKit/537.36 (KHTML, like Gecko; compatible; GPTBot/1.2; +https://openai.com/gptbot)"
20.171.207.178 - - [19/Jul/2025:14:24:18 +0000] "GET /s/breat20560257/ HTTP/1.1" 404 9120 "-" "Mozilla/5.0 AppleWebKit/537.36 (KHTML, like Gecko; compatible; GPTBot/1.2; +https://openai.com/gptbot)"
20.171.207.178 - - [19/Jul/2025:14:24:24 +0000] "GET /s/overc82384247/ HTTP/1.1" 404 9119 "-" "Mozilla/5.0 AppleWebKit/537.36 (KHTML, like Gecko; compatible; GPTBot/1.2; +https://openai.com/gptbot)"
20.171.207.178 - - [19/Jul/2025:14:24:26 +0000] "GET /s/vacan31746906/ HTTP/1.1" 404 9120 "-" "Mozilla/5.0 AppleWebKit/537.36 (KHTML, like Gecko; compatible; GPTBot/1.2; +https://openai.com/gptbot)"
20.171.207.178 - - [19/Jul/2025:14:24:31 +0000] "GET /s/divis60618021/ HTTP/1.1" 404 9120 "-" "Mozilla/5.0 AppleWebKit/537.36 (KHTML, like Gecko; compatible; GPTBot/1.2; +https://openai.com/gptbot)"
20.171.207.178 - - [19/Jul/2025:14:24:33 +0000] "GET /s/brist50342708/ HTTP/1.1" 404 9120 "-" "Mozilla/5.0 AppleWebKit/537.36 (KHTML, like Gecko; compatible; GPTBot/1.2; +https://openai.com/gptbot)"
20.171.207.178 - - [19/Jul/2025:14:24:36 +0000] "GET /s/confi62429589/ HTTP/1.1" 404 9120 "-" "Mozilla/5.0 AppleWebKit/537.36 (KHTML, like Gecko; compatible; GPTBot/1.2; +https://openai.com/gptbot)"
20.171.207.178 - - [19/Jul/2025:14:24:39 +0000] "GET /s/promo41901899/ HTTP/1.1" 404 9121 "-" "Mozilla/5.0 AppleWebKit/537.36 (KHTML, like Gecko; compatible; GPTBot/1.2; +https://openai.com/gptbot)"
209.74.77.214 - - [19/Jul/2025:14:24:43 +0000] "POST /wp-cron.php?doing_wp_cron=1752935083.6324720382690429687500 HTTP/1.1" 200 - "-" "WordPress/6.8.2; https://sixpacksecurity.com.au"
20.171.207.178 - - [19/Jul/2025:14:24:43 +0000] "GET /s/relea71418342/ HTTP/1.1" 404 9120 "-" "Mozilla/5.0 AppleWebKit/537.36 (KHTML, like Gecko; compatible; GPTBot/1.2; +https://openai.com/gptbot)"
209.74.77.214 - - [19/Jul/2025:14:24:43 +0000] "POST /wp-admin/admin-ajax.php?action=async_litespeed&nonce=WShe50nkvKS18H0gibJmdNiDca9JDknN&litespeed_type=imgoptm HTTP/1.1" 200 21 "-" "WordPress/6.8.2; https://sixpacksecurity.com.au"
20.171.207.178 - - [19/Jul/2025:14:24:45 +0000] "GET /s/hotel21868673/ HTTP/1.1" 404 9120 "-" "Mozilla/5.0 AppleWebKit/537.36 (KHTML, like Gecko; compatible; GPTBot/1.2; +https://openai.com/gptbot)"
66.249.79.76 - - [19/Jul/2025:14:24:47 +0000] "GET /s/fores70584054/ HTTP/1.1" 200 39995 "-" "Mozilla/5.0 (Linux; Android 6.0.1; Nexus 5X Build/MMB29P) AppleWebKit/537.36 (KHTML, like Gecko) Chrome/137.0.7151.103 Mobile Safari/537.36 (compatible; Googlebot/2.1; +http://www.google.com/bot.html)"
20.171.207.178 - - [19/Jul/2025:14:24:50 +0000] "GET /s/gross61847205/ HTTP/1.1" 404 9120 "-" "Mozilla/5.0 AppleWebKit/537.36 (KHTML, like Gecko; compatible; GPTBot/1.2; +https://openai.com/gptbot)"
20.171.207.178 - - [19/Jul/2025:14:24:54 +0000] "GET /s/horri41279795/ HTTP/1.1" 404 9120 "-" "Mozilla/5.0 AppleWebKit/537.36 (KHTML, like Gecko; compatible; GPTBot/1.2; +https://openai.com/gptbot)"
20.171.207.178 - - [19/Jul/2025:14:24:56 +0000] "GET /s/plant81936071/ HTTP/1.1" 404 9120 "-" "Mozilla/5.0 AppleWebKit/537.36 (KHTML, like Gecko; compatible; GPTBot/1.2; +https://openai.com/gptbot)"
20.171.207.178 - - [19/Jul/2025:14:25:02 +0000] "GET /s/overc82384247/ HTTP/1.1" 404 9120 "-" "Mozilla/5.0 AppleWebKit/537.36 (KHTML, like Gecko; compatible; GPTBot/1.2; +https://openai.com/gptbot)"
20.171.207.178 - - [19/Jul/2025:14:25:03 +0000] "GET /s/paren60128157/ HTTP/1.1" 404 9120 "-" "Mozilla/5.0 AppleWebKit/537.36 (KHTML, like Gecko; compatible; GPTBot/1.2; +https://openai.com/gptbot)"
209.74.77.214 - - [19/Jul/2025:14:25:08 +0000] "POST /wp-cron.php?doing_wp_cron=1752935108.1105720996856689453125 HTTP/1.1" 200 - "-" "WordPress/6.8.2; https://sixpacksecurity.com.au"
20.171.207.178 - - [19/Jul/2025:14:25:08 +0000] "GET /s/restr80441591/ HTTP/1.1" 404 9120 "-" "Mozilla/5.0 AppleWebKit/537.36 (KHTML, like Gecko; compatible; GPTBot/1.2; +https://openai.com/gptbot)"
20.171.207.178 - - [19/Jul/2025:14:25:09 +0000] "GET /s/playe71457806/ HTTP/1.1" 404 9120 "-" "Mozilla/5.0 AppleWebKit/537.36 (KHTML, like Gecko; compatible; GPTBot/1.2; +https://openai.com/gptbot)"
20.171.207.178 - - [19/Jul/2025:14:25:14 +0000] "GET /s/brist50342708/ HTTP/1.1" 404 9120 "-" "Mozilla/5.0 AppleWebKit/537.36 (KHTML, like Gecko; compatible; GPTBot/1.2; +https://openai.com/gptbot)"
66.249.79.76 - - [19/Jul/2025:14:25:14 +0000] "GET /s/toy31408978/ HTTP/1.1" 200 39903 "-" "Mozilla/5.0 (Linux; Android 6.0.1; Nexus 5X Build/MMB29P) AppleWebKit/537.36 (KHTML, like Gecko) Chrome/137.0.7151.103 Mobile Safari/537.36 (compatible; Googlebot/2.1; +http://www.google.com/bot.html)"
20.171.207.178 - - [19/Jul/2025:14:25:19 +0000] "GET /s/noteb52049108/ HTTP/1.1" 404 9120 "-" "Mozilla/5.0 AppleWebKit/537.36 (KHTML, like Gecko; compatible; GPTBot/1.2; +https://openai.com/gptbot)"
20.171.207.178 - - [19/Jul/2025:14:25:20 +0000] "GET /s/whole12589048/ HTTP/1.1" 404 9120 "-" "Mozilla/5.0 AppleWebKit/537.36 (KHTML, like Gecko; compatible; GPTBot/1.2; +https://openai.com/gptbot)"
20.171.207.178 - - [19/Jul/2025:14:25:24 +0000] "GET /s/ornam32906506/ HTTP/1.1" 404 9120 "-" "Mozilla/5.0 AppleWebKit/537.36 (KHTML, like Gecko; compatible; GPTBot/1.2; +https://openai.com/gptbot)"
20.171.207.178 - - [19/Jul/2025:14:25:28 +0000] "GET /s/befor31952306/ HTTP/1.1" 404 9120 "-" "Mozilla/5.0 AppleWebKit/537.36 (KHTML, like Gecko; compatible; GPTBot/1.2; +https://openai.com/gptbot)"
66.249.79.64 - - [19/Jul/2025:14:25:28 +0000] "GET /s/hence20611017/ HTTP/1.1" 200 40387 "-" "Mozilla/5.0 (Linux; Android 6.0.1; Nexus 5X Build/MMB29P) AppleWebKit/537.36 (KHTML, like Gecko) Chrome/137.0.7151.103 Mobile Safari/537.36 (compatible; Googlebot/2.1; +http://www.google.com/bot.html)"
20.171.207.178 - - [19/Jul/2025:14:25:31 +0000] "GET /s/repro10334176/ HTTP/1.1" 404 9120 "-" "Mozilla/5.0 AppleWebKit/537.36 (KHTML, like Gecko; compatible; GPTBot/1.2; +https://openai.com/gptbot)"
20.171.207.178 - - [19/Jul/2025:14:25:35 +0000] "GET /s/needy31346234/ HTTP/1.1" 404 9120 "-" "Mozilla/5.0 AppleWebKit/537.36 (KHTML, like Gecko; compatible; GPTBot/1.2; +https://openai.com/gptbot)"
20.171.207.178 - - [19/Jul/2025:14:25:37 +0000] "GET /s/plant81936071/ HTTP/1.1" 404 9120 "-" "Mozilla/5.0 AppleWebKit/537.36 (KHTML, like Gecko; compatible; GPTBot/1.2; +https://openai.com/gptbot)"
20.171.207.178 - - [19/Jul/2025:14:25:41 +0000] "GET /s/biolo61757533/ HTTP/1.1" 404 9120 "-" "Mozilla/5.0 AppleWebKit/537.36 (KHTML, like Gecko; compatible; GPTBot/1.2; +https://openai.com/gptbot)"
209.74.77.214 - - [19/Jul/2025:14:25:44 +0000] "POST /wp-cron.php?doing_wp_cron=1752935144.6485400199890136718750 HTTP/1.1" 200 - "-" "WordPress/6.8.2; https://sixpacksecurity.com.au"
20.171.207.178 - - [19/Jul/2025:14:25:44 +0000] "GET /s/polic12672152/ HTTP/1.1" 404 9120 "-" "Mozilla/5.0 AppleWebKit/537.36 (KHTML, like Gecko; compatible; GPTBot/1.2; +https://openai.com/gptbot)"
209.74.77.214 - - [19/Jul/2025:14:25:44 +0000] "POST /wp-admin/admin-ajax.php?action=async_litespeed&nonce=qi2kUAO3SLr0JK8BDV3BKF9lA28msNCH&litespeed_type=imgoptm HTTP/1.1" 200 21 "-" "WordPress/6.8.2; https://sixpacksecurity.com.au"
66.249.79.76 - - [19/Jul/2025:14:25:45 +0000] "GET /s/octob72581126/ HTTP/1.1" 200 40181 "-" "Mozilla/5.0 (Linux; Android 6.0.1; Nexus 5X Build/MMB29P) AppleWebKit/537.36 (KHTML, like Gecko) Chrome/137.0.7151.103 Mobile Safari/537.36 (compatible; Googlebot/2.1; +http://www.google.com/bot.html)"
20.171.207.178 - - [19/Jul/2025:14:25:47 +0000] "GET /s/manua82914487/ HTTP/1.1" 404 9121 "-" "Mozilla/5.0 AppleWebKit/537.36 (KHTML, like Gecko; compatible; GPTBot/1.2; +https://openai.com/gptbot)"
20.171.207.178 - - [19/Jul/2025:14:25:51 +0000] "GET /s/stran31788554/ HTTP/1.1" 404 9120 "-" "Mozilla/5.0 AppleWebKit/537.36 (KHTML, like Gecko; compatible; GPTBot/1.2; +https://openai.com/gptbot)"
20.171.207.178 - - [19/Jul/2025:14:25:54 +0000] "GET /s/garde62208773/ HTTP/1.1" 404 9120 "-" "Mozilla/5.0 AppleWebKit/537.36 (KHTML, like Gecko; compatible; GPTBot/1.2; +https://openai.com/gptbot)"
20.171.207.178 - - [19/Jul/2025:14:25:58 +0000] "GET /s/unite22571529/ HTTP/1.1" 404 9121 "-" "Mozilla/5.0 AppleWebKit/537.36 (KHTML, like Gecko; compatible; GPTBot/1.2; +https://openai.com/gptbot)"
66.249.79.76 - - [19/Jul/2025:14:25:58 +0000] "GET /s/rotat22287441/ HTTP/1.1" 200 40189 "-" "Mozilla/5.0 (Linux; Android 6.0.1; Nexus 5X Build/MMB29P) AppleWebKit/537.36 (KHTML, like Gecko) Chrome/137.0.7151.103 Mobile Safari/537.36 (compatible; Googlebot/2.1; +http://www.google.com/bot.html)"
20.171.207.178 - - [19/Jul/2025:14:26:01 +0000] "GET /s/alien40253419/ HTTP/1.1" 404 9120 "-" "Mozilla/5.0 AppleWebKit/537.36 (KHTML, like Gecko; compatible; GPTBot/1.2; +https://openai.com/gptbot)"
20.171.207.178 - - [19/Jul/2025:14:26:05 +0000] "GET /s/decep71759678/ HTTP/1.1" 404 9120 "-" "Mozilla/5.0 AppleWebKit/537.36 (KHTML, like Gecko; compatible; GPTBot/1.2; +https://openai.com/gptbot)"
209.74.77.214 - - [19/Jul/2025:14:26:08 +0000] "POST /wp-cron.php?doing_wp_cron=1752935168.7512340545654296875000 HTTP/1.1" 200 - "-" "WordPress/6.8.2; https://sixpacksecurity.com.au"
20.171.207.178 - - [19/Jul/2025:14:26:08 +0000] "GET /s/uncon61791029/ HTTP/1.1" 404 9120 "-" "Mozilla/5.0 AppleWebKit/537.36 (KHTML, like Gecko; compatible; GPTBot/1.2; +https://openai.com/gptbot)"
20.171.207.178 - - [19/Jul/2025:14:26:12 +0000] "GET /s/menti21669145/ HTTP/1.1" 404 9120 "-" "Mozilla/5.0 AppleWebKit/537.36 (KHTML, like Gecko; compatible; GPTBot/1.2; +https://openai.com/gptbot)"
66.249.79.64 - - [19/Jul/2025:14:26:11 +0000] "GET /s/whale61669157/ HTTP/1.1" 200 39889 "-" "Mozilla/5.0 (Linux; Android 6.0.1; Nexus 5X Build/MMB29P) AppleWebKit/537.36 (KHTML, like Gecko) Chrome/137.0.7151.103 Mobile Safari/537.36 (compatible; Googlebot/2.1; +http://www.google.com/bot.html)"
20.171.207.178 - - [19/Jul/2025:14:26:15 +0000] "GET /s/extre61146525/ HTTP/1.1" 404 9120 "-" "Mozilla/5.0 AppleWebKit/537.36 (KHTML, like Gecko; compatible; GPTBot/1.2; +https://openai.com/gptbot)"
66.249.79.65 - - [19/Jul/2025:14:26:15 +0000] "POST /get-message-notify HTTP/1.1" 200 40170 "https://sixpacksecurity.com.au/s/whale61669157/" "Mozilla/5.0 (Linux; Android 6.0.1; Nexus 5X Build/MMB29P) AppleWebKit/537.36 (KHTML, like Gecko) Chrome/137.0.7151.119 Mobile Safari/537.36 (compatible; Googlebot/2.1; +http://www.google.com/bot.html)"
20.171.207.178 - - [19/Jul/2025:14:26:19 +0000] "GET /s/oppon31906354/ HTTP/1.1" 404 9120 "-" "Mozilla/5.0 AppleWebKit/537.36 (KHTML, like Gecko; compatible; GPTBot/1.2; +https://openai.com/gptbot)"
20.171.207.178 - - [19/Jul/2025:14:26:24 +0000] "GET /s/manua82914487/ HTTP/1.1" 404 9120 "-" "Mozilla/5.0 AppleWebKit/537.36 (KHTML, like Gecko; compatible; GPTBot/1.2; +https://openai.com/gptbot)"
20.171.207.178 - - [19/Jul/2025:14:26:26 +0000] "GET /s/ambul71186510/ HTTP/1.1" 404 9119 "-" "Mozilla/5.0 AppleWebKit/537.36 (KHTML, like Gecko; compatible; GPTBot/1.2; +https://openai.com/gptbot)"
20.171.207.178 - - [19/Jul/2025:14:26:29 +0000] "GET /s/deter82873879/ HTTP/1.1" 404 9120 "-" "Mozilla/5.0 AppleWebKit/537.36 (KHTML, like Gecko; compatible; GPTBot/1.2; +https://openai.com/gptbot)"
66.249.79.76 - - [19/Jul/2025:14:26:30 +0000] "GET /s/deaf81824591/ HTTP/1.1" 200 41238 "-" "Mozilla/5.0 (Linux; Android 6.0.1; Nexus 5X Build/MMB29P) AppleWebKit/537.36 (KHTML, like Gecko) Chrome/137.0.7151.103 Mobile Safari/537.36 (compatible; Googlebot/2.1; +http://www.google.com/bot.html)"
66.249.79.64 - - [19/Jul/2025:14:26:31 +0000] "GET /s/balan41589467/ HTTP/1.1" 200 40553 "-" "Mozilla/5.0 (Linux; Android 6.0.1; Nexus 5X Build/MMB29P) AppleWebKit/537.36 (KHTML, like Gecko) Chrome/137.0.7151.103 Mobile Safari/537.36 (compatible; Googlebot/2.1; +http://www.google.com/bot.html)"
20.171.207.178 - - [19/Jul/2025:14:26:33 +0000] "GET /s/throu11084168/ HTTP/1.1" 404 9120 "-" "Mozilla/5.0 AppleWebKit/537.36 (KHTML, like Gecko; compatible; GPTBot/1.2; +https://openai.com/gptbot)"
20.171.207.178 - - [19/Jul/2025:14:26:37 +0000] "GET /s/evalu10034168/ HTTP/1.1" 404 9120 "-" "Mozilla/5.0 AppleWebKit/537.36 (KHTML, like Gecko; compatible; GPTBot/1.2; +https://openai.com/gptbot)"
20.171.207.178 - - [19/Jul/2025:14:26:42 +0000] "GET /s/citiz70422054/ HTTP/1.1" 404 9120 "-" "Mozilla/5.0 AppleWebKit/537.36 (KHTML, like Gecko; compatible; GPTBot/1.2; +https://openai.com/gptbot)"
209.74.77.214 - - [19/Jul/2025:14:26:45 +0000] "POST /wp-cron.php?doing_wp_cron=1752935205.7814629077911376953125 HTTP/1.1" 200 - "-" "WordPress/6.8.2; https://sixpacksecurity.com.au"
20.171.207.178 - - [19/Jul/2025:14:26:45 +0000] "GET /s/clari12355648/ HTTP/1.1" 404 9120 "-" "Mozilla/5.0 AppleWebKit/537.36 (KHTML, like Gecko; compatible; GPTBot/1.2; +https://openai.com/gptbot)"
209.74.77.214 - - [19/Jul/2025:14:26:45 +0000] "POST /wp-admin/admin-ajax.php?action=async_litespeed&nonce=ToyVsPf0YYOwVpUzAAVF9u7TTbPBbXvC&litespeed_type=imgoptm HTTP/1.1" 200 21 "-" "WordPress/6.8.2; https://sixpacksecurity.com.au"
20.171.207.178 - - [19/Jul/2025:14:26:46 +0000] "GET /s/betra80198935/ HTTP/1.1" 404 9120 "-" "Mozilla/5.0 AppleWebKit/537.36 (KHTML, like Gecko; compatible; GPTBot/1.2; +https://openai.com/gptbot)"
20.171.207.178 - - [19/Jul/2025:14:26:50 +0000] "GET /s/sting51982484/ HTTP/1.1" 404 9120 "-" "Mozilla/5.0 AppleWebKit/537.36 (KHTML, like Gecko; compatible; GPTBot/1.2; +https://openai.com/gptbot)"
20.171.207.178 - - [19/Jul/2025:14:26:54 +0000] "GET /s/extre61146525/ HTTP/1.1" 404 9120 "-" "Mozilla/5.0 AppleWebKit/537.36 (KHTML, like Gecko; compatible; GPTBot/1.2; +https://openai.com/gptbot)"
20.171.207.178 - - [19/Jul/2025:14:26:58 +0000] "GET /s/bathe61858493/ HTTP/1.1" 404 9121 "-" "Mozilla/5.0 AppleWebKit/537.36 (KHTML, like Gecko; compatible; GPTBot/1.2; +https://openai.com/gptbot)"
20.171.207.178 - - [19/Jul/2025:14:27:02 +0000] "GET /s/wonde70316294/ HTTP/1.1" 404 9120 "-" "Mozilla/5.0 AppleWebKit/537.36 (KHTML, like Gecko; compatible; GPTBot/1.2; +https://openai.com/gptbot)"
20.171.207.178 - - [19/Jul/2025:14:27:04 +0000] "GET /s/ambul71186510/ HTTP/1.1" 404 9120 "-" "Mozilla/5.0 AppleWebKit/537.36 (KHTML, like Gecko; compatible; GPTBot/1.2; +https://openai.com/gptbot)"
209.74.77.214 - - [19/Jul/2025:14:27:08 +0000] "POST /wp-cron.php?doing_wp_cron=1752935228.4186758995056152343750 HTTP/1.1" 200 - "-" "WordPress/6.8.2; https://sixpacksecurity.com.au"
20.171.207.178 - - [19/Jul/2025:14:27:08 +0000] "GET /s/belov42598595/ HTTP/1.1" 404 9120 "-" "Mozilla/5.0 AppleWebKit/537.36 (KHTML, like Gecko; compatible; GPTBot/1.2; +https://openai.com/gptbot)"
20.171.207.178 - - [19/Jul/2025:14:27:11 +0000] "GET /s/whisp20562873/ HTTP/1.1" 404 9120 "-" "Mozilla/5.0 AppleWebKit/537.36 (KHTML, like Gecko; compatible; GPTBot/1.2; +https://openai.com/gptbot)"
20.171.207.178 - - [19/Jul/2025:14:27:15 +0000] "GET /s/irrit22466169/ HTTP/1.1" 404 9120 "-" "Mozilla/5.0 AppleWebKit/537.36 (KHTML, like Gecko; compatible; GPTBot/1.2; +https://openai.com/gptbot)"
20.171.207.178 - - [19/Jul/2025:14:27:18 +0000] "GET /s/remot21319649/ HTTP/1.1" 404 9120 "-" "Mozilla/5.0 AppleWebKit/537.36 (KHTML, like Gecko; compatible; GPTBot/1.2; +https://openai.com/gptbot)"
66.249.79.64 - - [19/Jul/2025:14:27:19 +0000] "GET /s/empir42147427/ HTTP/1.1" 200 40243 "-" "Mozilla/5.0 (Linux; Android 6.0.1; Nexus 5X Build/MMB29P) AppleWebKit/537.36 (KHTML, like Gecko) Chrome/137.0.7151.103 Mobile Safari/537.36 (compatible; Googlebot/2.1; +http://www.google.com/bot.html)"
20.171.207.178 - - [19/Jul/2025:14:27:21 +0000] "GET /s/enric82101951/ HTTP/1.1" 404 9120 "-" "Mozilla/5.0 AppleWebKit/537.36 (KHTML, like Gecko; compatible; GPTBot/1.2; +https://openai.com/gptbot)"
20.171.207.178 - - [19/Jul/2025:14:27:25 +0000] "GET /s/whisp21658873/ HTTP/1.1" 404 9120 "-" "Mozilla/5.0 AppleWebKit/537.36 (KHTML, like Gecko; compatible; GPTBot/1.2; +https://openai.com/gptbot)"
20.171.207.178 - - [19/Jul/2025:14:27:27 +0000] "GET /s/share31169066/ HTTP/1.1" 404 9120 "-" "Mozilla/5.0 AppleWebKit/537.36 (KHTML, like Gecko; compatible; GPTBot/1.2; +https://openai.com/gptbot)"
