66.249.74.13 - - [19/Jul/2025:13:58:08 +0000] "GET /info/moan32830554/ HTTP/1.1" 200 39913 "-" "Mozilla/5.0 (Linux; Android 6.0.1; Nexus 5X Build/MMB29P) AppleWebKit/537.36 (KHTML, like Gecko) Chrome/137.0.7151.103 Mobile Safari/537.36 (compatible; Googlebot/2.1; +http://www.google.com/bot.html)"
57.141.2.6 - - [19/Jul/2025:13:58:09 +0000] "GET /info/more31521594/ HTTP/1.1" 404 79425 "-" "meta-externalagent/1.1 (+https://developers.facebook.com/docs/sharing/webmasters/crawler)"
57.141.2.8 - - [19/Jul/2025:13:58:59 +0000] "GET /info/vitam72747246/ HTTP/1.1" 404 79425 "-" "meta-externalagent/1.1 (+https://developers.facebook.com/docs/sharing/webmasters/crawler)"
43.153.204.189 - - [19/Jul/2025:13:59:02 +0000] "GET / HTTP/1.1" 200 22748 "http://theoldhouse.cafe" "Mozilla/5.0 (iPhone; CPU iPhone OS 13_2_3 like Mac OS X) AppleWebKit/605.1.15 (KHTML, like Gecko) Version/13.0.3 Mobile/15E148 Safari/604.1"
216.73.216.28 - - [19/Jul/2025:13:59:05 +0000] "GET /info/melt51622420 HTTP/1.1" 404 16277 "-" "Mozilla/5.0 AppleWebKit/537.36 (KHTML, like Gecko; compatible; ClaudeBot/1.0; [email protected])"
216.73.216.28 - - [19/Jul/2025:13:59:08 +0000] "GET /info/debt31594402 HTTP/1.1" 404 16277 "-" "Mozilla/5.0 AppleWebKit/537.36 (KHTML, like Gecko; compatible; ClaudeBot/1.0; [email protected])"
216.73.216.28 - - [19/Jul/2025:13:59:11 +0000] "GET /info/ban22154209 HTTP/1.1" 404 16277 "-" "Mozilla/5.0 AppleWebKit/537.36 (KHTML, like Gecko; compatible; ClaudeBot/1.0; [email protected])"
209.74.77.214 - - [19/Jul/2025:13:59:28 +0000] "POST /wp-cron.php?doing_wp_cron=1752933568.4626820087432861328125 HTTP/1.1" 200 - "-" "WordPress/6.8.2; https://theoldhouse.cafe"
57.141.2.25 - - [19/Jul/2025:13:59:28 +0000] "GET /info/chops61909253/ HTTP/1.1" 404 79425 "-" "meta-externalagent/1.1 (+https://developers.facebook.com/docs/sharing/webmasters/crawler)"
66.249.74.12 - - [19/Jul/2025:14:00:49 +0000] "GET /info/dange61664853/ HTTP/1.1" 200 40106 "-" "Mozilla/5.0 (Linux; Android 6.0.1; Nexus 5X Build/MMB29P) AppleWebKit/537.36 (KHTML, like Gecko) Chrome/137.0.7151.103 Mobile Safari/537.36 (compatible; Googlebot/2.1; +http://www.google.com/bot.html)"
209.74.77.214 - - [19/Jul/2025:14:00:56 +0000] "POST /wp-cron.php?doing_wp_cron=1752933656.9360370635986328125000 HTTP/1.1" 200 - "-" "WordPress/6.8.2; https://theoldhouse.cafe"
216.73.216.28 - - [19/Jul/2025:14:00:55 +0000] "GET /info/elder21164705 HTTP/1.1" 404 16277 "-" "Mozilla/5.0 AppleWebKit/537.36 (KHTML, like Gecko; compatible; ClaudeBot/1.0; [email protected])"
216.73.216.28 - - [19/Jul/2025:14:00:58 +0000] "GET /info/anniv42619739 HTTP/1.1" 404 16276 "-" "Mozilla/5.0 AppleWebKit/537.36 (KHTML, like Gecko; compatible; ClaudeBot/1.0; [email protected])"
216.73.216.28 - - [19/Jul/2025:14:01:01 +0000] "GET /info/gum12582064 HTTP/1.1" 404 16276 "-" "Mozilla/5.0 AppleWebKit/537.36 (KHTML, like Gecko; compatible; ClaudeBot/1.0; [email protected])"
209.74.77.214 - - [19/Jul/2025:14:02:12 +0000] "POST /wp-cron.php?doing_wp_cron=1752933732.2556440830230712890625 HTTP/1.1" 200 - "-" "WordPress/6.8.2; https://theoldhouse.cafe"
216.73.216.28 - - [19/Jul/2025:14:02:10 +0000] "GET /info/mista61681581 HTTP/1.1" 404 16276 "-" "Mozilla/5.0 AppleWebKit/537.36 (KHTML, like Gecko; compatible; ClaudeBot/1.0; [email protected])"
209.74.77.214 - - [19/Jul/2025:14:02:15 +0000] "POST /wp-cron.php?doing_wp_cron=1752933735.7289381027221679687500 HTTP/1.1" 200 - "-" "WordPress/6.8.2; https://theoldhouse.cafe"
216.73.216.28 - - [19/Jul/2025:14:02:15 +0000] "GET /info/chant32244754 HTTP/1.1" 404 16276 "-" "Mozilla/5.0 AppleWebKit/537.36 (KHTML, like Gecko; compatible; ClaudeBot/1.0; [email protected])"
216.73.216.28 - - [19/Jul/2025:14:02:18 +0000] "GET /info/thril52957484 HTTP/1.1" 404 16276 "-" "Mozilla/5.0 AppleWebKit/537.36 (KHTML, like Gecko; compatible; ClaudeBot/1.0; [email protected])"
57.141.2.29 - - [19/Jul/2025:14:02:30 +0000] "GET /info/imita11917912/ HTTP/1.1" 404 79425 "-" "meta-externalagent/1.1 (+https://developers.facebook.com/docs/sharing/webmasters/crawler)"
209.74.77.214 - - [19/Jul/2025:14:02:48 +0000] "POST /wp-cron.php?doing_wp_cron=1752933768.8812549114227294921875 HTTP/1.1" 200 - "-" "WordPress/6.8.2; https://theoldhouse.cafe"
57.141.2.17 - - [19/Jul/2025:14:02:48 +0000] "GET /info/port81655455/ HTTP/1.1" 404 79425 "-" "meta-externalagent/1.1 (+https://developers.facebook.com/docs/sharing/webmasters/crawler)"
57.141.2.4 - - [19/Jul/2025:14:02:50 +0000] "GET /info/spin12698624/ HTTP/1.1" 404 79425 "-" "meta-externalagent/1.1 (+https://developers.facebook.com/docs/sharing/webmasters/crawler)"
209.74.77.214 - - [19/Jul/2025:14:03:31 +0000] "POST /wp-cron.php?doing_wp_cron=1752933811.0310249328613281250000 HTTP/1.1" 200 - "-" "WordPress/6.8.2; https://theoldhouse.cafe"
57.141.2.7 - - [19/Jul/2025:14:03:29 +0000] "GET /info/hoax32703842/ HTTP/1.1" 404 79425 "-" "meta-externalagent/1.1 (+https://developers.facebook.com/docs/sharing/webmasters/crawler)"
57.141.2.21 - - [19/Jul/2025:14:03:32 +0000] "GET /info/fig30971946/ HTTP/1.1" 404 79425 "-" "meta-externalagent/1.1 (+https://developers.facebook.com/docs/sharing/webmasters/crawler)"
216.73.216.28 - - [19/Jul/2025:14:03:33 +0000] "GET /info/rarel71314598 HTTP/1.1" 404 16276 "-" "Mozilla/5.0 AppleWebKit/537.36 (KHTML, like Gecko; compatible; ClaudeBot/1.0; [email protected])"
216.73.216.28 - - [19/Jul/2025:14:03:36 +0000] "GET /info/lust71339854 HTTP/1.1" 404 16276 "-" "Mozilla/5.0 AppleWebKit/537.36 (KHTML, like Gecko; compatible; ClaudeBot/1.0; [email protected])"
216.73.216.28 - - [19/Jul/2025:14:03:39 +0000] "GET /info/ache41613187 HTTP/1.1" 404 16277 "-" "Mozilla/5.0 AppleWebKit/537.36 (KHTML, like Gecko; compatible; ClaudeBot/1.0; [email protected])"
209.74.77.214 - - [19/Jul/2025:14:03:43 +0000] "POST /wp-cron.php?doing_wp_cron=1752933823.3307230472564697265625 HTTP/1.1" 200 - "-" "WordPress/6.8.2; https://theoldhouse.cafe"
57.141.2.17 - - [19/Jul/2025:14:03:43 +0000] "GET /info/lieut30962994/ HTTP/1.1" 404 79425 "-" "meta-externalagent/1.1 (+https://developers.facebook.com/docs/sharing/webmasters/crawler)"
209.74.77.214 - - [19/Jul/2025:14:04:50 +0000] "POST /wp-cron.php?doing_wp_cron=1752933890.0389819145202636718750 HTTP/1.1" 200 - "-" "WordPress/6.8.2; https://theoldhouse.cafe"
216.73.216.28 - - [19/Jul/2025:14:04:48 +0000] "GET /info/mouth82096991 HTTP/1.1" 404 16276 "-" "Mozilla/5.0 AppleWebKit/537.36 (KHTML, like Gecko; compatible; ClaudeBot/1.0; [email protected])"
216.73.216.28 - - [19/Jul/2025:14:04:51 +0000] "GET /info/arres80025959 HTTP/1.1" 404 16276 "-" "Mozilla/5.0 AppleWebKit/537.36 (KHTML, like Gecko; compatible; ClaudeBot/1.0; [email protected])"
216.73.216.28 - - [19/Jul/2025:14:04:54 +0000] "GET /info/lavat81963367 HTTP/1.1" 404 16276 "-" "Mozilla/5.0 AppleWebKit/537.36 (KHTML, like Gecko; compatible; ClaudeBot/1.0; [email protected])"
66.249.74.12 - - [19/Jul/2025:14:04:57 +0000] "GET /info/down62284789/ HTTP/1.1" 200 39887 "-" "Mozilla/5.0 (Linux; Android 6.0.1; Nexus 5X Build/MMB29P) AppleWebKit/537.36 (KHTML, like Gecko) Chrome/137.0.7151.103 Mobile Safari/537.36 (compatible; Googlebot/2.1; +http://www.google.com/bot.html)"
209.74.77.214 - - [19/Jul/2025:14:06:06 +0000] "POST /wp-cron.php?doing_wp_cron=1752933966.8570349216461181640625 HTTP/1.1" 200 - "-" "WordPress/6.8.2; https://theoldhouse.cafe"
216.73.216.28 - - [19/Jul/2025:14:06:05 +0000] "GET /info/last50241204 HTTP/1.1" 404 16277 "-" "Mozilla/5.0 AppleWebKit/537.36 (KHTML, like Gecko; compatible; ClaudeBot/1.0; [email protected])"
216.73.216.28 - - [19/Jul/2025:14:06:08 +0000] "GET /sitemap.xml HTTP/1.1" 200 202 "-" "Mozilla/5.0 AppleWebKit/537.36 (KHTML, like Gecko; compatible; ClaudeBot/1.0; [email protected])"
216.73.216.28 - - [19/Jul/2025:14:06:10 +0000] "GET /info/angel72987454 HTTP/1.1" 404 16276 "-" "Mozilla/5.0 AppleWebKit/537.36 (KHTML, like Gecko; compatible; ClaudeBot/1.0; [email protected])"
209.74.77.214 - - [19/Jul/2025:14:06:38 +0000] "POST /wp-cron.php?doing_wp_cron=1752933998.9442379474639892578125 HTTP/1.1" 200 - "-" "WordPress/6.8.2; https://theoldhouse.cafe"
57.141.2.20 - - [19/Jul/2025:14:06:38 +0000] "GET /info/graph11687424/ HTTP/1.1" 404 79425 "-" "meta-externalagent/1.1 (+https://developers.facebook.com/docs/sharing/webmasters/crawler)"
209.74.77.214 - - [19/Jul/2025:14:06:51 +0000] "POST /wp-cron.php?doing_wp_cron=1752934011.1680309772491455078125 HTTP/1.1" 200 - "-" "WordPress/6.8.2; https://theoldhouse.cafe"
57.141.2.4 - - [19/Jul/2025:14:06:51 +0000] "GET /info/won40859939/ HTTP/1.1" 404 79425 "-" "meta-externalagent/1.1 (+https://developers.facebook.com/docs/sharing/webmasters/crawler)"
209.74.77.214 - - [19/Jul/2025:14:07:30 +0000] "POST /wp-cron.php?doing_wp_cron=1752934050.0874860286712646484375 HTTP/1.1" 200 - "-" "WordPress/6.8.2; https://theoldhouse.cafe"
216.73.216.28 - - [19/Jul/2025:14:07:28 +0000] "GET /info/dyne50535964 HTTP/1.1" 404 16277 "-" "Mozilla/5.0 AppleWebKit/537.36 (KHTML, like Gecko; compatible; ClaudeBot/1.0; [email protected])"
216.73.216.28 - - [19/Jul/2025:14:07:31 +0000] "GET /info/outsi82824255 HTTP/1.1" 404 16277 "-" "Mozilla/5.0 AppleWebKit/537.36 (KHTML, like Gecko; compatible; ClaudeBot/1.0; [email protected])"
216.73.216.28 - - [19/Jul/2025:14:07:34 +0000] "GET /info/relig21567129 HTTP/1.1" 404 16277 "-" "Mozilla/5.0 AppleWebKit/537.36 (KHTML, like Gecko; compatible; ClaudeBot/1.0; [email protected])"
57.141.2.24 - - [19/Jul/2025:14:07:40 +0000] "GET /info/till40096523/ HTTP/1.1" 404 79425 "-" "meta-externalagent/1.1 (+https://developers.facebook.com/docs/sharing/webmasters/crawler)"
209.74.77.214 - - [19/Jul/2025:14:07:49 +0000] "POST /wp-cron.php?doing_wp_cron=1752934069.6849129199981689453125 HTTP/1.1" 200 - "-" "WordPress/6.8.2; https://theoldhouse.cafe"
57.141.2.16 - - [19/Jul/2025:14:07:49 +0000] "GET /info/sugge21880737/ HTTP/1.1" 404 79425 "-" "meta-externalagent/1.1 (+https://developers.facebook.com/docs/sharing/webmasters/crawler)"
57.141.2.4 - - [19/Jul/2025:14:08:08 +0000] "GET /info/sane42463891/ HTTP/1.1" 404 79425 "-" "meta-externalagent/1.1 (+https://developers.facebook.com/docs/sharing/webmasters/crawler)"
209.74.77.214 - - [19/Jul/2025:14:08:53 +0000] "POST /wp-cron.php?doing_wp_cron=1752934133.2188770771026611328125 HTTP/1.1" 200 - "-" "WordPress/6.8.2; https://theoldhouse.cafe"
216.73.216.28 - - [19/Jul/2025:14:08:51 +0000] "GET /info/lip12770696 HTTP/1.1" 404 16276 "-" "Mozilla/5.0 AppleWebKit/537.36 (KHTML, like Gecko; compatible; ClaudeBot/1.0; [email protected])"
216.73.216.28 - - [19/Jul/2025:14:08:54 +0000] "GET /info/birth20276809 HTTP/1.1" 404 16276 "-" "Mozilla/5.0 AppleWebKit/537.36 (KHTML, like Gecko; compatible; ClaudeBot/1.0; [email protected])"
216.73.216.28 - - [19/Jul/2025:14:08:57 +0000] "GET /info/focus61183109 HTTP/1.1" 404 16276 "-" "Mozilla/5.0 AppleWebKit/537.36 (KHTML, like Gecko; compatible; ClaudeBot/1.0; [email protected])"
66.249.74.11 - - [19/Jul/2025:14:09:11 +0000] "GET /info/ridge70315014/ HTTP/1.1" 200 40301 "-" "Mozilla/5.0 (Linux; Android 6.0.1; Nexus 5X Build/MMB29P) AppleWebKit/537.36 (KHTML, like Gecko) Chrome/137.0.7151.103 Mobile Safari/537.36 (compatible; Googlebot/2.1; +http://www.google.com/bot.html)"
209.74.77.214 - - [19/Jul/2025:14:09:38 +0000] "POST /wp-cron.php?doing_wp_cron=1752934178.5400578975677490234375 HTTP/1.1" 200 - "-" "WordPress/6.8.2; https://theoldhouse.cafe"
57.141.2.11 - - [19/Jul/2025:14:09:38 +0000] "GET /info/tract32731218/ HTTP/1.1" 404 79425 "-" "meta-externalagent/1.1 (+https://developers.facebook.com/docs/sharing/webmasters/crawler)"
209.74.77.214 - - [19/Jul/2025:14:09:48 +0000] "POST /wp-cron.php?doing_wp_cron=1752934188.7505838871002197265625 HTTP/1.1" 200 - "-" "WordPress/6.8.2; https://theoldhouse.cafe"
57.141.2.21 - - [19/Jul/2025:14:09:48 +0000] "GET /info/sea80180759/ HTTP/1.1" 404 79425 "-" "meta-externalagent/1.1 (+https://developers.facebook.com/docs/sharing/webmasters/crawler)"
57.141.2.25 - - [19/Jul/2025:14:09:50 +0000] "GET /info/state82988743/ HTTP/1.1" 404 79425 "-" "meta-externalagent/1.1 (+https://developers.facebook.com/docs/sharing/webmasters/crawler)"
57.141.2.25 - - [19/Jul/2025:14:10:09 +0000] "GET /info/neutr62482133/ HTTP/1.1" 404 79425 "-" "meta-externalagent/1.1 (+https://developers.facebook.com/docs/sharing/webmasters/crawler)"
209.74.77.214 - - [19/Jul/2025:14:10:15 +0000] "POST /wp-cron.php?doing_wp_cron=1752934215.9229369163513183593750 HTTP/1.1" 200 - "-" "WordPress/6.8.2; https://theoldhouse.cafe"
216.73.216.28 - - [19/Jul/2025:14:10:15 +0000] "GET /info/lifet62623509 HTTP/1.1" 404 16276 "-" "Mozilla/5.0 AppleWebKit/537.36 (KHTML, like Gecko; compatible; ClaudeBot/1.0; [email protected])"
216.73.216.28 - - [19/Jul/2025:14:10:18 +0000] "GET /info/milit20542329 HTTP/1.1" 404 16276 "-" "Mozilla/5.0 AppleWebKit/537.36 (KHTML, like Gecko; compatible; ClaudeBot/1.0; [email protected])"
216.73.216.28 - - [19/Jul/2025:14:10:21 +0000] "GET /info/wear72121782 HTTP/1.1" 404 16276 "-" "Mozilla/5.0 AppleWebKit/537.36 (KHTML, like Gecko; compatible; ClaudeBot/1.0; [email protected])"
209.74.77.214 - - [19/Jul/2025:14:11:18 +0000] "POST /wp-cron.php?doing_wp_cron=1752934278.7136681079864501953125 HTTP/1.1" 200 - "-" "WordPress/6.8.2; https://theoldhouse.cafe"
57.141.2.25 - - [19/Jul/2025:14:11:17 +0000] "GET /info/jiff60411845/ HTTP/1.1" 404 79425 "-" "meta-externalagent/1.1 (+https://developers.facebook.com/docs/sharing/webmasters/crawler)"
57.141.2.26 - - [19/Jul/2025:14:11:20 +0000] "GET /info/optim51874068/ HTTP/1.1" 404 79425 "-" "meta-externalagent/1.1 (+https://developers.facebook.com/docs/sharing/webmasters/crawler)"
209.74.77.214 - - [19/Jul/2025:14:11:53 +0000] "POST /wp-cron.php?doing_wp_cron=1752934312.9951760768890380859375 HTTP/1.1" 200 - "-" "WordPress/6.8.2; https://theoldhouse.cafe"
57.141.2.11 - - [19/Jul/2025:14:11:51 +0000] "GET /info/empty60325077/ HTTP/1.1" 404 79425 "-" "meta-externalagent/1.1 (+https://developers.facebook.com/docs/sharing/webmasters/crawler)"
216.73.216.28 - - [19/Jul/2025:14:11:55 +0000] "GET /sitemapb.xml HTTP/1.1" 200 12825 "-" "Mozilla/5.0 AppleWebKit/537.36 (KHTML, like Gecko; compatible; ClaudeBot/1.0; [email protected])"
57.141.2.15 - - [19/Jul/2025:14:11:57 +0000] "GET /info/ear81384599/ HTTP/1.1" 404 79425 "-" "meta-externalagent/1.1 (+https://developers.facebook.com/docs/sharing/webmasters/crawler)"
216.73.216.28 - - [19/Jul/2025:14:11:58 +0000] "GET /info/emoti60269789 HTTP/1.1" 404 16276 "-" "Mozilla/5.0 AppleWebKit/537.36 (KHTML, like Gecko; compatible; ClaudeBot/1.0; [email protected])"
216.73.216.28 - - [19/Jul/2025:14:12:02 +0000] "GET /info/descr81000679 HTTP/1.1" 404 16276 "-" "Mozilla/5.0 AppleWebKit/537.36 (KHTML, like Gecko; compatible; ClaudeBot/1.0; [email protected])"
57.141.2.8 - - [19/Jul/2025:14:12:11 +0000] "GET /info/west12012552/ HTTP/1.1" 404 79425 "-" "meta-externalagent/1.1 (+https://developers.facebook.com/docs/sharing/webmasters/crawler)"
209.74.77.214 - - [19/Jul/2025:14:12:39 +0000] "POST /wp-cron.php?doing_wp_cron=1752934359.5611529350280761718750 HTTP/1.1" 200 - "-" "WordPress/6.8.2; https://theoldhouse.cafe"
57.141.2.24 - - [19/Jul/2025:14:12:39 +0000] "GET /info/fall32957538/ HTTP/1.1" 404 79425 "-" "meta-externalagent/1.1 (+https://developers.facebook.com/docs/sharing/webmasters/crawler)"
209.74.77.214 - - [19/Jul/2025:14:12:56 +0000] "POST /wp-cron.php?doing_wp_cron=1752934376.9327769279479980468750 HTTP/1.1" 200 - "-" "WordPress/6.8.2; https://theoldhouse.cafe"
57.141.2.26 - - [19/Jul/2025:14:12:56 +0000] "GET /info/coura41273011/ HTTP/1.1" 404 79425 "-" "meta-externalagent/1.1 (+https://developers.facebook.com/docs/sharing/webmasters/crawler)"
209.74.77.214 - - [19/Jul/2025:14:13:14 +0000] "POST /wp-cron.php?doing_wp_cron=1752934394.1454319953918457031250 HTTP/1.1" 200 - "-" "WordPress/6.8.2; https://theoldhouse.cafe"
57.141.2.8 - - [19/Jul/2025:14:13:14 +0000] "GET /info/orang60269125/ HTTP/1.1" 404 79425 "-" "meta-externalagent/1.1 (+https://developers.facebook.com/docs/sharing/webmasters/crawler)"
216.73.216.28 - - [19/Jul/2025:14:13:14 +0000] "GET /info/thank71821070 HTTP/1.1" 404 16276 "-" "Mozilla/5.0 AppleWebKit/537.36 (KHTML, like Gecko; compatible; ClaudeBot/1.0; [email protected])"
216.73.216.28 - - [19/Jul/2025:14:13:17 +0000] "GET /info/plant80700071 HTTP/1.1" 404 16277 "-" "Mozilla/5.0 AppleWebKit/537.36 (KHTML, like Gecko; compatible; ClaudeBot/1.0; [email protected])"
216.73.216.28 - - [19/Jul/2025:14:13:20 +0000] "GET /info/neutr60706133 HTTP/1.1" 404 16276 "-" "Mozilla/5.0 AppleWebKit/537.36 (KHTML, like Gecko; compatible; ClaudeBot/1.0; [email protected])"
57.141.2.25 - - [19/Jul/2025:14:13:25 +0000] "GET /info/rich31440074/ HTTP/1.1" 404 79425 "-" "meta-externalagent/1.1 (+https://developers.facebook.com/docs/sharing/webmasters/crawler)"
57.141.2.13 - - [19/Jul/2025:14:13:30 +0000] "GET /info/discl32299282/ HTTP/1.1" 404 79425 "-" "meta-externalagent/1.1 (+https://developers.facebook.com/docs/sharing/webmasters/crawler)"
57.141.2.20 - - [19/Jul/2025:14:13:31 +0000] "GET /info/amid20555801/ HTTP/1.1" 404 79425 "-" "meta-externalagent/1.1 (+https://developers.facebook.com/docs/sharing/webmasters/crawler)"
57.141.2.5 - - [19/Jul/2025:14:13:34 +0000] "GET /info/hour32868482/ HTTP/1.1" 404 79425 "-" "meta-externalagent/1.1 (+https://developers.facebook.com/docs/sharing/webmasters/crawler)"
209.74.77.214 - - [19/Jul/2025:14:13:49 +0000] "POST /wp-cron.php?doing_wp_cron=1752934429.6703100204467773437500 HTTP/1.1" 200 - "-" "WordPress/6.8.2; https://theoldhouse.cafe"
57.141.2.2 - - [19/Jul/2025:14:13:49 +0000] "GET /info/sente31521242/ HTTP/1.1" 404 79425 "-" "meta-externalagent/1.1 (+https://developers.facebook.com/docs/sharing/webmasters/crawler)"
57.141.2.30 - - [19/Jul/2025:14:14:08 +0000] "GET /info/herd40735611/ HTTP/1.1" 404 79425 "-" "meta-externalagent/1.1 (+https://developers.facebook.com/docs/sharing/webmasters/crawler)"
209.74.77.214 - - [19/Jul/2025:14:14:23 +0000] "POST /wp-cron.php?doing_wp_cron=1752934463.6514480113983154296875 HTTP/1.1" 200 - "-" "WordPress/6.8.2; https://theoldhouse.cafe"
57.141.2.1 - - [19/Jul/2025:14:14:23 +0000] "GET /info/teach11229168/ HTTP/1.1" 404 79425 "-" "meta-externalagent/1.1 (+https://developers.facebook.com/docs/sharing/webmasters/crawler)"
216.73.216.28 - - [19/Jul/2025:14:14:33 +0000] "GET /info/hospi11825272 HTTP/1.1" 404 16276 "-" "Mozilla/5.0 AppleWebKit/537.36 (KHTML, like Gecko; compatible; ClaudeBot/1.0; [email protected])"
216.73.216.28 - - [19/Jul/2025:14:14:38 +0000] "GET /info/worsh22223161 HTTP/1.1" 404 16276 "-" "Mozilla/5.0 AppleWebKit/537.36 (KHTML, like Gecko; compatible; ClaudeBot/1.0; [email protected])"
216.73.216.28 - - [19/Jul/2025:14:14:39 +0000] "GET /info/pocke61825061 HTTP/1.1" 404 16277 "-" "Mozilla/5.0 AppleWebKit/537.36 (KHTML, like Gecko; compatible; ClaudeBot/1.0; [email protected])"
209.74.77.214 - - [19/Jul/2025:14:15:20 +0000] "POST /wp-cron.php?doing_wp_cron=1752934520.8145840167999267578125 HTTP/1.1" 200 - "-" "WordPress/6.8.2; https://theoldhouse.cafe"
57.141.2.10 - - [19/Jul/2025:14:15:19 +0000] "GET /info/ray81635615/ HTTP/1.1" 404 79425 "-" "meta-externalagent/1.1 (+https://developers.facebook.com/docs/sharing/webmasters/crawler)"
57.141.2.8 - - [19/Jul/2025:14:15:36 +0000] "GET /info/beast42986739/ HTTP/1.1" 404 79425 "-" "meta-externalagent/1.1 (+https://developers.facebook.com/docs/sharing/webmasters/crawler)"
209.74.77.214 - - [19/Jul/2025:14:15:47 +0000] "POST /wp-cron.php?doing_wp_cron=1752934547.8640699386596679687500 HTTP/1.1" 200 - "-" "WordPress/6.8.2; https://theoldhouse.cafe"
216.73.216.28 - - [19/Jul/2025:14:15:47 +0000] "GET /info/neutr60534133 HTTP/1.1" 404 16276 "-" "Mozilla/5.0 AppleWebKit/537.36 (KHTML, like Gecko; compatible; ClaudeBot/1.0; [email protected])"
216.73.216.28 - - [19/Jul/2025:14:15:50 +0000] "GET /info/equip51209492 HTTP/1.1" 404 16276 "-" "Mozilla/5.0 AppleWebKit/537.36 (KHTML, like Gecko; compatible; ClaudeBot/1.0; [email protected])"
216.73.216.28 - - [19/Jul/2025:14:15:53 +0000] "GET /info/boat10612000 HTTP/1.1" 404 16276 "-" "Mozilla/5.0 AppleWebKit/537.36 (KHTML, like Gecko; compatible; ClaudeBot/1.0; [email protected])"
209.74.77.214 - - [19/Jul/2025:14:16:37 +0000] "POST /wp-cron.php?doing_wp_cron=1752934597.9475009441375732421875 HTTP/1.1" 200 - "-" "WordPress/6.8.2; https://theoldhouse.cafe"
57.141.2.21 - - [19/Jul/2025:14:16:36 +0000] "GET /info/who72429190/ HTTP/1.1" 404 79425 "-" "meta-externalagent/1.1 (+https://developers.facebook.com/docs/sharing/webmasters/crawler)"
209.74.77.214 - - [19/Jul/2025:14:17:11 +0000] "POST /wp-cron.php?doing_wp_cron=1752934631.7465190887451171875000 HTTP/1.1" 200 - "-" "WordPress/6.8.2; https://theoldhouse.cafe"
216.73.216.28 - - [19/Jul/2025:14:17:10 +0000] "GET /info/polit10572288 HTTP/1.1" 404 16277 "-" "Mozilla/5.0 AppleWebKit/537.36 (KHTML, like Gecko; compatible; ClaudeBot/1.0; [email protected])"
209.74.77.214 - - [19/Jul/2025:14:17:14 +0000] "POST /wp-cron.php?doing_wp_cron=1752934634.5897519588470458984375 HTTP/1.1" 200 - "-" "WordPress/6.8.2; https://theoldhouse.cafe"
216.73.216.28 - - [19/Jul/2025:14:17:14 +0000] "GET /info/trade11472944 HTTP/1.1" 404 16277 "-" "Mozilla/5.0 AppleWebKit/537.36 (KHTML, like Gecko; compatible; ClaudeBot/1.0; [email protected])"
57.141.2.17 - - [19/Jul/2025:14:17:18 +0000] "GET /info/zig52587932/ HTTP/1.1" 404 79425 "-" "meta-externalagent/1.1 (+https://developers.facebook.com/docs/sharing/webmasters/crawler)"
216.73.216.28 - - [19/Jul/2025:14:17:18 +0000] "GET /info/colle41084115 HTTP/1.1" 404 16277 "-" "Mozilla/5.0 AppleWebKit/537.36 (KHTML, like Gecko; compatible; ClaudeBot/1.0; [email protected])"
209.74.77.214 - - [19/Jul/2025:14:18:04 +0000] "POST /wp-cron.php?doing_wp_cron=1752934684.4926080703735351562500 HTTP/1.1" 200 - "-" "WordPress/6.8.2; https://theoldhouse.cafe"
57.141.2.14 - - [19/Jul/2025:14:18:03 +0000] "GET /info/beer81415215/ HTTP/1.1" 404 79425 "-" "meta-externalagent/1.1 (+https://developers.facebook.com/docs/sharing/webmasters/crawler)"
216.73.216.28 - - [19/Jul/2025:14:18:07 +0000] "GET /info/naked42667379 HTTP/1.1" 404 16277 "-" "Mozilla/5.0 AppleWebKit/537.36 (KHTML, like Gecko; compatible; ClaudeBot/1.0; [email protected])"
216.73.216.28 - - [19/Jul/2025:14:18:12 +0000] "GET /info/ornam31826506 HTTP/1.1" 404 16276 "-" "Mozilla/5.0 AppleWebKit/537.36 (KHTML, like Gecko; compatible; ClaudeBot/1.0; [email protected])"
209.74.77.214 - - [19/Jul/2025:14:18:13 +0000] "POST /wp-cron.php?doing_wp_cron=1752934693.5917010307312011718750 HTTP/1.1" 200 - "-" "WordPress/6.8.2; https://theoldhouse.cafe"
216.73.216.28 - - [19/Jul/2025:14:18:13 +0000] "GET /info/thank72537070 HTTP/1.1" 404 16276 "-" "Mozilla/5.0 AppleWebKit/537.36 (KHTML, like Gecko; compatible; ClaudeBot/1.0; [email protected])"
57.141.2.23 - - [19/Jul/2025:14:18:16 +0000] "GET /info/pledg22262073/ HTTP/1.1" 404 79425 "-" "meta-externalagent/1.1 (+https://developers.facebook.com/docs/sharing/webmasters/crawler)"
57.141.2.14 - - [19/Jul/2025:14:18:22 +0000] "GET /info/profe10433616/ HTTP/1.1" 404 79425 "-" "meta-externalagent/1.1 (+https://developers.facebook.com/docs/sharing/webmasters/crawler)"
57.141.2.7 - - [19/Jul/2025:14:18:24 +0000] "GET /info/yearl51875196/ HTTP/1.1" 404 79425 "-" "meta-externalagent/1.1 (+https://developers.facebook.com/docs/sharing/webmasters/crawler)"
57.141.2.8 - - [19/Jul/2025:14:18:29 +0000] "GET /info/busy71864222/ HTTP/1.1" 404 79425 "-" "meta-externalagent/1.1 (+https://developers.facebook.com/docs/sharing/webmasters/crawler)"
57.141.2.6 - - [19/Jul/2025:14:18:35 +0000] "GET /info/card40072707/ HTTP/1.1" 404 79425 "-" "meta-externalagent/1.1 (+https://developers.facebook.com/docs/sharing/webmasters/crawler)"
57.141.2.7 - - [19/Jul/2025:14:18:38 +0000] "GET /info/hole80953463/ HTTP/1.1" 404 79425 "-" "meta-externalagent/1.1 (+https://developers.facebook.com/docs/sharing/webmasters/crawler)"
57.141.2.5 - - [19/Jul/2025:14:18:40 +0000] "GET /info/kit80951935/ HTTP/1.1" 404 79425 "-" "meta-externalagent/1.1 (+https://developers.facebook.com/docs/sharing/webmasters/crawler)"
209.74.77.214 - - [19/Jul/2025:14:18:42 +0000] "POST /wp-cron.php?doing_wp_cron=1752934722.1392760276794433593750 HTTP/1.1" 200 - "-" "WordPress/6.8.2; https://theoldhouse.cafe"
57.141.2.4 - - [19/Jul/2025:14:18:42 +0000] "GET /info/hairc40699571/ HTTP/1.1" 404 79425 "-" "meta-externalagent/1.1 (+https://developers.facebook.com/docs/sharing/webmasters/crawler)"
57.141.2.28 - - [19/Jul/2025:14:18:42 +0000] "GET /info/outlo20507345/ HTTP/1.1" 404 79425 "-" "meta-externalagent/1.1 (+https://developers.facebook.com/docs/sharing/webmasters/crawler)"
57.141.2.17 - - [19/Jul/2025:14:18:44 +0000] "GET /info/tea22685113/ HTTP/1.1" 404 79425 "-" "meta-externalagent/1.1 (+https://developers.facebook.com/docs/sharing/webmasters/crawler)"
57.141.2.6 - - [19/Jul/2025:14:18:48 +0000] "GET /info/landl71475078/ HTTP/1.1" 404 79425 "-" "meta-externalagent/1.1 (+https://developers.facebook.com/docs/sharing/webmasters/crawler)"
57.141.2.20 - - [19/Jul/2025:14:18:59 +0000] "GET /info/inapp11886160/ HTTP/1.1" 404 79425 "-" "meta-externalagent/1.1 (+https://developers.facebook.com/docs/sharing/webmasters/crawler)"
57.141.2.21 - - [19/Jul/2025:14:19:01 +0000] "GET /info/peasa32806890/ HTTP/1.1" 404 79425 "-" "meta-externalagent/1.1 (+https://developers.facebook.com/docs/sharing/webmasters/crawler)"
66.249.74.13 - - [19/Jul/2025:14:19:23 +0000] "GET /info/legis21811673/ HTTP/1.1" 200 39684 "-" "Mozilla/5.0 (Linux; Android 6.0.1; Nexus 5X Build/MMB29P) AppleWebKit/537.36 (KHTML, like Gecko) Chrome/137.0.7151.103 Mobile Safari/537.36 (compatible; Googlebot/2.1; +http://www.google.com/bot.html)"
209.74.77.214 - - [19/Jul/2025:14:19:24 +0000] "POST /wp-cron.php?doing_wp_cron=1752934764.7316730022430419921875 HTTP/1.1" 200 - "-" "WordPress/6.8.2; https://theoldhouse.cafe"
216.73.216.28 - - [19/Jul/2025:14:19:24 +0000] "GET /info/vacuu81699447 HTTP/1.1" 404 16277 "-" "Mozilla/5.0 AppleWebKit/537.36 (KHTML, like Gecko; compatible; ClaudeBot/1.0; [email protected])"
57.141.2.6 - - [19/Jul/2025:14:19:27 +0000] "GET /info/battl60722333/ HTTP/1.1" 404 79425 "-" "meta-externalagent/1.1 (+https://developers.facebook.com/docs/sharing/webmasters/crawler)"
216.73.216.28 - - [19/Jul/2025:14:19:27 +0000] "GET /info/flesh41378667 HTTP/1.1" 404 16277 "-" "Mozilla/5.0 AppleWebKit/537.36 (KHTML, like Gecko; compatible; ClaudeBot/1.0; [email protected])"
216.73.216.28 - - [19/Jul/2025:14:19:31 +0000] "GET /info/brigh61300637 HTTP/1.1" 404 16277 "-" "Mozilla/5.0 AppleWebKit/537.36 (KHTML, like Gecko; compatible; ClaudeBot/1.0; [email protected])"
57.141.2.8 - - [19/Jul/2025:14:19:51 +0000] "GET /wp-sitemap.xml HTTP/1.1" 200 1293 "-" "meta-externalagent/1.1 (+https://developers.facebook.com/docs/sharing/webmasters/crawler)"
209.74.77.214 - - [19/Jul/2025:14:19:53 +0000] "POST /wp-cron.php?doing_wp_cron=1752934793.2687950134277343750000 HTTP/1.1" 200 - "-" "WordPress/6.8.2; https://theoldhouse.cafe"
57.141.2.7 - - [19/Jul/2025:14:19:53 +0000] "GET /info/avail80300575/ HTTP/1.1" 404 79425 "-" "meta-externalagent/1.1 (+https://developers.facebook.com/docs/sharing/webmasters/crawler)"
209.74.77.214 - - [19/Jul/2025:14:20:16 +0000] "POST /wp-cron.php?doing_wp_cron=1752934816.0373508930206298828125 HTTP/1.1" 200 - "-" "WordPress/6.8.2; https://theoldhouse.cafe"
57.141.2.25 - - [19/Jul/2025:14:20:15 +0000] "GET /info/manly30535354/ HTTP/1.1" 404 79425 "-" "meta-externalagent/1.1 (+https://developers.facebook.com/docs/sharing/webmasters/crawler)"
216.73.216.28 - - [19/Jul/2025:14:20:41 +0000] "GET /info/rural50201572 HTTP/1.1" 404 16276 "-" "Mozilla/5.0 AppleWebKit/537.36 (KHTML, like Gecko; compatible; ClaudeBot/1.0; [email protected])"
209.74.77.214 - - [19/Jul/2025:14:20:45 +0000] "POST /wp-cron.php?doing_wp_cron=1752934845.1710119247436523437500 HTTP/1.1" 200 - "-" "WordPress/6.8.2; https://theoldhouse.cafe"
216.73.216.28 - - [19/Jul/2025:14:20:45 +0000] "GET /info/poet11955616 HTTP/1.1" 404 16276 "-" "Mozilla/5.0 AppleWebKit/537.36 (KHTML, like Gecko; compatible; ClaudeBot/1.0; [email protected])"
216.73.216.28 - - [19/Jul/2025:14:20:47 +0000] "GET /info/soldi30341298 HTTP/1.1" 404 16277 "-" "Mozilla/5.0 AppleWebKit/537.36 (KHTML, like Gecko; compatible; ClaudeBot/1.0; [email protected])"
57.141.2.25 - - [19/Jul/2025:14:21:11 +0000] "GET /info/scien61792685/ HTTP/1.1" 404 79425 "-" "meta-externalagent/1.1 (+https://developers.facebook.com/docs/sharing/webmasters/crawler)"
209.74.77.214 - - [19/Jul/2025:14:21:24 +0000] "POST /wp-cron.php?doing_wp_cron=1752934884.0502219200134277343750 HTTP/1.1" 200 - "-" "WordPress/6.8.2; https://theoldhouse.cafe"
57.141.2.22 - - [19/Jul/2025:14:21:23 +0000] "GET /info/sciss32058570/ HTTP/1.1" 404 79425 "-" "meta-externalagent/1.1 (+https://developers.facebook.com/docs/sharing/webmasters/crawler)"
209.74.77.214 - - [19/Jul/2025:14:22:03 +0000] "POST /wp-cron.php?doing_wp_cron=1752934923.2039120197296142578125 HTTP/1.1" 200 - "-" "WordPress/6.8.2; https://theoldhouse.cafe"
216.73.216.28 - - [19/Jul/2025:14:22:01 +0000] "GET /info/greek40791283 HTTP/1.1" 404 16276 "-" "Mozilla/5.0 AppleWebKit/537.36 (KHTML, like Gecko; compatible; ClaudeBot/1.0; [email protected])"
216.73.216.28 - - [19/Jul/2025:14:22:04 +0000] "GET /info/slit70358878 HTTP/1.1" 404 16276 "-" "Mozilla/5.0 AppleWebKit/537.36 (KHTML, like Gecko; compatible; ClaudeBot/1.0; [email protected])"
216.73.216.28 - - [19/Jul/2025:14:22:07 +0000] "GET /info/song10860112 HTTP/1.1" 404 16277 "-" "Mozilla/5.0 AppleWebKit/537.36 (KHTML, like Gecko; compatible; ClaudeBot/1.0; [email protected])"
66.249.74.13 - - [19/Jul/2025:14:22:15 +0000] "GET /info/weep70687446/ HTTP/1.1" 200 40031 "-" "Mozilla/5.0 (Linux; Android 6.0.1; Nexus 5X Build/MMB29P) AppleWebKit/537.36 (KHTML, like Gecko) Chrome/137.0.7151.103 Mobile Safari/537.36 (compatible; Googlebot/2.1; +http://www.google.com/bot.html)"
209.74.77.214 - - [19/Jul/2025:14:23:21 +0000] "POST /wp-cron.php?doing_wp_cron=1752935001.1409649848937988281250 HTTP/1.1" 200 - "-" "WordPress/6.8.2; https://theoldhouse.cafe"
216.73.216.28 - - [19/Jul/2025:14:23:19 +0000] "GET /info/medic51437252 HTTP/1.1" 404 16276 "-" "Mozilla/5.0 AppleWebKit/537.36 (KHTML, like Gecko; compatible; ClaudeBot/1.0; [email protected])"
216.73.216.28 - - [19/Jul/2025:14:23:24 +0000] "GET /sitemape.xml HTTP/1.1" 200 16777 "-" "Mozilla/5.0 AppleWebKit/537.36 (KHTML, like Gecko; compatible; ClaudeBot/1.0; [email protected])"
216.73.216.28 - - [19/Jul/2025:14:23:25 +0000] "GET /info/perma41114299 HTTP/1.1" 404 16276 "-" "Mozilla/5.0 AppleWebKit/537.36 (KHTML, like Gecko; compatible; ClaudeBot/1.0; [email protected])"
57.141.2.22 - - [19/Jul/2025:14:23:27 +0000] "GET /info/vague51774980/ HTTP/1.1" 404 79425 "-" "meta-externalagent/1.1 (+https://developers.facebook.com/docs/sharing/webmasters/crawler)"
57.141.2.8 - - [19/Jul/2025:14:23:30 +0000] "GET /info/wealt32260594/ HTTP/1.1" 404 79425 "-" "meta-externalagent/1.1 (+https://developers.facebook.com/docs/sharing/webmasters/crawler)"
209.74.77.214 - - [19/Jul/2025:14:24:34 +0000] "POST /wp-cron.php?doing_wp_cron=1752935074.5158159732818603515625 HTTP/1.1" 200 - "-" "WordPress/6.8.2; https://theoldhouse.cafe"
216.73.216.28 - - [19/Jul/2025:14:24:33 +0000] "GET /info/emplo61638509 HTTP/1.1" 404 16276 "-" "Mozilla/5.0 AppleWebKit/537.36 (KHTML, like Gecko; compatible; ClaudeBot/1.0; [email protected])"
216.73.216.28 - - [19/Jul/2025:14:24:36 +0000] "GET /info/edge71024150 HTTP/1.1" 404 16276 "-" "Mozilla/5.0 AppleWebKit/537.36 (KHTML, like Gecko; compatible; ClaudeBot/1.0; [email protected])"
216.73.216.28 - - [19/Jul/2025:14:24:39 +0000] "GET /info/repre60113453 HTTP/1.1" 404 16276 "-" "Mozilla/5.0 AppleWebKit/537.36 (KHTML, like Gecko; compatible; ClaudeBot/1.0; [email protected])"
216.73.216.28 - - [19/Jul/2025:14:24:41 +0000] "GET /info/fores71120054 HTTP/1.1" 404 16276 "-" "Mozilla/5.0 AppleWebKit/537.36 (KHTML, like Gecko; compatible; ClaudeBot/1.0; [email protected])"
209.74.77.214 - - [19/Jul/2025:14:25:32 +0000] "POST /wp-cron.php?doing_wp_cron=1752935132.7720839977264404296875 HTTP/1.1" 200 - "-" "WordPress/6.8.2; https://theoldhouse.cafe"
170.39.218.51 - - [19/Jul/2025:14:25:31 +0000] "GET /.env HTTP/1.1" 301 - "-" "Mozilla/5.0 (X11; Linux x86_64) AppleWebKit/537.36 (KHTML, like Gecko) Chrome/81.0.4044.129 Safari/537.36"
170.39.218.51 - - [19/Jul/2025:14:25:33 +0000] "GET /.env.save HTTP/1.1" 301 - "-" "Mozilla/5.0 (X11; Linux x86_64) AppleWebKit/537.36 (KHTML, like Gecko) Chrome/81.0.4044.129 Safari/537.36"
170.39.218.51 - - [19/Jul/2025:14:25:35 +0000] "GET /.env.prod HTTP/1.1" 301 - "-" "Mozilla/5.0 (X11; Linux x86_64) AppleWebKit/537.36 (KHTML, like Gecko) Chrome/81.0.4044.129 Safari/537.36"
170.39.218.51 - - [19/Jul/2025:14:25:36 +0000] "GET /api/.env HTTP/1.1" 301 - "-" "Mozilla/5.0 (X11; Linux x86_64) AppleWebKit/537.36 (KHTML, like Gecko) Chrome/81.0.4044.129 Safari/537.36"
170.39.218.51 - - [19/Jul/2025:14:25:37 +0000] "GET /dev/.env HTTP/1.1" 301 - "-" "Mozilla/5.0 (X11; Linux x86_64) AppleWebKit/537.36 (KHTML, like Gecko) Chrome/81.0.4044.129 Safari/537.36"
170.39.218.51 - - [19/Jul/2025:14:25:39 +0000] "GET /application/.env HTTP/1.1" 301 - "-" "Mozilla/5.0 (X11; Linux x86_64) AppleWebKit/537.36 (KHTML, like Gecko) Chrome/81.0.4044.129 Safari/537.36"
170.39.218.51 - - [19/Jul/2025:14:25:40 +0000] "GET /phpinfo.php HTTP/1.1" 301 - "-" "Mozilla/5.0 (X11; Linux x86_64) AppleWebKit/537.36 (KHTML, like Gecko) Chrome/81.0.4044.129 Safari/537.36"
170.39.218.51 - - [19/Jul/2025:14:25:41 +0000] "GET /phpinfo HTTP/1.1" 301 - "-" "Mozilla/5.0 (X11; Linux x86_64) AppleWebKit/537.36 (KHTML, like Gecko) Chrome/81.0.4044.129 Safari/537.36"
209.74.77.214 - - [19/Jul/2025:14:25:42 +0000] "POST /wp-cron.php?doing_wp_cron=1752935142.5343070030212402343750 HTTP/1.1" 200 - "-" "WordPress/6.8.2; https://theoldhouse.cafe"
170.39.218.51 - - [19/Jul/2025:14:25:42 +0000] "GET /php_info.php HTTP/1.1" 301 - "-" "Mozilla/5.0 (X11; Linux x86_64) AppleWebKit/537.36 (KHTML, like Gecko) Chrome/81.0.4044.129 Safari/537.36"
170.39.218.51 - - [19/Jul/2025:14:25:43 +0000] "GET /_profiler/phpinfo HTTP/1.1" 301 - "-" "Mozilla/5.0 (X11; Linux x86_64) AppleWebKit/537.36 (KHTML, like Gecko) Chrome/81.0.4044.129 Safari/537.36"
170.39.218.51 - - [19/Jul/2025:14:25:44 +0000] "GET /backend/.env HTTP/1.1" 301 - "-" "Mozilla/5.0 (X11; Linux x86_64) AppleWebKit/537.36 (KHTML, like Gecko) Chrome/81.0.4044.129 Safari/537.36"
170.39.218.51 - - [19/Jul/2025:14:25:45 +0000] "GET /.env.example HTTP/1.1" 301 - "-" "Mozilla/5.0 (X11; Linux x86_64) AppleWebKit/537.36 (KHTML, like Gecko) Chrome/81.0.4044.129 Safari/537.36"
170.39.218.51 - - [19/Jul/2025:14:25:46 +0000] "GET /admin/.env HTTP/1.1" 301 - "-" "Mozilla/5.0 (X11; Linux x86_64) AppleWebKit/537.36 (KHTML, like Gecko) Chrome/81.0.4044.129 Safari/537.36"
170.39.218.51 - - [19/Jul/2025:14:25:47 +0000] "GET /info HTTP/1.1" 301 - "-" "Mozilla/5.0 (X11; Linux x86_64) AppleWebKit/537.36 (KHTML, like Gecko) Chrome/81.0.4044.129 Safari/537.36"
170.39.218.51 - - [19/Jul/2025:14:25:48 +0000] "GET /sendgrid.env HTTP/1.1" 301 - "-" "Mozilla/5.0 (X11; Linux x86_64) AppleWebKit/537.36 (KHTML, like Gecko) Chrome/81.0.4044.129 Safari/537.36"
170.39.218.51 - - [19/Jul/2025:14:25:50 +0000] "GET /env.js HTTP/1.1" 301 - "-" "Mozilla/5.0 (X11; Linux x86_64) AppleWebKit/537.36 (KHTML, like Gecko) Chrome/81.0.4044.129 Safari/537.36"
216.73.216.28 - - [19/Jul/2025:14:25:50 +0000] "GET /info/field51192412 HTTP/1.1" 404 16276 "-" "Mozilla/5.0 AppleWebKit/537.36 (KHTML, like Gecko; compatible; ClaudeBot/1.0; [email protected])"
170.39.218.51 - - [19/Jul/2025:14:25:51 +0000] "GET /runtime-env.js HTTP/1.1" 301 - "-" "Mozilla/5.0 (X11; Linux x86_64) AppleWebKit/537.36 (KHTML, like Gecko) Chrome/81.0.4044.129 Safari/537.36"
170.39.218.51 - - [19/Jul/2025:14:25:52 +0000] "GET /config.js HTTP/1.1" 301 - "-" "Mozilla/5.0 (X11; Linux x86_64) AppleWebKit/537.36 (KHTML, like Gecko) Chrome/81.0.4044.129 Safari/537.36"
170.39.218.51 - - [19/Jul/2025:14:25:53 +0000] "GET /aws-exports.js HTTP/1.1" 301 - "-" "Mozilla/5.0 (X11; Linux x86_64) AppleWebKit/537.36 (KHTML, like Gecko) Chrome/81.0.4044.129 Safari/537.36"
216.73.216.28 - - [19/Jul/2025:14:25:53 +0000] "GET /info/nurse11544544 HTTP/1.1" 404 16276 "-" "Mozilla/5.0 AppleWebKit/537.36 (KHTML, like Gecko; compatible; ClaudeBot/1.0; [email protected])"
170.39.218.51 - - [19/Jul/2025:14:25:54 +0000] "GET /firebase-config.js HTTP/1.1" 301 - "-" "Mozilla/5.0 (X11; Linux x86_64) AppleWebKit/537.36 (KHTML, like Gecko) Chrome/81.0.4044.129 Safari/537.36"
170.39.218.51 - - [19/Jul/2025:14:25:55 +0000] "GET /firebase.js HTTP/1.1" 301 - "-" "Mozilla/5.0 (X11; Linux x86_64) AppleWebKit/537.36 (KHTML, like Gecko) Chrome/81.0.4044.129 Safari/537.36"
170.39.218.51 - - [19/Jul/2025:14:25:56 +0000] "GET /settings.js HTTP/1.1" 301 - "-" "Mozilla/5.0 (X11; Linux x86_64) AppleWebKit/537.36 (KHTML, like Gecko) Chrome/81.0.4044.129 Safari/537.36"
170.39.218.51 - - [19/Jul/2025:14:25:57 +0000] "GET /app-settings.js HTTP/1.1" 301 - "-" "Mozilla/5.0 (X11; Linux x86_64) AppleWebKit/537.36 (KHTML, like Gecko) Chrome/81.0.4044.129 Safari/537.36"
216.73.216.28 - - [19/Jul/2025:14:25:57 +0000] "GET /info/housi81479751 HTTP/1.1" 404 16277 "-" "Mozilla/5.0 AppleWebKit/537.36 (KHTML, like Gecko; compatible; ClaudeBot/1.0; [email protected])"
170.39.218.51 - - [19/Jul/2025:14:25:58 +0000] "GET /config.json HTTP/1.1" 301 - "-" "Mozilla/5.0 (X11; Linux x86_64) AppleWebKit/537.36 (KHTML, like Gecko) Chrome/81.0.4044.129 Safari/537.36"
170.39.218.51 - - [19/Jul/2025:14:25:59 +0000] "GET /credentials.json HTTP/1.1" 301 - "-" "Mozilla/5.0 (X11; Linux x86_64) AppleWebKit/537.36 (KHTML, like Gecko) Chrome/81.0.4044.129 Safari/537.36"
170.39.218.51 - - [19/Jul/2025:14:26:00 +0000] "GET /secrets.json HTTP/1.1" 301 - "-" "Mozilla/5.0 (X11; Linux x86_64) AppleWebKit/537.36 (KHTML, like Gecko) Chrome/81.0.4044.129 Safari/537.36"
170.39.218.51 - - [19/Jul/2025:14:26:01 +0000] "GET /manifest.json HTTP/1.1" 301 - "-" "Mozilla/5.0 (X11; Linux x86_64) AppleWebKit/537.36 (KHTML, like Gecko) Chrome/81.0.4044.129 Safari/537.36"
170.39.218.51 - - [19/Jul/2025:14:26:02 +0000] "GET /js/env.js HTTP/1.1" 301 - "-" "Mozilla/5.0 (X11; Linux x86_64) AppleWebKit/537.36 (KHTML, like Gecko) Chrome/81.0.4044.129 Safari/537.36"
66.249.74.11 - - [19/Jul/2025:14:26:02 +0000] "GET /info/dad31717426/ HTTP/1.1" 200 39977 "-" "Mozilla/5.0 (Linux; Android 6.0.1; Nexus 5X Build/MMB29P) AppleWebKit/537.36 (KHTML, like Gecko) Chrome/137.0.7151.103 Mobile Safari/537.36 (compatible; Googlebot/2.1; +http://www.google.com/bot.html)"
170.39.218.51 - - [19/Jul/2025:14:26:03 +0000] "GET /js/config.js HTTP/1.1" 301 - "-" "Mozilla/5.0 (X11; Linux x86_64) AppleWebKit/537.36 (KHTML, like Gecko) Chrome/81.0.4044.129 Safari/537.36"
170.39.218.51 - - [19/Jul/2025:14:26:04 +0000] "GET /js/settings.js HTTP/1.1" 301 - "-" "Mozilla/5.0 (X11; Linux x86_64) AppleWebKit/537.36 (KHTML, like Gecko) Chrome/81.0.4044.129 Safari/537.36"
170.39.218.51 - - [19/Jul/2025:14:26:05 +0000] "GET /js/app.js HTTP/1.1" 301 - "-" "Mozilla/5.0 (X11; Linux x86_64) AppleWebKit/537.36 (KHTML, like Gecko) Chrome/81.0.4044.129 Safari/537.36"
170.39.218.51 - - [19/Jul/2025:14:26:06 +0000] "GET /assets/env.js HTTP/1.1" 301 - "-" "Mozilla/5.0 (X11; Linux x86_64) AppleWebKit/537.36 (KHTML, like Gecko) Chrome/81.0.4044.129 Safari/537.36"
170.39.218.51 - - [19/Jul/2025:14:26:06 +0000] "GET /assets/config.js HTTP/1.1" 301 - "-" "Mozilla/5.0 (X11; Linux x86_64) AppleWebKit/537.36 (KHTML, like Gecko) Chrome/81.0.4044.129 Safari/537.36"
170.39.218.51 - - [19/Jul/2025:14:26:07 +0000] "GET /assets/settings.js HTTP/1.1" 301 - "-" "Mozilla/5.0 (X11; Linux x86_64) AppleWebKit/537.36 (KHTML, like Gecko) Chrome/81.0.4044.129 Safari/537.36"
170.39.218.51 - - [19/Jul/2025:14:26:08 +0000] "POST / HTTP/1.1" 200 22707 "-" "Mozilla/5.0 (X11; Linux x86_64) AppleWebKit/537.36 (KHTML, like Gecko) Chrome/81.0.4044.129 Safari/537.36"
66.249.74.11 - - [19/Jul/2025:14:26:16 +0000] "POST /get-message-notify HTTP/1.1" 200 40244 "https://theoldhouse.cafe/info/dad31717426/" "Mozilla/5.0 (Linux; Android 6.0.1; Nexus 5X Build/MMB29P) AppleWebKit/537.36 (KHTML, like Gecko) Chrome/137.0.7151.119 Mobile Safari/537.36 (compatible; Googlebot/2.1; +http://www.google.com/bot.html)"
209.74.77.214 - - [19/Jul/2025:14:26:40 +0000] "POST /wp-cron.php?doing_wp_cron=1752935200.3486599922180175781250 HTTP/1.1" 200 - "-" "WordPress/6.8.2; https://theoldhouse.cafe"
57.141.2.21 - - [19/Jul/2025:14:26:39 +0000] "GET /info/mom21681625/ HTTP/1.1" 404 79425 "-" "meta-externalagent/1.1 (+https://developers.facebook.com/docs/sharing/webmasters/crawler)"
209.74.77.214 - - [19/Jul/2025:14:27:02 +0000] "POST /wp-cron.php?doing_wp_cron=1752935222.9381699562072753906250 HTTP/1.1" 200 - "-" "WordPress/6.8.2; https://theoldhouse.cafe"
57.141.2.29 - - [19/Jul/2025:14:27:02 +0000] "GET /info/elega11602048/ HTTP/1.1" 404 79425 "-" "meta-externalagent/1.1 (+https://developers.facebook.com/docs/sharing/webmasters/crawler)"
216.73.216.28 - - [19/Jul/2025:14:27:04 +0000] "GET /info/liter71238022 HTTP/1.1" 404 16277 "-" "Mozilla/5.0 AppleWebKit/537.36 (KHTML, like Gecko; compatible; ClaudeBot/1.0; [email protected])"
216.73.216.28 - - [19/Jul/2025:14:27:07 +0000] "GET /info/comme21181529 HTTP/1.1" 404 16277 "-" "Mozilla/5.0 AppleWebKit/537.36 (KHTML, like Gecko; compatible; ClaudeBot/1.0; [email protected])"
216.73.216.28 - - [19/Jul/2025:14:27:10 +0000] "GET /info/hang42625323 HTTP/1.1" 404 16277 "-" "Mozilla/5.0 AppleWebKit/537.36 (KHTML, like Gecko; compatible; ClaudeBot/1.0; [email protected])"
209.74.77.214 - - [19/Jul/2025:14:27:13 +0000] "POST /wp-cron.php?doing_wp_cron=1752935233.5810339450836181640625 HTTP/1.1" 200 - "-" "WordPress/6.8.2; https://theoldhouse.cafe"
216.73.216.28 - - [19/Jul/2025:14:27:13 +0000] "GET /info/colum31129882 HTTP/1.1" 404 16277 "-" "Mozilla/5.0 AppleWebKit/537.36 (KHTML, like Gecko; compatible; ClaudeBot/1.0; [email protected])"
57.141.2.20 - - [19/Jul/2025:14:27:28 +0000] "GET /info/clima72043470/ HTTP/1.1" 404 79425 "-" "meta-externalagent/1.1 (+https://developers.facebook.com/docs/sharing/webmasters/crawler)"
57.141.2.1 - - [19/Jul/2025:14:27:31 +0000] "GET /info/pet71925174/ HTTP/1.1" 404 79425 "-" "meta-externalagent/1.1 (+https://developers.facebook.com/docs/sharing/webmasters/crawler)"
57.141.2.8 - - [19/Jul/2025:14:27:35 +0000] "GET /info/mesh50107860/ HTTP/1.1" 404 79425 "-" "meta-externalagent/1.1 (+https://developers.facebook.com/docs/sharing/webmasters/crawler)"
209.74.77.214 - - [19/Jul/2025:14:28:15 +0000] "POST /wp-cron.php?doing_wp_cron=1752935295.9445600509643554687500 HTTP/1.1" 200 - "-" "WordPress/6.8.2; https://theoldhouse.cafe"
216.73.216.28 - - [19/Jul/2025:14:28:15 +0000] "GET /info/scien61788685 HTTP/1.1" 404 16276 "-" "Mozilla/5.0 AppleWebKit/537.36 (KHTML, like Gecko; compatible; ClaudeBot/1.0; [email protected])"
216.73.216.28 - - [19/Jul/2025:14:28:17 +0000] "GET /info/seque80151583 HTTP/1.1" 404 16277 "-" "Mozilla/5.0 AppleWebKit/537.36 (KHTML, like Gecko; compatible; ClaudeBot/1.0; [email protected])"
216.73.216.28 - - [19/Jul/2025:14:28:21 +0000] "GET /info/can82508775 HTTP/1.1" 404 16276 "-" "Mozilla/5.0 AppleWebKit/537.36 (KHTML, like Gecko; compatible; ClaudeBot/1.0; [email protected])"
216.73.216.28 - - [19/Jul/2025:14:28:25 +0000] "GET /info/splen10363792 HTTP/1.1" 404 16276 "-" "Mozilla/5.0 AppleWebKit/537.36 (KHTML, like Gecko; compatible; ClaudeBot/1.0; [email protected])"
216.73.216.28 - - [19/Jul/2025:14:28:27 +0000] "GET /info/enfor52802948 HTTP/1.1" 404 16275 "-" "Mozilla/5.0 AppleWebKit/537.36 (KHTML, like Gecko; compatible; ClaudeBot/1.0; [email protected])"
216.73.216.28 - - [19/Jul/2025:14:28:29 +0000] "GET /info/frict42011483 HTTP/1.1" 404 16276 "-" "Mozilla/5.0 AppleWebKit/537.36 (KHTML, like Gecko; compatible; ClaudeBot/1.0; [email protected])"
57.141.2.19 - - [19/Jul/2025:14:28:31 +0000] "GET /info/cordi51759572/ HTTP/1.1" 404 79425 "-" "meta-externalagent/1.1 (+https://developers.facebook.com/docs/sharing/webmasters/crawler)"
216.73.216.28 - - [19/Jul/2025:14:28:32 +0000] "GET /info/docto30032290 HTTP/1.1" 404 16276 "-" "Mozilla/5.0 AppleWebKit/537.36 (KHTML, like Gecko; compatible; ClaudeBot/1.0; [email protected])"
216.73.216.28 - - [19/Jul/2025:14:28:35 +0000] "GET /info/lung52802564 HTTP/1.1" 404 16276 "-" "Mozilla/5.0 AppleWebKit/537.36 (KHTML, like Gecko; compatible; ClaudeBot/1.0; [email protected])"
216.73.216.28 - - [19/Jul/2025:14:28:38 +0000] "GET /info/chew52365436 HTTP/1.1" 404 16276 "-" "Mozilla/5.0 AppleWebKit/537.36 (KHTML, like Gecko; compatible; ClaudeBot/1.0; [email protected])"
216.73.216.28 - - [19/Jul/2025:14:28:41 +0000] "GET /info/skim70298670 HTTP/1.1" 404 16276 "-" "Mozilla/5.0 AppleWebKit/537.36 (KHTML, like Gecko; compatible; ClaudeBot/1.0; [email protected])"
209.74.77.214 - - [19/Jul/2025:14:28:42 +0000] "POST /wp-cron.php?doing_wp_cron=1752935322.6498389244079589843750 HTTP/1.1" 200 - "-" "WordPress/6.8.2; https://theoldhouse.cafe"
57.141.2.10 - - [19/Jul/2025:14:28:42 +0000] "GET /info/mista61489581/ HTTP/1.1" 404 79425 "-" "meta-externalagent/1.1 (+https://developers.facebook.com/docs/sharing/webmasters/crawler)"
216.73.216.28 - - [19/Jul/2025:14:28:44 +0000] "GET /info/garli52103668 HTTP/1.1" 404 16276 "-" "Mozilla/5.0 AppleWebKit/537.36 (KHTML, like Gecko; compatible; ClaudeBot/1.0; [email protected])"
57.141.2.21 - - [19/Jul/2025:14:28:45 +0000] "GET /info/relea71982342/ HTTP/1.1" 404 79425 "-" "meta-externalagent/1.1 (+https://developers.facebook.com/docs/sharing/webmasters/crawler)"
57.141.2.1 - - [19/Jul/2025:14:28:47 +0000] "GET /info/calen50413756/ HTTP/1.1" 404 79425 "-" "meta-externalagent/1.1 (+https://developers.facebook.com/docs/sharing/webmasters/crawler)"
216.73.216.28 - - [19/Jul/2025:14:28:47 +0000] "GET /info/excel21597209 HTTP/1.1" 404 16277 "-" "Mozilla/5.0 AppleWebKit/537.36 (KHTML, like Gecko; compatible; ClaudeBot/1.0; [email protected])"
57.141.2.18 - - [19/Jul/2025:14:28:48 +0000] "GET /info/outco80950359/ HTTP/1.1" 404 79425 "-" "meta-externalagent/1.1 (+https://developers.facebook.com/docs/sharing/webmasters/crawler)"
216.73.216.28 - - [19/Jul/2025:14:28:50 +0000] "GET /info/tree71492390 HTTP/1.1" 404 16276 "-" "Mozilla/5.0 AppleWebKit/537.36 (KHTML, like Gecko; compatible; ClaudeBot/1.0; [email protected])"
216.73.216.28 - - [19/Jul/2025:14:28:53 +0000] "GET /info/scien62152685 HTTP/1.1" 404 16276 "-" "Mozilla/5.0 AppleWebKit/537.36 (KHTML, like Gecko; compatible; ClaudeBot/1.0; [email protected])"
57.141.2.3 - - [19/Jul/2025:14:28:54 +0000] "GET /info/yang40785771/ HTTP/1.1" 404 79425 "-" "meta-externalagent/1.1 (+https://developers.facebook.com/docs/sharing/webmasters/crawler)"
57.141.2.7 - - [19/Jul/2025:14:28:55 +0000] "GET /info/thoug61880781/ HTTP/1.1" 404 79425 "-" "meta-externalagent/1.1 (+https://developers.facebook.com/docs/sharing/webmasters/crawler)"
57.141.2.24 - - [19/Jul/2025:14:28:55 +0000] "GET /info/fan10184128/ HTTP/1.1" 404 79425 "-" "meta-externalagent/1.1 (+https://developers.facebook.com/docs/sharing/webmasters/crawler)"
216.73.216.28 - - [19/Jul/2025:14:28:56 +0000] "GET /info/tidy11896568 HTTP/1.1" 404 16276 "-" "Mozilla/5.0 AppleWebKit/537.36 (KHTML, like Gecko; compatible; ClaudeBot/1.0; [email protected])"
57.141.2.14 - - [19/Jul/2025:14:28:56 +0000] "GET /info/smash12647688/ HTTP/1.1" 404 79425 "-" "meta-externalagent/1.1 (+https://developers.facebook.com/docs/sharing/webmasters/crawler)"
57.141.2.20 - - [19/Jul/2025:14:28:57 +0000] "GET /info/lust70307854/ HTTP/1.1" 404 79425 "-" "meta-externalagent/1.1 (+https://developers.facebook.com/docs/sharing/webmasters/crawler)"
216.73.216.28 - - [19/Jul/2025:14:28:59 +0000] "GET /info/trait80018079 HTTP/1.1" 404 16277 "-" "Mozilla/5.0 AppleWebKit/537.36 (KHTML, like Gecko; compatible; ClaudeBot/1.0; [email protected])"
216.73.216.28 - - [19/Jul/2025:14:29:06 +0000] "GET /info/intel60045861 HTTP/1.1" 404 16277 "-" "Mozilla/5.0 AppleWebKit/537.36 (KHTML, like Gecko; compatible; ClaudeBot/1.0; [email protected])"
66.249.74.12 - - [19/Jul/2025:14:29:07 +0000] "GET /info/bath81519519/ HTTP/1.1" 200 39964 "-" "Mozilla/5.0 (Linux; Android 6.0.1; Nexus 5X Build/MMB29P) AppleWebKit/537.36 (KHTML, like Gecko) Chrome/137.0.7151.103 Mobile Safari/537.36 (compatible; Googlebot/2.1; +http://www.google.com/bot.html)"
57.141.2.23 - - [19/Jul/2025:14:29:09 +0000] "GET /info/miser82446247/ HTTP/1.1" 404 79425 "-" "meta-externalagent/1.1 (+https://developers.facebook.com/docs/sharing/webmasters/crawler)"
216.73.216.28 - - [19/Jul/2025:14:29:09 +0000] "GET /info/echo62839405 HTTP/1.1" 404 16277 "-" "Mozilla/5.0 AppleWebKit/537.36 (KHTML, like Gecko; compatible; ClaudeBot/1.0; [email protected])"
216.73.216.28 - - [19/Jul/2025:14:29:12 +0000] "GET /info/split51570940 HTTP/1.1" 404 16277 "-" "Mozilla/5.0 AppleWebKit/537.36 (KHTML, like Gecko; compatible; ClaudeBot/1.0; [email protected])"
66.249.74.11 - - [19/Jul/2025:14:29:13 +0000] "POST /get-message-notify HTTP/1.1" 200 40193 "https://theoldhouse.cafe/info/bath81519519/" "Mozilla/5.0 (Linux; Android 6.0.1; Nexus 5X Build/MMB29P) AppleWebKit/537.36 (KHTML, like Gecko) Chrome/137.0.7151.119 Mobile Safari/537.36 (compatible; Googlebot/2.1; +http://www.google.com/bot.html)"
209.74.77.214 - - [19/Jul/2025:14:29:16 +0000] "POST /wp-cron.php?doing_wp_cron=1752935356.3744499683380126953125 HTTP/1.1" 200 - "-" "WordPress/6.8.2; https://theoldhouse.cafe"
216.73.216.28 - - [19/Jul/2025:14:29:16 +0000] "GET /info/sourc41694283 HTTP/1.1" 404 16277 "-" "Mozilla/5.0 AppleWebKit/537.36 (KHTML, like Gecko; compatible; ClaudeBot/1.0; [email protected])"
216.73.216.28 - - [19/Jul/2025:14:29:18 +0000] "GET /info/whose11960400 HTTP/1.1" 404 16277 "-" "Mozilla/5.0 AppleWebKit/537.36 (KHTML, like Gecko; compatible; ClaudeBot/1.0; [email protected])"
