57.141.2.6 - - [19/Jul/2025:13:30:51 +0000] "GET /info/golf71947638/ HTTP/1.1" 404 79425 "-" "meta-externalagent/1.1 (+https://developers.facebook.com/docs/sharing/webmasters/crawler)"
57.141.2.8 - - [19/Jul/2025:13:30:53 +0000] "GET /info/call31272178/ HTTP/1.1" 404 79425 "-" "meta-externalagent/1.1 (+https://developers.facebook.com/docs/sharing/webmasters/crawler)"
57.141.2.30 - - [19/Jul/2025:13:30:53 +0000] "GET /info/sweet42660211/ HTTP/1.1" 404 79425 "-" "meta-externalagent/1.1 (+https://developers.facebook.com/docs/sharing/webmasters/crawler)"
57.141.2.8 - - [19/Jul/2025:13:30:58 +0000] "GET /info/insuf50174844/ HTTP/1.1" 404 79425 "-" "meta-externalagent/1.1 (+https://developers.facebook.com/docs/sharing/webmasters/crawler)"
209.74.77.214 - - [19/Jul/2025:13:31:16 +0000] "POST /wp-cron.php?doing_wp_cron=1752931876.8669819831848144531250 HTTP/1.1" 200 - "-" "WordPress/6.8.2; https://theoldhouse.cafe"
57.141.2.2 - - [19/Jul/2025:13:31:16 +0000] "GET /info/hairc41039571/ HTTP/1.1" 404 79425 "-" "meta-externalagent/1.1 (+https://developers.facebook.com/docs/sharing/webmasters/crawler)"
57.141.2.5 - - [19/Jul/2025:13:31:20 +0000] "GET /info/major70301430/ HTTP/1.1" 404 79425 "-" "meta-externalagent/1.1 (+https://developers.facebook.com/docs/sharing/webmasters/crawler)"
57.141.2.14 - - [19/Jul/2025:13:31:20 +0000] "GET /info/marke50532724/ HTTP/1.1" 404 79425 "-" "meta-externalagent/1.1 (+https://developers.facebook.com/docs/sharing/webmasters/crawler)"
66.249.74.11 - - [19/Jul/2025:13:31:22 +0000] "GET /info/resor62367477/ HTTP/1.1" 200 40188 "-" "Mozilla/5.0 (Linux; Android 6.0.1; Nexus 5X Build/MMB29P) AppleWebKit/537.36 (KHTML, like Gecko) Chrome/137.0.7151.103 Mobile Safari/537.36 (compatible; Googlebot/2.1; +http://www.google.com/bot.html)"
57.141.2.24 - - [19/Jul/2025:13:31:25 +0000] "GET /info/durat60859277/ HTTP/1.1" 404 79425 "-" "meta-externalagent/1.1 (+https://developers.facebook.com/docs/sharing/webmasters/crawler)"
66.249.74.12 - - [19/Jul/2025:13:31:29 +0000] "POST /get-message-notify HTTP/1.1" 200 40255 "https://theoldhouse.cafe/info/resor62367477/" "Mozilla/5.0 (Linux; Android 6.0.1; Nexus 5X Build/MMB29P) AppleWebKit/537.36 (KHTML, like Gecko) Chrome/137.0.7151.119 Mobile Safari/537.36 (compatible; Googlebot/2.1; +http://www.google.com/bot.html)"
66.249.74.12 - - [19/Jul/2025:13:31:29 +0000] "GET /info/harmo80918367/ HTTP/1.1" 200 39875 "-" "Mozilla/5.0 (Linux; Android 6.0.1; Nexus 5X Build/MMB29P) AppleWebKit/537.36 (KHTML, like Gecko) Chrome/137.0.7151.103 Mobile Safari/537.36 (compatible; Googlebot/2.1; +http://www.google.com/bot.html)"
57.141.2.4 - - [19/Jul/2025:13:31:32 +0000] "GET /info/medal52377580/ HTTP/1.1" 404 79425 "-" "meta-externalagent/1.1 (+https://developers.facebook.com/docs/sharing/webmasters/crawler)"
216.73.216.28 - - [19/Jul/2025:13:31:33 +0000] "GET /info/chart52966804 HTTP/1.1" 404 16277 "-" "Mozilla/5.0 AppleWebKit/537.36 (KHTML, like Gecko; compatible; ClaudeBot/1.0; [email protected])"
57.141.2.4 - - [19/Jul/2025:13:31:34 +0000] "GET /info/bulk70690454/ HTTP/1.1" 404 79425 "-" "meta-externalagent/1.1 (+https://developers.facebook.com/docs/sharing/webmasters/crawler)"
57.141.2.28 - - [19/Jul/2025:13:31:36 +0000] "GET /info/melt52746420/ HTTP/1.1" 404 79425 "-" "meta-externalagent/1.1 (+https://developers.facebook.com/docs/sharing/webmasters/crawler)"
216.73.216.28 - - [19/Jul/2025:13:31:36 +0000] "GET /info/radia61147453 HTTP/1.1" 404 16277 "-" "Mozilla/5.0 AppleWebKit/537.36 (KHTML, like Gecko; compatible; ClaudeBot/1.0; [email protected])"
216.73.216.28 - - [19/Jul/2025:13:31:39 +0000] "GET /info/hurt42749691 HTTP/1.1" 404 16277 "-" "Mozilla/5.0 AppleWebKit/537.36 (KHTML, like Gecko; compatible; ClaudeBot/1.0; [email protected])"
209.74.77.214 - - [19/Jul/2025:13:31:42 +0000] "POST /wp-cron.php?doing_wp_cron=1752931902.3606760501861572265625 HTTP/1.1" 200 - "-" "WordPress/6.8.2; https://theoldhouse.cafe"
57.141.2.18 - - [19/Jul/2025:13:31:42 +0000] "GET /info/miss82980375/ HTTP/1.1" 404 79425 "-" "meta-externalagent/1.1 (+https://developers.facebook.com/docs/sharing/webmasters/crawler)"
57.141.2.3 - - [19/Jul/2025:13:31:42 +0000] "GET /info/mild31970946/ HTTP/1.1" 404 79425 "-" "meta-externalagent/1.1 (+https://developers.facebook.com/docs/sharing/webmasters/crawler)"
216.73.216.28 - - [19/Jul/2025:13:31:42 +0000] "GET /info/give31729650 HTTP/1.1" 404 16277 "-" "Mozilla/5.0 AppleWebKit/537.36 (KHTML, like Gecko; compatible; ClaudeBot/1.0; [email protected])"
57.141.2.10 - - [19/Jul/2025:13:31:43 +0000] "GET /info/what42556803/ HTTP/1.1" 404 79425 "-" "meta-externalagent/1.1 (+https://developers.facebook.com/docs/sharing/webmasters/crawler)"
57.141.2.16 - - [19/Jul/2025:13:31:48 +0000] "GET /info/orang61061125/ HTTP/1.1" 404 79425 "-" "meta-externalagent/1.1 (+https://developers.facebook.com/docs/sharing/webmasters/crawler)"
57.141.2.8 - - [19/Jul/2025:13:31:49 +0000] "GET /info/smell41125395/ HTTP/1.1" 404 79425 "-" "meta-externalagent/1.1 (+https://developers.facebook.com/docs/sharing/webmasters/crawler)"
57.141.2.25 - - [19/Jul/2025:13:31:52 +0000] "GET /info/trail62314701/ HTTP/1.1" 404 79425 "-" "meta-externalagent/1.1 (+https://developers.facebook.com/docs/sharing/webmasters/crawler)"
57.141.2.3 - - [19/Jul/2025:13:31:57 +0000] "GET /info/embar40669475/ HTTP/1.1" 404 79425 "-" "meta-externalagent/1.1 (+https://developers.facebook.com/docs/sharing/webmasters/crawler)"
57.141.2.17 - - [19/Jul/2025:13:31:57 +0000] "GET /info/unhea72637598/ HTTP/1.1" 404 79425 "-" "meta-externalagent/1.1 (+https://developers.facebook.com/docs/sharing/webmasters/crawler)"
57.141.2.30 - - [19/Jul/2025:13:31:57 +0000] "GET /info/some82545175/ HTTP/1.1" 404 79425 "-" "meta-externalagent/1.1 (+https://developers.facebook.com/docs/sharing/webmasters/crawler)"
57.141.2.1 - - [19/Jul/2025:13:31:58 +0000] "GET /info/ache41417187/ HTTP/1.1" 404 79425 "-" "meta-externalagent/1.1 (+https://developers.facebook.com/docs/sharing/webmasters/crawler)"
57.141.2.3 - - [19/Jul/2025:13:32:04 +0000] "GET /info/tiny70460774/ HTTP/1.1" 404 79425 "-" "meta-externalagent/1.1 (+https://developers.facebook.com/docs/sharing/webmasters/crawler)"
57.141.2.24 - - [19/Jul/2025:13:32:05 +0000] "GET /info/bull20631561/ HTTP/1.1" 404 79425 "-" "meta-externalagent/1.1 (+https://developers.facebook.com/docs/sharing/webmasters/crawler)"
57.141.2.13 - - [19/Jul/2025:13:32:08 +0000] "GET /info/heat71516910/ HTTP/1.1" 404 79425 "-" "meta-externalagent/1.1 (+https://developers.facebook.com/docs/sharing/webmasters/crawler)"
57.141.2.1 - - [19/Jul/2025:13:32:10 +0000] "GET /info/swall61173933/ HTTP/1.1" 404 79425 "-" "meta-externalagent/1.1 (+https://developers.facebook.com/docs/sharing/webmasters/crawler)"
57.141.2.1 - - [19/Jul/2025:13:32:10 +0000] "GET /info/backs11474272/ HTTP/1.1" 404 79425 "-" "meta-externalagent/1.1 (+https://developers.facebook.com/docs/sharing/webmasters/crawler)"
57.141.2.29 - - [19/Jul/2025:13:32:12 +0000] "GET /info/accep12748200/ HTTP/1.1" 404 79425 "-" "meta-externalagent/1.1 (+https://developers.facebook.com/docs/sharing/webmasters/crawler)"
209.74.77.214 - - [19/Jul/2025:13:32:14 +0000] "POST /wp-cron.php?doing_wp_cron=1752931934.8035221099853515625000 HTTP/1.1" 200 - "-" "WordPress/6.8.2; https://theoldhouse.cafe"
57.141.2.11 - - [19/Jul/2025:13:32:14 +0000] "GET /info/accom70129902/ HTTP/1.1" 404 79425 "-" "meta-externalagent/1.1 (+https://developers.facebook.com/docs/sharing/webmasters/crawler)"
57.141.2.8 - - [19/Jul/2025:13:32:16 +0000] "GET /info/fanta51829044/ HTTP/1.1" 404 79425 "-" "meta-externalagent/1.1 (+https://developers.facebook.com/docs/sharing/webmasters/crawler)"
57.141.2.23 - - [19/Jul/2025:13:32:16 +0000] "GET /info/area70656894/ HTTP/1.1" 404 79425 "-" "meta-externalagent/1.1 (+https://developers.facebook.com/docs/sharing/webmasters/crawler)"
57.141.2.6 - - [19/Jul/2025:13:32:27 +0000] "GET /info/exper70688806/ HTTP/1.1" 404 79425 "-" "meta-externalagent/1.1 (+https://developers.facebook.com/docs/sharing/webmasters/crawler)"
57.141.2.14 - - [19/Jul/2025:13:32:27 +0000] "GET /info/illeg30858010/ HTTP/1.1" 404 79425 "-" "meta-externalagent/1.1 (+https://developers.facebook.com/docs/sharing/webmasters/crawler)"
57.141.2.14 - - [19/Jul/2025:13:32:30 +0000] "GET /info/discl31915282/ HTTP/1.1" 404 79425 "-" "meta-externalagent/1.1 (+https://developers.facebook.com/docs/sharing/webmasters/crawler)"
57.141.2.8 - - [19/Jul/2025:13:32:36 +0000] "GET /info/zero62700733/ HTTP/1.1" 404 79425 "-" "meta-externalagent/1.1 (+https://developers.facebook.com/docs/sharing/webmasters/crawler)"
57.141.2.10 - - [19/Jul/2025:13:32:36 +0000] "GET /info/hear50701740/ HTTP/1.1" 404 79425 "-" "meta-externalagent/1.1 (+https://developers.facebook.com/docs/sharing/webmasters/crawler)"
57.141.2.7 - - [19/Jul/2025:13:32:38 +0000] "GET /info/sleep52632932/ HTTP/1.1" 404 79425 "-" "meta-externalagent/1.1 (+https://developers.facebook.com/docs/sharing/webmasters/crawler)"
209.74.77.214 - - [19/Jul/2025:13:32:44 +0000] "POST /wp-cron.php?doing_wp_cron=1752931964.8347730636596679687500 HTTP/1.1" 200 - "-" "WordPress/6.8.2; https://theoldhouse.cafe"
57.141.2.10 - - [19/Jul/2025:13:32:44 +0000] "GET /info/openi70835582/ HTTP/1.1" 404 79425 "-" "meta-externalagent/1.1 (+https://developers.facebook.com/docs/sharing/webmasters/crawler)"
216.73.216.28 - - [19/Jul/2025:13:32:46 +0000] "GET /info/afric20621377 HTTP/1.1" 404 16277 "-" "Mozilla/5.0 AppleWebKit/537.36 (KHTML, like Gecko; compatible; ClaudeBot/1.0; [email protected])"
216.73.216.28 - - [19/Jul/2025:13:32:49 +0000] "GET /info/negle40378307 HTTP/1.1" 404 16277 "-" "Mozilla/5.0 AppleWebKit/537.36 (KHTML, like Gecko; compatible; ClaudeBot/1.0; [email protected])"
57.141.2.20 - - [19/Jul/2025:13:32:50 +0000] "GET /info/indiv51441836/ HTTP/1.1" 404 79425 "-" "meta-externalagent/1.1 (+https://developers.facebook.com/docs/sharing/webmasters/crawler)"
216.73.216.28 - - [19/Jul/2025:13:32:52 +0000] "GET /info/fashi22409393 HTTP/1.1" 404 16277 "-" "Mozilla/5.0 AppleWebKit/537.36 (KHTML, like Gecko; compatible; ClaudeBot/1.0; [email protected])"
216.73.216.28 - - [19/Jul/2025:13:32:55 +0000] "GET /info/treme62921925 HTTP/1.1" 404 16277 "-" "Mozilla/5.0 AppleWebKit/537.36 (KHTML, like Gecko; compatible; ClaudeBot/1.0; [email protected])"
66.249.74.13 - - [19/Jul/2025:13:32:59 +0000] "GET /info/conqu11058472/ HTTP/1.1" 200 39881 "-" "Mozilla/5.0 (Linux; Android 6.0.1; Nexus 5X Build/MMB29P) AppleWebKit/537.36 (KHTML, like Gecko) Chrome/137.0.7151.103 Mobile Safari/537.36 (compatible; Googlebot/2.1; +http://www.google.com/bot.html)"
66.249.74.12 - - [19/Jul/2025:13:33:07 +0000] "GET /info/repai71081054/ HTTP/1.1" 200 40561 "-" "Mozilla/5.0 (Linux; Android 6.0.1; Nexus 5X Build/MMB29P) AppleWebKit/537.36 (KHTML, like Gecko) Chrome/137.0.7151.103 Mobile Safari/537.36 (compatible; Googlebot/2.1; +http://www.google.com/bot.html)"
209.74.77.214 - - [19/Jul/2025:13:33:21 +0000] "POST /wp-cron.php?doing_wp_cron=1752932001.1352009773254394531250 HTTP/1.1" 200 - "-" "WordPress/6.8.2; https://theoldhouse.cafe"
57.141.2.29 - - [19/Jul/2025:13:33:21 +0000] "GET /info/econo82990775/ HTTP/1.1" 404 79425 "-" "meta-externalagent/1.1 (+https://developers.facebook.com/docs/sharing/webmasters/crawler)"
57.141.2.21 - - [19/Jul/2025:13:33:28 +0000] "GET /info/betwe81296959/ HTTP/1.1" 404 79425 "-" "meta-externalagent/1.1 (+https://developers.facebook.com/docs/sharing/webmasters/crawler)"
57.141.2.26 - - [19/Jul/2025:13:33:40 +0000] "GET /info/sunli30807810/ HTTP/1.1" 404 79425 "-" "meta-externalagent/1.1 (+https://developers.facebook.com/docs/sharing/webmasters/crawler)"
66.249.74.11 - - [19/Jul/2025:13:33:48 +0000] "GET /info/monke70660830/ HTTP/1.1" 200 40493 "-" "Mozilla/5.0 (Linux; Android 6.0.1; Nexus 5X Build/MMB29P) AppleWebKit/537.36 (KHTML, like Gecko) Chrome/137.0.7151.103 Mobile Safari/537.36 (compatible; Googlebot/2.1; +http://www.google.com/bot.html)"
66.249.74.11 - - [19/Jul/2025:13:33:51 +0000] "POST /get-message-notify HTTP/1.1" 200 40210 "https://theoldhouse.cafe/info/monke70660830/" "Mozilla/5.0 (Linux; Android 6.0.1; Nexus 5X Build/MMB29P) AppleWebKit/537.36 (KHTML, like Gecko) Chrome/137.0.7151.119 Mobile Safari/537.36 (compatible; Googlebot/2.1; +http://www.google.com/bot.html)"
209.74.77.214 - - [19/Jul/2025:13:34:01 +0000] "POST /wp-cron.php?doing_wp_cron=1752932041.0597620010375976562500 HTTP/1.1" 200 - "-" "WordPress/6.8.2; https://theoldhouse.cafe"
216.73.216.28 - - [19/Jul/2025:13:34:00 +0000] "GET /info/gear80518175 HTTP/1.1" 404 16277 "-" "Mozilla/5.0 AppleWebKit/537.36 (KHTML, like Gecko; compatible; ClaudeBot/1.0; [email protected])"
216.73.216.28 - - [19/Jul/2025:13:34:04 +0000] "GET /info/yawn50635228 HTTP/1.1" 404 16277 "-" "Mozilla/5.0 AppleWebKit/537.36 (KHTML, like Gecko; compatible; ClaudeBot/1.0; [email protected])"
216.73.216.28 - - [19/Jul/2025:13:34:06 +0000] "GET /info/terro61277549 HTTP/1.1" 404 16277 "-" "Mozilla/5.0 AppleWebKit/537.36 (KHTML, like Gecko; compatible; ClaudeBot/1.0; [email protected])"
216.73.216.28 - - [19/Jul/2025:13:34:09 +0000] "GET /info/cept10127920 HTTP/1.1" 404 16277 "-" "Mozilla/5.0 AppleWebKit/537.36 (KHTML, like Gecko; compatible; ClaudeBot/1.0; [email protected])"
66.249.74.11 - - [19/Jul/2025:13:34:15 +0000] "GET /info/docum12525352/ HTTP/1.1" 200 39891 "-" "Mozilla/5.0 (Linux; Android 6.0.1; Nexus 5X Build/MMB29P) AppleWebKit/537.36 (KHTML, like Gecko) Chrome/137.0.7151.103 Mobile Safari/537.36 (compatible; Googlebot/2.1; +http://www.google.com/bot.html)"
66.249.74.11 - - [19/Jul/2025:13:34:18 +0000] "POST /get-message-notify HTTP/1.1" 200 40255 "https://theoldhouse.cafe/info/docum12525352/" "Mozilla/5.0 (Linux; Android 6.0.1; Nexus 5X Build/MMB29P) AppleWebKit/537.36 (KHTML, like Gecko) Chrome/137.0.7151.119 Mobile Safari/537.36 (compatible; Googlebot/2.1; +http://www.google.com/bot.html)"
66.249.74.12 - - [19/Jul/2025:13:34:34 +0000] "GET /info/shoul12916440/ HTTP/1.1" 200 39830 "-" "Mozilla/5.0 (Linux; Android 6.0.1; Nexus 5X Build/MMB29P) AppleWebKit/537.36 (KHTML, like Gecko) Chrome/137.0.7151.103 Mobile Safari/537.36 (compatible; Googlebot/2.1; +http://www.google.com/bot.html)"
209.74.77.214 - - [19/Jul/2025:13:34:53 +0000] "POST /wp-cron.php?doing_wp_cron=1752932093.7598049640655517578125 HTTP/1.1" 200 - "-" "WordPress/6.8.2; https://theoldhouse.cafe"
57.141.2.7 - - [19/Jul/2025:13:34:53 +0000] "GET /info/herd41835611/ HTTP/1.1" 404 79425 "-" "meta-externalagent/1.1 (+https://developers.facebook.com/docs/sharing/webmasters/crawler)"
57.141.2.30 - - [19/Jul/2025:13:34:55 +0000] "GET /info/laser40287387/ HTTP/1.1" 404 79425 "-" "meta-externalagent/1.1 (+https://developers.facebook.com/docs/sharing/webmasters/crawler)"
57.141.2.1 - - [19/Jul/2025:13:34:58 +0000] "GET /info/greed80363319/ HTTP/1.1" 404 79425 "-" "meta-externalagent/1.1 (+https://developers.facebook.com/docs/sharing/webmasters/crawler)"
57.141.2.7 - - [19/Jul/2025:13:34:59 +0000] "GET /info/whip10579240/ HTTP/1.1" 404 79425 "-" "meta-externalagent/1.1 (+https://developers.facebook.com/docs/sharing/webmasters/crawler)"
57.141.2.18 - - [19/Jul/2025:13:35:00 +0000] "GET /info/shiny10525680/ HTTP/1.1" 404 79425 "-" "meta-externalagent/1.1 (+https://developers.facebook.com/docs/sharing/webmasters/crawler)"
57.141.2.18 - - [19/Jul/2025:13:35:02 +0000] "GET /info/attac10710768/ HTTP/1.1" 404 79425 "-" "meta-externalagent/1.1 (+https://developers.facebook.com/docs/sharing/webmasters/crawler)"
57.141.2.23 - - [19/Jul/2025:13:35:03 +0000] "GET /info/joke72848022/ HTTP/1.1" 404 79425 "-" "meta-externalagent/1.1 (+https://developers.facebook.com/docs/sharing/webmasters/crawler)"
57.141.2.29 - - [19/Jul/2025:13:35:07 +0000] "GET /info/magni12778648/ HTTP/1.1" 404 79425 "-" "meta-externalagent/1.1 (+https://developers.facebook.com/docs/sharing/webmasters/crawler)"
57.141.2.13 - - [19/Jul/2025:13:35:12 +0000] "GET /info/estat41067747/ HTTP/1.1" 404 79425 "-" "meta-externalagent/1.1 (+https://developers.facebook.com/docs/sharing/webmasters/crawler)"
209.74.77.214 - - [19/Jul/2025:13:35:15 +0000] "POST /wp-cron.php?doing_wp_cron=1752932115.9265189170837402343750 HTTP/1.1" 200 - "-" "WordPress/6.8.2; https://theoldhouse.cafe"
57.141.2.3 - - [19/Jul/2025:13:35:15 +0000] "GET /info/east82944711/ HTTP/1.1" 404 79425 "-" "meta-externalagent/1.1 (+https://developers.facebook.com/docs/sharing/webmasters/crawler)"
57.141.2.23 - - [19/Jul/2025:13:35:18 +0000] "GET /info/phase72287102/ HTTP/1.1" 404 79425 "-" "meta-externalagent/1.1 (+https://developers.facebook.com/docs/sharing/webmasters/crawler)"
57.141.2.6 - - [19/Jul/2025:13:35:18 +0000] "GET /info/feast40262627/ HTTP/1.1" 404 79425 "-" "meta-externalagent/1.1 (+https://developers.facebook.com/docs/sharing/webmasters/crawler)"
57.141.2.8 - - [19/Jul/2025:13:35:21 +0000] "GET /info/leagu20534609/ HTTP/1.1" 404 79425 "-" "meta-externalagent/1.1 (+https://developers.facebook.com/docs/sharing/webmasters/crawler)"
57.141.2.1 - - [19/Jul/2025:13:35:24 +0000] "GET /info/altog30107162/ HTTP/1.1" 404 79425 "-" "meta-externalagent/1.1 (+https://developers.facebook.com/docs/sharing/webmasters/crawler)"
57.141.2.24 - - [19/Jul/2025:13:35:28 +0000] "GET /info/impre10477784/ HTTP/1.1" 404 79425 "-" "meta-externalagent/1.1 (+https://developers.facebook.com/docs/sharing/webmasters/crawler)"
216.73.216.28 - - [19/Jul/2025:13:35:28 +0000] "GET /info/tone31174658 HTTP/1.1" 404 16277 "-" "Mozilla/5.0 AppleWebKit/537.36 (KHTML, like Gecko; compatible; ClaudeBot/1.0; [email protected])"
216.73.216.28 - - [19/Jul/2025:13:35:32 +0000] "GET /info/frust31213330 HTTP/1.1" 404 16277 "-" "Mozilla/5.0 AppleWebKit/537.36 (KHTML, like Gecko; compatible; ClaudeBot/1.0; [email protected])"
57.141.2.22 - - [19/Jul/2025:13:35:34 +0000] "GET /info/impac32266450/ HTTP/1.1" 404 79425 "-" "meta-externalagent/1.1 (+https://developers.facebook.com/docs/sharing/webmasters/crawler)"
216.73.216.28 - - [19/Jul/2025:13:35:37 +0000] "GET /info/marat21521401 HTTP/1.1" 404 16277 "-" "Mozilla/5.0 AppleWebKit/537.36 (KHTML, like Gecko; compatible; ClaudeBot/1.0; [email protected])"
57.141.2.2 - - [19/Jul/2025:13:35:38 +0000] "GET /info/pose40826179/ HTTP/1.1" 404 79425 "-" "meta-externalagent/1.1 (+https://developers.facebook.com/docs/sharing/webmasters/crawler)"
216.73.216.28 - - [19/Jul/2025:13:35:39 +0000] "GET /info/homem12806088 HTTP/1.1" 404 16277 "-" "Mozilla/5.0 AppleWebKit/537.36 (KHTML, like Gecko; compatible; ClaudeBot/1.0; [email protected])"
57.141.2.23 - - [19/Jul/2025:13:35:41 +0000] "GET /info/hotel21968673/ HTTP/1.1" 404 79425 "-" "meta-externalagent/1.1 (+https://developers.facebook.com/docs/sharing/webmasters/crawler)"
209.74.77.214 - - [19/Jul/2025:13:35:43 +0000] "POST /wp-cron.php?doing_wp_cron=1752932143.4317219257354736328125 HTTP/1.1" 200 - "-" "WordPress/6.8.2; https://theoldhouse.cafe"
57.141.2.23 - - [19/Jul/2025:13:35:43 +0000] "GET /info/websi71772918/ HTTP/1.1" 404 79425 "-" "meta-externalagent/1.1 (+https://developers.facebook.com/docs/sharing/webmasters/crawler)"
57.141.2.26 - - [19/Jul/2025:13:35:53 +0000] "GET /info/magne30134962/ HTTP/1.1" 404 79425 "-" "meta-externalagent/1.1 (+https://developers.facebook.com/docs/sharing/webmasters/crawler)"
57.141.2.8 - - [19/Jul/2025:13:35:58 +0000] "GET /info/subtr21326921/ HTTP/1.1" 404 79425 "-" "meta-externalagent/1.1 (+https://developers.facebook.com/docs/sharing/webmasters/crawler)"
209.74.77.214 - - [19/Jul/2025:13:36:38 +0000] "POST /wp-cron.php?doing_wp_cron=1752932198.9587440490722656250000 HTTP/1.1" 200 - "-" "WordPress/6.8.2; https://theoldhouse.cafe"
57.141.2.27 - - [19/Jul/2025:13:36:38 +0000] "GET /info/beer81451215/ HTTP/1.1" 404 79425 "-" "meta-externalagent/1.1 (+https://developers.facebook.com/docs/sharing/webmasters/crawler)"
57.141.2.8 - - [19/Jul/2025:13:36:37 +0000] "GET /info/rack31899314/ HTTP/1.1" 404 79425 "-" "meta-externalagent/1.1 (+https://developers.facebook.com/docs/sharing/webmasters/crawler)"
209.74.77.214 - - [19/Jul/2025:13:36:45 +0000] "POST /wp-cron.php?doing_wp_cron=1752932205.6547350883483886718750 HTTP/1.1" 200 - "-" "WordPress/6.8.2; https://theoldhouse.cafe"
216.73.216.28 - - [19/Jul/2025:13:36:45 +0000] "GET /info/chang81965183 HTTP/1.1" 404 16277 "-" "Mozilla/5.0 AppleWebKit/537.36 (KHTML, like Gecko; compatible; ClaudeBot/1.0; [email protected])"
216.73.216.28 - - [19/Jul/2025:13:36:49 +0000] "GET /info/deer60655061 HTTP/1.1" 404 16277 "-" "Mozilla/5.0 AppleWebKit/537.36 (KHTML, like Gecko; compatible; ClaudeBot/1.0; [email protected])"
216.73.216.28 - - [19/Jul/2025:13:36:50 +0000] "GET /info/victi41579667 HTTP/1.1" 404 16277 "-" "Mozilla/5.0 AppleWebKit/537.36 (KHTML, like Gecko; compatible; ClaudeBot/1.0; [email protected])"
216.73.216.28 - - [19/Jul/2025:13:36:53 +0000] "GET /info/siste12481312 HTTP/1.1" 404 16277 "-" "Mozilla/5.0 AppleWebKit/537.36 (KHTML, like Gecko; compatible; ClaudeBot/1.0; [email protected])"
57.141.2.25 - - [19/Jul/2025:13:36:54 +0000] "GET /info/warn71689294/ HTTP/1.1" 404 79425 "-" "meta-externalagent/1.1 (+https://developers.facebook.com/docs/sharing/webmasters/crawler)"
209.74.77.214 - - [19/Jul/2025:13:37:44 +0000] "POST /wp-cron.php?doing_wp_cron=1752932264.0921430587768554687500 HTTP/1.1" 200 - "-" "WordPress/6.8.2; https://theoldhouse.cafe"
216.73.216.28 - - [19/Jul/2025:13:37:42 +0000] "GET /info/every42104283 HTTP/1.1" 404 16277 "-" "Mozilla/5.0 AppleWebKit/537.36 (KHTML, like Gecko; compatible; ClaudeBot/1.0; [email protected])"
216.73.216.28 - - [19/Jul/2025:13:37:45 +0000] "GET /info/sound32640722 HTTP/1.1" 404 16277 "-" "Mozilla/5.0 AppleWebKit/537.36 (KHTML, like Gecko; compatible; ClaudeBot/1.0; [email protected])"
216.73.216.28 - - [19/Jul/2025:13:37:48 +0000] "GET /info/lust71223854 HTTP/1.1" 404 16277 "-" "Mozilla/5.0 AppleWebKit/537.36 (KHTML, like Gecko; compatible; ClaudeBot/1.0; [email protected])"
216.73.216.28 - - [19/Jul/2025:13:37:51 +0000] "GET /info/stair40036411 HTTP/1.1" 404 16277 "-" "Mozilla/5.0 AppleWebKit/537.36 (KHTML, like Gecko; compatible; ClaudeBot/1.0; [email protected])"
57.141.2.30 - - [19/Jul/2025:13:38:02 +0000] "GET /info/warn71297294/ HTTP/1.1" 404 79425 "-" "meta-externalagent/1.1 (+https://developers.facebook.com/docs/sharing/webmasters/crawler)"
57.141.2.18 - - [19/Jul/2025:13:38:04 +0000] "GET /info/cheri52183724/ HTTP/1.1" 404 79425 "-" "meta-externalagent/1.1 (+https://developers.facebook.com/docs/sharing/webmasters/crawler)"
57.141.2.14 - - [19/Jul/2025:13:38:06 +0000] "GET /info/pierc30353754/ HTTP/1.1" 404 79425 "-" "meta-externalagent/1.1 (+https://developers.facebook.com/docs/sharing/webmasters/crawler)"
57.141.2.5 - - [19/Jul/2025:13:38:08 +0000] "GET /info/gener41553019/ HTTP/1.1" 404 79425 "-" "meta-externalagent/1.1 (+https://developers.facebook.com/docs/sharing/webmasters/crawler)"
57.141.2.5 - - [19/Jul/2025:13:38:12 +0000] "GET /info/sing30905770/ HTTP/1.1" 404 79425 "-" "meta-externalagent/1.1 (+https://developers.facebook.com/docs/sharing/webmasters/crawler)"
209.74.77.214 - - [19/Jul/2025:13:38:13 +0000] "POST /wp-cron.php?doing_wp_cron=1752932293.9506909847259521484375 HTTP/1.1" 200 - "-" "WordPress/6.8.2; https://theoldhouse.cafe"
57.141.2.14 - - [19/Jul/2025:13:38:13 +0000] "GET /info/lump62730613/ HTTP/1.1" 404 79425 "-" "meta-externalagent/1.1 (+https://developers.facebook.com/docs/sharing/webmasters/crawler)"
57.141.2.2 - - [19/Jul/2025:13:38:16 +0000] "GET /info/gover11097088/ HTTP/1.1" 404 79425 "-" "meta-externalagent/1.1 (+https://developers.facebook.com/docs/sharing/webmasters/crawler)"
57.141.2.30 - - [19/Jul/2025:13:38:17 +0000] "GET /info/expos30757898/ HTTP/1.1" 404 79425 "-" "meta-externalagent/1.1 (+https://developers.facebook.com/docs/sharing/webmasters/crawler)"
57.141.2.28 - - [19/Jul/2025:13:38:28 +0000] "GET /info/excur32923386/ HTTP/1.1" 404 79425 "-" "meta-externalagent/1.1 (+https://developers.facebook.com/docs/sharing/webmasters/crawler)"
57.141.2.11 - - [19/Jul/2025:13:38:31 +0000] "GET /info/sun50060196/ HTTP/1.1" 404 79425 "-" "meta-externalagent/1.1 (+https://developers.facebook.com/docs/sharing/webmasters/crawler)"
57.141.2.18 - - [19/Jul/2025:13:38:36 +0000] "GET /info/mall10765512/ HTTP/1.1" 404 79425 "-" "meta-externalagent/1.1 (+https://developers.facebook.com/docs/sharing/webmasters/crawler)"
209.74.77.214 - - [19/Jul/2025:13:38:52 +0000] "POST /wp-cron.php?doing_wp_cron=1752932332.4818201065063476562500 HTTP/1.1" 200 - "-" "WordPress/6.8.2; https://theoldhouse.cafe"
57.141.2.22 - - [19/Jul/2025:13:38:52 +0000] "GET /info/almos72688614/ HTTP/1.1" 404 79425 "-" "meta-externalagent/1.1 (+https://developers.facebook.com/docs/sharing/webmasters/crawler)"
216.73.216.28 - - [19/Jul/2025:13:38:55 +0000] "GET /info/cente32517410 HTTP/1.1" 404 16277 "-" "Mozilla/5.0 AppleWebKit/537.36 (KHTML, like Gecko; compatible; ClaudeBot/1.0; [email protected])"
216.73.216.28 - - [19/Jul/2025:13:38:58 +0000] "GET /info/fare50299004 HTTP/1.1" 404 16277 "-" "Mozilla/5.0 AppleWebKit/537.36 (KHTML, like Gecko; compatible; ClaudeBot/1.0; [email protected])"
216.73.216.28 - - [19/Jul/2025:13:39:01 +0000] "GET /info/porti20738705 HTTP/1.1" 404 16277 "-" "Mozilla/5.0 AppleWebKit/537.36 (KHTML, like Gecko; compatible; ClaudeBot/1.0; [email protected])"
216.73.216.28 - - [19/Jul/2025:13:39:04 +0000] "GET /info/luxur71043214 HTTP/1.1" 404 16277 "-" "Mozilla/5.0 AppleWebKit/537.36 (KHTML, like Gecko; compatible; ClaudeBot/1.0; [email protected])"
57.141.2.21 - - [19/Jul/2025:13:39:08 +0000] "GET /info/canno41767603/ HTTP/1.1" 404 79425 "-" "meta-externalagent/1.1 (+https://developers.facebook.com/docs/sharing/webmasters/crawler)"
57.141.2.1 - - [19/Jul/2025:13:39:09 +0000] "GET /info/ampli60354453/ HTTP/1.1" 404 79425 "-" "meta-externalagent/1.1 (+https://developers.facebook.com/docs/sharing/webmasters/crawler)"
209.74.77.214 - - [19/Jul/2025:13:39:18 +0000] "POST /wp-cron.php?doing_wp_cron=1752932358.3707211017608642578125 HTTP/1.1" 200 - "-" "WordPress/6.8.2; https://theoldhouse.cafe"
57.141.2.30 - - [19/Jul/2025:13:39:17 +0000] "GET /info/discr70226406/ HTTP/1.1" 404 79425 "-" "meta-externalagent/1.1 (+https://developers.facebook.com/docs/sharing/webmasters/crawler)"
57.141.2.5 - - [19/Jul/2025:13:39:28 +0000] "GET /info/video72916086/ HTTP/1.1" 404 79425 "-" "meta-externalagent/1.1 (+https://developers.facebook.com/docs/sharing/webmasters/crawler)"
209.74.77.214 - - [19/Jul/2025:13:40:09 +0000] "POST /wp-cron.php?doing_wp_cron=1752932409.1553449630737304687500 HTTP/1.1" 200 - "-" "WordPress/6.8.2; https://theoldhouse.cafe"
216.73.216.28 - - [19/Jul/2025:13:40:08 +0000] "GET /info/pot22299489 HTTP/1.1" 404 16277 "-" "Mozilla/5.0 AppleWebKit/537.36 (KHTML, like Gecko; compatible; ClaudeBot/1.0; [email protected])"
216.73.216.28 - - [19/Jul/2025:13:40:11 +0000] "GET /info/arous60370461 HTTP/1.1" 404 16277 "-" "Mozilla/5.0 AppleWebKit/537.36 (KHTML, like Gecko; compatible; ClaudeBot/1.0; [email protected])"
209.74.77.214 - - [19/Jul/2025:13:40:13 +0000] "POST /wp-cron.php?doing_wp_cron=1752932413.0654599666595458984375 HTTP/1.1" 200 - "-" "WordPress/6.8.2; https://theoldhouse.cafe"
216.73.216.28 - - [19/Jul/2025:13:40:12 +0000] "GET /info/vineg60214965 HTTP/1.1" 404 16277 "-" "Mozilla/5.0 AppleWebKit/537.36 (KHTML, like Gecko; compatible; ClaudeBot/1.0; [email protected])"
216.73.216.28 - - [19/Jul/2025:13:40:15 +0000] "GET /info/hot12828432 HTTP/1.1" 404 16277 "-" "Mozilla/5.0 AppleWebKit/537.36 (KHTML, like Gecko; compatible; ClaudeBot/1.0; [email protected])"
209.74.77.214 - - [19/Jul/2025:13:41:21 +0000] "POST /wp-cron.php?doing_wp_cron=1752932481.6784129142761230468750 HTTP/1.1" 200 - "-" "WordPress/6.8.2; https://theoldhouse.cafe"
57.141.2.14 - - [19/Jul/2025:13:41:20 +0000] "GET /info/afric21581377/ HTTP/1.1" 404 79425 "-" "meta-externalagent/1.1 (+https://developers.facebook.com/docs/sharing/webmasters/crawler)"
216.73.216.28 - - [19/Jul/2025:13:41:23 +0000] "GET /info/cat20196081 HTTP/1.1" 404 16277 "-" "Mozilla/5.0 AppleWebKit/537.36 (KHTML, like Gecko; compatible; ClaudeBot/1.0; [email protected])"
57.141.2.27 - - [19/Jul/2025:13:41:24 +0000] "GET /info/grace12458656/ HTTP/1.1" 404 79425 "-" "meta-externalagent/1.1 (+https://developers.facebook.com/docs/sharing/webmasters/crawler)"
57.141.2.6 - - [19/Jul/2025:13:41:26 +0000] "GET /info/mecha32566218/ HTTP/1.1" 404 79425 "-" "meta-externalagent/1.1 (+https://developers.facebook.com/docs/sharing/webmasters/crawler)"
216.73.216.28 - - [19/Jul/2025:13:41:27 +0000] "GET /info/hurry80333231 HTTP/1.1" 404 16277 "-" "Mozilla/5.0 AppleWebKit/537.36 (KHTML, like Gecko; compatible; ClaudeBot/1.0; [email protected])"
216.73.216.28 - - [19/Jul/2025:13:41:29 +0000] "GET /info/cept11627920 HTTP/1.1" 404 16277 "-" "Mozilla/5.0 AppleWebKit/537.36 (KHTML, like Gecko; compatible; ClaudeBot/1.0; [email protected])"
216.73.216.28 - - [19/Jul/2025:13:41:32 +0000] "GET /info/fare51243004 HTTP/1.1" 404 16277 "-" "Mozilla/5.0 AppleWebKit/537.36 (KHTML, like Gecko; compatible; ClaudeBot/1.0; [email protected])"
57.141.2.22 - - [19/Jul/2025:13:41:34 +0000] "GET /info/oblig21459193/ HTTP/1.1" 404 79425 "-" "meta-externalagent/1.1 (+https://developers.facebook.com/docs/sharing/webmasters/crawler)"
57.141.2.23 - - [19/Jul/2025:13:41:36 +0000] "GET /info/weed70154942/ HTTP/1.1" 404 79425 "-" "meta-externalagent/1.1 (+https://developers.facebook.com/docs/sharing/webmasters/crawler)"
57.141.2.28 - - [19/Jul/2025:13:41:38 +0000] "GET /info/galle10097416/ HTTP/1.1" 404 79425 "-" "meta-externalagent/1.1 (+https://developers.facebook.com/docs/sharing/webmasters/crawler)"
209.74.77.214 - - [19/Jul/2025:13:41:45 +0000] "POST /wp-cron.php?doing_wp_cron=1752932505.9483311176300048828125 HTTP/1.1" 200 - "-" "WordPress/6.8.2; https://theoldhouse.cafe"
57.141.2.22 - - [19/Jul/2025:13:41:45 +0000] "GET /info/prete12305320/ HTTP/1.1" 404 79425 "-" "meta-externalagent/1.1 (+https://developers.facebook.com/docs/sharing/webmasters/crawler)"
57.141.2.20 - - [19/Jul/2025:13:41:47 +0000] "GET /info/slend71495614/ HTTP/1.1" 404 79425 "-" "meta-externalagent/1.1 (+https://developers.facebook.com/docs/sharing/webmasters/crawler)"
209.74.77.214 - - [19/Jul/2025:13:42:14 +0000] "POST /wp-cron.php?doing_wp_cron=1752932534.5709040164947509765625 HTTP/1.1" 200 - "-" "WordPress/6.8.2; https://theoldhouse.cafe"
57.141.2.5 - - [19/Jul/2025:13:42:14 +0000] "GET /info/class21980401/ HTTP/1.1" 404 79425 "-" "meta-externalagent/1.1 (+https://developers.facebook.com/docs/sharing/webmasters/crawler)"
57.141.2.4 - - [19/Jul/2025:13:42:15 +0000] "GET /info/sixty42945275/ HTTP/1.1" 404 79425 "-" "meta-externalagent/1.1 (+https://developers.facebook.com/docs/sharing/webmasters/crawler)"
52.167.144.136 - - [19/Jul/2025:13:42:34 +0000] "GET /sitemape.xml HTTP/1.1" 200 18818 "-" "Mozilla/5.0 AppleWebKit/537.36 (KHTML, like Gecko; compatible; bingbot/2.0; +http://www.bing.com/bingbot.htm) Chrome/116.0.1938.76 Safari/537.36"
40.77.167.53 - - [19/Jul/2025:13:42:34 +0000] "GET /sitemapd.xml HTTP/1.1" 200 12078 "-" "Mozilla/5.0 AppleWebKit/537.36 (KHTML, like Gecko; compatible; bingbot/2.0; +http://www.bing.com/bingbot.htm) Chrome/116.0.1938.76 Safari/537.36"
52.167.144.136 - - [19/Jul/2025:13:42:35 +0000] "GET /wp-sitemap.xml HTTP/1.1" 200 202 "-" "Mozilla/5.0 AppleWebKit/537.36 (KHTML, like Gecko; compatible; bingbot/2.0; +http://www.bing.com/bingbot.htm) Chrome/116.0.1938.76 Safari/537.36"
40.77.167.53 - - [19/Jul/2025:13:42:35 +0000] "GET /sitemapa.xml HTTP/1.1" 200 18603 "-" "Mozilla/5.0 AppleWebKit/537.36 (KHTML, like Gecko; compatible; bingbot/2.0; +http://www.bing.com/bingbot.htm) Chrome/116.0.1938.76 Safari/537.36"
52.167.144.136 - - [19/Jul/2025:13:42:35 +0000] "GET /sitemapc.xml HTTP/1.1" 200 17558 "-" "Mozilla/5.0 AppleWebKit/537.36 (KHTML, like Gecko; compatible; bingbot/2.0; +http://www.bing.com/bingbot.htm) Chrome/116.0.1938.76 Safari/537.36"
207.46.13.7 - - [19/Jul/2025:13:42:35 +0000] "GET /sitemap.xml HTTP/1.1" 200 202 "-" "Mozilla/5.0 AppleWebKit/537.36 (KHTML, like Gecko; compatible; bingbot/2.0; +http://www.bing.com/bingbot.htm) Chrome/116.0.1938.76 Safari/537.36"
52.167.144.136 - - [19/Jul/2025:13:42:36 +0000] "GET /sitemapb.xml HTTP/1.1" 200 11574 "-" "Mozilla/5.0 AppleWebKit/537.36 (KHTML, like Gecko; compatible; bingbot/2.0; +http://www.bing.com/bingbot.htm) Chrome/116.0.1938.76 Safari/537.36"
57.141.2.14 - - [19/Jul/2025:13:42:37 +0000] "GET /info/coil70962622/ HTTP/1.1" 404 79425 "-" "meta-externalagent/1.1 (+https://developers.facebook.com/docs/sharing/webmasters/crawler)"
209.74.77.214 - - [19/Jul/2025:13:42:43 +0000] "POST /wp-cron.php?doing_wp_cron=1752932563.0750160217285156250000 HTTP/1.1" 200 - "-" "WordPress/6.8.2; https://theoldhouse.cafe"
216.73.216.28 - - [19/Jul/2025:13:42:42 +0000] "GET /info/campu30218818 HTTP/1.1" 404 16277 "-" "Mozilla/5.0 AppleWebKit/537.36 (KHTML, like Gecko; compatible; ClaudeBot/1.0; [email protected])"
216.73.216.28 - - [19/Jul/2025:13:42:48 +0000] "GET /info/candl21228385 HTTP/1.1" 404 16277 "-" "Mozilla/5.0 AppleWebKit/537.36 (KHTML, like Gecko; compatible; ClaudeBot/1.0; [email protected])"
216.73.216.28 - - [19/Jul/2025:13:42:48 +0000] "GET /info/hurry80857231 HTTP/1.1" 404 16277 "-" "Mozilla/5.0 AppleWebKit/537.36 (KHTML, like Gecko; compatible; ClaudeBot/1.0; [email protected])"
216.73.216.28 - - [19/Jul/2025:13:42:51 +0000] "GET /info/verb52393716 HTTP/1.1" 404 16277 "-" "Mozilla/5.0 AppleWebKit/537.36 (KHTML, like Gecko; compatible; ClaudeBot/1.0; [email protected])"
209.74.77.214 - - [19/Jul/2025:13:43:37 +0000] "POST /wp-cron.php?doing_wp_cron=1752932617.4242680072784423828125 HTTP/1.1" 200 - "-" "WordPress/6.8.2; https://theoldhouse.cafe"
57.141.2.22 - - [19/Jul/2025:13:43:36 +0000] "GET /info/aston51410156/ HTTP/1.1" 404 79425 "-" "meta-externalagent/1.1 (+https://developers.facebook.com/docs/sharing/webmasters/crawler)"
57.141.2.8 - - [19/Jul/2025:13:43:38 +0000] "GET /info/sleev12062904/ HTTP/1.1" 404 79425 "-" "meta-externalagent/1.1 (+https://developers.facebook.com/docs/sharing/webmasters/crawler)"
57.141.2.22 - - [19/Jul/2025:13:43:39 +0000] "GET /info/bull21555561/ HTTP/1.1" 404 79425 "-" "meta-externalagent/1.1 (+https://developers.facebook.com/docs/sharing/webmasters/crawler)"
209.74.77.214 - - [19/Jul/2025:13:43:59 +0000] "POST /wp-cron.php?doing_wp_cron=1752932639.8267560005187988281250 HTTP/1.1" 200 - "-" "WordPress/6.8.2; https://theoldhouse.cafe"
216.73.216.28 - - [19/Jul/2025:13:43:59 +0000] "GET /info/wedne62160149 HTTP/1.1" 404 16277 "-" "Mozilla/5.0 AppleWebKit/537.36 (KHTML, like Gecko; compatible; ClaudeBot/1.0; [email protected])"
216.73.216.28 - - [19/Jul/2025:13:44:02 +0000] "GET /info/despe40227123 HTTP/1.1" 404 16277 "-" "Mozilla/5.0 AppleWebKit/537.36 (KHTML, like Gecko; compatible; ClaudeBot/1.0; [email protected])"
216.73.216.28 - - [19/Jul/2025:13:44:05 +0000] "GET /info/affai30175250 HTTP/1.1" 404 16277 "-" "Mozilla/5.0 AppleWebKit/537.36 (KHTML, like Gecko; compatible; ClaudeBot/1.0; [email protected])"
216.73.216.28 - - [19/Jul/2025:13:44:08 +0000] "GET /info/ruin71055718 HTTP/1.1" 404 16277 "-" "Mozilla/5.0 AppleWebKit/537.36 (KHTML, like Gecko; compatible; ClaudeBot/1.0; [email protected])"
216.73.216.28 - - [19/Jul/2025:13:45:19 +0000] "GET /robots.txt HTTP/1.1" 200 119 "-" "Mozilla/5.0 AppleWebKit/537.36 (KHTML, like Gecko; compatible; ClaudeBot/1.0; [email protected])"
209.74.77.214 - - [19/Jul/2025:13:45:21 +0000] "POST /wp-cron.php?doing_wp_cron=1752932721.3939099311828613281250 HTTP/1.1" 200 - "-" "WordPress/6.8.2; https://theoldhouse.cafe"
216.73.216.28 - - [19/Jul/2025:13:45:19 +0000] "GET /info/polis12119552 HTTP/1.1" 404 16277 "-" "Mozilla/5.0 AppleWebKit/537.36 (KHTML, like Gecko; compatible; ClaudeBot/1.0; [email protected])"
216.73.216.28 - - [19/Jul/2025:13:45:23 +0000] "GET /info/wash20096417 HTTP/1.1" 404 16277 "-" "Mozilla/5.0 AppleWebKit/537.36 (KHTML, like Gecko; compatible; ClaudeBot/1.0; [email protected])"
216.73.216.28 - - [19/Jul/2025:13:45:27 +0000] "GET /info/laugh40956227 HTTP/1.1" 404 16277 "-" "Mozilla/5.0 AppleWebKit/537.36 (KHTML, like Gecko; compatible; ClaudeBot/1.0; [email protected])"
216.73.216.28 - - [19/Jul/2025:13:45:29 +0000] "GET /info/airpo60228725 HTTP/1.1" 404 16277 "-" "Mozilla/5.0 AppleWebKit/537.36 (KHTML, like Gecko; compatible; ClaudeBot/1.0; [email protected])"
209.74.77.214 - - [19/Jul/2025:13:46:41 +0000] "POST /wp-cron.php?doing_wp_cron=1752932801.3608999252319335937500 HTTP/1.1" 200 - "-" "WordPress/6.8.2; https://theoldhouse.cafe"
216.73.216.28 - - [19/Jul/2025:13:46:39 +0000] "GET /info/noisy41158699 HTTP/1.1" 404 16277 "-" "Mozilla/5.0 AppleWebKit/537.36 (KHTML, like Gecko; compatible; ClaudeBot/1.0; [email protected])"
209.74.77.214 - - [19/Jul/2025:13:46:43 +0000] "POST /wp-cron.php?doing_wp_cron=1752932803.9092390537261962890625 HTTP/1.1" 200 - "-" "WordPress/6.8.2; https://theoldhouse.cafe"
216.73.216.28 - - [19/Jul/2025:13:46:43 +0000] "GET /info/unlik80578783 HTTP/1.1" 404 16277 "-" "Mozilla/5.0 AppleWebKit/537.36 (KHTML, like Gecko; compatible; ClaudeBot/1.0; [email protected])"
216.73.216.28 - - [19/Jul/2025:13:46:46 +0000] "GET /info/hen80036927 HTTP/1.1" 404 16276 "-" "Mozilla/5.0 AppleWebKit/537.36 (KHTML, like Gecko; compatible; ClaudeBot/1.0; [email protected])"
216.73.216.28 - - [19/Jul/2025:13:46:49 +0000] "GET /info/spit31559738 HTTP/1.1" 404 16277 "-" "Mozilla/5.0 AppleWebKit/537.36 (KHTML, like Gecko; compatible; ClaudeBot/1.0; [email protected])"
209.74.77.214 - - [19/Jul/2025:13:47:29 +0000] "POST /wp-cron.php?doing_wp_cron=1752932849.4555940628051757812500 HTTP/1.1" 200 - "-" "WordPress/6.8.2; https://theoldhouse.cafe"
57.141.2.21 - - [19/Jul/2025:13:47:28 +0000] "GET /info/jewel70627022/ HTTP/1.1" 404 79425 "-" "meta-externalagent/1.1 (+https://developers.facebook.com/docs/sharing/webmasters/crawler)"
57.141.2.15 - - [19/Jul/2025:13:47:30 +0000] "GET /info/peasa31786890/ HTTP/1.1" 404 79425 "-" "meta-externalagent/1.1 (+https://developers.facebook.com/docs/sharing/webmasters/crawler)"
57.141.2.6 - - [19/Jul/2025:13:47:36 +0000] "GET /info/rest42516843/ HTTP/1.1" 404 79425 "-" "meta-externalagent/1.1 (+https://developers.facebook.com/docs/sharing/webmasters/crawler)"
209.74.77.214 - - [19/Jul/2025:13:47:52 +0000] "POST /wp-cron.php?doing_wp_cron=1752932872.8355209827423095703125 HTTP/1.1" 200 - "-" "WordPress/6.8.2; https://theoldhouse.cafe"
216.73.216.28 - - [19/Jul/2025:13:47:52 +0000] "GET /info/jet22318793 HTTP/1.1" 404 16277 "-" "Mozilla/5.0 AppleWebKit/537.36 (KHTML, like Gecko; compatible; ClaudeBot/1.0; [email protected])"
216.73.216.28 - - [19/Jul/2025:13:47:55 +0000] "GET /info/admir70258374 HTTP/1.1" 404 16277 "-" "Mozilla/5.0 AppleWebKit/537.36 (KHTML, like Gecko; compatible; ClaudeBot/1.0; [email protected])"
216.73.216.28 - - [19/Jul/2025:13:47:58 +0000] "GET /info/waist72807766 HTTP/1.1" 404 16277 "-" "Mozilla/5.0 AppleWebKit/537.36 (KHTML, like Gecko; compatible; ClaudeBot/1.0; [email protected])"
57.141.2.30 - - [19/Jul/2025:13:48:00 +0000] "GET /info/bagga82015063/ HTTP/1.1" 404 79425 "-" "meta-externalagent/1.1 (+https://developers.facebook.com/docs/sharing/webmasters/crawler)"
66.249.74.13 - - [19/Jul/2025:13:48:23 +0000] "GET /info/whose12596400/ HTTP/1.1" 200 40125 "-" "Mozilla/5.0 (Linux; Android 6.0.1; Nexus 5X Build/MMB29P) AppleWebKit/537.36 (KHTML, like Gecko) Chrome/137.0.7151.103 Mobile Safari/537.36 (compatible; Googlebot/2.1; +http://www.google.com/bot.html)"
209.74.77.214 - - [19/Jul/2025:13:49:32 +0000] "POST /wp-cron.php?doing_wp_cron=1752932972.3780241012573242187500 HTTP/1.1" 200 - "-" "WordPress/6.8.2; https://theoldhouse.cafe"
216.73.216.28 - - [19/Jul/2025:13:49:30 +0000] "GET /info/heter32703690 HTTP/1.1" 404 16277 "-" "Mozilla/5.0 AppleWebKit/537.36 (KHTML, like Gecko; compatible; ClaudeBot/1.0; [email protected])"
216.73.216.28 - - [19/Jul/2025:13:49:33 +0000] "GET /info/win81717671 HTTP/1.1" 404 16277 "-" "Mozilla/5.0 AppleWebKit/537.36 (KHTML, like Gecko; compatible; ClaudeBot/1.0; [email protected])"
216.73.216.28 - - [19/Jul/2025:13:49:36 +0000] "GET /info/zest32399914 HTTP/1.1" 404 16277 "-" "Mozilla/5.0 AppleWebKit/537.36 (KHTML, like Gecko; compatible; ClaudeBot/1.0; [email protected])"
209.74.77.214 - - [19/Jul/2025:13:50:43 +0000] "POST /wp-cron.php?doing_wp_cron=1752933042.9902529716491699218750 HTTP/1.1" 200 - "-" "WordPress/6.8.2; https://theoldhouse.cafe"
57.141.2.16 - - [19/Jul/2025:13:50:41 +0000] "GET /info/expos30549898/ HTTP/1.1" 404 79425 "-" "meta-externalagent/1.1 (+https://developers.facebook.com/docs/sharing/webmasters/crawler)"
216.73.216.28 - - [19/Jul/2025:13:50:48 +0000] "GET /info/subse81806599 HTTP/1.1" 404 16277 "-" "Mozilla/5.0 AppleWebKit/537.36 (KHTML, like Gecko; compatible; ClaudeBot/1.0; [email protected])"
57.141.2.12 - - [19/Jul/2025:13:50:51 +0000] "GET /info/mostl72211590/ HTTP/1.1" 404 79425 "-" "meta-externalagent/1.1 (+https://developers.facebook.com/docs/sharing/webmasters/crawler)"
216.73.216.28 - - [19/Jul/2025:13:50:53 +0000] "GET /info/furth31967202 HTTP/1.1" 404 16277 "-" "Mozilla/5.0 AppleWebKit/537.36 (KHTML, like Gecko; compatible; ClaudeBot/1.0; [email protected])"
66.249.74.12 - - [19/Jul/2025:13:50:54 +0000] "GET /info/mute40651083/ HTTP/1.1" 200 41523 "-" "Mozilla/5.0 (Linux; Android 6.0.1; Nexus 5X Build/MMB29P) AppleWebKit/537.36 (KHTML, like Gecko) Chrome/137.0.7151.103 Mobile Safari/537.36 (compatible; Googlebot/2.1; +http://www.google.com/bot.html)"
216.73.216.28 - - [19/Jul/2025:13:50:56 +0000] "GET /info/gown30426794 HTTP/1.1" 404 16277 "-" "Mozilla/5.0 AppleWebKit/537.36 (KHTML, like Gecko; compatible; ClaudeBot/1.0; [email protected])"
216.73.216.28 - - [19/Jul/2025:13:50:57 +0000] "GET /info/bus71648430 HTTP/1.1" 404 16277 "-" "Mozilla/5.0 AppleWebKit/537.36 (KHTML, like Gecko; compatible; ClaudeBot/1.0; [email protected])"
209.74.77.214 - - [19/Jul/2025:13:52:08 +0000] "POST /wp-cron.php?doing_wp_cron=1752933128.2816240787506103515625 HTTP/1.1" 200 - "-" "WordPress/6.8.2; https://theoldhouse.cafe"
216.73.216.28 - - [19/Jul/2025:13:52:06 +0000] "GET /info/young60568693 HTTP/1.1" 404 16277 "-" "Mozilla/5.0 AppleWebKit/537.36 (KHTML, like Gecko; compatible; ClaudeBot/1.0; [email protected])"
216.73.216.28 - - [19/Jul/2025:13:52:09 +0000] "GET /info/wrist11203016 HTTP/1.1" 404 16277 "-" "Mozilla/5.0 AppleWebKit/537.36 (KHTML, like Gecko; compatible; ClaudeBot/1.0; [email protected])"
216.73.216.28 - - [19/Jul/2025:13:52:12 +0000] "GET /info/dying52258732 HTTP/1.1" 404 16277 "-" "Mozilla/5.0 AppleWebKit/537.36 (KHTML, like Gecko; compatible; ClaudeBot/1.0; [email protected])"
66.249.74.13 - - [19/Jul/2025:13:53:51 +0000] "GET /info/coppe80979135/ HTTP/1.1" 200 40449 "-" "Mozilla/5.0 (Linux; Android 6.0.1; Nexus 5X Build/MMB29P) AppleWebKit/537.36 (KHTML, like Gecko) Chrome/137.0.7151.103 Mobile Safari/537.36 (compatible; Googlebot/2.1; +http://www.google.com/bot.html)"
66.249.74.11 - - [19/Jul/2025:13:53:53 +0000] "GET /info/dicta12905968/ HTTP/1.1" 200 40283 "-" "Mozilla/5.0 (Linux; Android 6.0.1; Nexus 5X Build/MMB29P) AppleWebKit/537.36 (KHTML, like Gecko) Chrome/137.0.7151.103 Mobile Safari/537.36 (compatible; Googlebot/2.1; +http://www.google.com/bot.html)"
66.249.74.12 - - [19/Jul/2025:13:53:56 +0000] "POST /get-message-notify HTTP/1.1" 200 40289 "https://theoldhouse.cafe/info/dicta12905968/" "Mozilla/5.0 (Linux; Android 6.0.1; Nexus 5X Build/MMB29P) AppleWebKit/537.36 (KHTML, like Gecko) Chrome/137.0.7151.119 Mobile Safari/537.36 (compatible; Googlebot/2.1; +http://www.google.com/bot.html)"
209.74.77.214 - - [19/Jul/2025:13:54:15 +0000] "POST /wp-cron.php?doing_wp_cron=1752933255.0664880275726318359375 HTTP/1.1" 200 - "-" "WordPress/6.8.2; https://theoldhouse.cafe"
57.141.2.23 - - [19/Jul/2025:13:54:14 +0000] "GET /info/coura41853011/ HTTP/1.1" 404 79425 "-" "meta-externalagent/1.1 (+https://developers.facebook.com/docs/sharing/webmasters/crawler)"
216.73.216.28 - - [19/Jul/2025:13:54:24 +0000] "GET /info/enqui41183779 HTTP/1.1" 404 16277 "-" "Mozilla/5.0 AppleWebKit/537.36 (KHTML, like Gecko; compatible; ClaudeBot/1.0; [email protected])"
216.73.216.28 - - [19/Jul/2025:13:54:27 +0000] "GET /info/threa30625226 HTTP/1.1" 404 16277 "-" "Mozilla/5.0 AppleWebKit/537.36 (KHTML, like Gecko; compatible; ClaudeBot/1.0; [email protected])"
216.73.216.28 - - [19/Jul/2025:13:54:30 +0000] "GET /info/colle40176115 HTTP/1.1" 404 16277 "-" "Mozilla/5.0 AppleWebKit/537.36 (KHTML, like Gecko; compatible; ClaudeBot/1.0; [email protected])"
209.74.77.214 - - [19/Jul/2025:13:54:53 +0000] "POST /wp-cron.php?doing_wp_cron=1752933293.8090190887451171875000 HTTP/1.1" 200 - "-" "WordPress/6.8.2; https://theoldhouse.cafe"
57.141.2.7 - - [19/Jul/2025:13:54:53 +0000] "GET /info/glory12803640/ HTTP/1.1" 404 79425 "-" "meta-externalagent/1.1 (+https://developers.facebook.com/docs/sharing/webmasters/crawler)"
209.74.77.214 - - [19/Jul/2025:13:55:09 +0000] "POST /wp-cron.php?doing_wp_cron=1752933309.5963890552520751953125 HTTP/1.1" 200 - "-" "WordPress/6.8.2; https://theoldhouse.cafe"
57.141.2.2 - - [19/Jul/2025:13:55:09 +0000] "GET /info/line20480833/ HTTP/1.1" 404 79425 "-" "meta-externalagent/1.1 (+https://developers.facebook.com/docs/sharing/webmasters/crawler)"
209.74.77.214 - - [19/Jul/2025:13:55:13 +0000] "POST /wp-cron.php?doing_wp_cron=1752933313.1793808937072753906250 HTTP/1.1" 200 - "-" "WordPress/6.8.2; https://theoldhouse.cafe"
57.141.2.5 - - [19/Jul/2025:13:55:13 +0000] "GET /info/tire61199501/ HTTP/1.1" 404 79425 "-" "meta-externalagent/1.1 (+https://developers.facebook.com/docs/sharing/webmasters/crawler)"
57.141.2.8 - - [19/Jul/2025:13:55:16 +0000] "GET /info/cerem81306119/ HTTP/1.1" 404 79425 "-" "meta-externalagent/1.1 (+https://developers.facebook.com/docs/sharing/webmasters/crawler)"
209.74.77.214 - - [19/Jul/2025:13:55:46 +0000] "POST /wp-cron.php?doing_wp_cron=1752933346.1478049755096435546875 HTTP/1.1" 200 - "-" "WordPress/6.8.2; https://theoldhouse.cafe"
57.141.2.20 - - [19/Jul/2025:13:55:45 +0000] "GET /info/europ41452131/ HTTP/1.1" 404 79425 "-" "meta-externalagent/1.1 (+https://developers.facebook.com/docs/sharing/webmasters/crawler)"
57.141.2.24 - - [19/Jul/2025:13:55:52 +0000] "GET /info/fend12423976/ HTTP/1.1" 404 79425 "-" "meta-externalagent/1.1 (+https://developers.facebook.com/docs/sharing/webmasters/crawler)"
209.74.77.214 - - [19/Jul/2025:13:56:24 +0000] "POST /wp-cron.php?doing_wp_cron=1752933384.0903170108795166015625 HTTP/1.1" 200 - "-" "WordPress/6.8.2; https://theoldhouse.cafe"
216.73.216.28 - - [19/Jul/2025:13:56:23 +0000] "GET /info/splen12579792 HTTP/1.1" 404 16277 "-" "Mozilla/5.0 AppleWebKit/537.36 (KHTML, like Gecko; compatible; ClaudeBot/1.0; [email protected])"
216.73.216.28 - - [19/Jul/2025:13:56:28 +0000] "GET /info/endur12454200 HTTP/1.1" 404 16277 "-" "Mozilla/5.0 AppleWebKit/537.36 (KHTML, like Gecko; compatible; ClaudeBot/1.0; [email protected])"
216.73.216.28 - - [19/Jul/2025:13:56:31 +0000] "GET /info/ancho71050806 HTTP/1.1" 404 16277 "-" "Mozilla/5.0 AppleWebKit/537.36 (KHTML, like Gecko; compatible; ClaudeBot/1.0; [email protected])"
209.74.77.214 - - [19/Jul/2025:13:56:43 +0000] "POST /wp-cron.php?doing_wp_cron=1752933403.8959379196166992187500 HTTP/1.1" 200 - "-" "WordPress/6.8.2; https://theoldhouse.cafe"
57.141.2.23 - - [19/Jul/2025:13:56:43 +0000] "GET /info/fake61415837/ HTTP/1.1" 404 79425 "-" "meta-externalagent/1.1 (+https://developers.facebook.com/docs/sharing/webmasters/crawler)"
57.141.2.26 - - [19/Jul/2025:13:56:48 +0000] "GET /info/bruis20346689/ HTTP/1.1" 404 79425 "-" "meta-externalagent/1.1 (+https://developers.facebook.com/docs/sharing/webmasters/crawler)"
66.249.74.11 - - [19/Jul/2025:13:56:54 +0000] "GET /info/varia61107397/ HTTP/1.1" 200 39861 "-" "Mozilla/5.0 (Linux; Android 6.0.1; Nexus 5X Build/MMB29P) AppleWebKit/537.36 (KHTML, like Gecko) Chrome/137.0.7151.103 Mobile Safari/537.36 (compatible; Googlebot/2.1; +http://www.google.com/bot.html)"
209.74.77.214 - - [19/Jul/2025:13:57:14 +0000] "POST /wp-cron.php?doing_wp_cron=1752933434.6998419761657714843750 HTTP/1.1" 200 - "-" "WordPress/6.8.2; https://theoldhouse.cafe"
57.141.2.14 - - [19/Jul/2025:13:57:14 +0000] "GET /info/eve11143176/ HTTP/1.1" 404 79425 "-" "meta-externalagent/1.1 (+https://developers.facebook.com/docs/sharing/webmasters/crawler)"
57.141.2.18 - - [19/Jul/2025:13:57:38 +0000] "GET /info/mista60609581/ HTTP/1.1" 404 79425 "-" "meta-externalagent/1.1 (+https://developers.facebook.com/docs/sharing/webmasters/crawler)"
209.74.77.214 - - [19/Jul/2025:13:57:42 +0000] "POST /wp-cron.php?doing_wp_cron=1752933462.4714689254760742187500 HTTP/1.1" 200 - "-" "WordPress/6.8.2; https://theoldhouse.cafe"
57.141.2.12 - - [19/Jul/2025:13:57:42 +0000] "GET /info/biscu52304788/ HTTP/1.1" 404 79425 "-" "meta-externalagent/1.1 (+https://developers.facebook.com/docs/sharing/webmasters/crawler)"
57.141.2.29 - - [19/Jul/2025:13:57:43 +0000] "GET /info/hot11768432/ HTTP/1.1" 404 79425 "-" "meta-externalagent/1.1 (+https://developers.facebook.com/docs/sharing/webmasters/crawler)"
57.141.2.26 - - [19/Jul/2025:13:57:44 +0000] "GET /info/repla80305911/ HTTP/1.1" 404 79425 "-" "meta-externalagent/1.1 (+https://developers.facebook.com/docs/sharing/webmasters/crawler)"
216.73.216.28 - - [19/Jul/2025:13:57:48 +0000] "GET /info/attai51874764 HTTP/1.1" 404 16277 "-" "Mozilla/5.0 AppleWebKit/537.36 (KHTML, like Gecko; compatible; ClaudeBot/1.0; [email protected])"
216.73.216.28 - - [19/Jul/2025:13:57:51 +0000] "GET /info/card41756707 HTTP/1.1" 404 16276 "-" "Mozilla/5.0 AppleWebKit/537.36 (KHTML, like Gecko; compatible; ClaudeBot/1.0; [email protected])"
216.73.216.28 - - [19/Jul/2025:13:57:55 +0000] "GET /info/porte82058151 HTTP/1.1" 404 16276 "-" "Mozilla/5.0 AppleWebKit/537.36 (KHTML, like Gecko; compatible; ClaudeBot/1.0; [email protected])"
