192.178.6.98 - - [20/Jul/2025:01:50:07 +0000] "GET /036022442.htm HTTP/1.1" 200 86171 "-" "Mozilla/5.0 (Linux; Android 6.0.1; Nexus 5X Build/MMB29P) AppleWebKit/537.36 (KHTML, like Gecko) Chrome/137.0.7151.103 Mobile Safari/537.36 (compatible; Googlebot/2.1; +http://www.google.com/bot.html)"
20.171.207.99 - - [20/Jul/2025:01:50:12 +0000] "GET /search.php?limited143029678.html HTTP/1.1" 200 85815 "-" "Mozilla/5.0 AppleWebKit/537.36 (KHTML, like Gecko; compatible; GPTBot/1.2; +https://openai.com/gptbot)"
192.178.6.105 - - [20/Jul/2025:01:50:26 +0000] "GET /290009474.htm HTTP/1.1" 200 87144 "-" "Mozilla/5.0 (Linux; Android 6.0.1; Nexus 5X Build/MMB29P) AppleWebKit/537.36 (KHTML, like Gecko) Chrome/137.0.7151.103 Mobile Safari/537.36 (compatible; Googlebot/2.1; +http://www.google.com/bot.html)"
192.178.6.105 - - [20/Jul/2025:01:50:26 +0000] "GET /231020915.htm HTTP/1.1" 200 85980 "-" "Mozilla/5.0 (Linux; Android 6.0.1; Nexus 5X Build/MMB29P) AppleWebKit/537.36 (KHTML, like Gecko) Chrome/137.0.7151.103 Mobile Safari/537.36 (compatible; Googlebot/2.1; +http://www.google.com/bot.html)"
192.178.6.105 - - [20/Jul/2025:01:50:42 +0000] "GET /272027484.htm HTTP/1.1" 200 86505 "-" "Mozilla/5.0 (Linux; Android 6.0.1; Nexus 5X Build/MMB29P) AppleWebKit/537.36 (KHTML, like Gecko) Chrome/137.0.7151.103 Mobile Safari/537.36 (compatible; Googlebot/2.1; +http://www.google.com/bot.html)"
192.178.6.105 - - [20/Jul/2025:01:51:00 +0000] "GET /017049429.htm HTTP/1.1" 200 85383 "-" "Mozilla/5.0 (Linux; Android 6.0.1; Nexus 5X Build/MMB29P) AppleWebKit/537.36 (KHTML, like Gecko) Chrome/137.0.7151.103 Mobile Safari/537.36 (compatible; Googlebot/2.1; +http://www.google.com/bot.html)"
20.171.207.99 - - [20/Jul/2025:01:51:13 +0000] "GET /search.php?complain197045622.html HTTP/1.1" 200 86700 "-" "Mozilla/5.0 AppleWebKit/537.36 (KHTML, like Gecko; compatible; GPTBot/1.2; +https://openai.com/gptbot)"
192.178.6.105 - - [20/Jul/2025:01:51:18 +0000] "GET /076011562.htm HTTP/1.1" 200 85908 "-" "Mozilla/5.0 (Linux; Android 6.0.1; Nexus 5X Build/MMB29P) AppleWebKit/537.36 (KHTML, like Gecko) Chrome/137.0.7151.103 Mobile Safari/537.36 (compatible; Googlebot/2.1; +http://www.google.com/bot.html)"
192.178.6.105 - - [20/Jul/2025:01:51:23 +0000] "GET /pcmypage?callback=product/review/re-vida-71-453103-black HTTP/1.1" 200 86790 "-" "Mozilla/5.0 (Linux; Android 6.0.1; Nexus 5X Build/MMB29P) AppleWebKit/537.36 (KHTML, like Gecko) Chrome/137.0.7151.103 Mobile Safari/537.36 (compatible; Googlebot/2.1; +http://www.google.com/bot.html)"
192.178.6.105 - - [20/Jul/2025:01:51:35 +0000] "GET /009000337.htm HTTP/1.1" 200 85595 "-" "Mozilla/5.0 (Linux; Android 6.0.1; Nexus 5X Build/MMB29P) AppleWebKit/537.36 (KHTML, like Gecko) Chrome/137.0.7151.103 Mobile Safari/537.36 (compatible; Googlebot/2.1; +http://www.google.com/bot.html)"
192.178.6.96 - - [20/Jul/2025:01:51:53 +0000] "GET /095001019.htm HTTP/1.1" 200 86046 "-" "Mozilla/5.0 (Linux; Android 6.0.1; Nexus 5X Build/MMB29P) AppleWebKit/537.36 (KHTML, like Gecko) Chrome/137.0.7151.103 Mobile Safari/537.36 (compatible; Googlebot/2.1; +http://www.google.com/bot.html)"
192.178.6.97 - - [20/Jul/2025:01:52:10 +0000] "GET /140047064.htm HTTP/1.1" 200 85504 "-" "Mozilla/5.0 (Linux; Android 6.0.1; Nexus 5X Build/MMB29P) AppleWebKit/537.36 (KHTML, like Gecko) Chrome/137.0.7151.103 Mobile Safari/537.36 (compatible; Googlebot/2.1; +http://www.google.com/bot.html)"
20.171.207.99 - - [20/Jul/2025:01:52:15 +0000] "GET /search.php?product/edit/book-12610860 HTTP/1.1" 200 85911 "-" "Mozilla/5.0 AppleWebKit/537.36 (KHTML, like Gecko; compatible; GPTBot/1.2; +https://openai.com/gptbot)"
192.178.6.96 - - [20/Jul/2025:01:52:28 +0000] "GET /pcmypage?callback=/product%2Fdetail%2re-vida-71-453103-black HTTP/1.1" 200 86296 "-" "Mozilla/5.0 (Linux; Android 6.0.1; Nexus 5X Build/MMB29P) AppleWebKit/537.36 (KHTML, like Gecko) Chrome/137.0.7151.103 Mobile Safari/537.36 (compatible; Googlebot/2.1; +http://www.google.com/bot.html)"
192.178.6.105 - - [20/Jul/2025:01:52:45 +0000] "GET /071033243.htm HTTP/1.1" 200 86676 "-" "Mozilla/5.0 (Linux; Android 6.0.1; Nexus 5X Build/MMB29P) AppleWebKit/537.36 (KHTML, like Gecko) Chrome/137.0.7151.103 Mobile Safari/537.36 (compatible; Googlebot/2.1; +http://www.google.com/bot.html)"
192.178.6.105 - - [20/Jul/2025:01:52:59 +0000] "GET /193040119.htm HTTP/1.1" 200 86222 "-" "Mozilla/5.0 (Linux; Android 6.0.1; Nexus 5X Build/MMB29P) AppleWebKit/537.36 (KHTML, like Gecko) Chrome/137.0.7151.103 Mobile Safari/537.36 (compatible; Googlebot/2.1; +http://www.google.com/bot.html)"
192.178.6.105 - - [20/Jul/2025:01:52:59 +0000] "GET /pcmypage?callback=product%2Fdetail%2Fauc-bridge09-d145-01-0014 HTTP/1.1" 200 85742 "-" "Mozilla/5.0 (Linux; Android 6.0.1; Nexus 5X Build/MMB29P) AppleWebKit/537.36 (KHTML, like Gecko) Chrome/137.0.7151.103 Mobile Safari/537.36 (compatible; Googlebot/2.1; +http://www.google.com/bot.html)"
192.178.6.105 - - [20/Jul/2025:01:52:59 +0000] "GET /pcmypage?callback=/product%2Fdetail%2sn-mart-sncf25d9ee15 HTTP/1.1" 200 85850 "-" "Mozilla/5.0 (Linux; Android 6.0.1; Nexus 5X Build/MMB29P) AppleWebKit/537.36 (KHTML, like Gecko) Chrome/137.0.7151.103 Mobile Safari/537.36 (compatible; Googlebot/2.1; +http://www.google.com/bot.html)"
192.178.6.105 - - [20/Jul/2025:01:53:11 +0000] "GET /045000269.htm HTTP/1.1" 200 87227 "-" "Mozilla/5.0 (Linux; Android 6.0.1; Nexus 5X Build/MMB29P) AppleWebKit/537.36 (KHTML, like Gecko) Chrome/137.0.7151.103 Mobile Safari/537.36 (compatible; Googlebot/2.1; +http://www.google.com/bot.html)"
20.171.207.99 - - [20/Jul/2025:01:53:17 +0000] "GET /search.php?football126045697.html HTTP/1.1" 200 86589 "-" "Mozilla/5.0 AppleWebKit/537.36 (KHTML, like Gecko; compatible; GPTBot/1.2; +https://openai.com/gptbot)"
192.178.6.105 - - [20/Jul/2025:01:53:23 +0000] "GET /273047383.htm HTTP/1.1" 200 87115 "-" "Mozilla/5.0 (Linux; Android 6.0.1; Nexus 5X Build/MMB29P) AppleWebKit/537.36 (KHTML, like Gecko) Chrome/137.0.7151.103 Mobile Safari/537.36 (compatible; Googlebot/2.1; +http://www.google.com/bot.html)"
192.178.6.105 - - [20/Jul/2025:01:53:24 +0000] "GET /200031928.htm HTTP/1.1" 200 86364 "-" "Mozilla/5.0 (Linux; Android 6.0.1; Nexus 5X Build/MMB29P) AppleWebKit/537.36 (KHTML, like Gecko) Chrome/137.0.7151.103 Mobile Safari/537.36 (compatible; Googlebot/2.1; +http://www.google.com/bot.html)"
192.178.6.96 - - [20/Jul/2025:01:53:35 +0000] "GET /251023753.htm HTTP/1.1" 200 85974 "-" "Mozilla/5.0 (Linux; Android 6.0.1; Nexus 5X Build/MMB29P) AppleWebKit/537.36 (KHTML, like Gecko) Chrome/137.0.7151.103 Mobile Safari/537.36 (compatible; Googlebot/2.1; +http://www.google.com/bot.html)"
192.178.6.105 - - [20/Jul/2025:01:53:38 +0000] "GET /045000281.htm HTTP/1.1" 200 87310 "-" "Mozilla/5.0 (Linux; Android 6.0.1; Nexus 5X Build/MMB29P) AppleWebKit/537.36 (KHTML, like Gecko) Chrome/137.0.7151.103 Mobile Safari/537.36 (compatible; Googlebot/2.1; +http://www.google.com/bot.html)"
192.178.6.96 - - [20/Jul/2025:01:53:56 +0000] "GET /pcmypage?callback=product/review/sakan8man-trus-1097338 HTTP/1.1" 200 85733 "-" "Mozilla/5.0 (Linux; Android 6.0.1; Nexus 5X Build/MMB29P) AppleWebKit/537.36 (KHTML, like Gecko) Chrome/137.0.7151.103 Mobile Safari/537.36 (compatible; Googlebot/2.1; +http://www.google.com/bot.html)"
192.178.6.105 - - [20/Jul/2025:01:54:13 +0000] "GET /079020643.htm HTTP/1.1" 200 86241 "-" "Mozilla/5.0 (Linux; Android 6.0.1; Nexus 5X Build/MMB29P) AppleWebKit/537.36 (KHTML, like Gecko) Chrome/137.0.7151.103 Mobile Safari/537.36 (compatible; Googlebot/2.1; +http://www.google.com/bot.html)"
20.171.207.99 - - [20/Jul/2025:01:54:21 +0000] "GET /search.php?managing273049108.html HTTP/1.1" 200 86643 "-" "Mozilla/5.0 AppleWebKit/537.36 (KHTML, like Gecko; compatible; GPTBot/1.2; +https://openai.com/gptbot)"
192.178.6.105 - - [20/Jul/2025:01:54:30 +0000] "GET /187027013.htm HTTP/1.1" 200 86218 "-" "Mozilla/5.0 (Linux; Android 6.0.1; Nexus 5X Build/MMB29P) AppleWebKit/537.36 (KHTML, like Gecko) Chrome/137.0.7151.103 Mobile Safari/537.36 (compatible; Googlebot/2.1; +http://www.google.com/bot.html)"
192.178.6.105 - - [20/Jul/2025:01:54:31 +0000] "GET /102037858.htm HTTP/1.1" 200 89295 "-" "Mozilla/5.0 (Linux; Android 6.0.1; Nexus 5X Build/MMB29P) AppleWebKit/537.36 (KHTML, like Gecko) Chrome/137.0.7151.103 Mobile Safari/537.36 (compatible; Googlebot/2.1; +http://www.google.com/bot.html)"
192.178.6.105 - - [20/Jul/2025:01:54:48 +0000] "GET /142005916.htm HTTP/1.1" 200 86315 "-" "Mozilla/5.0 (Linux; Android 6.0.1; Nexus 5X Build/MMB29P) AppleWebKit/537.36 (KHTML, like Gecko) Chrome/137.0.7151.103 Mobile Safari/537.36 (compatible; Googlebot/2.1; +http://www.google.com/bot.html)"
192.178.6.105 - - [20/Jul/2025:01:55:06 +0000] "GET /149048827.htm HTTP/1.1" 200 86475 "-" "Mozilla/5.0 (Linux; Android 6.0.1; Nexus 5X Build/MMB29P) AppleWebKit/537.36 (KHTML, like Gecko) Chrome/137.0.7151.103 Mobile Safari/537.36 (compatible; Googlebot/2.1; +http://www.google.com/bot.html)"
192.178.6.96 - - [20/Jul/2025:01:55:23 +0000] "GET /pcmypage?callback=product%2Fdetail%2Fjukankyo-lifehack-oh-op034444wr HTTP/1.1" 200 87523 "-" "Mozilla/5.0 (Linux; Android 6.0.1; Nexus 5X Build/MMB29P) AppleWebKit/537.36 (KHTML, like Gecko) Chrome/137.0.7151.103 Mobile Safari/537.36 (compatible; Googlebot/2.1; +http://www.google.com/bot.html)"
20.171.207.99 - - [20/Jul/2025:01:55:26 +0000] "GET /search.php?pcmypage%3Fcallback=product%2Fdetail%2Ftenpos2-crm1-279817 HTTP/1.1" 200 86701 "-" "Mozilla/5.0 AppleWebKit/537.36 (KHTML, like Gecko; compatible; GPTBot/1.2; +https://openai.com/gptbot)"
192.178.6.96 - - [20/Jul/2025:01:55:27 +0000] "GET /pcmypage?callback=/product%2Fdetail%2sakan8man-trus-1300489 HTTP/1.1" 200 85858 "-" "Mozilla/5.0 (Linux; Android 6.0.1; Nexus 5X Build/MMB29P) AppleWebKit/537.36 (KHTML, like Gecko) Chrome/137.0.7151.103 Mobile Safari/537.36 (compatible; Googlebot/2.1; +http://www.google.com/bot.html)"
192.178.6.105 - - [20/Jul/2025:01:55:48 +0000] "GET /076000346.htm HTTP/1.1" 200 85576 "-" "Mozilla/5.0 (Linux; Android 6.0.1; Nexus 5X Build/MMB29P) AppleWebKit/537.36 (KHTML, like Gecko) Chrome/137.0.7151.103 Mobile Safari/537.36 (compatible; Googlebot/2.1; +http://www.google.com/bot.html)"
192.178.6.105 - - [20/Jul/2025:01:56:00 +0000] "GET /095039349.htm HTTP/1.1" 200 85974 "-" "Mozilla/5.0 (Linux; Android 6.0.1; Nexus 5X Build/MMB29P) AppleWebKit/537.36 (KHTML, like Gecko) Chrome/137.0.7151.103 Mobile Safari/537.36 (compatible; Googlebot/2.1; +http://www.google.com/bot.html)"
192.178.6.96 - - [20/Jul/2025:01:56:23 +0000] "GET /pcmypage?callback=/product%2Fdetail%2jukankyo-lifehack-oh-op034444wr HTTP/1.1" 200 85788 "-" "Mozilla/5.0 (Linux; Android 6.0.1; Nexus 5X Build/MMB29P) AppleWebKit/537.36 (KHTML, like Gecko) Chrome/137.0.7151.103 Mobile Safari/537.36 (compatible; Googlebot/2.1; +http://www.google.com/bot.html)"
192.178.6.105 - - [20/Jul/2025:01:56:23 +0000] "GET /pcmypage?callback=product/review/jukankyo-lifehack-oh-op034444wr HTTP/1.1" 200 86608 "-" "Mozilla/5.0 (Linux; Android 6.0.1; Nexus 5X Build/MMB29P) AppleWebKit/537.36 (KHTML, like Gecko) Chrome/137.0.7151.103 Mobile Safari/537.36 (compatible; Googlebot/2.1; +http://www.google.com/bot.html)"
192.178.6.96 - - [20/Jul/2025:01:56:24 +0000] "GET /pcmypage?callback=/product%2Fdetail%2Deeplearning-jsllw-lc-45 HTTP/1.1" 200 85698 "-" "Mozilla/5.0 (Linux; Android 6.0.1; Nexus 5X Build/MMB29P) AppleWebKit/537.36 (KHTML, like Gecko) Chrome/137.0.7151.103 Mobile Safari/537.36 (compatible; Googlebot/2.1; +http://www.google.com/bot.html)"
209.74.77.214 - - [20/Jul/2025:01:56:28 +0000] "POST /wp-cron.php?doing_wp_cron=1752976588.6082251071929931640625 HTTP/1.1" 403 33 "-" "WordPress/6.8.2; https://topflowroofingplumbing.com.au"
20.171.207.99 - - [20/Jul/2025:01:56:27 +0000] "GET /?_bd_prev_page=https%3A%2F%2Ftopflowroofingplumbing.com.au%2Fsuper.php%3Fitems%2F022000349.html%3Fsrsltid%3DAfmBOozyhsJyychYxJdBPs83HMUtHwXAVYV48nkI5LHxmVjSKiHU&_bdsid=gj9gbu.n%7EXKZYM.173731041.175731817&_gz=2.190550713.194459015.171265578-867736498.163300847 HTTP/1.1" 301 - "-" "Mozilla/5.0 AppleWebKit/537.36 (KHTML, like Gecko; compatible; GPTBot/1.2; +https://openai.com/gptbot)"
20.171.207.99 - - [20/Jul/2025:01:56:29 +0000] "GET /?_bd_prev_page=https%3A%2F%2Ftopflowroofingplumbing.com.au%2Fsuper.php%3Fitems%2F022000349.html%3Fsrsltid%3DAfmBOozyhsJyychYxJdBPs83HMUtHwXAVYV48nkI5LHxmVjSKiHU&_bdsid=gj9gbu.n~XKZYM.173731041.175731817&_gz=2.190550713.194459015.171265578-867736498.163300847 HTTP/1.1" 200 17679 "-" "Mozilla/5.0 AppleWebKit/537.36 (KHTML, like Gecko; compatible; GPTBot/1.2; +https://openai.com/gptbot)"
192.178.6.105 - - [20/Jul/2025:01:56:34 +0000] "GET /225042957.htm HTTP/1.1" 200 85240 "-" "Mozilla/5.0 (Linux; Android 6.0.1; Nexus 5X Build/MMB29P) AppleWebKit/537.36 (KHTML, like Gecko) Chrome/137.0.7151.103 Mobile Safari/537.36 (compatible; Googlebot/2.1; +http://www.google.com/bot.html)"
192.178.6.96 - - [20/Jul/2025:01:56:51 +0000] "GET /085000119.htm HTTP/1.1" 200 87086 "-" "Mozilla/5.0 (Linux; Android 6.0.1; Nexus 5X Build/MMB29P) AppleWebKit/537.36 (KHTML, like Gecko) Chrome/137.0.7151.103 Mobile Safari/537.36 (compatible; Googlebot/2.1; +http://www.google.com/bot.html)"
192.178.6.97 - - [20/Jul/2025:01:57:15 +0000] "GET /pcmypage?callback=product/review/benkyo-4573453615009-16set2 HTTP/1.1" 200 85893 "-" "Mozilla/5.0 (Linux; Android 6.0.1; Nexus 5X Build/MMB29P) AppleWebKit/537.36 (KHTML, like Gecko) Chrome/137.0.7151.103 Mobile Safari/537.36 (compatible; Googlebot/2.1; +http://www.google.com/bot.html)"
192.178.6.96 - - [20/Jul/2025:01:57:27 +0000] "GET /085000115.htm HTTP/1.1" 200 86708 "-" "Mozilla/5.0 (Linux; Android 6.0.1; Nexus 5X Build/MMB29P) AppleWebKit/537.36 (KHTML, like Gecko) Chrome/137.0.7151.103 Mobile Safari/537.36 (compatible; Googlebot/2.1; +http://www.google.com/bot.html)"
20.171.207.99 - - [20/Jul/2025:01:57:30 +0000] "GET /search.php?product/edit/auc-jetrag-dda7cfc6d86eda9f HTTP/1.1" 200 87797 "-" "Mozilla/5.0 AppleWebKit/537.36 (KHTML, like Gecko; compatible; GPTBot/1.2; +https://openai.com/gptbot)"
192.178.6.105 - - [20/Jul/2025:01:57:50 +0000] "GET /124021994.htm HTTP/1.1" 200 85882 "-" "Mozilla/5.0 (Linux; Android 6.0.1; Nexus 5X Build/MMB29P) AppleWebKit/537.36 (KHTML, like Gecko) Chrome/137.0.7151.103 Mobile Safari/537.36 (compatible; Googlebot/2.1; +http://www.google.com/bot.html)"
192.178.6.105 - - [20/Jul/2025:01:57:50 +0000] "GET /010000936.htm HTTP/1.1" 200 87441 "-" "Mozilla/5.0 (Linux; Android 6.0.1; Nexus 5X Build/MMB29P) AppleWebKit/537.36 (KHTML, like Gecko) Chrome/137.0.7151.103 Mobile Safari/537.36 (compatible; Googlebot/2.1; +http://www.google.com/bot.html)"
192.178.6.105 - - [20/Jul/2025:01:57:51 +0000] "GET /045000413.htm HTTP/1.1" 200 86082 "-" "Mozilla/5.0 (Linux; Android 6.0.1; Nexus 5X Build/MMB29P) AppleWebKit/537.36 (KHTML, like Gecko) Chrome/137.0.7151.103 Mobile Safari/537.36 (compatible; Googlebot/2.1; +http://www.google.com/bot.html)"
192.178.6.66 - - [20/Jul/2025:01:57:59 +0000] "GET /041024803.htm HTTP/1.1" 200 85659 "-" "Mozilla/5.0 (Linux; Android 6.0.1; Nexus 5X Build/MMB29P) AppleWebKit/537.36 (KHTML, like Gecko) Chrome/137.0.7151.103 Mobile Safari/537.36 (compatible; Googlebot/2.1; +http://www.google.com/bot.html)"
192.178.6.97 - - [20/Jul/2025:01:58:01 +0000] "GET /085000123.htm HTTP/1.1" 200 86480 "-" "Mozilla/5.0 (Linux; Android 6.0.1; Nexus 5X Build/MMB29P) AppleWebKit/537.36 (KHTML, like Gecko) Chrome/137.0.7151.103 Mobile Safari/537.36 (compatible; Googlebot/2.1; +http://www.google.com/bot.html)"
192.178.6.105 - - [20/Jul/2025:01:58:27 +0000] "GET /251013045.htm HTTP/1.1" 200 86289 "-" "Mozilla/5.0 (Linux; Android 6.0.1; Nexus 5X Build/MMB29P) AppleWebKit/537.36 (KHTML, like Gecko) Chrome/137.0.7151.103 Mobile Safari/537.36 (compatible; Googlebot/2.1; +http://www.google.com/bot.html)"
192.178.6.105 - - [20/Jul/2025:01:58:27 +0000] "GET /pcmypage?callback=product%2Fdetail%2Fre-vida-71-453103-black HTTP/1.1" 200 86454 "-" "Mozilla/5.0 (Linux; Android 6.0.1; Nexus 5X Build/MMB29P) AppleWebKit/537.36 (KHTML, like Gecko) Chrome/137.0.7151.103 Mobile Safari/537.36 (compatible; Googlebot/2.1; +http://www.google.com/bot.html)"
20.171.207.99 - - [20/Jul/2025:01:58:30 +0000] "GET /search.php?evident085012574.html HTTP/1.1" 200 87618 "-" "Mozilla/5.0 AppleWebKit/537.36 (KHTML, like Gecko; compatible; GPTBot/1.2; +https://openai.com/gptbot)"
192.178.6.105 - - [20/Jul/2025:01:58:37 +0000] "GET /085000121.htm HTTP/1.1" 200 86190 "-" "Mozilla/5.0 (Linux; Android 6.0.1; Nexus 5X Build/MMB29P) AppleWebKit/537.36 (KHTML, like Gecko) Chrome/137.0.7151.103 Mobile Safari/537.36 (compatible; Googlebot/2.1; +http://www.google.com/bot.html)"
192.178.6.105 - - [20/Jul/2025:01:58:54 +0000] "GET /pcmypage?callback=product/review/asty-shop-x0-pqhx3kpzfx-0a2a HTTP/1.1" 200 86157 "-" "Mozilla/5.0 (Linux; Android 6.0.1; Nexus 5X Build/MMB29P) AppleWebKit/537.36 (KHTML, like Gecko) Chrome/137.0.7151.103 Mobile Safari/537.36 (compatible; Googlebot/2.1; +http://www.google.com/bot.html)"
192.178.6.105 - - [20/Jul/2025:01:59:12 +0000] "GET /010000390.htm HTTP/1.1" 200 86344 "-" "Mozilla/5.0 (Linux; Android 6.0.1; Nexus 5X Build/MMB29P) AppleWebKit/537.36 (KHTML, like Gecko) Chrome/137.0.7151.103 Mobile Safari/537.36 (compatible; Googlebot/2.1; +http://www.google.com/bot.html)"
192.178.6.96 - - [20/Jul/2025:01:59:29 +0000] "GET /022037168.htm HTTP/1.1" 200 85302 "-" "Mozilla/5.0 (Linux; Android 6.0.1; Nexus 5X Build/MMB29P) AppleWebKit/537.36 (KHTML, like Gecko) Chrome/137.0.7151.103 Mobile Safari/537.36 (compatible; Googlebot/2.1; +http://www.google.com/bot.html)"
20.171.207.99 - - [20/Jul/2025:01:59:35 +0000] "GET /search.php?produce186049535.html HTTP/1.1" 200 88033 "-" "Mozilla/5.0 AppleWebKit/537.36 (KHTML, like Gecko; compatible; GPTBot/1.2; +https://openai.com/gptbot)"
192.178.6.105 - - [20/Jul/2025:01:59:37 +0000] "GET /pcmypage?callback=/product%2Fdetail%2saibashop01-jntk-jitx-8nczo-1 HTTP/1.1" 200 86094 "-" "Mozilla/5.0 (Linux; Android 6.0.1; Nexus 5X Build/MMB29P) AppleWebKit/537.36 (KHTML, like Gecko) Chrome/137.0.7151.103 Mobile Safari/537.36 (compatible; Googlebot/2.1; +http://www.google.com/bot.html)"
192.178.6.105 - - [20/Jul/2025:01:59:47 +0000] "GET /294044124.htm HTTP/1.1" 200 86845 "-" "Mozilla/5.0 (Linux; Android 6.0.1; Nexus 5X Build/MMB29P) AppleWebKit/537.36 (KHTML, like Gecko) Chrome/137.0.7151.103 Mobile Safari/537.36 (compatible; Googlebot/2.1; +http://www.google.com/bot.html)"
192.178.6.97 - - [20/Jul/2025:02:00:04 +0000] "GET /116011276.htm HTTP/1.1" 200 85794 "-" "Mozilla/5.0 (Linux; Android 6.0.1; Nexus 5X Build/MMB29P) AppleWebKit/537.36 (KHTML, like Gecko) Chrome/137.0.7151.103 Mobile Safari/537.36 (compatible; Googlebot/2.1; +http://www.google.com/bot.html)"
192.178.6.96 - - [20/Jul/2025:02:00:22 +0000] "GET /209024645.htm HTTP/1.1" 200 85476 "-" "Mozilla/5.0 (Linux; Android 6.0.1; Nexus 5X Build/MMB29P) AppleWebKit/537.36 (KHTML, like Gecko) Chrome/137.0.7151.103 Mobile Safari/537.36 (compatible; Googlebot/2.1; +http://www.google.com/bot.html)"
192.178.6.105 - - [20/Jul/2025:02:00:40 +0000] "GET /098023722.htm HTTP/1.1" 200 86229 "-" "Mozilla/5.0 (Linux; Android 6.0.1; Nexus 5X Build/MMB29P) AppleWebKit/537.36 (KHTML, like Gecko) Chrome/137.0.7151.103 Mobile Safari/537.36 (compatible; Googlebot/2.1; +http://www.google.com/bot.html)"
192.178.6.105 - - [20/Jul/2025:02:00:40 +0000] "GET /236044128.htm HTTP/1.1" 200 86347 "-" "Mozilla/5.0 (Linux; Android 6.0.1; Nexus 5X Build/MMB29P) AppleWebKit/537.36 (KHTML, like Gecko) Chrome/137.0.7151.103 Mobile Safari/537.36 (compatible; Googlebot/2.1; +http://www.google.com/bot.html)"
192.178.6.105 - - [20/Jul/2025:02:00:40 +0000] "GET /016024390.htm HTTP/1.1" 200 85280 "-" "Mozilla/5.0 (Linux; Android 6.0.1; Nexus 5X Build/MMB29P) AppleWebKit/537.36 (KHTML, like Gecko) Chrome/137.0.7151.103 Mobile Safari/537.36 (compatible; Googlebot/2.1; +http://www.google.com/bot.html)"
20.171.207.99 - - [20/Jul/2025:02:00:40 +0000] "GET /search.php?monitor185043236.html HTTP/1.1" 200 86382 "-" "Mozilla/5.0 AppleWebKit/537.36 (KHTML, like Gecko; compatible; GPTBot/1.2; +https://openai.com/gptbot)"
192.178.6.105 - - [20/Jul/2025:02:00:41 +0000] "GET /pcmypage?callback=/product%2Fdetail%2webbymono-50128234 HTTP/1.1" 200 86003 "-" "Mozilla/5.0 (Linux; Android 6.0.1; Nexus 5X Build/MMB29P) AppleWebKit/537.36 (KHTML, like Gecko) Chrome/137.0.7151.103 Mobile Safari/537.36 (compatible; Googlebot/2.1; +http://www.google.com/bot.html)"
192.178.6.105 - - [20/Jul/2025:02:00:53 +0000] "GET /pcmypage?callback=product%2Fdetail%2Fautopartsdirect-651178764976991168 HTTP/1.1" 200 86130 "-" "Mozilla/5.0 (Linux; Android 6.0.1; Nexus 5X Build/MMB29P) AppleWebKit/537.36 (KHTML, like Gecko) Chrome/137.0.7151.103 Mobile Safari/537.36 (compatible; Googlebot/2.1; +http://www.google.com/bot.html)"
192.178.6.105 - - [20/Jul/2025:02:00:53 +0000] "GET /pcmypage?callback=product/review/hcvalor-eshop-trusco-8037568 HTTP/1.1" 200 86512 "-" "Mozilla/5.0 (Linux; Android 6.0.1; Nexus 5X Build/MMB29P) AppleWebKit/537.36 (KHTML, like Gecko) Chrome/137.0.7151.103 Mobile Safari/537.36 (compatible; Googlebot/2.1; +http://www.google.com/bot.html)"
192.178.6.97 - - [20/Jul/2025:02:01:05 +0000] "GET /294044100.htm HTTP/1.1" 200 87249 "-" "Mozilla/5.0 (Linux; Android 6.0.1; Nexus 5X Build/MMB29P) AppleWebKit/537.36 (KHTML, like Gecko) Chrome/137.0.7151.103 Mobile Safari/537.36 (compatible; Googlebot/2.1; +http://www.google.com/bot.html)"
192.178.6.105 - - [20/Jul/2025:02:01:17 +0000] "GET /pcmypage?callback=/product%2Fdetail%2rcmdse-qk-4902560310147 HTTP/1.1" 200 86187 "-" "Mozilla/5.0 (Linux; Android 6.0.1; Nexus 5X Build/MMB29P) AppleWebKit/537.36 (KHTML, like Gecko) Chrome/137.0.7151.103 Mobile Safari/537.36 (compatible; Googlebot/2.1; +http://www.google.com/bot.html)"
192.178.6.96 - - [20/Jul/2025:02:01:17 +0000] "GET /271046741.htm HTTP/1.1" 200 88793 "-" "Mozilla/5.0 (Linux; Android 6.0.1; Nexus 5X Build/MMB29P) AppleWebKit/537.36 (KHTML, like Gecko) Chrome/137.0.7151.103 Mobile Safari/537.36 (compatible; Googlebot/2.1; +http://www.google.com/bot.html)"
192.178.6.105 - - [20/Jul/2025:02:01:32 +0000] "GET /294044106.htm HTTP/1.1" 200 89054 "-" "Mozilla/5.0 (Linux; Android 6.0.1; Nexus 5X Build/MMB29P) AppleWebKit/537.36 (KHTML, like Gecko) Chrome/137.0.7151.103 Mobile Safari/537.36 (compatible; Googlebot/2.1; +http://www.google.com/bot.html)"
20.171.207.99 - - [20/Jul/2025:02:01:46 +0000] "GET /search.php?outsider137049154.html HTTP/1.1" 200 87215 "-" "Mozilla/5.0 AppleWebKit/537.36 (KHTML, like Gecko; compatible; GPTBot/1.2; +https://openai.com/gptbot)"
192.178.6.105 - - [20/Jul/2025:02:01:50 +0000] "GET /pcmypage?callback=product/review/fanatics-store-208934212 HTTP/1.1" 200 85702 "-" "Mozilla/5.0 (Linux; Android 6.0.1; Nexus 5X Build/MMB29P) AppleWebKit/537.36 (KHTML, like Gecko) Chrome/137.0.7151.103 Mobile Safari/537.36 (compatible; Googlebot/2.1; +http://www.google.com/bot.html)"
192.178.6.96 - - [20/Jul/2025:02:02:11 +0000] "GET /090024698.htm HTTP/1.1" 200 85793 "-" "Mozilla/5.0 (Linux; Android 6.0.1; Nexus 5X Build/MMB29P) AppleWebKit/537.36 (KHTML, like Gecko) Chrome/137.0.7151.103 Mobile Safari/537.36 (compatible; Googlebot/2.1; +http://www.google.com/bot.html)"
192.178.6.105 - - [20/Jul/2025:02:02:11 +0000] "GET /direction/b85?pid=116 HTTP/1.1" 200 87686 "-" "Mozilla/5.0 (Linux; Android 6.0.1; Nexus 5X Build/MMB29P) AppleWebKit/537.36 (KHTML, like Gecko) Chrome/137.0.7151.103 Mobile Safari/537.36 (compatible; Googlebot/2.1; +http://www.google.com/bot.html)"
192.178.6.96 - - [20/Jul/2025:02:02:27 +0000] "GET /294044112.htm HTTP/1.1" 200 86052 "-" "Mozilla/5.0 (Linux; Android 6.0.1; Nexus 5X Build/MMB29P) AppleWebKit/537.36 (KHTML, like Gecko) Chrome/137.0.7151.103 Mobile Safari/537.36 (compatible; Googlebot/2.1; +http://www.google.com/bot.html)"
192.178.6.105 - - [20/Jul/2025:02:02:39 +0000] "GET /pcmypage?callback=product/review/0101marui-ce014656650101-1 HTTP/1.1" 200 86259 "-" "Mozilla/5.0 (Linux; Android 6.0.1; Nexus 5X Build/MMB29P) AppleWebKit/537.36 (KHTML, like Gecko) Chrome/137.0.7151.103 Mobile Safari/537.36 (compatible; Googlebot/2.1; +http://www.google.com/bot.html)"
192.178.6.105 - - [20/Jul/2025:02:02:39 +0000] "GET /102036930.htm HTTP/1.1" 200 86230 "-" "Mozilla/5.0 (Linux; Android 6.0.1; Nexus 5X Build/MMB29P) AppleWebKit/537.36 (KHTML, like Gecko) Chrome/137.0.7151.103 Mobile Safari/537.36 (compatible; Googlebot/2.1; +http://www.google.com/bot.html)"
192.178.6.105 - - [20/Jul/2025:02:02:42 +0000] "GET /132025966.htm HTTP/1.1" 200 86498 "-" "Mozilla/5.0 (Linux; Android 6.0.1; Nexus 5X Build/MMB29P) AppleWebKit/537.36 (KHTML, like Gecko) Chrome/137.0.7151.103 Mobile Safari/537.36 (compatible; Googlebot/2.1; +http://www.google.com/bot.html)"
20.171.207.99 - - [20/Jul/2025:02:02:49 +0000] "GET /search.php?provider189045272.html HTTP/1.1" 200 86871 "-" "Mozilla/5.0 AppleWebKit/537.36 (KHTML, like Gecko; compatible; GPTBot/1.2; +https://openai.com/gptbot)"
192.178.6.96 - - [20/Jul/2025:02:03:00 +0000] "GET /pcmypage?callback=product%2Fdetail%2Frcmdse-qk-4902560310147 HTTP/1.1" 200 85761 "-" "Mozilla/5.0 (Linux; Android 6.0.1; Nexus 5X Build/MMB29P) AppleWebKit/537.36 (KHTML, like Gecko) Chrome/137.0.7151.103 Mobile Safari/537.36 (compatible; Googlebot/2.1; +http://www.google.com/bot.html)"
192.178.6.96 - - [20/Jul/2025:02:03:18 +0000] "GET /pcmypage?callback=product%2Fdetail%2Ffirst34-trusco-2163979 HTTP/1.1" 200 86520 "-" "Mozilla/5.0 (Linux; Android 6.0.1; Nexus 5X Build/MMB29P) AppleWebKit/537.36 (KHTML, like Gecko) Chrome/137.0.7151.103 Mobile Safari/537.36 (compatible; Googlebot/2.1; +http://www.google.com/bot.html)"
192.178.6.105 - - [20/Jul/2025:02:03:22 +0000] "GET /pcmypage?callback=/product%2Fdetail%2Auc-bridge09-d145-01-0014 HTTP/1.1" 200 87020 "-" "Mozilla/5.0 (Linux; Android 6.0.1; Nexus 5X Build/MMB29P) AppleWebKit/537.36 (KHTML, like Gecko) Chrome/137.0.7151.103 Mobile Safari/537.36 (compatible; Googlebot/2.1; +http://www.google.com/bot.html)"
192.178.6.105 - - [20/Jul/2025:02:03:35 +0000] "GET /013001027.htm HTTP/1.1" 200 85515 "-" "Mozilla/5.0 (Linux; Android 6.0.1; Nexus 5X Build/MMB29P) AppleWebKit/537.36 (KHTML, like Gecko) Chrome/137.0.7151.103 Mobile Safari/537.36 (compatible; Googlebot/2.1; +http://www.google.com/bot.html)"
192.178.6.96 - - [20/Jul/2025:02:03:53 +0000] "GET /177023669.htm HTTP/1.1" 200 86266 "-" "Mozilla/5.0 (Linux; Android 6.0.1; Nexus 5X Build/MMB29P) AppleWebKit/537.36 (KHTML, like Gecko) Chrome/137.0.7151.103 Mobile Safari/537.36 (compatible; Googlebot/2.1; +http://www.google.com/bot.html)"
20.171.207.99 - - [20/Jul/2025:02:03:53 +0000] "GET /search.php?previous067012968.html HTTP/1.1" 200 87353 "-" "Mozilla/5.0 AppleWebKit/537.36 (KHTML, like Gecko; compatible; GPTBot/1.2; +https://openai.com/gptbot)"
192.178.6.96 - - [20/Jul/2025:02:04:10 +0000] "GET /231007173.htm HTTP/1.1" 200 85910 "-" "Mozilla/5.0 (Linux; Android 6.0.1; Nexus 5X Build/MMB29P) AppleWebKit/537.36 (KHTML, like Gecko) Chrome/137.0.7151.103 Mobile Safari/537.36 (compatible; Googlebot/2.1; +http://www.google.com/bot.html)"
2a03:2880:10ff:74:: - - [20/Jul/2025:02:04:26 +0000] "GET / HTTP/1.1" 200 17491 "-" "facebookexternalhit/1.1 (+http://www.facebook.com/externalhit_uatext.php)"
2a03:2880:10ff:45:: - - [20/Jul/2025:02:04:26 +0000] "GET / HTTP/1.1" 200 17491 "-" "facebookexternalhit/1.1 (+http://www.facebook.com/externalhit_uatext.php)"
192.178.6.96 - - [20/Jul/2025:02:04:28 +0000] "GET /013001049.htm HTTP/1.1" 200 85671 "-" "Mozilla/5.0 (Linux; Android 6.0.1; Nexus 5X Build/MMB29P) AppleWebKit/537.36 (KHTML, like Gecko) Chrome/137.0.7151.103 Mobile Safari/537.36 (compatible; Googlebot/2.1; +http://www.google.com/bot.html)"
192.178.6.105 - - [20/Jul/2025:02:04:52 +0000] "GET /pcmypage?callback=product%2Fdetail%2Fhcvalor-eshop-trusco-8037568 HTTP/1.1" 200 86349 "-" "Mozilla/5.0 (Linux; Android 6.0.1; Nexus 5X Build/MMB29P) AppleWebKit/537.36 (KHTML, like Gecko) Chrome/137.0.7151.103 Mobile Safari/537.36 (compatible; Googlebot/2.1; +http://www.google.com/bot.html)"
20.171.207.99 - - [20/Jul/2025:02:04:55 +0000] "GET /search.php?m078000284%3Fsrsltid=AfmBOoGPBfpxsrxwgV4Fuy_htmlz5O8Cl_dHrU0ISX-H-Se61LmS2o HTTP/1.1" 200 86775 "-" "Mozilla/5.0 AppleWebKit/537.36 (KHTML, like Gecko; compatible; GPTBot/1.2; +https://openai.com/gptbot)"
192.178.6.97 - - [20/Jul/2025:02:05:04 +0000] "GET /276027412.htm HTTP/1.1" 200 86922 "-" "Mozilla/5.0 (Linux; Android 6.0.1; Nexus 5X Build/MMB29P) AppleWebKit/537.36 (KHTML, like Gecko) Chrome/137.0.7151.103 Mobile Safari/537.36 (compatible; Googlebot/2.1; +http://www.google.com/bot.html)"
192.178.6.105 - - [20/Jul/2025:02:05:04 +0000] "GET /191031135.htm HTTP/1.1" 200 85744 "-" "Mozilla/5.0 (Linux; Android 6.0.1; Nexus 5X Build/MMB29P) AppleWebKit/537.36 (KHTML, like Gecko) Chrome/137.0.7151.103 Mobile Safari/537.36 (compatible; Googlebot/2.1; +http://www.google.com/bot.html)"
192.178.6.96 - - [20/Jul/2025:02:05:27 +0000] "GET /075002835.htm HTTP/1.1" 200 85366 "-" "Mozilla/5.0 (Linux; Android 6.0.1; Nexus 5X Build/MMB29P) AppleWebKit/537.36 (KHTML, like Gecko) Chrome/137.0.7151.103 Mobile Safari/537.36 (compatible; Googlebot/2.1; +http://www.google.com/bot.html)"
192.178.6.105 - - [20/Jul/2025:02:05:27 +0000] "GET /pcmypage?callback=product%2Fdetail%2Ftooldirect-smart-tkg-pli4204 HTTP/1.1" 200 85722 "-" "Mozilla/5.0 (Linux; Android 6.0.1; Nexus 5X Build/MMB29P) AppleWebKit/537.36 (KHTML, like Gecko) Chrome/137.0.7151.103 Mobile Safari/537.36 (compatible; Googlebot/2.1; +http://www.google.com/bot.html)"
192.178.6.96 - - [20/Jul/2025:02:05:28 +0000] "GET /045000261.htm HTTP/1.1" 200 85389 "-" "Mozilla/5.0 (Linux; Android 6.0.1; Nexus 5X Build/MMB29P) AppleWebKit/537.36 (KHTML, like Gecko) Chrome/137.0.7151.103 Mobile Safari/537.36 (compatible; Googlebot/2.1; +http://www.google.com/bot.html)"
192.178.6.96 - - [20/Jul/2025:02:05:40 +0000] "GET /237008377.htm HTTP/1.1" 200 86763 "-" "Mozilla/5.0 (Linux; Android 6.0.1; Nexus 5X Build/MMB29P) AppleWebKit/537.36 (KHTML, like Gecko) Chrome/137.0.7151.103 Mobile Safari/537.36 (compatible; Googlebot/2.1; +http://www.google.com/bot.html)"
192.178.6.96 - - [20/Jul/2025:02:05:52 +0000] "GET /271046717.htm HTTP/1.1" 200 87720 "-" "Mozilla/5.0 (Linux; Android 6.0.1; Nexus 5X Build/MMB29P) AppleWebKit/537.36 (KHTML, like Gecko) Chrome/137.0.7151.103 Mobile Safari/537.36 (compatible; Googlebot/2.1; +http://www.google.com/bot.html)"
192.178.6.105 - - [20/Jul/2025:02:05:52 +0000] "GET /102046190.htm HTTP/1.1" 200 86352 "-" "Mozilla/5.0 (Linux; Android 6.0.1; Nexus 5X Build/MMB29P) AppleWebKit/537.36 (KHTML, like Gecko) Chrome/137.0.7151.103 Mobile Safari/537.36 (compatible; Googlebot/2.1; +http://www.google.com/bot.html)"
192.178.6.105 - - [20/Jul/2025:02:05:55 +0000] "GET /001043691.htm HTTP/1.1" 200 86260 "-" "Mozilla/5.0 (Linux; Android 6.0.1; Nexus 5X Build/MMB29P) AppleWebKit/537.36 (KHTML, like Gecko) Chrome/137.0.7151.103 Mobile Safari/537.36 (compatible; Googlebot/2.1; +http://www.google.com/bot.html)"
20.171.207.99 - - [20/Jul/2025:02:06:00 +0000] "GET /search.php?village189045262.html HTTP/1.1" 200 87076 "-" "Mozilla/5.0 AppleWebKit/537.36 (KHTML, like Gecko; compatible; GPTBot/1.2; +https://openai.com/gptbot)"
192.178.6.97 - - [20/Jul/2025:02:06:13 +0000] "GET /pcmypage?callback=/product%2Fdetail%2First34-trusco-2163979 HTTP/1.1" 200 86893 "-" "Mozilla/5.0 (Linux; Android 6.0.1; Nexus 5X Build/MMB29P) AppleWebKit/537.36 (KHTML, like Gecko) Chrome/137.0.7151.103 Mobile Safari/537.36 (compatible; Googlebot/2.1; +http://www.google.com/bot.html)"
192.178.6.96 - - [20/Jul/2025:02:06:31 +0000] "GET /pcmypage?callback=/product%2Fdetail%2gaku-2024095-1 HTTP/1.1" 200 86171 "-" "Mozilla/5.0 (Linux; Android 6.0.1; Nexus 5X Build/MMB29P) AppleWebKit/537.36 (KHTML, like Gecko) Chrome/137.0.7151.103 Mobile Safari/537.36 (compatible; Googlebot/2.1; +http://www.google.com/bot.html)"
192.178.6.105 - - [20/Jul/2025:02:06:48 +0000] "GET /246029226.htm HTTP/1.1" 200 86139 "-" "Mozilla/5.0 (Linux; Android 6.0.1; Nexus 5X Build/MMB29P) AppleWebKit/537.36 (KHTML, like Gecko) Chrome/137.0.7151.103 Mobile Safari/537.36 (compatible; Googlebot/2.1; +http://www.google.com/bot.html)"
20.171.207.99 - - [20/Jul/2025:02:07:01 +0000] "GET /search.php?platform137048956.html HTTP/1.1" 200 86469 "-" "Mozilla/5.0 AppleWebKit/537.36 (KHTML, like Gecko; compatible; GPTBot/1.2; +https://openai.com/gptbot)"
192.178.6.96 - - [20/Jul/2025:02:07:06 +0000] "GET /084016828.htm HTTP/1.1" 200 85701 "-" "Mozilla/5.0 (Linux; Android 6.0.1; Nexus 5X Build/MMB29P) AppleWebKit/537.36 (KHTML, like Gecko) Chrome/137.0.7151.103 Mobile Safari/537.36 (compatible; Googlebot/2.1; +http://www.google.com/bot.html)"
192.178.6.96 - - [20/Jul/2025:02:07:23 +0000] "GET /091040395.htm HTTP/1.1" 200 86001 "-" "Mozilla/5.0 (Linux; Android 6.0.1; Nexus 5X Build/MMB29P) AppleWebKit/537.36 (KHTML, like Gecko) Chrome/137.0.7151.103 Mobile Safari/537.36 (compatible; Googlebot/2.1; +http://www.google.com/bot.html)"
192.178.6.105 - - [20/Jul/2025:02:07:41 +0000] "GET /001043703.htm HTTP/1.1" 200 86293 "-" "Mozilla/5.0 (Linux; Android 6.0.1; Nexus 5X Build/MMB29P) AppleWebKit/537.36 (KHTML, like Gecko) Chrome/137.0.7151.103 Mobile Safari/537.36 (compatible; Googlebot/2.1; +http://www.google.com/bot.html)"
192.178.6.105 - - [20/Jul/2025:02:07:58 +0000] "GET /pcmypage?callback=/product%2Fdetail%2hcvalor-eshop-trusco-8037568 HTTP/1.1" 200 85372 "-" "Mozilla/5.0 (Linux; Android 6.0.1; Nexus 5X Build/MMB29P) AppleWebKit/537.36 (KHTML, like Gecko) Chrome/137.0.7151.103 Mobile Safari/537.36 (compatible; Googlebot/2.1; +http://www.google.com/bot.html)"
192.178.6.105 - - [20/Jul/2025:02:07:59 +0000] "GET /194020382.htm HTTP/1.1" 200 86030 "-" "Mozilla/5.0 (Linux; Android 6.0.1; Nexus 5X Build/MMB29P) AppleWebKit/537.36 (KHTML, like Gecko) Chrome/137.0.7151.103 Mobile Safari/537.36 (compatible; Googlebot/2.1; +http://www.google.com/bot.html)"
192.178.6.105 - - [20/Jul/2025:02:07:59 +0000] "GET /giant/f86?pid=147 HTTP/1.1" 200 85942 "-" "Mozilla/5.0 (Linux; Android 6.0.1; Nexus 5X Build/MMB29P) AppleWebKit/537.36 (KHTML, like Gecko) Chrome/137.0.7151.103 Mobile Safari/537.36 (compatible; Googlebot/2.1; +http://www.google.com/bot.html)"
192.178.6.105 - - [20/Jul/2025:02:07:59 +0000] "GET /pcmypage?callback=product/review/auc-bridge09-d145-01-0014 HTTP/1.1" 200 86136 "-" "Mozilla/5.0 (Linux; Android 6.0.1; Nexus 5X Build/MMB29P) AppleWebKit/537.36 (KHTML, like Gecko) Chrome/137.0.7151.103 Mobile Safari/537.36 (compatible; Googlebot/2.1; +http://www.google.com/bot.html)"
192.178.6.66 - - [20/Jul/2025:02:08:00 +0000] "GET /054000218.htm HTTP/1.1" 200 85358 "-" "Mozilla/5.0 (Linux; Android 6.0.1; Nexus 5X Build/MMB29P) AppleWebKit/537.36 (KHTML, like Gecko) Chrome/137.0.7151.103 Mobile Safari/537.36 (compatible; Googlebot/2.1; +http://www.google.com/bot.html)"
192.178.6.67 - - [20/Jul/2025:02:08:00 +0000] "GET /028003620.htm HTTP/1.1" 200 85931 "-" "Mozilla/5.0 (Linux; Android 6.0.1; Nexus 5X Build/MMB29P) AppleWebKit/537.36 (KHTML, like Gecko) Chrome/137.0.7151.103 Mobile Safari/537.36 (compatible; Googlebot/2.1; +http://www.google.com/bot.html)"
192.178.6.105 - - [20/Jul/2025:02:08:01 +0000] "GET /025007133.htm HTTP/1.1" 200 88998 "-" "Mozilla/5.0 (Linux; Android 6.0.1; Nexus 5X Build/MMB29P) AppleWebKit/537.36 (KHTML, like Gecko) Chrome/137.0.7151.103 Mobile Safari/537.36 (compatible; Googlebot/2.1; +http://www.google.com/bot.html)"
20.171.207.99 - - [20/Jul/2025:02:08:01 +0000] "GET /search.php?lifetime129037586.html HTTP/1.1" 200 87538 "-" "Mozilla/5.0 AppleWebKit/537.36 (KHTML, like Gecko; compatible; GPTBot/1.2; +https://openai.com/gptbot)"
85.215.154.81 - - [20/Jul/2025:02:08:03 +0000] "GET /style.php HTTP/1.1" 403 207 "www.google.com" "Mozlila/5.0 (Linux; Android 7.0; SM-G892A Bulid/NRD90M; wv) AppleWebKit/537.36 (KHTML, like Gecko) Version/4.0 Chrome/60.0.3112.107 Moblie Safari/537.36"
192.178.6.105 - - [20/Jul/2025:02:08:24 +0000] "GET /053040203.htm HTTP/1.1" 200 86368 "-" "Mozilla/5.0 (Linux; Android 6.0.1; Nexus 5X Build/MMB29P) AppleWebKit/537.36 (KHTML, like Gecko) Chrome/137.0.7151.103 Mobile Safari/537.36 (compatible; Googlebot/2.1; +http://www.google.com/bot.html)"
192.178.6.105 - - [20/Jul/2025:02:08:24 +0000] "GET /search?category=701&search_word= HTTP/1.1" 200 86375 "-" "Mozilla/5.0 (Linux; Android 6.0.1; Nexus 5X Build/MMB29P) AppleWebKit/537.36 (KHTML, like Gecko) Chrome/137.0.7151.103 Mobile Safari/537.36 (compatible; Googlebot/2.1; +http://www.google.com/bot.html)"
192.178.6.105 - - [20/Jul/2025:02:08:36 +0000] "GET /041004103.htm HTTP/1.1" 200 86439 "-" "Mozilla/5.0 (Linux; Android 6.0.1; Nexus 5X Build/MMB29P) AppleWebKit/537.36 (KHTML, like Gecko) Chrome/137.0.7151.103 Mobile Safari/537.36 (compatible; Googlebot/2.1; +http://www.google.com/bot.html)"
192.178.6.96 - - [20/Jul/2025:02:08:48 +0000] "GET /179014143.htm HTTP/1.1" 200 85640 "-" "Mozilla/5.0 (Linux; Android 6.0.1; Nexus 5X Build/MMB29P) AppleWebKit/537.36 (KHTML, like Gecko) Chrome/137.0.7151.103 Mobile Safari/537.36 (compatible; Googlebot/2.1; +http://www.google.com/bot.html)"
192.178.6.96 - - [20/Jul/2025:02:08:51 +0000] "GET /013001043.htm HTTP/1.1" 200 85664 "-" "Mozilla/5.0 (Linux; Android 6.0.1; Nexus 5X Build/MMB29P) AppleWebKit/537.36 (KHTML, like Gecko) Chrome/137.0.7151.103 Mobile Safari/537.36 (compatible; Googlebot/2.1; +http://www.google.com/bot.html)"
20.171.207.99 - - [20/Jul/2025:02:09:04 +0000] "GET /search.php?although186042793.html HTTP/1.1" 200 86921 "-" "Mozilla/5.0 AppleWebKit/537.36 (KHTML, like Gecko; compatible; GPTBot/1.2; +https://openai.com/gptbot)"
192.178.6.96 - - [20/Jul/2025:02:09:09 +0000] "GET /053001447.htm HTTP/1.1" 200 85808 "-" "Mozilla/5.0 (Linux; Android 6.0.1; Nexus 5X Build/MMB29P) AppleWebKit/537.36 (KHTML, like Gecko) Chrome/137.0.7151.103 Mobile Safari/537.36 (compatible; Googlebot/2.1; +http://www.google.com/bot.html)"
192.178.6.96 - - [20/Jul/2025:02:09:31 +0000] "GET /053001433.htm HTTP/1.1" 200 85894 "-" "Mozilla/5.0 (Linux; Android 6.0.1; Nexus 5X Build/MMB29P) AppleWebKit/537.36 (KHTML, like Gecko) Chrome/137.0.7151.103 Mobile Safari/537.36 (compatible; Googlebot/2.1; +http://www.google.com/bot.html)"
209.74.77.214 - - [20/Jul/2025:02:09:31 +0000] "POST /wp-cron.php?doing_wp_cron=1752977371.3499140739440917968750 HTTP/1.1" 403 33 "-" "WordPress/6.8.2; https://topflowroofingplumbing.com.au"
81.17.18.98 - - [20/Jul/2025:02:09:31 +0000] "GET / HTTP/1.1" 200 17491 "-" "Mozilla/5.0 (Windows NT 10.0; WOW64) AppleWebKit/537.36 (KHTML, like Gecko) Chrome/75.0.3770.90 Safari/537.36"
192.178.6.105 - - [20/Jul/2025:02:09:31 +0000] "GET /eager/h86?pid=145 HTTP/1.1" 200 85789 "-" "Mozilla/5.0 (Linux; Android 6.0.1; Nexus 5X Build/MMB29P) AppleWebKit/537.36 (KHTML, like Gecko) Chrome/137.0.7151.103 Mobile Safari/537.36 (compatible; Googlebot/2.1; +http://www.google.com/bot.html)"
192.178.6.96 - - [20/Jul/2025:02:09:31 +0000] "GET /pcmypage?callback=product%2Fdetail%2Ffirst23-trusco-5111743 HTTP/1.1" 200 86211 "-" "Mozilla/5.0 (Linux; Android 6.0.1; Nexus 5X Build/MMB29P) AppleWebKit/537.36 (KHTML, like Gecko) Chrome/137.0.7151.103 Mobile Safari/537.36 (compatible; Googlebot/2.1; +http://www.google.com/bot.html)"
192.178.6.96 - - [20/Jul/2025:02:09:37 +0000] "GET /035001905.htm HTTP/1.1" 200 85929 "-" "Mozilla/5.0 (Linux; Android 6.0.1; Nexus 5X Build/MMB29P) AppleWebKit/537.36 (KHTML, like Gecko) Chrome/137.0.7151.103 Mobile Safari/537.36 (compatible; Googlebot/2.1; +http://www.google.com/bot.html)"
192.178.6.105 - - [20/Jul/2025:02:09:44 +0000] "GET /137018303.htm HTTP/1.1" 200 86320 "-" "Mozilla/5.0 (Linux; Android 6.0.1; Nexus 5X Build/MMB29P) AppleWebKit/537.36 (KHTML, like Gecko) Chrome/137.0.7151.103 Mobile Safari/537.36 (compatible; Googlebot/2.1; +http://www.google.com/bot.html)"
81.17.18.98 - - [20/Jul/2025:02:09:45 +0000] "GET //topflowroofingplumbing.com.au/wp-content/themes/homlane/assets/js/jquery.fancybox.js HTTP/1.1" 301 - "-" "Mozilla/5.0 (Linux; Android 9; STK-LX1) AppleWebKit/537.36 (KHTML, like Gecko) Chrome/76.0.3809.111 Mobile Safari/537.36"
81.17.18.98 - - [20/Jul/2025:02:09:46 +0000] "GET //topflowroofingplumbing.com.au/wp-content/themes/homlane/assets/js/jquery.mixitup.min.js HTTP/1.1" 301 - "-" "Mozilla/5.0 (Windows; U; Windows NT 5.1; tr; rv:1.9.2.8) Gecko/20100722 Firefox/3.6.8 ( .NET CLR 3.5.30729; .NET4.0E)"
81.17.18.98 - - [20/Jul/2025:02:09:46 +0000] "GET //topflowroofingplumbing.com.au/wp-content/themes/homlane/assets/js/lazyload.js HTTP/1.1" 301 - "-" "Mozilla/4.8 [en] (Windows NT 5.1; U)"
81.17.18.98 - - [20/Jul/2025:02:09:46 +0000] "GET //topflowroofingplumbing.com.au/wp-content/themes/homlane/assets/js/jquery.magnific-popup.min.js HTTP/1.1" 301 - "-" "Mozilla/5.0 (X11; Linux x86_64) AppleWebKit/537.36 (KHTML, like Gecko) Chrome/70.0.3538.113 Safari/537.36 Vivaldi/2.1.1337.51"
81.17.18.98 - - [20/Jul/2025:02:09:46 +0000] "GET //topflowroofingplumbing.com.au/wp-content/themes/homlane/assets/js/owl.js HTTP/1.1" 301 - "-" "Mozilla/5.0 (Windows NT 6.2; ARM; Trident/7.0; Touch; rv:11.0; WPDesktop; NOKIA; Lumia 920) like Geckoo"
81.17.18.98 - - [20/Jul/2025:02:09:46 +0000] "GET //topflowroofingplumbing.com.au/wp-content/themes/homlane/assets/js/nav-tool.js HTTP/1.1" 301 - "-" "Mozilla/5.0 (Macintosh; Intel Mac OS X 10_11_5) AppleWebKit/537.36 (KHTML, like Gecko) Chrome/76.0.3809.100 Safari/537.36"
81.17.18.98 - - [20/Jul/2025:02:09:46 +0000] "GET //topflowroofingplumbing.com.au/wp-includes/js/dist/i18n.min.js HTTP/1.1" 301 - "-" "Mozilla/5.0 (X11; Linux i686) AppleWebKit/537.36 (KHTML, like Gecko) Chrome/48.0.2564.116 Safari/537.36"
81.17.18.98 - - [20/Jul/2025:02:09:46 +0000] "GET /wp-emoji-release.min.js HTTP/1.1" 404 11695 "-" "Mozilla/5.0 (Windows NT 6.1; Win64; x64) AppleWebKit/537.36 (KHTML, like Gecko) Chrome/76.0.3809.87 Safari/537.36"
81.17.18.98 - - [20/Jul/2025:02:09:46 +0000] "GET //topflowroofingplumbing.com.au/wp-content/themes/homlane/assets/js/slick.js HTTP/1.1" 301 - "-" "Mozilla/5.0 (Linux; Android 7.0; SM-J710FN) AppleWebKit/537.36 (KHTML, like Gecko) Chrome/76.0.3809.111 Mobile Safari/537.36"
81.17.18.98 - - [20/Jul/2025:02:09:46 +0000] "GET //topflowroofingplumbing.com.au/xmlrpc.php HTTP/1.1" 301 - "-" "Mozilla/5.0 (Windows NT 10.0; WOW64) AppleWebKit/537.36 (KHTML, like Gecko) Chrome/65.0.3325.162 Safari/537.36"
81.17.18.98 - - [20/Jul/2025:02:09:46 +0000] "GET //topflowroofingplumbing.com.au/wp-content/themes/homlane/assets/js/tilt.jquery.js HTTP/1.1" 301 - "-" "Mozilla/5.0 (Windows NT 6.1; Win64; x64) AppleWebKit/537.36 (KHTML, like Gecko) Chrome/75.0.3770.80 Safari/537.36"
81.17.18.98 - - [20/Jul/2025:02:09:46 +0000] "GET //topflowroofingplumbing.com.au/wp-content/themes/homlane/assets/js/validation.js HTTP/1.1" 301 - "-" "Mozilla/5.0 (Macintosh; U; Intel Mac OS X 10_6_6; en-us) AppleWebKit/533.20.25 (KHTML, like Gecko) Version/5.0.4 Safari/533.20.27"
81.17.18.98 - - [20/Jul/2025:02:09:46 +0000] "GET //topflowroofingplumbing.com.au/wp-content/themes/homlane/assets/js/nouislider.js HTTP/1.1" 301 - "-" "Mozilla/5.0 (Windows NT 6.1; Win64; x64; rv:25.0) Gecko/20100101 Firefox/29.0"
81.17.18.98 - - [20/Jul/2025:02:09:46 +0000] "GET //topflowroofingplumbing.com.au/wp-content/themes/homlane/assets/js/owl-vertical.js HTTP/1.1" 301 - "-" "Offline Explorer/2.5"
81.17.18.98 - - [20/Jul/2025:02:09:46 +0000] "GET //topflowroofingplumbing.com.au/wp-content/themes/homlane/assets/js/parallax.min.js HTTP/1.1" 301 - "-" "Mozilla/5.0 (Linux; Android 9; VTR-L09) AppleWebKit/537.36 (KHTML, like Gecko) Chrome/76.0.3809.111 Mobile Safari/537.36"
81.17.18.98 - - [20/Jul/2025:02:09:46 +0000] "GET //topflowroofingplumbing.com.au/wp-content/themes/homlane/assets/js/timePicker.js HTTP/1.1" 301 - "-" "Mozilla/5.0 (X11; Linux x86_64) AppleWebKit/537.36 (KHTML, like Gecko) Chrome/63.0.3239.132 Safari/537.36"
81.17.18.98 - - [20/Jul/2025:02:09:46 +0000] "GET //topflowroofingplumbing.com.au/wp-content/themes/homlane/assets/js/wow.js HTTP/1.1" 301 - "-" "Mozilla/5.0 (Windows NT 6.1; WOW64) AppleWebKit/537.36 (KHTML, like Gecko) Chrome/76.0.3809.87 Safari/537.36"
81.17.18.98 - - [20/Jul/2025:02:09:46 +0000] "GET //topflowroofingplumbing.com.au/wp-content/themes/homlane/assets/js/pagenav.js HTTP/1.1" 301 - "-" "Mozilla/5.0 (Macintosh; Intel Mac OS X 10.6; rv:2.0.1) Gecko/20100101 Firefox/4.0.1"
81.17.18.98 - - [20/Jul/2025:02:09:46 +0000] "GET //topflowroofingplumbing.com.au/wp-content/themes/homlane/assets/js/scrollbar.js HTTP/1.1" 301 - "-" "Mozilla/5.0 (MeeGo; NokiaN950-00/00) AppleWebKit/534.13 (KHTML, like Gecko) NokiaBrowser/8.5.0 Mobile Safari/534.13"
81.17.18.98 - - [20/Jul/2025:02:09:46 +0000] "GET //widgets.leadconnectorhq.com/loader.js HTTP/1.1" 301 - "-" "Mozilla/4.8 [en] (X11; U; SunOS; 5.7 sun4u)"
81.17.18.98 - - [20/Jul/2025:02:09:46 +0000] "GET //topflowroofingplumbing.com.au/wp-includes/js/jquery/ui/core.min.js HTTP/1.1" 301 - "-" "Mozilla/5.0 (X11; Linux x86_64) AppleWebKit/537.36 (KHTML, like Gecko) Chrome/75.0.3770.100 Safari/537.36"
81.17.18.98 - - [20/Jul/2025:02:09:46 +0000] "GET //topflowroofingplumbing.com.au/wp-includes/js/comment-reply.min.js HTTP/1.1" 301 - "-" "Mozilla/5.0 (X11; Linux x86_64) AppleWebKit/537.36 (KHTML, like Gecko) Chrome/74.0.3729.108 Safari/537.36"
81.17.18.98 - - [20/Jul/2025:02:09:46 +0000] "GET //topflowroofingplumbing.com.au/wp-includes/js/jquery/jquery.min.js HTTP/1.1" 301 - "-" "Mozilla/5.0 (Linux; Android 4.4.2; LG-V410 Build/KOT49I.V41010d) AppleWebKit/537.36 (KHTML, like Gecko) Chrome/30.0.1599.103 Safari/537.36"
81.17.18.98 - - [20/Jul/2025:02:09:46 +0000] "GET //topflowroofingplumbing.com.au/wp-includes/js/dist/hooks.min.js HTTP/1.1" 301 - "-" "Mozilla/5.0 (Windows NT 10.0; WOW64) AppleWebKit/537.36 (KHTML, like Gecko) Chrome/64.0.3282.186 YaBrowser/18.3.1.1220 Yowser/2.5 Safari/537.36"
81.17.18.98 - - [20/Jul/2025:02:09:46 +0000] "GET //topflowroofingplumbing.com.au/wp-includes/js/jquery/jquery-migrate.min.js HTTP/1.1" 301 - "-" "Mozilla/5.0 (SymbianOS/9.2; U; Series60/3.1 NokiaN95/10.0.018; Profile/MIDP-2.0 Configuration/CLDC-1.1) AppleWebKit/413 (KHTML, like Gecko) Safari/413 UP.Link/6.3.0.0.0"
81.17.18.98 - - [20/Jul/2025:02:09:46 +0000] "GET //topflowroofingplumbing.com.au/wp-content/plugins/contact-form-7/includes/swv/js/index.js HTTP/1.1" 301 - "-" "Mozilla/5.0 (Windows NT 6.1; Win64; x64) AppleWebKit/537.36 (KHTML, like Gecko) Chrome/72.0.3626.122 Safari/537.36"
81.17.18.98 - - [20/Jul/2025:02:09:46 +0000] "GET //topflowroofingplumbing.com.au/wp-content/plugins/contact-form-7/includes/js/index.js HTTP/1.1" 301 - "-" "Mozilla/5.0 (Linux; Android 7.1.2; Redmi 4) AppleWebKit/537.36 (KHTML, like Gecko) Chrome/73.0.3683.90 Mobile Safari/537.36"
81.17.18.98 - - [20/Jul/2025:02:09:47 +0000] "GET //topflowroofingplumbing.com.au/wp-content/themes/homlane/assets/js/jquery.enllax.min.js HTTP/1.1" 301 - "-" "Mozilla/5.0 (Linux; Android 7.0; Moto G (5) Plus Build/NPNS25.137-35-5) AppleWebKit/537.36 (KHTML, like Gecko) Chrome/60.0.3112.107 Mobile Safari/537.36"
81.17.18.98 - - [20/Jul/2025:02:09:47 +0000] "GET //topflowroofingplumbing.com.au/wp-content/plugins/elementor/assets/js/frontend.min.js HTTP/1.1" 301 - "-" "Mozilla/5.0 (Windows NT 6.1; WOW64) AppleWebKit/537.36 (KHTML, like Gecko) Chrome/63.0.3239.132 Safari/537.36"
81.17.18.98 - - [20/Jul/2025:02:09:47 +0000] "GET //topflowroofingplumbing.com.au/wp-content/plugins/elementor-pro/assets/js/webpack-pro.runtime.min.js HTTP/1.1" 301 - "-" "Mozilla/5.0 (X11; U; NetBSD amd64; en-US; rv:1.9.2.15) Gecko/20110308 Namoroka/3.6.15"
81.17.18.98 - - [20/Jul/2025:02:09:46 +0000] "GET /admin-ajax.php HTTP/1.1" 404 11695 "-" "Mozilla/5.0 (PlayBook; U; RIM Tablet OS 2.1.0; en-US) AppleWebKit/536.2+ (KHTML like Gecko) Version/7.2.1.0 Safari/536.2+"
81.17.18.98 - - [20/Jul/2025:02:09:47 +0000] "GET //topflowroofingplumbing.com.au/wp-content/themes/homlane/assets/js/jQuery.style.switcher.min.js HTTP/1.1" 301 - "-" "Mozilla/5.0 (Linux; Android 9; SM-M305F) AppleWebKit/537.36 (KHTML, like Gecko) Chrome/76.0.3809.111 Mobile Safari/537.36"
81.17.18.98 - - [20/Jul/2025:02:09:47 +0000] "GET //topflowroofingplumbing.com.au/wp-content/plugins/elementor/assets/js/webpack.runtime.min.js HTTP/1.1" 301 - "-" "Mozilla/5.0 (Linux; U; Android 9; en-US; ASUS_X00TD Build/PKQ1) AppleWebKit/537.36 (KHTML, like Gecko) Version/4.0 Chrome/57.0.2987.108 UCBrowser/12.12.8.1206 Mobile Safari/537.36"
81.17.18.98 - - [20/Jul/2025:02:09:47 +0000] "GET //topflowroofingplumbing.com.au/wp-content/themes/homlane/assets/js/bootstrap.bundle.min.js HTTP/1.1" 301 - "-" "Mozilla/5.0 (Windows NT 10.0; WOW64) AppleWebKit/537.36 (KHTML, like Gecko) Chrome/66.0.3359.181 Safari/537.36"
81.17.18.98 - - [20/Jul/2025:02:09:47 +0000] "GET //topflowroofingplumbing.com.au/wp-content/themes/homlane/assets/js/jquery.easing.min.js HTTP/1.1" 301 - "-" "Mozilla/5.0 (Windows NT 10.0; Win64; x64) AppleWebKit/537.36 (KHTML, like Gecko) Chrome/74.0.3729.108 Safari/537.36"
81.17.18.98 - - [20/Jul/2025:02:09:47 +0000] "GET //topflowroofingplumbing.com.au/wp-content/themes/homlane/assets/js/jquery.tinyscrollbar.js HTTP/1.1" 301 - "-" "Mozilla/5.0 (X11; Ubuntu; Linux x86_64; rv:20.0) Gecko/20100101 Firefox/20.0"
81.17.18.98 - - [20/Jul/2025:02:09:46 +0000] "GET //topflowroofingplumbing.com.au/wp-content/plugins/elementor-pro/assets/js/elements-handlers.min.js HTTP/1.1" 301 - "-" "Mozilla/5.0 (X11; Linux i686; rv:6.0a2) Gecko/20110615 Firefox/6.0a2 Iceweasel/6.0a2"
81.17.18.98 - - [20/Jul/2025:02:09:47 +0000] "GET //topflowroofingplumbing.com.au/wp-content/themes/homlane/assets/js/jquery.twentytwenty.js HTTP/1.1" 301 - "-" "Mozilla/5.0 (Linux; Android 9; SM-N950F) AppleWebKit/537.36 (KHTML, like Gecko) Chrome/76.0.3809.89 Mobile Safari/537.36"
81.17.18.98 - - [20/Jul/2025:02:09:47 +0000] "GET //topflowroofingplumbing.com.au/wp-content/themes/homlane/assets/js/dobpicker.js HTTP/1.1" 301 - "-" "Mozilla/5.0 (Linux; Android 9; SM-G960F) AppleWebKit/537.36 (KHTML, like Gecko) Chrome/74.0.3729.136 Mobile Safari/537.36"
