108.177.2.65 - - [19/Jul/2025:22:29:56 +0000] "GET /wp-content/themes/homlane/assets/js/scrollbar.js?ver=2.1.2 HTTP/1.1" 304 - "https://topflowroofingplumbing.com.au/" "Mozilla/5.0 (X11; Linux x86_64) AppleWebKit/537.36 (KHTML, like Gecko) Chrome/129.0.0.0 Safari/537.36"
108.177.2.67 - - [19/Jul/2025:22:29:56 +0000] "GET /wp-includes/js/comment-reply.min.js?ver=6.8.2 HTTP/1.1" 304 - "https://topflowroofingplumbing.com.au/" "Mozilla/5.0 (X11; Linux x86_64) AppleWebKit/537.36 (KHTML, like Gecko) Chrome/129.0.0.0 Safari/537.36"
108.177.2.65 - - [19/Jul/2025:22:29:57 +0000] "GET /wp-content/themes/homlane/assets/images-2/icons/icon-78.png HTTP/1.1" 304 - "https://topflowroofingplumbing.com.au/" "Mozilla/5.0 (X11; Linux x86_64) AppleWebKit/537.36 (KHTML, like Gecko) Chrome/129.0.0.0 Safari/537.36"
108.177.2.67 - - [19/Jul/2025:22:29:57 +0000] "GET /wp-content/uploads/2022/04/clients-21-1.png HTTP/1.1" 304 - "https://topflowroofingplumbing.com.au/" "Mozilla/5.0 (X11; Linux x86_64) AppleWebKit/537.36 (KHTML, like Gecko) Chrome/129.0.0.0 Safari/537.36"
108.177.2.66 - - [19/Jul/2025:22:29:57 +0000] "GET /wp-content/uploads/2022/04/icon-48.png HTTP/1.1" 304 - "https://topflowroofingplumbing.com.au/" "Mozilla/5.0 (X11; Linux x86_64) AppleWebKit/537.36 (KHTML, like Gecko) Chrome/129.0.0.0 Safari/537.36"
108.177.2.67 - - [19/Jul/2025:22:29:57 +0000] "GET /wp-content/themes/homlane/assets/js/wow.js?ver=2.1.2 HTTP/1.1" 304 - "https://topflowroofingplumbing.com.au/" "Mozilla/5.0 (X11; Linux x86_64) AppleWebKit/537.36 (KHTML, like Gecko) Chrome/129.0.0.0 Safari/537.36"
108.177.2.65 - - [19/Jul/2025:22:29:57 +0000] "GET /wp-content/uploads/2022/04/banner-5.jpg HTTP/1.1" 304 - "https://topflowroofingplumbing.com.au/" "Mozilla/5.0 (X11; Linux x86_64) AppleWebKit/537.36 (KHTML, like Gecko) Chrome/129.0.0.0 Safari/537.36"
108.177.2.65 - - [19/Jul/2025:22:29:57 +0000] "GET /wp-content/themes/homlane/assets/images-2/icons/icon-14.png HTTP/1.1" 304 - "https://topflowroofingplumbing.com.au/wp-content/themes/homlane/assets/css/style-2.css?ver=6.8.2" "Mozilla/5.0 (X11; Linux x86_64) AppleWebKit/537.36 (KHTML, like Gecko) Chrome/129.0.0.0 Safari/537.36"
108.177.2.65 - - [19/Jul/2025:22:29:58 +0000] "GET /wp-content/uploads/2022/04/banner-6.jpg HTTP/1.1" 304 - "https://topflowroofingplumbing.com.au/" "Mozilla/5.0 (X11; Linux x86_64) AppleWebKit/537.36 (KHTML, like Gecko) Chrome/129.0.0.0 Safari/537.36"
108.177.2.67 - - [19/Jul/2025:22:29:58 +0000] "GET /wp-content/uploads/2022/04/shape-19.png HTTP/1.1" 304 - "https://topflowroofingplumbing.com.au/" "Mozilla/5.0 (X11; Linux x86_64) AppleWebKit/537.36 (KHTML, like Gecko) Chrome/129.0.0.0 Safari/537.36"
108.177.2.67 - - [19/Jul/2025:22:29:58 +0000] "GET /wp-content/themes/homlane/assets/fonts/fontawesome-webfont.woff2?v=4.5.0 HTTP/1.1" 304 - "https://topflowroofingplumbing.com.au/wp-content/themes/homlane/assets/css/fontawesome-all.css?ver=6.8.2" "Mozilla/5.0 (X11; Linux x86_64) AppleWebKit/537.36 (KHTML, like Gecko) Chrome/129.0.0.0 Safari/537.36"
108.177.2.67 - - [19/Jul/2025:22:29:58 +0000] "GET /wp-content/uploads/elementor/google-fonts/fonts/roboto-kfo7cnqeu92fr1me7ksn66agldtyluama3yuba.woff2 HTTP/1.1" 304 - "https://topflowroofingplumbing.com.au/wp-content/uploads/elementor/google-fonts/css/roboto.css?ver=1742256524" "Mozilla/5.0 (X11; Linux x86_64) AppleWebKit/537.36 (KHTML, like Gecko) Chrome/129.0.0.0 Safari/537.36"
108.177.2.66 - - [19/Jul/2025:22:29:58 +0000] "GET /wp-content/themes/homlane/assets/fonts/flaticon-2.ttf?1c57aadc5b8e691f54763fb661da45e2 HTTP/1.1" 304 - "https://topflowroofingplumbing.com.au/wp-content/themes/homlane/assets/css/flaticon-2.css?ver=6.8.2" "Mozilla/5.0 (X11; Linux x86_64) AppleWebKit/537.36 (KHTML, like Gecko) Chrome/129.0.0.0 Safari/537.36"
108.177.2.66 - - [19/Jul/2025:22:29:59 +0000] "GET /wp-content/themes/homlane/assets/fonts/icomoon.ttf?vdw2jk HTTP/1.1" 304 - "https://topflowroofingplumbing.com.au/wp-content/themes/homlane/assets/css/icomoon.css?ver=6.8.2" "Mozilla/5.0 (X11; Linux x86_64) AppleWebKit/537.36 (KHTML, like Gecko) Chrome/129.0.0.0 Safari/537.36"
108.177.2.67 - - [19/Jul/2025:22:29:59 +0000] "GET /wp-json/contact-form-7/v1/contact-forms/1366/feedback/schema HTTP/1.1" 200 208 "https://topflowroofingplumbing.com.au/" "Mozilla/5.0 (X11; Linux x86_64) AppleWebKit/537.36 (KHTML, like Gecko) Chrome/129.0.0.0 Safari/537.36"
108.177.2.66 - - [19/Jul/2025:22:29:59 +0000] "GET /wp-json/contact-form-7/v1/contact-forms/1321/feedback/schema HTTP/1.1" 200 208 "https://topflowroofingplumbing.com.au/" "Mozilla/5.0 (X11; Linux x86_64) AppleWebKit/537.36 (KHTML, like Gecko) Chrome/129.0.0.0 Safari/537.36"
108.177.2.65 - - [19/Jul/2025:22:29:59 +0000] "GET /wp-includes/js/wp-emoji-release.min.js?ver=6.8.2 HTTP/1.1" 304 - "https://topflowroofingplumbing.com.au/" "Mozilla/5.0 (X11; Linux x86_64) AppleWebKit/537.36 (KHTML, like Gecko) Chrome/129.0.0.0 Safari/537.36"
108.177.2.65 - - [19/Jul/2025:22:30:00 +0000] "GET /wp-content/plugins/elementor/assets/js/section-frontend-handlers.d85ab872da118940910d.bundle.min.js HTTP/1.1" 304 - "https://topflowroofingplumbing.com.au/" "Mozilla/5.0 (X11; Linux x86_64) AppleWebKit/537.36 (KHTML, like Gecko) Chrome/129.0.0.0 Safari/537.36"
108.177.2.66 - - [19/Jul/2025:22:30:00 +0000] "GET /wp-content/plugins/elementor/assets/js/shared-frontend-handlers.30dc2f9c080845a413a6.bundle.min.js HTTP/1.1" 304 - "https://topflowroofingplumbing.com.au/" "Mozilla/5.0 (X11; Linux x86_64) AppleWebKit/537.36 (KHTML, like Gecko) Chrome/129.0.0.0 Safari/537.36"
108.177.2.66 - - [19/Jul/2025:22:30:01 +0000] "GET /wp-json/contact-form-7/v1/contact-forms/1321/refill HTTP/1.1" 200 208 "https://topflowroofingplumbing.com.au/" "Mozilla/5.0 (X11; Linux x86_64) AppleWebKit/537.36 (KHTML, like Gecko) Chrome/129.0.0.0 Safari/537.36"
108.177.2.65 - - [19/Jul/2025:22:30:01 +0000] "GET /wp-json/contact-form-7/v1/contact-forms/1366/refill HTTP/1.1" 200 206 "https://topflowroofingplumbing.com.au/" "Mozilla/5.0 (X11; Linux x86_64) AppleWebKit/537.36 (KHTML, like Gecko) Chrome/129.0.0.0 Safari/537.36"
108.177.2.65 - - [19/Jul/2025:22:30:03 +0000] "GET / HTTP/1.1" 200 17490 "-" "Mozilla/5.0 (X11; Linux x86_64) AppleWebKit/537.36 (KHTML, like Gecko) Chrome/129.0.0.0 Safari/537.36"
192.178.6.65 - - [19/Jul/2025:22:30:06 +0000] "GET /022000136.htm HTTP/1.1" 200 87139 "-" "Mozilla/5.0 (Linux; Android 6.0.1; Nexus 5X Build/MMB29P) AppleWebKit/537.36 (KHTML, like Gecko) Chrome/137.0.7151.103 Mobile Safari/537.36 (compatible; Googlebot/2.1; +http://www.google.com/bot.html)"
108.177.2.65 - - [19/Jul/2025:22:30:14 +0000] "GET /wp-content/uploads/2022/04/cta-bg-2.jpg HTTP/1.1" 200 77332 "https://topflowroofingplumbing.com.au/" "Mozilla/5.0 (X11; Linux x86_64) AppleWebKit/537.36 (KHTML, like Gecko) Chrome/129.0.0.0 Safari/537.36"
20.171.207.99 - - [19/Jul/2025:22:30:39 +0000] "GET /search.php?m032000214%3Fsrsltid=AfmBOoYRfJnBUJouO60wV4_yGX5DqAssE_teSvomRR-J-06JB77gAu HTTP/1.1" 200 87573 "-" "Mozilla/5.0 AppleWebKit/537.36 (KHTML, like Gecko; compatible; GPTBot/1.2; +https://openai.com/gptbot)"
192.178.6.97 - - [19/Jul/2025:22:30:46 +0000] "GET /?search?category=406&search_word= HTTP/1.1" 200 86051 "-" "Mozilla/5.0 (Linux; Android 6.0.1; Nexus 5X Build/MMB29P) AppleWebKit/537.36 (KHTML, like Gecko) Chrome/137.0.7151.103 Mobile Safari/537.36 (compatible; Googlebot/2.1; +http://www.google.com/bot.html)"
20.171.207.99 - - [19/Jul/2025:22:31:41 +0000] "GET /search.php?pcmypage%3Fcallback=product%2Freview%2Fabcmartsports-6674700001-1 HTTP/1.1" 200 86314 "-" "Mozilla/5.0 AppleWebKit/537.36 (KHTML, like Gecko; compatible; GPTBot/1.2; +https://openai.com/gptbot)"
192.178.6.96 - - [19/Jul/2025:22:32:03 +0000] "GET /?search?category=410&search_word= HTTP/1.1" 200 85624 "-" "Mozilla/5.0 (Linux; Android 6.0.1; Nexus 5X Build/MMB29P) AppleWebKit/537.36 (KHTML, like Gecko) Chrome/137.0.7151.103 Mobile Safari/537.36 (compatible; Googlebot/2.1; +http://www.google.com/bot.html)"
20.171.207.99 - - [19/Jul/2025:22:32:45 +0000] "GET /search.php?privacy176015983.html HTTP/1.1" 200 86894 "-" "Mozilla/5.0 AppleWebKit/537.36 (KHTML, like Gecko; compatible; GPTBot/1.2; +https://openai.com/gptbot)"
209.74.77.214 - - [19/Jul/2025:22:33:18 +0000] "POST /wp-cron.php?doing_wp_cron=1752964398.0248799324035644531250 HTTP/1.1" 403 33 "-" "WordPress/6.8.2; https://topflowroofingplumbing.com.au"
209.74.77.214 - - [19/Jul/2025:22:33:18 +0000] "POST /wp-cron.php?doing_wp_cron=1752964398.0248799324035644531250 HTTP/1.1" 403 33 "-" "WordPress/6.8.2; https://topflowroofingplumbing.com.au"
51.89.3.212 - - [19/Jul/2025:22:33:16 +0000] "GET /admin.php?520 HTTP/1.1" 404 11694 "-" "Mozilla/5.0 (Windows NT 10.0; Win64; x64) AppleWebKit/537.36 (KHTML, like Gecko) Chrome/127.0.0.0 Safari/537.36"
51.89.3.212 - - [19/Jul/2025:22:33:16 +0000] "GET /about.php?520 HTTP/1.1" 404 11694 "-" "Mozilla/5.0 (Windows NT 10.0; Win64; x64) AppleWebKit/537.36 (KHTML, like Gecko) Chrome/127.0.0.0 Safari/537.36"
192.178.6.97 - - [19/Jul/2025:22:33:21 +0000] "GET /?search?category=&search_word=&restrict[]=person_id(int)=ZSYK HTTP/1.1" 200 85225 "-" "Mozilla/5.0 (Linux; Android 6.0.1; Nexus 5X Build/MMB29P) AppleWebKit/537.36 (KHTML, like Gecko) Chrome/137.0.7151.103 Mobile Safari/537.36 (compatible; Googlebot/2.1; +http://www.google.com/bot.html)"
192.178.6.65 - - [19/Jul/2025:22:33:21 +0000] "GET /038032188.htm HTTP/1.1" 200 86252 "-" "Mozilla/5.0 (Linux; Android 6.0.1; Nexus 5X Build/MMB29P) AppleWebKit/537.36 (KHTML, like Gecko) Chrome/137.0.7151.103 Mobile Safari/537.36 (compatible; Googlebot/2.1; +http://www.google.com/bot.html)"
20.171.207.99 - - [19/Jul/2025:22:33:48 +0000] "GET /search.php?blessing129035916.html HTTP/1.1" 200 87296 "-" "Mozilla/5.0 AppleWebKit/537.36 (KHTML, like Gecko; compatible; GPTBot/1.2; +https://openai.com/gptbot)"
192.178.6.65 - - [19/Jul/2025:22:34:00 +0000] "GET /pcmypage?callback=product%2Fdetail%2Ffrontop-vx76l63wrc4qw2qy46scscm4o4-imp-1 HTTP/1.1" 200 85610 "-" "Mozilla/5.0 (Linux; Android 6.0.1; Nexus 5X Build/MMB29P) AppleWebKit/537.36 (KHTML, like Gecko) Chrome/137.0.7151.103 Mobile Safari/537.36 (compatible; Googlebot/2.1; +http://www.google.com/bot.html)"
192.178.6.67 - - [19/Jul/2025:22:34:40 +0000] "GET /action/b72?pid=437 HTTP/1.1" 200 87181 "-" "Mozilla/5.0 (Linux; Android 6.0.1; Nexus 5X Build/MMB29P) AppleWebKit/537.36 (KHTML, like Gecko) Chrome/137.0.7151.103 Mobile Safari/537.36 (compatible; Googlebot/2.1; +http://www.google.com/bot.html)"
209.74.77.214 - - [19/Jul/2025:22:34:41 +0000] "POST /wp-cron.php?doing_wp_cron=1752964481.8261990547180175781250 HTTP/1.1" 403 33 "-" "WordPress/6.8.2; https://topflowroofingplumbing.com.au"
2a03:2880:f800:f:: - - [19/Jul/2025:22:34:40 +0000] "GET /shopdetail/279051252 HTTP/1.1" 404 11694 "-" "meta-externalagent/1.1 (+https://developers.facebook.com/docs/sharing/webmasters/crawler)"
20.171.207.99 - - [19/Jul/2025:22:34:49 +0000] "GET /search.php?routine214018987.html HTTP/1.1" 200 87392 "-" "Mozilla/5.0 AppleWebKit/537.36 (KHTML, like Gecko; compatible; GPTBot/1.2; +https://openai.com/gptbot)"
192.178.6.96 - - [19/Jul/2025:22:35:19 +0000] "GET /?search?category=410&search_word= HTTP/1.1" 200 86056 "-" "Mozilla/5.0 (Linux; Android 6.0.1; Nexus 5X Build/MMB29P) AppleWebKit/537.36 (KHTML, like Gecko) Chrome/137.0.7151.103 Mobile Safari/537.36 (compatible; Googlebot/2.1; +http://www.google.com/bot.html)"
192.178.6.69 - - [19/Jul/2025:22:35:20 +0000] "GET /pcmypage?callback=/product%2Fdetail%2First23-union-ul1086-001 HTTP/1.1" 200 85767 "-" "Mozilla/5.0 (Linux; Android 6.0.1; Nexus 5X Build/MMB29P) AppleWebKit/537.36 (KHTML, like Gecko) Chrome/137.0.7151.103 Mobile Safari/537.36 (compatible; Googlebot/2.1; +http://www.google.com/bot.html)"
192.178.6.68 - - [19/Jul/2025:22:35:20 +0000] "GET /modest/l1?pid=254 HTTP/1.1" 200 86037 "-" "Mozilla/5.0 (Linux; Android 6.0.1; Nexus 5X Build/MMB29P) AppleWebKit/537.36 (KHTML, like Gecko) Chrome/137.0.7151.103 Mobile Safari/537.36 (compatible; Googlebot/2.1; +http://www.google.com/bot.html)"
192.178.6.96 - - [19/Jul/2025:22:35:50 +0000] "GET /?search?category=&search_word=&restrict[]=person_id(int)=ZSYK HTTP/1.1" 200 85340 "-" "Mozilla/5.0 (Linux; Android 6.0.1; Nexus 5X Build/MMB29P) AppleWebKit/537.36 (KHTML, like Gecko) Chrome/137.0.7151.103 Mobile Safari/537.36 (compatible; Googlebot/2.1; +http://www.google.com/bot.html)"
20.171.207.99 - - [19/Jul/2025:22:35:54 +0000] "GET /search.php?product/edit/auc-kobefm-453352 HTTP/1.1" 200 86831 "-" "Mozilla/5.0 AppleWebKit/537.36 (KHTML, like Gecko; compatible; GPTBot/1.2; +https://openai.com/gptbot)"
192.178.6.69 - - [19/Jul/2025:22:36:50 +0000] "GET /pcmypage?callback=product/review/kind-u-8006001698293 HTTP/1.1" 200 85684 "-" "Mozilla/5.0 (Linux; Android 6.0.1; Nexus 5X Build/MMB29P) AppleWebKit/537.36 (KHTML, like Gecko) Chrome/137.0.7151.103 Mobile Safari/537.36 (compatible; Googlebot/2.1; +http://www.google.com/bot.html)"
20.171.207.99 - - [19/Jul/2025:22:36:58 +0000] "GET /search.php?decline129047628.html HTTP/1.1" 200 87120 "-" "Mozilla/5.0 AppleWebKit/537.36 (KHTML, like Gecko; compatible; GPTBot/1.2; +https://openai.com/gptbot)"
192.178.6.68 - - [19/Jul/2025:22:37:51 +0000] "GET /pcmypage?callback=/product%2Fdetail%2valuecare-vc-tr-2089097 HTTP/1.1" 200 85752 "-" "Mozilla/5.0 (Linux; Android 6.0.1; Nexus 5X Build/MMB29P) AppleWebKit/537.36 (KHTML, like Gecko) Chrome/137.0.7151.103 Mobile Safari/537.36 (compatible; Googlebot/2.1; +http://www.google.com/bot.html)"
20.171.207.99 - - [19/Jul/2025:22:37:59 +0000] "GET /search.php?m140028872%3Fsrsltid=AfmBOoLyCCtWWrrqhyAuYC_rBQnaMp8vf_FONMuJCG-A-iLwKWzIxC HTTP/1.1" 200 86630 "-" "Mozilla/5.0 AppleWebKit/537.36 (KHTML, like Gecko; compatible; GPTBot/1.2; +https://openai.com/gptbot)"
192.178.6.99 - - [19/Jul/2025:22:38:50 +0000] "GET /shopbrand/8682325 HTTP/1.1" 200 85739 "-" "Mozilla/5.0 (compatible; Googlebot/2.1; +http://www.google.com/bot.html)"
192.178.6.68 - - [19/Jul/2025:22:38:52 +0000] "GET /021027681.htm HTTP/1.1" 200 85628 "-" "Mozilla/5.0 (Linux; Android 6.0.1; Nexus 5X Build/MMB29P) AppleWebKit/537.36 (KHTML, like Gecko) Chrome/137.0.7151.103 Mobile Safari/537.36 (compatible; Googlebot/2.1; +http://www.google.com/bot.html)"
20.171.207.99 - - [19/Jul/2025:22:38:59 +0000] "GET /search.php?banking055014870.html HTTP/1.1" 200 87130 "-" "Mozilla/5.0 AppleWebKit/537.36 (KHTML, like Gecko; compatible; GPTBot/1.2; +https://openai.com/gptbot)"
20.171.207.99 - - [19/Jul/2025:22:40:03 +0000] "GET /search.php?disorder169015742.html HTTP/1.1" 200 87080 "-" "Mozilla/5.0 AppleWebKit/537.36 (KHTML, like Gecko; compatible; GPTBot/1.2; +https://openai.com/gptbot)"
192.178.6.67 - - [19/Jul/2025:22:40:13 +0000] "GET /095014235.htm HTTP/1.1" 200 86031 "-" "Mozilla/5.0 (Linux; Android 6.0.1; Nexus 5X Build/MMB29P) AppleWebKit/537.36 (KHTML, like Gecko) Chrome/137.0.7151.103 Mobile Safari/537.36 (compatible; Googlebot/2.1; +http://www.google.com/bot.html)"
192.178.6.97 - - [19/Jul/2025:22:40:26 +0000] "GET /shopbrand/10053968 HTTP/1.1" 200 85982 "-" "Mozilla/5.0 (Linux; Android 6.0.1; Nexus 5X Build/MMB29P) AppleWebKit/537.36 (KHTML, like Gecko) Chrome/137.0.7151.103 Mobile Safari/537.36 (compatible; Googlebot/2.1; +http://www.google.com/bot.html)"
192.178.6.65 - - [19/Jul/2025:22:40:52 +0000] "GET /zhHant/product/surugaya/douguyasan-p10-nitkk-46059?campaign_uid=f64d716db5e979ed2f947dbaf4296895b951ae7f HTTP/1.1" 200 86901 "-" "Mozilla/5.0 (Linux; Android 6.0.1; Nexus 5X Build/MMB29P) AppleWebKit/537.36 (KHTML, like Gecko) Chrome/137.0.7151.103 Mobile Safari/537.36 (compatible; Googlebot/2.1; +http://www.google.com/bot.html)"
192.178.6.97 - - [19/Jul/2025:22:40:52 +0000] "GET /299043201.htm HTTP/1.1" 200 85768 "-" "Mozilla/5.0 (Linux; Android 6.0.1; Nexus 5X Build/MMB29P) AppleWebKit/537.36 (KHTML, like Gecko) Chrome/137.0.7151.103 Mobile Safari/537.36 (compatible; Googlebot/2.1; +http://www.google.com/bot.html)"
192.178.6.65 - - [19/Jul/2025:22:40:54 +0000] "GET /179004537.htm HTTP/1.1" 200 85518 "-" "Mozilla/5.0 (Linux; Android 6.0.1; Nexus 5X Build/MMB29P) AppleWebKit/537.36 (KHTML, like Gecko) Chrome/137.0.7151.103 Mobile Safari/537.36 (compatible; Googlebot/2.1; +http://www.google.com/bot.html)"
20.171.207.99 - - [19/Jul/2025:22:41:04 +0000] "GET /search.php?obstacle193042568.html HTTP/1.1" 200 87342 "-" "Mozilla/5.0 AppleWebKit/537.36 (KHTML, like Gecko; compatible; GPTBot/1.2; +https://openai.com/gptbot)"
20.171.207.99 - - [19/Jul/2025:22:42:05 +0000] "GET /search.php?safe_search%2Fconfig%3Freturn_url=%2Fproduct%2Fdetail%2Fpeteco-thegarden-ept082_002816 HTTP/1.1" 200 87343 "-" "Mozilla/5.0 AppleWebKit/537.36 (KHTML, like Gecko; compatible; GPTBot/1.2; +https://openai.com/gptbot)"
192.178.6.67 - - [19/Jul/2025:22:42:27 +0000] "GET /090000656.htm HTTP/1.1" 200 85906 "-" "Mozilla/5.0 (Linux; Android 6.0.1; Nexus 5X Build/MMB29P) AppleWebKit/537.36 (KHTML, like Gecko) Chrome/137.0.7151.103 Mobile Safari/537.36 (compatible; Googlebot/2.1; +http://www.google.com/bot.html)"
192.178.6.67 - - [19/Jul/2025:22:42:27 +0000] "GET /099000891.htm HTTP/1.1" 200 86519 "-" "Mozilla/5.0 (Linux; Android 6.0.1; Nexus 5X Build/MMB29P) AppleWebKit/537.36 (KHTML, like Gecko) Chrome/137.0.7151.103 Mobile Safari/537.36 (compatible; Googlebot/2.1; +http://www.google.com/bot.html)"
192.178.6.65 - - [19/Jul/2025:22:43:06 +0000] "GET /099000895.htm HTTP/1.1" 200 85945 "-" "Mozilla/5.0 (Linux; Android 6.0.1; Nexus 5X Build/MMB29P) AppleWebKit/537.36 (KHTML, like Gecko) Chrome/137.0.7151.103 Mobile Safari/537.36 (compatible; Googlebot/2.1; +http://www.google.com/bot.html)"
20.171.207.99 - - [19/Jul/2025:22:43:08 +0000] "GET /search.php?items%2F189032330.html%3Fsrsltid=AfmBOoceuqulHufXQGYphE6KTOGjkgysMoQxYO5643jm6ALxO2Lb HTTP/1.1" 200 86446 "-" "Mozilla/5.0 AppleWebKit/537.36 (KHTML, like Gecko; compatible; GPTBot/1.2; +https://openai.com/gptbot)"
20.171.207.99 - - [19/Jul/2025:22:44:08 +0000] "GET /search.php?mission186049531.html HTTP/1.1" 200 87336 "-" "Mozilla/5.0 AppleWebKit/537.36 (KHTML, like Gecko; compatible; GPTBot/1.2; +https://openai.com/gptbot)"
192.178.6.67 - - [19/Jul/2025:22:44:24 +0000] "GET /pcmypage?callback=product/review/nanaple-bur8063083011 HTTP/1.1" 200 85917 "-" "Mozilla/5.0 (Linux; Android 6.0.1; Nexus 5X Build/MMB29P) AppleWebKit/537.36 (KHTML, like Gecko) Chrome/137.0.7151.103 Mobile Safari/537.36 (compatible; Googlebot/2.1; +http://www.google.com/bot.html)"
192.178.6.66 - - [19/Jul/2025:22:45:03 +0000] "GET /pcmypage?callback=product%2Fdetail%2Fauc-mikawa-kiko-4881290 HTTP/1.1" 200 85742 "-" "Mozilla/5.0 (Linux; Android 6.0.1; Nexus 5X Build/MMB29P) AppleWebKit/537.36 (KHTML, like Gecko) Chrome/137.0.7151.103 Mobile Safari/537.36 (compatible; Googlebot/2.1; +http://www.google.com/bot.html)"
20.171.207.99 - - [19/Jul/2025:22:45:11 +0000] "GET /search.php?blessing129035916.html HTTP/1.1" 200 87109 "-" "Mozilla/5.0 AppleWebKit/537.36 (KHTML, like Gecko; compatible; GPTBot/1.2; +https://openai.com/gptbot)"
20.171.207.99 - - [19/Jul/2025:22:46:13 +0000] "GET /search.php?graduate186049535.html HTTP/1.1" 200 86736 "-" "Mozilla/5.0 AppleWebKit/537.36 (KHTML, like Gecko; compatible; GPTBot/1.2; +https://openai.com/gptbot)"
192.178.6.66 - - [19/Jul/2025:22:46:21 +0000] "GET /017000657.htm HTTP/1.1" 200 86027 "-" "Mozilla/5.0 (Linux; Android 6.0.1; Nexus 5X Build/MMB29P) AppleWebKit/537.36 (KHTML, like Gecko) Chrome/137.0.7151.103 Mobile Safari/537.36 (compatible; Googlebot/2.1; +http://www.google.com/bot.html)"
192.178.6.66 - - [19/Jul/2025:22:46:21 +0000] "GET /026036070.htm HTTP/1.1" 200 85374 "-" "Mozilla/5.0 (Linux; Android 6.0.1; Nexus 5X Build/MMB29P) AppleWebKit/537.36 (KHTML, like Gecko) Chrome/137.0.7151.103 Mobile Safari/537.36 (compatible; Googlebot/2.1; +http://www.google.com/bot.html)"
192.178.6.67 - - [19/Jul/2025:22:47:00 +0000] "GET /pcmypage?callback=product/review/hcvalor-eshop-trusco-1662666 HTTP/1.1" 200 86454 "-" "Mozilla/5.0 (Linux; Android 6.0.1; Nexus 5X Build/MMB29P) AppleWebKit/537.36 (KHTML, like Gecko) Chrome/137.0.7151.103 Mobile Safari/537.36 (compatible; Googlebot/2.1; +http://www.google.com/bot.html)"
192.178.6.65 - - [19/Jul/2025:22:47:00 +0000] "GET /095014361.htm HTTP/1.1" 200 86196 "-" "Mozilla/5.0 (Linux; Android 6.0.1; Nexus 5X Build/MMB29P) AppleWebKit/537.36 (KHTML, like Gecko) Chrome/137.0.7151.103 Mobile Safari/537.36 (compatible; Googlebot/2.1; +http://www.google.com/bot.html)"
20.171.207.99 - - [19/Jul/2025:22:47:16 +0000] "GET /search.php?fitness189045274.html HTTP/1.1" 200 87714 "-" "Mozilla/5.0 AppleWebKit/537.36 (KHTML, like Gecko; compatible; GPTBot/1.2; +https://openai.com/gptbot)"
209.74.77.214 - - [19/Jul/2025:22:47:35 +0000] "POST /wp-cron.php?doing_wp_cron=1752965255.4456779956817626953125 HTTP/1.1" 403 33 "-" "WordPress/6.8.2; https://topflowroofingplumbing.com.au"
2a03:2880:f800:1b:: - - [19/Jul/2025:22:47:34 +0000] "GET /shopbrand/193910469 HTTP/1.1" 404 11694 "-" "meta-externalagent/1.1 (+https://developers.facebook.com/docs/sharing/webmasters/crawler)"
20.171.207.99 - - [19/Jul/2025:22:48:21 +0000] "GET /search.php?items%2F065000406.html%3Fsrsltid=AfmBOobofJUTOrPFGcFwV8nhSpjtSOmS9hbHInsG94fTR0eVAMMU HTTP/1.1" 200 86823 "-" "Mozilla/5.0 AppleWebKit/537.36 (KHTML, like Gecko; compatible; GPTBot/1.2; +https://openai.com/gptbot)"
192.178.6.99 - - [19/Jul/2025:22:48:24 +0000] "GET /120024822.htm HTTP/1.1" 200 86650 "-" "Mozilla/5.0 (Linux; Android 6.0.1; Nexus 5X Build/MMB29P) AppleWebKit/537.36 (KHTML, like Gecko) Chrome/137.0.7151.103 Mobile Safari/537.36 (compatible; Googlebot/2.1; +http://www.google.com/bot.html)"
192.178.6.99 - - [19/Jul/2025:22:49:03 +0000] "GET /215001559.htm HTTP/1.1" 200 85390 "-" "Mozilla/5.0 (Linux; Android 6.0.1; Nexus 5X Build/MMB29P) AppleWebKit/537.36 (KHTML, like Gecko) Chrome/137.0.7151.103 Mobile Safari/537.36 (compatible; Googlebot/2.1; +http://www.google.com/bot.html)"
20.171.207.99 - - [19/Jul/2025:22:49:24 +0000] "GET /search.php?fashion247010596.html HTTP/1.1" 200 86851 "-" "Mozilla/5.0 AppleWebKit/537.36 (KHTML, like Gecko; compatible; GPTBot/1.2; +https://openai.com/gptbot)"
192.178.6.67 - - [19/Jul/2025:22:50:21 +0000] "GET /012001184.htm HTTP/1.1" 200 86383 "-" "Mozilla/5.0 (Linux; Android 6.0.1; Nexus 5X Build/MMB29P) AppleWebKit/537.36 (KHTML, like Gecko) Chrome/137.0.7151.103 Mobile Safari/537.36 (compatible; Googlebot/2.1; +http://www.google.com/bot.html)"
20.171.207.99 - - [19/Jul/2025:22:50:30 +0000] "GET /search.php?obvious272009113.html HTTP/1.1" 200 87568 "-" "Mozilla/5.0 AppleWebKit/537.36 (KHTML, like Gecko; compatible; GPTBot/1.2; +https://openai.com/gptbot)"
20.171.207.99 - - [19/Jul/2025:22:51:31 +0000] "GET /search.php?items%2F058000495.html%3Fsrsltid=AfmBOoslrJYUoAgjflofEwSFILOVMBQL653LEnUBHyXIJQklrJqL HTTP/1.1" 200 87612 "-" "Mozilla/5.0 AppleWebKit/537.36 (KHTML, like Gecko; compatible; GPTBot/1.2; +https://openai.com/gptbot)"
192.178.6.69 - - [19/Jul/2025:22:51:39 +0000] "GET /257000365.htm HTTP/1.1" 200 85450 "-" "Mozilla/5.0 (Linux; Android 6.0.1; Nexus 5X Build/MMB29P) AppleWebKit/537.36 (KHTML, like Gecko) Chrome/137.0.7151.103 Mobile Safari/537.36 (compatible; Googlebot/2.1; +http://www.google.com/bot.html)"
192.178.6.97 - - [19/Jul/2025:22:51:40 +0000] "GET /199019703.htm HTTP/1.1" 200 85912 "-" "Mozilla/5.0 (Linux; Android 6.0.1; Nexus 5X Build/MMB29P) AppleWebKit/537.36 (KHTML, like Gecko) Chrome/137.0.7151.103 Mobile Safari/537.36 (compatible; Googlebot/2.1; +http://www.google.com/bot.html)"
192.178.6.67 - - [19/Jul/2025:22:52:19 +0000] "GET /012002468.htm HTTP/1.1" 200 85616 "-" "Mozilla/5.0 (Linux; Android 6.0.1; Nexus 5X Build/MMB29P) AppleWebKit/537.36 (KHTML, like Gecko) Chrome/137.0.7151.103 Mobile Safari/537.36 (compatible; Googlebot/2.1; +http://www.google.com/bot.html)"
20.171.207.99 - - [19/Jul/2025:22:52:37 +0000] "GET /search.php?m288031058%3Fsrsltid=AfmBOoUwdoKZxWSku3QJhJ_LSk8kJP8fp_p2o2YXoy-P-Zq8nZEFNP HTTP/1.1" 200 86521 "-" "Mozilla/5.0 AppleWebKit/537.36 (KHTML, like Gecko; compatible; GPTBot/1.2; +https://openai.com/gptbot)"
13.74.85.151 - - [19/Jul/2025:22:52:56 +0000] "GET / HTTP/1.1" 200 17490 "-" "-"
209.74.77.214 - - [19/Jul/2025:22:53:07 +0000] "POST /wp-cron.php?doing_wp_cron=1752965587.4295039176940917968750 HTTP/1.1" 403 33 "-" "WordPress/6.8.2; https://topflowroofingplumbing.com.au"
13.74.85.151 - - [19/Jul/2025:22:53:07 +0000] "GET /wp-login.php HTTP/1.1" 302 - "-" "-"
13.74.85.151 - - [19/Jul/2025:22:53:07 +0000] "GET /wp-login.php HTTP/1.1" 302 - "-" "-"
13.74.85.151 - - [19/Jul/2025:22:53:08 +0000] "GET /wp-login.php HTTP/1.1" 302 - "-" "-"
13.74.85.151 - - [19/Jul/2025:22:53:08 +0000] "GET /wp-login.php HTTP/1.1" 302 - "-" "-"
13.74.85.151 - - [19/Jul/2025:22:53:08 +0000] "GET /wp-login.php HTTP/1.1" 302 - "-" "-"
13.74.85.151 - - [19/Jul/2025:22:53:09 +0000] "GET /wp-login.php HTTP/1.1" 302 - "-" "-"
13.74.85.151 - - [19/Jul/2025:22:53:09 +0000] "GET /wp-login.php HTTP/1.1" 302 - "-" "-"
13.74.85.151 - - [19/Jul/2025:22:53:09 +0000] "GET /wp-login.php HTTP/1.1" 302 - "-" "-"
13.74.85.151 - - [19/Jul/2025:22:53:09 +0000] "GET /wp-login.php HTTP/1.1" 302 - "-" "-"
13.74.85.151 - - [19/Jul/2025:22:53:10 +0000] "GET /wp-login.php HTTP/1.1" 302 - "-" "-"
13.74.85.151 - - [19/Jul/2025:22:53:10 +0000] "GET /wp-login.php HTTP/1.1" 302 - "-" "-"
13.74.85.151 - - [19/Jul/2025:22:53:10 +0000] "GET /wp-login.php HTTP/1.1" 302 - "-" "-"
13.74.85.151 - - [19/Jul/2025:22:53:10 +0000] "GET /wp-login.php HTTP/1.1" 302 - "-" "-"
13.74.85.151 - - [19/Jul/2025:22:53:11 +0000] "GET /wp-login.php HTTP/1.1" 302 - "-" "-"
13.74.85.151 - - [19/Jul/2025:22:53:11 +0000] "GET /wp-login.php HTTP/1.1" 302 - "-" "-"
13.74.85.151 - - [19/Jul/2025:22:53:11 +0000] "GET /wp-login.php HTTP/1.1" 302 - "-" "-"
13.74.85.151 - - [19/Jul/2025:22:53:12 +0000] "GET /wp-login.php HTTP/1.1" 302 - "-" "-"
13.74.85.151 - - [19/Jul/2025:22:53:12 +0000] "GET /wp-login.php HTTP/1.1" 302 - "-" "-"
13.74.85.151 - - [19/Jul/2025:22:53:12 +0000] "GET /wp-login.php HTTP/1.1" 302 - "-" "-"
13.74.85.151 - - [19/Jul/2025:22:53:12 +0000] "GET /wp-login.php HTTP/1.1" 302 - "-" "-"
13.74.85.151 - - [19/Jul/2025:22:53:13 +0000] "GET /wp-login.php HTTP/1.1" 302 - "-" "-"
13.74.85.151 - - [19/Jul/2025:22:53:13 +0000] "GET /wp-login.php HTTP/1.1" 302 - "-" "-"
13.74.85.151 - - [19/Jul/2025:22:53:13 +0000] "GET /wp-login.php HTTP/1.1" 302 - "-" "-"
13.74.85.151 - - [19/Jul/2025:22:53:13 +0000] "GET /wp-login.php HTTP/1.1" 302 - "-" "-"
13.74.85.151 - - [19/Jul/2025:22:53:14 +0000] "GET /wp-login.php HTTP/1.1" 302 - "-" "-"
13.74.85.151 - - [19/Jul/2025:22:53:14 +0000] "GET /wp-login.php HTTP/1.1" 302 - "-" "-"
13.74.85.151 - - [19/Jul/2025:22:53:14 +0000] "GET /wp-login.php HTTP/1.1" 302 - "-" "-"
13.74.85.151 - - [19/Jul/2025:22:53:14 +0000] "GET /wp-login.php HTTP/1.1" 302 - "-" "-"
13.74.85.151 - - [19/Jul/2025:22:53:15 +0000] "GET /wp-login.php HTTP/1.1" 302 - "-" "-"
13.74.85.151 - - [19/Jul/2025:22:53:15 +0000] "GET /wp-login.php HTTP/1.1" 302 - "-" "-"
13.74.85.151 - - [19/Jul/2025:22:53:15 +0000] "GET /wp-login.php HTTP/1.1" 302 - "-" "-"
13.74.85.151 - - [19/Jul/2025:22:53:16 +0000] "GET /wp-login.php HTTP/1.1" 302 - "-" "-"
13.74.85.151 - - [19/Jul/2025:22:53:16 +0000] "GET /wp-login.php HTTP/1.1" 302 - "-" "-"
13.74.85.151 - - [19/Jul/2025:22:53:16 +0000] "GET /wp-login.php HTTP/1.1" 302 - "-" "-"
13.74.85.151 - - [19/Jul/2025:22:53:16 +0000] "GET /wp-login.php HTTP/1.1" 302 - "-" "-"
13.74.85.151 - - [19/Jul/2025:22:53:17 +0000] "GET /wp-login.php HTTP/1.1" 302 - "-" "-"
13.74.85.151 - - [19/Jul/2025:22:53:17 +0000] "GET /wp-login.php HTTP/1.1" 302 - "-" "-"
13.74.85.151 - - [19/Jul/2025:22:53:17 +0000] "GET /wp-login.php HTTP/1.1" 302 - "-" "-"
13.74.85.151 - - [19/Jul/2025:22:53:17 +0000] "GET /wp-login.php HTTP/1.1" 302 - "-" "-"
13.74.85.151 - - [19/Jul/2025:22:53:18 +0000] "GET /wp-login.php HTTP/1.1" 302 - "-" "-"
13.74.85.151 - - [19/Jul/2025:22:53:18 +0000] "GET /wp-login.php HTTP/1.1" 302 - "-" "-"
13.74.85.151 - - [19/Jul/2025:22:53:18 +0000] "GET /wp-login.php HTTP/1.1" 302 - "-" "-"
13.74.85.151 - - [19/Jul/2025:22:53:19 +0000] "GET /wp-login.php HTTP/1.1" 302 - "-" "-"
13.74.85.151 - - [19/Jul/2025:22:53:19 +0000] "GET /wp-login.php HTTP/1.1" 302 - "-" "-"
13.74.85.151 - - [19/Jul/2025:22:53:19 +0000] "GET /wp-login.php HTTP/1.1" 302 - "-" "-"
13.74.85.151 - - [19/Jul/2025:22:53:19 +0000] "GET /wp-login.php HTTP/1.1" 302 - "-" "-"
13.74.85.151 - - [19/Jul/2025:22:53:20 +0000] "GET /wp-login.php HTTP/1.1" 302 - "-" "-"
13.74.85.151 - - [19/Jul/2025:22:53:20 +0000] "GET /wp-login.php HTTP/1.1" 302 - "-" "-"
13.74.85.151 - - [19/Jul/2025:22:53:20 +0000] "GET /wp-login.php HTTP/1.1" 302 - "-" "-"
13.74.85.151 - - [19/Jul/2025:22:53:20 +0000] "GET /wp-login.php HTTP/1.1" 302 - "-" "-"
192.178.6.68 - - [19/Jul/2025:22:53:36 +0000] "GET /pcmypage?callback=product/review/q-uoli-qr9262259279 HTTP/1.1" 200 86136 "-" "Mozilla/5.0 (Linux; Android 6.0.1; Nexus 5X Build/MMB29P) AppleWebKit/537.36 (KHTML, like Gecko) Chrome/137.0.7151.103 Mobile Safari/537.36 (compatible; Googlebot/2.1; +http://www.google.com/bot.html)"
20.171.207.99 - - [19/Jul/2025:22:53:38 +0000] "GET /search.php?distinct129047630.html HTTP/1.1" 200 89439 "-" "Mozilla/5.0 AppleWebKit/537.36 (KHTML, like Gecko; compatible; GPTBot/1.2; +https://openai.com/gptbot)"
192.178.6.97 - - [19/Jul/2025:22:54:16 +0000] "GET /pcmypage?callback=product/review/happysunny-da501m4-1 HTTP/1.1" 200 86878 "-" "Mozilla/5.0 (Linux; Android 6.0.1; Nexus 5X Build/MMB29P) AppleWebKit/537.36 (KHTML, like Gecko) Chrome/137.0.7151.103 Mobile Safari/537.36 (compatible; Googlebot/2.1; +http://www.google.com/bot.html)"
192.178.6.69 - - [19/Jul/2025:22:54:16 +0000] "GET /054002814.htm HTTP/1.1" 200 86210 "-" "Mozilla/5.0 (Linux; Android 6.0.1; Nexus 5X Build/MMB29P) AppleWebKit/537.36 (KHTML, like Gecko) Chrome/137.0.7151.103 Mobile Safari/537.36 (compatible; Googlebot/2.1; +http://www.google.com/bot.html)"
20.171.207.99 - - [19/Jul/2025:22:54:40 +0000] "GET /search.php?items%2F189032330.html%3Fsrsltid=AfmBOoceuqulHufXQGYphE6KTOGjkgysMoQxYO5643jm6ALxO2Lb HTTP/1.1" 200 87496 "-" "Mozilla/5.0 AppleWebKit/537.36 (KHTML, like Gecko; compatible; GPTBot/1.2; +https://openai.com/gptbot)"
192.178.6.68 - - [19/Jul/2025:22:54:56 +0000] "GET /contend/h89?pid=278 HTTP/1.1" 200 86442 "-" "Mozilla/5.0 (Linux; Android 6.0.1; Nexus 5X Build/MMB29P) AppleWebKit/537.36 (KHTML, like Gecko) Chrome/137.0.7151.103 Mobile Safari/537.36 (compatible; Googlebot/2.1; +http://www.google.com/bot.html)"
192.178.6.97 - - [19/Jul/2025:22:54:56 +0000] "GET /283002243.htm HTTP/1.1" 200 85352 "-" "Mozilla/5.0 (Linux; Android 6.0.1; Nexus 5X Build/MMB29P) AppleWebKit/537.36 (KHTML, like Gecko) Chrome/137.0.7151.103 Mobile Safari/537.36 (compatible; Googlebot/2.1; +http://www.google.com/bot.html)"
192.178.6.67 - - [19/Jul/2025:22:55:08 +0000] "GET /053009667.htm HTTP/1.1" 200 85549 "-" "Mozilla/5.0 (Linux; Android 6.0.1; Nexus 5X Build/MMB29P) AppleWebKit/537.36 (KHTML, like Gecko) Chrome/137.0.7151.103 Mobile Safari/537.36 (compatible; Googlebot/2.1; +http://www.google.com/bot.html)"
20.171.207.99 - - [19/Jul/2025:22:55:42 +0000] "GET /search.php?m060000978%3Fsrsltid=AfmBOobBPQuVExKzfxlArW_wpZ70SDKpG_4NzeD5R4-M-f6VS3RBHc HTTP/1.1" 200 86769 "-" "Mozilla/5.0 AppleWebKit/537.36 (KHTML, like Gecko; compatible; GPTBot/1.2; +https://openai.com/gptbot)"
192.178.6.69 - - [19/Jul/2025:22:56:09 +0000] "GET /075042421.htm HTTP/1.1" 200 85285 "-" "Mozilla/5.0 (Linux; Android 6.0.1; Nexus 5X Build/MMB29P) AppleWebKit/537.36 (KHTML, like Gecko) Chrome/137.0.7151.103 Mobile Safari/537.36 (compatible; Googlebot/2.1; +http://www.google.com/bot.html)"
20.171.207.99 - - [19/Jul/2025:22:56:47 +0000] "GET /search.php?musician186049531.html HTTP/1.1" 200 86607 "-" "Mozilla/5.0 AppleWebKit/537.36 (KHTML, like Gecko; compatible; GPTBot/1.2; +https://openai.com/gptbot)"
209.74.77.214 - - [19/Jul/2025:22:57:03 +0000] "POST /wp-cron.php?doing_wp_cron=1752965823.7386469841003417968750 HTTP/1.1" 403 33 "-" "WordPress/6.8.2; https://topflowroofingplumbing.com.au"
2a03:2880:f800:1b:: - - [19/Jul/2025:22:57:02 +0000] "GET /shopdetail/379840052 HTTP/1.1" 404 11694 "-" "meta-externalagent/1.1 (+https://developers.facebook.com/docs/sharing/webmasters/crawler)"
192.178.6.65 - - [19/Jul/2025:22:57:36 +0000] "GET /pcmypage?callback=product%2Fdetail%2Fgolfpartner-2100370950948 HTTP/1.1" 200 85840 "-" "Mozilla/5.0 (Linux; Android 6.0.1; Nexus 5X Build/MMB29P) AppleWebKit/537.36 (KHTML, like Gecko) Chrome/137.0.7151.103 Mobile Safari/537.36 (compatible; Googlebot/2.1; +http://www.google.com/bot.html)"
192.178.6.66 - - [19/Jul/2025:22:57:36 +0000] "GET /search?category=20038&search_word= HTTP/1.1" 200 85986 "-" "Mozilla/5.0 (Linux; Android 6.0.1; Nexus 5X Build/MMB29P) AppleWebKit/537.36 (KHTML, like Gecko) Chrome/137.0.7151.103 Mobile Safari/537.36 (compatible; Googlebot/2.1; +http://www.google.com/bot.html)"
20.171.207.99 - - [19/Jul/2025:22:57:50 +0000] "GET /search.php?discover139036328.html HTTP/1.1" 200 86783 "-" "Mozilla/5.0 AppleWebKit/537.36 (KHTML, like Gecko; compatible; GPTBot/1.2; +https://openai.com/gptbot)"
192.178.6.97 - - [19/Jul/2025:22:58:30 +0000] "GET /258021094.htm HTTP/1.1" 200 86253 "-" "Mozilla/5.0 (Linux; Android 6.0.1; Nexus 5X Build/MMB29P) AppleWebKit/537.36 (KHTML, like Gecko) Chrome/137.0.7151.103 Mobile Safari/537.36 (compatible; Googlebot/2.1; +http://www.google.com/bot.html)"
192.178.6.65 - - [19/Jul/2025:22:58:30 +0000] "GET /057000391.htm HTTP/1.1" 200 85796 "-" "Mozilla/5.0 (Linux; Android 6.0.1; Nexus 5X Build/MMB29P) AppleWebKit/537.36 (KHTML, like Gecko) Chrome/137.0.7151.103 Mobile Safari/537.36 (compatible; Googlebot/2.1; +http://www.google.com/bot.html)"
20.171.207.99 - - [19/Jul/2025:22:58:51 +0000] "GET /search.php?terribly240038951.html HTTP/1.1" 200 86423 "-" "Mozilla/5.0 AppleWebKit/537.36 (KHTML, like Gecko; compatible; GPTBot/1.2; +https://openai.com/gptbot)"
192.178.6.67 - - [19/Jul/2025:22:59:49 +0000] "GET /057000377.htm HTTP/1.1" 200 86194 "-" "Mozilla/5.0 (Linux; Android 6.0.1; Nexus 5X Build/MMB29P) AppleWebKit/537.36 (KHTML, like Gecko) Chrome/137.0.7151.103 Mobile Safari/537.36 (compatible; Googlebot/2.1; +http://www.google.com/bot.html)"
20.171.207.99 - - [19/Jul/2025:22:59:53 +0000] "GET /search.php?tragedy129037588.html HTTP/1.1" 200 89150 "-" "Mozilla/5.0 AppleWebKit/537.36 (KHTML, like Gecko; compatible; GPTBot/1.2; +https://openai.com/gptbot)"
192.178.6.66 - - [19/Jul/2025:23:00:29 +0000] "GET /pcmypage?callback=/product%2Fdetail%2seikatu-souko-usdm-0114-1180 HTTP/1.1" 200 86741 "-" "Mozilla/5.0 (Linux; Android 6.0.1; Nexus 5X Build/MMB29P) AppleWebKit/537.36 (KHTML, like Gecko) Chrome/137.0.7151.103 Mobile Safari/537.36 (compatible; Googlebot/2.1; +http://www.google.com/bot.html)"
192.178.6.97 - - [19/Jul/2025:23:00:30 +0000] "GET /216028054.htm HTTP/1.1" 200 86660 "-" "Mozilla/5.0 (Linux; Android 6.0.1; Nexus 5X Build/MMB29P) AppleWebKit/537.36 (KHTML, like Gecko) Chrome/137.0.7151.103 Mobile Safari/537.36 (compatible; Googlebot/2.1; +http://www.google.com/bot.html)"
20.171.207.99 - - [19/Jul/2025:23:00:54 +0000] "GET /search.php?theology129037586.html HTTP/1.1" 200 87896 "-" "Mozilla/5.0 AppleWebKit/537.36 (KHTML, like Gecko; compatible; GPTBot/1.2; +https://openai.com/gptbot)"
192.178.6.66 - - [19/Jul/2025:23:01:14 +0000] "GET /009015549.htm HTTP/1.1" 200 86238 "-" "Mozilla/5.0 (Linux; Android 6.0.1; Nexus 5X Build/MMB29P) AppleWebKit/537.36 (KHTML, like Gecko) Chrome/137.0.7151.103 Mobile Safari/537.36 (compatible; Googlebot/2.1; +http://www.google.com/bot.html)"
20.171.207.99 - - [19/Jul/2025:23:01:56 +0000] "GET /search.php?tragedy193042566.html HTTP/1.1" 200 87012 "-" "Mozilla/5.0 AppleWebKit/537.36 (KHTML, like Gecko; compatible; GPTBot/1.2; +https://openai.com/gptbot)"
192.178.6.67 - - [19/Jul/2025:23:02:15 +0000] "GET /pcmypage?callback=product%2Fdetail%2Ftai-spo-ba-23-1 HTTP/1.1" 200 86271 "-" "Mozilla/5.0 (Linux; Android 6.0.1; Nexus 5X Build/MMB29P) AppleWebKit/537.36 (KHTML, like Gecko) Chrome/137.0.7151.103 Mobile Safari/537.36 (compatible; Googlebot/2.1; +http://www.google.com/bot.html)"
173.208.153.154 - - [19/Jul/2025:23:02:50 +0000] "GET /wp-includes/wp-configs.php HTTP/1.1" 200 26 "https://topflowroofingplumbing.com.au/wp-includes/wp-configs.php" "Mozilla/4.0 (compatible; GoogleToolbar 5.0.2124.2070; Windows 6.0; MSIE 8.0.6001.18241)"
20.171.207.99 - - [19/Jul/2025:23:03:02 +0000] "GET /search.php?items%2F058000495.html%3Fsrsltid=AfmBOoslrJYUoAgjflofEwSFILOVMBQL653LEnUBHyXIJQklrJqL HTTP/1.1" 200 87530 "-" "Mozilla/5.0 AppleWebKit/537.36 (KHTML, like Gecko; compatible; GPTBot/1.2; +https://openai.com/gptbot)"
192.178.6.69 - - [19/Jul/2025:23:03:16 +0000] "GET /118024524.htm HTTP/1.1" 200 86053 "-" "Mozilla/5.0 (Linux; Android 6.0.1; Nexus 5X Build/MMB29P) AppleWebKit/537.36 (KHTML, like Gecko) Chrome/137.0.7151.103 Mobile Safari/537.36 (compatible; Googlebot/2.1; +http://www.google.com/bot.html)"
20.171.207.99 - - [19/Jul/2025:23:04:04 +0000] "GET /search.php?exciting186049193.html HTTP/1.1" 200 86719 "-" "Mozilla/5.0 AppleWebKit/537.36 (KHTML, like Gecko; compatible; GPTBot/1.2; +https://openai.com/gptbot)"
192.178.6.96 - - [19/Jul/2025:23:04:45 +0000] "GET /070005288.htm HTTP/1.1" 200 85953 "-" "Mozilla/5.0 (Linux; Android 6.0.1; Nexus 5X Build/MMB29P) AppleWebKit/537.36 (KHTML, like Gecko) Chrome/137.0.7151.103 Mobile Safari/537.36 (compatible; Googlebot/2.1; +http://www.google.com/bot.html)"
192.178.6.97 - - [19/Jul/2025:23:04:44 +0000] "GET /pcmypage?callback=product%2Fdetail%2Ftuzukiya-m202-63242 HTTP/1.1" 200 85765 "-" "Mozilla/5.0 (Linux; Android 6.0.1; Nexus 5X Build/MMB29P) AppleWebKit/537.36 (KHTML, like Gecko) Chrome/137.0.7151.103 Mobile Safari/537.36 (compatible; Googlebot/2.1; +http://www.google.com/bot.html)"
192.178.6.97 - - [19/Jul/2025:23:04:45 +0000] "GET /245003957.htm HTTP/1.1" 200 85501 "-" "Mozilla/5.0 (Linux; Android 6.0.1; Nexus 5X Build/MMB29P) AppleWebKit/537.36 (KHTML, like Gecko) Chrome/137.0.7151.103 Mobile Safari/537.36 (compatible; Googlebot/2.1; +http://www.google.com/bot.html)"
192.178.6.67 - - [19/Jul/2025:23:04:45 +0000] "GET /pcmypage?callback=product/review/golfpartner-2100370950948 HTTP/1.1" 200 86142 "-" "Mozilla/5.0 (Linux; Android 6.0.1; Nexus 5X Build/MMB29P) AppleWebKit/537.36 (KHTML, like Gecko) Chrome/137.0.7151.103 Mobile Safari/537.36 (compatible; Googlebot/2.1; +http://www.google.com/bot.html)"
20.171.207.99 - - [19/Jul/2025:23:05:07 +0000] "GET /search.php?m288031058%3Fsrsltid=AfmBOoUwdoKZxWSku3QJhJ_LSk8kJP8fp_p2o2YXoy-P-Zq8nZEFNP HTTP/1.1" 200 87014 "-" "Mozilla/5.0 AppleWebKit/537.36 (KHTML, like Gecko; compatible; GPTBot/1.2; +https://openai.com/gptbot)"
192.178.6.67 - - [19/Jul/2025:23:05:57 +0000] "GET /051000607.htm HTTP/1.1" 200 87267 "-" "Mozilla/5.0 (Linux; Android 6.0.1; Nexus 5X Build/MMB29P) AppleWebKit/537.36 (KHTML, like Gecko) Chrome/137.0.7151.103 Mobile Safari/537.36 (compatible; Googlebot/2.1; +http://www.google.com/bot.html)"
20.171.207.99 - - [19/Jul/2025:23:06:10 +0000] "GET /search.php?precious289037460.html HTTP/1.1" 200 86883 "-" "Mozilla/5.0 AppleWebKit/537.36 (KHTML, like Gecko; compatible; GPTBot/1.2; +https://openai.com/gptbot)"
209.74.77.214 - - [19/Jul/2025:23:06:14 +0000] "POST /wp-cron.php?doing_wp_cron=1752966373.8499960899353027343750 HTTP/1.1" 403 33 "-" "WordPress/6.8.2; https://topflowroofingplumbing.com.au"
209.74.77.214 - - [19/Jul/2025:23:06:14 +0000] "POST /wp-cron.php?doing_wp_cron=1752966373.8503549098968505859375 HTTP/1.1" 403 33 "-" "WordPress/6.8.2; https://topflowroofingplumbing.com.au"
2a03:2880:f800:f:: - - [19/Jul/2025:23:06:09 +0000] "GET /shopbrand/352143930 HTTP/1.1" 404 11694 "-" "meta-externalagent/1.1 (+https://developers.facebook.com/docs/sharing/webmasters/crawler)"
2a03:2880:f800:2:: - - [19/Jul/2025:23:06:11 +0000] "GET /shopbrand/193961041 HTTP/1.1" 404 11694 "-" "meta-externalagent/1.1 (+https://developers.facebook.com/docs/sharing/webmasters/crawler)"
172.200.246.121 - - [19/Jul/2025:23:06:17 +0000] "GET / HTTP/1.1" 200 17490 "-" "-"
192.178.6.68 - - [19/Jul/2025:23:06:27 +0000] "GET /051000609.htm HTTP/1.1" 200 86603 "-" "Mozilla/5.0 (Linux; Android 6.0.1; Nexus 5X Build/MMB29P) AppleWebKit/537.36 (KHTML, like Gecko) Chrome/137.0.7151.103 Mobile Safari/537.36 (compatible; Googlebot/2.1; +http://www.google.com/bot.html)"
2a03:2880:f800:4:: - - [19/Jul/2025:23:06:45 +0000] "GET /shopbrand/193904365 HTTP/1.1" 500 1004 "-" "meta-externalagent/1.1 (+https://developers.facebook.com/docs/sharing/webmasters/crawler)"
2a03:2880:f800:6:: - - [19/Jul/2025:23:09:08 +0000] "GET /shopbrand/193856524 HTTP/1.1" 500 1004 "-" "meta-externalagent/1.1 (+https://developers.facebook.com/docs/sharing/webmasters/crawler)"
2a03:2880:f800:13:: - - [19/Jul/2025:23:09:08 +0000] "GET /shopbrand/352107349 HTTP/1.1" 500 1004 "-" "meta-externalagent/1.1 (+https://developers.facebook.com/docs/sharing/webmasters/crawler)"
2a03:2880:f800:13:: - - [19/Jul/2025:23:06:45 +0000] "GET /shopbrand/352123330 HTTP/1.1" 500 1004 "-" "meta-externalagent/1.1 (+https://developers.facebook.com/docs/sharing/webmasters/crawler)"
2a03:2880:f800:c:: - - [19/Jul/2025:23:09:08 +0000] "GET /shopbrand/180788321 HTTP/1.1" 500 1004 "-" "meta-externalagent/1.1 (+https://developers.facebook.com/docs/sharing/webmasters/crawler)"
192.178.6.97 - - [19/Jul/2025:23:09:08 +0000] "GET /pcmypage?callback=product/review/backlash-4571484499865 HTTP/1.1" 200 86483 "-" "Mozilla/5.0 (Linux; Android 6.0.1; Nexus 5X Build/MMB29P) AppleWebKit/537.36 (KHTML, like Gecko) Chrome/137.0.7151.103 Mobile Safari/537.36 (compatible; Googlebot/2.1; +http://www.google.com/bot.html)"
192.178.6.68 - - [19/Jul/2025:23:09:08 +0000] "GET /146048108.htm HTTP/1.1" 200 85930 "-" "Mozilla/5.0 (Linux; Android 6.0.1; Nexus 5X Build/MMB29P) AppleWebKit/537.36 (KHTML, like Gecko) Chrome/137.0.7151.103 Mobile Safari/537.36 (compatible; Googlebot/2.1; +http://www.google.com/bot.html)"
20.171.207.99 - - [19/Jul/2025:23:09:08 +0000] "GET /search.php?monitor193042570.html HTTP/1.1" 200 83201 "-" "Mozilla/5.0 AppleWebKit/537.36 (KHTML, like Gecko; compatible; GPTBot/1.2; +https://openai.com/gptbot)"
192.178.6.97 - - [19/Jul/2025:23:09:08 +0000] "GET /pcmypage?callback=product/review/ganbariya-106-5084 HTTP/1.1" 200 86465 "-" "Mozilla/5.0 (Linux; Android 6.0.1; Nexus 5X Build/MMB29P) AppleWebKit/537.36 (KHTML, like Gecko) Chrome/137.0.7151.103 Mobile Safari/537.36 (compatible; Googlebot/2.1; +http://www.google.com/bot.html)"
192.178.6.65 - - [19/Jul/2025:23:09:09 +0000] "GET /pcmypage?callback=product/review/nanos-sr-4550414316311 HTTP/1.1" 200 85862 "-" "Mozilla/5.0 (Linux; Android 6.0.1; Nexus 5X Build/MMB29P) AppleWebKit/537.36 (KHTML, like Gecko) Chrome/137.0.7151.103 Mobile Safari/537.36 (compatible; Googlebot/2.1; +http://www.google.com/bot.html)"
192.178.6.65 - - [19/Jul/2025:23:09:10 +0000] "GET /269028057.htm HTTP/1.1" 200 85887 "-" "Mozilla/5.0 (Linux; Android 6.0.1; Nexus 5X Build/MMB29P) AppleWebKit/537.36 (KHTML, like Gecko) Chrome/137.0.7151.103 Mobile Safari/537.36 (compatible; Googlebot/2.1; +http://www.google.com/bot.html)"
192.178.6.96 - - [19/Jul/2025:23:09:10 +0000] "GET /shopbrand/506939 HTTP/1.1" 200 85710 "-" "Mozilla/5.0 (Linux; Android 6.0.1; Nexus 5X Build/MMB29P) AppleWebKit/537.36 (KHTML, like Gecko) Chrome/137.0.7151.103 Mobile Safari/537.36 (compatible; Googlebot/2.1; +http://www.google.com/bot.html)"
20.171.207.99 - - [19/Jul/2025:23:09:24 +0000] "GET /search.php?freedom186049531.html HTTP/1.1" 200 86801 "-" "Mozilla/5.0 AppleWebKit/537.36 (KHTML, like Gecko; compatible; GPTBot/1.2; +https://openai.com/gptbot)"
20.171.207.99 - - [19/Jul/2025:23:10:30 +0000] "GET /search.php?product/edit/rcmdva-tm-2098708 HTTP/1.1" 200 86815 "-" "Mozilla/5.0 AppleWebKit/537.36 (KHTML, like Gecko; compatible; GPTBot/1.2; +https://openai.com/gptbot)"
192.178.6.65 - - [19/Jul/2025:23:10:39 +0000] "GET /pcmypage?callback=product%2Fdetail%2Fomatsuri-life2-hb00p76fdm2 HTTP/1.1" 200 85875 "-" "Mozilla/5.0 (Linux; Android 6.0.1; Nexus 5X Build/MMB29P) AppleWebKit/537.36 (KHTML, like Gecko) Chrome/137.0.7151.103 Mobile Safari/537.36 (compatible; Googlebot/2.1; +http://www.google.com/bot.html)"
192.178.6.66 - - [19/Jul/2025:23:11:04 +0000] "GET /206049040.htm HTTP/1.1" 200 86918 "-" "Mozilla/5.0 (Linux; Android 6.0.1; Nexus 5X Build/MMB29P) AppleWebKit/537.36 (KHTML, like Gecko) Chrome/137.0.7151.103 Mobile Safari/537.36 (compatible; Googlebot/2.1; +http://www.google.com/bot.html)"
192.178.6.66 - - [19/Jul/2025:23:11:09 +0000] "GET /pcmypage?callback=product/review/omatsuri-life2-hb00p76fdm2 HTTP/1.1" 200 85418 "-" "Mozilla/5.0 (Linux; Android 6.0.1; Nexus 5X Build/MMB29P) AppleWebKit/537.36 (KHTML, like Gecko) Chrome/137.0.7151.103 Mobile Safari/537.36 (compatible; Googlebot/2.1; +http://www.google.com/bot.html)"
20.171.207.99 - - [19/Jul/2025:23:11:35 +0000] "GET /search.php?outsider063037842.html HTTP/1.1" 200 87448 "-" "Mozilla/5.0 AppleWebKit/537.36 (KHTML, like Gecko; compatible; GPTBot/1.2; +https://openai.com/gptbot)"
192.178.6.65 - - [19/Jul/2025:23:11:40 +0000] "GET /pcmypage?callback=product%2Fdetail%2Flaplagekobe-c31887-us95-27 HTTP/1.1" 200 86145 "-" "Mozilla/5.0 (Linux; Android 6.0.1; Nexus 5X Build/MMB29P) AppleWebKit/537.36 (KHTML, like Gecko) Chrome/137.0.7151.103 Mobile Safari/537.36 (compatible; Googlebot/2.1; +http://www.google.com/bot.html)"
20.171.207.99 - - [19/Jul/2025:23:12:40 +0000] "GET /search.php?prevail186042793.html HTTP/1.1" 200 87041 "-" "Mozilla/5.0 AppleWebKit/537.36 (KHTML, like Gecko; compatible; GPTBot/1.2; +https://openai.com/gptbot)"
192.178.6.67 - - [19/Jul/2025:23:12:48 +0000] "GET /pcmypage?callback=product/review/ragtag-0701724s0004 HTTP/1.1" 200 85491 "-" "Mozilla/5.0 (Linux; Android 6.0.1; Nexus 5X Build/MMB29P) AppleWebKit/537.36 (KHTML, like Gecko) Chrome/137.0.7151.103 Mobile Safari/537.36 (compatible; Googlebot/2.1; +http://www.google.com/bot.html)"
192.178.6.66 - - [19/Jul/2025:23:12:49 +0000] "GET /216028848.htm HTTP/1.1" 200 86748 "-" "Mozilla/5.0 (Linux; Android 6.0.1; Nexus 5X Build/MMB29P) AppleWebKit/537.36 (KHTML, like Gecko) Chrome/137.0.7151.103 Mobile Safari/537.36 (compatible; Googlebot/2.1; +http://www.google.com/bot.html)"
192.178.6.66 - - [19/Jul/2025:23:13:27 +0000] "GET /pcmypage?callback=product%2Fdetail%2Fsugarlight-gr-e99narrq4j HTTP/1.1" 200 85696 "-" "Mozilla/5.0 (Linux; Android 6.0.1; Nexus 5X Build/MMB29P) AppleWebKit/537.36 (KHTML, like Gecko) Chrome/137.0.7151.103 Mobile Safari/537.36 (compatible; Googlebot/2.1; +http://www.google.com/bot.html)"
20.171.207.99 - - [19/Jul/2025:23:13:46 +0000] "GET /search.php?village129047630.html HTTP/1.1" 200 87064 "-" "Mozilla/5.0 AppleWebKit/537.36 (KHTML, like Gecko; compatible; GPTBot/1.2; +https://openai.com/gptbot)"
192.178.6.66 - - [19/Jul/2025:23:14:28 +0000] "GET /pcmypage?callback=/product%2Fdetail%2iryosyoku-alpharice-shiro50 HTTP/1.1" 200 85912 "-" "Mozilla/5.0 (Linux; Android 6.0.1; Nexus 5X Build/MMB29P) AppleWebKit/537.36 (KHTML, like Gecko) Chrome/137.0.7151.103 Mobile Safari/537.36 (compatible; Googlebot/2.1; +http://www.google.com/bot.html)"
192.178.6.65 - - [19/Jul/2025:23:14:30 +0000] "GET /search?category=416&search_word= HTTP/1.1" 200 85417 "-" "Mozilla/5.0 (Linux; Android 6.0.1; Nexus 5X Build/MMB29P) AppleWebKit/537.36 (KHTML, like Gecko) Chrome/137.0.7151.103 Mobile Safari/537.36 (compatible; Googlebot/2.1; +http://www.google.com/bot.html)"
20.171.207.99 - - [19/Jul/2025:23:14:50 +0000] "GET /search.php?evidence237014978.html HTTP/1.1" 200 87429 "-" "Mozilla/5.0 AppleWebKit/537.36 (KHTML, like Gecko; compatible; GPTBot/1.2; +https://openai.com/gptbot)"
192.178.6.67 - - [19/Jul/2025:23:15:29 +0000] "GET /pcmypage?callback=product/review/sugarlight-gr-e99narrq4j HTTP/1.1" 200 85935 "-" "Mozilla/5.0 (Linux; Android 6.0.1; Nexus 5X Build/MMB29P) AppleWebKit/537.36 (KHTML, like Gecko) Chrome/137.0.7151.103 Mobile Safari/537.36 (compatible; Googlebot/2.1; +http://www.google.com/bot.html)"
20.171.207.99 - - [19/Jul/2025:23:15:52 +0000] "GET /search.php?exciting186049193.html HTTP/1.1" 200 86384 "-" "Mozilla/5.0 AppleWebKit/537.36 (KHTML, like Gecko; compatible; GPTBot/1.2; +https://openai.com/gptbot)"
192.178.6.67 - - [19/Jul/2025:23:16:30 +0000] "GET /pcmypage?callback=product%2Fdetail%2Focc-netshop-g1011-53-005 HTTP/1.1" 200 86191 "-" "Mozilla/5.0 (Linux; Android 6.0.1; Nexus 5X Build/MMB29P) AppleWebKit/537.36 (KHTML, like Gecko) Chrome/137.0.7151.103 Mobile Safari/537.36 (compatible; Googlebot/2.1; +http://www.google.com/bot.html)"
20.171.207.99 - - [19/Jul/2025:23:16:57 +0000] "GET /search.php?diamond035048178.html HTTP/1.1" 200 86617 "-" "Mozilla/5.0 AppleWebKit/537.36 (KHTML, like Gecko; compatible; GPTBot/1.2; +https://openai.com/gptbot)"
20.171.207.99 - - [19/Jul/2025:23:17:58 +0000] "GET /search.php?governor026014725.html HTTP/1.1" 200 86866 "-" "Mozilla/5.0 AppleWebKit/537.36 (KHTML, like Gecko; compatible; GPTBot/1.2; +https://openai.com/gptbot)"
192.178.6.98 - - [19/Jul/2025:23:18:31 +0000] "GET /pcmypage?callback=product%2Fdetail%2Fcometostore-sb002ka7cl8 HTTP/1.1" 200 85346 "-" "Mozilla/5.0 (Linux; Android 6.0.1; Nexus 5X Build/MMB29P) AppleWebKit/537.36 (KHTML, like Gecko) Chrome/137.0.7151.103 Mobile Safari/537.36 (compatible; Googlebot/2.1; +http://www.google.com/bot.html)"
192.178.6.99 - - [19/Jul/2025:23:18:31 +0000] "GET /001001047.htm HTTP/1.1" 200 85549 "-" "Mozilla/5.0 (Linux; Android 6.0.1; Nexus 5X Build/MMB29P) AppleWebKit/537.36 (KHTML, like Gecko) Chrome/137.0.7151.103 Mobile Safari/537.36 (compatible; Googlebot/2.1; +http://www.google.com/bot.html)"
20.171.207.99 - - [19/Jul/2025:23:19:01 +0000] "GET /search.php?complain193042570.html HTTP/1.1" 200 87637 "-" "Mozilla/5.0 AppleWebKit/537.36 (KHTML, like Gecko; compatible; GPTBot/1.2; +https://openai.com/gptbot)"
