209.74.77.214 - - [20/Jul/2025:02:13:44 +0000] "POST /wp-cron.php?doing_wp_cron=1752977624.1086499691009521484375 HTTP/1.1" 403 33 "-" "WordPress/6.8.2; https://topflowroofingplumbing.com.au"
209.74.77.214 - - [20/Jul/2025:02:13:44 +0000] "POST /wp-cron.php?doing_wp_cron=1752977624.2390770912170410156250 HTTP/1.1" 403 33 "-" "WordPress/6.8.2; https://topflowroofingplumbing.com.au"
81.17.18.98 - - [20/Jul/2025:02:13:42 +0000] "GET //topflowroofingplumbing.com.au/wp-content/themes/homlane/assets/js/jQuery.style.switcher.min.js HTTP/1.1" 301 - "-" "Mozilla/5.0 (Linux; Android 9; STF-L09) AppleWebKit/537.36 (KHTML, like Gecko) Chrome/76.0.3809.111 Mobile Safari/537.36"
81.17.18.98 - - [20/Jul/2025:02:13:42 +0000] "GET //topflowroofingplumbing.com.au/wp-content/themes/homlane/assets/js/jquery.magnific-popup.min.js HTTP/1.1" 301 - "-" "Mozilla/5.0 (Macintosh; Intel Mac OS X 10_14_6) AppleWebKit/537.36 (KHTML, like Gecko) Chrome/74.0.3729.169 YaBrowser/19.6.0.1583 Yowser/2.5 Safari/537.36"
192.178.6.105 - - [20/Jul/2025:02:13:50 +0000] "GET /242026586.htm HTTP/1.1" 200 86737 "-" "Mozilla/5.0 (Linux; Android 6.0.1; Nexus 5X Build/MMB29P) AppleWebKit/537.36 (KHTML, like Gecko) Chrome/137.0.7151.103 Mobile Safari/537.36 (compatible; Googlebot/2.1; +http://www.google.com/bot.html)"
192.178.6.97 - - [20/Jul/2025:02:14:07 +0000] "GET /013002199.htm HTTP/1.1" 200 87462 "-" "Mozilla/5.0 (Linux; Android 6.0.1; Nexus 5X Build/MMB29P) AppleWebKit/537.36 (KHTML, like Gecko) Chrome/137.0.7151.103 Mobile Safari/537.36 (compatible; Googlebot/2.1; +http://www.google.com/bot.html)"
81.17.18.98 - - [20/Jul/2025:02:14:17 +0000] "GET //link.msgsndr.com/js/form_embed.js HTTP/1.1" 301 - "-" "Mozilla/5.0 (X11; Linux x86_64) AppleWebKit/535.1 (KHTML, like Gecko) Chrome/13.0.782.20 Safari/535.1"
81.17.18.98 - - [20/Jul/2025:02:14:17 +0000] "GET //topflowroofingplumbing.com.au/wp-content/plugins/elementor/assets/js/frontend.min.js HTTP/1.1" 200 33 "-" "Mozilla/5.0 (Windows NT 6.1) AppleWebKit/537.36 (KHTML, like Gecko) baidu.sogo.uc.Chrome/36.0.1985.125 Safari/537.36"
81.17.18.98 - - [20/Jul/2025:02:14:17 +0000] "GET //topflowroofingplumbing.com.au/wp-content/plugins/contact-form-7/includes/js/index.js HTTP/1.1" 301 - "-" "Mozilla/5.0 (Linux; Android 9; CLT-L29) AppleWebKit/537.36 (KHTML, like Gecko) Chrome/76.0.3809.111 Mobile Safari/537.36"
81.17.18.98 - - [20/Jul/2025:02:14:17 +0000] "GET //topflowroofingplumbing.com.au/wp-content/plugins/contact-form-7/includes/swv/js/index.js HTTP/1.1" 301 - "-" "Mozilla/5.0 (Windows NT 6.1; Win64; x64) AppleWebKit/537.36 (KHTML, like Gecko) Chrome/73.0.3683.86 Safari/537.36"
81.17.18.98 - - [20/Jul/2025:02:14:17 +0000] "GET //topflowroofingplumbing.com.au/wp-content/themes/homlane/assets/js/bootstrap-select.min.js HTTP/1.1" 301 - "-" "Mozilla/4.0 (compatible; MSIE 7.0; Windows Phone OS 7.0; Trident/3.1; IEMobile/7.0) Asus;Galaxy6"
81.17.18.98 - - [20/Jul/2025:02:14:17 +0000] "GET //topflowroofingplumbing.com.au/wp-content/plugins/elementor-pro/assets/js/elements-handlers.min.js HTTP/1.1" 301 - "-" "Mozilla/5.0 (Macintosh; Intel Mac OS X 10_13_4) AppleWebKit/537.36 (KHTML, like Gecko) Chrome/76.0.3809.100 Safari/537.36"
81.17.18.98 - - [20/Jul/2025:02:14:17 +0000] "GET //topflowroofingplumbing.com.au/wp-content/themes/homlane/assets/js/TweenMax.min.js HTTP/1.1" 301 - "-" "Mozilla/5.0 (Linux; Android 5.1.1; A37f Build/LMY47V) AppleWebKit/537.36 (KHTML, like Gecko) Chrome/66.0.3359.126 Mobile Safari/537.36"
81.17.18.98 - - [20/Jul/2025:02:14:17 +0000] "GET //topflowroofingplumbing.com.au/wp-content/plugins/elementor-pro/assets/js/frontend.min.js HTTP/1.1" 301 - "-" "MOT-V9mm/00.62 UP.Browser/6.2.3.4.c.1.123 (GUI) MMP/2.0"
81.17.18.98 - - [20/Jul/2025:02:14:17 +0000] "GET //topflowroofingplumbing.com.au/wp-content/plugins/elementor/assets/js/frontend-modules.min.js HTTP/1.1" 301 - "-" "Mozilla/4.0 (compatible; MSIE 5.5; Windows 98; Win 9x 4.90)"
81.17.18.98 - - [20/Jul/2025:02:14:17 +0000] "GET //topflowroofingplumbing.com.au/wp-content/themes/homlane/assets/js/aos.js HTTP/1.1" 301 - "-" "Nokia6630/1.0 (2.3.129) SymbianOS/8.0 Series60/2.6 Profile/MIDP-2.0 Configuration/CLDC-1.1"
81.17.18.98 - - [20/Jul/2025:02:14:17 +0000] "GET //topflowroofingplumbing.com.au/wp-content/plugins/elementor-pro/assets/js/webpack-pro.runtime.min.js HTTP/1.1" 301 - "-" "Mozilla/5.0 (Windows NT 6.1; Win64; rv:68.0) Gecko/20100101 Firefox/68.0"
81.17.18.98 - - [20/Jul/2025:02:14:17 +0000] "GET //topflowroofingplumbing.com.au/wp-content/themes/homlane/assets/js/jquery.fancybox.js HTTP/1.1" 301 - "-" "Mozilla/5.0 (Windows Phone 8.1; ARM; Trident/7.0; Touch; rv:11.0; IEMobile/11.0; NOKIA; Lumia 920) like Gecko"
81.17.18.98 - - [20/Jul/2025:02:14:17 +0000] "GET //topflowroofingplumbing.com.au/wp-content/themes/homlane/assets/js/bootstrap.bundle.min.js HTTP/1.1" 301 - "-" "Mozilla/5.0 (Macintosh; Intel Mac OS X 10_13_6) AppleWebKit/537.36 (KHTML, like Gecko) Chrome/77.0.3865.19 Safari/537.36"
81.17.18.98 - - [20/Jul/2025:02:14:17 +0000] "GET //topflowroofingplumbing.com.au/wp-content/themes/homlane/assets/js/appear.js HTTP/1.1" 301 - "-" "Mozilla/5.0 (X11; Linux i686) AppleWebKit/537.22 (KHTML like Gecko) Ubuntu Chromium/25.0.1364.160 Chrome/25.0.1364.160 Safari/537.22"
81.17.18.98 - - [20/Jul/2025:02:14:17 +0000] "GET //topflowroofingplumbing.com.au/wp-content/plugins/elementor/assets/js/webpack.runtime.min.js HTTP/1.1" 301 - "-" "Mozilla/5.0 (Windows NT 6.1; WOW64; rv:41.0) Gecko/20100101 Firefox/41.0"
81.17.18.98 - - [20/Jul/2025:02:14:17 +0000] "GET //topflowroofingplumbing.com.au/wp-content/themes/homlane/assets/js/jquery.bootstrap-touchspin.js HTTP/1.1" 301 - "-" "Mozilla/5.0 (Macintosh; Intel Mac OS X 10_14_6) AppleWebKit/537.36 (KHTML, like Gecko) Chrome/78.0.3880.4 Safari/537.36"
81.17.18.98 - - [20/Jul/2025:02:14:17 +0000] "GET //topflowroofingplumbing.com.au/wp-content/themes/homlane/assets/js/jquery-ui.js HTTP/1.1" 301 - "-" "Mozilla/5.0 (Linux; Android 9; GM1917) AppleWebKit/537.36 (KHTML, like Gecko) Chrome/76.0.3809.111 Mobile Safari/537.36"
81.17.18.98 - - [20/Jul/2025:02:14:17 +0000] "GET //topflowroofingplumbing.com.au/wp-content/themes/homlane/assets/js/slick.js HTTP/1.1" 301 - "-" "Mozilla/5.0 (Macintosh; Intel Mac OS X 10_14_3) AppleWebKit/537.36 (KHTML, like Gecko) Chrome/72.0.3626.121 Safari/537.36"
81.17.18.98 - - [20/Jul/2025:02:14:17 +0000] "GET //topflowroofingplumbing.com.au/wp-content/themes/homlane/assets/js/jquery.tinyscrollbar.js HTTP/1.1" 301 - "-" "Mozilla/5.0 (Windows NT 10.0; WOW64) AppleWebKit/537.36 (KHTML, like Gecko) Chrome/75.0.3770.145 Safari/537.36 Vivaldi/2.6.1566.49"
81.17.18.98 - - [20/Jul/2025:02:14:17 +0000] "GET //topflowroofingplumbing.com.au/wp-content/themes/homlane/assets/js/validation.js HTTP/1.1" 301 - "-" "Mozilla/5.0 (compatible; MSIE 9.0; Windows NT 6.0; Win64; x64; Trident/5.0; .NET CLR 3.7.50745; Media Center PC 6.0; Zune 4.7; .NET4.0C; en-MT)"
81.17.18.98 - - [20/Jul/2025:02:14:17 +0000] "GET //topflowroofingplumbing.com.au/wp-includes/js/dist/i18n.min.js HTTP/1.1" 301 - "-" "Mozilla/5.0 (Linux; Android 6.0; Lenovo A7000-a Build/MRA58K) AppleWebKit/537.36 (KHTML, like Gecko) Chrome/67.0.3396.87 Mobile Safari/537.36"
81.17.18.98 - - [20/Jul/2025:02:14:17 +0000] "GET //topflowroofingplumbing.com.au/wp-content/themes/homlane/assets/js/jquery.easing.min.js HTTP/1.1" 301 - "-" "SonyEricssonW580i/R6BC Browser/NetFront/3.3 Profile/MIDP-2.0 Configuration/CLDC-1.1"
81.17.18.98 - - [20/Jul/2025:02:14:17 +0000] "GET //topflowroofingplumbing.com.au/wp-content/themes/homlane/assets/js/isotope.js HTTP/1.1" 301 - "-" "Mozilla/5.0 (X11; Linux x86_64) AppleWebKit/537.36 (KHTML, like Gecko) Chrome/63.0.3239.132 Safari/537.36"
81.17.18.98 - - [20/Jul/2025:02:14:17 +0000] "GET //topflowroofingplumbing.com.au/wp-content/themes/homlane/assets/js/jquery.magnific-popup.min.js HTTP/1.1" 301 - "-" "Mozilla/5.0 (Windows NT 10.0; Win64; x64) AppleWebKit/537.36 (KHTML, like Gecko) Chrome/67.0.3396.79 Safari/537.36"
81.17.18.98 - - [20/Jul/2025:02:14:17 +0000] "GET //topflowroofingplumbing.com.au/wp-content/themes/homlane/assets/js/jquery.twentytwenty.js HTTP/1.1" 301 - "-" "Mozilla/2.02E (Win95; U)"
81.17.18.98 - - [20/Jul/2025:02:14:17 +0000] "GET //topflowroofingplumbing.com.au/wp-includes/js/jquery/jquery.min.js HTTP/1.1" 301 - "-" "Mozilla/5.0 (compatible; archive.org_bot +http://www.archive.org/details/archive.org_bot)"
81.17.18.98 - - [20/Jul/2025:02:14:17 +0000] "GET //topflowroofingplumbing.com.au/wp-content/themes/homlane/assets/js/scrollbar.js HTTP/1.1" 301 - "-" "Mozilla/5.0 (Windows NT 6.1; WOW64; rv:15.0) Gecko/20120427 Firefox/15.0a1"
81.17.18.98 - - [20/Jul/2025:02:14:18 +0000] "GET //topflowroofingplumbing.com.au/wp-content/plugins/leadconnector/public/js/lc-public.js HTTP/1.1" 301 - "-" "Mozilla/5.0 (X11; U; Linux x86_64; en-US) AppleWebKit/534.15 (KHTML, like Gecko) Chrome/10.0.613.0 Safari/534.15"
81.17.18.98 - - [20/Jul/2025:02:14:17 +0000] "GET //topflowroofingplumbing.com.au/wp-includes/js/comment-reply.min.js HTTP/1.1" 301 - "-" "Mozilla/5.0 (Linux; Android 9; H3223) AppleWebKit/537.36 (KHTML, like Gecko) Chrome/76.0.3809.111 Mobile Safari/537.36"
81.17.18.98 - - [20/Jul/2025:02:14:17 +0000] "GET //topflowroofingplumbing.com.au/wp-content/themes/homlane/assets/js/nav-tool.js HTTP/1.1" 301 - "-" "Mozilla/5.0 (Windows NT 10.0; WOW64) AppleWebKit/537.36 (KHTML, like Gecko) Chrome/69.0.3497.100 Safari/537.36"
81.17.18.98 - - [20/Jul/2025:02:14:17 +0000] "GET //topflowroofingplumbing.com.au/wp-content/themes/homlane/assets/js/owl.js HTTP/1.1" 301 - "-" "Mozilla/5.0 (Windows NT 10.0; Win64; x64) AppleWebKit/537.36 (KHTML, like Gecko) Chrome/75.0.3770.90 Safari/537.36"
81.17.18.98 - - [20/Jul/2025:02:14:17 +0000] "GET //topflowroofingplumbing.com.au/wp-content/themes/homlane/assets/js/knob.js HTTP/1.1" 301 - "-" "Mozilla/5.0 (X11; FreeBSD amd64) AppleWebKit/537.4 (KHTML like Gecko) Chrome/22.0.1229.79 Safari/537.4"
81.17.18.98 - - [20/Jul/2025:02:14:17 +0000] "GET //topflowroofingplumbing.com.au/wp-content/themes/homlane/assets/js/nouislider.js HTTP/1.1" 301 - "-" "Mozilla/5.0 (Windows NT 6.1; WOW64) AppleWebKit/537.1 (KHTML like Gecko) Maxthon/4.0.0.2000 Chrome/22.0.1229.79 Safari/537.1"
81.17.18.98 - - [20/Jul/2025:02:14:17 +0000] "GET //topflowroofingplumbing.com.au/wp-content/themes/homlane/assets/js/custom.js HTTP/1.1" 301 - "-" "Mozilla/5.0 (Macintosh; Intel Mac OS X 10_14_0) AppleWebKit/537.36 (KHTML, like Gecko) Chrome/77.0.3865.19 Safari/537.36 Edg/77.0.235.9"
81.17.18.98 - - [20/Jul/2025:02:14:17 +0000] "GET //topflowroofingplumbing.com.au/wp-content/themes/homlane/assets/js/lazyload.js HTTP/1.1" 301 - "-" "Mozilla/5.0 (X11; U; Linux i686; en-US) AppleWebKit/532.8 (KHTML, like Gecko) Chrome/4.0.277.0 Safari/532.8"
81.17.18.98 - - [20/Jul/2025:02:14:17 +0000] "GET //topflowroofingplumbing.com.au/wp-content/themes/homlane/assets/js/owl-vertical.js HTTP/1.1" 301 - "-" "Mozilla/5.0 (Linux; Android 7.0; SM-G925F) AppleWebKit/537.36 (KHTML, like Gecko) Chrome/76.0.3809.111 Mobile Safari/537.36"
81.17.18.98 - - [20/Jul/2025:02:14:17 +0000] "GET //topflowroofingplumbing.com.au/wp-content/themes/homlane/assets/js/pagenav.js HTTP/1.1" 301 - "-" "Mozilla/5.0 (Macintosh; U; Intel Mac OS X 10.4; en; rv:1.9.2.28) Gecko/20120308 Camino/2.1.2 (like Firefox/3.6.28)"
81.17.18.98 - - [20/Jul/2025:02:14:17 +0000] "GET //topflowroofingplumbing.com.au/wp-content/themes/homlane/assets/js/dobpicker.js HTTP/1.1" 301 - "-" "Mozilla/5.0 (Linux; Android 9; SM-A505FN) AppleWebKit/537.36 (KHTML, like Gecko) Chrome/76.0.3809.111 Mobile Safari/537.36"
81.17.18.98 - - [20/Jul/2025:02:14:17 +0000] "GET //widgets.leadconnectorhq.com/loader.js HTTP/1.1" 301 - "-" "Mozilla/5.0 (Macintosh; Intel Mac OS X 10_14_0) AppleWebKit/537.36 (KHTML, like Gecko) Chrome/76.0.3809.100 Safari/537.36"
81.17.18.98 - - [20/Jul/2025:02:14:17 +0000] "GET //topflowroofingplumbing.com.au/xmlrpc.php HTTP/1.1" 301 - "-" "Mozilla/5.0 (X11; Linux i686; rv:32.0) Gecko/20100101 Firefox/32.0"
81.17.18.98 - - [20/Jul/2025:02:14:17 +0000] "GET /admin-ajax.php HTTP/1.1" 404 11695 "-" "Opera/9.80 (Windows NT 6.1; WOW64) Presto/2.12.388 Version/12.16"
81.17.18.98 - - [20/Jul/2025:02:14:17 +0000] "GET /wp-emoji-release.min.js HTTP/1.1" 404 11695 "-" "Mozilla/5.0 (Linux; Android 9; Mi A2 Lite) AppleWebKit/537.36 (KHTML, like Gecko) Chrome/75.0.3770.101 Mobile Safari/537.36"
81.17.18.98 - - [20/Jul/2025:02:14:17 +0000] "GET //topflowroofingplumbing.com.au/wp-content/themes/homlane/assets/js/jQuery.style.switcher.min.js HTTP/1.1" 301 - "-" "Mozilla/5.0 (Macintosh; Intel Mac OS X 10_13_0) AppleWebKit/537.36 (KHTML, like Gecko) Chrome/76.0.3809.87 Safari/537.36"
81.17.18.98 - - [20/Jul/2025:02:14:17 +0000] "GET //topflowroofingplumbing.com.au/wp-content/themes/homlane/assets/js/jquery.bxslider.min.js HTTP/1.1" 301 - "-" "Mozilla/5.0 (Macintosh; Intel Mac OS X 10_15_0) AppleWebKit/537.36 (KHTML, like Gecko) Chrome/76.0.3809.100 Safari/537.36"
81.17.18.98 - - [20/Jul/2025:02:14:17 +0000] "GET //topflowroofingplumbing.com.au/wp-content/themes/homlane/assets/js/jquery.countTo.js HTTP/1.1" 301 - "-" "Mozilla/5.0 (iPhone; CPU iPhone OS 12_1 like Mac OS X) AppleWebKit/605.1.15 (KHTML, like Gecko) Version/12.0 Mobile/15E148 Safari/604.1"
81.17.18.98 - - [20/Jul/2025:02:14:17 +0000] "GET //topflowroofingplumbing.com.au/wp-includes/js/jquery/ui/core.min.js HTTP/1.1" 301 - "-" "Mozilla/5.0 (iPad; CPU OS 13_0 like Mac OS X) AppleWebKit/605.1.15 (KHTML, like Gecko) CriOS/76.0.3809.81 Mobile/15E148 Safari/605.1"
81.17.18.98 - - [20/Jul/2025:02:14:17 +0000] "GET //topflowroofingplumbing.com.au/wp-content/themes/homlane/assets/js/jquery.countdown.min.js HTTP/1.1" 301 - "-" "Mozilla/5.0 (Linux; Android 9; SM-G960W) AppleWebKit/537.36 (KHTML, like Gecko) Chrome/76.0.3809.111 Mobile Safari/537.36"
81.17.18.98 - - [20/Jul/2025:02:14:17 +0000] "GET //topflowroofingplumbing.com.au/wp-content/themes/homlane/assets/js/jquery.mixitup.min.js HTTP/1.1" 301 - "-" "Mozilla/5.0 (Linux; U; Android 2.3.3; ko-kr; SHW-M250S Build/GINGERBREAD) AppleWebKit/533.1 (KHTML, like Gecko) Version/4.0 Mobile Safari/533.1"
81.17.18.98 - - [20/Jul/2025:02:14:17 +0000] "GET //topflowroofingplumbing.com.au/wp-includes/js/dist/hooks.min.js HTTP/1.1" 301 - "-" "Mozilla/5.0 (Linux; Android 9; ONEPLUS A5000) AppleWebKit/537.36 (KHTML, like Gecko) Chrome/76.0.3809.89 Mobile Safari/537.36"
81.17.18.98 - - [20/Jul/2025:02:14:17 +0000] "GET //topflowroofingplumbing.com.au/wp-content/themes/homlane/assets/js/tilt.jquery.js HTTP/1.1" 301 - "-" "Mozilla/5.0 (Linux; Android 9; VTR-L09) AppleWebKit/537.36 (KHTML, like Gecko) Chrome/76.0.3809.111 Mobile Safari/537.36"
81.17.18.98 - - [20/Jul/2025:02:14:17 +0000] "GET //topflowroofingplumbing.com.au/wp-includes/js/jquery/jquery-migrate.min.js HTTP/1.1" 301 - "-" "nook browser/1.0"
81.17.18.98 - - [20/Jul/2025:02:14:17 +0000] "GET //topflowroofingplumbing.com.au/wp-content/themes/homlane/assets/js/parallax.min.js HTTP/1.1" 301 - "-" "Mozilla/5.0 (X11; U; NetBSD amd64; en-US; rv:1.9.2.15) Gecko/20110308 Namoroka/3.6.15"
81.17.18.98 - - [20/Jul/2025:02:14:17 +0000] "GET //topflowroofingplumbing.com.au/wp-content/themes/homlane/assets/js/timePicker.js HTTP/1.1" 301 - "-" "Mozilla/5.0 (Windows NT 5.1) AppleWebKit/537.36 (KHTML, like Gecko) Chrome/49.0.2623.112 Safari/537.36"
81.17.18.98 - - [20/Jul/2025:02:14:17 +0000] "GET //topflowroofingplumbing.com.au/wp-content/themes/homlane/assets/js/wow.js HTTP/1.1" 301 - "-" "Mozilla/4.0 (compatible; MSIE 6.0; Windows 98; PalmSource/hspr-H102; Blazer/4.0) 16;320x320"
81.17.18.98 - - [20/Jul/2025:02:14:18 +0000] "GET //topflowroofingplumbing.com.au/wp-content/themes/homlane/assets/js/jquery.paroller.min.js HTTP/1.1" 301 - "-" "Mozilla/5.0 (Linux; Android 4.4.4; Nexus 7 Build/KTU84P) AppleWebKit/537.36 (KHTML like Gecko) Chrome/36.0.1985.135 Safari/537.36"
81.17.18.98 - - [20/Jul/2025:02:14:17 +0000] "GET /default.js HTTP/1.1" 404 11695 "-" "Mozilla/5.0 (Linux; Android 9; moto g(6)) AppleWebKit/537.36 (KHTML, like Gecko) Chrome/76.0.3809.111 Mobile Safari/537.36"
192.178.6.105 - - [20/Jul/2025:02:14:24 +0000] "GET /guide/l82?pid=667 HTTP/1.1" 200 85676 "-" "Mozilla/5.0 (Linux; Android 6.0.1; Nexus 5X Build/MMB29P) AppleWebKit/537.36 (KHTML, like Gecko) Chrome/137.0.7151.103 Mobile Safari/537.36 (compatible; Googlebot/2.1; +http://www.google.com/bot.html)"
20.171.207.99 - - [20/Jul/2025:02:14:24 +0000] "GET /search.php?inquiry138037155.html HTTP/1.1" 200 87468 "-" "Mozilla/5.0 AppleWebKit/537.36 (KHTML, like Gecko; compatible; GPTBot/1.2; +https://openai.com/gptbot)"
192.178.6.96 - - [20/Jul/2025:02:14:25 +0000] "GET /006038886.htm HTTP/1.1" 200 86303 "-" "Mozilla/5.0 (Linux; Android 6.0.1; Nexus 5X Build/MMB29P) AppleWebKit/537.36 (KHTML, like Gecko) Chrome/137.0.7151.103 Mobile Safari/537.36 (compatible; Googlebot/2.1; +http://www.google.com/bot.html)"
192.178.6.105 - - [20/Jul/2025:02:14:42 +0000] "GET /149019325.htm HTTP/1.1" 200 85932 "-" "Mozilla/5.0 (Linux; Android 6.0.1; Nexus 5X Build/MMB29P) AppleWebKit/537.36 (KHTML, like Gecko) Chrome/137.0.7151.103 Mobile Safari/537.36 (compatible; Googlebot/2.1; +http://www.google.com/bot.html)"
81.17.18.98 - - [20/Jul/2025:02:14:53 +0000] "GET //topflowroofingplumbing.com.au/wp-includes/js/jquery/jquery-migrate.min.js HTTP/1.1" 301 - "-" "Mozilla/5.0 (Windows NT 10.0; WOW64) AppleWebKit/537.36 (KHTML, like Gecko) Chrome/61.0.3163.79 Safari/537.36 Maxthon/5.2.7.5000"
81.17.18.98 - - [20/Jul/2025:02:14:53 +0000] "GET //topflowroofingplumbing.com.au/wp-content/themes/homlane/assets/js/jquery-ui.js HTTP/1.1" 301 - "-" "Mozilla/5.0 (Windows NT 10.0) AppleWebKit/537.36 (KHTML, like Gecko) Chrome/74.0.3729.157 Safari/537.36"
81.17.18.98 - - [20/Jul/2025:02:14:53 +0000] "GET //topflowroofingplumbing.com.au/wp-content/themes/homlane/assets/js/jquery.paroller.min.js HTTP/1.1" 301 - "-" "Mozilla/5.0 (iPad; CPU OS 7_1_2 like Mac OS X) AppleWebKit/537.51.2 (KHTML, like Gecko) Version/7.0 Mobile/11D257 Safari/9537.53"
209.74.77.214 - - [20/Jul/2025:02:14:53 +0000] "POST /wp-cron.php?doing_wp_cron=1752977693.3611629009246826171875 HTTP/1.1" 403 33 "-" "WordPress/6.8.2; https://topflowroofingplumbing.com.au"
209.74.77.214 - - [20/Jul/2025:02:14:53 +0000] "POST /wp-cron.php?doing_wp_cron=1752977693.2266929149627685546875 HTTP/1.1" 403 33 "-" "WordPress/6.8.2; https://topflowroofingplumbing.com.au"
81.17.18.98 - - [20/Jul/2025:02:14:53 +0000] "GET //topflowroofingplumbing.com.au/wp-content/themes/homlane/assets/js/jquery.countTo.js HTTP/1.1" 301 - "-" "Mozilla/5.0 (X11; Linux x86_64) AppleWebKit/537.36 (KHTML, like Gecko) Chrome/74.0.3729.157 Safari/537.36"
81.17.18.98 - - [20/Jul/2025:02:14:52 +0000] "GET //link.msgsndr.com/js/form_embed.js HTTP/1.1" 301 - "-" "Mozilla/5.0 (Linux; U; Android 1.5; en-us; sdk Build/CUPCAKE) AppleWebkit/528.5 (KHTML, like Gecko) Version/3.1.2 Mobile Safari/525.20.1"
81.17.18.98 - - [20/Jul/2025:02:14:52 +0000] "GET //topflowroofingplumbing.com.au/wp-content/plugins/elementor/assets/js/webpack.runtime.min.js HTTP/1.1" 301 - "-" "Mozilla/5.0 (Linux; Android 7.1.2; Redmi 4A) AppleWebKit/537.36 (KHTML, like Gecko) Chrome/76.0.3809.111 Mobile Safari/537.36"
81.17.18.98 - - [20/Jul/2025:02:14:53 +0000] "GET //topflowroofingplumbing.com.au/wp-content/themes/homlane/assets/js/nouislider.js HTTP/1.1" 301 - "-" "Mozilla/5.0 (Macintosh; Intel Mac OS X 10_14_5) AppleWebKit/537.36 (KHTML, like Gecko) Chrome/76.0.3792.0 Safari/537.36"
81.17.18.98 - - [20/Jul/2025:02:14:53 +0000] "GET //topflowroofingplumbing.com.au/wp-content/themes/homlane/assets/js/tilt.jquery.js HTTP/1.1" 301 - "-" "Mozilla/5.0 (X11; U; Linux i686; rv:19.0) Gecko/20100101 Slackware/13 Firefox/19.0"
209.74.77.214 - - [20/Jul/2025:02:14:53 +0000] "POST /wp-cron.php?doing_wp_cron=1752977693.4124009609222412109375 HTTP/1.1" 403 33 "-" "WordPress/6.8.2; https://topflowroofingplumbing.com.au"
81.17.18.98 - - [20/Jul/2025:02:14:52 +0000] "GET //topflowroofingplumbing.com.au/wp-content/plugins/elementor-pro/assets/js/elements-handlers.min.js HTTP/1.1" 301 - "-" "Mozilla/5.0 (X11; Linux x86_64) AppleWebKit/537.36 (KHTML, like Gecko) Chrome/70.0.3538.113 Safari/537.36 Vivaldi/2.1.1337.51"
81.17.18.98 - - [20/Jul/2025:02:14:53 +0000] "GET //topflowroofingplumbing.com.au/wp-content/themes/homlane/assets/js/jquery.tinyscrollbar.js HTTP/1.1" 301 - "-" "Mozilla/5.0 (Windows NT 10.0; Win64; x64) AppleWebKit/537.36 (KHTML, like Gecko) Chrome/67.0.3396.79 Safari/537.36"
209.74.77.214 - - [20/Jul/2025:02:14:54 +0000] "POST /wp-cron.php?doing_wp_cron=1752977693.8765649795532226562500 HTTP/1.1" 403 33 "-" "WordPress/6.8.2; https://topflowroofingplumbing.com.au"
209.74.77.214 - - [20/Jul/2025:02:14:53 +0000] "POST /wp-cron.php?doing_wp_cron=1752977693.4530019760131835937500 HTTP/1.1" 403 33 "-" "WordPress/6.8.2; https://topflowroofingplumbing.com.au"
81.17.18.98 - - [20/Jul/2025:02:14:53 +0000] "GET //topflowroofingplumbing.com.au/wp-content/themes/homlane/assets/js/jquery.countdown.min.js HTTP/1.1" 301 - "-" "Mozilla/5.0 (Macintosh; Intel Mac OS X 10_14_4) AppleWebKit/537.36 (KHTML, like Gecko) Chrome/75.0.3770.142 Safari/537.36"
81.17.18.98 - - [20/Jul/2025:02:14:53 +0000] "GET //topflowroofingplumbing.com.au/wp-content/themes/homlane/assets/js/jquery.easing.min.js HTTP/1.1" 301 - "-" "Mozilla/5.0 (Windows NT 10.0; WOW64; rv:47.0) Gecko/20100101 Firefox/47.0"
81.17.18.98 - - [20/Jul/2025:02:14:53 +0000] "GET //topflowroofingplumbing.com.au/wp-content/themes/homlane/assets/js/lazyload.js HTTP/1.1" 301 - "-" "Mozilla/5.0 (X11; Linux x86_64; rv:38.0) Gecko/20100101 Firefox/38.0"
81.17.18.98 - - [20/Jul/2025:02:14:52 +0000] "GET //topflowroofingplumbing.com.au/wp-content/plugins/elementor/assets/js/frontend-modules.min.js HTTP/1.1" 301 - "-" "Mozilla/5.0 (X11; Linux x86_64) AppleWebKit/536.5 (KHTML, like Gecko) Chrome/19.0.1084.9 Safari/536.5"
81.17.18.98 - - [20/Jul/2025:02:14:53 +0000] "GET //topflowroofingplumbing.com.au/wp-content/themes/homlane/assets/js/parallax.min.js HTTP/1.1" 301 - "-" "Mozilla/5.0 (Linux; Android 8.0.0; Moto Z2 Play) AppleWebKit/537.36 (KHTML, like Gecko) Chrome/76.0.3809.111 Mobile Safari/537.36"
209.74.77.214 - - [20/Jul/2025:02:14:53 +0000] "POST /wp-cron.php?doing_wp_cron=1752977693.6841259002685546875000 HTTP/1.1" 403 33 "-" "WordPress/6.8.2; https://topflowroofingplumbing.com.au"
81.17.18.98 - - [20/Jul/2025:02:14:53 +0000] "GET //topflowroofingplumbing.com.au/wp-content/themes/homlane/assets/js/jquery.fancybox.js HTTP/1.1" 301 - "-" "Mozilla/5.0 (Linux; Android 9; Moto Z3 Play) AppleWebKit/537.36 (KHTML, like Gecko) Chrome/76.0.3809.111 Mobile Safari/537.36"
81.17.18.98 - - [20/Jul/2025:02:14:53 +0000] "GET //topflowroofingplumbing.com.au/wp-content/themes/homlane/assets/js/nav-tool.js HTTP/1.1" 301 - "-" "Mozilla/5.0 (Linux; Android 9; vivo 1805) AppleWebKit/537.36 (KHTML, like Gecko) Chrome/75.0.3770.101 Mobile Safari/537.36"
81.17.18.98 - - [20/Jul/2025:02:14:53 +0000] "GET //topflowroofingplumbing.com.au/wp-content/themes/homlane/assets/js/jQuery.style.switcher.min.js HTTP/1.1" 301 - "-" "Mozilla/5.0 (Windows NT 10.0; WOW64) AppleWebKit/537.36 (KHTML, like Gecko) Chrome/55.0.2883.87 Safari/537.36"
81.17.18.98 - - [20/Jul/2025:02:14:53 +0000] "GET //topflowroofingplumbing.com.au/wp-includes/js/dist/hooks.min.js HTTP/1.1" 301 - "-" "Mozilla/5.0 (MSIE 9.0; Windows NT 10.0; Win64; x64) AppleWebKit/537.36 (KHTML, like Gecko) Chrome/51.0.2704.79 Safari/537.36 Edge/14.14931"
209.74.77.214 - - [20/Jul/2025:02:14:54 +0000] "POST /wp-cron.php?doing_wp_cron=1752977693.7699239253997802734375 HTTP/1.1" 403 33 "-" "WordPress/6.8.2; https://topflowroofingplumbing.com.au"
81.17.18.98 - - [20/Jul/2025:02:14:53 +0000] "GET //topflowroofingplumbing.com.au/wp-content/themes/homlane/assets/js/slick.js HTTP/1.1" 301 - "-" "Mozilla/4.0 (PDA; PalmOS/sony/model prmr/Revision:1.1.54 (en)) NetFront/3.0"
81.17.18.98 - - [20/Jul/2025:02:14:53 +0000] "GET //topflowroofingplumbing.com.au/wp-content/themes/homlane/assets/js/owl-vertical.js HTTP/1.1" 301 - "-" "Mozilla/5.0 (Macintosh; Intel Mac OS X 10_12_1) AppleWebKit/537.36 (KHTML, like Gecko) Chrome/76.0.3809.100 Safari/537.36"
81.17.18.98 - - [20/Jul/2025:02:14:53 +0000] "GET //topflowroofingplumbing.com.au/wp-content/themes/homlane/assets/js/jquery.bootstrap-touchspin.js HTTP/1.1" 301 - "-" "Nokia6230i/2.0 (03.80) Profile/MIDP-2.0 Configuration/CLDC-1.1"
81.17.18.98 - - [20/Jul/2025:02:14:53 +0000] "GET //topflowroofingplumbing.com.au/wp-content/themes/homlane/assets/js/scrollbar.js HTTP/1.1" 301 - "-" "Mozilla/5.0 (X11; U; Linux i686; en-US; rv:1.6) Gecko/20040614 Firefox/0.8"
209.74.77.214 - - [20/Jul/2025:02:14:54 +0000] "POST /wp-cron.php?doing_wp_cron=1752977693.7097089290618896484375 HTTP/1.1" 403 33 "-" "WordPress/6.8.2; https://topflowroofingplumbing.com.au"
209.74.77.214 - - [20/Jul/2025:02:14:53 +0000] "POST /wp-cron.php?doing_wp_cron=1752977693.6159141063690185546875 HTTP/1.1" 403 33 "-" "WordPress/6.8.2; https://topflowroofingplumbing.com.au"
81.17.18.98 - - [20/Jul/2025:02:14:53 +0000] "GET //topflowroofingplumbing.com.au/wp-content/themes/homlane/assets/js/timePicker.js HTTP/1.1" 301 - "-" "Mozilla/5.0 (Windows NT 6.1) AppleWebKit/537.36 (KHTML, like Gecko) Chrome/41.0.2228.0 Safari/537.36"
81.17.18.98 - - [20/Jul/2025:02:14:53 +0000] "GET //topflowroofingplumbing.com.au/wp-content/themes/homlane/assets/js/aos.js HTTP/1.1" 301 - "-" "Mozilla/5.0 (Macintosh; U; Intel Mac OS X 10_6_4; en-US) AppleWebKit/534.3 (KHTML, like Gecko) Chrome/6.0.464.0 Safari/534.3"
81.17.18.98 - - [20/Jul/2025:02:14:52 +0000] "GET //topflowroofingplumbing.com.au/wp-content/plugins/elementor-pro/assets/js/frontend.min.js HTTP/1.1" 301 - "-" "Mozilla/5.0 (Windows NT 10.0; WOW64) AppleWebKit/537.36 (KHTML, like Gecko) Chrome/65.0.3325.162 Safari/537.36"
209.74.77.214 - - [20/Jul/2025:02:14:54 +0000] "POST /wp-cron.php?doing_wp_cron=1752977693.9928989410400390625000 HTTP/1.1" 403 33 "-" "WordPress/6.8.2; https://topflowroofingplumbing.com.au"
81.17.18.98 - - [20/Jul/2025:02:14:53 +0000] "GET //topflowroofingplumbing.com.au/wp-content/themes/homlane/assets/js/owl.js HTTP/1.1" 301 - "-" "Mozilla/5.0 (Windows NT 10.0; Win64; x64) AppleWebKit/537.36 (KHTML, like Gecko) Chrome/78.0.3887.7 Safari/537.36"
209.74.77.214 - - [20/Jul/2025:02:14:54 +0000] "POST /wp-cron.php?doing_wp_cron=1752977693.9549329280853271484375 HTTP/1.1" 403 33 "-" "WordPress/6.8.2; https://topflowroofingplumbing.com.au"
81.17.18.98 - - [20/Jul/2025:02:14:53 +0000] "GET //topflowroofingplumbing.com.au/wp-includes/js/jquery/jquery.min.js HTTP/1.1" 301 - "-" "Mozilla/5.0 (Linux; Android 7.0; KIICAA POWER) AppleWebKit/537.36 (KHTML, like Gecko) Chrome/75.0.3770.101 Mobile Safari/537.36"
81.17.18.98 - - [20/Jul/2025:02:14:52 +0000] "GET //topflowroofingplumbing.com.au/wp-content/plugins/contact-form-7/includes/js/index.js HTTP/1.1" 301 - "-" "Mozilla/5.0 (compatible; Konqueror/4.2; Linux) KHTML/4.2.4 (like Gecko) Slackware/13.0"
81.17.18.98 - - [20/Jul/2025:02:14:52 +0000] "GET //topflowroofingplumbing.com.au/wp-content/themes/homlane/assets/js/appear.js HTTP/1.1" 301 - "-" "Mozilla/5.0 (Linux; Android 7.0; SM-G955U) AppleWebKit/537.36 (KHTML, like Gecko) Chrome/74.0.3729.157 Mobile Safari/537.36"
209.74.77.214 - - [20/Jul/2025:02:14:54 +0000] "POST /wp-cron.php?doing_wp_cron=1752977693.9849090576171875000000 HTTP/1.1" 403 33 "-" "WordPress/6.8.2; https://topflowroofingplumbing.com.au"
81.17.18.98 - - [20/Jul/2025:02:14:53 +0000] "GET //topflowroofingplumbing.com.au/wp-content/themes/homlane/assets/js/knob.js HTTP/1.1" 301 - "-" "Mozilla/5.0 (iPhone; CPU iPhone OS 12_4 like Mac OS X) AppleWebKit/605.1.15 (KHTML, like Gecko) CriOS/76.0.3809.81 Mobile/15E148 Safari/605.1"
81.17.18.98 - - [20/Jul/2025:02:14:52 +0000] "GET //topflowroofingplumbing.com.au/wp-content/themes/homlane/assets/js/TweenMax.min.js HTTP/1.1" 301 - "-" "Mozilla/5.0 (X11; Linux i686) AppleWebKit/537.36 (KHTML, like Gecko) Ubuntu Chromium/51.0.2704.79 Chrome/51.0.2704.79 Safari/537.36"
209.74.77.214 - - [20/Jul/2025:02:14:54 +0000] "POST /wp-cron.php?doing_wp_cron=1752977693.8250420093536376953125 HTTP/1.1" 403 33 "-" "WordPress/6.8.2; https://topflowroofingplumbing.com.au"
81.17.18.98 - - [20/Jul/2025:02:14:53 +0000] "GET //topflowroofingplumbing.com.au/wp-content/themes/homlane/assets/js/jquery.twentytwenty.js HTTP/1.1" 301 - "-" "Mozilla/5.0 (Windows NT 6.1; WOW64) AppleWebKit/537.36 (KHTML, like Gecko) Chrome/73.0.3683.103 Safari/537.36"
81.17.18.98 - - [20/Jul/2025:02:14:52 +0000] "GET //topflowroofingplumbing.com.au/wp-content/themes/homlane/assets/js/bootstrap.bundle.min.js HTTP/1.1" 301 - "-" "Mozilla/5.0 (X11; U; FreeBSD i386; en-US; rv:1.6) Gecko/20040406 Galeon/1.3.15"
81.17.18.98 - - [20/Jul/2025:02:14:52 +0000] "GET //topflowroofingplumbing.com.au/wp-content/plugins/elementor-pro/assets/js/webpack-pro.runtime.min.js HTTP/1.1" 301 - "-" "Mozilla/5.0 (Windows NT 6.1; Win64; x64) AppleWebKit/537.36 (KHTML, like Gecko) Chrome/75.0.3770.142 Safari/537.36 OPR/62.0.3331.116"
209.74.77.214 - - [20/Jul/2025:02:14:54 +0000] "POST /wp-cron.php?doing_wp_cron=1752977693.8509891033172607421875 HTTP/1.1" 403 33 "-" "WordPress/6.8.2; https://topflowroofingplumbing.com.au"
81.17.18.98 - - [20/Jul/2025:02:14:53 +0000] "GET //topflowroofingplumbing.com.au/wp-content/themes/homlane/assets/js/pagenav.js HTTP/1.1" 301 - "-" "Mozilla/5.0 (Linux; Android 7.0; LGL84VL Build/NRD90U) AppleWebKit/537.36 (KHTML, like Gecko) Chrome/59.0.3071.125 Mobile Safari/537.36"
81.17.18.98 - - [20/Jul/2025:02:14:52 +0000] "GET //topflowroofingplumbing.com.au/wp-content/plugins/contact-form-7/includes/swv/js/index.js HTTP/1.1" 301 - "-" "Mozilla/5.0 (X11; Linux x86_64) AppleWebKit/537.36 (KHTML, like Gecko) Ubuntu Chromium/69.0.3497.81 Chrome/69.0.3497.81 Safari/537.36"
81.17.18.98 - - [20/Jul/2025:02:14:53 +0000] "GET //topflowroofingplumbing.com.au/xmlrpc.php HTTP/1.1" 301 - "-" "Mozilla/5.0 (Macintosh; Intel Mac OS X 10_12_6) AppleWebKit/605.1.15 (KHTML, like Gecko) Version/12.1.2 Safari/605.1.15"
81.17.18.98 - - [20/Jul/2025:02:14:53 +0000] "GET //topflowroofingplumbing.com.au/wp-content/themes/homlane/assets/js/wow.js HTTP/1.1" 301 - "-" "Mozilla/5.0 (Linux; Android 8.1.0; SM-G610M) AppleWebKit/537.36 (KHTML, like Gecko) Chrome/76.0.3809.111 Mobile Safari/537.36"
81.17.18.98 - - [20/Jul/2025:02:14:53 +0000] "GET //topflowroofingplumbing.com.au/wp-includes/js/dist/i18n.min.js HTTP/1.1" 301 - "-" "Mozilla/5.0 (Linux; Android 9; Redmi Note 7 Build/PKQ1.180904.001) AppleWebKit/537.36 (KHTML, like Gecko) SamsungBrowser/9.4 Chrome/67.0.3396.87 Mobile Safari/537.36"
81.17.18.98 - - [20/Jul/2025:02:14:53 +0000] "GET //topflowroofingplumbing.com.au/wp-content/themes/homlane/assets/js/validation.js HTTP/1.1" 301 - "-" "Mozilla/5.0 (Linux; Android 9; Pixel 2 XL) AppleWebKit/537.36 (KHTML, like Gecko) Chrome/77.0.3865.18 Mobile Safari/537.36"
81.17.18.98 - - [20/Jul/2025:02:14:53 +0000] "GET //topflowroofingplumbing.com.au/wp-includes/js/jquery/ui/core.min.js HTTP/1.1" 301 - "-" "Mozilla/5.0 (X11; Ubuntu; Linux x86_64; rv:20.0) Gecko/20100101 Firefox/20.0"
209.74.77.214 - - [20/Jul/2025:02:14:54 +0000] "POST /wp-cron.php?doing_wp_cron=1752977694.2914500236511230468750 HTTP/1.1" 403 33 "-" "WordPress/6.8.2; https://topflowroofingplumbing.com.au"
209.74.77.214 - - [20/Jul/2025:02:14:54 +0000] "POST /wp-cron.php?doing_wp_cron=1752977694.3323431015014648437500 HTTP/1.1" 403 33 "-" "WordPress/6.8.2; https://topflowroofingplumbing.com.au"
81.17.18.98 - - [20/Jul/2025:02:14:53 +0000] "GET //widgets.leadconnectorhq.com/loader.js HTTP/1.1" 301 - "-" "Mozilla/5.0 (Linux; Android 8.1.0; Moto G (5S)) AppleWebKit/537.36 (KHTML, like Gecko) Chrome/76.0.3809.111 Mobile Safari/537.36"
209.74.77.214 - - [20/Jul/2025:02:14:54 +0000] "POST /wp-cron.php?doing_wp_cron=1752977694.3092160224914550781250 HTTP/1.1" 403 33 "-" "WordPress/6.8.2; https://topflowroofingplumbing.com.au"
81.17.18.98 - - [20/Jul/2025:02:14:53 +0000] "GET //topflowroofingplumbing.com.au/wp-includes/js/comment-reply.min.js HTTP/1.1" 301 - "-" "Mozilla/5.0 (X11; U; Linux armv6l; rv 1.8.1.5pre) Gecko/20070619 Minimo/0.020"
81.17.18.98 - - [20/Jul/2025:02:14:53 +0000] "GET //topflowroofingplumbing.com.au/wp-content/themes/homlane/assets/js/isotope.js HTTP/1.1" 301 - "-" "Mozilla/5.0 (Linux; Android 8.0.0; LLD-L31) AppleWebKit/537.36 (KHTML, like Gecko) Chrome/73.0.3683.90 Mobile Safari/537.36"
209.74.77.214 - - [20/Jul/2025:02:14:54 +0000] "POST /wp-cron.php?doing_wp_cron=1752977694.2602779865264892578125 HTTP/1.1" 403 33 "-" "WordPress/6.8.2; https://topflowroofingplumbing.com.au"
81.17.18.98 - - [20/Jul/2025:02:14:52 +0000] "GET //topflowroofingplumbing.com.au/wp-content/plugins/leadconnector/public/js/lc-public.js HTTP/1.1" 301 - "-" "Mozilla/5.0 (Android; Linux armv7l; rv:2.0.1) Gecko/20100101 Firefox/4.0.1 Fennec/2.0.1"
81.17.18.98 - - [20/Jul/2025:02:14:52 +0000] "GET //topflowroofingplumbing.com.au/wp-content/themes/homlane/assets/js/bootstrap-select.min.js HTTP/1.1" 301 - "-" "Mozilla/5.0 (Macintosh; Intel Mac OS X 10_14_0) AppleWebKit/537.36 (KHTML, like Gecko) Chrome/75.0.3770.100 Safari/537.36"
81.17.18.98 - - [20/Jul/2025:02:14:53 +0000] "GET /default.js HTTP/1.1" 404 11695 "-" "Mozilla/5.0 (Linux; U; Android 2.2; en-us; ADR6300 Build/FRF91) AppleWebKit/533.1 (KHTML, like Gecko) Version/4.0 Mobile Safari/533.1"
81.17.18.98 - - [20/Jul/2025:02:14:53 +0000] "GET /admin-ajax.php HTTP/1.1" 404 11695 "-" "Mozilla/5.0 (Macintosh; Intel Mac OS X 10_12_6) AppleWebKit/537.36 (KHTML, like Gecko) Chrome/76.0.3809.87 Safari/537.36"
81.17.18.98 - - [20/Jul/2025:02:14:53 +0000] "GET /wp-emoji-release.min.js HTTP/1.1" 404 11695 "-" "Mozilla/5.0 (Linux; Android 4.2.2; WX10K) AppleWebKit/537.36 (KHTML, like Gecko) Chrome/71.0.3578.99 Mobile Safari/537.36"
81.17.18.98 - - [20/Jul/2025:02:14:53 +0000] "GET //topflowroofingplumbing.com.au/wp-content/themes/homlane/assets/js/jquery.magnific-popup.min.js HTTP/1.1" 301 - "-" "msnbot/0.11 ( http://search.msn.com/msnbot.htm)"
209.74.77.214 - - [20/Jul/2025:02:14:54 +0000] "POST /wp-cron.php?doing_wp_cron=1752977694.1878418922424316406250 HTTP/1.1" 403 33 "-" "WordPress/6.8.2; https://topflowroofingplumbing.com.au"
81.17.18.98 - - [20/Jul/2025:02:14:53 +0000] "GET //topflowroofingplumbing.com.au/wp-content/themes/homlane/assets/js/dobpicker.js HTTP/1.1" 301 - "-" "Mozilla/5.0 (Macintosh; Intel Mac OS X 10_13_6) AppleWebKit/537.36 (KHTML, like Gecko) Chrome/77.0.3865.19 Safari/537.36"
209.74.77.214 - - [20/Jul/2025:02:14:54 +0000] "POST /wp-cron.php?doing_wp_cron=1752977694.4411289691925048828125 HTTP/1.1" 403 33 "-" "WordPress/6.8.2; https://topflowroofingplumbing.com.au"
81.17.18.98 - - [20/Jul/2025:02:14:53 +0000] "GET //topflowroofingplumbing.com.au/wp-content/themes/homlane/assets/js/jquery.bxslider.min.js HTTP/1.1" 301 - "-" "Mozilla/5.0 (Linux; Android 9; RMX1805) AppleWebKit/537.36 (KHTML, like Gecko) Chrome/75.0.3770.143 Mobile Safari/537.36"
209.74.77.214 - - [20/Jul/2025:02:14:54 +0000] "POST /wp-cron.php?doing_wp_cron=1752977694.4884669780731201171875 HTTP/1.1" 403 33 "-" "WordPress/6.8.2; https://topflowroofingplumbing.com.au"
209.74.77.214 - - [20/Jul/2025:02:14:54 +0000] "POST /wp-cron.php?doing_wp_cron=1752977694.4971790313720703125000 HTTP/1.1" 403 33 "-" "WordPress/6.8.2; https://topflowroofingplumbing.com.au"
81.17.18.98 - - [20/Jul/2025:02:14:52 +0000] "GET //topflowroofingplumbing.com.au/wp-content/themes/homlane/assets/js/custom.js HTTP/1.1" 301 - "-" "Mozilla/5.0 (Linux; Android 9; Redmi Note 7 Build/PKQ1.180904.001) AppleWebKit/537.36 (KHTML, like Gecko) SamsungBrowser/9.4 Chrome/67.0.3396.87 Mobile Safari/537.36"
81.17.18.98 - - [20/Jul/2025:02:14:53 +0000] "GET //topflowroofingplumbing.com.au/wp-content/themes/homlane/assets/js/jquery.mixitup.min.js HTTP/1.1" 301 - "-" "Mozilla/5.0 (Macintosh; Intel Mac OS X 10_14_5) AppleWebKit/537.36 (KHTML, like Gecko) Chrome/69.0.3497.81 Safari/537.36"
192.178.6.96 - - [20/Jul/2025:02:15:00 +0000] "GET /002035906.htm HTTP/1.1" 200 87046 "-" "Mozilla/5.0 (Linux; Android 6.0.1; Nexus 5X Build/MMB29P) AppleWebKit/537.36 (KHTML, like Gecko) Chrome/137.0.7151.103 Mobile Safari/537.36 (compatible; Googlebot/2.1; +http://www.google.com/bot.html)"
192.178.6.96 - - [20/Jul/2025:02:15:17 +0000] "GET /264009678.htm HTTP/1.1" 200 86748 "-" "Mozilla/5.0 (Linux; Android 6.0.1; Nexus 5X Build/MMB29P) AppleWebKit/537.36 (KHTML, like Gecko) Chrome/137.0.7151.103 Mobile Safari/537.36 (compatible; Googlebot/2.1; +http://www.google.com/bot.html)"
20.171.207.99 - - [20/Jul/2025:02:15:24 +0000] "GET /search.php?fragile186049531.html HTTP/1.1" 200 87102 "-" "Mozilla/5.0 AppleWebKit/537.36 (KHTML, like Gecko; compatible; GPTBot/1.2; +https://openai.com/gptbot)"
192.178.6.105 - - [20/Jul/2025:02:15:40 +0000] "GET /219008961.htm HTTP/1.1" 200 85600 "-" "Mozilla/5.0 (Linux; Android 6.0.1; Nexus 5X Build/MMB29P) AppleWebKit/537.36 (KHTML, like Gecko) Chrome/137.0.7151.103 Mobile Safari/537.36 (compatible; Googlebot/2.1; +http://www.google.com/bot.html)"
192.178.6.67 - - [20/Jul/2025:02:15:40 +0000] "GET /160020030.htm HTTP/1.1" 200 86169 "-" "Mozilla/5.0 (Linux; Android 6.0.1; Nexus 5X Build/MMB29P) AppleWebKit/537.36 (KHTML, like Gecko) Chrome/137.0.7151.103 Mobile Safari/537.36 (compatible; Googlebot/2.1; +http://www.google.com/bot.html)"
192.178.6.105 - - [20/Jul/2025:02:15:40 +0000] "GET /pcmypage?callback=product%2Fdetail%2F0101marui-ce014656650101-1 HTTP/1.1" 200 85535 "-" "Mozilla/5.0 (Linux; Android 6.0.1; Nexus 5X Build/MMB29P) AppleWebKit/537.36 (KHTML, like Gecko) Chrome/137.0.7151.103 Mobile Safari/537.36 (compatible; Googlebot/2.1; +http://www.google.com/bot.html)"
192.178.6.105 - - [20/Jul/2025:02:15:40 +0000] "GET /third/w75?pid=368 HTTP/1.1" 200 85476 "-" "Mozilla/5.0 (Linux; Android 6.0.1; Nexus 5X Build/MMB29P) AppleWebKit/537.36 (KHTML, like Gecko) Chrome/137.0.7151.103 Mobile Safari/537.36 (compatible; Googlebot/2.1; +http://www.google.com/bot.html)"
192.178.6.105 - - [20/Jul/2025:02:15:41 +0000] "GET /pcmypage?callback=product%2Fdetail%2Fbacklash-4571484499865 HTTP/1.1" 200 85638 "-" "Mozilla/5.0 (Linux; Android 6.0.1; Nexus 5X Build/MMB29P) AppleWebKit/537.36 (KHTML, like Gecko) Chrome/137.0.7151.103 Mobile Safari/537.36 (compatible; Googlebot/2.1; +http://www.google.com/bot.html)"
81.17.18.98 - - [20/Jul/2025:02:15:45 +0000] "GET //topflowroofingplumbing.com.au/wp-content/themes/homlane/assets/js/dobpicker.js HTTP/1.1" 301 - "-" "Mozilla/5.0 (Linux; Android 7.0; Nexus 9 Build/NRD90R) AppleWebKit/537.36 (KHTML, like Gecko) Chrome/53.0.2785.124 Safari/537.36"
81.17.18.98 - - [20/Jul/2025:02:15:45 +0000] "GET //topflowroofingplumbing.com.au/wp-content/plugins/elementor-pro/assets/js/elements-handlers.min.js HTTP/1.1" 301 - "-" "Mozilla/5.0 (Macintosh; U; Intel Mac OS X 10.5; en-US; rv:1.9.1) Gecko/20090624 Firefox/3.5"
81.17.18.98 - - [20/Jul/2025:02:15:45 +0000] "GET //topflowroofingplumbing.com.au/wp-content/themes/homlane/assets/js/isotope.js HTTP/1.1" 301 - "-" "Adobe Application Manager 2.0"
81.17.18.98 - - [20/Jul/2025:02:15:45 +0000] "GET //widgets.leadconnectorhq.com/loader.js HTTP/1.1" 200 33 "-" "AdsBot-Google ( http://www.google.com/adsbot.html)"
81.17.18.98 - - [20/Jul/2025:02:15:45 +0000] "GET //topflowroofingplumbing.com.au/wp-content/plugins/elementor-pro/assets/js/frontend.min.js HTTP/1.1" 301 - "-" "Mozilla/5.0 (Windows NT 10.0; Win64; x64) AppleWebKit/537.36 (KHTML, like Gecko) Chrome/73.0.3683.103 Safari/537.36"
81.17.18.98 - - [20/Jul/2025:02:15:45 +0000] "GET //topflowroofingplumbing.com.au/wp-content/plugins/elementor-pro/assets/js/webpack-pro.runtime.min.js HTTP/1.1" 301 - "-" "Mozilla/5.0 (Windows NT 6.1; WOW64) AppleWebKit/535.8 (KHTML, like Gecko) Beamrise/17.2.0.9 Chrome/17.0.939.0 Safari/535.8"
81.17.18.98 - - [20/Jul/2025:02:15:45 +0000] "GET //topflowroofingplumbing.com.au/wp-content/themes/homlane/assets/js/bootstrap-select.min.js HTTP/1.1" 301 - "-" "Mozilla/5.0 (Windows NT 6.1; Win64; x64) AppleWebKit/537.36 (KHTML, like Gecko) Chrome/75.0.3770.90 Safari/537.36"
81.17.18.98 - - [20/Jul/2025:02:15:45 +0000] "GET //topflowroofingplumbing.com.au/wp-content/plugins/contact-form-7/includes/swv/js/index.js HTTP/1.1" 301 - "-" "Mozilla/5.0 (X11; Linux i686; rv:49.0) Gecko/20100101 Firefox/49.0"
81.17.18.98 - - [20/Jul/2025:02:15:45 +0000] "GET //topflowroofingplumbing.com.au/wp-content/themes/homlane/assets/js/pagenav.js HTTP/1.1" 301 - "-" "Mozilla/5.0 (Linux; U; Android 1.5; fr-fr; GT-I5700 Build/CUPCAKE) AppleWebKit/528.5 (KHTML, like Gecko) Version/3.1.2 Mobile Safari/525.20.1"
81.17.18.98 - - [20/Jul/2025:02:15:45 +0000] "GET //topflowroofingplumbing.com.au/wp-content/plugins/contact-form-7/includes/js/index.js HTTP/1.1" 301 - "-" "Mozilla/5.0 (iPhone; CPU iPhone OS 12_3_1 like Mac OS X) AppleWebKit/605.1.15 (KHTML, like Gecko) Mobile/15E148 MicroMessenger/7.0.5(0x17000523) NetType/4G Language/zh_CN"
81.17.18.98 - - [20/Jul/2025:02:15:45 +0000] "GET //topflowroofingplumbing.com.au/wp-content/themes/homlane/assets/js/jquery.countTo.js HTTP/1.1" 301 - "-" "Avant Browser/1.2.789rel1 (http://www.avantbrowser.com)"
81.17.18.98 - - [20/Jul/2025:02:15:45 +0000] "GET //link.msgsndr.com/js/form_embed.js HTTP/1.1" 301 - "-" "Mozilla/5.0 (iPhone; U; CPU iPhone OS 2_0 like Mac OS X; en-us) AppleWebKit/525.18.1 (KHTML, like Gecko) Version/3.1.1 Mobile/5A347 Safari/525.200"
81.17.18.98 - - [20/Jul/2025:02:15:45 +0000] "GET //topflowroofingplumbing.com.au/wp-content/themes/homlane/assets/js/jquery.bxslider.min.js HTTP/1.1" 301 - "-" "Mozilla/5.0 (X11; Linux x86_64) AppleWebKit/537.36 (KHTML, like Gecko) Chrome/76.0.3809.100 Safari/537.36"
81.17.18.98 - - [20/Jul/2025:02:15:45 +0000] "GET //topflowroofingplumbing.com.au/wp-content/themes/homlane/assets/js/jquery.twentytwenty.js HTTP/1.1" 301 - "-" "Mozilla/5.0 (X11; Linux x86_64) AppleWebKit/537.36 (KHTML, like Gecko) Ubuntu Chromium/65.0.3325.181 Chrome/65.0.3325.181 Safari/537.36"
81.17.18.98 - - [20/Jul/2025:02:15:45 +0000] "GET //topflowroofingplumbing.com.au/wp-content/themes/homlane/assets/js/jquery.paroller.min.js HTTP/1.1" 301 - "-" "Mozilla/5.0 (compatible; Konqueror/4.1; DragonFly) KHTML/4.1.4 (like Gecko)"
81.17.18.98 - - [20/Jul/2025:02:15:45 +0000] "GET //topflowroofingplumbing.com.au/wp-content/themes/homlane/assets/js/jquery.magnific-popup.min.js HTTP/1.1" 301 - "-" "Mozilla/5.0 (Linux; Android 9; VOG-L29) AppleWebKit/537.36 (KHTML, like Gecko) Chrome/76.0.3809.111 Mobile Safari/537.36"
81.17.18.98 - - [20/Jul/2025:02:15:45 +0000] "GET //topflowroofingplumbing.com.au/wp-content/plugins/elementor/assets/js/frontend-modules.min.js HTTP/1.1" 301 - "-" "Mozilla/5.0 (Windows NT 10.0; WOW64) AppleWebKit/537.36 (KHTML, like Gecko) Chrome/72.0.3626.96 Safari/537.36"
81.17.18.98 - - [20/Jul/2025:02:15:45 +0000] "GET //topflowroofingplumbing.com.au/wp-content/themes/homlane/assets/js/validation.js HTTP/1.1" 301 - "-" "Mozilla/5.0 (X11; Ubuntu; Linux x86_64; rv:14.0) Gecko/20100101 Firefox/14.0.1"
81.17.18.98 - - [20/Jul/2025:02:15:45 +0000] "GET //topflowroofingplumbing.com.au/wp-content/themes/homlane/assets/js/slick.js HTTP/1.1" 301 - "-" "Mozilla/5.0 (Windows NT 10.0; WOW64) AppleWebKit/537.36 (KHTML, like Gecko) Chrome/53.0.2785.90 Safari/537.36 Vivaldi/1.4.589.11"
81.17.18.98 - - [20/Jul/2025:02:15:45 +0000] "GET //topflowroofingplumbing.com.au/wp-content/plugins/leadconnector/public/js/lc-public.js HTTP/1.1" 301 - "-" "Mozilla/5.0 (Windows NT 6.1; Win64; x64) AppleWebKit/537.36 (KHTML, like Gecko) Chrome/71.0.3578.98 Safari/537.36 OPR/58.0.3135.132"
81.17.18.98 - - [20/Jul/2025:02:15:45 +0000] "GET //topflowroofingplumbing.com.au/wp-content/themes/homlane/assets/js/custom.js HTTP/1.1" 301 - "-" "Screaming Frog SEO Spider/8.1"
81.17.18.98 - - [20/Jul/2025:02:15:45 +0000] "GET //topflowroofingplumbing.com.au/wp-content/themes/homlane/assets/js/lazyload.js HTTP/1.1" 301 - "-" "Mozilla/5.0 (iPhone; CPU iPhone OS 11_4_1 like Mac OS X) AppleWebKit/605.1.15 (KHTML, like Gecko) Mobile/15G77 MicroMessenger/7.0.3(0x17000321) NetType/WIFI Language/zh_CN"
81.17.18.98 - - [20/Jul/2025:02:15:45 +0000] "GET //topflowroofingplumbing.com.au/wp-content/themes/homlane/assets/js/jquery.fancybox.js HTTP/1.1" 301 - "-" "Mozilla/5.0 (iPhone; CPU iPhone OS 12_3_1 like Mac OS X) AppleWebKit/605.1.15 (KHTML, like Gecko) Mobile/15E148 MicroMessenger/7.0.4(0x17000428) NetType/WIFI Language/zh_CN"
81.17.18.98 - - [20/Jul/2025:02:15:45 +0000] "GET //topflowroofingplumbing.com.au/wp-includes/js/jquery/jquery-migrate.min.js HTTP/1.1" 301 - "-" "Mozilla/5.0 (Windows NT 6.2; Win64; x64; rv:16.0) Gecko/16.0 Firefox/16.0"
81.17.18.98 - - [20/Jul/2025:02:15:45 +0000] "GET //topflowroofingplumbing.com.au/wp-content/themes/homlane/assets/js/TweenMax.min.js HTTP/1.1" 301 - "-" "Mozilla/5.0 (Windows NT 6.1; Win64; x64) AppleWebKit/537.36 (KHTML, like Gecko) Chrome/62.0.3202.94 Safari/537.36"
81.17.18.98 - - [20/Jul/2025:02:15:45 +0000] "GET //topflowroofingplumbing.com.au/wp-includes/js/comment-reply.min.js HTTP/1.1" 301 - "-" "Mozilla/5.0 (Windows NT 10.0; Win64; x64) AppleWebKit/537.36 (KHTML, like Gecko) Chrome/74.0.3850.0 Iron Safari/537.36"
81.17.18.98 - - [20/Jul/2025:02:15:45 +0000] "GET //topflowroofingplumbing.com.au/wp-content/themes/homlane/assets/js/scrollbar.js HTTP/1.1" 301 - "-" "Mozilla/5.0 (Macintosh; Intel Mac OS X 10_14_3) AppleWebKit/537.36 (KHTML, like Gecko) Chrome/75.0.3770.142 Safari/537.36"
81.17.18.98 - - [20/Jul/2025:02:15:45 +0000] "GET //topflowroofingplumbing.com.au/wp-content/themes/homlane/assets/js/owl.js HTTP/1.1" 301 - "-" "Mozilla/5.0 (Macintosh; Intel Mac OS X 10_13_4) AppleWebKit/605.1.15 (KHTML, like Gecko) Version/11.1 Safari/605.1.15"
81.17.18.98 - - [20/Jul/2025:02:15:45 +0000] "GET //topflowroofingplumbing.com.au/wp-content/themes/homlane/assets/js/bootstrap.bundle.min.js HTTP/1.1" 301 - "-" "Mozilla/5.0 (Macintosh; Intel Mac OS X 10_11_6) AppleWebKit/537.36 (KHTML, like Gecko) Chrome/76.0.3809.100 Safari/537.36"
81.17.18.98 - - [20/Jul/2025:02:15:45 +0000] "GET //topflowroofingplumbing.com.au/wp-content/themes/homlane/assets/js/jquery-ui.js HTTP/1.1" 301 - "-" "Mozilla/5.0 (Macintosh; Intel Mac OS X 10_12_6) AppleWebKit/537.36 (KHTML, like Gecko) Chrome/76.0.3809.100 Safari/537.36"
81.17.18.98 - - [20/Jul/2025:02:15:45 +0000] "GET //topflowroofingplumbing.com.au/wp-content/themes/homlane/assets/js/tilt.jquery.js HTTP/1.1" 301 - "-" "Mozilla/5.0 (Linux; Android 8.1.0; Moto G (5S) Plus) AppleWebKit/537.36 (KHTML, like Gecko) Chrome/76.0.3809.111 Mobile Safari/537.36"
81.17.18.98 - - [20/Jul/2025:02:15:45 +0000] "GET //topflowroofingplumbing.com.au/wp-includes/js/dist/hooks.min.js HTTP/1.1" 301 - "-" "Mozilla/5.0 (Linux; Android 9; CPH1859) AppleWebKit/537.36 (KHTML, like Gecko) Chrome/75.0.3770.143 Mobile Safari/537.36"
81.17.18.98 - - [20/Jul/2025:02:15:45 +0000] "GET //topflowroofingplumbing.com.au/wp-includes/js/dist/i18n.min.js HTTP/1.1" 301 - "-" "Mozilla/5.0 (Linux; Android 4.1.2; GT-N8013) AppleWebKit/537.36 (KHTML, like Gecko) Chrome/71.0.3578.99 Safari/537.36"
81.17.18.98 - - [20/Jul/2025:02:15:45 +0000] "GET //topflowroofingplumbing.com.au/wp-content/themes/homlane/assets/js/nav-tool.js HTTP/1.1" 301 - "-" "Mozilla/5.0 (Linux; Android 6.0.1; SM-J700F) AppleWebKit/537.36 (KHTML, like Gecko) Chrome/75.0.3770.143 Mobile Safari/537.36"
81.17.18.98 - - [20/Jul/2025:02:15:45 +0000] "GET //topflowroofingplumbing.com.au/wp-content/themes/homlane/assets/js/jquery.tinyscrollbar.js HTTP/1.1" 301 - "-" "Mozilla/5.0 (X11; Ubuntu; Linux x86_64) AppleWebKit/605.1.15 (KHTML, like Gecko) Version/11.0 Safari/605.1.15 Epiphany/605.1.15"
81.17.18.98 - - [20/Jul/2025:02:15:45 +0000] "GET //topflowroofingplumbing.com.au/wp-content/themes/homlane/assets/js/nouislider.js HTTP/1.1" 301 - "-" "Mozilla/5.0 (X11; Linux x86_64) AppleWebKit/537.36 (KHTML, like Gecko) Chrome/72.0.3626.96 Safari/537.36"
81.17.18.98 - - [20/Jul/2025:02:15:45 +0000] "GET //topflowroofingplumbing.com.au/wp-content/plugins/elementor/assets/js/webpack.runtime.min.js HTTP/1.1" 301 - "-" "Mozilla/5.0 (Macintosh; Intel Mac OS X 10_14_5) AppleWebKit/537.36 (KHTML, like Gecko) Chrome/73.0.3683.103 Safari/537.36"
81.17.18.98 - - [20/Jul/2025:02:15:45 +0000] "GET //topflowroofingplumbing.com.au/wp-content/themes/homlane/assets/js/jquery.bootstrap-touchspin.js HTTP/1.1" 301 - "-" "Mozilla/5.0 (Linux; Android 9; H8314) AppleWebKit/537.36 (KHTML, like Gecko) Chrome/76.0.3809.111 Mobile Safari/537.36"
81.17.18.98 - - [20/Jul/2025:02:15:45 +0000] "GET //topflowroofingplumbing.com.au/wp-content/themes/homlane/assets/js/jquery.mixitup.min.js HTTP/1.1" 301 - "-" "Mozilla/5.0 (Linux; Android 6.0; HTC 2PXH3) AppleWebKit/537.36 (KHTML, like Gecko) Chrome/74.0.3729.157 Mobile Safari/537.36"
81.17.18.98 - - [20/Jul/2025:02:15:45 +0000] "GET //topflowroofingplumbing.com.au/wp-content/themes/homlane/assets/js/timePicker.js HTTP/1.1" 301 - "-" "Mozilla/5.0 (Windows NT 6.1; Win64; x64) AppleWebKit/537.36 (KHTML, like Gecko) Chrome/76.0.3809.100 Safari/537.36"
81.17.18.98 - - [20/Jul/2025:02:15:45 +0000] "GET //topflowroofingplumbing.com.au/wp-content/themes/homlane/assets/js/knob.js HTTP/1.1" 301 - "-" "Mozilla/5.0 (iPhone; CPU iPhone OS 6_0 like Mac OS X) AppleWebKit/536.26 (KHTML, like Gecko) Version/6.0 Mobile/10A403 Safari/8536.25"
81.17.18.98 - - [20/Jul/2025:02:15:45 +0000] "GET //topflowroofingplumbing.com.au/wp-content/themes/homlane/assets/js/aos.js HTTP/1.1" 301 - "-" "Mozilla/5.0 (Windows NT 10.0; WOW64) AppleWebKit/537.36 (KHTML, like Gecko) Chrome/63.0.3239.132 Safari/537.36"
81.17.18.98 - - [20/Jul/2025:02:15:45 +0000] "GET //topflowroofingplumbing.com.au/wp-content/themes/homlane/assets/js/appear.js HTTP/1.1" 301 - "-" "Mozilla/5.0 (X11; Linux x86_64) AppleWebKit/538.1 (KHTML, like Gecko) QupZilla/1.9.0 Safari/538.1"
