66.249.73.103 - - [19/Jul/2025:15:58:30 +0000] "GET /016028340.htm HTTP/1.1" 200 85935 "-" "Mozilla/5.0 (Linux; Android 6.0.1; Nexus 5X Build/MMB29P) AppleWebKit/537.36 (KHTML, like Gecko) Chrome/137.0.7151.103 Mobile Safari/537.36 (compatible; Googlebot/2.1; +http://www.google.com/bot.html)"
66.249.73.103 - - [19/Jul/2025:15:58:33 +0000] "GET /150030256.htm HTTP/1.1" 200 86883 "-" "Mozilla/5.0 (Linux; Android 6.0.1; Nexus 5X Build/MMB29P) AppleWebKit/537.36 (KHTML, like Gecko) Chrome/137.0.7151.103 Mobile Safari/537.36 (compatible; Googlebot/2.1; +http://www.google.com/bot.html)"
209.74.77.214 - - [19/Jul/2025:15:58:46 +0000] "POST /wp-cron.php?doing_wp_cron=1752940726.6609179973602294921875 HTTP/1.1" 403 33 "-" "WordPress/6.8.2; https://topflowroofingplumbing.com.au"
2a03:2880:f800:6:: - - [19/Jul/2025:15:58:46 +0000] "GET /shopbrand/352094310 HTTP/1.1" 404 11694 "-" "meta-externalagent/1.1 (+https://developers.facebook.com/docs/sharing/webmasters/crawler)"
66.249.73.103 - - [19/Jul/2025:15:58:58 +0000] "GET /pcmypage?callback=/product%2Fdetail%2nokka-nkkm1013-023-1 HTTP/1.1" 200 85987 "-" "Mozilla/5.0 (Linux; Android 6.0.1; Nexus 5X Build/MMB29P) AppleWebKit/537.36 (KHTML, like Gecko) Chrome/137.0.7151.103 Mobile Safari/537.36 (compatible; Googlebot/2.1; +http://www.google.com/bot.html)"
2a03:2880:f800:6:: - - [19/Jul/2025:15:59:01 +0000] "GET /shopbrand/88294973 HTTP/1.1" 404 11694 "-" "meta-externalagent/1.1 (+https://developers.facebook.com/docs/sharing/webmasters/crawler)"
20.171.207.99 - - [19/Jul/2025:15:59:02 +0000] "GET /search.php?tourism186049533.html HTTP/1.1" 200 86952 "-" "Mozilla/5.0 AppleWebKit/537.36 (KHTML, like Gecko; compatible; GPTBot/1.2; +https://openai.com/gptbot)"
66.249.73.97 - - [19/Jul/2025:15:59:06 +0000] "GET /pcmypage?callback=product/review/hcvalor-eshop-trusco-8419434 HTTP/1.1" 200 86125 "-" "Mozilla/5.0 (Linux; Android 6.0.1; Nexus 5X Build/MMB29P) AppleWebKit/537.36 (KHTML, like Gecko) Chrome/137.0.7151.103 Mobile Safari/537.36 (compatible; Googlebot/2.1; +http://www.google.com/bot.html)"
66.249.65.105 - - [19/Jul/2025:15:59:24 +0000] "GET /shopbrand/9946701 HTTP/1.1" 200 86101 "-" "Mozilla/5.0 (Linux; Android 6.0.1; Nexus 5X Build/MMB29P) AppleWebKit/537.36 (KHTML, like Gecko) Chrome/137.0.7151.103 Mobile Safari/537.36 (compatible; Googlebot/2.1; +http://www.google.com/bot.html)"
66.249.73.103 - - [19/Jul/2025:15:59:24 +0000] "GET /052001042.htm HTTP/1.1" 200 91308 "-" "Mozilla/5.0 (Linux; Android 6.0.1; Nexus 5X Build/MMB29P) AppleWebKit/537.36 (KHTML, like Gecko) Chrome/137.0.7151.103 Mobile Safari/537.36 (compatible; Googlebot/2.1; +http://www.google.com/bot.html)"
66.249.73.103 - - [19/Jul/2025:15:59:42 +0000] "GET /176043052.htm HTTP/1.1" 200 85623 "-" "Mozilla/5.0 (Linux; Android 6.0.1; Nexus 5X Build/MMB29P) AppleWebKit/537.36 (KHTML, like Gecko) Chrome/137.0.7151.103 Mobile Safari/537.36 (compatible; Googlebot/2.1; +http://www.google.com/bot.html)"
66.249.73.103 - - [19/Jul/2025:15:59:50 +0000] "GET /010000874.htm HTTP/1.1" 200 86242 "-" "Mozilla/5.0 (Linux; Android 6.0.1; Nexus 5X Build/MMB29P) AppleWebKit/537.36 (KHTML, like Gecko) Chrome/137.0.7151.103 Mobile Safari/537.36 (compatible; Googlebot/2.1; +http://www.google.com/bot.html)"
66.249.73.103 - - [19/Jul/2025:15:59:54 +0000] "GET /010000870.htm HTTP/1.1" 200 86338 "-" "Mozilla/5.0 (Linux; Android 6.0.1; Nexus 5X Build/MMB29P) AppleWebKit/537.36 (KHTML, like Gecko) Chrome/137.0.7151.103 Mobile Safari/537.36 (compatible; Googlebot/2.1; +http://www.google.com/bot.html)"
66.249.65.105 - - [19/Jul/2025:15:59:56 +0000] "GET /zhHant/product/surugaya/autopartsdirect-651178111153068207?campaign_uid=f64d716db5e979ed2f947dbaf4296895b951ae7f HTTP/1.1" 200 86366 "-" "Mozilla/5.0 (Linux; Android 6.0.1; Nexus 5X Build/MMB29P) AppleWebKit/537.36 (KHTML, like Gecko) Chrome/137.0.7151.103 Mobile Safari/537.36 (compatible; Googlebot/2.1; +http://www.google.com/bot.html)"
66.249.73.96 - - [19/Jul/2025:15:59:56 +0000] "GET /product/edit/hcvalor-eshop-trusco-8419434 HTTP/1.1" 200 85318 "-" "Mozilla/5.0 (Linux; Android 6.0.1; Nexus 5X Build/MMB29P) AppleWebKit/537.36 (KHTML, like Gecko) Chrome/137.0.7151.103 Mobile Safari/537.36 (compatible; Googlebot/2.1; +http://www.google.com/bot.html)"
20.171.207.99 - - [19/Jul/2025:16:00:04 +0000] "GET /search.php?sanction186049535.html HTTP/1.1" 200 87473 "-" "Mozilla/5.0 AppleWebKit/537.36 (KHTML, like Gecko; compatible; GPTBot/1.2; +https://openai.com/gptbot)"
66.249.73.103 - - [19/Jul/2025:16:00:08 +0000] "GET /pcmypage?callback=product/review/sakan8man-trus-3894361 HTTP/1.1" 200 85692 "-" "Mozilla/5.0 (Linux; Android 6.0.1; Nexus 5X Build/MMB29P) AppleWebKit/537.36 (KHTML, like Gecko) Chrome/137.0.7151.103 Mobile Safari/537.36 (compatible; Googlebot/2.1; +http://www.google.com/bot.html)"
66.249.73.103 - - [19/Jul/2025:16:00:16 +0000] "GET /036000268.htm HTTP/1.1" 200 86370 "-" "Mozilla/5.0 (Linux; Android 6.0.1; Nexus 5X Build/MMB29P) AppleWebKit/537.36 (KHTML, like Gecko) Chrome/137.0.7151.103 Mobile Safari/537.36 (compatible; Googlebot/2.1; +http://www.google.com/bot.html)"
209.74.77.214 - - [19/Jul/2025:16:00:31 +0000] "POST /wp-cron.php?doing_wp_cron=1752940831.6706330776214599609375 HTTP/1.1" 403 33 "-" "WordPress/6.8.2; https://topflowroofingplumbing.com.au"
3.223.136.116 - - [19/Jul/2025:16:00:31 +0000] "GET / HTTP/1.1" 200 17490 "-" "Mozilla/5.0 (Macintosh; Intel Mac OS X 10_15_7) AppleWebKit/537.36 (KHTML, like Gecko) Chrome/135.0.0.0 Safari/537.36"
66.249.65.105 - - [19/Jul/2025:16:00:41 +0000] "GET /zhHant/product/surugaya/interia-fuji-sg-ezr-e4j?campaign_uid=f64d716db5e979ed2f947dbaf4296895b951ae7f HTTP/1.1" 200 85626 "-" "Mozilla/5.0 (Linux; Android 6.0.1; Nexus 5X Build/MMB29P) AppleWebKit/537.36 (KHTML, like Gecko) Chrome/137.0.7151.103 Mobile Safari/537.36 (compatible; Googlebot/2.1; +http://www.google.com/bot.html)"
66.249.73.103 - - [19/Jul/2025:16:00:41 +0000] "GET /pcmypage?callback=product/review/chubo-pro-soko-90069780 HTTP/1.1" 200 86680 "-" "Mozilla/5.0 (Linux; Android 6.0.1; Nexus 5X Build/MMB29P) AppleWebKit/537.36 (KHTML, like Gecko) Chrome/137.0.7151.103 Mobile Safari/537.36 (compatible; Googlebot/2.1; +http://www.google.com/bot.html)"
3.223.136.116 - - [19/Jul/2025:16:00:49 +0000] "GET /robots.txt HTTP/1.1" 304 - "-" "Mozilla/5.0 (Macintosh; Intel Mac OS X 10_15_7) AppleWebKit/537.36 (KHTML, like Gecko) Chrome/135.0.0.0 Safari/537.36"
66.249.73.103 - - [19/Jul/2025:16:00:49 +0000] "GET /224014834.htm HTTP/1.1" 200 86625 "-" "Mozilla/5.0 (Linux; Android 6.0.1; Nexus 5X Build/MMB29P) AppleWebKit/537.36 (KHTML, like Gecko) Chrome/137.0.7151.103 Mobile Safari/537.36 (compatible; Googlebot/2.1; +http://www.google.com/bot.html)"
3.223.136.116 - - [19/Jul/2025:16:00:49 +0000] "GET / HTTP/1.1" 200 208 "https://topflowroofingplumbing.com.au" "Mozilla/5.0 (Macintosh; Intel Mac OS X 10_15_7) AppleWebKit/537.36 (KHTML, like Gecko) Chrome/135.0.0.0 Safari/537.36"
3.223.136.116 - - [19/Jul/2025:16:00:50 +0000] "GET /all-services-style-01/ HTTP/1.1" 200 207 "https://topflowroofingplumbing.com.au" "Mozilla/5.0 (Macintosh; Intel Mac OS X 10_15_7) AppleWebKit/537.36 (KHTML, like Gecko) Chrome/135.0.0.0 Safari/537.36"
3.223.136.116 - - [19/Jul/2025:16:00:57 +0000] "GET /all-services-style-03/ HTTP/1.1" 200 207 "https://topflowroofingplumbing.com.au" "Mozilla/5.0 (Macintosh; Intel Mac OS X 10_15_7) AppleWebKit/537.36 (KHTML, like Gecko) Chrome/135.0.0.0 Safari/537.36"
3.223.136.116 - - [19/Jul/2025:16:00:58 +0000] "GET /plumbing/ HTTP/1.1" 200 208 "https://topflowroofingplumbing.com.au" "Mozilla/5.0 (Macintosh; Intel Mac OS X 10_15_7) AppleWebKit/537.36 (KHTML, like Gecko) Chrome/135.0.0.0 Safari/537.36"
3.223.136.116 - - [19/Jul/2025:16:01:02 +0000] "GET /view-all-services/plumbing-repairs/ HTTP/1.1" 200 208 "https://topflowroofingplumbing.com.au" "Mozilla/5.0 (Macintosh; Intel Mac OS X 10_15_7) AppleWebKit/537.36 (KHTML, like Gecko) Chrome/135.0.0.0 Safari/537.36"
3.223.136.116 - - [19/Jul/2025:16:01:02 +0000] "GET /view-all-services/faucet-leak-repairs/ HTTP/1.1" 200 207 "https://topflowroofingplumbing.com.au" "Mozilla/5.0 (Macintosh; Intel Mac OS X 10_15_7) AppleWebKit/537.36 (KHTML, like Gecko) Chrome/135.0.0.0 Safari/537.36"
66.249.73.96 - - [19/Jul/2025:16:01:04 +0000] "GET /275002787.htm HTTP/1.1" 200 85856 "-" "Mozilla/5.0 (Linux; Android 6.0.1; Nexus 5X Build/MMB29P) AppleWebKit/537.36 (KHTML, like Gecko) Chrome/137.0.7151.103 Mobile Safari/537.36 (compatible; Googlebot/2.1; +http://www.google.com/bot.html)"
66.249.73.103 - - [19/Jul/2025:16:01:04 +0000] "GET /pcmypage?callback=product%2Fdetail%2Ftopcamera-4954628465016 HTTP/1.1" 200 86743 "-" "Mozilla/5.0 (Linux; Android 6.0.1; Nexus 5X Build/MMB29P) AppleWebKit/537.36 (KHTML, like Gecko) Chrome/137.0.7151.103 Mobile Safari/537.36 (compatible; Googlebot/2.1; +http://www.google.com/bot.html)"
20.171.207.99 - - [19/Jul/2025:16:01:05 +0000] "GET /search.php?country046021183.html HTTP/1.1" 200 86322 "-" "Mozilla/5.0 AppleWebKit/537.36 (KHTML, like Gecko; compatible; GPTBot/1.2; +https://openai.com/gptbot)"
3.223.136.116 - - [19/Jul/2025:16:01:09 +0000] "GET /view-all-services/heating-cooling/ HTTP/1.1" 200 209 "https://topflowroofingplumbing.com.au" "Mozilla/5.0 (Macintosh; Intel Mac OS X 10_15_7) AppleWebKit/537.36 (KHTML, like Gecko) Chrome/135.0.0.0 Safari/537.36"
3.223.136.116 - - [19/Jul/2025:16:01:12 +0000] "GET /view-all-services/sewer-cleaning-repair/ HTTP/1.1" 200 208 "https://topflowroofingplumbing.com.au" "Mozilla/5.0 (Macintosh; Intel Mac OS X 10_15_7) AppleWebKit/537.36 (KHTML, like Gecko) Chrome/135.0.0.0 Safari/537.36"
3.223.136.116 - - [19/Jul/2025:16:01:20 +0000] "GET /view-all-services/remodeling-service/ HTTP/1.1" 200 208 "https://topflowroofingplumbing.com.au" "Mozilla/5.0 (Macintosh; Intel Mac OS X 10_15_7) AppleWebKit/537.36 (KHTML, like Gecko) Chrome/135.0.0.0 Safari/537.36"
3.223.136.116 - - [19/Jul/2025:16:01:21 +0000] "GET /view-all-services/drain-cleaning/ HTTP/1.1" 200 206 "https://topflowroofingplumbing.com.au" "Mozilla/5.0 (Macintosh; Intel Mac OS X 10_15_7) AppleWebKit/537.36 (KHTML, like Gecko) Chrome/135.0.0.0 Safari/537.36"
3.223.136.116 - - [19/Jul/2025:16:01:27 +0000] "GET /view-all-services/water-treatment-service/ HTTP/1.1" 200 208 "https://topflowroofingplumbing.com.au" "Mozilla/5.0 (Macintosh; Intel Mac OS X 10_15_7) AppleWebKit/537.36 (KHTML, like Gecko) Chrome/135.0.0.0 Safari/537.36"
66.249.73.103 - - [19/Jul/2025:16:01:30 +0000] "GET /017000397.htm HTTP/1.1" 200 85101 "-" "Mozilla/5.0 (Linux; Android 6.0.1; Nexus 5X Build/MMB29P) AppleWebKit/537.36 (KHTML, like Gecko) Chrome/137.0.7151.103 Mobile Safari/537.36 (compatible; Googlebot/2.1; +http://www.google.com/bot.html)"
3.223.136.116 - - [19/Jul/2025:16:01:34 +0000] "GET /view-all-services/gas-line-service/ HTTP/1.1" 200 209 "https://topflowroofingplumbing.com.au" "Mozilla/5.0 (Macintosh; Intel Mac OS X 10_15_7) AppleWebKit/537.36 (KHTML, like Gecko) Chrome/135.0.0.0 Safari/537.36"
3.223.136.116 - - [19/Jul/2025:16:01:35 +0000] "GET /view-all-services/commercial-services/ HTTP/1.1" 200 207 "https://topflowroofingplumbing.com.au" "Mozilla/5.0 (Macintosh; Intel Mac OS X 10_15_7) AppleWebKit/537.36 (KHTML, like Gecko) Chrome/135.0.0.0 Safari/537.36"
66.249.73.103 - - [19/Jul/2025:16:01:38 +0000] "GET /017000403.htm HTTP/1.1" 200 85423 "-" "Mozilla/5.0 (Linux; Android 6.0.1; Nexus 5X Build/MMB29P) AppleWebKit/537.36 (KHTML, like Gecko) Chrome/137.0.7151.103 Mobile Safari/537.36 (compatible; Googlebot/2.1; +http://www.google.com/bot.html)"
3.223.136.116 - - [19/Jul/2025:16:01:39 +0000] "GET /about-us/ HTTP/1.1" 200 207 "https://topflowroofingplumbing.com.au" "Mozilla/5.0 (Macintosh; Intel Mac OS X 10_15_7) AppleWebKit/537.36 (KHTML, like Gecko) Chrome/135.0.0.0 Safari/537.36"
3.223.136.116 - - [19/Jul/2025:16:01:43 +0000] "GET /book-a-appointment/ HTTP/1.1" 200 207 "https://topflowroofingplumbing.com.au" "Mozilla/5.0 (Macintosh; Intel Mac OS X 10_15_7) AppleWebKit/537.36 (KHTML, like Gecko) Chrome/135.0.0.0 Safari/537.36"
3.223.136.116 - - [19/Jul/2025:16:01:49 +0000] "GET /faq/ HTTP/1.1" 200 209 "https://topflowroofingplumbing.com.au" "Mozilla/5.0 (Macintosh; Intel Mac OS X 10_15_7) AppleWebKit/537.36 (KHTML, like Gecko) Chrome/135.0.0.0 Safari/537.36"
3.223.136.116 - - [19/Jul/2025:16:01:52 +0000] "GET /job-details/ HTTP/1.1" 200 203 "https://topflowroofingplumbing.com.au" "Mozilla/5.0 (Macintosh; Intel Mac OS X 10_15_7) AppleWebKit/537.36 (KHTML, like Gecko) Chrome/135.0.0.0 Safari/537.36"
66.249.73.103 - - [19/Jul/2025:16:01:53 +0000] "GET /pcmypage?callback=product%2Fdetail%2Fshopdeclinic-64-8039-68 HTTP/1.1" 200 86741 "-" "Mozilla/5.0 (Linux; Android 6.0.1; Nexus 5X Build/MMB29P) AppleWebKit/537.36 (KHTML, like Gecko) Chrome/137.0.7151.103 Mobile Safari/537.36 (compatible; Googlebot/2.1; +http://www.google.com/bot.html)"
3.223.136.116 - - [19/Jul/2025:16:01:54 +0000] "GET /contact-us/ HTTP/1.1" 200 210 "https://topflowroofingplumbing.com.au" "Mozilla/5.0 (Macintosh; Intel Mac OS X 10_15_7) AppleWebKit/537.36 (KHTML, like Gecko) Chrome/135.0.0.0 Safari/537.36"
3.223.136.116 - - [19/Jul/2025:16:01:58 +0000] "GET /all-services-style-01/ HTTP/1.1" 200 207 "https://topflowroofingplumbing.com.au" "Mozilla/5.0 (Macintosh; Intel Mac OS X 10_15_7) AppleWebKit/537.36 (KHTML, like Gecko) Chrome/135.0.0.0 Safari/537.36"
3.223.136.116 - - [19/Jul/2025:16:01:58 +0000] "GET / HTTP/1.1" 200 208 "https://topflowroofingplumbing.com.au" "Mozilla/5.0 (Macintosh; Intel Mac OS X 10_15_7) AppleWebKit/537.36 (KHTML, like Gecko) Chrome/135.0.0.0 Safari/537.36"
3.223.136.116 - - [19/Jul/2025:16:01:58 +0000] "GET /all-services-style-03/ HTTP/1.1" 200 207 "https://topflowroofingplumbing.com.au" "Mozilla/5.0 (Macintosh; Intel Mac OS X 10_15_7) AppleWebKit/537.36 (KHTML, like Gecko) Chrome/135.0.0.0 Safari/537.36"
66.249.73.103 - - [19/Jul/2025:16:01:59 +0000] "GET /product/edit/hcvalor-eshop-trusco-4446553 HTTP/1.1" 200 85578 "-" "Mozilla/5.0 (Linux; Android 6.0.1; Nexus 5X Build/MMB29P) AppleWebKit/537.36 (KHTML, like Gecko) Chrome/137.0.7151.103 Mobile Safari/537.36 (compatible; Googlebot/2.1; +http://www.google.com/bot.html)"
3.223.136.116 - - [19/Jul/2025:16:02:03 +0000] "GET /view-all-services/plumbing-repairs/ HTTP/1.1" 200 208 "https://topflowroofingplumbing.com.au" "Mozilla/5.0 (Macintosh; Intel Mac OS X 10_15_7) AppleWebKit/537.36 (KHTML, like Gecko) Chrome/135.0.0.0 Safari/537.36"
3.223.136.116 - - [19/Jul/2025:16:02:03 +0000] "GET /plumbing/ HTTP/1.1" 200 208 "https://topflowroofingplumbing.com.au" "Mozilla/5.0 (Macintosh; Intel Mac OS X 10_15_7) AppleWebKit/537.36 (KHTML, like Gecko) Chrome/135.0.0.0 Safari/537.36"
3.223.136.116 - - [19/Jul/2025:16:02:05 +0000] "GET /view-all-services/faucet-leak-repairs/ HTTP/1.1" 200 207 "https://topflowroofingplumbing.com.au" "Mozilla/5.0 (Macintosh; Intel Mac OS X 10_15_7) AppleWebKit/537.36 (KHTML, like Gecko) Chrome/135.0.0.0 Safari/537.36"
3.223.136.116 - - [19/Jul/2025:16:02:05 +0000] "GET /view-all-services/heating-cooling/ HTTP/1.1" 200 209 "https://topflowroofingplumbing.com.au" "Mozilla/5.0 (Macintosh; Intel Mac OS X 10_15_7) AppleWebKit/537.36 (KHTML, like Gecko) Chrome/135.0.0.0 Safari/537.36"
66.249.73.103 - - [19/Jul/2025:16:02:09 +0000] "GET /pcmypage?callback=/product%2Fdetail%2union5255-62068131850 HTTP/1.1" 200 85890 "-" "Mozilla/5.0 (Linux; Android 6.0.1; Nexus 5X Build/MMB29P) AppleWebKit/537.36 (KHTML, like Gecko) Chrome/137.0.7151.103 Mobile Safari/537.36 (compatible; Googlebot/2.1; +http://www.google.com/bot.html)"
20.171.207.99 - - [19/Jul/2025:16:02:10 +0000] "GET /search.php?m082000260%3Fsrsltid=AfmBOolLzDvhimNtVKsVla_DkVpUprni7_8bLSLt9J-D-szsreDj7K HTTP/1.1" 200 88878 "-" "Mozilla/5.0 AppleWebKit/537.36 (KHTML, like Gecko; compatible; GPTBot/1.2; +https://openai.com/gptbot)"
3.223.136.116 - - [19/Jul/2025:16:02:12 +0000] "GET /view-all-services/sewer-cleaning-repair/ HTTP/1.1" 200 208 "https://topflowroofingplumbing.com.au" "Mozilla/5.0 (Macintosh; Intel Mac OS X 10_15_7) AppleWebKit/537.36 (KHTML, like Gecko) Chrome/135.0.0.0 Safari/537.36"
3.223.136.116 - - [19/Jul/2025:16:02:12 +0000] "GET /view-all-services/remodeling-service/ HTTP/1.1" 200 208 "https://topflowroofingplumbing.com.au" "Mozilla/5.0 (Macintosh; Intel Mac OS X 10_15_7) AppleWebKit/537.36 (KHTML, like Gecko) Chrome/135.0.0.0 Safari/537.36"
3.223.136.116 - - [19/Jul/2025:16:02:13 +0000] "GET /view-all-services/water-treatment-service/ HTTP/1.1" 200 208 "https://topflowroofingplumbing.com.au" "Mozilla/5.0 (Macintosh; Intel Mac OS X 10_15_7) AppleWebKit/537.36 (KHTML, like Gecko) Chrome/135.0.0.0 Safari/537.36"
3.223.136.116 - - [19/Jul/2025:16:02:13 +0000] "GET /view-all-services/drain-cleaning/ HTTP/1.1" 200 206 "https://topflowroofingplumbing.com.au" "Mozilla/5.0 (Macintosh; Intel Mac OS X 10_15_7) AppleWebKit/537.36 (KHTML, like Gecko) Chrome/135.0.0.0 Safari/537.36"
3.223.136.116 - - [19/Jul/2025:16:02:16 +0000] "GET /view-all-services/gas-line-service/ HTTP/1.1" 200 209 "https://topflowroofingplumbing.com.au" "Mozilla/5.0 (Macintosh; Intel Mac OS X 10_15_7) AppleWebKit/537.36 (KHTML, like Gecko) Chrome/135.0.0.0 Safari/537.36"
3.223.136.116 - - [19/Jul/2025:16:02:19 +0000] "GET /book-a-appointment/ HTTP/1.1" 200 207 "https://topflowroofingplumbing.com.au" "Mozilla/5.0 (Macintosh; Intel Mac OS X 10_15_7) AppleWebKit/537.36 (KHTML, like Gecko) Chrome/135.0.0.0 Safari/537.36"
3.223.136.116 - - [19/Jul/2025:16:02:19 +0000] "GET /view-all-services/commercial-services/ HTTP/1.1" 200 207 "https://topflowroofingplumbing.com.au" "Mozilla/5.0 (Macintosh; Intel Mac OS X 10_15_7) AppleWebKit/537.36 (KHTML, like Gecko) Chrome/135.0.0.0 Safari/537.36"
3.223.136.116 - - [19/Jul/2025:16:02:19 +0000] "GET /about-us/ HTTP/1.1" 200 207 "https://topflowroofingplumbing.com.au" "Mozilla/5.0 (Macintosh; Intel Mac OS X 10_15_7) AppleWebKit/537.36 (KHTML, like Gecko) Chrome/135.0.0.0 Safari/537.36"
3.223.136.116 - - [19/Jul/2025:16:02:20 +0000] "GET /faq/ HTTP/1.1" 200 209 "https://topflowroofingplumbing.com.au" "Mozilla/5.0 (Macintosh; Intel Mac OS X 10_15_7) AppleWebKit/537.36 (KHTML, like Gecko) Chrome/135.0.0.0 Safari/537.36"
3.223.136.116 - - [19/Jul/2025:16:02:21 +0000] "GET /contact-us/ HTTP/1.1" 200 210 "https://topflowroofingplumbing.com.au" "Mozilla/5.0 (Macintosh; Intel Mac OS X 10_15_7) AppleWebKit/537.36 (KHTML, like Gecko) Chrome/135.0.0.0 Safari/537.36"
3.223.136.116 - - [19/Jul/2025:16:02:21 +0000] "GET /job-details/ HTTP/1.1" 200 203 "https://topflowroofingplumbing.com.au" "Mozilla/5.0 (Macintosh; Intel Mac OS X 10_15_7) AppleWebKit/537.36 (KHTML, like Gecko) Chrome/135.0.0.0 Safari/537.36"
3.223.136.116 - - [19/Jul/2025:16:02:25 +0000] "GET /testimonials/ HTTP/1.1" 200 208 "https://topflowroofingplumbing.com.au" "Mozilla/5.0 (Macintosh; Intel Mac OS X 10_15_7) AppleWebKit/537.36 (KHTML, like Gecko) Chrome/135.0.0.0 Safari/537.36"
3.223.136.116 - - [19/Jul/2025:16:02:25 +0000] "GET /plumbing-02/ HTTP/1.1" 200 206 "https://topflowroofingplumbing.com.au" "Mozilla/5.0 (Macintosh; Intel Mac OS X 10_15_7) AppleWebKit/537.36 (KHTML, like Gecko) Chrome/135.0.0.0 Safari/537.36"
3.223.136.116 - - [19/Jul/2025:16:02:25 +0000] "GET / HTTP/1.1" 200 208 "https://topflowroofingplumbing.com.au" "Mozilla/5.0 (Macintosh; Intel Mac OS X 10_15_7) AppleWebKit/537.36 (KHTML, like Gecko) Chrome/135.0.0.0 Safari/537.36"
3.223.136.116 - - [19/Jul/2025:16:02:27 +0000] "GET /roof-worker-treak-truned-into-your-roof-a-new-type-roof/ HTTP/1.1" 200 207 "https://topflowroofingplumbing.com.au" "Mozilla/5.0 (Macintosh; Intel Mac OS X 10_15_7) AppleWebKit/537.36 (KHTML, like Gecko) Chrome/135.0.0.0 Safari/537.36"
3.223.136.116 - - [19/Jul/2025:16:02:27 +0000] "GET /heating-worker-truned-to-your-ac-as-new-type-heater-2/ HTTP/1.1" 200 207 "https://topflowroofingplumbing.com.au" "Mozilla/5.0 (Macintosh; Intel Mac OS X 10_15_7) AppleWebKit/537.36 (KHTML, like Gecko) Chrome/135.0.0.0 Safari/537.36"
3.223.136.116 - - [19/Jul/2025:16:02:27 +0000] "GET /heating-worker-truned-to-your-ac-as-new-type-heater-2/ HTTP/1.1" 200 207 "https://topflowroofingplumbing.com.au" "Mozilla/5.0 (Macintosh; Intel Mac OS X 10_15_7) AppleWebKit/537.36 (KHTML, like Gecko) Chrome/135.0.0.0 Safari/537.36"
3.223.136.116 - - [19/Jul/2025:16:02:27 +0000] "GET /customer-service/ HTTP/1.1" 200 207 "https://topflowroofingplumbing.com.au" "Mozilla/5.0 (Macintosh; Intel Mac OS X 10_15_7) AppleWebKit/537.36 (KHTML, like Gecko) Chrome/135.0.0.0 Safari/537.36"
3.223.136.116 - - [19/Jul/2025:16:02:27 +0000] "GET /roof-worker-treak-truned-into-your-roof-a-new-type-roof/ HTTP/1.1" 200 207 "https://topflowroofingplumbing.com.au" "Mozilla/5.0 (Macintosh; Intel Mac OS X 10_15_7) AppleWebKit/537.36 (KHTML, like Gecko) Chrome/135.0.0.0 Safari/537.36"
3.223.136.116 - - [19/Jul/2025:16:02:27 +0000] "GET /air-conditioner-worker-truned-into-ac-as-new-type-cooling/ HTTP/1.1" 200 206 "https://topflowroofingplumbing.com.au" "Mozilla/5.0 (Macintosh; Intel Mac OS X 10_15_7) AppleWebKit/537.36 (KHTML, like Gecko) Chrome/135.0.0.0 Safari/537.36"
3.223.136.116 - - [19/Jul/2025:16:02:34 +0000] "GET /plumbing-02/ HTTP/1.1" 200 206 "https://topflowroofingplumbing.com.au" "Mozilla/5.0 (Macintosh; Intel Mac OS X 10_15_7) AppleWebKit/537.36 (KHTML, like Gecko) Chrome/135.0.0.0 Safari/537.36"
3.223.136.116 - - [19/Jul/2025:16:02:34 +0000] "GET /customer-service/ HTTP/1.1" 200 207 "https://topflowroofingplumbing.com.au" "Mozilla/5.0 (Macintosh; Intel Mac OS X 10_15_7) AppleWebKit/537.36 (KHTML, like Gecko) Chrome/135.0.0.0 Safari/537.36"
3.223.136.116 - - [19/Jul/2025:16:02:34 +0000] "GET /testimonials/ HTTP/1.1" 200 208 "https://topflowroofingplumbing.com.au" "Mozilla/5.0 (Macintosh; Intel Mac OS X 10_15_7) AppleWebKit/537.36 (KHTML, like Gecko) Chrome/135.0.0.0 Safari/537.36"
66.249.73.103 - - [19/Jul/2025:16:02:35 +0000] "GET /022000324.htm HTTP/1.1" 200 85627 "-" "Mozilla/5.0 (Linux; Android 6.0.1; Nexus 5X Build/MMB29P) AppleWebKit/537.36 (KHTML, like Gecko) Chrome/137.0.7151.103 Mobile Safari/537.36 (compatible; Googlebot/2.1; +http://www.google.com/bot.html)"
66.249.73.103 - - [19/Jul/2025:16:02:43 +0000] "GET /145006067.htm HTTP/1.1" 200 85560 "-" "Mozilla/5.0 (Linux; Android 6.0.1; Nexus 5X Build/MMB29P) AppleWebKit/537.36 (KHTML, like Gecko) Chrome/137.0.7151.103 Mobile Safari/537.36 (compatible; Googlebot/2.1; +http://www.google.com/bot.html)"
2a03:2880:30ff:71:: - - [19/Jul/2025:16:02:51 +0000] "GET /robots.txt HTTP/1.1" 200 140 "-" "facebookexternalhit/1.1 (+http://www.facebook.com/externalhit_uatext.php)"
209.74.77.214 - - [19/Jul/2025:16:02:53 +0000] "POST /wp-cron.php?doing_wp_cron=1752940973.3403000831604003906250 HTTP/1.1" 403 33 "-" "WordPress/6.8.2; https://topflowroofingplumbing.com.au"
2a03:2880:30ff:7:: - - [19/Jul/2025:16:02:52 +0000] "GET / HTTP/1.1" 301 - "-" "facebookexternalhit/1.1 (+http://www.facebook.com/externalhit_uatext.php)"
2a03:2880:30ff:74:: - - [19/Jul/2025:16:02:54 +0000] "GET / HTTP/1.1" 200 17490 "-" "facebookexternalhit/1.1 (+http://www.facebook.com/externalhit_uatext.php)"
66.249.73.96 - - [19/Jul/2025:16:02:58 +0000] "GET /pcmypage?callback=product%2Fdetail%2Fpaintbook-088-fi227 HTTP/1.1" 200 85339 "-" "Mozilla/5.0 (Linux; Android 6.0.1; Nexus 5X Build/MMB29P) AppleWebKit/537.36 (KHTML, like Gecko) Chrome/137.0.7151.103 Mobile Safari/537.36 (compatible; Googlebot/2.1; +http://www.google.com/bot.html)"
20.171.207.99 - - [19/Jul/2025:16:03:11 +0000] "GET /search.php?liberty189045264.html HTTP/1.1" 200 87339 "-" "Mozilla/5.0 AppleWebKit/537.36 (KHTML, like Gecko; compatible; GPTBot/1.2; +https://openai.com/gptbot)"
66.249.73.97 - - [19/Jul/2025:16:03:14 +0000] "GET /pcmypage?callback=/product%2Fdetail%2paintbook-088-fi227 HTTP/1.1" 200 89325 "-" "Mozilla/5.0 (Linux; Android 6.0.1; Nexus 5X Build/MMB29P) AppleWebKit/537.36 (KHTML, like Gecko) Chrome/137.0.7151.103 Mobile Safari/537.36 (compatible; Googlebot/2.1; +http://www.google.com/bot.html)"
66.249.73.96 - - [19/Jul/2025:16:03:31 +0000] "GET /021035205.htm HTTP/1.1" 200 86626 "-" "Mozilla/5.0 (Linux; Android 6.0.1; Nexus 5X Build/MMB29P) AppleWebKit/537.36 (KHTML, like Gecko) Chrome/137.0.7151.103 Mobile Safari/537.36 (compatible; Googlebot/2.1; +http://www.google.com/bot.html)"
66.249.73.103 - - [19/Jul/2025:16:03:37 +0000] "GET /category/83_2789/1/listing HTTP/1.1" 200 85418 "-" "Mozilla/5.0 (Linux; Android 6.0.1; Nexus 5X Build/MMB29P) AppleWebKit/537.36 (KHTML, like Gecko) Chrome/137.0.7151.103 Mobile Safari/537.36 (compatible; Googlebot/2.1; +http://www.google.com/bot.html)"
66.249.73.103 - - [19/Jul/2025:16:03:57 +0000] "GET /pcmypage?callback=product%2Fdetail%2Fsurugaya-a-too-112656061-1 HTTP/1.1" 200 85297 "-" "Mozilla/5.0 (Linux; Android 6.0.1; Nexus 5X Build/MMB29P) AppleWebKit/537.36 (KHTML, like Gecko) Chrome/137.0.7151.103 Mobile Safari/537.36 (compatible; Googlebot/2.1; +http://www.google.com/bot.html)"
20.171.207.99 - - [19/Jul/2025:16:04:15 +0000] "GET /search.php?handful193042564.html HTTP/1.1" 200 87482 "-" "Mozilla/5.0 AppleWebKit/537.36 (KHTML, like Gecko; compatible; GPTBot/1.2; +https://openai.com/gptbot)"
66.249.73.96 - - [19/Jul/2025:16:04:24 +0000] "GET /036001578.htm HTTP/1.1" 200 85596 "-" "Mozilla/5.0 (Linux; Android 6.0.1; Nexus 5X Build/MMB29P) AppleWebKit/537.36 (KHTML, like Gecko) Chrome/137.0.7151.103 Mobile Safari/537.36 (compatible; Googlebot/2.1; +http://www.google.com/bot.html)"
66.249.73.103 - - [19/Jul/2025:16:04:32 +0000] "GET /049015925.htm HTTP/1.1" 200 85855 "-" "Mozilla/5.0 (Linux; Android 6.0.1; Nexus 5X Build/MMB29P) AppleWebKit/537.36 (KHTML, like Gecko) Chrome/137.0.7151.103 Mobile Safari/537.36 (compatible; Googlebot/2.1; +http://www.google.com/bot.html)"
66.249.73.103 - - [19/Jul/2025:16:04:40 +0000] "GET /pcmypage?callback=product%2Fdetail%2Fchubo-pro-soko-90069780 HTTP/1.1" 200 85371 "-" "Mozilla/5.0 (Linux; Android 6.0.1; Nexus 5X Build/MMB29P) AppleWebKit/537.36 (KHTML, like Gecko) Chrome/137.0.7151.103 Mobile Safari/537.36 (compatible; Googlebot/2.1; +http://www.google.com/bot.html)"
66.249.73.103 - - [19/Jul/2025:16:04:40 +0000] "GET /039003253.htm HTTP/1.1" 200 85559 "-" "Mozilla/5.0 (Linux; Android 6.0.1; Nexus 5X Build/MMB29P) AppleWebKit/537.36 (KHTML, like Gecko) Chrome/137.0.7151.103 Mobile Safari/537.36 (compatible; Googlebot/2.1; +http://www.google.com/bot.html)"
66.249.73.96 - - [19/Jul/2025:16:04:52 +0000] "GET /pcmypage?callback=product%2Fdetail%2Felmon0-qr9262429309 HTTP/1.1" 200 86838 "-" "Mozilla/5.0 (Linux; Android 6.0.1; Nexus 5X Build/MMB29P) AppleWebKit/537.36 (KHTML, like Gecko) Chrome/137.0.7151.103 Mobile Safari/537.36 (compatible; Googlebot/2.1; +http://www.google.com/bot.html)"
66.249.73.97 - - [19/Jul/2025:16:05:09 +0000] "GET /188047960.htm HTTP/1.1" 200 85389 "-" "Mozilla/5.0 (Linux; Android 6.0.1; Nexus 5X Build/MMB29P) AppleWebKit/537.36 (KHTML, like Gecko) Chrome/137.0.7151.103 Mobile Safari/537.36 (compatible; Googlebot/2.1; +http://www.google.com/bot.html)"
66.249.73.103 - - [19/Jul/2025:16:05:13 +0000] "GET /pcmypage?callback=product%2Fdetail%2Fhaikanshop-5106991 HTTP/1.1" 200 85719 "-" "Mozilla/5.0 (Linux; Android 6.0.1; Nexus 5X Build/MMB29P) AppleWebKit/537.36 (KHTML, like Gecko) Chrome/137.0.7151.103 Mobile Safari/537.36 (compatible; Googlebot/2.1; +http://www.google.com/bot.html)"
20.171.207.99 - - [19/Jul/2025:16:05:18 +0000] "GET /search.php?dominate076041281.html HTTP/1.1" 200 88114 "-" "Mozilla/5.0 AppleWebKit/537.36 (KHTML, like Gecko; compatible; GPTBot/1.2; +https://openai.com/gptbot)"
66.249.73.103 - - [19/Jul/2025:16:05:25 +0000] "GET /102017676.htm HTTP/1.1" 200 85603 "-" "Mozilla/5.0 (Linux; Android 6.0.1; Nexus 5X Build/MMB29P) AppleWebKit/537.36 (KHTML, like Gecko) Chrome/137.0.7151.103 Mobile Safari/537.36 (compatible; Googlebot/2.1; +http://www.google.com/bot.html)"
66.249.73.103 - - [19/Jul/2025:16:05:41 +0000] "GET /pcmypage?callback=/product%2Fdetail%2tuzukiya-s261-155469 HTTP/1.1" 200 85610 "-" "Mozilla/5.0 (Linux; Android 6.0.1; Nexus 5X Build/MMB29P) AppleWebKit/537.36 (KHTML, like Gecko) Chrome/137.0.7151.103 Mobile Safari/537.36 (compatible; Googlebot/2.1; +http://www.google.com/bot.html)"
66.249.65.97 - - [19/Jul/2025:16:05:45 +0000] "GET /shopbrand/10706938 HTTP/1.1" 200 85698 "-" "Mozilla/5.0 (Linux; Android 6.0.1; Nexus 5X Build/MMB29P) AppleWebKit/537.36 (KHTML, like Gecko) Chrome/137.0.7151.103 Mobile Safari/537.36 (compatible; Googlebot/2.1; +http://www.google.com/bot.html)"
66.249.73.96 - - [19/Jul/2025:16:05:57 +0000] "GET /pcmypage?callback=product/review/tuzukiya-s261-155469 HTTP/1.1" 200 85829 "-" "Mozilla/5.0 (Linux; Android 6.0.1; Nexus 5X Build/MMB29P) AppleWebKit/537.36 (KHTML, like Gecko) Chrome/137.0.7151.103 Mobile Safari/537.36 (compatible; Googlebot/2.1; +http://www.google.com/bot.html)"
173.208.153.154 - - [19/Jul/2025:16:06:15 +0000] "GET /wp-includes/wp-configs.php HTTP/1.1" 200 26 "https://topflowroofingplumbing.com.au/wp-includes/wp-configs.php" "Mozilla/5.0 (Windows NT 6.1; WOW64; rv:5.0) Gecko/20100101 Firefox/5.0"
20.171.207.99 - - [19/Jul/2025:16:06:24 +0000] "GET /search.php?birthday271046850.html HTTP/1.1" 200 87477 "-" "Mozilla/5.0 AppleWebKit/537.36 (KHTML, like Gecko; compatible; GPTBot/1.2; +https://openai.com/gptbot)"
66.249.73.96 - - [19/Jul/2025:16:06:33 +0000] "GET /030014990.htm HTTP/1.1" 200 85906 "-" "Mozilla/5.0 (Linux; Android 6.0.1; Nexus 5X Build/MMB29P) AppleWebKit/537.36 (KHTML, like Gecko) Chrome/137.0.7151.103 Mobile Safari/537.36 (compatible; Googlebot/2.1; +http://www.google.com/bot.html)"
66.249.73.103 - - [19/Jul/2025:16:06:41 +0000] "GET /pcmypage?callback=product/review/hcvalor-eshop-trusco-4446553 HTTP/1.1" 200 86436 "-" "Mozilla/5.0 (Linux; Android 6.0.1; Nexus 5X Build/MMB29P) AppleWebKit/537.36 (KHTML, like Gecko) Chrome/137.0.7151.103 Mobile Safari/537.36 (compatible; Googlebot/2.1; +http://www.google.com/bot.html)"
66.249.73.103 - - [19/Jul/2025:16:06:49 +0000] "GET /273046093.htm HTTP/1.1" 200 87405 "-" "Mozilla/5.0 (Linux; Android 6.0.1; Nexus 5X Build/MMB29P) AppleWebKit/537.36 (KHTML, like Gecko) Chrome/137.0.7151.103 Mobile Safari/537.36 (compatible; Googlebot/2.1; +http://www.google.com/bot.html)"
66.249.73.97 - - [19/Jul/2025:16:07:12 +0000] "GET /087000307.htm HTTP/1.1" 200 85638 "-" "Mozilla/5.0 (Linux; Android 6.0.1; Nexus 5X Build/MMB29P) AppleWebKit/537.36 (KHTML, like Gecko) Chrome/137.0.7151.103 Mobile Safari/537.36 (compatible; Googlebot/2.1; +http://www.google.com/bot.html)"
66.249.73.103 - - [19/Jul/2025:16:07:21 +0000] "GET /234041792.htm HTTP/1.1" 200 85645 "-" "Mozilla/5.0 (Linux; Android 6.0.1; Nexus 5X Build/MMB29P) AppleWebKit/537.36 (KHTML, like Gecko) Chrome/137.0.7151.103 Mobile Safari/537.36 (compatible; Googlebot/2.1; +http://www.google.com/bot.html)"
20.171.207.99 - - [19/Jul/2025:16:07:26 +0000] "GET /search.php?century189045262.html HTTP/1.1" 200 86731 "-" "Mozilla/5.0 AppleWebKit/537.36 (KHTML, like Gecko; compatible; GPTBot/1.2; +https://openai.com/gptbot)"
66.249.73.103 - - [19/Jul/2025:16:07:30 +0000] "GET /146048656.htm HTTP/1.1" 200 86054 "-" "Mozilla/5.0 (Linux; Android 6.0.1; Nexus 5X Build/MMB29P) AppleWebKit/537.36 (KHTML, like Gecko) Chrome/137.0.7151.103 Mobile Safari/537.36 (compatible; Googlebot/2.1; +http://www.google.com/bot.html)"
66.249.73.103 - - [19/Jul/2025:16:07:35 +0000] "GET /075003101.htm HTTP/1.1" 200 85576 "-" "Mozilla/5.0 (Linux; Android 6.0.1; Nexus 5X Build/MMB29P) AppleWebKit/537.36 (KHTML, like Gecko) Chrome/137.0.7151.103 Mobile Safari/537.36 (compatible; Googlebot/2.1; +http://www.google.com/bot.html)"
66.249.73.96 - - [19/Jul/2025:16:07:52 +0000] "GET /229036535.htm HTTP/1.1" 200 85354 "-" "Mozilla/5.0 (Linux; Android 6.0.1; Nexus 5X Build/MMB29P) AppleWebKit/537.36 (KHTML, like Gecko) Chrome/137.0.7151.103 Mobile Safari/537.36 (compatible; Googlebot/2.1; +http://www.google.com/bot.html)"
66.249.73.103 - - [19/Jul/2025:16:08:08 +0000] "GET /028003968.htm HTTP/1.1" 200 86147 "-" "Mozilla/5.0 (Linux; Android 6.0.1; Nexus 5X Build/MMB29P) AppleWebKit/537.36 (KHTML, like Gecko) Chrome/137.0.7151.103 Mobile Safari/537.36 (compatible; Googlebot/2.1; +http://www.google.com/bot.html)"
20.171.207.99 - - [19/Jul/2025:16:08:30 +0000] "GET /search.php?gallery129037586.html HTTP/1.1" 200 87375 "-" "Mozilla/5.0 AppleWebKit/537.36 (KHTML, like Gecko; compatible; GPTBot/1.2; +https://openai.com/gptbot)"
66.249.73.103 - - [19/Jul/2025:16:08:34 +0000] "GET /pcmypage?callback=/product%2Fdetail%2re-vida-k0-7497936-cowwhit HTTP/1.1" 200 86901 "-" "Mozilla/5.0 (Linux; Android 6.0.1; Nexus 5X Build/MMB29P) AppleWebKit/537.36 (KHTML, like Gecko) Chrome/137.0.7151.103 Mobile Safari/537.36 (compatible; Googlebot/2.1; +http://www.google.com/bot.html)"
66.249.73.103 - - [19/Jul/2025:16:08:42 +0000] "GET /087000045.htm HTTP/1.1" 200 85969 "-" "Mozilla/5.0 (Linux; Android 6.0.1; Nexus 5X Build/MMB29P) AppleWebKit/537.36 (KHTML, like Gecko) Chrome/137.0.7151.103 Mobile Safari/537.36 (compatible; Googlebot/2.1; +http://www.google.com/bot.html)"
66.249.73.103 - - [19/Jul/2025:16:08:57 +0000] "GET /025012763.htm HTTP/1.1" 200 87032 "-" "Mozilla/5.0 (Linux; Android 6.0.1; Nexus 5X Build/MMB29P) AppleWebKit/537.36 (KHTML, like Gecko) Chrome/137.0.7151.103 Mobile Safari/537.36 (compatible; Googlebot/2.1; +http://www.google.com/bot.html)"
20.171.207.99 - - [19/Jul/2025:16:09:35 +0000] "GET /search.php?normally186049531.html HTTP/1.1" 200 87076 "-" "Mozilla/5.0 AppleWebKit/537.36 (KHTML, like Gecko; compatible; GPTBot/1.2; +https://openai.com/gptbot)"
66.249.73.103 - - [19/Jul/2025:16:09:52 +0000] "GET /028003960.htm HTTP/1.1" 200 86118 "-" "Mozilla/5.0 (Linux; Android 6.0.1; Nexus 5X Build/MMB29P) AppleWebKit/537.36 (KHTML, like Gecko) Chrome/137.0.7151.103 Mobile Safari/537.36 (compatible; Googlebot/2.1; +http://www.google.com/bot.html)"
66.249.73.97 - - [19/Jul/2025:16:10:09 +0000] "GET /185022425.htm HTTP/1.1" 200 85309 "-" "Mozilla/5.0 (Linux; Android 6.0.1; Nexus 5X Build/MMB29P) AppleWebKit/537.36 (KHTML, like Gecko) Chrome/137.0.7151.103 Mobile Safari/537.36 (compatible; Googlebot/2.1; +http://www.google.com/bot.html)"
66.249.73.103 - - [19/Jul/2025:16:10:18 +0000] "GET /028000278.htm HTTP/1.1" 200 85914 "-" "Mozilla/5.0 (Linux; Android 6.0.1; Nexus 5X Build/MMB29P) AppleWebKit/537.36 (KHTML, like Gecko) Chrome/137.0.7151.103 Mobile Safari/537.36 (compatible; Googlebot/2.1; +http://www.google.com/bot.html)"
66.249.73.103 - - [19/Jul/2025:16:10:26 +0000] "GET /087000327.htm HTTP/1.1" 200 86316 "-" "Mozilla/5.0 (Linux; Android 6.0.1; Nexus 5X Build/MMB29P) AppleWebKit/537.36 (KHTML, like Gecko) Chrome/137.0.7151.103 Mobile Safari/537.36 (compatible; Googlebot/2.1; +http://www.google.com/bot.html)"
66.249.73.103 - - [19/Jul/2025:16:10:34 +0000] "GET /pcmypage?callback=/product%2Fdetail%2yakyu-kasukawa-sa-1064a006-300-1 HTTP/1.1" 200 86074 "-" "Mozilla/5.0 (Linux; Android 6.0.1; Nexus 5X Build/MMB29P) AppleWebKit/537.36 (KHTML, like Gecko) Chrome/137.0.7151.103 Mobile Safari/537.36 (compatible; Googlebot/2.1; +http://www.google.com/bot.html)"
20.171.207.99 - - [19/Jul/2025:16:10:39 +0000] "GET /search.php?analyze186049533.html HTTP/1.1" 200 87382 "-" "Mozilla/5.0 AppleWebKit/537.36 (KHTML, like Gecko; compatible; GPTBot/1.2; +https://openai.com/gptbot)"
66.249.73.96 - - [19/Jul/2025:16:10:52 +0000] "GET /015038587.htm HTTP/1.1" 200 85728 "-" "Mozilla/5.0 (Linux; Android 6.0.1; Nexus 5X Build/MMB29P) AppleWebKit/537.36 (KHTML, like Gecko) Chrome/137.0.7151.103 Mobile Safari/537.36 (compatible; Googlebot/2.1; +http://www.google.com/bot.html)"
66.249.73.96 - - [19/Jul/2025:16:11:09 +0000] "GET /product/edit/cocohouse-sb000tcu4za HTTP/1.1" 200 86633 "-" "Mozilla/5.0 (Linux; Android 6.0.1; Nexus 5X Build/MMB29P) AppleWebKit/537.36 (KHTML, like Gecko) Chrome/137.0.7151.103 Mobile Safari/537.36 (compatible; Googlebot/2.1; +http://www.google.com/bot.html)"
66.249.73.103 - - [19/Jul/2025:16:11:09 +0000] "GET /073014373.htm HTTP/1.1" 200 86098 "-" "Mozilla/5.0 (Linux; Android 6.0.1; Nexus 5X Build/MMB29P) AppleWebKit/537.36 (KHTML, like Gecko) Chrome/137.0.7151.103 Mobile Safari/537.36 (compatible; Googlebot/2.1; +http://www.google.com/bot.html)"
66.249.73.103 - - [19/Jul/2025:16:11:17 +0000] "GET /220035948.htm HTTP/1.1" 200 85374 "-" "Mozilla/5.0 (Linux; Android 6.0.1; Nexus 5X Build/MMB29P) AppleWebKit/537.36 (KHTML, like Gecko) Chrome/137.0.7151.103 Mobile Safari/537.36 (compatible; Googlebot/2.1; +http://www.google.com/bot.html)"
66.249.65.96 - - [19/Jul/2025:16:11:20 +0000] "GET /079000097.htm HTTP/1.1" 200 86480 "-" "Mozilla/5.0 (Linux; Android 6.0.1; Nexus 5X Build/MMB29P) AppleWebKit/537.36 (KHTML, like Gecko) Chrome/137.0.7151.103 Mobile Safari/537.36 (compatible; Googlebot/2.1; +http://www.google.com/bot.html)"
66.249.73.103 - - [19/Jul/2025:16:11:35 +0000] "GET /pcmypage?callback=product%2Fdetail%2Fnokka-nkkm1013-023-1 HTTP/1.1" 200 87164 "-" "Mozilla/5.0 (Linux; Android 6.0.1; Nexus 5X Build/MMB29P) AppleWebKit/537.36 (KHTML, like Gecko) Chrome/137.0.7151.103 Mobile Safari/537.36 (compatible; Googlebot/2.1; +http://www.google.com/bot.html)"
20.171.207.99 - - [19/Jul/2025:16:11:39 +0000] "GET /search.php?educator168039657.html HTTP/1.1" 200 86815 "-" "Mozilla/5.0 AppleWebKit/537.36 (KHTML, like Gecko; compatible; GPTBot/1.2; +https://openai.com/gptbot)"
66.249.73.96 - - [19/Jul/2025:16:11:43 +0000] "GET /pcmypage?callback=/product%2Fdetail%2kys-tr-8370074 HTTP/1.1" 200 86271 "-" "Mozilla/5.0 (Linux; Android 6.0.1; Nexus 5X Build/MMB29P) AppleWebKit/537.36 (KHTML, like Gecko) Chrome/137.0.7151.103 Mobile Safari/537.36 (compatible; Googlebot/2.1; +http://www.google.com/bot.html)"
66.249.73.103 - - [19/Jul/2025:16:11:53 +0000] "GET /257018851.htm HTTP/1.1" 200 86401 "-" "Mozilla/5.0 (Linux; Android 6.0.1; Nexus 5X Build/MMB29P) AppleWebKit/537.36 (KHTML, like Gecko) Chrome/137.0.7151.103 Mobile Safari/537.36 (compatible; Googlebot/2.1; +http://www.google.com/bot.html)"
66.249.73.96 - - [19/Jul/2025:16:12:06 +0000] "GET /pcmypage?callback=product/review/nokka-nkkm1013-023-1 HTTP/1.1" 200 86562 "-" "Mozilla/5.0 (Linux; Android 6.0.1; Nexus 5X Build/MMB29P) AppleWebKit/537.36 (KHTML, like Gecko) Chrome/137.0.7151.103 Mobile Safari/537.36 (compatible; Googlebot/2.1; +http://www.google.com/bot.html)"
66.249.65.97 - - [19/Jul/2025:16:12:10 +0000] "GET /shopbrand/512872 HTTP/1.1" 200 86196 "-" "Mozilla/5.0 (Linux; Android 6.0.1; Nexus 5X Build/MMB29P) AppleWebKit/537.36 (KHTML, like Gecko) Chrome/137.0.7151.103 Mobile Safari/537.36 (compatible; Googlebot/2.1; +http://www.google.com/bot.html)"
66.249.73.96 - - [19/Jul/2025:16:12:14 +0000] "GET /036000260.htm HTTP/1.1" 200 85543 "-" "Mozilla/5.0 (Linux; Android 6.0.1; Nexus 5X Build/MMB29P) AppleWebKit/537.36 (KHTML, like Gecko) Chrome/137.0.7151.103 Mobile Safari/537.36 (compatible; Googlebot/2.1; +http://www.google.com/bot.html)"
66.249.73.103 - - [19/Jul/2025:16:12:29 +0000] "GET /052001030.htm HTTP/1.1" 200 87226 "-" "Mozilla/5.0 (Linux; Android 6.0.1; Nexus 5X Build/MMB29P) AppleWebKit/537.36 (KHTML, like Gecko) Chrome/137.0.7151.103 Mobile Safari/537.36 (compatible; Googlebot/2.1; +http://www.google.com/bot.html)"
20.171.207.99 - - [19/Jul/2025:16:12:42 +0000] "GET /search.php?favorite184036717.html HTTP/1.1" 200 86334 "-" "Mozilla/5.0 AppleWebKit/537.36 (KHTML, like Gecko; compatible; GPTBot/1.2; +https://openai.com/gptbot)"
66.249.73.103 - - [19/Jul/2025:16:12:46 +0000] "GET /213047287.htm HTTP/1.1" 200 85894 "-" "Mozilla/5.0 (Linux; Android 6.0.1; Nexus 5X Build/MMB29P) AppleWebKit/537.36 (KHTML, like Gecko) Chrome/137.0.7151.103 Mobile Safari/537.36 (compatible; Googlebot/2.1; +http://www.google.com/bot.html)"
66.249.73.97 - - [19/Jul/2025:16:13:02 +0000] "GET /pcmypage?callback=/product%2Fdetail%2shopdeclinic-64-8039-68 HTTP/1.1" 200 85951 "-" "Mozilla/5.0 (Linux; Android 6.0.1; Nexus 5X Build/MMB29P) AppleWebKit/537.36 (KHTML, like Gecko) Chrome/137.0.7151.103 Mobile Safari/537.36 (compatible; Googlebot/2.1; +http://www.google.com/bot.html)"
66.249.73.96 - - [19/Jul/2025:16:13:18 +0000] "GET /033009629.htm HTTP/1.1" 200 86056 "-" "Mozilla/5.0 (Linux; Android 6.0.1; Nexus 5X Build/MMB29P) AppleWebKit/537.36 (KHTML, like Gecko) Chrome/137.0.7151.103 Mobile Safari/537.36 (compatible; Googlebot/2.1; +http://www.google.com/bot.html)"
66.249.73.103 - - [19/Jul/2025:16:13:34 +0000] "GET /066008784.htm HTTP/1.1" 200 85661 "-" "Mozilla/5.0 (Linux; Android 6.0.1; Nexus 5X Build/MMB29P) AppleWebKit/537.36 (KHTML, like Gecko) Chrome/137.0.7151.103 Mobile Safari/537.36 (compatible; Googlebot/2.1; +http://www.google.com/bot.html)"
20.171.207.99 - - [19/Jul/2025:16:13:47 +0000] "GET /search.php?product/edit/halloc-ske-kt703chmbd HTTP/1.1" 200 87828 "-" "Mozilla/5.0 AppleWebKit/537.36 (KHTML, like Gecko; compatible; GPTBot/1.2; +https://openai.com/gptbot)"
66.249.73.103 - - [19/Jul/2025:16:13:51 +0000] "GET /263028725.htm HTTP/1.1" 200 85709 "-" "Mozilla/5.0 (Linux; Android 6.0.1; Nexus 5X Build/MMB29P) AppleWebKit/537.36 (KHTML, like Gecko) Chrome/137.0.7151.103 Mobile Safari/537.36 (compatible; Googlebot/2.1; +http://www.google.com/bot.html)"
66.249.73.96 - - [19/Jul/2025:16:13:55 +0000] "GET /261004789.htm HTTP/1.1" 200 85650 "-" "Mozilla/5.0 (Linux; Android 6.0.1; Nexus 5X Build/MMB29P) AppleWebKit/537.36 (KHTML, like Gecko) Chrome/137.0.7151.103 Mobile Safari/537.36 (compatible; Googlebot/2.1; +http://www.google.com/bot.html)"
66.249.73.103 - - [19/Jul/2025:16:14:17 +0000] "GET /pcmypage?callback=product/review/union5255-62068131850 HTTP/1.1" 200 85463 "-" "Mozilla/5.0 (Linux; Android 6.0.1; Nexus 5X Build/MMB29P) AppleWebKit/537.36 (KHTML, like Gecko) Chrome/137.0.7151.103 Mobile Safari/537.36 (compatible; Googlebot/2.1; +http://www.google.com/bot.html)"
66.249.73.103 - - [19/Jul/2025:16:14:25 +0000] "GET /pcmypage?callback=product/review/shopdeclinic-64-8039-68 HTTP/1.1" 200 85822 "-" "Mozilla/5.0 (Linux; Android 6.0.1; Nexus 5X Build/MMB29P) AppleWebKit/537.36 (KHTML, like Gecko) Chrome/137.0.7151.103 Mobile Safari/537.36 (compatible; Googlebot/2.1; +http://www.google.com/bot.html)"
66.249.73.103 - - [19/Jul/2025:16:14:40 +0000] "GET /025046511.htm HTTP/1.1" 200 85802 "-" "Mozilla/5.0 (Linux; Android 6.0.1; Nexus 5X Build/MMB29P) AppleWebKit/537.36 (KHTML, like Gecko) Chrome/137.0.7151.103 Mobile Safari/537.36 (compatible; Googlebot/2.1; +http://www.google.com/bot.html)"
20.171.207.99 - - [19/Jul/2025:16:14:48 +0000] "GET /search.php?items%2F041000076.html%3Fsrsltid=AfmBOopppSdCdnstWJbxqrP6MGKJUwvX9bsTgflE8t8NAZt3HGkj HTTP/1.1" 200 85973 "-" "Mozilla/5.0 AppleWebKit/537.36 (KHTML, like Gecko; compatible; GPTBot/1.2; +https://openai.com/gptbot)"
66.249.73.96 - - [19/Jul/2025:16:15:05 +0000] "GET /017000405.htm HTTP/1.1" 200 85613 "-" "Mozilla/5.0 (Linux; Android 6.0.1; Nexus 5X Build/MMB29P) AppleWebKit/537.36 (KHTML, like Gecko) Chrome/137.0.7151.103 Mobile Safari/537.36 (compatible; Googlebot/2.1; +http://www.google.com/bot.html)"
20.171.207.99 - - [19/Jul/2025:16:15:51 +0000] "GET /search.php?safe_search%2Fconfig%3Freturn_url=%2Fproduct%2Fdetail%2Fgdoshop-0000753992-1 HTTP/1.1" 200 86709 "-" "Mozilla/5.0 AppleWebKit/537.36 (KHTML, like Gecko; compatible; GPTBot/1.2; +https://openai.com/gptbot)"
66.249.73.97 - - [19/Jul/2025:16:16:05 +0000] "GET /pcmypage?callback=product%2Fdetail%2Fhirochishop-2-3550-0300 HTTP/1.1" 200 85533 "-" "Mozilla/5.0 (Linux; Android 6.0.1; Nexus 5X Build/MMB29P) AppleWebKit/537.36 (KHTML, like Gecko) Chrome/137.0.7151.103 Mobile Safari/537.36 (compatible; Googlebot/2.1; +http://www.google.com/bot.html)"
20.171.207.99 - - [19/Jul/2025:16:16:55 +0000] "GET /search.php?product/edit/honkeya-ds-2270573 HTTP/1.1" 200 87358 "-" "Mozilla/5.0 AppleWebKit/537.36 (KHTML, like Gecko; compatible; GPTBot/1.2; +https://openai.com/gptbot)"
66.249.73.97 - - [19/Jul/2025:16:17:07 +0000] "GET /185046183.htm HTTP/1.1" 200 85489 "-" "Mozilla/5.0 (Linux; Android 6.0.1; Nexus 5X Build/MMB29P) AppleWebKit/537.36 (KHTML, like Gecko) Chrome/137.0.7151.103 Mobile Safari/537.36 (compatible; Googlebot/2.1; +http://www.google.com/bot.html)"
66.249.73.103 - - [19/Jul/2025:16:17:38 +0000] "GET /pcmypage?callback=product%2Fdetail%2Fdaishinshop-801-007448 HTTP/1.1" 200 85685 "-" "Mozilla/5.0 (Linux; Android 6.0.1; Nexus 5X Build/MMB29P) AppleWebKit/537.36 (KHTML, like Gecko) Chrome/137.0.7151.103 Mobile Safari/537.36 (compatible; Googlebot/2.1; +http://www.google.com/bot.html)"
66.249.73.103 - - [19/Jul/2025:16:17:38 +0000] "GET /278048130.htm HTTP/1.1" 200 85639 "-" "Mozilla/5.0 (Linux; Android 6.0.1; Nexus 5X Build/MMB29P) AppleWebKit/537.36 (KHTML, like Gecko) Chrome/137.0.7151.103 Mobile Safari/537.36 (compatible; Googlebot/2.1; +http://www.google.com/bot.html)"
66.249.65.105 - - [19/Jul/2025:16:17:39 +0000] "GET /151023715.htm HTTP/1.1" 200 87092 "-" "Mozilla/5.0 (Linux; Android 6.0.1; Nexus 5X Build/MMB29P) AppleWebKit/537.36 (KHTML, like Gecko) Chrome/137.0.7151.103 Mobile Safari/537.36 (compatible; Googlebot/2.1; +http://www.google.com/bot.html)"
66.249.65.96 - - [19/Jul/2025:16:17:39 +0000] "GET /241027561.htm HTTP/1.1" 200 86105 "-" "Mozilla/5.0 (Linux; Android 6.0.1; Nexus 5X Build/MMB29P) AppleWebKit/537.36 (KHTML, like Gecko) Chrome/137.0.7151.103 Mobile Safari/537.36 (compatible; Googlebot/2.1; +http://www.google.com/bot.html)"
66.249.73.96 - - [19/Jul/2025:16:17:39 +0000] "GET /pcmypage?callback=/product%2Fdetail%2tarotodenki-mag37182 HTTP/1.1" 200 86117 "-" "Mozilla/5.0 (Linux; Android 6.0.1; Nexus 5X Build/MMB29P) AppleWebKit/537.36 (KHTML, like Gecko) Chrome/137.0.7151.103 Mobile Safari/537.36 (compatible; Googlebot/2.1; +http://www.google.com/bot.html)"
66.249.73.103 - - [19/Jul/2025:16:17:39 +0000] "GET /041000197.htm HTTP/1.1" 200 86395 "-" "Mozilla/5.0 (Linux; Android 6.0.1; Nexus 5X Build/MMB29P) AppleWebKit/537.36 (KHTML, like Gecko) Chrome/137.0.7151.103 Mobile Safari/537.36 (compatible; Googlebot/2.1; +http://www.google.com/bot.html)"
66.249.73.96 - - [19/Jul/2025:16:17:40 +0000] "GET /required/x41?pid=122 HTTP/1.1" 200 86547 "-" "Mozilla/5.0 (Linux; Android 6.0.1; Nexus 5X Build/MMB29P) AppleWebKit/537.36 (KHTML, like Gecko) Chrome/137.0.7151.103 Mobile Safari/537.36 (compatible; Googlebot/2.1; +http://www.google.com/bot.html)"
66.249.73.96 - - [19/Jul/2025:16:17:41 +0000] "GET /010000380.htm HTTP/1.1" 200 85682 "-" "Mozilla/5.0 (Linux; Android 6.0.1; Nexus 5X Build/MMB29P) AppleWebKit/537.36 (KHTML, like Gecko) Chrome/137.0.7151.103 Mobile Safari/537.36 (compatible; Googlebot/2.1; +http://www.google.com/bot.html)"
20.171.207.99 - - [19/Jul/2025:16:18:01 +0000] "GET /search.php?factory129037588.html HTTP/1.1" 200 87312 "-" "Mozilla/5.0 AppleWebKit/537.36 (KHTML, like Gecko; compatible; GPTBot/1.2; +https://openai.com/gptbot)"
66.249.65.105 - - [19/Jul/2025:16:18:24 +0000] "GET /077004485.htm HTTP/1.1" 200 86758 "-" "Mozilla/5.0 (Linux; Android 6.0.1; Nexus 5X Build/MMB29P) AppleWebKit/537.36 (KHTML, like Gecko) Chrome/137.0.7151.103 Mobile Safari/537.36 (compatible; Googlebot/2.1; +http://www.google.com/bot.html)"
20.171.207.99 - - [19/Jul/2025:16:19:04 +0000] "GET /search.php?dignity210045747.html HTTP/1.1" 200 87382 "-" "Mozilla/5.0 AppleWebKit/537.36 (KHTML, like Gecko; compatible; GPTBot/1.2; +https://openai.com/gptbot)"
66.249.65.96 - - [19/Jul/2025:16:20:04 +0000] "GET /pcmypage?callback=/product%2Fdetail%2gdoshop-5002409687-001 HTTP/1.1" 200 86296 "-" "Mozilla/5.0 (Linux; Android 6.0.1; Nexus 5X Build/MMB29P) AppleWebKit/537.36 (KHTML, like Gecko) Chrome/137.0.7151.103 Mobile Safari/537.36 (compatible; Googlebot/2.1; +http://www.google.com/bot.html)"
20.171.207.99 - - [19/Jul/2025:16:20:08 +0000] "GET /search.php?recruit193042568.html HTTP/1.1" 200 86215 "-" "Mozilla/5.0 AppleWebKit/537.36 (KHTML, like Gecko; compatible; GPTBot/1.2; +https://openai.com/gptbot)"
66.249.65.105 - - [19/Jul/2025:16:21:06 +0000] "GET /116048700.htm HTTP/1.1" 200 86065 "-" "Mozilla/5.0 (Linux; Android 6.0.1; Nexus 5X Build/MMB29P) AppleWebKit/537.36 (KHTML, like Gecko) Chrome/137.0.7151.103 Mobile Safari/537.36 (compatible; Googlebot/2.1; +http://www.google.com/bot.html)"
20.171.207.99 - - [19/Jul/2025:16:21:10 +0000] "GET /search.php?analyze186049533.html HTTP/1.1" 200 86471 "-" "Mozilla/5.0 AppleWebKit/537.36 (KHTML, like Gecko; compatible; GPTBot/1.2; +https://openai.com/gptbot)"
66.249.65.96 - - [19/Jul/2025:16:22:07 +0000] "GET /robots.txt HTTP/1.1" 304 - "-" "Mozilla/5.0 (compatible; Googlebot/2.1; +http://www.google.com/bot.html)"
66.249.65.97 - - [19/Jul/2025:16:22:07 +0000] "GET /077000951.htm HTTP/1.1" 200 86546 "-" "Mozilla/5.0 (Linux; Android 6.0.1; Nexus 5X Build/MMB29P) AppleWebKit/537.36 (KHTML, like Gecko) Chrome/137.0.7151.103 Mobile Safari/537.36 (compatible; Googlebot/2.1; +http://www.google.com/bot.html)"
20.171.207.99 - - [19/Jul/2025:16:22:14 +0000] "GET /search.php?zhHant%2Fproduct%2Fsurugaya%2Ffirst34-trusco-2088720%3Fcampaign_uid=f64d716db5e979ed2f947dbaf4296895b951ae7f HTTP/1.1" 200 86499 "-" "Mozilla/5.0 AppleWebKit/537.36 (KHTML, like Gecko; compatible; GPTBot/1.2; +https://openai.com/gptbot)"
20.171.207.99 - - [19/Jul/2025:16:23:14 +0000] "GET /search.php?provider186049531.html HTTP/1.1" 200 86891 "-" "Mozilla/5.0 AppleWebKit/537.36 (KHTML, like Gecko; compatible; GPTBot/1.2; +https://openai.com/gptbot)"
66.249.65.105 - - [19/Jul/2025:16:23:41 +0000] "GET /065001145.htm HTTP/1.1" 200 86100 "-" "Mozilla/5.0 (Linux; Android 6.0.1; Nexus 5X Build/MMB29P) AppleWebKit/537.36 (KHTML, like Gecko) Chrome/137.0.7151.103 Mobile Safari/537.36 (compatible; Googlebot/2.1; +http://www.google.com/bot.html)"
20.171.207.99 - - [19/Jul/2025:16:24:16 +0000] "GET /search.php?items%2F020000579.html%3Fsrsltid=AfmBOoasbLySncGfQmFwhVs7LnBjxlrUyv6wBVMAbDuGxA6V2Nug HTTP/1.1" 200 88069 "-" "Mozilla/5.0 AppleWebKit/537.36 (KHTML, like Gecko; compatible; GPTBot/1.2; +https://openai.com/gptbot)"
