66.249.65.97 - - [19/Jul/2025:16:24:42 +0000] "GET /265015987.htm HTTP/1.1" 200 86681 "-" "Mozilla/5.0 (Linux; Android 6.0.1; Nexus 5X Build/MMB29P) AppleWebKit/537.36 (KHTML, like Gecko) Chrome/137.0.7151.103 Mobile Safari/537.36 (compatible; Googlebot/2.1; +http://www.google.com/bot.html)"
66.249.73.96 - - [19/Jul/2025:16:24:42 +0000] "GET /product/edit/world-depo-mts-1575926 HTTP/1.1" 200 85209 "-" "Mozilla/5.0 (Linux; Android 6.0.1; Nexus 5X Build/MMB29P) AppleWebKit/537.36 (KHTML, like Gecko) Chrome/137.0.7151.103 Mobile Safari/537.36 (compatible; Googlebot/2.1; +http://www.google.com/bot.html)"
66.249.73.97 - - [19/Jul/2025:16:24:42 +0000] "GET /painting/w17?pid=396 HTTP/1.1" 200 85441 "-" "Mozilla/5.0 (Linux; Android 6.0.1; Nexus 5X Build/MMB29P) AppleWebKit/537.36 (KHTML, like Gecko) Chrome/137.0.7151.103 Mobile Safari/537.36 (compatible; Googlebot/2.1; +http://www.google.com/bot.html)"
66.249.73.103 - - [19/Jul/2025:16:24:42 +0000] "GET /pcmypage?callback=/product%2Fdetail%2First34-trusco-5382949 HTTP/1.1" 200 85526 "-" "Mozilla/5.0 (Linux; Android 6.0.1; Nexus 5X Build/MMB29P) AppleWebKit/537.36 (KHTML, like Gecko) Chrome/137.0.7151.103 Mobile Safari/537.36 (compatible; Googlebot/2.1; +http://www.google.com/bot.html)"
66.249.65.105 - - [19/Jul/2025:16:25:13 +0000] "GET /pcmypage?callback=product%2Fdetail%2Fgdoshop-5002409687-001 HTTP/1.1" 200 85727 "-" "Mozilla/5.0 (Linux; Android 6.0.1; Nexus 5X Build/MMB29P) AppleWebKit/537.36 (KHTML, like Gecko) Chrome/137.0.7151.103 Mobile Safari/537.36 (compatible; Googlebot/2.1; +http://www.google.com/bot.html)"
20.171.207.99 - - [19/Jul/2025:16:25:21 +0000] "GET /search.php?without189045260.html HTTP/1.1" 200 90694 "-" "Mozilla/5.0 AppleWebKit/537.36 (KHTML, like Gecko; compatible; GPTBot/1.2; +https://openai.com/gptbot)"
66.249.65.96 - - [19/Jul/2025:16:25:44 +0000] "GET /083049297.htm HTTP/1.1" 200 85231 "-" "Mozilla/5.0 (Linux; Android 6.0.1; Nexus 5X Build/MMB29P) AppleWebKit/537.36 (KHTML, like Gecko) Chrome/137.0.7151.103 Mobile Safari/537.36 (compatible; Googlebot/2.1; +http://www.google.com/bot.html)"
66.249.73.96 - - [19/Jul/2025:16:25:45 +0000] "GET /pcmypage?callback=/product%2Fdetail%2Clair-indra-s-sf-07-20j-hontainomi HTTP/1.1" 200 85938 "-" "Mozilla/5.0 (Linux; Android 6.0.1; Nexus 5X Build/MMB29P) AppleWebKit/537.36 (KHTML, like Gecko) Chrome/137.0.7151.103 Mobile Safari/537.36 (compatible; Googlebot/2.1; +http://www.google.com/bot.html)"
20.171.207.99 - - [19/Jul/2025:16:26:25 +0000] "GET /search.php?inspire129037586.html HTTP/1.1" 200 86913 "-" "Mozilla/5.0 AppleWebKit/537.36 (KHTML, like Gecko; compatible; GPTBot/1.2; +https://openai.com/gptbot)"
66.249.65.97 - - [19/Jul/2025:16:27:16 +0000] "GET /003049785.htm HTTP/1.1" 200 86569 "-" "Mozilla/5.0 (Linux; Android 6.0.1; Nexus 5X Build/MMB29P) AppleWebKit/537.36 (KHTML, like Gecko) Chrome/137.0.7151.103 Mobile Safari/537.36 (compatible; Googlebot/2.1; +http://www.google.com/bot.html)"
66.249.73.96 - - [19/Jul/2025:16:27:17 +0000] "GET /278048128.htm HTTP/1.1" 200 85885 "-" "Mozilla/5.0 (Linux; Android 6.0.1; Nexus 5X Build/MMB29P) AppleWebKit/537.36 (KHTML, like Gecko) Chrome/137.0.7151.103 Mobile Safari/537.36 (compatible; Googlebot/2.1; +http://www.google.com/bot.html)"
20.171.207.99 - - [19/Jul/2025:16:27:25 +0000] "GET /search.php?m161022149%3Fsrsltid=AfmBOoYZtKJdjqJskmvur9_go0RJFiSjN_TftXWwd3-X-gerAc9p9j HTTP/1.1" 200 87639 "-" "Mozilla/5.0 AppleWebKit/537.36 (KHTML, like Gecko; compatible; GPTBot/1.2; +https://openai.com/gptbot)"
66.249.65.97 - - [19/Jul/2025:16:28:18 +0000] "GET /065001141.htm HTTP/1.1" 200 86187 "-" "Mozilla/5.0 (Linux; Android 6.0.1; Nexus 5X Build/MMB29P) AppleWebKit/537.36 (KHTML, like Gecko) Chrome/137.0.7151.103 Mobile Safari/537.36 (compatible; Googlebot/2.1; +http://www.google.com/bot.html)"
66.249.73.97 - - [19/Jul/2025:16:28:19 +0000] "GET /pcmypage?callback=product%2Fdetail%2Fwebike-rb-25640718 HTTP/1.1" 200 85978 "-" "Mozilla/5.0 (Linux; Android 6.0.1; Nexus 5X Build/MMB29P) AppleWebKit/537.36 (KHTML, like Gecko) Chrome/137.0.7151.103 Mobile Safari/537.36 (compatible; Googlebot/2.1; +http://www.google.com/bot.html)"
66.249.73.97 - - [19/Jul/2025:16:28:20 +0000] "GET /175011383.htm HTTP/1.1" 200 86322 "-" "Mozilla/5.0 (Linux; Android 6.0.1; Nexus 5X Build/MMB29P) AppleWebKit/537.36 (KHTML, like Gecko) Chrome/137.0.7151.103 Mobile Safari/537.36 (compatible; Googlebot/2.1; +http://www.google.com/bot.html)"
20.171.207.99 - - [19/Jul/2025:16:28:26 +0000] "GET /search.php?village186049533.html HTTP/1.1" 200 86446 "-" "Mozilla/5.0 AppleWebKit/537.36 (KHTML, like Gecko; compatible; GPTBot/1.2; +https://openai.com/gptbot)"
66.249.65.98 - - [19/Jul/2025:16:28:51 +0000] "GET /220011780.htm HTTP/1.1" 200 85590 "-" "Mozilla/5.0 (Linux; Android 6.0.1; Nexus 5X Build/MMB29P) AppleWebKit/537.36 (KHTML, like Gecko) Chrome/137.0.7151.103 Mobile Safari/537.36 (compatible; Googlebot/2.1; +http://www.google.com/bot.html)"
66.249.65.97 - - [19/Jul/2025:16:29:21 +0000] "GET /pcmypage?callback=product/review/mujica-felice-b00c1tvphu HTTP/1.1" 200 86277 "-" "Mozilla/5.0 (Linux; Android 6.0.1; Nexus 5X Build/MMB29P) AppleWebKit/537.36 (KHTML, like Gecko) Chrome/137.0.7151.103 Mobile Safari/537.36 (compatible; Googlebot/2.1; +http://www.google.com/bot.html)"
20.171.207.99 - - [19/Jul/2025:16:29:32 +0000] "GET /search.php?factory129037588.html HTTP/1.1" 200 86981 "-" "Mozilla/5.0 AppleWebKit/537.36 (KHTML, like Gecko; compatible; GPTBot/1.2; +https://openai.com/gptbot)"
66.249.65.98 - - [19/Jul/2025:16:30:22 +0000] "GET /087045213.htm HTTP/1.1" 200 86818 "-" "Mozilla/5.0 (Linux; Android 6.0.1; Nexus 5X Build/MMB29P) AppleWebKit/537.36 (KHTML, like Gecko) Chrome/137.0.7151.103 Mobile Safari/537.36 (compatible; Googlebot/2.1; +http://www.google.com/bot.html)"
20.171.207.99 - - [19/Jul/2025:16:30:33 +0000] "GET /search.php?m016000718%3Fsrsltid=AfmBOoEfTLcGqSKlvXSQkF_ELI75kbCLU_iW6mKt8i-E-ieft5bBEL HTTP/1.1" 200 86936 "-" "Mozilla/5.0 AppleWebKit/537.36 (KHTML, like Gecko; compatible; GPTBot/1.2; +https://openai.com/gptbot)"
66.249.73.97 - - [19/Jul/2025:16:30:53 +0000] "GET /pcmypage?callback=/product%2Fdetail%2perk-up-926091-2141330 HTTP/1.1" 200 85554 "-" "Mozilla/5.0 (Linux; Android 6.0.1; Nexus 5X Build/MMB29P) AppleWebKit/537.36 (KHTML, like Gecko) Chrome/137.0.7151.103 Mobile Safari/537.36 (compatible; Googlebot/2.1; +http://www.google.com/bot.html)"
66.249.73.103 - - [19/Jul/2025:16:30:53 +0000] "GET /zhHant/product/surugaya/hatoya-2-cr4550255248130?campaign_uid=f64d716db5e979ed2f947dbaf4296895b951ae7f HTTP/1.1" 200 85865 "-" "Mozilla/5.0 (Linux; Android 6.0.1; Nexus 5X Build/MMB29P) AppleWebKit/537.36 (KHTML, like Gecko) Chrome/137.0.7151.103 Mobile Safari/537.36 (compatible; Googlebot/2.1; +http://www.google.com/bot.html)"
20.171.207.99 - - [19/Jul/2025:16:31:33 +0000] "GET /search.php?items%2F174006525.html%3Fsrsltid=AfmBOoaqkroABnSfDmTDlhtWTJcNvsCkXUwLLbzLEIYntMsP3Hda HTTP/1.1" 200 87609 "-" "Mozilla/5.0 AppleWebKit/537.36 (KHTML, like Gecko; compatible; GPTBot/1.2; +https://openai.com/gptbot)"
66.249.73.97 - - [19/Jul/2025:16:31:54 +0000] "GET /061046625.htm HTTP/1.1" 200 85686 "-" "Mozilla/5.0 (Linux; Android 6.0.1; Nexus 5X Build/MMB29P) AppleWebKit/537.36 (KHTML, like Gecko) Chrome/137.0.7151.103 Mobile Safari/537.36 (compatible; Googlebot/2.1; +http://www.google.com/bot.html)"
66.249.65.99 - - [19/Jul/2025:16:31:55 +0000] "GET /065001143.htm HTTP/1.1" 200 85560 "-" "Mozilla/5.0 (Linux; Android 6.0.1; Nexus 5X Build/MMB29P) AppleWebKit/537.36 (KHTML, like Gecko) Chrome/137.0.7151.103 Mobile Safari/537.36 (compatible; Googlebot/2.1; +http://www.google.com/bot.html)"
209.74.77.214 - - [19/Jul/2025:16:32:14 +0000] "POST /wp-cron.php?doing_wp_cron=1752942734.7897460460662841796875 HTTP/1.1" 403 33 "-" "WordPress/6.8.2; https://topflowroofingplumbing.com.au"
2a03:2880:f800:8:: - - [19/Jul/2025:16:32:13 +0000] "GET /shopbrand/261495020 HTTP/1.1" 404 11694 "-" "meta-externalagent/1.1 (+https://developers.facebook.com/docs/sharing/webmasters/crawler)"
66.249.73.97 - - [19/Jul/2025:16:32:25 +0000] "GET /trailer/m52?pid=175 HTTP/1.1" 200 86820 "-" "Mozilla/5.0 (Linux; Android 6.0.1; Nexus 5X Build/MMB29P) AppleWebKit/537.36 (KHTML, like Gecko) Chrome/137.0.7151.103 Mobile Safari/537.36 (compatible; Googlebot/2.1; +http://www.google.com/bot.html)"
66.249.73.96 - - [19/Jul/2025:16:32:26 +0000] "GET /012019436.htm HTTP/1.1" 200 86187 "-" "Mozilla/5.0 (Linux; Android 6.0.1; Nexus 5X Build/MMB29P) AppleWebKit/537.36 (KHTML, like Gecko) Chrome/137.0.7151.103 Mobile Safari/537.36 (compatible; Googlebot/2.1; +http://www.google.com/bot.html)"
66.249.73.103 - - [19/Jul/2025:16:32:26 +0000] "GET /194001200.htm HTTP/1.1" 200 86161 "-" "Mozilla/5.0 (Linux; Android 6.0.1; Nexus 5X Build/MMB29P) AppleWebKit/537.36 (KHTML, like Gecko) Chrome/137.0.7151.103 Mobile Safari/537.36 (compatible; Googlebot/2.1; +http://www.google.com/bot.html)"
66.249.65.97 - - [19/Jul/2025:16:32:29 +0000] "GET /012045542.htm HTTP/1.1" 200 86766 "-" "Mozilla/5.0 (Linux; Android 6.0.1; Nexus 5X Build/MMB29P) AppleWebKit/537.36 (KHTML, like Gecko) Chrome/137.0.7151.103 Mobile Safari/537.36 (compatible; Googlebot/2.1; +http://www.google.com/bot.html)"
2a03:2880:f800:: - - [19/Jul/2025:16:32:34 +0000] "GET /shopbrand/352111907 HTTP/1.1" 404 11694 "-" "meta-externalagent/1.1 (+https://developers.facebook.com/docs/sharing/webmasters/crawler)"
20.171.207.99 - - [19/Jul/2025:16:32:34 +0000] "GET /search.php?items%2F016001335.html%3Fsrsltid=AfmBOokheqsdYEARvmTKt5kyWdTmnqlUKQ0HGvcSj0n71QSDO8ux HTTP/1.1" 200 87169 "-" "Mozilla/5.0 AppleWebKit/537.36 (KHTML, like Gecko; compatible; GPTBot/1.2; +https://openai.com/gptbot)"
66.249.65.98 - - [19/Jul/2025:16:33:24 +0000] "GET /pcmypage?callback=product/review/dtc-0840006695226 HTTP/1.1" 200 86226 "-" "Mozilla/5.0 (Linux; Android 6.0.1; Nexus 5X Build/MMB29P) AppleWebKit/537.36 (KHTML, like Gecko) Chrome/137.0.7151.103 Mobile Safari/537.36 (compatible; Googlebot/2.1; +http://www.google.com/bot.html)"
20.171.207.99 - - [19/Jul/2025:16:33:40 +0000] "GET /search.php?everyone283009614.html HTTP/1.1" 200 87728 "-" "Mozilla/5.0 AppleWebKit/537.36 (KHTML, like Gecko; compatible; GPTBot/1.2; +https://openai.com/gptbot)"
66.249.73.103 - - [19/Jul/2025:16:33:50 +0000] "GET /upstairs/j82?pid=199 HTTP/1.1" 200 85769 "-" "Mozilla/5.0 (Linux; Android 6.0.1; Nexus 5X Build/MMB29P) AppleWebKit/537.36 (KHTML, like Gecko) Chrome/137.0.7151.103 Mobile Safari/537.36 (compatible; Googlebot/2.1; +http://www.google.com/bot.html)"
66.249.73.96 - - [19/Jul/2025:16:33:55 +0000] "GET /pcmypage?callback=product/review/fujiju-10000024 HTTP/1.1" 200 86379 "-" "Mozilla/5.0 (Linux; Android 6.0.1; Nexus 5X Build/MMB29P) AppleWebKit/537.36 (KHTML, like Gecko) Chrome/137.0.7151.103 Mobile Safari/537.36 (compatible; Googlebot/2.1; +http://www.google.com/bot.html)"
20.171.207.99 - - [19/Jul/2025:16:34:43 +0000] "GET /search.php?cabinet186049531.html HTTP/1.1" 200 86457 "-" "Mozilla/5.0 AppleWebKit/537.36 (KHTML, like Gecko; compatible; GPTBot/1.2; +https://openai.com/gptbot)"
66.249.65.99 - - [19/Jul/2025:16:35:00 +0000] "GET /pcmypage?callback=product%2Fdetail%2Flight-expert-103k03444 HTTP/1.1" 200 85460 "-" "Mozilla/5.0 (Linux; Android 6.0.1; Nexus 5X Build/MMB29P) AppleWebKit/537.36 (KHTML, like Gecko) Chrome/137.0.7151.103 Mobile Safari/537.36 (compatible; Googlebot/2.1; +http://www.google.com/bot.html)"
66.249.65.98 - - [19/Jul/2025:16:35:00 +0000] "GET /pcmypage?callback=/product%2Fdetail%2Crawlercrawler-50116k02-1 HTTP/1.1" 200 86182 "-" "Mozilla/5.0 (Linux; Android 6.0.1; Nexus 5X Build/MMB29P) AppleWebKit/537.36 (KHTML, like Gecko) Chrome/137.0.7151.103 Mobile Safari/537.36 (compatible; Googlebot/2.1; +http://www.google.com/bot.html)"
66.249.65.98 - - [19/Jul/2025:16:35:42 +0000] "GET /228039158.htm HTTP/1.1" 200 85847 "-" "Mozilla/5.0 (Linux; Android 6.0.1; Nexus 5X Build/MMB29P) AppleWebKit/537.36 (KHTML, like Gecko) Chrome/137.0.7151.103 Mobile Safari/537.36 (compatible; Googlebot/2.1; +http://www.google.com/bot.html)"
20.171.207.99 - - [19/Jul/2025:16:35:45 +0000] "GET /search.php?politics186042793.html HTTP/1.1" 200 86883 "-" "Mozilla/5.0 AppleWebKit/537.36 (KHTML, like Gecko; compatible; GPTBot/1.2; +https://openai.com/gptbot)"
66.249.73.97 - - [19/Jul/2025:16:36:30 +0000] "GET /pcmypage?callback=/product%2Fdetail%2E-hakaru-030360192001-y202797 HTTP/1.1" 200 86515 "-" "Mozilla/5.0 (Linux; Android 6.0.1; Nexus 5X Build/MMB29P) AppleWebKit/537.36 (KHTML, like Gecko) Chrome/137.0.7151.103 Mobile Safari/537.36 (compatible; Googlebot/2.1; +http://www.google.com/bot.html)"
66.249.73.96 - - [19/Jul/2025:16:36:43 +0000] "GET /shopbrand/186605025 HTTP/1.1" 200 85993 "-" "Mozilla/5.0 (Linux; Android 6.0.1; Nexus 5X Build/MMB29P) AppleWebKit/537.36 (KHTML, like Gecko) Chrome/137.0.7151.103 Mobile Safari/537.36 (compatible; Googlebot/2.1; +http://www.google.com/bot.html)"
20.171.207.99 - - [19/Jul/2025:16:36:48 +0000] "GET /search.php?product/edit/babytown-koaoi HTTP/1.1" 200 86363 "-" "Mozilla/5.0 AppleWebKit/537.36 (KHTML, like Gecko; compatible; GPTBot/1.2; +https://openai.com/gptbot)"
66.249.65.98 - - [19/Jul/2025:16:37:21 +0000] "GET /pcmypage?callback=product%2Fdetail%2Fcrawlercrawler-50116k02-1 HTTP/1.1" 200 86180 "-" "Mozilla/5.0 (Linux; Android 6.0.1; Nexus 5X Build/MMB29P) AppleWebKit/537.36 (KHTML, like Gecko) Chrome/137.0.7151.103 Mobile Safari/537.36 (compatible; Googlebot/2.1; +http://www.google.com/bot.html)"
20.171.207.99 - - [19/Jul/2025:16:37:49 +0000] "GET /search.php?inspire129037586.html HTTP/1.1" 200 87488 "-" "Mozilla/5.0 AppleWebKit/537.36 (KHTML, like Gecko; compatible; GPTBot/1.2; +https://openai.com/gptbot)"
66.249.65.98 - - [19/Jul/2025:16:38:14 +0000] "GET /165033831.htm HTTP/1.1" 200 86703 "-" "Mozilla/5.0 (Linux; Android 6.0.1; Nexus 5X Build/MMB29P) AppleWebKit/537.36 (KHTML, like Gecko) Chrome/137.0.7151.103 Mobile Safari/537.36 (compatible; Googlebot/2.1; +http://www.google.com/bot.html)"
66.249.65.98 - - [19/Jul/2025:16:38:44 +0000] "GET /shopbrand/11023310 HTTP/1.1" 200 85265 "-" "Mozilla/5.0 (Linux; Android 6.0.1; Nexus 5X Build/MMB29P) AppleWebKit/537.36 (KHTML, like Gecko) Chrome/137.0.7151.103 Mobile Safari/537.36 (compatible; Googlebot/2.1; +http://www.google.com/bot.html)"
66.249.73.97 - - [19/Jul/2025:16:38:45 +0000] "GET /pcmypage?callback=product%2Fdetail%2Fsurprise-web-azncl-487ibl HTTP/1.1" 200 85118 "-" "Mozilla/5.0 (Linux; Android 6.0.1; Nexus 5X Build/MMB29P) AppleWebKit/537.36 (KHTML, like Gecko) Chrome/137.0.7151.103 Mobile Safari/537.36 (compatible; Googlebot/2.1; +http://www.google.com/bot.html)"
20.171.207.99 - - [19/Jul/2025:16:38:51 +0000] "GET /search.php?mineral137048956.html HTTP/1.1" 200 87192 "-" "Mozilla/5.0 AppleWebKit/537.36 (KHTML, like Gecko; compatible; GPTBot/1.2; +https://openai.com/gptbot)"
66.249.65.97 - - [19/Jul/2025:16:39:10 +0000] "GET /pcmypage?callback=product/review/akibamac-0840006695226 HTTP/1.1" 200 85810 "-" "Mozilla/5.0 (Linux; Android 6.0.1; Nexus 5X Build/MMB29P) AppleWebKit/537.36 (KHTML, like Gecko) Chrome/137.0.7151.103 Mobile Safari/537.36 (compatible; Googlebot/2.1; +http://www.google.com/bot.html)"
20.171.207.99 - - [19/Jul/2025:16:39:56 +0000] "GET /search.php?faculty193042566.html HTTP/1.1" 200 86884 "-" "Mozilla/5.0 AppleWebKit/537.36 (KHTML, like Gecko; compatible; GPTBot/1.2; +https://openai.com/gptbot)"
209.74.77.214 - - [19/Jul/2025:16:40:09 +0000] "POST /wp-cron.php?doing_wp_cron=1752943209.1952359676361083984375 HTTP/1.1" 403 33 "-" "WordPress/6.8.2; https://topflowroofingplumbing.com.au"
66.249.90.33 - - [19/Jul/2025:16:40:07 +0000] "GET /toiawase HTTP/1.1" 404 11694 "-" "Mozilla/5.0 (X11; Linux x86_64) AppleWebKit/537.36 (KHTML, like Gecko) Chrome/137.0.7151.119 Safari/537.36"
66.249.90.39 - - [19/Jul/2025:16:40:10 +0000] "GET /wp-content/themes/homlane/assets/css/flaticon-2.css?ver=6.8.2 HTTP/1.1" 304 - "https://topflowroofingplumbing.com.au/toiawase" "Mozilla/5.0 (X11; Linux x86_64) AppleWebKit/537.36 (KHTML, like Gecko) Chrome/137.0.7151.119 Safari/537.36"
66.249.90.33 - - [19/Jul/2025:16:40:10 +0000] "GET /wp-content/themes/homlane/assets/css/nouislider.pips.css?ver=6.8.2 HTTP/1.1" 304 - "https://topflowroofingplumbing.com.au/toiawase" "Mozilla/5.0 (X11; Linux x86_64) AppleWebKit/537.36 (KHTML, like Gecko) Chrome/137.0.7151.119 Safari/537.36"
66.249.90.33 - - [19/Jul/2025:16:40:10 +0000] "GET /wp-content/themes/homlane/assets/css/color/theme-color.css?ver=6.8.2 HTTP/1.1" 304 - "https://topflowroofingplumbing.com.au/toiawase" "Mozilla/5.0 (X11; Linux x86_64) AppleWebKit/537.36 (KHTML, like Gecko) Chrome/137.0.7151.119 Safari/537.36"
66.249.90.33 - - [19/Jul/2025:16:40:10 +0000] "GET /wp-includes/css/dashicons.min.css?ver=6.8.2 HTTP/1.1" 304 - "https://topflowroofingplumbing.com.au/toiawase" "Mozilla/5.0 (X11; Linux x86_64) AppleWebKit/537.36 (KHTML, like Gecko) Chrome/137.0.7151.119 Safari/537.36"
66.249.90.39 - - [19/Jul/2025:16:40:10 +0000] "GET /wp-content/themes/homlane/assets/css/jquery-ui.css?ver=6.8.2 HTTP/1.1" 304 - "https://topflowroofingplumbing.com.au/toiawase" "Mozilla/5.0 (X11; Linux x86_64) AppleWebKit/537.36 (KHTML, like Gecko) Chrome/137.0.7151.119 Safari/537.36"
66.249.90.33 - - [19/Jul/2025:16:40:10 +0000] "GET /wp-content/themes/homlane/assets/css/custom.css?ver=6.8.2 HTTP/1.1" 304 - "https://topflowroofingplumbing.com.au/toiawase" "Mozilla/5.0 (X11; Linux x86_64) AppleWebKit/537.36 (KHTML, like Gecko) Chrome/137.0.7151.119 Safari/537.36"
66.249.90.32 - - [19/Jul/2025:16:40:11 +0000] "GET /wp-content/themes/homlane/assets/css/twentytwenty.css?ver=6.8.2 HTTP/1.1" 304 - "https://topflowroofingplumbing.com.au/toiawase" "Mozilla/5.0 (X11; Linux x86_64) AppleWebKit/537.36 (KHTML, like Gecko) Chrome/137.0.7151.119 Safari/537.36"
66.249.90.32 - - [19/Jul/2025:16:40:11 +0000] "GET /wp-content/themes/homlane-child/style.css?ver=6.8.2 HTTP/1.1" 304 - "https://topflowroofingplumbing.com.au/toiawase" "Mozilla/5.0 (X11; Linux x86_64) AppleWebKit/537.36 (KHTML, like Gecko) Chrome/137.0.7151.119 Safari/537.36"
66.249.90.39 - - [19/Jul/2025:16:40:11 +0000] "GET /wp-content/plugins/leadconnector/public/css/lc-public.css?ver=3.0.10.1 HTTP/1.1" 304 - "https://topflowroofingplumbing.com.au/toiawase" "Mozilla/5.0 (X11; Linux x86_64) AppleWebKit/537.36 (KHTML, like Gecko) Chrome/137.0.7151.119 Safari/537.36"
66.249.90.39 - - [19/Jul/2025:16:40:11 +0000] "GET /wp-content/themes/homlane/assets/css/slick.css?ver=6.8.2 HTTP/1.1" 304 - "https://topflowroofingplumbing.com.au/toiawase" "Mozilla/5.0 (X11; Linux x86_64) AppleWebKit/537.36 (KHTML, like Gecko) Chrome/137.0.7151.119 Safari/537.36"
66.249.90.32 - - [19/Jul/2025:16:40:11 +0000] "GET /wp-content/themes/homlane/assets/css/nouislider.css?ver=6.8.2 HTTP/1.1" 304 - "https://topflowroofingplumbing.com.au/toiawase" "Mozilla/5.0 (X11; Linux x86_64) AppleWebKit/537.36 (KHTML, like Gecko) Chrome/137.0.7151.119 Safari/537.36"
66.249.90.39 - - [19/Jul/2025:16:40:12 +0000] "GET /wp-content/themes/homlane/assets/images-2/icons/icon-80.png HTTP/1.1" 304 - "https://topflowroofingplumbing.com.au/toiawase" "Mozilla/5.0 (X11; Linux x86_64) AppleWebKit/537.36 (KHTML, like Gecko) Chrome/137.0.7151.119 Safari/537.36"
66.249.90.32 - - [19/Jul/2025:16:40:12 +0000] "GET /wp-content/uploads/2024/11/TOPFL-dW.png HTTP/1.1" 304 - "https://topflowroofingplumbing.com.au/toiawase" "Mozilla/5.0 (X11; Linux x86_64) AppleWebKit/537.36 (KHTML, like Gecko) Chrome/137.0.7151.119 Safari/537.36"
66.249.90.32 - - [19/Jul/2025:16:40:12 +0000] "GET /wp-content/themes/homlane/assets/css/style-2.css?ver=6.8.2 HTTP/1.1" 304 - "https://topflowroofingplumbing.com.au/toiawase" "Mozilla/5.0 (X11; Linux x86_64) AppleWebKit/537.36 (KHTML, like Gecko) Chrome/137.0.7151.119 Safari/537.36"
66.249.90.32 - - [19/Jul/2025:16:40:12 +0000] "GET /wp-content/themes/homlane/assets/css/hiddenbar.css?ver=6.8.2 HTTP/1.1" 304 - "https://topflowroofingplumbing.com.au/toiawase" "Mozilla/5.0 (X11; Linux x86_64) AppleWebKit/537.36 (KHTML, like Gecko) Chrome/137.0.7151.119 Safari/537.36"
66.249.90.32 - - [19/Jul/2025:16:40:13 +0000] "GET /wp-content/themes/homlane/assets/css/tinyscrollbar.css?ver=6.8.2 HTTP/1.1" 304 - "https://topflowroofingplumbing.com.au/toiawase" "Mozilla/5.0 (X11; Linux x86_64) AppleWebKit/537.36 (KHTML, like Gecko) Chrome/137.0.7151.119 Safari/537.36"
66.249.90.39 - - [19/Jul/2025:16:40:13 +0000] "GET /wp-content/themes/homlane/assets/css/aos.css?ver=6.8.2 HTTP/1.1" 304 - "https://topflowroofingplumbing.com.au/toiawase" "Mozilla/5.0 (X11; Linux x86_64) AppleWebKit/537.36 (KHTML, like Gecko) Chrome/137.0.7151.119 Safari/537.36"
66.249.90.32 - - [19/Jul/2025:16:40:13 +0000] "GET /wp-content/themes/homlane/assets/css/custom-animate.css?ver=6.8.2 HTTP/1.1" 304 - "https://topflowroofingplumbing.com.au/toiawase" "Mozilla/5.0 (X11; Linux x86_64) AppleWebKit/537.36 (KHTML, like Gecko) Chrome/137.0.7151.119 Safari/537.36"
66.249.90.32 - - [19/Jul/2025:16:40:13 +0000] "GET /wp-content/themes/homlane/assets/css/style.css?ver=6.8.2 HTTP/1.1" 304 - "https://topflowroofingplumbing.com.au/toiawase" "Mozilla/5.0 (X11; Linux x86_64) AppleWebKit/537.36 (KHTML, like Gecko) Chrome/137.0.7151.119 Safari/537.36"
66.249.90.39 - - [19/Jul/2025:16:40:13 +0000] "GET /wp-content/plugins/contact-form-7/includes/css/styles.css?ver=6.1 HTTP/1.1" 304 - "https://topflowroofingplumbing.com.au/toiawase" "Mozilla/5.0 (X11; Linux x86_64) AppleWebKit/537.36 (KHTML, like Gecko) Chrome/137.0.7151.119 Safari/537.36"
66.249.90.39 - - [19/Jul/2025:16:40:14 +0000] "GET /wp-content/themes/homlane/assets/css/responsive.css?ver=6.8.2 HTTP/1.1" 304 - "https://topflowroofingplumbing.com.au/toiawase" "Mozilla/5.0 (X11; Linux x86_64) AppleWebKit/537.36 (KHTML, like Gecko) Chrome/137.0.7151.119 Safari/537.36"
66.249.90.32 - - [19/Jul/2025:16:40:14 +0000] "GET /wp-content/themes/homlane/assets/css/scrollbar.css?ver=6.8.2 HTTP/1.1" 304 - "https://topflowroofingplumbing.com.au/toiawase" "Mozilla/5.0 (X11; Linux x86_64) AppleWebKit/537.36 (KHTML, like Gecko) Chrome/137.0.7151.119 Safari/537.36"
66.249.90.39 - - [19/Jul/2025:16:40:14 +0000] "GET /wp-content/themes/homlane/assets/css/jquery.bxslider.css?ver=6.8.2 HTTP/1.1" 304 - "https://topflowroofingplumbing.com.au/toiawase" "Mozilla/5.0 (X11; Linux x86_64) AppleWebKit/537.36 (KHTML, like Gecko) Chrome/137.0.7151.119 Safari/537.36"
66.249.90.39 - - [19/Jul/2025:16:40:14 +0000] "GET /wp-content/themes/homlane/assets/css/owl.css?ver=6.8.2 HTTP/1.1" 304 - "https://topflowroofingplumbing.com.au/toiawase" "Mozilla/5.0 (X11; Linux x86_64) AppleWebKit/537.36 (KHTML, like Gecko) Chrome/137.0.7151.119 Safari/537.36"
66.249.90.32 - - [19/Jul/2025:16:40:15 +0000] "GET /wp-content/themes/homlane/assets/css/timePicker.css?ver=6.8.2 HTTP/1.1" 304 - "https://topflowroofingplumbing.com.au/toiawase" "Mozilla/5.0 (X11; Linux x86_64) AppleWebKit/537.36 (KHTML, like Gecko) Chrome/137.0.7151.119 Safari/537.36"
66.249.90.39 - - [19/Jul/2025:16:40:15 +0000] "GET /wp-content/themes/homlane/assets/css/bootstrap-select.min.css?ver=6.8.2 HTTP/1.1" 304 - "https://topflowroofingplumbing.com.au/toiawase" "Mozilla/5.0 (X11; Linux x86_64) AppleWebKit/537.36 (KHTML, like Gecko) Chrome/137.0.7151.119 Safari/537.36"
66.249.90.39 - - [19/Jul/2025:16:40:15 +0000] "GET /wp-content/themes/homlane/assets/css/color.css?ver=6.8.2 HTTP/1.1" 304 - "https://topflowroofingplumbing.com.au/toiawase" "Mozilla/5.0 (X11; Linux x86_64) AppleWebKit/537.36 (KHTML, like Gecko) Chrome/137.0.7151.119 Safari/537.36"
66.249.90.39 - - [19/Jul/2025:16:40:15 +0000] "GET /wp-content/themes/homlane/assets/css/animate.css?ver=6.8.2 HTTP/1.1" 304 - "https://topflowroofingplumbing.com.au/toiawase" "Mozilla/5.0 (X11; Linux x86_64) AppleWebKit/537.36 (KHTML, like Gecko) Chrome/137.0.7151.119 Safari/537.36"
66.249.90.39 - - [19/Jul/2025:16:40:15 +0000] "GET /wp-content/themes/homlane/assets/css/imp.css?ver=6.8.2 HTTP/1.1" 304 - "https://topflowroofingplumbing.com.au/toiawase" "Mozilla/5.0 (X11; Linux x86_64) AppleWebKit/537.36 (KHTML, like Gecko) Chrome/137.0.7151.119 Safari/537.36"
66.249.90.39 - - [19/Jul/2025:16:40:16 +0000] "GET /wp-content/themes/homlane/assets/css/jquery.bootstrap-touchspin.css?ver=6.8.2 HTTP/1.1" 304 - "https://topflowroofingplumbing.com.au/toiawase" "Mozilla/5.0 (X11; Linux x86_64) AppleWebKit/537.36 (KHTML, like Gecko) Chrome/137.0.7151.119 Safari/537.36"
66.249.90.39 - - [19/Jul/2025:16:40:16 +0000] "GET /wp-content/plugins/leadconnector/public/js/lc-public.js?ver=3.0.10.1 HTTP/1.1" 304 - "https://topflowroofingplumbing.com.au/toiawase" "Mozilla/5.0 (X11; Linux x86_64) AppleWebKit/537.36 (KHTML, like Gecko) Chrome/137.0.7151.119 Safari/537.36"
66.249.90.39 - - [19/Jul/2025:16:40:16 +0000] "GET /wp-content/themes/homlane/assets/css/rtl.css?ver=6.8.2 HTTP/1.1" 304 - "https://topflowroofingplumbing.com.au/toiawase" "Mozilla/5.0 (X11; Linux x86_64) AppleWebKit/537.36 (KHTML, like Gecko) Chrome/137.0.7151.119 Safari/537.36"
66.249.90.39 - - [19/Jul/2025:16:40:16 +0000] "GET /wp-content/themes/homlane/assets/css/icomoon.css?ver=6.8.2 HTTP/1.1" 304 - "https://topflowroofingplumbing.com.au/toiawase" "Mozilla/5.0 (X11; Linux x86_64) AppleWebKit/537.36 (KHTML, like Gecko) Chrome/137.0.7151.119 Safari/537.36"
66.249.90.39 - - [19/Jul/2025:16:40:16 +0000] "GET /wp-includes/js/jquery/jquery.min.js?ver=3.7.1 HTTP/1.1" 304 - "https://topflowroofingplumbing.com.au/toiawase" "Mozilla/5.0 (X11; Linux x86_64) AppleWebKit/537.36 (KHTML, like Gecko) Chrome/137.0.7151.119 Safari/537.36"
66.249.90.39 - - [19/Jul/2025:16:40:17 +0000] "GET /wp-includes/js/jquery/jquery-migrate.min.js?ver=3.4.1 HTTP/1.1" 304 - "https://topflowroofingplumbing.com.au/toiawase" "Mozilla/5.0 (X11; Linux x86_64) AppleWebKit/537.36 (KHTML, like Gecko) Chrome/137.0.7151.119 Safari/537.36"
66.249.90.39 - - [19/Jul/2025:16:40:17 +0000] "GET /wp-content/themes/homlane/assets/css/bootstrap.min.css?ver=6.8.2 HTTP/1.1" 304 - "https://topflowroofingplumbing.com.au/toiawase" "Mozilla/5.0 (X11; Linux x86_64) AppleWebKit/537.36 (KHTML, like Gecko) Chrome/137.0.7151.119 Safari/537.36"
66.249.90.39 - - [19/Jul/2025:16:40:17 +0000] "GET /wp-includes/css/dist/block-library/style.min.css?ver=6.8.2 HTTP/1.1" 200 15315 "https://topflowroofingplumbing.com.au/toiawase" "Mozilla/5.0 (X11; Linux x86_64) AppleWebKit/537.36 (KHTML, like Gecko) Chrome/137.0.7151.119 Safari/537.36"
66.249.90.39 - - [19/Jul/2025:16:40:17 +0000] "GET /wp-content/themes/homlane/assets/css/magnific-popup.css?ver=6.8.2 HTTP/1.1" 304 - "https://topflowroofingplumbing.com.au/toiawase" "Mozilla/5.0 (X11; Linux x86_64) AppleWebKit/537.36 (KHTML, like Gecko) Chrome/137.0.7151.119 Safari/537.36"
66.249.90.39 - - [19/Jul/2025:16:40:17 +0000] "GET /wp-content/themes/homlane/assets/images-2/icons/icon-81.png HTTP/1.1" 200 1529 "https://topflowroofingplumbing.com.au/toiawase" "Mozilla/5.0 (X11; Linux x86_64) AppleWebKit/537.36 (KHTML, like Gecko) Chrome/137.0.7151.119 Safari/537.36"
66.249.90.39 - - [19/Jul/2025:16:40:18 +0000] "GET /wp-includes/js/dist/hooks.min.js?ver=4d63a3d491d11ffd8ac6 HTTP/1.1" 304 - "https://topflowroofingplumbing.com.au/toiawase" "Mozilla/5.0 (X11; Linux x86_64) AppleWebKit/537.36 (KHTML, like Gecko) Chrome/137.0.7151.119 Safari/537.36"
66.249.90.39 - - [19/Jul/2025:16:40:18 +0000] "GET /wp-includes/js/dist/i18n.min.js?ver=5e580eb46a90c2b997e6 HTTP/1.1" 304 - "https://topflowroofingplumbing.com.au/toiawase" "Mozilla/5.0 (X11; Linux x86_64) AppleWebKit/537.36 (KHTML, like Gecko) Chrome/137.0.7151.119 Safari/537.36"
66.249.90.39 - - [19/Jul/2025:16:40:18 +0000] "GET /wp-content/plugins/contact-form-7/includes/swv/js/index.js?ver=6.1 HTTP/1.1" 304 - "https://topflowroofingplumbing.com.au/toiawase" "Mozilla/5.0 (X11; Linux x86_64) AppleWebKit/537.36 (KHTML, like Gecko) Chrome/137.0.7151.119 Safari/537.36"
66.249.90.39 - - [19/Jul/2025:16:40:18 +0000] "GET /wp-content/plugins/contact-form-7/includes/js/index.js?ver=6.1 HTTP/1.1" 304 - "https://topflowroofingplumbing.com.au/toiawase" "Mozilla/5.0 (X11; Linux x86_64) AppleWebKit/537.36 (KHTML, like Gecko) Chrome/137.0.7151.119 Safari/537.36"
66.249.90.39 - - [19/Jul/2025:16:40:19 +0000] "GET /wp-includes/js/jquery/ui/core.min.js?ver=1.13.3 HTTP/1.1" 304 - "https://topflowroofingplumbing.com.au/toiawase" "Mozilla/5.0 (X11; Linux x86_64) AppleWebKit/537.36 (KHTML, like Gecko) Chrome/137.0.7151.119 Safari/537.36"
66.249.90.39 - - [19/Jul/2025:16:40:19 +0000] "GET /wp-content/themes/homlane/assets/js/aos.js?ver=2.1.2 HTTP/1.1" 304 - "https://topflowroofingplumbing.com.au/toiawase" "Mozilla/5.0 (X11; Linux x86_64) AppleWebKit/537.36 (KHTML, like Gecko) Chrome/137.0.7151.119 Safari/537.36"
66.249.90.39 - - [19/Jul/2025:16:40:19 +0000] "GET /wp-content/themes/homlane/assets/js/isotope.js?ver=2.1.2 HTTP/1.1" 304 - "https://topflowroofingplumbing.com.au/toiawase" "Mozilla/5.0 (X11; Linux x86_64) AppleWebKit/537.36 (KHTML, like Gecko) Chrome/137.0.7151.119 Safari/537.36"
66.249.90.39 - - [19/Jul/2025:16:40:19 +0000] "GET /wp-content/themes/homlane/assets/js/bootstrap-select.min.js?ver=2.1.2 HTTP/1.1" 304 - "https://topflowroofingplumbing.com.au/toiawase" "Mozilla/5.0 (X11; Linux x86_64) AppleWebKit/537.36 (KHTML, like Gecko) Chrome/137.0.7151.119 Safari/537.36"
66.249.90.32 - - [19/Jul/2025:16:40:19 +0000] "GET /wp-content/themes/homlane/assets/js/appear.js?ver=2.1.2 HTTP/1.1" 304 - "https://topflowroofingplumbing.com.au/toiawase" "Mozilla/5.0 (X11; Linux x86_64) AppleWebKit/537.36 (KHTML, like Gecko) Chrome/137.0.7151.119 Safari/537.36"
66.249.90.32 - - [19/Jul/2025:16:40:19 +0000] "GET /wp-content/themes/homlane/assets/js/jquery.countTo.js?ver=2.1.2 HTTP/1.1" 304 - "https://topflowroofingplumbing.com.au/toiawase" "Mozilla/5.0 (X11; Linux x86_64) AppleWebKit/537.36 (KHTML, like Gecko) Chrome/137.0.7151.119 Safari/537.36"
66.249.90.39 - - [19/Jul/2025:16:40:20 +0000] "GET /wp-content/themes/homlane/assets/js/jquery.fancybox.js?ver=2.1.2 HTTP/1.1" 304 - "https://topflowroofingplumbing.com.au/toiawase" "Mozilla/5.0 (X11; Linux x86_64) AppleWebKit/537.36 (KHTML, like Gecko) Chrome/137.0.7151.119 Safari/537.36"
66.249.90.39 - - [19/Jul/2025:16:40:20 +0000] "GET /wp-content/themes/homlane/assets/js/jquery.easing.min.js?ver=2.1.2 HTTP/1.1" 304 - "https://topflowroofingplumbing.com.au/toiawase" "Mozilla/5.0 (X11; Linux x86_64) AppleWebKit/537.36 (KHTML, like Gecko) Chrome/137.0.7151.119 Safari/537.36"
66.249.90.39 - - [19/Jul/2025:16:40:20 +0000] "GET /wp-content/themes/homlane/assets/js/jquery.paroller.min.js?ver=2.1.2 HTTP/1.1" 304 - "https://topflowroofingplumbing.com.au/toiawase" "Mozilla/5.0 (X11; Linux x86_64) AppleWebKit/537.36 (KHTML, like Gecko) Chrome/137.0.7151.119 Safari/537.36"
66.249.90.32 - - [19/Jul/2025:16:40:20 +0000] "GET /wp-content/themes/homlane/assets/js/nouislider.js?ver=2.1.2 HTTP/1.1" 304 - "https://topflowroofingplumbing.com.au/toiawase" "Mozilla/5.0 (X11; Linux x86_64) AppleWebKit/537.36 (KHTML, like Gecko) Chrome/137.0.7151.119 Safari/537.36"
66.249.90.39 - - [19/Jul/2025:16:40:20 +0000] "GET /wp-content/themes/homlane/assets/js/timePicker.js?ver=2.1.2 HTTP/1.1" 304 - "https://topflowroofingplumbing.com.au/toiawase" "Mozilla/5.0 (X11; Linux x86_64) AppleWebKit/537.36 (KHTML, like Gecko) Chrome/137.0.7151.119 Safari/537.36"
66.249.90.32 - - [19/Jul/2025:16:40:21 +0000] "GET /wp-content/themes/homlane/assets/js/jquery.twentytwenty.js?ver=2.1.2 HTTP/1.1" 304 - "https://topflowroofingplumbing.com.au/toiawase" "Mozilla/5.0 (X11; Linux x86_64) AppleWebKit/537.36 (KHTML, like Gecko) Chrome/137.0.7151.119 Safari/537.36"
66.249.90.32 - - [19/Jul/2025:16:40:21 +0000] "GET /wp-content/themes/homlane/assets/js/owl.js?ver=2.1.2 HTTP/1.1" 304 - "https://topflowroofingplumbing.com.au/toiawase" "Mozilla/5.0 (X11; Linux x86_64) AppleWebKit/537.36 (KHTML, like Gecko) Chrome/137.0.7151.119 Safari/537.36"
66.249.90.32 - - [19/Jul/2025:16:40:21 +0000] "GET /wp-content/themes/homlane/assets/js/jquery.enllax.min.js?ver=2.1.2 HTTP/1.1" 304 - "https://topflowroofingplumbing.com.au/toiawase" "Mozilla/5.0 (X11; Linux x86_64) AppleWebKit/537.36 (KHTML, like Gecko) Chrome/137.0.7151.119 Safari/537.36"
66.249.90.32 - - [19/Jul/2025:16:40:21 +0000] "GET /wp-content/themes/homlane/assets/js/jquery.countdown.min.js?ver=2.1.2 HTTP/1.1" 304 - "https://topflowroofingplumbing.com.au/toiawase" "Mozilla/5.0 (X11; Linux x86_64) AppleWebKit/537.36 (KHTML, like Gecko) Chrome/137.0.7151.119 Safari/537.36"
66.249.90.32 - - [19/Jul/2025:16:40:21 +0000] "GET /wp-content/themes/homlane/assets/js/jquery.mixitup.min.js?ver=2.1.2 HTTP/1.1" 304 - "https://topflowroofingplumbing.com.au/toiawase" "Mozilla/5.0 (X11; Linux x86_64) AppleWebKit/537.36 (KHTML, like Gecko) Chrome/137.0.7151.119 Safari/537.36"
66.249.90.32 - - [19/Jul/2025:16:40:21 +0000] "GET /wp-content/themes/homlane/assets/js/wow.js?ver=2.1.2 HTTP/1.1" 304 - "https://topflowroofingplumbing.com.au/toiawase" "Mozilla/5.0 (X11; Linux x86_64) AppleWebKit/537.36 (KHTML, like Gecko) Chrome/137.0.7151.119 Safari/537.36"
66.249.90.32 - - [19/Jul/2025:16:40:22 +0000] "GET /wp-content/themes/homlane/assets/js/lazyload.js?ver=2.1.2 HTTP/1.1" 304 - "https://topflowroofingplumbing.com.au/toiawase" "Mozilla/5.0 (X11; Linux x86_64) AppleWebKit/537.36 (KHTML, like Gecko) Chrome/137.0.7151.119 Safari/537.36"
66.249.90.39 - - [19/Jul/2025:16:40:22 +0000] "GET /wp-content/themes/homlane/assets/js/jquery.magnific-popup.min.js?ver=2.1.2 HTTP/1.1" 304 - "https://topflowroofingplumbing.com.au/toiawase" "Mozilla/5.0 (X11; Linux x86_64) AppleWebKit/537.36 (KHTML, like Gecko) Chrome/137.0.7151.119 Safari/537.36"
66.249.90.39 - - [19/Jul/2025:16:40:22 +0000] "GET /wp-content/themes/homlane/assets/js/pagenav.js?ver=2.1.2 HTTP/1.1" 304 - "https://topflowroofingplumbing.com.au/toiawase" "Mozilla/5.0 (X11; Linux x86_64) AppleWebKit/537.36 (KHTML, like Gecko) Chrome/137.0.7151.119 Safari/537.36"
66.249.90.32 - - [19/Jul/2025:16:40:22 +0000] "GET /wp-content/themes/homlane/assets/js/tilt.jquery.js?ver=2.1.2 HTTP/1.1" 304 - "https://topflowroofingplumbing.com.au/toiawase" "Mozilla/5.0 (X11; Linux x86_64) AppleWebKit/537.36 (KHTML, like Gecko) Chrome/137.0.7151.119 Safari/537.36"
66.249.90.32 - - [19/Jul/2025:16:40:22 +0000] "GET /wp-content/themes/homlane/assets/js/jquery.tinyscrollbar.js?ver=2.1.2 HTTP/1.1" 304 - "https://topflowroofingplumbing.com.au/toiawase" "Mozilla/5.0 (X11; Linux x86_64) AppleWebKit/537.36 (KHTML, like Gecko) Chrome/137.0.7151.119 Safari/537.36"
66.249.90.39 - - [19/Jul/2025:16:40:23 +0000] "GET /wp-content/themes/homlane/assets/images-2/icons/icon-76.png HTTP/1.1" 304 - "https://topflowroofingplumbing.com.au/toiawase" "Mozilla/5.0 (X11; Linux x86_64) AppleWebKit/537.36 (KHTML, like Gecko) Chrome/137.0.7151.119 Safari/537.36"
66.249.90.32 - - [19/Jul/2025:16:40:23 +0000] "GET /wp-content/themes/homlane/assets/images-2/icons/icon-78.png HTTP/1.1" 304 - "https://topflowroofingplumbing.com.au/toiawase" "Mozilla/5.0 (X11; Linux x86_64) AppleWebKit/537.36 (KHTML, like Gecko) Chrome/137.0.7151.119 Safari/537.36"
66.249.90.32 - - [19/Jul/2025:16:40:23 +0000] "GET /wp-content/themes/homlane/assets/js/jquery-ui.js?ver=2.1.2 HTTP/1.1" 304 - "https://topflowroofingplumbing.com.au/toiawase" "Mozilla/5.0 (X11; Linux x86_64) AppleWebKit/537.36 (KHTML, like Gecko) Chrome/137.0.7151.119 Safari/537.36"
66.249.90.39 - - [19/Jul/2025:16:40:23 +0000] "GET /wp-content/themes/homlane/assets/js/slick.js?ver=2.1.2 HTTP/1.1" 304 - "https://topflowroofingplumbing.com.au/toiawase" "Mozilla/5.0 (X11; Linux x86_64) AppleWebKit/537.36 (KHTML, like Gecko) Chrome/137.0.7151.119 Safari/537.36"
66.249.90.39 - - [19/Jul/2025:16:40:23 +0000] "GET /wp-content/themes/homlane/assets/js/scrollbar.js?ver=2.1.2 HTTP/1.1" 304 - "https://topflowroofingplumbing.com.au/toiawase" "Mozilla/5.0 (X11; Linux x86_64) AppleWebKit/537.36 (KHTML, like Gecko) Chrome/137.0.7151.119 Safari/537.36"
66.249.90.32 - - [19/Jul/2025:16:40:23 +0000] "GET /wp-content/themes/homlane/assets/js/validation.js?ver=2.1.2 HTTP/1.1" 304 - "https://topflowroofingplumbing.com.au/toiawase" "Mozilla/5.0 (X11; Linux x86_64) AppleWebKit/537.36 (KHTML, like Gecko) Chrome/137.0.7151.119 Safari/537.36"
66.249.90.39 - - [19/Jul/2025:16:40:24 +0000] "GET /wp-content/themes/homlane/assets/js/jQuery.style.switcher.min.js?ver=2.1.2 HTTP/1.1" 304 - "https://topflowroofingplumbing.com.au/toiawase" "Mozilla/5.0 (X11; Linux x86_64) AppleWebKit/537.36 (KHTML, like Gecko) Chrome/137.0.7151.119 Safari/537.36"
66.249.90.39 - - [19/Jul/2025:16:40:24 +0000] "GET /wp-content/themes/homlane/assets/js/TweenMax.min.js?ver=2.1.2 HTTP/1.1" 304 - "https://topflowroofingplumbing.com.au/toiawase" "Mozilla/5.0 (X11; Linux x86_64) AppleWebKit/537.36 (KHTML, like Gecko) Chrome/137.0.7151.119 Safari/537.36"
66.249.90.39 - - [19/Jul/2025:16:40:24 +0000] "GET /wp-content/themes/homlane/assets/js/parallax.min.js?ver=2.1.2 HTTP/1.1" 304 - "https://topflowroofingplumbing.com.au/toiawase" "Mozilla/5.0 (X11; Linux x86_64) AppleWebKit/537.36 (KHTML, like Gecko) Chrome/137.0.7151.119 Safari/537.36"
66.249.90.39 - - [19/Jul/2025:16:40:24 +0000] "GET /wp-content/themes/homlane/assets/js/dobpicker.js?ver=2.1.2 HTTP/1.1" 304 - "https://topflowroofingplumbing.com.au/toiawase" "Mozilla/5.0 (X11; Linux x86_64) AppleWebKit/537.36 (KHTML, like Gecko) Chrome/137.0.7151.119 Safari/537.36"
66.249.90.32 - - [19/Jul/2025:16:40:24 +0000] "GET /wp-content/themes/homlane/assets/js/jquery.bxslider.min.js?ver=2.1.2 HTTP/1.1" 304 - "https://topflowroofingplumbing.com.au/toiawase" "Mozilla/5.0 (X11; Linux x86_64) AppleWebKit/537.36 (KHTML, like Gecko) Chrome/137.0.7151.119 Safari/537.36"
66.249.90.32 - - [19/Jul/2025:16:40:24 +0000] "GET /wp-content/themes/homlane/assets/images-2/icons/icon-77.png HTTP/1.1" 304 - "https://topflowroofingplumbing.com.au/toiawase" "Mozilla/5.0 (X11; Linux x86_64) AppleWebKit/537.36 (KHTML, like Gecko) Chrome/137.0.7151.119 Safari/537.36"
66.249.90.32 - - [19/Jul/2025:16:40:25 +0000] "GET /wp-content/themes/homlane/assets/js/knob.js?ver=2.1.2 HTTP/1.1" 304 - "https://topflowroofingplumbing.com.au/toiawase" "Mozilla/5.0 (X11; Linux x86_64) AppleWebKit/537.36 (KHTML, like Gecko) Chrome/137.0.7151.119 Safari/537.36"
66.249.90.39 - - [19/Jul/2025:16:40:25 +0000] "GET /wp-content/themes/homlane/assets/js/custom.js?ver=6.8.2 HTTP/1.1" 304 - "https://topflowroofingplumbing.com.au/toiawase" "Mozilla/5.0 (X11; Linux x86_64) AppleWebKit/537.36 (KHTML, like Gecko) Chrome/137.0.7151.119 Safari/537.36"
66.249.90.39 - - [19/Jul/2025:16:40:25 +0000] "GET /wp-content/themes/homlane/assets/js/nav-tool.js?ver=2.1.2 HTTP/1.1" 304 - "https://topflowroofingplumbing.com.au/toiawase" "Mozilla/5.0 (X11; Linux x86_64) AppleWebKit/537.36 (KHTML, like Gecko) Chrome/137.0.7151.119 Safari/537.36"
66.249.90.39 - - [19/Jul/2025:16:40:25 +0000] "GET /wp-content/themes/homlane/assets/js/bootstrap.bundle.min.js?ver=2.1.2 HTTP/1.1" 304 - "https://topflowroofingplumbing.com.au/toiawase" "Mozilla/5.0 (X11; Linux x86_64) AppleWebKit/537.36 (KHTML, like Gecko) Chrome/137.0.7151.119 Safari/537.36"
66.249.90.32 - - [19/Jul/2025:16:40:25 +0000] "GET /wp-content/themes/homlane/assets/images-2/icons/icon-74.png HTTP/1.1" 304 - "https://topflowroofingplumbing.com.au/toiawase" "Mozilla/5.0 (X11; Linux x86_64) AppleWebKit/537.36 (KHTML, like Gecko) Chrome/137.0.7151.119 Safari/537.36"
66.249.90.32 - - [19/Jul/2025:16:40:26 +0000] "GET /wp-content/themes/homlane/assets/js/jquery.bootstrap-touchspin.js?ver=2.1.2 HTTP/1.1" 304 - "https://topflowroofingplumbing.com.au/toiawase" "Mozilla/5.0 (X11; Linux x86_64) AppleWebKit/537.36 (KHTML, like Gecko) Chrome/137.0.7151.119 Safari/537.36"
66.249.90.32 - - [19/Jul/2025:16:40:26 +0000] "GET /wp-content/themes/homlane/assets/js/owl-vertical.js?ver=2.1.2 HTTP/1.1" 304 - "https://topflowroofingplumbing.com.au/toiawase" "Mozilla/5.0 (X11; Linux x86_64) AppleWebKit/537.36 (KHTML, like Gecko) Chrome/137.0.7151.119 Safari/537.36"
66.249.90.39 - - [19/Jul/2025:16:40:26 +0000] "GET /wp-content/themes/homlane/assets/images-2/icons/cross-out.png HTTP/1.1" 304 - "https://topflowroofingplumbing.com.au/wp-content/themes/homlane/assets/css/style-2.css?ver=6.8.2" "Mozilla/5.0 (X11; Linux x86_64) AppleWebKit/537.36 (KHTML, like Gecko) Chrome/137.0.7151.119 Safari/537.36"
66.249.90.39 - - [19/Jul/2025:16:40:26 +0000] "GET /wp-content/themes/homlane/assets/images-2/shape/shape-52.png HTTP/1.1" 304 - "https://topflowroofingplumbing.com.au/wp-content/themes/homlane/assets/css/style.css?ver=6.8.2" "Mozilla/5.0 (X11; Linux x86_64) AppleWebKit/537.36 (KHTML, like Gecko) Chrome/137.0.7151.119 Safari/537.36"
66.249.90.32 - - [19/Jul/2025:16:40:26 +0000] "GET /wp-content/themes/homlane/assets/images/shape/header-top-bg.jpg HTTP/1.1" 304 - "https://topflowroofingplumbing.com.au/toiawase" "Mozilla/5.0 (X11; Linux x86_64) AppleWebKit/537.36 (KHTML, like Gecko) Chrome/137.0.7151.119 Safari/537.36"
66.249.90.39 - - [19/Jul/2025:16:40:27 +0000] "GET /wp-content/themes/homlane/assets/images-2/icons/icon-14.png HTTP/1.1" 304 - "https://topflowroofingplumbing.com.au/wp-content/themes/homlane/assets/css/style-2.css?ver=6.8.2" "Mozilla/5.0 (X11; Linux x86_64) AppleWebKit/537.36 (KHTML, like Gecko) Chrome/137.0.7151.119 Safari/537.36"
66.249.90.39 - - [19/Jul/2025:16:40:27 +0000] "GET /wp-content/themes/homlane/assets/fonts/icomoon.ttf?vdw2jk HTTP/1.1" 304 - "https://topflowroofingplumbing.com.au/wp-content/themes/homlane/assets/css/icomoon.css?ver=6.8.2" "Mozilla/5.0 (X11; Linux x86_64) AppleWebKit/537.36 (KHTML, like Gecko) Chrome/137.0.7151.119 Safari/537.36"
66.249.90.39 - - [19/Jul/2025:16:40:27 +0000] "GET /wp-includes/js/wp-emoji-release.min.js?ver=6.8.2 HTTP/1.1" 304 - "https://topflowroofingplumbing.com.au/toiawase" "Mozilla/5.0 (X11; Linux x86_64) AppleWebKit/537.36 (KHTML, like Gecko) Chrome/137.0.7151.119 Safari/537.36"
66.249.73.96 - - [19/Jul/2025:16:40:49 +0000] "GET /264012564.htm HTTP/1.1" 200 87123 "-" "Mozilla/5.0 (Linux; Android 6.0.1; Nexus 5X Build/MMB29P) AppleWebKit/537.36 (KHTML, like Gecko) Chrome/137.0.7151.103 Mobile Safari/537.36 (compatible; Googlebot/2.1; +http://www.google.com/bot.html)"
66.249.65.105 - - [19/Jul/2025:16:40:50 +0000] "GET /093002199.htm HTTP/1.1" 200 86068 "-" "Mozilla/5.0 (Linux; Android 6.0.1; Nexus 5X Build/MMB29P) AppleWebKit/537.36 (KHTML, like Gecko) Chrome/137.0.7151.103 Mobile Safari/537.36 (compatible; Googlebot/2.1; +http://www.google.com/bot.html)"
20.171.207.99 - - [19/Jul/2025:16:41:00 +0000] "GET /search.php?village186049533.html HTTP/1.1" 200 86768 "-" "Mozilla/5.0 AppleWebKit/537.36 (KHTML, like Gecko; compatible; GPTBot/1.2; +https://openai.com/gptbot)"
66.249.65.105 - - [19/Jul/2025:16:41:28 +0000] "GET /PM/a77?pid=4512 HTTP/1.1" 200 86303 "-" "Mozilla/5.0 (Linux; Android 6.0.1; Nexus 5X Build/MMB29P) AppleWebKit/537.36 (KHTML, like Gecko) Chrome/137.0.7151.103 Mobile Safari/537.36 (compatible; Googlebot/2.1; +http://www.google.com/bot.html)"
20.171.207.99 - - [19/Jul/2025:16:42:02 +0000] "GET /search.php?equally186049535.html HTTP/1.1" 200 86875 "-" "Mozilla/5.0 AppleWebKit/537.36 (KHTML, like Gecko; compatible; GPTBot/1.2; +https://openai.com/gptbot)"
66.249.73.96 - - [19/Jul/2025:16:42:37 +0000] "GET /022002786.htm HTTP/1.1" 200 85840 "-" "Mozilla/5.0 (Linux; Android 6.0.1; Nexus 5X Build/MMB29P) AppleWebKit/537.36 (KHTML, like Gecko) Chrome/137.0.7151.103 Mobile Safari/537.36 (compatible; Googlebot/2.1; +http://www.google.com/bot.html)"
20.171.207.99 - - [19/Jul/2025:16:43:07 +0000] "GET /search.php?offering017020352.html HTTP/1.1" 200 86912 "-" "Mozilla/5.0 AppleWebKit/537.36 (KHTML, like Gecko; compatible; GPTBot/1.2; +https://openai.com/gptbot)"
20.171.207.99 - - [19/Jul/2025:16:44:09 +0000] "GET /search.php?satisfy186049531.html HTTP/1.1" 200 87074 "-" "Mozilla/5.0 AppleWebKit/537.36 (KHTML, like Gecko; compatible; GPTBot/1.2; +https://openai.com/gptbot)"
66.249.73.97 - - [19/Jul/2025:16:44:17 +0000] "GET /299019163.htm HTTP/1.1" 200 85891 "-" "Mozilla/5.0 (Linux; Android 6.0.1; Nexus 5X Build/MMB29P) AppleWebKit/537.36 (KHTML, like Gecko) Chrome/137.0.7151.103 Mobile Safari/537.36 (compatible; Googlebot/2.1; +http://www.google.com/bot.html)"
20.171.207.99 - - [19/Jul/2025:16:45:12 +0000] "GET /search.php?honestly186042793.html HTTP/1.1" 200 87118 "-" "Mozilla/5.0 AppleWebKit/537.36 (KHTML, like Gecko; compatible; GPTBot/1.2; +https://openai.com/gptbot)"
66.249.65.96 - - [19/Jul/2025:16:45:18 +0000] "GET /shopbrand/10543502 HTTP/1.1" 200 86254 "-" "Mozilla/5.0 (Linux; Android 6.0.1; Nexus 5X Build/MMB29P) AppleWebKit/537.36 (KHTML, like Gecko) Chrome/137.0.7151.103 Mobile Safari/537.36 (compatible; Googlebot/2.1; +http://www.google.com/bot.html)"
66.249.65.105 - - [19/Jul/2025:16:45:18 +0000] "GET /extra/q86?pid=47 HTTP/1.1" 200 85853 "-" "Mozilla/5.0 (Linux; Android 6.0.1; Nexus 5X Build/MMB29P) AppleWebKit/537.36 (KHTML, like Gecko) Chrome/137.0.7151.103 Mobile Safari/537.36 (compatible; Googlebot/2.1; +http://www.google.com/bot.html)"
66.249.73.103 - - [19/Jul/2025:16:45:19 +0000] "GET /211023503.htm HTTP/1.1" 200 85607 "-" "Mozilla/5.0 (Linux; Android 6.0.1; Nexus 5X Build/MMB29P) AppleWebKit/537.36 (KHTML, like Gecko) Chrome/137.0.7151.103 Mobile Safari/537.36 (compatible; Googlebot/2.1; +http://www.google.com/bot.html)"
66.249.73.97 - - [19/Jul/2025:16:45:18 +0000] "GET /010000100.htm HTTP/1.1" 200 85545 "-" "Mozilla/5.0 (Linux; Android 6.0.1; Nexus 5X Build/MMB29P) AppleWebKit/537.36 (KHTML, like Gecko) Chrome/137.0.7151.103 Mobile Safari/537.36 (compatible; Googlebot/2.1; +http://www.google.com/bot.html)"
20.171.207.99 - - [19/Jul/2025:16:46:17 +0000] "GET /search.php?economy172049861.html HTTP/1.1" 200 86954 "-" "Mozilla/5.0 AppleWebKit/537.36 (KHTML, like Gecko; compatible; GPTBot/1.2; +https://openai.com/gptbot)"
66.249.73.97 - - [19/Jul/2025:16:46:49 +0000] "GET /shopbrand/186604258 HTTP/1.1" 200 85876 "-" "Mozilla/5.0 (Linux; Android 6.0.1; Nexus 5X Build/MMB29P) AppleWebKit/537.36 (KHTML, like Gecko) Chrome/137.0.7151.103 Mobile Safari/537.36 (compatible; Googlebot/2.1; +http://www.google.com/bot.html)"
66.249.65.105 - - [19/Jul/2025:16:47:00 +0000] "GET /077004487.htm HTTP/1.1" 200 86558 "-" "Mozilla/5.0 (Linux; Android 6.0.1; Nexus 5X Build/MMB29P) AppleWebKit/537.36 (KHTML, like Gecko) Chrome/137.0.7151.103 Mobile Safari/537.36 (compatible; Googlebot/2.1; +http://www.google.com/bot.html)"
66.249.65.97 - - [19/Jul/2025:16:47:00 +0000] "GET /zhHant/product/surugaya/jism-4946950180064-53-2351-n?campaign_uid=f64d716db5e979ed2f947dbaf4296895b951ae7f HTTP/1.1" 200 86930 "-" "Mozilla/5.0 (Linux; Android 6.0.1; Nexus 5X Build/MMB29P) AppleWebKit/537.36 (KHTML, like Gecko) Chrome/137.0.7151.103 Mobile Safari/537.36 (compatible; Googlebot/2.1; +http://www.google.com/bot.html)"
66.249.65.105 - - [19/Jul/2025:16:47:01 +0000] "GET /256040254.htm HTTP/1.1" 200 85541 "-" "Mozilla/5.0 (Linux; Android 6.0.1; Nexus 5X Build/MMB29P) AppleWebKit/537.36 (KHTML, like Gecko) Chrome/137.0.7151.103 Mobile Safari/537.36 (compatible; Googlebot/2.1; +http://www.google.com/bot.html)"
66.249.73.103 - - [19/Jul/2025:16:47:15 +0000] "GET /pcmypage?callback=product/review/e-bear-9880094030319 HTTP/1.1" 200 85750 "-" "Mozilla/5.0 (Linux; Android 6.0.1; Nexus 5X Build/MMB29P) AppleWebKit/537.36 (KHTML, like Gecko) Chrome/137.0.7151.103 Mobile Safari/537.36 (compatible; Googlebot/2.1; +http://www.google.com/bot.html)"
20.171.207.99 - - [19/Jul/2025:16:47:19 +0000] "GET /search.php?isolated174035863.html HTTP/1.1" 200 87816 "-" "Mozilla/5.0 AppleWebKit/537.36 (KHTML, like Gecko; compatible; GPTBot/1.2; +https://openai.com/gptbot)"
66.249.65.105 - - [19/Jul/2025:16:47:36 +0000] "GET /pcmypage?callback=product%2Fdetail%2Fkaigo-103-4901301424051-13 HTTP/1.1" 200 85493 "-" "Mozilla/5.0 (Linux; Android 6.0.1; Nexus 5X Build/MMB29P) AppleWebKit/537.36 (KHTML, like Gecko) Chrome/137.0.7151.103 Mobile Safari/537.36 (compatible; Googlebot/2.1; +http://www.google.com/bot.html)"
20.171.207.99 - - [19/Jul/2025:16:48:24 +0000] "GET /search.php?confess193042574.html HTTP/1.1" 200 87508 "-" "Mozilla/5.0 AppleWebKit/537.36 (KHTML, like Gecko; compatible; GPTBot/1.2; +https://openai.com/gptbot)"
66.249.65.105 - - [19/Jul/2025:16:48:24 +0000] "GET /pcmypage?callback=product/review/kaigo-103-4901301424051-13 HTTP/1.1" 200 85518 "-" "Mozilla/5.0 (Linux; Android 6.0.1; Nexus 5X Build/MMB29P) AppleWebKit/537.36 (KHTML, like Gecko) Chrome/137.0.7151.103 Mobile Safari/537.36 (compatible; Googlebot/2.1; +http://www.google.com/bot.html)"
20.171.207.99 - - [19/Jul/2025:16:49:28 +0000] "GET /search.php?advocate186049535.html HTTP/1.1" 200 87725 "-" "Mozilla/5.0 AppleWebKit/537.36 (KHTML, like Gecko; compatible; GPTBot/1.2; +https://openai.com/gptbot)"
66.249.65.97 - - [19/Jul/2025:16:49:33 +0000] "GET /pcmypage?callback=/product%2Fdetail%2kaigo-103-4901301424051-13 HTTP/1.1" 200 86161 "-" "Mozilla/5.0 (Linux; Android 6.0.1; Nexus 5X Build/MMB29P) AppleWebKit/537.36 (KHTML, like Gecko) Chrome/137.0.7151.103 Mobile Safari/537.36 (compatible; Googlebot/2.1; +http://www.google.com/bot.html)"
20.171.207.99 - - [19/Jul/2025:16:50:29 +0000] "GET /search.php?items%2F007000706.html%3Fsrsltid=AfmBOozcyJSnhbYhmjJvK6pWPReJRUPirfjubN5oASN2vwkQ3J4M HTTP/1.1" 200 87193 "-" "Mozilla/5.0 AppleWebKit/537.36 (KHTML, like Gecko; compatible; GPTBot/1.2; +https://openai.com/gptbot)"
66.249.73.97 - - [19/Jul/2025:16:50:42 +0000] "GET /119023059.htm HTTP/1.1" 200 86225 "-" "Mozilla/5.0 (Linux; Android 6.0.1; Nexus 5X Build/MMB29P) AppleWebKit/537.36 (KHTML, like Gecko) Chrome/137.0.7151.103 Mobile Safari/537.36 (compatible; Googlebot/2.1; +http://www.google.com/bot.html)"
66.249.65.96 - - [19/Jul/2025:16:51:18 +0000] "GET /116041632.htm HTTP/1.1" 200 86810 "-" "Mozilla/5.0 (Linux; Android 6.0.1; Nexus 5X Build/MMB29P) AppleWebKit/537.36 (KHTML, like Gecko) Chrome/137.0.7151.103 Mobile Safari/537.36 (compatible; Googlebot/2.1; +http://www.google.com/bot.html)"
