192.178.6.67 - - [19/Jul/2025:19:48:32 +0000] "GET /safe_search/config?return_url=%2Fproduct%2Fdetail%2Fjordan23-19_74568426 HTTP/1.1" 200 86565 "-" "Mozilla/5.0 (Linux; Android 6.0.1; Nexus 5X Build/MMB29P) AppleWebKit/537.36 (KHTML, like Gecko) Chrome/137.0.7151.103 Mobile Safari/537.36 (compatible; Googlebot/2.1; +http://www.google.com/bot.html)"
20.171.207.99 - - [19/Jul/2025:19:48:36 +0000] "GET /search.php?dilemma137048952.html HTTP/1.1" 200 86681 "-" "Mozilla/5.0 AppleWebKit/537.36 (KHTML, like Gecko; compatible; GPTBot/1.2; +https://openai.com/gptbot)"
192.178.6.98 - - [19/Jul/2025:19:48:37 +0000] "GET /265012643.htm HTTP/1.1" 200 86300 "-" "Mozilla/5.0 (Linux; Android 6.0.1; Nexus 5X Build/MMB29P) AppleWebKit/537.36 (KHTML, like Gecko) Chrome/137.0.7151.103 Mobile Safari/537.36 (compatible; Googlebot/2.1; +http://www.google.com/bot.html)"
192.178.6.98 - - [19/Jul/2025:19:49:39 +0000] "GET /product/edit/hirochishop-hx440a HTTP/1.1" 200 85583 "-" "Mozilla/5.0 (Linux; Android 6.0.1; Nexus 5X Build/MMB29P) AppleWebKit/537.36 (KHTML, like Gecko) Chrome/137.0.7151.103 Mobile Safari/537.36 (compatible; Googlebot/2.1; +http://www.google.com/bot.html)"
192.178.6.66 - - [19/Jul/2025:19:49:39 +0000] "GET /possession/q58?pid=229 HTTP/1.1" 200 85885 "-" "Mozilla/5.0 (Linux; Android 6.0.1; Nexus 5X Build/MMB29P) AppleWebKit/537.36 (KHTML, like Gecko) Chrome/137.0.7151.103 Mobile Safari/537.36 (compatible; Googlebot/2.1; +http://www.google.com/bot.html)"
20.171.207.99 - - [19/Jul/2025:19:49:40 +0000] "GET /search.php?anymore189045266.html HTTP/1.1" 200 87456 "-" "Mozilla/5.0 AppleWebKit/537.36 (KHTML, like Gecko; compatible; GPTBot/1.2; +https://openai.com/gptbot)"
192.178.6.99 - - [19/Jul/2025:19:49:39 +0000] "GET /099000627.htm HTTP/1.1" 200 85579 "-" "Mozilla/5.0 (Linux; Android 6.0.1; Nexus 5X Build/MMB29P) AppleWebKit/537.36 (KHTML, like Gecko) Chrome/137.0.7151.103 Mobile Safari/537.36 (compatible; Googlebot/2.1; +http://www.google.com/bot.html)"
192.178.6.98 - - [19/Jul/2025:19:49:58 +0000] "GET /105014555.htm HTTP/1.1" 200 87118 "-" "Mozilla/5.0 (Linux; Android 6.0.1; Nexus 5X Build/MMB29P) AppleWebKit/537.36 (KHTML, like Gecko) Chrome/137.0.7151.103 Mobile Safari/537.36 (compatible; Googlebot/2.1; +http://www.google.com/bot.html)"
192.178.6.66 - - [19/Jul/2025:19:50:33 +0000] "GET /210046366.htm HTTP/1.1" 200 86020 "-" "Mozilla/5.0 (Linux; Android 6.0.1; Nexus 5X Build/MMB29P) AppleWebKit/537.36 (KHTML, like Gecko) Chrome/137.0.7151.103 Mobile Safari/537.36 (compatible; Googlebot/2.1; +http://www.google.com/bot.html)"
20.171.207.99 - - [19/Jul/2025:19:50:40 +0000] "GET /search.php?m090002342%3Fsrsltid=AfmBOodiTBuxapgEEnd4er_FEWgV3FKWB_HvqwUNcv-H-h3eaRqSQn HTTP/1.1" 200 88677 "-" "Mozilla/5.0 AppleWebKit/537.36 (KHTML, like Gecko; compatible; GPTBot/1.2; +https://openai.com/gptbot)"
192.178.6.67 - - [19/Jul/2025:19:51:11 +0000] "GET /pcmypage?callback=product/review/edenki-ds-2167657 HTTP/1.1" 200 85784 "-" "Mozilla/5.0 (Linux; Android 6.0.1; Nexus 5X Build/MMB29P) AppleWebKit/537.36 (KHTML, like Gecko) Chrome/137.0.7151.103 Mobile Safari/537.36 (compatible; Googlebot/2.1; +http://www.google.com/bot.html)"
20.171.207.99 - - [19/Jul/2025:19:51:43 +0000] "GET /search.php?football193042574.html HTTP/1.1" 200 87416 "-" "Mozilla/5.0 AppleWebKit/537.36 (KHTML, like Gecko; compatible; GPTBot/1.2; +https://openai.com/gptbot)"
192.178.6.66 - - [19/Jul/2025:19:51:47 +0000] "GET /039003973.htm HTTP/1.1" 200 85860 "-" "Mozilla/5.0 (Linux; Android 6.0.1; Nexus 5X Build/MMB29P) AppleWebKit/537.36 (KHTML, like Gecko) Chrome/137.0.7151.103 Mobile Safari/537.36 (compatible; Googlebot/2.1; +http://www.google.com/bot.html)"
192.178.6.66 - - [19/Jul/2025:19:51:50 +0000] "GET /pcmypage?callback=product/review/hirochishop-ea809yp-11 HTTP/1.1" 200 85910 "-" "Mozilla/5.0 (Linux; Android 6.0.1; Nexus 5X Build/MMB29P) AppleWebKit/537.36 (KHTML, like Gecko) Chrome/137.0.7151.103 Mobile Safari/537.36 (compatible; Googlebot/2.1; +http://www.google.com/bot.html)"
192.178.6.98 - - [19/Jul/2025:19:52:19 +0000] "GET /shopbrand/535025 HTTP/1.1" 200 85622 "-" "Mozilla/5.0 (Linux; Android 6.0.1; Nexus 5X Build/MMB29P) AppleWebKit/537.36 (KHTML, like Gecko) Chrome/137.0.7151.103 Mobile Safari/537.36 (compatible; Googlebot/2.1; +http://www.google.com/bot.html)"
192.178.6.65 - - [19/Jul/2025:19:52:29 +0000] "GET /092044290.htm HTTP/1.1" 200 85924 "-" "Mozilla/5.0 (Linux; Android 6.0.1; Nexus 5X Build/MMB29P) AppleWebKit/537.36 (KHTML, like Gecko) Chrome/137.0.7151.103 Mobile Safari/537.36 (compatible; Googlebot/2.1; +http://www.google.com/bot.html)"
20.171.207.99 - - [19/Jul/2025:19:52:47 +0000] "GET /search.php?benefit274018545.html HTTP/1.1" 200 87327 "-" "Mozilla/5.0 AppleWebKit/537.36 (KHTML, like Gecko; compatible; GPTBot/1.2; +https://openai.com/gptbot)"
209.74.77.214 - - [19/Jul/2025:19:52:50 +0000] "POST /wp-cron.php?doing_wp_cron=1752954770.6127710342407226562500 HTTP/1.1" 403 33 "-" "WordPress/6.8.2; https://topflowroofingplumbing.com.au"
209.74.77.214 - - [19/Jul/2025:19:52:50 +0000] "POST /wp-cron.php?doing_wp_cron=1752954770.6128149032592773437500 HTTP/1.1" 403 33 "-" "WordPress/6.8.2; https://topflowroofingplumbing.com.au"
2a03:2880:f800:a:: - - [19/Jul/2025:19:52:49 +0000] "GET /shopbrand/180845865 HTTP/1.1" 404 11694 "-" "meta-externalagent/1.1 (+https://developers.facebook.com/docs/sharing/webmasters/crawler)"
2a03:2880:f800:6:: - - [19/Jul/2025:19:52:49 +0000] "GET /shopbrand/261547227 HTTP/1.1" 404 11694 "-" "meta-externalagent/1.1 (+https://developers.facebook.com/docs/sharing/webmasters/crawler)"
2a03:2880:f800:7:: - - [19/Jul/2025:19:52:55 +0000] "GET /shopbrand/193981155 HTTP/1.1" 404 11694 "-" "meta-externalagent/1.1 (+https://developers.facebook.com/docs/sharing/webmasters/crawler)"
2a03:2880:f800:7:: - - [19/Jul/2025:19:52:56 +0000] "GET /shopbrand/261572933 HTTP/1.1" 404 11694 "-" "meta-externalagent/1.1 (+https://developers.facebook.com/docs/sharing/webmasters/crawler)"
2a03:2880:f800:17:: - - [19/Jul/2025:19:53:02 +0000] "GET /shopbrand/193893027 HTTP/1.1" 404 11694 "-" "meta-externalagent/1.1 (+https://developers.facebook.com/docs/sharing/webmasters/crawler)"
192.178.6.65 - - [19/Jul/2025:19:53:08 +0000] "GET /robots.txt HTTP/1.1" 200 140 "-" "Mozilla/5.0 (compatible; Googlebot/2.1; +http://www.google.com/bot.html)"
192.178.6.67 - - [19/Jul/2025:19:53:08 +0000] "GET /135048719.htm HTTP/1.1" 200 85987 "-" "Mozilla/5.0 (Linux; Android 6.0.1; Nexus 5X Build/MMB29P) AppleWebKit/537.36 (KHTML, like Gecko) Chrome/137.0.7151.103 Mobile Safari/537.36 (compatible; Googlebot/2.1; +http://www.google.com/bot.html)"
2a03:2880:f800:10:: - - [19/Jul/2025:19:53:19 +0000] "GET /shopbrand/193880052 HTTP/1.1" 404 11694 "-" "meta-externalagent/1.1 (+https://developers.facebook.com/docs/sharing/webmasters/crawler)"
2a03:2880:f800:5:: - - [19/Jul/2025:19:53:19 +0000] "GET /shopbrand/352142318 HTTP/1.1" 404 11694 "-" "meta-externalagent/1.1 (+https://developers.facebook.com/docs/sharing/webmasters/crawler)"
2a03:2880:f800:3:: - - [19/Jul/2025:19:53:23 +0000] "GET /shopbrand/180888125 HTTP/1.1" 404 11694 "-" "meta-externalagent/1.1 (+https://developers.facebook.com/docs/sharing/webmasters/crawler)"
2a03:2880:f800:: - - [19/Jul/2025:19:53:24 +0000] "GET /shopbrand/193964492 HTTP/1.1" 404 11694 "-" "meta-externalagent/1.1 (+https://developers.facebook.com/docs/sharing/webmasters/crawler)"
192.178.6.66 - - [19/Jul/2025:19:53:26 +0000] "GET /003000003.htm HTTP/1.1" 200 85634 "-" "Mozilla/5.0 (Linux; Android 6.0.1; Nexus 5X Build/MMB29P) AppleWebKit/537.36 (KHTML, like Gecko) Chrome/137.0.7151.103 Mobile Safari/537.36 (compatible; Googlebot/2.1; +http://www.google.com/bot.html)"
2a03:2880:f800:13:: - - [19/Jul/2025:19:53:28 +0000] "GET /shopbrand/193870600 HTTP/1.1" 404 11694 "-" "meta-externalagent/1.1 (+https://developers.facebook.com/docs/sharing/webmasters/crawler)"
192.178.6.65 - - [19/Jul/2025:19:53:47 +0000] "GET /092044300.htm HTTP/1.1" 200 85999 "-" "Mozilla/5.0 (Linux; Android 6.0.1; Nexus 5X Build/MMB29P) AppleWebKit/537.36 (KHTML, like Gecko) Chrome/137.0.7151.103 Mobile Safari/537.36 (compatible; Googlebot/2.1; +http://www.google.com/bot.html)"
20.171.207.99 - - [19/Jul/2025:19:53:49 +0000] "GET /search.php?loyalty186042793.html HTTP/1.1" 200 86544 "-" "Mozilla/5.0 AppleWebKit/537.36 (KHTML, like Gecko; compatible; GPTBot/1.2; +https://openai.com/gptbot)"
192.178.6.65 - - [19/Jul/2025:19:54:26 +0000] "GET /294019876.htm HTTP/1.1" 200 85822 "-" "Mozilla/5.0 (Linux; Android 6.0.1; Nexus 5X Build/MMB29P) AppleWebKit/537.36 (KHTML, like Gecko) Chrome/137.0.7151.103 Mobile Safari/537.36 (compatible; Googlebot/2.1; +http://www.google.com/bot.html)"
192.178.6.67 - - [19/Jul/2025:19:54:30 +0000] "GET /041000223.htm HTTP/1.1" 200 86469 "-" "Mozilla/5.0 (Linux; Android 6.0.1; Nexus 5X Build/MMB29P) AppleWebKit/537.36 (KHTML, like Gecko) Chrome/137.0.7151.103 Mobile Safari/537.36 (compatible; Googlebot/2.1; +http://www.google.com/bot.html)"
20.171.207.99 - - [19/Jul/2025:19:54:54 +0000] "GET /search.php?swimming186049193.html HTTP/1.1" 200 87882 "-" "Mozilla/5.0 AppleWebKit/537.36 (KHTML, like Gecko; compatible; GPTBot/1.2; +https://openai.com/gptbot)"
192.178.6.66 - - [19/Jul/2025:19:55:29 +0000] "GET /province/w10?pid=273 HTTP/1.1" 200 86210 "-" "Mozilla/5.0 (Linux; Android 6.0.1; Nexus 5X Build/MMB29P) AppleWebKit/537.36 (KHTML, like Gecko) Chrome/137.0.7151.103 Mobile Safari/537.36 (compatible; Googlebot/2.1; +http://www.google.com/bot.html)"
192.178.6.67 - - [19/Jul/2025:19:55:29 +0000] "GET /parking/g88?pid=885 HTTP/1.1" 200 86290 "-" "Mozilla/5.0 (Linux; Android 6.0.1; Nexus 5X Build/MMB29P) AppleWebKit/537.36 (KHTML, like Gecko) Chrome/137.0.7151.103 Mobile Safari/537.36 (compatible; Googlebot/2.1; +http://www.google.com/bot.html)"
192.178.6.66 - - [19/Jul/2025:19:55:48 +0000] "GET /attract/l75?pid=670 HTTP/1.1" 200 86332 "-" "Mozilla/5.0 (Linux; Android 6.0.1; Nexus 5X Build/MMB29P) AppleWebKit/537.36 (KHTML, like Gecko) Chrome/137.0.7151.103 Mobile Safari/537.36 (compatible; Googlebot/2.1; +http://www.google.com/bot.html)"
20.171.207.99 - - [19/Jul/2025:19:55:57 +0000] "GET /search.php?sanction186049531.html HTTP/1.1" 200 86571 "-" "Mozilla/5.0 AppleWebKit/537.36 (KHTML, like Gecko; compatible; GPTBot/1.2; +https://openai.com/gptbot)"
192.178.6.97 - - [19/Jul/2025:19:56:46 +0000] "GET /shopbrand/9948332 HTTP/1.1" 200 86283 "-" "Mozilla/5.0 (Linux; Android 6.0.1; Nexus 5X Build/MMB29P) AppleWebKit/537.36 (KHTML, like Gecko) Chrome/137.0.7151.103 Mobile Safari/537.36 (compatible; Googlebot/2.1; +http://www.google.com/bot.html)"
192.178.6.66 - - [19/Jul/2025:19:56:49 +0000] "GET /039003969.htm HTTP/1.1" 200 85740 "-" "Mozilla/5.0 (Linux; Android 6.0.1; Nexus 5X Build/MMB29P) AppleWebKit/537.36 (KHTML, like Gecko) Chrome/137.0.7151.103 Mobile Safari/537.36 (compatible; Googlebot/2.1; +http://www.google.com/bot.html)"
20.171.207.99 - - [19/Jul/2025:19:57:02 +0000] "GET /search.php?distance186049533.html HTTP/1.1" 200 86812 "-" "Mozilla/5.0 AppleWebKit/537.36 (KHTML, like Gecko; compatible; GPTBot/1.2; +https://openai.com/gptbot)"
192.178.6.97 - - [19/Jul/2025:19:57:06 +0000] "GET /shopbrand/9941360 HTTP/1.1" 200 86214 "-" "Mozilla/5.0 (Linux; Android 6.0.1; Nexus 5X Build/MMB29P) AppleWebKit/537.36 (KHTML, like Gecko) Chrome/137.0.7151.103 Mobile Safari/537.36 (compatible; Googlebot/2.1; +http://www.google.com/bot.html)"
192.178.6.66 - - [19/Jul/2025:19:57:13 +0000] "GET /product/edit/stylife-mq1284-1 HTTP/1.1" 200 86254 "-" "Mozilla/5.0 (Linux; Android 6.0.1; Nexus 5X Build/MMB29P) AppleWebKit/537.36 (KHTML, like Gecko) Chrome/137.0.7151.103 Mobile Safari/537.36 (compatible; Googlebot/2.1; +http://www.google.com/bot.html)"
192.178.6.66 - - [19/Jul/2025:19:57:36 +0000] "GET /product/edit/interiortool-spl-ah-8u10-800 HTTP/1.1" 200 85508 "-" "Mozilla/5.0 (Linux; Android 6.0.1; Nexus 5X Build/MMB29P) AppleWebKit/537.36 (KHTML, like Gecko) Chrome/137.0.7151.103 Mobile Safari/537.36 (compatible; Googlebot/2.1; +http://www.google.com/bot.html)"
192.178.6.105 - - [19/Jul/2025:19:57:40 +0000] "GET /shopbrand/9952954 HTTP/1.1" 200 87930 "-" "Mozilla/5.0 (Linux; Android 6.0.1; Nexus 5X Build/MMB29P) AppleWebKit/537.36 (KHTML, like Gecko) Chrome/137.0.7151.103 Mobile Safari/537.36 (compatible; Googlebot/2.1; +http://www.google.com/bot.html)"
192.178.6.65 - - [19/Jul/2025:19:57:51 +0000] "GET /022032044.htm HTTP/1.1" 200 85471 "-" "Mozilla/5.0 (Linux; Android 6.0.1; Nexus 5X Build/MMB29P) AppleWebKit/537.36 (KHTML, like Gecko) Chrome/137.0.7151.103 Mobile Safari/537.36 (compatible; Googlebot/2.1; +http://www.google.com/bot.html)"
20.171.207.99 - - [19/Jul/2025:19:58:03 +0000] "GET /search.php?protein186049533.html HTTP/1.1" 200 87356 "-" "Mozilla/5.0 AppleWebKit/537.36 (KHTML, like Gecko; compatible; GPTBot/1.2; +https://openai.com/gptbot)"
192.178.6.97 - - [19/Jul/2025:19:58:19 +0000] "GET /shopbrand/9951408 HTTP/1.1" 200 85540 "-" "Mozilla/5.0 (Linux; Android 6.0.1; Nexus 5X Build/MMB29P) AppleWebKit/537.36 (KHTML, like Gecko) Chrome/137.0.7151.103 Mobile Safari/537.36 (compatible; Googlebot/2.1; +http://www.google.com/bot.html)"
192.178.6.105 - - [19/Jul/2025:19:58:58 +0000] "GET /shopbrand/9944881 HTTP/1.1" 200 86862 "-" "Mozilla/5.0 (Linux; Android 6.0.1; Nexus 5X Build/MMB29P) AppleWebKit/537.36 (KHTML, like Gecko) Chrome/137.0.7151.103 Mobile Safari/537.36 (compatible; Googlebot/2.1; +http://www.google.com/bot.html)"
20.171.207.99 - - [19/Jul/2025:19:59:06 +0000] "GET /search.php?unknown107046890.html HTTP/1.1" 200 86990 "-" "Mozilla/5.0 AppleWebKit/537.36 (KHTML, like Gecko; compatible; GPTBot/1.2; +https://openai.com/gptbot)"
192.178.6.66 - - [19/Jul/2025:20:00:01 +0000] "GET /001019089.htm HTTP/1.1" 200 86454 "-" "Mozilla/5.0 (Linux; Android 6.0.1; Nexus 5X Build/MMB29P) AppleWebKit/537.36 (KHTML, like Gecko) Chrome/137.0.7151.103 Mobile Safari/537.36 (compatible; Googlebot/2.1; +http://www.google.com/bot.html)"
192.178.6.96 - - [19/Jul/2025:20:00:01 +0000] "GET /shopbrand/9945749 HTTP/1.1" 200 86405 "-" "Mozilla/5.0 (Linux; Android 6.0.1; Nexus 5X Build/MMB29P) AppleWebKit/537.36 (KHTML, like Gecko) Chrome/137.0.7151.103 Mobile Safari/537.36 (compatible; Googlebot/2.1; +http://www.google.com/bot.html)"
20.171.207.99 - - [19/Jul/2025:20:00:07 +0000] "GET /search.php?pension184036721.html HTTP/1.1" 200 87702 "-" "Mozilla/5.0 AppleWebKit/537.36 (KHTML, like Gecko; compatible; GPTBot/1.2; +https://openai.com/gptbot)"
192.178.6.96 - - [19/Jul/2025:20:00:20 +0000] "GET /shopbrand/9951597 HTTP/1.1" 200 85437 "-" "Mozilla/5.0 (Linux; Android 6.0.1; Nexus 5X Build/MMB29P) AppleWebKit/537.36 (KHTML, like Gecko) Chrome/137.0.7151.103 Mobile Safari/537.36 (compatible; Googlebot/2.1; +http://www.google.com/bot.html)"
192.178.6.68 - - [19/Jul/2025:20:00:46 +0000] "GET /123031123.htm HTTP/1.1" 200 86922 "-" "Mozilla/5.0 (Linux; Android 6.0.1; Nexus 5X Build/MMB29P) AppleWebKit/537.36 (KHTML, like Gecko) Chrome/137.0.7151.103 Mobile Safari/537.36 (compatible; Googlebot/2.1; +http://www.google.com/bot.html)"
192.178.6.105 - - [19/Jul/2025:20:00:54 +0000] "GET /shopbrand/9953906 HTTP/1.1" 200 87645 "-" "Mozilla/5.0 (Linux; Android 6.0.1; Nexus 5X Build/MMB29P) AppleWebKit/537.36 (KHTML, like Gecko) Chrome/137.0.7151.103 Mobile Safari/537.36 (compatible; Googlebot/2.1; +http://www.google.com/bot.html)"
20.171.207.99 - - [19/Jul/2025:20:01:09 +0000] "GET /search.php?ability186049531.html HTTP/1.1" 200 87545 "-" "Mozilla/5.0 AppleWebKit/537.36 (KHTML, like Gecko; compatible; GPTBot/1.2; +https://openai.com/gptbot)"
192.178.6.105 - - [19/Jul/2025:20:01:33 +0000] "GET /shopbrand/9947464 HTTP/1.1" 200 85900 "-" "Mozilla/5.0 (Linux; Android 6.0.1; Nexus 5X Build/MMB29P) AppleWebKit/537.36 (KHTML, like Gecko) Chrome/137.0.7151.103 Mobile Safari/537.36 (compatible; Googlebot/2.1; +http://www.google.com/bot.html)"
20.171.207.99 - - [19/Jul/2025:20:02:11 +0000] "GET /search.php?m090002342%3Fsrsltid=AfmBOodiTBuxapgEEnd4er_FEWgV3FKWB_HvqwUNcv-H-h3eaRqSQn HTTP/1.1" 200 89081 "-" "Mozilla/5.0 AppleWebKit/537.36 (KHTML, like Gecko; compatible; GPTBot/1.2; +https://openai.com/gptbot)"
192.178.6.67 - - [19/Jul/2025:20:02:36 +0000] "GET /shopbrand/9413019 HTTP/1.1" 200 85919 "-" "Mozilla/5.0 (Linux; Android 6.0.1; Nexus 5X Build/MMB29P) AppleWebKit/537.36 (KHTML, like Gecko) Chrome/137.0.7151.103 Mobile Safari/537.36 (compatible; Googlebot/2.1; +http://www.google.com/bot.html)"
192.178.6.97 - - [19/Jul/2025:20:02:36 +0000] "GET /shopbrand/9946345 HTTP/1.1" 200 85980 "-" "Mozilla/5.0 (Linux; Android 6.0.1; Nexus 5X Build/MMB29P) AppleWebKit/537.36 (KHTML, like Gecko) Chrome/137.0.7151.103 Mobile Safari/537.36 (compatible; Googlebot/2.1; +http://www.google.com/bot.html)"
192.178.6.67 - - [19/Jul/2025:20:02:54 +0000] "GET /product/edit/hcvalor-eshop-trusco-1662666 HTTP/1.1" 200 85646 "-" "Mozilla/5.0 (Linux; Android 6.0.1; Nexus 5X Build/MMB29P) AppleWebKit/537.36 (KHTML, like Gecko) Chrome/137.0.7151.103 Mobile Safari/537.36 (compatible; Googlebot/2.1; +http://www.google.com/bot.html)"
192.178.6.105 - - [19/Jul/2025:20:02:55 +0000] "GET /shopbrand/9949455 HTTP/1.1" 200 86598 "-" "Mozilla/5.0 (Linux; Android 6.0.1; Nexus 5X Build/MMB29P) AppleWebKit/537.36 (KHTML, like Gecko) Chrome/137.0.7151.103 Mobile Safari/537.36 (compatible; Googlebot/2.1; +http://www.google.com/bot.html)"
20.171.207.99 - - [19/Jul/2025:20:03:12 +0000] "GET /search.php?product/edit/cocobari-pl0011 HTTP/1.1" 200 86764 "-" "Mozilla/5.0 AppleWebKit/537.36 (KHTML, like Gecko; compatible; GPTBot/1.2; +https://openai.com/gptbot)"
192.178.6.96 - - [19/Jul/2025:20:03:29 +0000] "GET /shopbrand/9941531 HTTP/1.1" 200 85978 "-" "Mozilla/5.0 (Linux; Android 6.0.1; Nexus 5X Build/MMB29P) AppleWebKit/537.36 (KHTML, like Gecko) Chrome/137.0.7151.103 Mobile Safari/537.36 (compatible; Googlebot/2.1; +http://www.google.com/bot.html)"
209.74.77.214 - - [19/Jul/2025:20:03:54 +0000] "POST /wp-cron.php?doing_wp_cron=1752955433.9746880531311035156250 HTTP/1.1" 403 33 "-" "WordPress/6.8.2; https://topflowroofingplumbing.com.au"
2a03:2880:f800:a:: - - [19/Jul/2025:20:03:52 +0000] "GET /shopdetail/510757352 HTTP/1.1" 404 11694 "-" "meta-externalagent/1.1 (+https://developers.facebook.com/docs/sharing/webmasters/crawler)"
192.178.6.68 - - [19/Jul/2025:20:04:08 +0000] "GET /category/75_213_1220/1/listing HTTP/1.1" 200 86409 "-" "Mozilla/5.0 (Linux; Android 6.0.1; Nexus 5X Build/MMB29P) AppleWebKit/537.36 (KHTML, like Gecko) Chrome/137.0.7151.103 Mobile Safari/537.36 (compatible; Googlebot/2.1; +http://www.google.com/bot.html)"
20.171.207.99 - - [19/Jul/2025:20:04:14 +0000] "GET /search.php?produce186049531.html HTTP/1.1" 200 86695 "-" "Mozilla/5.0 AppleWebKit/537.36 (KHTML, like Gecko; compatible; GPTBot/1.2; +https://openai.com/gptbot)"
192.178.6.97 - - [19/Jul/2025:20:04:33 +0000] "GET /shopbrand/9947553 HTTP/1.1" 200 86394 "-" "Mozilla/5.0 (Linux; Android 6.0.1; Nexus 5X Build/MMB29P) AppleWebKit/537.36 (KHTML, like Gecko) Chrome/137.0.7151.103 Mobile Safari/537.36 (compatible; Googlebot/2.1; +http://www.google.com/bot.html)"
192.178.6.105 - - [19/Jul/2025:20:04:53 +0000] "GET /shopbrand/9944203 HTTP/1.1" 200 86210 "-" "Mozilla/5.0 (Linux; Android 6.0.1; Nexus 5X Build/MMB29P) AppleWebKit/537.36 (KHTML, like Gecko) Chrome/137.0.7151.103 Mobile Safari/537.36 (compatible; Googlebot/2.1; +http://www.google.com/bot.html)"
20.171.207.99 - - [19/Jul/2025:20:05:18 +0000] "GET /search.php?dispute137048954.html HTTP/1.1" 200 86987 "-" "Mozilla/5.0 AppleWebKit/537.36 (KHTML, like Gecko; compatible; GPTBot/1.2; +https://openai.com/gptbot)"
192.178.6.96 - - [19/Jul/2025:20:05:26 +0000] "GET /shopbrand/9942228 HTTP/1.1" 200 85282 "-" "Mozilla/5.0 (Linux; Android 6.0.1; Nexus 5X Build/MMB29P) AppleWebKit/537.36 (KHTML, like Gecko) Chrome/137.0.7151.103 Mobile Safari/537.36 (compatible; Googlebot/2.1; +http://www.google.com/bot.html)"
192.178.6.96 - - [19/Jul/2025:20:06:05 +0000] "GET /shopbrand/9949777 HTTP/1.1" 200 86096 "-" "Mozilla/5.0 (Linux; Android 6.0.1; Nexus 5X Build/MMB29P) AppleWebKit/537.36 (KHTML, like Gecko) Chrome/137.0.7151.103 Mobile Safari/537.36 (compatible; Googlebot/2.1; +http://www.google.com/bot.html)"
20.171.207.99 - - [19/Jul/2025:20:06:20 +0000] "GET /search.php?dominate139034812.html HTTP/1.1" 200 86241 "-" "Mozilla/5.0 AppleWebKit/537.36 (KHTML, like Gecko; compatible; GPTBot/1.2; +https://openai.com/gptbot)"
192.178.6.97 - - [19/Jul/2025:20:07:08 +0000] "GET /shopbrand/9944114 HTTP/1.1" 200 88071 "-" "Mozilla/5.0 (Linux; Android 6.0.1; Nexus 5X Build/MMB29P) AppleWebKit/537.36 (KHTML, like Gecko) Chrome/137.0.7151.103 Mobile Safari/537.36 (compatible; Googlebot/2.1; +http://www.google.com/bot.html)"
20.171.207.99 - - [19/Jul/2025:20:07:23 +0000] "GET /search.php?items%2F017000734.html%3Fsrsltid=AfmBOougwwKhXSnmoahPd213AWiSvBUYCQgnI2VBZ8m59rrkv8uJ HTTP/1.1" 200 87208 "-" "Mozilla/5.0 AppleWebKit/537.36 (KHTML, like Gecko; compatible; GPTBot/1.2; +https://openai.com/gptbot)"
2001:4ca0:108:42::24 - - [19/Jul/2025:20:07:25 +0000] "GET /robots.txt HTTP/1.1" 304 - "-" "Mozilla/5.0 (Windows NT 10.0; Win64; x64) AppleWebKit/537.36 (KHTML, like Gecko) Chrome/103.0.5060.134 Safari/537.36"
192.178.6.105 - - [19/Jul/2025:20:07:41 +0000] "GET /shopbrand/9953995 HTTP/1.1" 200 86034 "-" "Mozilla/5.0 (Linux; Android 6.0.1; Nexus 5X Build/MMB29P) AppleWebKit/537.36 (KHTML, like Gecko) Chrome/137.0.7151.103 Mobile Safari/537.36 (compatible; Googlebot/2.1; +http://www.google.com/bot.html)"
192.178.6.66 - - [19/Jul/2025:20:07:41 +0000] "GET /pcmypage?callback=/product%2Fdetail%2matfer-j-773200 HTTP/1.1" 200 85792 "-" "Mozilla/5.0 (Linux; Android 6.0.1; Nexus 5X Build/MMB29P) AppleWebKit/537.36 (KHTML, like Gecko) Chrome/137.0.7151.103 Mobile Safari/537.36 (compatible; Googlebot/2.1; +http://www.google.com/bot.html)"
192.178.6.66 - - [19/Jul/2025:20:07:51 +0000] "GET /300045390.htm HTTP/1.1" 200 86578 "-" "Mozilla/5.0 (Linux; Android 6.0.1; Nexus 5X Build/MMB29P) AppleWebKit/537.36 (KHTML, like Gecko) Chrome/137.0.7151.103 Mobile Safari/537.36 (compatible; Googlebot/2.1; +http://www.google.com/bot.html)"
209.74.77.214 - - [19/Jul/2025:20:07:56 +0000] "POST /wp-cron.php?doing_wp_cron=1752955675.9002909660339355468750 HTTP/1.1" 403 33 "-" "WordPress/6.8.2; https://topflowroofingplumbing.com.au"
2a03:2880:f800:14:: - - [19/Jul/2025:20:07:54 +0000] "GET / HTTP/1.1" 200 17490 "-" "meta-externalagent/1.1 (+https://developers.facebook.com/docs/sharing/webmasters/crawler)"
192.178.6.99 - - [19/Jul/2025:20:08:02 +0000] "GET /shopbrand/9944982 HTTP/1.1" 200 86183 "-" "Mozilla/5.0 (Linux; Android 6.0.1; Nexus 5X Build/MMB29P) AppleWebKit/537.36 (KHTML, like Gecko) Chrome/137.0.7151.103 Mobile Safari/537.36 (compatible; Googlebot/2.1; +http://www.google.com/bot.html)"
192.178.6.66 - - [19/Jul/2025:20:08:12 +0000] "GET /pcmypage?callback=/product%2Fdetail%2takespood-as5swm30m-1 HTTP/1.1" 200 85930 "-" "Mozilla/5.0 (Linux; Android 6.0.1; Nexus 5X Build/MMB29P) AppleWebKit/537.36 (KHTML, like Gecko) Chrome/137.0.7151.103 Mobile Safari/537.36 (compatible; Googlebot/2.1; +http://www.google.com/bot.html)"
20.171.207.99 - - [19/Jul/2025:20:08:29 +0000] "GET /search.php?distance186049533.html HTTP/1.1" 200 86464 "-" "Mozilla/5.0 AppleWebKit/537.36 (KHTML, like Gecko; compatible; GPTBot/1.2; +https://openai.com/gptbot)"
192.178.6.97 - - [19/Jul/2025:20:08:40 +0000] "GET /shopbrand/9944032 HTTP/1.1" 200 85212 "-" "Mozilla/5.0 (Linux; Android 6.0.1; Nexus 5X Build/MMB29P) AppleWebKit/537.36 (KHTML, like Gecko) Chrome/137.0.7151.103 Mobile Safari/537.36 (compatible; Googlebot/2.1; +http://www.google.com/bot.html)"
192.178.6.98 - - [19/Jul/2025:20:09:19 +0000] "GET /shopbrand/10408115 HTTP/1.1" 200 86279 "-" "Mozilla/5.0 (Linux; Android 6.0.1; Nexus 5X Build/MMB29P) AppleWebKit/537.36 (KHTML, like Gecko) Chrome/137.0.7151.103 Mobile Safari/537.36 (compatible; Googlebot/2.1; +http://www.google.com/bot.html)"
192.178.6.97 - - [19/Jul/2025:20:09:18 +0000] "GET /product/edit/T270511201 HTTP/1.1" 200 87459 "-" "Mozilla/5.0 (Linux; Android 6.0.1; Nexus 5X Build/MMB29P) AppleWebKit/537.36 (KHTML, like Gecko) Chrome/137.0.7151.103 Mobile Safari/537.36 (compatible; Googlebot/2.1; +http://www.google.com/bot.html)"
20.171.207.99 - - [19/Jul/2025:20:09:32 +0000] "GET /search.php?feminist193042574.html HTTP/1.1" 200 87155 "-" "Mozilla/5.0 AppleWebKit/537.36 (KHTML, like Gecko; compatible; GPTBot/1.2; +https://openai.com/gptbot)"
192.178.6.97 - - [19/Jul/2025:20:09:58 +0000] "GET /shopbrand/10409935 HTTP/1.1" 200 85904 "-" "Mozilla/5.0 (Linux; Android 6.0.1; Nexus 5X Build/MMB29P) AppleWebKit/537.36 (KHTML, like Gecko) Chrome/137.0.7151.103 Mobile Safari/537.36 (compatible; Googlebot/2.1; +http://www.google.com/bot.html)"
20.171.207.99 - - [19/Jul/2025:20:10:36 +0000] "GET /search.php?organize069042616.html HTTP/1.1" 200 86981 "-" "Mozilla/5.0 AppleWebKit/537.36 (KHTML, like Gecko; compatible; GPTBot/1.2; +https://openai.com/gptbot)"
192.178.6.65 - - [19/Jul/2025:20:11:25 +0000] "GET /category/10_11_126_127/1/listing HTTP/1.1" 200 86001 "-" "Mozilla/5.0 (Linux; Android 6.0.1; Nexus 5X Build/MMB29P) AppleWebKit/537.36 (KHTML, like Gecko) Chrome/137.0.7151.103 Mobile Safari/537.36 (compatible; Googlebot/2.1; +http://www.google.com/bot.html)"
192.178.6.99 - - [19/Jul/2025:20:11:25 +0000] "GET /shopbrand/10408471 HTTP/1.1" 200 87112 "-" "Mozilla/5.0 (Linux; Android 6.0.1; Nexus 5X Build/MMB29P) AppleWebKit/537.36 (KHTML, like Gecko) Chrome/137.0.7151.103 Mobile Safari/537.36 (compatible; Googlebot/2.1; +http://www.google.com/bot.html)"
20.171.207.99 - - [19/Jul/2025:20:11:41 +0000] "GET /search.php?involve294027751.html HTTP/1.1" 200 88187 "-" "Mozilla/5.0 AppleWebKit/537.36 (KHTML, like Gecko; compatible; GPTBot/1.2; +https://openai.com/gptbot)"
192.178.6.97 - - [19/Jul/2025:20:11:45 +0000] "GET /shopbrand/10399001 HTTP/1.1" 200 86217 "-" "Mozilla/5.0 (Linux; Android 6.0.1; Nexus 5X Build/MMB29P) AppleWebKit/537.36 (KHTML, like Gecko) Chrome/137.0.7151.103 Mobile Safari/537.36 (compatible; Googlebot/2.1; +http://www.google.com/bot.html)"
192.178.6.99 - - [19/Jul/2025:20:12:04 +0000] "GET /zhHant/product/surugaya/hirochishop-tsip25-tn?campaign_uid=f64d716db5e979ed2f947dbaf4296895b951ae7f HTTP/1.1" 200 86629 "-" "Mozilla/5.0 (Linux; Android 6.0.1; Nexus 5X Build/MMB29P) AppleWebKit/537.36 (KHTML, like Gecko) Chrome/137.0.7151.103 Mobile Safari/537.36 (compatible; Googlebot/2.1; +http://www.google.com/bot.html)"
192.178.6.97 - - [19/Jul/2025:20:12:33 +0000] "GET /zhHant/product/surugaya/auc-jetrag-329fe8c42b7995a3-1?campaign_uid=f64d716db5e979ed2f947dbaf4296895b951ae7f HTTP/1.1" 200 85625 "-" "Mozilla/5.0 (Linux; Android 6.0.1; Nexus 5X Build/MMB29P) AppleWebKit/537.36 (KHTML, like Gecko) Chrome/137.0.7151.103 Mobile Safari/537.36 (compatible; Googlebot/2.1; +http://www.google.com/bot.html)"
20.171.207.99 - - [19/Jul/2025:20:12:43 +0000] "GET /search.php?accident178028945.html HTTP/1.1" 200 86222 "-" "Mozilla/5.0 AppleWebKit/537.36 (KHTML, like Gecko; compatible; GPTBot/1.2; +https://openai.com/gptbot)"
192.178.6.97 - - [19/Jul/2025:20:13:12 +0000] "GET /zhHant/product/surugaya/haikanshop-8594262?campaign_uid=f64d716db5e979ed2f947dbaf4296895b951ae7f HTTP/1.1" 200 86217 "-" "Mozilla/5.0 (Linux; Android 6.0.1; Nexus 5X Build/MMB29P) AppleWebKit/537.36 (KHTML, like Gecko) Chrome/137.0.7151.103 Mobile Safari/537.36 (compatible; Googlebot/2.1; +http://www.google.com/bot.html)"
20.171.207.99 - - [19/Jul/2025:20:13:46 +0000] "GET /search.php?rebuild284035299.html HTTP/1.1" 200 86600 "-" "Mozilla/5.0 AppleWebKit/537.36 (KHTML, like Gecko; compatible; GPTBot/1.2; +https://openai.com/gptbot)"
192.178.6.97 - - [19/Jul/2025:20:13:51 +0000] "GET /category/108_15057/1 HTTP/1.1" 200 86524 "-" "Mozilla/5.0 (Linux; Android 6.0.1; Nexus 5X Build/MMB29P) AppleWebKit/537.36 (KHTML, like Gecko) Chrome/137.0.7151.103 Mobile Safari/537.36 (compatible; Googlebot/2.1; +http://www.google.com/bot.html)"
192.178.6.69 - - [19/Jul/2025:20:14:12 +0000] "GET /107004445.htm HTTP/1.1" 200 85965 "-" "Mozilla/5.0 (Linux; Android 6.0.1; Nexus 5X Build/MMB29P) AppleWebKit/537.36 (KHTML, like Gecko) Chrome/137.0.7151.103 Mobile Safari/537.36 (compatible; Googlebot/2.1; +http://www.google.com/bot.html)"
192.178.6.98 - - [19/Jul/2025:20:14:30 +0000] "GET /category/108_15057_15058/1 HTTP/1.1" 200 86029 "-" "Mozilla/5.0 (Linux; Android 6.0.1; Nexus 5X Build/MMB29P) AppleWebKit/537.36 (KHTML, like Gecko) Chrome/137.0.7151.103 Mobile Safari/537.36 (compatible; Googlebot/2.1; +http://www.google.com/bot.html)"
20.171.207.99 - - [19/Jul/2025:20:14:51 +0000] "GET /search.php?ambition137049154.html HTTP/1.1" 200 86363 "-" "Mozilla/5.0 AppleWebKit/537.36 (KHTML, like Gecko; compatible; GPTBot/1.2; +https://openai.com/gptbot)"
192.178.6.99 - - [19/Jul/2025:20:15:09 +0000] "GET /product/edit/egaos-ckei4409 HTTP/1.1" 200 85503 "-" "Mozilla/5.0 (Linux; Android 6.0.1; Nexus 5X Build/MMB29P) AppleWebKit/537.36 (KHTML, like Gecko) Chrome/137.0.7151.103 Mobile Safari/537.36 (compatible; Googlebot/2.1; +http://www.google.com/bot.html)"
209.74.77.214 - - [19/Jul/2025:20:15:40 +0000] "POST /wp-cron.php?doing_wp_cron=1752956140.2376220226287841796875 HTTP/1.1" 403 33 "-" "WordPress/6.8.2; https://topflowroofingplumbing.com.au"
2a03:2880:f800:a:: - - [19/Jul/2025:20:15:38 +0000] "GET /shopdetail/391809652 HTTP/1.1" 404 11694 "-" "meta-externalagent/1.1 (+https://developers.facebook.com/docs/sharing/webmasters/crawler)"
192.178.6.98 - - [19/Jul/2025:20:15:48 +0000] "GET /category/10_63_3456/1 HTTP/1.1" 200 85607 "-" "Mozilla/5.0 (Linux; Android 6.0.1; Nexus 5X Build/MMB29P) AppleWebKit/537.36 (KHTML, like Gecko) Chrome/137.0.7151.103 Mobile Safari/537.36 (compatible; Googlebot/2.1; +http://www.google.com/bot.html)"
20.171.207.99 - - [19/Jul/2025:20:15:52 +0000] "GET /search.php?items%2F232043223.html%3Fsrsltid=AfmBOozbaQJevoBDDwZy351CLpBcVVdzbKwywnub7ERc0PLt0h7g HTTP/1.1" 200 86661 "-" "Mozilla/5.0 AppleWebKit/537.36 (KHTML, like Gecko; compatible; GPTBot/1.2; +https://openai.com/gptbot)"
192.178.6.67 - - [19/Jul/2025:20:16:14 +0000] "GET /category/149_473_474_475/1/listing HTTP/1.1" 200 85897 "-" "Mozilla/5.0 (Linux; Android 6.0.1; Nexus 5X Build/MMB29P) AppleWebKit/537.36 (KHTML, like Gecko) Chrome/137.0.7151.103 Mobile Safari/537.36 (compatible; Googlebot/2.1; +http://www.google.com/bot.html)"
192.178.6.99 - - [19/Jul/2025:20:16:26 +0000] "GET /product/edit/sports-bazaar-s-80tm-m1611809 HTTP/1.1" 200 85949 "-" "Mozilla/5.0 (Linux; Android 6.0.1; Nexus 5X Build/MMB29P) AppleWebKit/537.36 (KHTML, like Gecko) Chrome/137.0.7151.103 Mobile Safari/537.36 (compatible; Googlebot/2.1; +http://www.google.com/bot.html)"
192.178.6.67 - - [19/Jul/2025:20:16:49 +0000] "GET /rare/e44?pid=139 HTTP/1.1" 200 85301 "-" "Mozilla/5.0 (Linux; Android 6.0.1; Nexus 5X Build/MMB29P) AppleWebKit/537.36 (KHTML, like Gecko) Chrome/137.0.7151.103 Mobile Safari/537.36 (compatible; Googlebot/2.1; +http://www.google.com/bot.html)"
20.171.207.99 - - [19/Jul/2025:20:16:55 +0000] "GET /search.php?forgive065019176.html HTTP/1.1" 200 86233 "-" "Mozilla/5.0 AppleWebKit/537.36 (KHTML, like Gecko; compatible; GPTBot/1.2; +https://openai.com/gptbot)"
192.178.6.98 - - [19/Jul/2025:20:17:05 +0000] "GET /product/edit/edenki-ed1905665 HTTP/1.1" 200 86661 "-" "Mozilla/5.0 (Linux; Android 6.0.1; Nexus 5X Build/MMB29P) AppleWebKit/537.36 (KHTML, like Gecko) Chrome/137.0.7151.103 Mobile Safari/537.36 (compatible; Googlebot/2.1; +http://www.google.com/bot.html)"
192.178.6.98 - - [19/Jul/2025:20:17:12 +0000] "GET /shopbrand/10705837 HTTP/1.1" 200 87906 "-" "Mozilla/5.0 (Linux; Android 6.0.1; Nexus 5X Build/MMB29P) AppleWebKit/537.36 (KHTML, like Gecko) Chrome/137.0.7151.103 Mobile Safari/537.36 (compatible; Googlebot/2.1; +http://www.google.com/bot.html)"
192.178.6.67 - - [19/Jul/2025:20:17:12 +0000] "GET /093000357.htm HTTP/1.1" 200 86210 "-" "Mozilla/5.0 (Linux; Android 6.0.1; Nexus 5X Build/MMB29P) AppleWebKit/537.36 (KHTML, like Gecko) Chrome/137.0.7151.103 Mobile Safari/537.36 (compatible; Googlebot/2.1; +http://www.google.com/bot.html)"
192.178.6.67 - - [19/Jul/2025:20:17:13 +0000] "GET /pcmypage?callback=product/review/e-cle-3330440100-000952219713500 HTTP/1.1" 200 85995 "-" "Mozilla/5.0 (Linux; Android 6.0.1; Nexus 5X Build/MMB29P) AppleWebKit/537.36 (KHTML, like Gecko) Chrome/137.0.7151.103 Mobile Safari/537.36 (compatible; Googlebot/2.1; +http://www.google.com/bot.html)"
192.178.6.69 - - [19/Jul/2025:20:17:13 +0000] "GET /shopbrand/1986502 HTTP/1.1" 200 86697 "-" "Mozilla/5.0 (Linux; Android 6.0.1; Nexus 5X Build/MMB29P) AppleWebKit/537.36 (KHTML, like Gecko) Chrome/137.0.7151.103 Mobile Safari/537.36 (compatible; Googlebot/2.1; +http://www.google.com/bot.html)"
192.178.6.67 - - [19/Jul/2025:20:17:13 +0000] "GET /search?category=65200&search_word= HTTP/1.1" 200 85917 "-" "Mozilla/5.0 (Linux; Android 6.0.1; Nexus 5X Build/MMB29P) AppleWebKit/537.36 (KHTML, like Gecko) Chrome/137.0.7151.103 Mobile Safari/537.36 (compatible; Googlebot/2.1; +http://www.google.com/bot.html)"
192.178.6.97 - - [19/Jul/2025:20:17:13 +0000] "GET /product/edit/T2354703198 HTTP/1.1" 200 86009 "-" "Mozilla/5.0 (Linux; Android 6.0.1; Nexus 5X Build/MMB29P) AppleWebKit/537.36 (KHTML, like Gecko) Chrome/137.0.7151.103 Mobile Safari/537.36 (compatible; Googlebot/2.1; +http://www.google.com/bot.html)"
192.178.6.68 - - [19/Jul/2025:20:17:14 +0000] "GET /pcmypage?callback=product%2Fdetail%2Forangetool-8220531 HTTP/1.1" 200 85794 "-" "Mozilla/5.0 (Linux; Android 6.0.1; Nexus 5X Build/MMB29P) AppleWebKit/537.36 (KHTML, like Gecko) Chrome/137.0.7151.103 Mobile Safari/537.36 (compatible; Googlebot/2.1; +http://www.google.com/bot.html)"
192.178.6.68 - - [19/Jul/2025:20:17:14 +0000] "GET /222011722.htm HTTP/1.1" 200 86078 "-" "Mozilla/5.0 (Linux; Android 6.0.1; Nexus 5X Build/MMB29P) AppleWebKit/537.36 (KHTML, like Gecko) Chrome/137.0.7151.103 Mobile Safari/537.36 (compatible; Googlebot/2.1; +http://www.google.com/bot.html)"
192.178.6.97 - - [19/Jul/2025:20:17:14 +0000] "GET / HTTP/1.1" 200 85796 "-" "Mozilla/5.0 (Linux; Android 6.0.1; Nexus 5X Build/MMB29P) AppleWebKit/537.36 (KHTML, like Gecko) Chrome/137.0.7151.103 Mobile Safari/537.36 (compatible; Googlebot/2.1; +http://www.google.com/bot.html)"
192.178.6.98 - - [19/Jul/2025:20:17:44 +0000] "GET /060038424.htm HTTP/1.1" 200 86085 "-" "Mozilla/5.0 (Linux; Android 6.0.1; Nexus 5X Build/MMB29P) AppleWebKit/537.36 (KHTML, like Gecko) Chrome/137.0.7151.103 Mobile Safari/537.36 (compatible; Googlebot/2.1; +http://www.google.com/bot.html)"
192.178.6.68 - - [19/Jul/2025:20:17:51 +0000] "GET /pcmypage?callback=product%2Fdetail%2Fnf-2a1311a22 HTTP/1.1" 200 85574 "-" "Mozilla/5.0 (Linux; Android 6.0.1; Nexus 5X Build/MMB29P) AppleWebKit/537.36 (KHTML, like Gecko) Chrome/137.0.7151.103 Mobile Safari/537.36 (compatible; Googlebot/2.1; +http://www.google.com/bot.html)"
20.171.207.99 - - [19/Jul/2025:20:17:57 +0000] "GET /search.php?ability129037582.html HTTP/1.1" 200 87294 "-" "Mozilla/5.0 AppleWebKit/537.36 (KHTML, like Gecko; compatible; GPTBot/1.2; +https://openai.com/gptbot)"
192.178.6.96 - - [19/Jul/2025:20:18:47 +0000] "GET /099000607.htm HTTP/1.1" 200 85922 "-" "Mozilla/5.0 (Linux; Android 6.0.1; Nexus 5X Build/MMB29P) AppleWebKit/537.36 (KHTML, like Gecko) Chrome/137.0.7151.103 Mobile Safari/537.36 (compatible; Googlebot/2.1; +http://www.google.com/bot.html)"
20.171.207.99 - - [19/Jul/2025:20:19:01 +0000] "GET /search.php?imagine281039676.html HTTP/1.1" 200 87676 "-" "Mozilla/5.0 AppleWebKit/537.36 (KHTML, like Gecko; compatible; GPTBot/1.2; +https://openai.com/gptbot)"
192.178.6.105 - - [19/Jul/2025:20:19:07 +0000] "GET /category/123_322/1 HTTP/1.1" 200 86619 "-" "Mozilla/5.0 (Linux; Android 6.0.1; Nexus 5X Build/MMB29P) AppleWebKit/537.36 (KHTML, like Gecko) Chrome/137.0.7151.103 Mobile Safari/537.36 (compatible; Googlebot/2.1; +http://www.google.com/bot.html)"
192.178.6.69 - - [19/Jul/2025:20:19:08 +0000] "GET /099000851.htm HTTP/1.1" 200 85631 "-" "Mozilla/5.0 (Linux; Android 6.0.1; Nexus 5X Build/MMB29P) AppleWebKit/537.36 (KHTML, like Gecko) Chrome/137.0.7151.103 Mobile Safari/537.36 (compatible; Googlebot/2.1; +http://www.google.com/bot.html)"
192.178.6.96 - - [19/Jul/2025:20:19:41 +0000] "GET /product/edit/gdoshop-5002409687-001 HTTP/1.1" 200 85959 "-" "Mozilla/5.0 (Linux; Android 6.0.1; Nexus 5X Build/MMB29P) AppleWebKit/537.36 (KHTML, like Gecko) Chrome/137.0.7151.103 Mobile Safari/537.36 (compatible; Googlebot/2.1; +http://www.google.com/bot.html)"
20.171.207.99 - - [19/Jul/2025:20:20:06 +0000] "GET /search.php?fraction236010781.html HTTP/1.1" 200 87341 "-" "Mozilla/5.0 AppleWebKit/537.36 (KHTML, like Gecko; compatible; GPTBot/1.2; +https://openai.com/gptbot)"
192.178.6.96 - - [19/Jul/2025:20:20:20 +0000] "GET /product/edit/dtc-0840006695226 HTTP/1.1" 200 86497 "-" "Mozilla/5.0 (Linux; Android 6.0.1; Nexus 5X Build/MMB29P) AppleWebKit/537.36 (KHTML, like Gecko) Chrome/137.0.7151.103 Mobile Safari/537.36 (compatible; Googlebot/2.1; +http://www.google.com/bot.html)"
192.178.6.96 - - [19/Jul/2025:20:20:58 +0000] "GET /product/edit/mujica-felice-b00c1tvphu HTTP/1.1" 200 85898 "-" "Mozilla/5.0 (Linux; Android 6.0.1; Nexus 5X Build/MMB29P) AppleWebKit/537.36 (KHTML, like Gecko) Chrome/137.0.7151.103 Mobile Safari/537.36 (compatible; Googlebot/2.1; +http://www.google.com/bot.html)"
20.171.207.99 - - [19/Jul/2025:20:21:06 +0000] "GET /search.php?benefit271037446.html HTTP/1.1" 200 86602 "-" "Mozilla/5.0 AppleWebKit/537.36 (KHTML, like Gecko; compatible; GPTBot/1.2; +https://openai.com/gptbot)"
192.178.6.67 - - [19/Jul/2025:20:21:07 +0000] "GET /075007917.htm HTTP/1.1" 200 85515 "-" "Mozilla/5.0 (Linux; Android 6.0.1; Nexus 5X Build/MMB29P) AppleWebKit/537.36 (KHTML, like Gecko) Chrome/137.0.7151.103 Mobile Safari/537.36 (compatible; Googlebot/2.1; +http://www.google.com/bot.html)"
192.178.6.105 - - [19/Jul/2025:20:22:02 +0000] "GET /product/edit/akibamac-0840006695226 HTTP/1.1" 200 87241 "-" "Mozilla/5.0 (Linux; Android 6.0.1; Nexus 5X Build/MMB29P) AppleWebKit/537.36 (KHTML, like Gecko) Chrome/137.0.7151.103 Mobile Safari/537.36 (compatible; Googlebot/2.1; +http://www.google.com/bot.html)"
192.178.6.96 - - [19/Jul/2025:20:22:01 +0000] "GET /books.html HTTP/1.1" 200 86516 "-" "Mozilla/5.0 (Linux; Android 6.0.1; Nexus 5X Build/MMB29P) AppleWebKit/537.36 (KHTML, like Gecko) Chrome/137.0.7151.103 Mobile Safari/537.36 (compatible; Googlebot/2.1; +http://www.google.com/bot.html)"
192.178.6.69 - - [19/Jul/2025:20:22:08 +0000] "GET /?_ga=2.199189511.1954421695.1725708137-376132548.1699369668&_bdsid=8cssaw.n~OPVSL.1732686885578.1733864804&_bd_prev_page=https://topflowroofingplumbing.com.au/detail.html?188004544.htm HTTP/1.1" 200 85802 "-" "Mozilla/5.0 (Linux; Android 6.0.1; Nexus 5X Build/MMB29P) AppleWebKit/537.36 (KHTML, like Gecko) Chrome/137.0.7151.103 Mobile Safari/537.36 (compatible; Googlebot/2.1; +http://www.google.com/bot.html)"
20.171.207.99 - - [19/Jul/2025:20:22:10 +0000] "GET /search.php?airline193042568.html HTTP/1.1" 200 87530 "-" "Mozilla/5.0 AppleWebKit/537.36 (KHTML, like Gecko; compatible; GPTBot/1.2; +https://openai.com/gptbot)"
192.178.6.68 - - [19/Jul/2025:20:22:45 +0000] "GET /045000775.htm HTTP/1.1" 200 85720 "-" "Mozilla/5.0 (Linux; Android 6.0.1; Nexus 5X Build/MMB29P) AppleWebKit/537.36 (KHTML, like Gecko) Chrome/137.0.7151.103 Mobile Safari/537.36 (compatible; Googlebot/2.1; +http://www.google.com/bot.html)"
192.178.6.105 - - [19/Jul/2025:20:22:45 +0000] "GET /shopbrand/9915268 HTTP/1.1" 200 86084 "-" "Mozilla/5.0 (Linux; Android 6.0.1; Nexus 5X Build/MMB29P) AppleWebKit/537.36 (KHTML, like Gecko) Chrome/137.0.7151.103 Mobile Safari/537.36 (compatible; Googlebot/2.1; +http://www.google.com/bot.html)"
20.171.207.99 - - [19/Jul/2025:20:23:11 +0000] "GET /search.php?m079000423%3Fsrsltid=AfmBOoDShSktkUGqOHVTOZ_zRAkH0kf8H_txkCvknL-A-w0jwDi06s HTTP/1.1" 200 86414 "-" "Mozilla/5.0 AppleWebKit/537.36 (KHTML, like Gecko; compatible; GPTBot/1.2; +https://openai.com/gptbot)"
192.178.6.97 - - [19/Jul/2025:20:23:29 +0000] "GET /shopbrand/9922662 HTTP/1.1" 200 85898 "-" "Mozilla/5.0 (Linux; Android 6.0.1; Nexus 5X Build/MMB29P) AppleWebKit/537.36 (KHTML, like Gecko) Chrome/137.0.7151.103 Mobile Safari/537.36 (compatible; Googlebot/2.1; +http://www.google.com/bot.html)"
192.178.6.68 - - [19/Jul/2025:20:23:29 +0000] "GET /pcmypage?callback=product/review/autopartsdirect-6703121501750171142 HTTP/1.1" 200 86202 "-" "Mozilla/5.0 (Linux; Android 6.0.1; Nexus 5X Build/MMB29P) AppleWebKit/537.36 (KHTML, like Gecko) Chrome/137.0.7151.103 Mobile Safari/537.36 (compatible; Googlebot/2.1; +http://www.google.com/bot.html)"
20.171.207.99 - - [19/Jul/2025:20:24:12 +0000] "GET /search.php?rebuild284035299.html HTTP/1.1" 200 87581 "-" "Mozilla/5.0 AppleWebKit/537.36 (KHTML, like Gecko; compatible; GPTBot/1.2; +https://openai.com/gptbot)"
192.178.6.67 - - [19/Jul/2025:20:25:01 +0000] "GET /134037418.htm HTTP/1.1" 200 85703 "-" "Mozilla/5.0 (Linux; Android 6.0.1; Nexus 5X Build/MMB29P) AppleWebKit/537.36 (KHTML, like Gecko) Chrome/137.0.7151.103 Mobile Safari/537.36 (compatible; Googlebot/2.1; +http://www.google.com/bot.html)"
192.178.6.97 - - [19/Jul/2025:20:25:03 +0000] "GET /shopbrand/9918956 HTTP/1.1" 200 85518 "-" "Mozilla/5.0 (Linux; Android 6.0.1; Nexus 5X Build/MMB29P) AppleWebKit/537.36 (KHTML, like Gecko) Chrome/137.0.7151.103 Mobile Safari/537.36 (compatible; Googlebot/2.1; +http://www.google.com/bot.html)"
20.171.207.99 - - [19/Jul/2025:20:25:16 +0000] "GET /search.php?envision241013562.html HTTP/1.1" 200 86716 "-" "Mozilla/5.0 AppleWebKit/537.36 (KHTML, like Gecko; compatible; GPTBot/1.2; +https://openai.com/gptbot)"
192.178.6.98 - - [19/Jul/2025:20:25:22 +0000] "GET /toreka/figure_menu.html HTTP/1.1" 200 88235 "-" "Mozilla/5.0 (Linux; Android 6.0.1; Nexus 5X Build/MMB29P) AppleWebKit/537.36 (KHTML, like Gecko) Chrome/137.0.7151.103 Mobile Safari/537.36 (compatible; Googlebot/2.1; +http://www.google.com/bot.html)"
192.178.6.97 - - [19/Jul/2025:20:25:41 +0000] "GET /shopbrand/9922203 HTTP/1.1" 200 86005 "-" "Mozilla/5.0 (Linux; Android 6.0.1; Nexus 5X Build/MMB29P) AppleWebKit/537.36 (KHTML, like Gecko) Chrome/137.0.7151.103 Mobile Safari/537.36 (compatible; Googlebot/2.1; +http://www.google.com/bot.html)"
192.178.6.99 - - [19/Jul/2025:20:26:01 +0000] "GET /shopbrand/9913023 HTTP/1.1" 200 85371 "-" "Mozilla/5.0 (Linux; Android 6.0.1; Nexus 5X Build/MMB29P) AppleWebKit/537.36 (KHTML, like Gecko) Chrome/137.0.7151.103 Mobile Safari/537.36 (compatible; Googlebot/2.1; +http://www.google.com/bot.html)"
192.178.6.98 - - [19/Jul/2025:20:26:20 +0000] "GET /shopbrand/9916814 HTTP/1.1" 200 86304 "-" "Mozilla/5.0 (Linux; Android 6.0.1; Nexus 5X Build/MMB29P) AppleWebKit/537.36 (KHTML, like Gecko) Chrome/137.0.7151.103 Mobile Safari/537.36 (compatible; Googlebot/2.1; +http://www.google.com/bot.html)"
20.171.207.99 - - [19/Jul/2025:20:26:21 +0000] "GET /search.php?ambition143018566.html HTTP/1.1" 200 87121 "-" "Mozilla/5.0 AppleWebKit/537.36 (KHTML, like Gecko; compatible; GPTBot/1.2; +https://openai.com/gptbot)"
192.178.6.67 - - [19/Jul/2025:20:26:32 +0000] "GET /035000167.htm HTTP/1.1" 200 86335 "-" "Mozilla/5.0 (Linux; Android 6.0.1; Nexus 5X Build/MMB29P) AppleWebKit/537.36 (KHTML, like Gecko) Chrome/137.0.7151.103 Mobile Safari/537.36 (compatible; Googlebot/2.1; +http://www.google.com/bot.html)"
192.178.6.97 - - [19/Jul/2025:20:26:48 +0000] "GET /shopbrand/9915606 HTTP/1.1" 200 86622 "-" "Mozilla/5.0 (Linux; Android 6.0.1; Nexus 5X Build/MMB29P) AppleWebKit/537.36 (KHTML, like Gecko) Chrome/137.0.7151.103 Mobile Safari/537.36 (compatible; Googlebot/2.1; +http://www.google.com/bot.html)"
20.171.207.99 - - [19/Jul/2025:20:27:26 +0000] "GET /search.php?abandon132038625.html HTTP/1.1" 200 86789 "-" "Mozilla/5.0 AppleWebKit/537.36 (KHTML, like Gecko; compatible; GPTBot/1.2; +https://openai.com/gptbot)"
192.178.6.97 - - [19/Jul/2025:20:27:51 +0000] "GET /shopbrand/9911477 HTTP/1.1" 200 85731 "-" "Mozilla/5.0 (Linux; Android 6.0.1; Nexus 5X Build/MMB29P) AppleWebKit/537.36 (KHTML, like Gecko) Chrome/137.0.7151.103 Mobile Safari/537.36 (compatible; Googlebot/2.1; +http://www.google.com/bot.html)"
192.178.6.65 - - [19/Jul/2025:20:28:03 +0000] "GET /comprise/b99?pid=966 HTTP/1.1" 200 85825 "-" "Mozilla/5.0 (Linux; Android 6.0.1; Nexus 5X Build/MMB29P) AppleWebKit/537.36 (KHTML, like Gecko) Chrome/137.0.7151.103 Mobile Safari/537.36 (compatible; Googlebot/2.1; +http://www.google.com/bot.html)"
192.178.6.67 - - [19/Jul/2025:20:28:03 +0000] "GET /pcmypage?callback=product%2Fdetail%2Ff052141-nikaho-56852610 HTTP/1.1" 200 85257 "-" "Mozilla/5.0 (Linux; Android 6.0.1; Nexus 5X Build/MMB29P) AppleWebKit/537.36 (KHTML, like Gecko) Chrome/137.0.7151.103 Mobile Safari/537.36 (compatible; Googlebot/2.1; +http://www.google.com/bot.html)"
192.178.6.97 - - [19/Jul/2025:20:28:11 +0000] "GET /shopbrand/9915505 HTTP/1.1" 200 86341 "-" "Mozilla/5.0 (Linux; Android 6.0.1; Nexus 5X Build/MMB29P) AppleWebKit/537.36 (KHTML, like Gecko) Chrome/137.0.7151.103 Mobile Safari/537.36 (compatible; Googlebot/2.1; +http://www.google.com/bot.html)"
209.74.77.214 - - [19/Jul/2025:20:28:14 +0000] "POST /wp-cron.php?doing_wp_cron=1752956894.2364690303802490234375 HTTP/1.1" 403 33 "-" "WordPress/6.8.2; https://topflowroofingplumbing.com.au"
2a03:2880:f800:: - - [19/Jul/2025:20:28:12 +0000] "GET /shopbrand/88317311 HTTP/1.1" 404 11694 "-" "meta-externalagent/1.1 (+https://developers.facebook.com/docs/sharing/webmasters/crawler)"
2a03:2880:f800:10:: - - [19/Jul/2025:20:28:18 +0000] "GET /shopbrand/180855061 HTTP/1.1" 404 11694 "-" "meta-externalagent/1.1 (+https://developers.facebook.com/docs/sharing/webmasters/crawler)"
2a03:2880:f800:18:: - - [19/Jul/2025:20:28:20 +0000] "GET /shopbrand/352069727 HTTP/1.1" 404 11694 "-" "meta-externalagent/1.1 (+https://developers.facebook.com/docs/sharing/webmasters/crawler)"
20.171.207.99 - - [19/Jul/2025:20:28:32 +0000] "GET /search.php?handful186049531.html HTTP/1.1" 200 86769 "-" "Mozilla/5.0 AppleWebKit/537.36 (KHTML, like Gecko; compatible; GPTBot/1.2; +https://openai.com/gptbot)"
192.178.6.97 - - [19/Jul/2025:20:29:09 +0000] "GET /shopbrand/9910609 HTTP/1.1" 200 86647 "-" "Mozilla/5.0 (Linux; Android 6.0.1; Nexus 5X Build/MMB29P) AppleWebKit/537.36 (KHTML, like Gecko) Chrome/137.0.7151.103 Mobile Safari/537.36 (compatible; Googlebot/2.1; +http://www.google.com/bot.html)"
209.74.77.214 - - [19/Jul/2025:20:29:17 +0000] "POST /wp-cron.php?doing_wp_cron=1752956956.9411370754241943359375 HTTP/1.1" 403 33 "-" "WordPress/6.8.2; https://topflowroofingplumbing.com.au"
2a03:2880:f800:17:: - - [19/Jul/2025:20:29:16 +0000] "GET /shopdetail/257967652 HTTP/1.1" 404 11694 "-" "meta-externalagent/1.1 (+https://developers.facebook.com/docs/sharing/webmasters/crawler)"
192.178.6.97 - - [19/Jul/2025:20:29:28 +0000] "GET /shopbrand/9913637 HTTP/1.1" 200 86196 "-" "Mozilla/5.0 (Linux; Android 6.0.1; Nexus 5X Build/MMB29P) AppleWebKit/537.36 (KHTML, like Gecko) Chrome/137.0.7151.103 Mobile Safari/537.36 (compatible; Googlebot/2.1; +http://www.google.com/bot.html)"
20.171.207.99 - - [19/Jul/2025:20:29:37 +0000] "GET /search.php?consist186049531.html HTTP/1.1" 200 87239 "-" "Mozilla/5.0 AppleWebKit/537.36 (KHTML, like Gecko; compatible; GPTBot/1.2; +https://openai.com/gptbot)"
192.178.6.97 - - [19/Jul/2025:20:30:02 +0000] "GET /shopbrand/9912240 HTTP/1.1" 200 85350 "-" "Mozilla/5.0 (Linux; Android 6.0.1; Nexus 5X Build/MMB29P) AppleWebKit/537.36 (KHTML, like Gecko) Chrome/137.0.7151.103 Mobile Safari/537.36 (compatible; Googlebot/2.1; +http://www.google.com/bot.html)"
192.178.6.66 - - [19/Jul/2025:20:30:05 +0000] "GET /rage/s43?pid=582 HTTP/1.1" 200 86228 "-" "Mozilla/5.0 (Linux; Android 6.0.1; Nexus 5X Build/MMB29P) AppleWebKit/537.36 (KHTML, like Gecko) Chrome/137.0.7151.103 Mobile Safari/537.36 (compatible; Googlebot/2.1; +http://www.google.com/bot.html)"
192.178.6.96 - - [19/Jul/2025:20:30:41 +0000] "GET /shopbrand/9912155 HTTP/1.1" 200 85751 "-" "Mozilla/5.0 (Linux; Android 6.0.1; Nexus 5X Build/MMB29P) AppleWebKit/537.36 (KHTML, like Gecko) Chrome/137.0.7151.103 Mobile Safari/537.36 (compatible; Googlebot/2.1; +http://www.google.com/bot.html)"
20.171.207.99 - - [19/Jul/2025:20:30:42 +0000] "GET /search.php?mountain102045975.html HTTP/1.1" 200 86669 "-" "Mozilla/5.0 AppleWebKit/537.36 (KHTML, like Gecko; compatible; GPTBot/1.2; +https://openai.com/gptbot)"
192.178.6.105 - - [19/Jul/2025:20:31:02 +0000] "GET /shopbrand/11021490 HTTP/1.1" 200 85748 "-" "Mozilla/5.0 (Linux; Android 6.0.1; Nexus 5X Build/MMB29P) AppleWebKit/537.36 (KHTML, like Gecko) Chrome/137.0.7151.103 Mobile Safari/537.36 (compatible; Googlebot/2.1; +http://www.google.com/bot.html)"
192.178.6.105 - - [19/Jul/2025:20:31:44 +0000] "GET /shopbrand/9915183 HTTP/1.1" 200 86261 "-" "Mozilla/5.0 (Linux; Android 6.0.1; Nexus 5X Build/MMB29P) AppleWebKit/537.36 (KHTML, like Gecko) Chrome/137.0.7151.103 Mobile Safari/537.36 (compatible; Googlebot/2.1; +http://www.google.com/bot.html)"
20.171.207.99 - - [19/Jul/2025:20:31:45 +0000] "GET /search.php?longtime177042196.html HTTP/1.1" 200 87117 "-" "Mozilla/5.0 AppleWebKit/537.36 (KHTML, like Gecko; compatible; GPTBot/1.2; +https://openai.com/gptbot)"
192.178.6.68 - - [19/Jul/2025:20:32:00 +0000] "GET /073000165.htm HTTP/1.1" 200 87423 "-" "Mozilla/5.0 (Linux; Android 6.0.1; Nexus 5X Build/MMB29P) AppleWebKit/537.36 (KHTML, like Gecko) Chrome/137.0.7151.103 Mobile Safari/537.36 (compatible; Googlebot/2.1; +http://www.google.com/bot.html)"
192.178.6.105 - - [19/Jul/2025:20:32:04 +0000] "GET /shopbrand/9917766 HTTP/1.1" 200 86185 "-" "Mozilla/5.0 (Linux; Android 6.0.1; Nexus 5X Build/MMB29P) AppleWebKit/537.36 (KHTML, like Gecko) Chrome/137.0.7151.103 Mobile Safari/537.36 (compatible; Googlebot/2.1; +http://www.google.com/bot.html)"
