66.249.65.174 - - [18/Jul/2025:14:30:20 +0000] "GET /items/art/musical-instruments/5047267/alalamy.com.au?_bd_prev_page=alalamy.com.au/detail.php?shopbrand/231052454.htm HTTP/1.1" 200 20119 "-" "Mozilla/5.0 (Linux; Android 6.0.1; Nexus 5X Build/MMB29P) AppleWebKit/537.36 (KHTML, like Gecko) Chrome/137.0.7151.103 Mobile Safari/537.36 (compatible; GoogleOther)"
66.249.74.12 - - [18/Jul/2025:14:30:21 +0000] "GET /items/handmade/paintings/5377890/feature/idol/q/u003d100 HTTP/1.1" 200 18329 "-" "Mozilla/5.0 (Linux; Android 6.0.1; Nexus 5X Build/MMB29P) AppleWebKit/537.36 (KHTML, like Gecko) Chrome/137.0.7151.103 Mobile Safari/537.36 (compatible; GoogleOther)"
66.249.74.12 - - [18/Jul/2025:14:30:23 +0000] "GET /items/handmade/paintings/5377890/feature/idol/alalamy.com.au?_bd_prev_page=alalamy.com.au/detail.php?shopbrand/449405.htm HTTP/1.1" 200 20298 "-" "Mozilla/5.0 (Linux; Android 6.0.1; Nexus 5X Build/MMB29P) AppleWebKit/537.36 (KHTML, like Gecko) Chrome/137.0.7151.103 Mobile Safari/537.36 (compatible; GoogleOther)"
66.249.65.160 - - [18/Jul/2025:14:30:24 +0000] "GET /items/handicrafts/paintings/2644745/al_c HTTP/1.1" 200 19864 "-" "Mozilla/5.0 (Linux; Android 6.0.1; Nexus 5X Build/MMB29P) AppleWebKit/537.36 (KHTML, like Gecko) Chrome/137.0.7151.103 Mobile Safari/537.36 (compatible; GoogleOther)"
66.249.74.12 - - [18/Jul/2025:14:30:26 +0000] "GET /items/handmade/paintings/5377890/feature/idol/c_crop HTTP/1.1" 200 18316 "-" "Mozilla/5.0 (Linux; Android 6.0.1; Nexus 5X Build/MMB29P) AppleWebKit/537.36 (KHTML, like Gecko) Chrome/137.0.7151.103 Mobile Safari/537.36 (compatible; GoogleOther)"
66.249.74.12 - - [18/Jul/2025:14:30:27 +0000] "POST /get-message-notify HTTP/1.1" 200 19483 "http://www.alalamy.com.au/items/handmade/paintings/5377890/feature/idol/alalamy.com.au?_bd_prev_page=alalamy.com.au/detail.php?shopbrand/8928645.htm" "Mozilla/5.0 (Linux; Android 6.0.1; Nexus 5X Build/MMB29P) AppleWebKit/537.36 (KHTML, like Gecko) Chrome/137.0.7151.119 Mobile Safari/537.36 (compatible; Googlebot/2.1; +http://www.google.com/bot.html)"
66.249.65.160 - - [18/Jul/2025:14:30:29 +0000] "GET /items/handicrafts/paintings/2644745/4 HTTP/1.1" 200 19858 "-" "Mozilla/5.0 (Linux; Android 6.0.1; Nexus 5X Build/MMB29P) AppleWebKit/537.36 (KHTML, like Gecko) Chrome/137.0.7151.103 Mobile Safari/537.36 (compatible; GoogleOther)"
66.249.65.160 - - [18/Jul/2025:14:30:37 +0000] "GET /items/handicrafts/paintings/2644745/AmazonEmber HTTP/1.1" 200 19880 "-" "Mozilla/5.0 (Linux; Android 6.0.1; Nexus 5X Build/MMB29P) AppleWebKit/537.36 (KHTML, like Gecko) Chrome/137.0.7151.103 Mobile Safari/537.36 (compatible; GoogleOther)"
66.249.65.161 - - [18/Jul/2025:14:30:44 +0000] "POST /get-message-notify HTTP/1.1" 200 19461 "http://alalamy.com.au/items/handicrafts/paintings/2644745/255_UF900" "Mozilla/5.0 (Linux; Android 6.0.1; Nexus 5X Build/MMB29P) AppleWebKit/537.36 (KHTML, like Gecko) Chrome/137.0.7151.119 Mobile Safari/537.36 (compatible; Googlebot/2.1; +http://www.google.com/bot.html)"
66.249.65.174 - - [18/Jul/2025:14:30:49 +0000] "GET /items/art/musical-instruments/5047267/alalamy.com.au?_bd_prev_page=alalamy.com.au/detail.php?shopbrand/7986640.htm HTTP/1.1" 200 20820 "-" "Mozilla/5.0 (Linux; Android 6.0.1; Nexus 5X Build/MMB29P) AppleWebKit/537.36 (KHTML, like Gecko) Chrome/137.0.7151.103 Mobile Safari/537.36 (compatible; GoogleOther)"
66.249.65.161 - - [18/Jul/2025:14:30:54 +0000] "GET /items/art/musical-instruments/5047267/alalamy.com.au?_bd_prev_page=alalamy.com.au/detail.php?shopbrand/8180585.htm HTTP/1.1" 200 20014 "-" "Mozilla/5.0 (Linux; Android 6.0.1; Nexus 5X Build/MMB29P) AppleWebKit/537.36 (KHTML, like Gecko) Chrome/137.0.7151.103 Mobile Safari/537.36 (compatible; GoogleOther)"
66.249.74.12 - - [18/Jul/2025:14:30:57 +0000] "GET /items/handmade/paintings/5377890/feature/idol/alalamy.com.au?_bd_prev_page=alalamy.com.au/detail.php?shopbrand/9300095.htm HTTP/1.1" 200 19486 "-" "Mozilla/5.0 (Linux; Android 6.0.1; Nexus 5X Build/MMB29P) AppleWebKit/537.36 (KHTML, like Gecko) Chrome/137.0.7151.103 Mobile Safari/537.36 (compatible; GoogleOther)"
66.249.65.160 - - [18/Jul/2025:14:30:59 +0000] "POST /get-message-notify HTTP/1.1" 200 19461 "http://alalamy.com.au/items/art/musical-instruments/5047267/alalamy.com.au?_bd_prev_page=alalamy.com.au/detail.php?shopbrand/8818416.htm" "Mozilla/5.0 (Linux; Android 6.0.1; Nexus 5X Build/MMB29P) AppleWebKit/537.36 (KHTML, like Gecko) Chrome/137.0.7151.119 Mobile Safari/537.36 (compatible; Googlebot/2.1; +http://www.google.com/bot.html)"
66.249.65.161 - - [18/Jul/2025:14:30:59 +0000] "GET /items/art/musical-instruments/5047267/alalamy.com.au?_bd_prev_page=alalamy.com.au/detail.php?product/edit/A3130939590 HTTP/1.1" 200 19367 "-" "Mozilla/5.0 (Linux; Android 6.0.1; Nexus 5X Build/MMB29P) AppleWebKit/537.36 (KHTML, like Gecko) Chrome/137.0.7151.103 Mobile Safari/537.36 (compatible; GoogleOther)"
66.249.74.14 - - [18/Jul/2025:14:31:02 +0000] "GET /items/handmade/paintings/alalamy.com.au/oreka/alalamy.com.au?_bd_prev_page=alalamy.com.au/detail.php?shopbrand/8919908.htm HTTP/1.1" 200 19413 "-" "Mozilla/5.0 (Linux; Android 6.0.1; Nexus 5X Build/MMB29P) AppleWebKit/537.36 (KHTML, like Gecko) Chrome/137.0.7151.103 Mobile Safari/537.36 (compatible; GoogleOther)"
66.249.74.14 - - [18/Jul/2025:14:31:05 +0000] "POST /get-message-notify HTTP/1.1" 200 19483 "http://www.alalamy.com.au/items/handmade/paintings/alalamy.com.au/oreka/alalamy.com.au?_bd_prev_page=alalamy.com.au/detail.php?shopbrand/8919908.htm" "Mozilla/5.0 (Linux; Android 6.0.1; Nexus 5X Build/MMB29P) AppleWebKit/537.36 (KHTML, like Gecko) Chrome/137.0.7151.119 Mobile Safari/537.36 (compatible; Googlebot/2.1; +http://www.google.com/bot.html)"
66.249.65.160 - - [18/Jul/2025:14:31:07 +0000] "GET /items/art/musical-instruments/5047267/alalamy.com.au?_bd_prev_page=alalamy.com.au/detail.php?shopbrand/231264034.htm HTTP/1.1" 200 20406 "-" "Mozilla/5.0 (Linux; Android 6.0.1; Nexus 5X Build/MMB29P) AppleWebKit/537.36 (KHTML, like Gecko) Chrome/137.0.7151.103 Mobile Safari/537.36 (compatible; GoogleOther)"
66.249.74.12 - - [18/Jul/2025:14:31:09 +0000] "POST /get-message-notify HTTP/1.1" 200 19483 "http://www.alalamy.com.au/items/handmade/paintings/5377890/feature/idol/alalamy.com.au?_bd_prev_page=alalamy.com.au/detail.php?shopbrand/449405.htm" "Mozilla/5.0 (Linux; Android 6.0.1; Nexus 5X Build/MMB29P) AppleWebKit/537.36 (KHTML, like Gecko) Chrome/137.0.7151.119 Mobile Safari/537.36 (compatible; Googlebot/2.1; +http://www.google.com/bot.html)"
66.249.65.174 - - [18/Jul/2025:14:31:12 +0000] "GET /items/art/musical-instruments/5047267/alalamy.com.au?_bd_prev_page=alalamy.com.au/detail.php?shopbrand/8726561.htm HTTP/1.1" 200 20312 "-" "Mozilla/5.0 (Linux; Android 6.0.1; Nexus 5X Build/MMB29P) AppleWebKit/537.36 (KHTML, like Gecko) Chrome/137.0.7151.103 Mobile Safari/537.36 (compatible; GoogleOther)"
66.249.65.174 - - [18/Jul/2025:14:31:14 +0000] "GET /items/art/musical-instruments/5047267/alalamy.com.au?_bd_prev_page=alalamy.com.au/detail.php?shopbrand/9014585.htm HTTP/1.1" 200 19066 "-" "Mozilla/5.0 (Linux; Android 6.0.1; Nexus 5X Build/MMB29P) AppleWebKit/537.36 (KHTML, like Gecko) Chrome/137.0.7151.103 Mobile Safari/537.36 (compatible; GoogleOther)"
66.249.74.12 - - [18/Jul/2025:14:31:25 +0000] "GET /items/handmade/paintings/5377890/alalamy.com.au/feature/akihabara_main/alalamy.com.au?_bd_prev_page=alalamy.com.au/detail.php?product/edit/A4078351779 HTTP/1.1" 200 18979 "-" "Mozilla/5.0 (Linux; Android 6.0.1; Nexus 5X Build/MMB29P) AppleWebKit/537.36 (KHTML, like Gecko) Chrome/137.0.7151.103 Mobile Safari/537.36 (compatible; GoogleOther)"
66.249.65.160 - - [18/Jul/2025:14:31:33 +0000] "GET /items/art/musical-instruments/5047267/alalamy.com.au?_bd_prev_page=alalamy.com.au/detail.php?shopbrand/8715439.htm HTTP/1.1" 200 20570 "-" "Mozilla/5.0 (Linux; Android 6.0.1; Nexus 5X Build/MMB29P) AppleWebKit/537.36 (KHTML, like Gecko) Chrome/137.0.7151.103 Mobile Safari/537.36 (compatible; GoogleOther)"
66.249.65.174 - - [18/Jul/2025:14:31:35 +0000] "GET /items/art/musical-instruments/5047267/alalamy.com.au?_bd_prev_page=alalamy.com.au/detail.php?shopbrand/8179455.htm HTTP/1.1" 200 19592 "-" "Mozilla/5.0 (Linux; Android 6.0.1; Nexus 5X Build/MMB29P) AppleWebKit/537.36 (KHTML, like Gecko) Chrome/137.0.7151.103 Mobile Safari/537.36 (compatible; GoogleOther)"
66.249.65.160 - - [18/Jul/2025:14:31:35 +0000] "POST /get-message-notify HTTP/1.1" 200 19461 "http://alalamy.com.au/items/art/musical-instruments/5047267/alalamy.com.au?_bd_prev_page=alalamy.com.au/detail.php?shopbrand/9014585.htm" "Mozilla/5.0 (Linux; Android 6.0.1; Nexus 5X Build/MMB29P) AppleWebKit/537.36 (KHTML, like Gecko) Chrome/137.0.7151.119 Mobile Safari/537.36 (compatible; Googlebot/2.1; +http://www.google.com/bot.html)"
66.249.74.12 - - [18/Jul/2025:14:31:38 +0000] "GET /items/art/antiques/3994491/alalamy.com.au?_bd_prev_page=alalamy.com.au/detail.php?shopbrand/8932156.htm HTTP/1.1" 200 20360 "-" "Mozilla/5.0 (Linux; Android 6.0.1; Nexus 5X Build/MMB29P) AppleWebKit/537.36 (KHTML, like Gecko) Chrome/137.0.7151.103 Mobile Safari/537.36 (compatible; GoogleOther)"
66.249.65.161 - - [18/Jul/2025:14:31:43 +0000] "GET /items/art/musical-instruments/5047267/alalamy.com.au?_bd_prev_page=alalamy.com.au/detail.php?shopbrand/8105640.htm HTTP/1.1" 200 19438 "-" "Mozilla/5.0 (Linux; Android 6.0.1; Nexus 5X Build/MMB29P) AppleWebKit/537.36 (KHTML, like Gecko) Chrome/137.0.7151.103 Mobile Safari/537.36 (compatible; GoogleOther)"
66.249.74.12 - - [18/Jul/2025:14:31:45 +0000] "GET /items/handmade/paintings/alalamy.com.au/oreka/alalamy.com.au?_bd_prev_page=alalamy.com.au/detail.php?shopbrand/8921858.htm HTTP/1.1" 200 19323 "-" "Mozilla/5.0 (Linux; Android 6.0.1; Nexus 5X Build/MMB29P) AppleWebKit/537.36 (KHTML, like Gecko) Chrome/137.0.7151.103 Mobile Safari/537.36 (compatible; GoogleOther)"
66.249.65.160 - - [18/Jul/2025:14:31:53 +0000] "POST /get-message-notify HTTP/1.1" 200 19461 "http://alalamy.com.au/items/art/musical-instruments/5047267/alalamy.com.au?_bd_prev_page=alalamy.com.au/detail.php?shopbrand/8105640.htm" "Mozilla/5.0 (Linux; Android 6.0.1; Nexus 5X Build/MMB29P) AppleWebKit/537.36 (KHTML, like Gecko) Chrome/137.0.7151.119 Mobile Safari/537.36 (compatible; Googlebot/2.1; +http://www.google.com/bot.html)"
66.249.74.12 - - [18/Jul/2025:14:31:56 +0000] "GET /items/handmade/paintings/5377890/alalamy.com.au/feature/akihabara_main/alalamy.com.au?_bd_prev_page=alalamy.com.au/detail.php?product/edit/A3638627914 HTTP/1.1" 200 19214 "-" "Mozilla/5.0 (Linux; Android 6.0.1; Nexus 5X Build/MMB29P) AppleWebKit/537.36 (KHTML, like Gecko) Chrome/137.0.7151.103 Mobile Safari/537.36 (compatible; GoogleOther)"
66.249.65.161 - - [18/Jul/2025:14:31:56 +0000] "POST /get-message-notify HTTP/1.1" 200 19461 "http://alalamy.com.au/items/art/musical-instruments/5047267/alalamy.com.au?_bd_prev_page=alalamy.com.au/detail.php?shopbrand/8179455.htm" "Mozilla/5.0 (Linux; Android 6.0.1; Nexus 5X Build/MMB29P) AppleWebKit/537.36 (KHTML, like Gecko) Chrome/137.0.7151.119 Mobile Safari/537.36 (compatible; Googlebot/2.1; +http://www.google.com/bot.html)"
66.249.74.12 - - [18/Jul/2025:14:31:58 +0000] "GET /items/handmade/paintings/alalamy.com.au/oreka/alalamy.com.au?_bd_prev_page=alalamy.com.au/detail.php?shopbrand/8704436.htm HTTP/1.1" 200 19275 "-" "Mozilla/5.0 (Linux; Android 6.0.1; Nexus 5X Build/MMB29P) AppleWebKit/537.36 (KHTML, like Gecko) Chrome/137.0.7151.103 Mobile Safari/537.36 (compatible; GoogleOther)"
209.74.77.214 - - [18/Jul/2025:14:32:01 +0000] "POST /wp-cron.php?doing_wp_cron=1752849121.3660678863525390625000 HTTP/1.1" 200 - "-" "WordPress/6.8.2; https://alalamy.com.au"
20.171.207.85 - - [18/Jul/2025:14:32:01 +0000] "GET /items/fashion/shoes/4235270/ HTTP/1.1" 404 20410 "-" "Mozilla/5.0 AppleWebKit/537.36 (KHTML, like Gecko; compatible; GPTBot/1.2; +https://openai.com/gptbot)"
66.249.65.161 - - [18/Jul/2025:14:32:01 +0000] "GET /items/art/musical-instruments/5047267/alalamy.com.au?_bd_prev_page=alalamy.com.au/detail.php?shopbrand/171023789.htm HTTP/1.1" 200 19017 "-" "Mozilla/5.0 (Linux; Android 6.0.1; Nexus 5X Build/MMB29P) AppleWebKit/537.36 (KHTML, like Gecko) Chrome/137.0.7151.103 Mobile Safari/537.36 (compatible; GoogleOther)"
66.249.65.160 - - [18/Jul/2025:14:32:03 +0000] "GET /items/art/musical-instruments/5047267/alalamy.com.au?_bd_prev_page=alalamy.com.au/detail.php?shopbrand/201254347.htm HTTP/1.1" 200 19028 "-" "Mozilla/5.0 (Linux; Android 6.0.1; Nexus 5X Build/MMB29P) AppleWebKit/537.36 (KHTML, like Gecko) Chrome/137.0.7151.103 Mobile Safari/537.36 (compatible; GoogleOther)"
66.249.74.13 - - [18/Jul/2025:14:32:06 +0000] "GET /items/handmade/paintings/5377890/alalamy.com.au/feature/akihabara_main/alalamy.com.au?_bd_prev_page=alalamy.com.au/detail.php?shopbrand/8935476.htm HTTP/1.1" 200 20583 "-" "Mozilla/5.0 (Linux; Android 6.0.1; Nexus 5X Build/MMB29P) AppleWebKit/537.36 (KHTML, like Gecko) Chrome/137.0.7151.103 Mobile Safari/537.36 (compatible; GoogleOther)"
66.249.65.174 - - [18/Jul/2025:14:32:08 +0000] "POST /get-message-notify HTTP/1.1" 200 19461 "http://alalamy.com.au/items/art/musical-instruments/5047267/alalamy.com.au?_bd_prev_page=alalamy.com.au/detail.php?shopbrand/231264034.htm" "Mozilla/5.0 (Linux; Android 6.0.1; Nexus 5X Build/MMB29P) AppleWebKit/537.36 (KHTML, like Gecko) Chrome/137.0.7151.119 Mobile Safari/537.36 (compatible; Googlebot/2.1; +http://www.google.com/bot.html)"
66.249.74.13 - - [18/Jul/2025:14:32:11 +0000] "GET /items/handmade/paintings/alalamy.com.au/oreka/alalamy.com.au?_bd_prev_page=alalamy.com.au/detail.php?shopbrand/8732393.htm HTTP/1.1" 200 19137 "-" "Mozilla/5.0 (Linux; Android 6.0.1; Nexus 5X Build/MMB29P) AppleWebKit/537.36 (KHTML, like Gecko) Chrome/137.0.7151.103 Mobile Safari/537.36 (compatible; GoogleOther)"
66.249.65.174 - - [18/Jul/2025:14:32:14 +0000] "GET /items/art/musical-instruments/5047267/alalamy.com.au?_bd_prev_page=alalamy.com.au/detail.php?shopbrand/8357949.htm HTTP/1.1" 200 20446 "-" "Mozilla/5.0 (Linux; Android 6.0.1; Nexus 5X Build/MMB29P) AppleWebKit/537.36 (KHTML, like Gecko) Chrome/137.0.7151.103 Mobile Safari/537.36 (compatible; GoogleOther)"
66.249.74.12 - - [18/Jul/2025:14:32:18 +0000] "POST /get-message-notify HTTP/1.1" 200 19483 "http://www.alalamy.com.au/items/handmade/paintings/alalamy.com.au/oreka/alalamy.com.au?_bd_prev_page=alalamy.com.au/detail.php?shopbrand/8732393.htm" "Mozilla/5.0 (Linux; Android 6.0.1; Nexus 5X Build/MMB29P) AppleWebKit/537.36 (KHTML, like Gecko) Chrome/137.0.7151.119 Mobile Safari/537.36 (compatible; Googlebot/2.1; +http://www.google.com/bot.html)"
66.249.65.160 - - [18/Jul/2025:14:32:21 +0000] "GET /items/art/musical-instruments/5047267/alalamy.com.au?_bd_prev_page=alalamy.com.au/detail.php?shopbrand/8417840.htm HTTP/1.1" 200 19256 "-" "Mozilla/5.0 (Linux; Android 6.0.1; Nexus 5X Build/MMB29P) AppleWebKit/537.36 (KHTML, like Gecko) Chrome/137.0.7151.103 Mobile Safari/537.36 (compatible; GoogleOther)"
66.249.65.174 - - [18/Jul/2025:14:32:27 +0000] "GET /items/art/musical-instruments/5047267/alalamy.com.au?_bd_prev_page=alalamy.com.au/detail.php?shopbrand/231261385.htm HTTP/1.1" 200 19458 "-" "Mozilla/5.0 (Linux; Android 6.0.1; Nexus 5X Build/MMB29P) AppleWebKit/537.36 (KHTML, like Gecko) Chrome/137.0.7151.103 Mobile Safari/537.36 (compatible; GoogleOther)"
66.249.65.174 - - [18/Jul/2025:14:32:30 +0000] "POST /get-message-notify HTTP/1.1" 200 19461 "http://alalamy.com.au/items/art/musical-instruments/5047267/alalamy.com.au?_bd_prev_page=alalamy.com.au/detail.php?shopbrand/8915442.htm" "Mozilla/5.0 (Linux; Android 6.0.1; Nexus 5X Build/MMB29P) AppleWebKit/537.36 (KHTML, like Gecko) Chrome/137.0.7151.119 Mobile Safari/537.36 (compatible; Googlebot/2.1; +http://www.google.com/bot.html)"
66.249.74.12 - - [18/Jul/2025:14:32:32 +0000] "GET /items/handmade/paintings/5377890/alalamy.com.au/feature/akihabara_main/alalamy.com.au?_bd_prev_page=alalamy.com.au/detail.php?shopbrand/8761305.htm HTTP/1.1" 200 19672 "-" "Mozilla/5.0 (Linux; Android 6.0.1; Nexus 5X Build/MMB29P) AppleWebKit/537.36 (KHTML, like Gecko) Chrome/137.0.7151.103 Mobile Safari/537.36 (compatible; GoogleOther)"
66.249.74.12 - - [18/Jul/2025:14:32:42 +0000] "GET /items/handmade/paintings/5377890/feature/idol/alalamy.com.au?_bd_prev_page=alalamy.com.au/detail.php?shopbrand/11119742.htm HTTP/1.1" 200 22172 "-" "Mozilla/5.0 (Linux; Android 6.0.1; Nexus 5X Build/MMB29P) AppleWebKit/537.36 (KHTML, like Gecko) Chrome/137.0.7151.103 Mobile Safari/537.36 (compatible; GoogleOther)"
66.249.74.12 - - [18/Jul/2025:14:32:45 +0000] "POST /get-message-notify HTTP/1.1" 200 19483 "http://www.alalamy.com.au/items/handmade/paintings/5377890/feature/idol/alalamy.com.au?_bd_prev_page=alalamy.com.au/detail.php?shopbrand/11119742.htm" "Mozilla/5.0 (Linux; Android 6.0.1; Nexus 5X Build/MMB29P) AppleWebKit/537.36 (KHTML, like Gecko) Chrome/137.0.7151.119 Mobile Safari/537.36 (compatible; Googlebot/2.1; +http://www.google.com/bot.html)"
66.249.65.161 - - [18/Jul/2025:14:32:50 +0000] "GET /items/art/musical-instruments/5047267/alalamy.com.au?_bd_prev_page=alalamy.com.au/detail.php?shopbrand/8111907.htm HTTP/1.1" 200 20343 "-" "Mozilla/5.0 (Linux; Android 6.0.1; Nexus 5X Build/MMB29P) AppleWebKit/537.36 (KHTML, like Gecko) Chrome/137.0.7151.103 Mobile Safari/537.36 (compatible; GoogleOther)"
66.249.74.12 - - [18/Jul/2025:14:32:52 +0000] "GET /items/handmade/paintings/5377890/alalamy.com.au/feature/akihabara_main/alalamy.com.au?_bd_prev_page=alalamy.com.au/detail.php?shopbrand/8226318.htm HTTP/1.1" 200 19789 "-" "Mozilla/5.0 (Linux; Android 6.0.1; Nexus 5X Build/MMB29P) AppleWebKit/537.36 (KHTML, like Gecko) Chrome/137.0.7151.103 Mobile Safari/537.36 (compatible; GoogleOther)"
66.249.65.161 - - [18/Jul/2025:14:32:55 +0000] "GET /items/art/musical-instruments/5047267/alalamy.com.au?_bd_prev_page=alalamy.com.au/detail.php?shopbrand/231065798.htm HTTP/1.1" 200 20221 "-" "Mozilla/5.0 (Linux; Android 6.0.1; Nexus 5X Build/MMB29P) AppleWebKit/537.36 (KHTML, like Gecko) Chrome/137.0.7151.103 Mobile Safari/537.36 (compatible; GoogleOther)"
66.249.74.12 - - [18/Jul/2025:14:32:57 +0000] "GET /items/handmade/paintings/5377890/feature/idol/alalamy.com.au?_bd_prev_page=alalamy.com.au/detail.php?shopbrand/658187.htm HTTP/1.1" 200 19044 "-" "Mozilla/5.0 (Linux; Android 6.0.1; Nexus 5X Build/MMB29P) AppleWebKit/537.36 (KHTML, like Gecko) Chrome/137.0.7151.103 Mobile Safari/537.36 (compatible; GoogleOther)"
209.74.77.214 - - [18/Jul/2025:14:33:02 +0000] "POST /wp-cron.php?doing_wp_cron=1752849182.3877429962158203125000 HTTP/1.1" 200 - "-" "WordPress/6.8.2; https://alalamy.com.au"
20.171.207.85 - - [18/Jul/2025:14:33:02 +0000] "GET /items/fashion/womens/5443064/ HTTP/1.1" 404 20410 "-" "Mozilla/5.0 AppleWebKit/537.36 (KHTML, like Gecko; compatible; GPTBot/1.2; +https://openai.com/gptbot)"
66.249.65.160 - - [18/Jul/2025:14:33:08 +0000] "GET /items/handicrafts/paintings/2644745/alalamy.com.au?_bd_prev_page=alalamy.com.au/detail.php?shopbrand/68377019.htm HTTP/1.1" 200 21974 "-" "Mozilla/5.0 (Linux; Android 6.0.1; Nexus 5X Build/MMB29P) AppleWebKit/537.36 (KHTML, like Gecko) Chrome/137.0.7151.103 Mobile Safari/537.36 (compatible; GoogleOther)"
66.249.74.14 - - [18/Jul/2025:14:33:21 +0000] "GET /items/handmade/paintings/5377890/alalamy.com.au/feature/akihabara_main/alalamy.com.au?_bd_prev_page=alalamy.com.au/detail.php?shopbrand/8878365.htm HTTP/1.1" 200 21074 "-" "Mozilla/5.0 (Linux; Android 6.0.1; Nexus 5X Build/MMB29P) AppleWebKit/537.36 (KHTML, like Gecko) Chrome/137.0.7151.103 Mobile Safari/537.36 (compatible; GoogleOther)"
66.249.74.13 - - [18/Jul/2025:14:33:25 +0000] "POST /get-message-notify HTTP/1.1" 200 19483 "http://www.alalamy.com.au/items/handmade/paintings/5377890/alalamy.com.au/feature/akihabara_main/alalamy.com.au?_bd_prev_page=alalamy.com.au/detail.php?shopbrand/8878365.htm" "Mozilla/5.0 (Linux; Android 6.0.1; Nexus 5X Build/MMB29P) AppleWebKit/537.36 (KHTML, like Gecko) Chrome/137.0.7151.119 Mobile Safari/537.36 (compatible; Googlebot/2.1; +http://www.google.com/bot.html)"
66.249.65.161 - - [18/Jul/2025:14:33:28 +0000] "GET /items/art/musical-instruments/5047267/alalamy.com.au?_bd_prev_page=alalamy.com.au/detail.php?shopbrand/295093108.htm HTTP/1.1" 200 19915 "-" "Mozilla/5.0 (Linux; Android 6.0.1; Nexus 5X Build/MMB29P) AppleWebKit/537.36 (KHTML, like Gecko) Chrome/137.0.7151.103 Mobile Safari/537.36 (compatible; GoogleOther)"
66.249.65.162 - - [18/Jul/2025:14:33:45 +0000] "POST /get-message-notify HTTP/1.1" 200 19461 "http://alalamy.com.au/items/art/musical-instruments/5047267/alalamy.com.au?_bd_prev_page=alalamy.com.au/detail.php?shopbrand/201254347.htm" "Mozilla/5.0 (Linux; Android 6.0.1; Nexus 5X Build/MMB29P) AppleWebKit/537.36 (KHTML, like Gecko) Chrome/137.0.7151.119 Mobile Safari/537.36 (compatible; Googlebot/2.1; +http://www.google.com/bot.html)"
66.249.74.12 - - [18/Jul/2025:14:33:46 +0000] "GET /items/handmade/paintings/5377890/alalamy.com.au/feature/akihabara_main/alalamy.com.au?_bd_prev_page=alalamy.com.au/detail.php?shopbrand/275486050.htm HTTP/1.1" 200 21184 "-" "Mozilla/5.0 (Linux; Android 6.0.1; Nexus 5X Build/MMB29P) AppleWebKit/537.36 (KHTML, like Gecko) Chrome/137.0.7151.103 Mobile Safari/537.36 (compatible; GoogleOther)"
66.249.65.174 - - [18/Jul/2025:14:33:59 +0000] "GET /items/handicrafts/paintings/2644745/alalamy.com.au?_bd_prev_page=alalamy.com.au/detail.php?shopbrand/8705415.htm HTTP/1.1" 200 19332 "-" "Mozilla/5.0 (Linux; Android 6.0.1; Nexus 5X Build/MMB29P) AppleWebKit/537.36 (KHTML, like Gecko) Chrome/137.0.7151.103 Mobile Safari/537.36 (compatible; GoogleOther)"
66.249.74.14 - - [18/Jul/2025:14:34:12 +0000] "GET /items/art/antiques/3994491/alalamy.com.au?_bd_prev_page=alalamy.com.au/detail.php?shopbrand/8921848.htm HTTP/1.1" 200 19884 "-" "Mozilla/5.0 (Linux; Android 6.0.1; Nexus 5X Build/MMB29P) AppleWebKit/537.36 (KHTML, like Gecko) Chrome/137.0.7151.103 Mobile Safari/537.36 (compatible; GoogleOther)"
66.249.74.12 - - [18/Jul/2025:14:34:14 +0000] "POST /get-message-notify HTTP/1.1" 200 19483 "http://www.alalamy.com.au/items/art/antiques/3994491/alalamy.com.au?_bd_prev_page=alalamy.com.au/detail.php?shopbrand/8921848.htm" "Mozilla/5.0 (Linux; Android 6.0.1; Nexus 5X Build/MMB29P) AppleWebKit/537.36 (KHTML, like Gecko) Chrome/137.0.7151.119 Mobile Safari/537.36 (compatible; Googlebot/2.1; +http://www.google.com/bot.html)"
66.249.65.174 - - [18/Jul/2025:14:34:15 +0000] "GET /items/art/musical-instruments/5047267/alalamy.com.au?_bd_prev_page=alalamy.com.au/detail.php?shopbrand/8194451.htm HTTP/1.1" 200 20322 "-" "Mozilla/5.0 (Linux; Android 6.0.1; Nexus 5X Build/MMB29P) AppleWebKit/537.36 (KHTML, like Gecko) Chrome/137.0.7151.103 Mobile Safari/537.36 (compatible; GoogleOther)"
66.249.65.162 - - [18/Jul/2025:14:34:27 +0000] "GET /items/art/musical-instruments/5047267/alalamy.com.au?_bd_prev_page=alalamy.com.au/detail.php?shopbrand/201055857.htm HTTP/1.1" 200 19426 "-" "Mozilla/5.0 (Linux; Android 6.0.1; Nexus 5X Build/MMB29P) AppleWebKit/537.36 (KHTML, like Gecko) Chrome/137.0.7151.103 Mobile Safari/537.36 (compatible; GoogleOther)"
66.249.65.161 - - [18/Jul/2025:14:34:33 +0000] "GET /items/art/musical-instruments/5047267/alalamy.com.au?_bd_prev_page=alalamy.com.au/detail.php?shopbrand/7925506.htm HTTP/1.1" 200 22477 "-" "Mozilla/5.0 (Linux; Android 6.0.1; Nexus 5X Build/MMB29P) AppleWebKit/537.36 (KHTML, like Gecko) Chrome/137.0.7151.103 Mobile Safari/537.36 (compatible; GoogleOther)"
66.249.74.12 - - [18/Jul/2025:14:34:35 +0000] "GET /items/handmade/paintings/alalamy.com.au/oreka/alalamy.com.au?_bd_prev_page=alalamy.com.au/detail.php?shopbrand/8941715.htm HTTP/1.1" 200 19951 "-" "Mozilla/5.0 (Linux; Android 6.0.1; Nexus 5X Build/MMB29P) AppleWebKit/537.36 (KHTML, like Gecko) Chrome/137.0.7151.103 Mobile Safari/537.36 (compatible; GoogleOther)"
66.249.74.12 - - [18/Jul/2025:14:34:40 +0000] "GET /items/handmade/paintings/5377890/alalamy.com.au/feature/akihabara_main/alalamy.com.au?_bd_prev_page=alalamy.com.au/detail.php?shopbrand/8767421.htm HTTP/1.1" 200 21359 "-" "Mozilla/5.0 (Linux; Android 6.0.1; Nexus 5X Build/MMB29P) AppleWebKit/537.36 (KHTML, like Gecko) Chrome/137.0.7151.103 Mobile Safari/537.36 (compatible; GoogleOther)"
66.249.74.12 - - [18/Jul/2025:14:34:43 +0000] "GET /items/handmade/paintings/5377890/alalamy.com.au/feature/akihabara_main/alalamy.com.au?_bd_prev_page=alalamy.com.au/detail.php?shopbrand/8010431.htm HTTP/1.1" 200 20819 "-" "Mozilla/5.0 (Linux; Android 6.0.1; Nexus 5X Build/MMB29P) AppleWebKit/537.36 (KHTML, like Gecko) Chrome/137.0.7151.103 Mobile Safari/537.36 (compatible; GoogleOther)"
66.249.74.12 - - [18/Jul/2025:14:34:45 +0000] "GET /items/handmade/paintings/5377890/feature/idol/alalamy.com.au?_bd_prev_page=alalamy.com.au/detail.php?shopbrand/8156087.htm HTTP/1.1" 200 19441 "-" "Mozilla/5.0 (Linux; Android 6.0.1; Nexus 5X Build/MMB29P) AppleWebKit/537.36 (KHTML, like Gecko) Chrome/137.0.7151.103 Mobile Safari/537.36 (compatible; GoogleOther)"
66.249.65.164 - - [18/Jul/2025:14:34:48 +0000] "GET /items/art/musical-instruments/5047267/alalamy.com.au?_bd_prev_page=alalamy.com.au/detail.php?shopbrand/8184733.htm HTTP/1.1" 200 21441 "-" "Mozilla/5.0 (Linux; Android 6.0.1; Nexus 5X Build/MMB29P) AppleWebKit/537.36 (KHTML, like Gecko) Chrome/137.0.7151.103 Mobile Safari/537.36 (compatible; GoogleOther)"
66.249.65.163 - - [18/Jul/2025:14:34:51 +0000] "GET /items/art/musical-instruments/5047267/alalamy.com.au?_bd_prev_page=alalamy.com.au/detail.php?shopbrand/8352514.htm HTTP/1.1" 200 19842 "-" "Mozilla/5.0 (Linux; Android 6.0.1; Nexus 5X Build/MMB29P) AppleWebKit/537.36 (KHTML, like Gecko) Chrome/137.0.7151.103 Mobile Safari/537.36 (compatible; GoogleOther)"
66.249.74.12 - - [18/Jul/2025:14:34:54 +0000] "GET /items/art/antiques/3994491/alalamy.com.au?_bd_prev_page=alalamy.com.au/detail.php?shopbrand/8923782.htm HTTP/1.1" 200 19120 "-" "Mozilla/5.0 (Linux; Android 6.0.1; Nexus 5X Build/MMB29P) AppleWebKit/537.36 (KHTML, like Gecko) Chrome/137.0.7151.103 Mobile Safari/537.36 (compatible; GoogleOther)"
66.249.65.162 - - [18/Jul/2025:14:34:57 +0000] "GET /items/art/musical-instruments/5047267/alalamy.com.au?_bd_prev_page=alalamy.com.au/detail.php?shopbrand/171016704.htm HTTP/1.1" 200 19845 "-" "Mozilla/5.0 (Linux; Android 6.0.1; Nexus 5X Build/MMB29P) AppleWebKit/537.36 (KHTML, like Gecko) Chrome/137.0.7151.103 Mobile Safari/537.36 (compatible; GoogleOther)"
209.74.77.214 - - [18/Jul/2025:14:35:03 +0000] "POST /wp-cron.php?doing_wp_cron=1752849303.1610090732574462890625 HTTP/1.1" 200 - "-" "WordPress/6.8.2; https://alalamy.com.au"
20.171.207.85 - - [18/Jul/2025:14:35:02 +0000] "GET /items/fashion/womens/4970709/ HTTP/1.1" 404 20410 "-" "Mozilla/5.0 AppleWebKit/537.36 (KHTML, like Gecko; compatible; GPTBot/1.2; +https://openai.com/gptbot)"
66.249.65.163 - - [18/Jul/2025:14:35:05 +0000] "GET /items/art/musical-instruments/5047267/alalamy.com.au?_bd_prev_page=alalamy.com.au/detail.php?shopbrand/270515567.htm HTTP/1.1" 200 19933 "-" "Mozilla/5.0 (Linux; Android 6.0.1; Nexus 5X Build/MMB29P) AppleWebKit/537.36 (KHTML, like Gecko) Chrome/137.0.7151.103 Mobile Safari/537.36 (compatible; GoogleOther)"
66.249.65.164 - - [18/Jul/2025:14:35:07 +0000] "GET /items/art/musical-instruments/5047267/alalamy.com.au?_bd_prev_page=alalamy.com.au/detail.php?shopbrand/9032899.htm HTTP/1.1" 200 20446 "-" "Mozilla/5.0 (Linux; Android 6.0.1; Nexus 5X Build/MMB29P) AppleWebKit/537.36 (KHTML, like Gecko) Chrome/137.0.7151.103 Mobile Safari/537.36 (compatible; GoogleOther)"
57.141.2.2 - - [18/Jul/2025:14:35:08 +0000] "GET /shopbrand/278621324.htm HTTP/1.1" 301 - "-" "meta-externalagent/1.1 (+https://developers.facebook.com/docs/sharing/webmasters/crawler)"
66.249.65.174 - - [18/Jul/2025:14:35:09 +0000] "POST /get-message-notify HTTP/1.1" 200 19461 "http://alalamy.com.au/items/art/musical-instruments/5047267/alalamy.com.au?_bd_prev_page=alalamy.com.au/detail.php?shopbrand/270515567.htm" "Mozilla/5.0 (Linux; Android 6.0.1; Nexus 5X Build/MMB29P) AppleWebKit/537.36 (KHTML, like Gecko) Chrome/137.0.7151.119 Mobile Safari/537.36 (compatible; Googlebot/2.1; +http://www.google.com/bot.html)"
57.141.2.13 - - [18/Jul/2025:14:35:16 +0000] "GET /shopbrand/278621324.htm HTTP/1.1" 404 98826 "-" "meta-externalagent/1.1 (+https://developers.facebook.com/docs/sharing/webmasters/crawler)"
66.249.65.174 - - [18/Jul/2025:14:35:17 +0000] "GET /items/art/musical-instruments/5047267/alalamy.com.au?_bd_prev_page=alalamy.com.au/detail.php?shopbrand/295094643.htm HTTP/1.1" 200 19934 "-" "Mozilla/5.0 (Linux; Android 6.0.1; Nexus 5X Build/MMB29P) AppleWebKit/537.36 (KHTML, like Gecko) Chrome/137.0.7151.103 Mobile Safari/537.36 (compatible; GoogleOther)"
66.249.74.12 - - [18/Jul/2025:14:35:24 +0000] "GET /items/art/antiques/3994491/alalamy.com.au?_bd_prev_page=alalamy.com.au/detail.php?shopbrand/8933691.htm HTTP/1.1" 200 19284 "-" "Mozilla/5.0 (Linux; Android 6.0.1; Nexus 5X Build/MMB29P) AppleWebKit/537.36 (KHTML, like Gecko) Chrome/137.0.7151.103 Mobile Safari/537.36 (compatible; GoogleOther)"
66.249.65.160 - - [18/Jul/2025:14:35:27 +0000] "GET /items/handicrafts/paintings/2644745/alalamy.com.au?_bd_prev_page=alalamy.com.au/detail.php?shopbrand/8606763.htm HTTP/1.1" 200 19286 "-" "Mozilla/5.0 (Linux; Android 6.0.1; Nexus 5X Build/MMB29P) AppleWebKit/537.36 (KHTML, like Gecko) Chrome/137.0.7151.103 Mobile Safari/537.36 (compatible; GoogleOther)"
209.74.77.214 - - [18/Jul/2025:14:35:33 +0000] "POST /wp-cron.php?doing_wp_cron=1752849333.1407721042633056640625 HTTP/1.1" 200 - "-" "WordPress/6.8.2; https://alalamy.com.au"
57.141.2.23 - - [18/Jul/2025:14:35:32 +0000] "GET /shopbrand/278687895.htm HTTP/1.1" 301 - "-" "meta-externalagent/1.1 (+https://developers.facebook.com/docs/sharing/webmasters/crawler)"
66.249.65.162 - - [18/Jul/2025:14:35:33 +0000] "POST /get-message-notify HTTP/1.1" 200 19461 "http://alalamy.com.au/items/art/musical-instruments/5047267/alalamy.com.au?_bd_prev_page=alalamy.com.au/detail.php?shopbrand/7925506.htm" "Mozilla/5.0 (Linux; Android 6.0.1; Nexus 5X Build/MMB29P) AppleWebKit/537.36 (KHTML, like Gecko) Chrome/137.0.7151.119 Mobile Safari/537.36 (compatible; Googlebot/2.1; +http://www.google.com/bot.html)"
66.249.65.162 - - [18/Jul/2025:14:35:37 +0000] "GET /items/handicrafts/paintings/2644745/alalamy.com.au?_bd_prev_page=alalamy.com.au/detail.php?shopbrand/8729913.htm HTTP/1.1" 200 21319 "-" "Mozilla/5.0 (Linux; Android 6.0.1; Nexus 5X Build/MMB29P) AppleWebKit/537.36 (KHTML, like Gecko) Chrome/137.0.7151.103 Mobile Safari/537.36 (compatible; GoogleOther)"
66.249.74.12 - - [18/Jul/2025:14:35:39 +0000] "POST /get-message-notify HTTP/1.1" 200 19483 "http://www.alalamy.com.au/items/handmade/paintings/5377890/alalamy.com.au/feature/akihabara_main/alalamy.com.au?_bd_prev_page=alalamy.com.au/detail.php?shopbrand/8767421.htm" "Mozilla/5.0 (Linux; Android 6.0.1; Nexus 5X Build/MMB29P) AppleWebKit/537.36 (KHTML, like Gecko) Chrome/137.0.7151.119 Mobile Safari/537.36 (compatible; Googlebot/2.1; +http://www.google.com/bot.html)"
66.249.74.12 - - [18/Jul/2025:14:35:50 +0000] "GET /items/handmade/paintings/5377890/alalamy.com.au/feature/akihabara_main/alalamy.com.au?_bd_prev_page=alalamy.com.au/detail.php?shopbrand/275482273.htm HTTP/1.1" 200 19597 "-" "Mozilla/5.0 (Linux; Android 6.0.1; Nexus 5X Build/MMB29P) AppleWebKit/537.36 (KHTML, like Gecko) Chrome/137.0.7151.103 Mobile Safari/537.36 (compatible; GoogleOther)"
66.249.65.162 - - [18/Jul/2025:14:35:50 +0000] "POST /get-message-notify HTTP/1.1" 200 19461 "http://alalamy.com.au/items/art/musical-instruments/5047267/alalamy.com.au?_bd_prev_page=alalamy.com.au/detail.php?shopbrand/171016704.htm" "Mozilla/5.0 (Linux; Android 6.0.1; Nexus 5X Build/MMB29P) AppleWebKit/537.36 (KHTML, like Gecko) Chrome/137.0.7151.119 Mobile Safari/537.36 (compatible; Googlebot/2.1; +http://www.google.com/bot.html)"
66.249.65.161 - - [18/Jul/2025:14:35:55 +0000] "GET /items/art/musical-instruments/5047267/alalamy.com.au?_bd_prev_page=alalamy.com.au/detail.php?product/edit/A654149021 HTTP/1.1" 200 21518 "-" "Mozilla/5.0 (Linux; Android 6.0.1; Nexus 5X Build/MMB29P) AppleWebKit/537.36 (KHTML, like Gecko) Chrome/137.0.7151.103 Mobile Safari/537.36 (compatible; GoogleOther)"
66.249.74.12 - - [18/Jul/2025:14:36:03 +0000] "POST /get-message-notify HTTP/1.1" 200 19483 "http://www.alalamy.com.au/items/art/antiques/3994491/alalamy.com.au?_bd_prev_page=alalamy.com.au/detail.php?shopbrand/8932156.htm" "Mozilla/5.0 (Linux; Android 6.0.1; Nexus 5X Build/MMB29P) AppleWebKit/537.36 (KHTML, like Gecko) Chrome/137.0.7151.119 Mobile Safari/537.36 (compatible; Googlebot/2.1; +http://www.google.com/bot.html)"
20.171.207.85 - - [18/Jul/2025:14:36:05 +0000] "GET /items/fashion/womens/3050944/ HTTP/1.1" 404 20410 "-" "Mozilla/5.0 AppleWebKit/537.36 (KHTML, like Gecko; compatible; GPTBot/1.2; +https://openai.com/gptbot)"
66.249.65.163 - - [18/Jul/2025:14:36:05 +0000] "GET /items/art/musical-instruments/5047267/alalamy.com.au?_bd_prev_page=alalamy.com.au/detail.php?product/edit/A4288174491 HTTP/1.1" 200 19688 "-" "Mozilla/5.0 (Linux; Android 6.0.1; Nexus 5X Build/MMB29P) AppleWebKit/537.36 (KHTML, like Gecko) Chrome/137.0.7151.103 Mobile Safari/537.36 (compatible; GoogleOther)"
66.249.65.162 - - [18/Jul/2025:14:36:06 +0000] "POST /get-message-notify HTTP/1.1" 200 19461 "http://alalamy.com.au/items/art/musical-instruments/5047267/alalamy.com.au?_bd_prev_page=alalamy.com.au/detail.php?product/edit/A654149021" "Mozilla/5.0 (Linux; Android 6.0.1; Nexus 5X Build/MMB29P) AppleWebKit/537.36 (KHTML, like Gecko) Chrome/137.0.7151.119 Mobile Safari/537.36 (compatible; Googlebot/2.1; +http://www.google.com/bot.html)"
66.249.65.174 - - [18/Jul/2025:14:36:12 +0000] "POST /get-message-notify HTTP/1.1" 200 19461 "http://alalamy.com.au/items/art/musical-instruments/5047267/alalamy.com.au?_bd_prev_page=alalamy.com.au/detail.php?product/edit/A4288174491" "Mozilla/5.0 (Linux; Android 6.0.1; Nexus 5X Build/MMB29P) AppleWebKit/537.36 (KHTML, like Gecko) Chrome/137.0.7151.119 Mobile Safari/537.36 (compatible; Googlebot/2.1; +http://www.google.com/bot.html)"
66.249.65.174 - - [18/Jul/2025:14:36:15 +0000] "GET /items/art/musical-instruments/5047267/alalamy.com.au?_bd_prev_page=alalamy.com.au/detail.php?shopbrand/8354438.htm HTTP/1.1" 200 21090 "-" "Mozilla/5.0 (Linux; Android 6.0.1; Nexus 5X Build/MMB29P) AppleWebKit/537.36 (KHTML, like Gecko) Chrome/137.0.7151.103 Mobile Safari/537.36 (compatible; GoogleOther)"
66.249.65.161 - - [18/Jul/2025:14:36:18 +0000] "GET /items/art/musical-instruments/5047267/alalamy.com.au?_bd_prev_page=alalamy.com.au/detail.php?shopbrand/256091674.htm HTTP/1.1" 200 20577 "-" "Mozilla/5.0 (Linux; Android 6.0.1; Nexus 5X Build/MMB29P) AppleWebKit/537.36 (KHTML, like Gecko) Chrome/137.0.7151.103 Mobile Safari/537.36 (compatible; GoogleOther)"
66.249.65.160 - - [18/Jul/2025:14:36:21 +0000] "GET /items/art/musical-instruments/5047267/alalamy.com.au?_bd_prev_page=alalamy.com.au/detail.php?shopbrand/9034982.htm HTTP/1.1" 200 20209 "-" "Mozilla/5.0 (Linux; Android 6.0.1; Nexus 5X Build/MMB29P) AppleWebKit/537.36 (KHTML, like Gecko) Chrome/137.0.7151.103 Mobile Safari/537.36 (compatible; GoogleOther)"
66.249.65.162 - - [18/Jul/2025:14:36:23 +0000] "GET /items/art/musical-instruments/5047267/alalamy.com.au?_bd_prev_page=alalamy.com.au/detail.php?shopbrand/8704734.htm HTTP/1.1" 200 19964 "-" "Mozilla/5.0 (Linux; Android 6.0.1; Nexus 5X Build/MMB29P) AppleWebKit/537.36 (KHTML, like Gecko) Chrome/137.0.7151.103 Mobile Safari/537.36 (compatible; GoogleOther)"
66.249.74.13 - - [18/Jul/2025:14:36:26 +0000] "GET /items/handmade/paintings/5377890/alalamy.com.au/feature/akihabara_main/alalamy.com.au?_bd_prev_page=alalamy.com.au/detail.php?shopbrand/7998076.htm HTTP/1.1" 200 20380 "-" "Mozilla/5.0 (Linux; Android 6.0.1; Nexus 5X Build/MMB29P) AppleWebKit/537.36 (KHTML, like Gecko) Chrome/137.0.7151.103 Mobile Safari/537.36 (compatible; GoogleOther)"
66.249.65.160 - - [18/Jul/2025:14:36:28 +0000] "GET /items/art/musical-instruments/5047267/alalamy.com.au?_bd_prev_page=alalamy.com.au/detail.php?shopbrand/9044593.htm HTTP/1.1" 200 22058 "-" "Mozilla/5.0 (Linux; Android 6.0.1; Nexus 5X Build/MMB29P) AppleWebKit/537.36 (KHTML, like Gecko) Chrome/137.0.7151.103 Mobile Safari/537.36 (compatible; GoogleOther)"
66.249.65.160 - - [18/Jul/2025:14:36:39 +0000] "GET /items/art/musical-instruments/5047267/alalamy.com.au?_bd_prev_page=alalamy.com.au/detail.php?shopbrand/7795543.htm HTTP/1.1" 200 20154 "-" "Mozilla/5.0 (Linux; Android 6.0.1; Nexus 5X Build/MMB29P) AppleWebKit/537.36 (KHTML, like Gecko) Chrome/137.0.7151.103 Mobile Safari/537.36 (compatible; GoogleOther)"
66.249.74.12 - - [18/Jul/2025:14:36:41 +0000] "GET /items/handmade/paintings/5377890/feature/idol/alalamy.com.au?_bd_prev_page=alalamy.com.au/detail.php?shopbrand/9290883.htm HTTP/1.1" 200 19334 "-" "Mozilla/5.0 (Linux; Android 6.0.1; Nexus 5X Build/MMB29P) AppleWebKit/537.36 (KHTML, like Gecko) Chrome/137.0.7151.103 Mobile Safari/537.36 (compatible; GoogleOther)"
66.249.74.12 - - [18/Jul/2025:14:36:46 +0000] "GET /items/art/models/3062285/alalamy.com.au/product/edit/alalamy.com.au?_bd_prev_page=alalamy.com.au/detail.php?shopbrand/8297444.htm HTTP/1.1" 200 19226 "-" "Mozilla/5.0 (Linux; Android 6.0.1; Nexus 5X Build/MMB29P) AppleWebKit/537.36 (KHTML, like Gecko) Chrome/137.0.7151.103 Mobile Safari/537.36 (compatible; GoogleOther)"
66.249.65.164 - - [18/Jul/2025:14:36:49 +0000] "POST /get-message-notify HTTP/1.1" 200 19461 "http://alalamy.com.au/items/art/musical-instruments/5047267/alalamy.com.au?_bd_prev_page=alalamy.com.au/detail.php?shopbrand/7795543.htm" "Mozilla/5.0 (Linux; Android 6.0.1; Nexus 5X Build/MMB29P) AppleWebKit/537.36 (KHTML, like Gecko) Chrome/137.0.7151.119 Mobile Safari/537.36 (compatible; Googlebot/2.1; +http://www.google.com/bot.html)"
66.249.74.12 - - [18/Jul/2025:14:36:51 +0000] "GET /items/handmade/paintings/5377890/alalamy.com.au/feature/akihabara_main/alalamy.com.au?_bd_prev_page=alalamy.com.au/detail.php?shopbrand/8916854.htm HTTP/1.1" 200 20399 "-" "Mozilla/5.0 (Linux; Android 6.0.1; Nexus 5X Build/MMB29P) AppleWebKit/537.36 (KHTML, like Gecko) Chrome/137.0.7151.103 Mobile Safari/537.36 (compatible; GoogleOther)"
66.249.65.162 - - [18/Jul/2025:14:37:04 +0000] "POST /get-message-notify HTTP/1.1" 200 19461 "http://alalamy.com.au/items/art/musical-instruments/5047267/alalamy.com.au?_bd_prev_page=alalamy.com.au/detail.php?shopbrand/8704734.htm" "Mozilla/5.0 (Linux; Android 6.0.1; Nexus 5X Build/MMB29P) AppleWebKit/537.36 (KHTML, like Gecko) Chrome/137.0.7151.119 Mobile Safari/537.36 (compatible; Googlebot/2.1; +http://www.google.com/bot.html)"
20.171.207.85 - - [18/Jul/2025:14:37:06 +0000] "GET /items/fashion/womens/4193961/ HTTP/1.1" 404 20410 "-" "Mozilla/5.0 AppleWebKit/537.36 (KHTML, like Gecko; compatible; GPTBot/1.2; +https://openai.com/gptbot)"
66.249.74.13 - - [18/Jul/2025:14:37:07 +0000] "GET /items/handmade/paintings/5377890/feature/idol/alalamy.com.au?_bd_prev_page=alalamy.com.au/detail.php?shopbrand/68549937.htm HTTP/1.1" 200 19849 "-" "Mozilla/5.0 (Linux; Android 6.0.1; Nexus 5X Build/MMB29P) AppleWebKit/537.36 (KHTML, like Gecko) Chrome/137.0.7151.103 Mobile Safari/537.36 (compatible; GoogleOther)"
66.249.65.161 - - [18/Jul/2025:14:37:15 +0000] "GET /items/art/musical-instruments/5047267/alalamy.com.au?_bd_prev_page=alalamy.com.au/detail.php?shopbrand/8937011.htm HTTP/1.1" 200 19300 "-" "Mozilla/5.0 (Linux; Android 6.0.1; Nexus 5X Build/MMB29P) AppleWebKit/537.36 (KHTML, like Gecko) Chrome/137.0.7151.103 Mobile Safari/537.36 (compatible; GoogleOther)"
66.249.65.160 - - [18/Jul/2025:14:37:17 +0000] "GET /items/art/musical-instruments/5047267/alalamy.com.au?_bd_prev_page=alalamy.com.au/detail.php?shopbrand/7916451.htm HTTP/1.1" 200 19300 "-" "Mozilla/5.0 (Linux; Android 6.0.1; Nexus 5X Build/MMB29P) AppleWebKit/537.36 (KHTML, like Gecko) Chrome/137.0.7151.103 Mobile Safari/537.36 (compatible; GoogleOther)"
66.249.65.174 - - [18/Jul/2025:14:37:20 +0000] "GET /items/art/musical-instruments/5047267/alalamy.com.au?_bd_prev_page=alalamy.com.au/detail.php?shopbrand/231060256.htm HTTP/1.1" 200 19211 "-" "Mozilla/5.0 (Linux; Android 6.0.1; Nexus 5X Build/MMB29P) AppleWebKit/537.36 (KHTML, like Gecko) Chrome/137.0.7151.103 Mobile Safari/537.36 (compatible; GoogleOther)"
66.249.74.12 - - [18/Jul/2025:14:37:22 +0000] "GET /items/art/antiques/3994491/alalamy.com.au?_bd_prev_page=alalamy.com.au/detail.php?shopbrand/8926421.htm HTTP/1.1" 200 19457 "-" "Mozilla/5.0 (Linux; Android 6.0.1; Nexus 5X Build/MMB29P) AppleWebKit/537.36 (KHTML, like Gecko) Chrome/137.0.7151.103 Mobile Safari/537.36 (compatible; GoogleOther)"
66.249.74.12 - - [18/Jul/2025:14:37:27 +0000] "POST /get-message-notify HTTP/1.1" 200 19483 "http://www.alalamy.com.au/items/handmade/paintings/5377890/feature/idol/alalamy.com.au?_bd_prev_page=alalamy.com.au/detail.php?shopbrand/68549937.htm" "Mozilla/5.0 (Linux; Android 6.0.1; Nexus 5X Build/MMB29P) AppleWebKit/537.36 (KHTML, like Gecko) Chrome/137.0.7151.119 Mobile Safari/537.36 (compatible; Googlebot/2.1; +http://www.google.com/bot.html)"
66.249.74.12 - - [18/Jul/2025:14:37:30 +0000] "GET /items/handmade/paintings/alalamy.com.au/oreka/alalamy.com.au?_bd_prev_page=alalamy.com.au/detail.php?shopbrand/8934064.htm HTTP/1.1" 200 22915 "-" "Mozilla/5.0 (Linux; Android 6.0.1; Nexus 5X Build/MMB29P) AppleWebKit/537.36 (KHTML, like Gecko) Chrome/137.0.7151.103 Mobile Safari/537.36 (compatible; GoogleOther)"
66.249.65.174 - - [18/Jul/2025:14:37:35 +0000] "GET /items/art/musical-instruments/5047267/alalamy.com.au?_bd_prev_page=alalamy.com.au/detail.php?shopbrand/8111341.htm HTTP/1.1" 200 19932 "-" "Mozilla/5.0 (Linux; Android 6.0.1; Nexus 5X Build/MMB29P) AppleWebKit/537.36 (KHTML, like Gecko) Chrome/137.0.7151.103 Mobile Safari/537.36 (compatible; GoogleOther)"
66.249.65.161 - - [18/Jul/2025:14:37:38 +0000] "GET /items/art/musical-instruments/5047267/alalamy.com.au?_bd_prev_page=alalamy.com.au/detail.php?shopbrand/201258100.htm HTTP/1.1" 200 19495 "-" "Mozilla/5.0 (Linux; Android 6.0.1; Nexus 5X Build/MMB29P) AppleWebKit/537.36 (KHTML, like Gecko) Chrome/137.0.7151.103 Mobile Safari/537.36 (compatible; GoogleOther)"
66.249.65.164 - - [18/Jul/2025:14:37:48 +0000] "POST /get-message-notify HTTP/1.1" 200 19461 "http://alalamy.com.au/items/art/musical-instruments/5047267/alalamy.com.au?_bd_prev_page=alalamy.com.au/detail.php?shopbrand/201258100.htm" "Mozilla/5.0 (Linux; Android 6.0.1; Nexus 5X Build/MMB29P) AppleWebKit/537.36 (KHTML, like Gecko) Chrome/137.0.7151.119 Mobile Safari/537.36 (compatible; Googlebot/2.1; +http://www.google.com/bot.html)"
66.249.65.174 - - [18/Jul/2025:14:37:51 +0000] "GET /items/handicrafts/paintings/2644745/alalamy.com.au?_bd_prev_page=alalamy.com.au/detail.php?shopbrand/8401142.htm HTTP/1.1" 200 21502 "-" "Mozilla/5.0 (Linux; Android 6.0.1; Nexus 5X Build/MMB29P) AppleWebKit/537.36 (KHTML, like Gecko) Chrome/137.0.7151.103 Mobile Safari/537.36 (compatible; GoogleOther)"
66.249.65.162 - - [18/Jul/2025:14:37:56 +0000] "GET /items/art/musical-instruments/5047267/alalamy.com.au?_bd_prev_page=alalamy.com.au/detail.php?shopbrand/8410038.htm HTTP/1.1" 200 19452 "-" "Mozilla/5.0 (Linux; Android 6.0.1; Nexus 5X Build/MMB29P) AppleWebKit/537.36 (KHTML, like Gecko) Chrome/137.0.7151.103 Mobile Safari/537.36 (compatible; GoogleOther)"
66.249.65.162 - - [18/Jul/2025:14:37:57 +0000] "POST /get-message-notify HTTP/1.1" 200 19461 "http://alalamy.com.au/items/art/musical-instruments/5047267/alalamy.com.au?_bd_prev_page=alalamy.com.au/detail.php?shopbrand/231060256.htm" "Mozilla/5.0 (Linux; Android 6.0.1; Nexus 5X Build/MMB29P) AppleWebKit/537.36 (KHTML, like Gecko) Chrome/137.0.7151.119 Mobile Safari/537.36 (compatible; Googlebot/2.1; +http://www.google.com/bot.html)"
66.249.74.12 - - [18/Jul/2025:14:37:58 +0000] "GET /items/handmade/paintings/alalamy.com.au/oreka/alalamy.com.au?_bd_prev_page=alalamy.com.au/detail.php?shopbrand/8555611.htm HTTP/1.1" 200 21998 "-" "Mozilla/5.0 (Linux; Android 6.0.1; Nexus 5X Build/MMB29P) AppleWebKit/537.36 (KHTML, like Gecko) Chrome/137.0.7151.103 Mobile Safari/537.36 (compatible; GoogleOther)"
66.249.65.164 - - [18/Jul/2025:14:38:01 +0000] "GET /items/art/musical-instruments/5047267/alalamy.com.au?_bd_prev_page=alalamy.com.au/detail.php?shopbrand/8444111.htm HTTP/1.1" 200 20628 "-" "Mozilla/5.0 (Linux; Android 6.0.1; Nexus 5X Build/MMB29P) AppleWebKit/537.36 (KHTML, like Gecko) Chrome/137.0.7151.103 Mobile Safari/537.36 (compatible; GoogleOther)"
66.249.74.12 - - [18/Jul/2025:14:38:03 +0000] "GET /items/handmade/paintings/5377890/feature/idol/alalamy.com.au?_bd_prev_page=alalamy.com.au/detail.php?shopbrand/68557993.htm HTTP/1.1" 200 20573 "-" "Mozilla/5.0 (Linux; Android 6.0.1; Nexus 5X Build/MMB29P) AppleWebKit/537.36 (KHTML, like Gecko) Chrome/137.0.7151.103 Mobile Safari/537.36 (compatible; GoogleOther)"
66.249.65.160 - - [18/Jul/2025:14:38:06 +0000] "GET /items/art/musical-instruments/5047267/alalamy.com.au?_bd_prev_page=alalamy.com.au/detail.php?shopbrand/8434536.htm HTTP/1.1" 200 19866 "-" "Mozilla/5.0 (Linux; Android 6.0.1; Nexus 5X Build/MMB29P) AppleWebKit/537.36 (KHTML, like Gecko) Chrome/137.0.7151.103 Mobile Safari/537.36 (compatible; GoogleOther)"
209.74.77.214 - - [18/Jul/2025:14:38:06 +0000] "POST /wp-cron.php?doing_wp_cron=1752849486.9232780933380126953125 HTTP/1.1" 200 - "-" "WordPress/6.8.2; https://alalamy.com.au"
20.171.207.85 - - [18/Jul/2025:14:38:06 +0000] "GET /items/tools/spanners/5325586/ HTTP/1.1" 404 20410 "-" "Mozilla/5.0 AppleWebKit/537.36 (KHTML, like Gecko; compatible; GPTBot/1.2; +https://openai.com/gptbot)"
66.249.65.162 - - [18/Jul/2025:14:38:11 +0000] "GET /items/art/musical-instruments/5047267/alalamy.com.au?_bd_prev_page=alalamy.com.au/detail.php?product/edit/A1988983171 HTTP/1.1" 200 20468 "-" "Mozilla/5.0 (Linux; Android 6.0.1; Nexus 5X Build/MMB29P) AppleWebKit/537.36 (KHTML, like Gecko) Chrome/137.0.7151.103 Mobile Safari/537.36 (compatible; GoogleOther)"
66.249.74.12 - - [18/Jul/2025:14:38:16 +0000] "GET /items/handmade/paintings/5377890/feature/idol/alalamy.com.au?_bd_prev_page=alalamy.com.au/detail.php?shopbrand/8975075.htm HTTP/1.1" 200 19767 "-" "Mozilla/5.0 (Linux; Android 6.0.1; Nexus 5X Build/MMB29P) AppleWebKit/537.36 (KHTML, like Gecko) Chrome/137.0.7151.103 Mobile Safari/537.36 (compatible; GoogleOther)"
66.249.65.174 - - [18/Jul/2025:14:38:19 +0000] "POST /get-message-notify HTTP/1.1" 200 19461 "http://alalamy.com.au/items/art/musical-instruments/5047267/alalamy.com.au?_bd_prev_page=alalamy.com.au/detail.php?product/edit/A1988983171" "Mozilla/5.0 (Linux; Android 6.0.1; Nexus 5X Build/MMB29P) AppleWebKit/537.36 (KHTML, like Gecko) Chrome/137.0.7151.119 Mobile Safari/537.36 (compatible; Googlebot/2.1; +http://www.google.com/bot.html)"
66.249.65.174 - - [18/Jul/2025:14:38:24 +0000] "GET /items/art/musical-instruments/5047267/alalamy.com.au?_bd_prev_page=alalamy.com.au/detail.php?shopbrand/8937583.htm HTTP/1.1" 200 20844 "-" "Mozilla/5.0 (Linux; Android 6.0.1; Nexus 5X Build/MMB29P) AppleWebKit/537.36 (KHTML, like Gecko) Chrome/137.0.7151.103 Mobile Safari/537.36 (compatible; GoogleOther)"
66.249.65.161 - - [18/Jul/2025:14:38:27 +0000] "GET /items/handicrafts/paintings/2644745/alalamy.com.au?_bd_prev_page=alalamy.com.au/detail.php?shopbrand/8212392.htm HTTP/1.1" 200 19226 "-" "Mozilla/5.0 (Linux; Android 6.0.1; Nexus 5X Build/MMB29P) AppleWebKit/537.36 (KHTML, like Gecko) Chrome/137.0.7151.103 Mobile Safari/537.36 (compatible; GoogleOther)"
66.249.65.162 - - [18/Jul/2025:14:38:33 +0000] "POST /get-message-notify HTTP/1.1" 200 19461 "http://alalamy.com.au/items/art/musical-instruments/5047267/alalamy.com.au?_bd_prev_page=alalamy.com.au/detail.php?shopbrand/8715439.htm" "Mozilla/5.0 (Linux; Android 6.0.1; Nexus 5X Build/MMB29P) AppleWebKit/537.36 (KHTML, like Gecko) Chrome/137.0.7151.119 Mobile Safari/537.36 (compatible; Googlebot/2.1; +http://www.google.com/bot.html)"
66.249.65.161 - - [18/Jul/2025:14:38:34 +0000] "GET /items/art/musical-instruments/5047267/alalamy.com.au?_bd_prev_page=alalamy.com.au/detail.php?shopbrand/8805370.htm HTTP/1.1" 200 19145 "-" "Mozilla/5.0 (Linux; Android 6.0.1; Nexus 5X Build/MMB29P) AppleWebKit/537.36 (KHTML, like Gecko) Chrome/137.0.7151.103 Mobile Safari/537.36 (compatible; GoogleOther)"
66.249.74.12 - - [18/Jul/2025:14:38:40 +0000] "GET /items/art/antiques/3994491/alalamy.com.au?_bd_prev_page=alalamy.com.au/detail.php?shopbrand/7788031.htm HTTP/1.1" 200 19329 "-" "Mozilla/5.0 (Linux; Android 6.0.1; Nexus 5X Build/MMB29P) AppleWebKit/537.36 (KHTML, like Gecko) Chrome/137.0.7151.103 Mobile Safari/537.36 (compatible; GoogleOther)"
66.249.74.12 - - [18/Jul/2025:14:38:42 +0000] "GET /items/art/antiques/3994491/alalamy.com.au?_bd_prev_page=alalamy.com.au/detail.php?shopbrand/8503331.htm HTTP/1.1" 200 19541 "-" "Mozilla/5.0 (Linux; Android 6.0.1; Nexus 5X Build/MMB29P) AppleWebKit/537.36 (KHTML, like Gecko) Chrome/137.0.7151.103 Mobile Safari/537.36 (compatible; GoogleOther)"
66.249.74.12 - - [18/Jul/2025:14:38:50 +0000] "GET /items/handmade/paintings/5377890/feature/idol/alalamy.com.au?_bd_prev_page=alalamy.com.au/detail.php?shopbrand/7801790.htm HTTP/1.1" 200 20324 "-" "Mozilla/5.0 (Linux; Android 6.0.1; Nexus 5X Build/MMB29P) AppleWebKit/537.36 (KHTML, like Gecko) Chrome/137.0.7151.103 Mobile Safari/537.36 (compatible; GoogleOther)"
66.249.65.162 - - [18/Jul/2025:14:38:58 +0000] "GET /items/handicrafts/paintings/2644745/alalamy.com.au?_bd_prev_page=alalamy.com.au/detail.php?shopbrand/8926719.htm HTTP/1.1" 200 19471 "-" "Mozilla/5.0 (Linux; Android 6.0.1; Nexus 5X Build/MMB29P) AppleWebKit/537.36 (KHTML, like Gecko) Chrome/137.0.7151.103 Mobile Safari/537.36 (compatible; GoogleOther)"
