66.249.65.174 - - [18/Jul/2025:14:57:40 +0000] "GET /items/handicrafts/paintings/2644745/50 HTTP/1.1" 200 19862 "-" "Mozilla/5.0 (Linux; Android 6.0.1; Nexus 5X Build/MMB29P) AppleWebKit/537.36 (KHTML, like Gecko) Chrome/137.0.7151.103 Mobile Safari/537.36 (compatible; GoogleOther)"
66.249.65.160 - - [18/Jul/2025:14:57:42 +0000] "GET /items/handicrafts/paintings/2644745/usm_0.66_1.00_0.01 HTTP/1.1" 200 19893 "-" "Mozilla/5.0 (Linux; Android 6.0.1; Nexus 5X Build/MMB29P) AppleWebKit/537.36 (KHTML, like Gecko) Chrome/137.0.7151.103 Mobile Safari/537.36 (compatible; GoogleOther)"
66.249.65.160 - - [18/Jul/2025:14:57:44 +0000] "POST /get-message-notify HTTP/1.1" 200 19461 "http://alalamy.com.au/items/handicrafts/paintings/2644745/usm_0.66_1.00_0.01" "Mozilla/5.0 (Linux; Android 6.0.1; Nexus 5X Build/MMB29P) AppleWebKit/537.36 (KHTML, like Gecko) Chrome/137.0.7151.119 Mobile Safari/537.36 (compatible; Googlebot/2.1; +http://www.google.com/bot.html)"
66.249.65.161 - - [18/Jul/2025:14:57:44 +0000] "POST /get-message-notify HTTP/1.1" 200 19461 "http://alalamy.com.au/items/handicrafts/paintings/2644745/50" "Mozilla/5.0 (Linux; Android 6.0.1; Nexus 5X Build/MMB29P) AppleWebKit/537.36 (KHTML, like Gecko) Chrome/137.0.7151.119 Mobile Safari/537.36 (compatible; Googlebot/2.1; +http://www.google.com/bot.html)"
66.249.74.14 - - [18/Jul/2025:14:57:45 +0000] "GET /items/handmade/paintings/5377890/alalamy.com.au/feature/akihabara_main/1000 HTTP/1.1" 200 18328 "-" "Mozilla/5.0 (Linux; Android 6.0.1; Nexus 5X Build/MMB29P) AppleWebKit/537.36 (KHTML, like Gecko) Chrome/137.0.7151.103 Mobile Safari/537.36 (compatible; GoogleOther)"
66.249.65.160 - - [18/Jul/2025:14:57:47 +0000] "GET /items/handicrafts/paintings/2644745/C_ZA116 HTTP/1.1" 200 19874 "-" "Mozilla/5.0 (Linux; Android 6.0.1; Nexus 5X Build/MMB29P) AppleWebKit/537.36 (KHTML, like Gecko) Chrome/137.0.7151.103 Mobile Safari/537.36 (compatible; GoogleOther)"
66.249.74.12 - - [18/Jul/2025:14:57:50 +0000] "GET /items/handmade/paintings/5377890/feature/idol/x_0.000 HTTP/1.1" 200 18325 "-" "Mozilla/5.0 (Linux; Android 6.0.1; Nexus 5X Build/MMB29P) AppleWebKit/537.36 (KHTML, like Gecko) Chrome/137.0.7151.103 Mobile Safari/537.36 (compatible; GoogleOther)"
209.74.77.214 - - [18/Jul/2025:14:58:05 +0000] "POST /wp-cron.php?doing_wp_cron=1752850685.3129229545593261718750 HTTP/1.1" 200 - "-" "WordPress/6.8.2; https://alalamy.com.au"
20.171.207.85 - - [18/Jul/2025:14:58:05 +0000] "GET /items/interior/vases/2308698/ HTTP/1.1" 404 20410 "-" "Mozilla/5.0 AppleWebKit/537.36 (KHTML, like Gecko; compatible; GPTBot/1.2; +https://openai.com/gptbot)"
66.249.65.174 - - [18/Jul/2025:14:58:09 +0000] "POST /get-message-notify HTTP/1.1" 200 19461 "http://alalamy.com.au/items/handicrafts/paintings/2644745/500" "Mozilla/5.0 (Linux; Android 6.0.1; Nexus 5X Build/MMB29P) AppleWebKit/537.36 (KHTML, like Gecko) Chrome/137.0.7151.119 Mobile Safari/537.36 (compatible; Googlebot/2.1; +http://www.google.com/bot.html)"
20.171.207.85 - - [18/Jul/2025:15:01:11 +0000] "GET /items/fashion/womens/2802218/ HTTP/1.1" 404 20410 "-" "Mozilla/5.0 AppleWebKit/537.36 (KHTML, like Gecko; compatible; GPTBot/1.2; +https://openai.com/gptbot)"
66.249.74.13 - - [18/Jul/2025:15:02:22 +0000] "POST /get-message-notify HTTP/1.1" 200 19483 "http://www.alalamy.com.au/items/handmade/paintings/5377890/alalamy.com.au/feature/akihabara_main/alalamy.com.au?_bd_prev_page=alalamy.com.au/detail.php?shopbrand/8880571.htm" "Mozilla/5.0 (Linux; Android 6.0.1; Nexus 5X Build/MMB29P) AppleWebKit/537.36 (KHTML, like Gecko) Chrome/137.0.7151.119 Mobile Safari/537.36 (compatible; Googlebot/2.1; +http://www.google.com/bot.html)"
20.171.207.85 - - [18/Jul/2025:15:04:18 +0000] "GET /items/alcohol/fruit/1819884/ HTTP/1.1" 404 20410 "-" "Mozilla/5.0 AppleWebKit/537.36 (KHTML, like Gecko; compatible; GPTBot/1.2; +https://openai.com/gptbot)"
66.249.74.12 - - [18/Jul/2025:15:05:48 +0000] "POST /get-message-notify HTTP/1.1" 200 19483 "http://www.alalamy.com.au/items/handmade/paintings/5377890/alalamy.com.au/feature/akihabara_main/alalamy.com.au?_bd_prev_page=alalamy.com.au/detail.php?shopbrand/275489402.htm" "Mozilla/5.0 (Linux; Android 6.0.1; Nexus 5X Build/MMB29P) AppleWebKit/537.36 (KHTML, like Gecko) Chrome/137.0.7151.119 Mobile Safari/537.36 (compatible; Googlebot/2.1; +http://www.google.com/bot.html)"
209.74.77.214 - - [18/Jul/2025:15:08:01 +0000] "POST /wp-cron.php?doing_wp_cron=1752851281.6817309856414794921875 HTTP/1.1" 200 - "-" "WordPress/6.8.2; https://alalamy.com.au"
57.141.2.15 - - [18/Jul/2025:15:08:01 +0000] "GET /shopbrand/278639682.htm HTTP/1.1" 301 - "-" "meta-externalagent/1.1 (+https://developers.facebook.com/docs/sharing/webmasters/crawler)"
57.141.2.26 - - [18/Jul/2025:15:08:07 +0000] "GET /shopbrand/278639682.htm HTTP/1.1" 404 98826 "-" "meta-externalagent/1.1 (+https://developers.facebook.com/docs/sharing/webmasters/crawler)"
209.74.77.214 - - [18/Jul/2025:15:09:01 +0000] "POST /wp-cron.php?doing_wp_cron=1752851341.6736290454864501953125 HTTP/1.1" 200 - "-" "WordPress/6.8.2; https://alalamy.com.au"
57.141.2.28 - - [18/Jul/2025:15:09:01 +0000] "GET /shopbrand/278714583.htm HTTP/1.1" 301 - "-" "meta-externalagent/1.1 (+https://developers.facebook.com/docs/sharing/webmasters/crawler)"
57.141.2.9 - - [18/Jul/2025:15:09:06 +0000] "GET /shopbrand/278714583.htm HTTP/1.1" 404 98826 "-" "meta-externalagent/1.1 (+https://developers.facebook.com/docs/sharing/webmasters/crawler)"
209.74.77.214 - - [18/Jul/2025:15:09:33 +0000] "POST /wp-cron.php?doing_wp_cron=1752851373.6209139823913574218750 HTTP/1.1" 200 - "-" "WordPress/6.8.2; https://alalamy.com.au"
20.171.207.85 - - [18/Jul/2025:15:09:33 +0000] "GET /items/bicycles/parts/3667213/ HTTP/1.1" 404 20409 "-" "Mozilla/5.0 AppleWebKit/537.36 (KHTML, like Gecko; compatible; GPTBot/1.2; +https://openai.com/gptbot)"
209.74.77.214 - - [18/Jul/2025:15:10:39 +0000] "POST /wp-cron.php?doing_wp_cron=1752851439.3823349475860595703125 HTTP/1.1" 200 - "-" "WordPress/6.8.2; https://alalamy.com.au"
20.171.207.85 - - [18/Jul/2025:15:10:39 +0000] "GET /items/tools/hardware/5174544/ HTTP/1.1" 404 20410 "-" "Mozilla/5.0 AppleWebKit/537.36 (KHTML, like Gecko; compatible; GPTBot/1.2; +https://openai.com/gptbot)"
209.74.77.214 - - [18/Jul/2025:15:11:06 +0000] "POST /wp-cron.php?doing_wp_cron=1752851466.5059399604797363281250 HTTP/1.1" 200 - "-" "WordPress/6.8.2; https://alalamy.com.au"
57.141.2.19 - - [18/Jul/2025:15:11:06 +0000] "GET /shopbrand/278645798.htm HTTP/1.1" 301 - "-" "meta-externalagent/1.1 (+https://developers.facebook.com/docs/sharing/webmasters/crawler)"
20.171.207.85 - - [18/Jul/2025:15:11:44 +0000] "GET /items/fashion/womens/3189196/ HTTP/1.1" 404 20410 "-" "Mozilla/5.0 AppleWebKit/537.36 (KHTML, like Gecko; compatible; GPTBot/1.2; +https://openai.com/gptbot)"
20.171.207.85 - - [18/Jul/2025:15:12:48 +0000] "GET /items/fashion/womens/5009144/ HTTP/1.1" 404 20410 "-" "Mozilla/5.0 AppleWebKit/537.36 (KHTML, like Gecko; compatible; GPTBot/1.2; +https://openai.com/gptbot)"
66.249.65.174 - - [18/Jul/2025:15:14:23 +0000] "POST /get-message-notify HTTP/1.1" 200 19461 "http://alalamy.com.au/items/handicrafts/paintings/2644745/usm_0.66_1.00_0.01" "Mozilla/5.0 (Linux; Android 6.0.1; Nexus 5X Build/MMB29P) AppleWebKit/537.36 (KHTML, like Gecko) Chrome/137.0.7151.119 Mobile Safari/537.36 (compatible; Googlebot/2.1; +http://www.google.com/bot.html)"
20.171.207.85 - - [18/Jul/2025:15:14:57 +0000] "GET /items/audio/cameras/2010415/ HTTP/1.1" 404 20410 "-" "Mozilla/5.0 AppleWebKit/537.36 (KHTML, like Gecko; compatible; GPTBot/1.2; +https://openai.com/gptbot)"
209.74.77.214 - - [18/Jul/2025:15:17:03 +0000] "POST /wp-cron.php?doing_wp_cron=1752851823.1905560493469238281250 HTTP/1.1" 200 - "-" "WordPress/6.8.2; https://alalamy.com.au"
20.171.207.85 - - [18/Jul/2025:15:17:02 +0000] "GET /items/fashion/womens/4701312/ HTTP/1.1" 404 20410 "-" "Mozilla/5.0 AppleWebKit/537.36 (KHTML, like Gecko; compatible; GPTBot/1.2; +https://openai.com/gptbot)"
209.74.77.214 - - [18/Jul/2025:15:18:03 +0000] "POST /wp-cron.php?doing_wp_cron=1752851883.7626230716705322265625 HTTP/1.1" 200 - "-" "WordPress/6.8.2; https://alalamy.com.au"
20.171.207.85 - - [18/Jul/2025:15:18:03 +0000] "GET /items/fashion/womens/2390839/ HTTP/1.1" 404 20410 "-" "Mozilla/5.0 AppleWebKit/537.36 (KHTML, like Gecko; compatible; GPTBot/1.2; +https://openai.com/gptbot)"
209.74.77.214 - - [18/Jul/2025:15:19:04 +0000] "POST /wp-cron.php?doing_wp_cron=1752851944.4662389755249023437500 HTTP/1.1" 200 - "-" "WordPress/6.8.2; https://alalamy.com.au"
20.171.207.85 - - [18/Jul/2025:15:19:03 +0000] "GET /items/fashion/womens/4312307/ HTTP/1.1" 404 20410 "-" "Mozilla/5.0 AppleWebKit/537.36 (KHTML, like Gecko; compatible; GPTBot/1.2; +https://openai.com/gptbot)"
57.141.2.25 - - [18/Jul/2025:15:19:06 +0000] "GET /shopbrand/278640095.htm HTTP/1.1" 301 - "-" "meta-externalagent/1.1 (+https://developers.facebook.com/docs/sharing/webmasters/crawler)"
57.141.2.7 - - [18/Jul/2025:15:19:08 +0000] "GET /shopbrand/278665389.htm HTTP/1.1" 301 - "-" "meta-externalagent/1.1 (+https://developers.facebook.com/docs/sharing/webmasters/crawler)"
57.141.2.13 - - [18/Jul/2025:15:19:28 +0000] "GET /shopbrand/278640095.htm HTTP/1.1" 404 98826 "-" "meta-externalagent/1.1 (+https://developers.facebook.com/docs/sharing/webmasters/crawler)"
209.74.77.214 - - [18/Jul/2025:15:19:51 +0000] "POST /wp-cron.php?doing_wp_cron=1752851991.9589619636535644531250 HTTP/1.1" 200 - "-" "WordPress/6.8.2; https://alalamy.com.au"
57.141.2.1 - - [18/Jul/2025:15:19:51 +0000] "GET /shopbrand/278639797.htm HTTP/1.1" 301 - "-" "meta-externalagent/1.1 (+https://developers.facebook.com/docs/sharing/webmasters/crawler)"
57.141.2.20 - - [18/Jul/2025:15:19:58 +0000] "GET /shopbrand/278639797.htm HTTP/1.1" 404 98826 "-" "meta-externalagent/1.1 (+https://developers.facebook.com/docs/sharing/webmasters/crawler)"
209.74.77.214 - - [18/Jul/2025:15:20:08 +0000] "POST /wp-cron.php?doing_wp_cron=1752852008.2606899738311767578125 HTTP/1.1" 200 - "-" "WordPress/6.8.2; https://alalamy.com.au"
20.171.207.85 - - [18/Jul/2025:15:20:07 +0000] "GET /items/audio/cameras/3524015/ HTTP/1.1" 404 20410 "-" "Mozilla/5.0 AppleWebKit/537.36 (KHTML, like Gecko; compatible; GPTBot/1.2; +https://openai.com/gptbot)"
57.141.2.3 - - [18/Jul/2025:15:20:59 +0000] "GET /shopbrand/278665814.htm HTTP/1.1" 301 - "-" "meta-externalagent/1.1 (+https://developers.facebook.com/docs/sharing/webmasters/crawler)"
20.171.207.85 - - [18/Jul/2025:15:21:13 +0000] "GET /items/bicycles/cars/2712296/ HTTP/1.1" 404 20410 "-" "Mozilla/5.0 AppleWebKit/537.36 (KHTML, like Gecko; compatible; GPTBot/1.2; +https://openai.com/gptbot)"
57.141.2.21 - - [18/Jul/2025:15:21:20 +0000] "GET /shopbrand/278665814.htm HTTP/1.1" 404 98826 "-" "meta-externalagent/1.1 (+https://developers.facebook.com/docs/sharing/webmasters/crawler)"
20.171.207.85 - - [18/Jul/2025:15:23:20 +0000] "GET /items/beauty/others/3340945/ HTTP/1.1" 404 20410 "-" "Mozilla/5.0 AppleWebKit/537.36 (KHTML, like Gecko; compatible; GPTBot/1.2; +https://openai.com/gptbot)"
20.171.207.85 - - [18/Jul/2025:15:24:20 +0000] "GET /items/fashion/womens/4348600/ HTTP/1.1" 404 20410 "-" "Mozilla/5.0 AppleWebKit/537.36 (KHTML, like Gecko; compatible; GPTBot/1.2; +https://openai.com/gptbot)"
209.74.77.214 - - [18/Jul/2025:15:25:26 +0000] "POST /wp-cron.php?doing_wp_cron=1752852326.0308079719543457031250 HTTP/1.1" 200 - "-" "WordPress/6.8.2; https://alalamy.com.au"
20.171.207.85 - - [18/Jul/2025:15:25:25 +0000] "GET /items/audio/cameras/4925042/ HTTP/1.1" 404 20410 "-" "Mozilla/5.0 AppleWebKit/537.36 (KHTML, like Gecko; compatible; GPTBot/1.2; +https://openai.com/gptbot)"
57.141.2.24 - - [18/Jul/2025:15:26:45 +0000] "GET /shopbrand/278689696.htm HTTP/1.1" 301 - "-" "meta-externalagent/1.1 (+https://developers.facebook.com/docs/sharing/webmasters/crawler)"
209.74.77.214 - - [18/Jul/2025:15:26:53 +0000] "POST /wp-cron.php?doing_wp_cron=1752852413.4290459156036376953125 HTTP/1.1" 200 - "-" "WordPress/6.8.2; https://alalamy.com.au"
57.141.2.12 - - [18/Jul/2025:15:26:53 +0000] "GET /shopbrand/278712933.htm HTTP/1.1" 301 - "-" "meta-externalagent/1.1 (+https://developers.facebook.com/docs/sharing/webmasters/crawler)"
57.141.2.29 - - [18/Jul/2025:15:28:10 +0000] "GET /shopbrand/278622146.htm HTTP/1.1" 301 - "-" "meta-externalagent/1.1 (+https://developers.facebook.com/docs/sharing/webmasters/crawler)"
57.141.2.3 - - [18/Jul/2025:15:28:17 +0000] "GET /shopbrand/278622146.htm HTTP/1.1" 404 98826 "-" "meta-externalagent/1.1 (+https://developers.facebook.com/docs/sharing/webmasters/crawler)"
57.141.2.6 - - [18/Jul/2025:15:28:40 +0000] "GET /shopbrand/278608536.htm HTTP/1.1" 301 - "-" "meta-externalagent/1.1 (+https://developers.facebook.com/docs/sharing/webmasters/crawler)"
209.74.77.214 - - [18/Jul/2025:15:28:51 +0000] "POST /wp-cron.php?doing_wp_cron=1752852531.4108800888061523437500 HTTP/1.1" 200 - "-" "WordPress/6.8.2; https://alalamy.com.au"
57.141.2.6 - - [18/Jul/2025:15:28:51 +0000] "GET /shopbrand/278645216.htm HTTP/1.1" 301 - "-" "meta-externalagent/1.1 (+https://developers.facebook.com/docs/sharing/webmasters/crawler)"
57.141.2.16 - - [18/Jul/2025:15:28:55 +0000] "GET /shopbrand/278702667.htm HTTP/1.1" 301 - "-" "meta-externalagent/1.1 (+https://developers.facebook.com/docs/sharing/webmasters/crawler)"
209.74.77.214 - - [18/Jul/2025:15:29:43 +0000] "POST /wp-cron.php?doing_wp_cron=1752852583.8483459949493408203125 HTTP/1.1" 200 - "-" "WordPress/6.8.2; https://alalamy.com.au"
20.171.207.85 - - [18/Jul/2025:15:29:43 +0000] "GET /items/tv/television/5276940/ HTTP/1.1" 404 20410 "-" "Mozilla/5.0 AppleWebKit/537.36 (KHTML, like Gecko; compatible; GPTBot/1.2; +https://openai.com/gptbot)"
20.171.207.85 - - [18/Jul/2025:15:31:48 +0000] "GET /items/sports/running/2725373/ HTTP/1.1" 404 20410 "-" "Mozilla/5.0 AppleWebKit/537.36 (KHTML, like Gecko; compatible; GPTBot/1.2; +https://openai.com/gptbot)"
57.141.2.23 - - [18/Jul/2025:15:32:48 +0000] "GET /shopbrand/278695282.htm HTTP/1.1" 301 - "-" "meta-externalagent/1.1 (+https://developers.facebook.com/docs/sharing/webmasters/crawler)"
20.171.207.85 - - [18/Jul/2025:15:32:54 +0000] "GET /items/diet/placenta/4750798/ HTTP/1.1" 404 20410 "-" "Mozilla/5.0 AppleWebKit/537.36 (KHTML, like Gecko; compatible; GPTBot/1.2; +https://openai.com/gptbot)"
57.141.2.27 - - [18/Jul/2025:15:32:58 +0000] "GET /shopbrand/278661356.htm HTTP/1.1" 301 - "-" "meta-externalagent/1.1 (+https://developers.facebook.com/docs/sharing/webmasters/crawler)"
209.74.77.214 - - [18/Jul/2025:15:33:02 +0000] "POST /wp-cron.php?doing_wp_cron=1752852782.7753388881683349609375 HTTP/1.1" 200 - "-" "WordPress/6.8.2; https://alalamy.com.au"
57.141.2.3 - - [18/Jul/2025:15:33:02 +0000] "GET /shopbrand/278695016.htm HTTP/1.1" 301 - "-" "meta-externalagent/1.1 (+https://developers.facebook.com/docs/sharing/webmasters/crawler)"
57.141.2.16 - - [18/Jul/2025:15:33:16 +0000] "GET /shopbrand/278648578.htm HTTP/1.1" 301 - "-" "meta-externalagent/1.1 (+https://developers.facebook.com/docs/sharing/webmasters/crawler)"
57.141.2.8 - - [18/Jul/2025:15:33:21 +0000] "GET /shopbrand/278648578.htm HTTP/1.1" 404 98826 "-" "meta-externalagent/1.1 (+https://developers.facebook.com/docs/sharing/webmasters/crawler)"
209.74.77.214 - - [18/Jul/2025:15:33:56 +0000] "POST /wp-cron.php?doing_wp_cron=1752852836.4282109737396240234375 HTTP/1.1" 200 - "-" "WordPress/6.8.2; https://alalamy.com.au"
20.171.207.85 - - [18/Jul/2025:15:33:56 +0000] "GET /items/fashion/womens/2315114/ HTTP/1.1" 404 20410 "-" "Mozilla/5.0 AppleWebKit/537.36 (KHTML, like Gecko; compatible; GPTBot/1.2; +https://openai.com/gptbot)"
209.74.77.214 - - [18/Jul/2025:15:36:00 +0000] "POST /wp-cron.php?doing_wp_cron=1752852960.9563419818878173828125 HTTP/1.1" 200 - "-" "WordPress/6.8.2; https://alalamy.com.au"
20.171.207.85 - - [18/Jul/2025:15:36:00 +0000] "GET /items/fashion/womens/4090358/ HTTP/1.1" 404 20410 "-" "Mozilla/5.0 AppleWebKit/537.36 (KHTML, like Gecko; compatible; GPTBot/1.2; +https://openai.com/gptbot)"
209.74.77.214 - - [18/Jul/2025:15:37:03 +0000] "POST /wp-cron.php?doing_wp_cron=1752853023.8716790676116943359375 HTTP/1.1" 200 - "-" "WordPress/6.8.2; https://alalamy.com.au"
57.141.2.16 - - [18/Jul/2025:15:37:03 +0000] "GET /shopbrand/278694567.htm HTTP/1.1" 301 - "-" "meta-externalagent/1.1 (+https://developers.facebook.com/docs/sharing/webmasters/crawler)"
57.141.2.16 - - [18/Jul/2025:15:37:06 +0000] "GET /shopbrand/278694567.htm HTTP/1.1" 404 98826 "-" "meta-externalagent/1.1 (+https://developers.facebook.com/docs/sharing/webmasters/crawler)"
209.74.77.214 - - [18/Jul/2025:15:38:11 +0000] "POST /wp-cron.php?doing_wp_cron=1752853091.9608089923858642578125 HTTP/1.1" 200 - "-" "WordPress/6.8.2; https://alalamy.com.au"
20.171.207.85 - - [18/Jul/2025:15:38:11 +0000] "GET /items/audio/cameras/4513136/ HTTP/1.1" 404 20410 "-" "Mozilla/5.0 AppleWebKit/537.36 (KHTML, like Gecko; compatible; GPTBot/1.2; +https://openai.com/gptbot)"
209.74.77.214 - - [18/Jul/2025:15:38:53 +0000] "POST /wp-cron.php?doing_wp_cron=1752853133.0649640560150146484375 HTTP/1.1" 200 - "-" "WordPress/6.8.2; https://alalamy.com.au"
57.141.2.6 - - [18/Jul/2025:15:38:52 +0000] "GET /shopbrand/278639956.htm HTTP/1.1" 301 - "-" "meta-externalagent/1.1 (+https://developers.facebook.com/docs/sharing/webmasters/crawler)"
209.74.77.214 - - [18/Jul/2025:15:39:06 +0000] "POST /wp-cron.php?doing_wp_cron=1752853146.7896270751953125000000 HTTP/1.1" 200 - "-" "WordPress/6.8.2; https://alalamy.com.au"
57.141.2.7 - - [18/Jul/2025:15:39:05 +0000] "GET /shopbrand/278639956.htm HTTP/1.1" 404 98826 "-" "meta-externalagent/1.1 (+https://developers.facebook.com/docs/sharing/webmasters/crawler)"
20.171.207.85 - - [18/Jul/2025:15:39:15 +0000] "GET /items/art/equipment/4450304/ HTTP/1.1" 404 20410 "-" "Mozilla/5.0 AppleWebKit/537.36 (KHTML, like Gecko; compatible; GPTBot/1.2; +https://openai.com/gptbot)"
20.171.207.85 - - [18/Jul/2025:15:40:16 +0000] "GET /items/bicycles/cars/4391655/ HTTP/1.1" 404 20410 "-" "Mozilla/5.0 AppleWebKit/537.36 (KHTML, like Gecko; compatible; GPTBot/1.2; +https://openai.com/gptbot)"
20.171.207.85 - - [18/Jul/2025:15:42:24 +0000] "GET /items/fashion/womens/2887782/ HTTP/1.1" 404 20410 "-" "Mozilla/5.0 AppleWebKit/537.36 (KHTML, like Gecko; compatible; GPTBot/1.2; +https://openai.com/gptbot)"
20.171.207.85 - - [18/Jul/2025:15:44:26 +0000] "GET /items/fashion/womens/5532633/ HTTP/1.1" 404 20410 "-" "Mozilla/5.0 AppleWebKit/537.36 (KHTML, like Gecko; compatible; GPTBot/1.2; +https://openai.com/gptbot)"
209.74.77.214 - - [18/Jul/2025:15:44:46 +0000] "POST /wp-cron.php?doing_wp_cron=1752853486.6734719276428222656250 HTTP/1.1" 200 - "-" "WordPress/6.8.2; https://alalamy.com.au"
57.141.2.28 - - [18/Jul/2025:15:44:45 +0000] "GET /shopbrand/278704019.htm HTTP/1.1" 301 - "-" "meta-externalagent/1.1 (+https://developers.facebook.com/docs/sharing/webmasters/crawler)"
209.74.77.214 - - [18/Jul/2025:15:44:53 +0000] "POST /wp-cron.php?doing_wp_cron=1752853493.3689210414886474609375 HTTP/1.1" 200 - "-" "WordPress/6.8.2; https://alalamy.com.au"
57.141.2.12 - - [18/Jul/2025:15:44:53 +0000] "GET /shopbrand/278704019.htm HTTP/1.1" 404 98826 "-" "meta-externalagent/1.1 (+https://developers.facebook.com/docs/sharing/webmasters/crawler)"
57.141.2.9 - - [18/Jul/2025:15:44:57 +0000] "GET /shopbrand/278712774.htm HTTP/1.1" 301 - "-" "meta-externalagent/1.1 (+https://developers.facebook.com/docs/sharing/webmasters/crawler)"
20.171.207.85 - - [18/Jul/2025:15:45:26 +0000] "GET /items/tv/television/2160971/ HTTP/1.1" 404 20410 "-" "Mozilla/5.0 AppleWebKit/537.36 (KHTML, like Gecko; compatible; GPTBot/1.2; +https://openai.com/gptbot)"
57.141.2.7 - - [18/Jul/2025:15:51:55 +0000] "GET /shopbrand/278619666.htm HTTP/1.1" 301 - "-" "meta-externalagent/1.1 (+https://developers.facebook.com/docs/sharing/webmasters/crawler)"
57.141.2.16 - - [18/Jul/2025:15:51:55 +0000] "GET /shopbrand/278632454.htm HTTP/1.1" 301 - "-" "meta-externalagent/1.1 (+https://developers.facebook.com/docs/sharing/webmasters/crawler)"
57.141.2.4 - - [18/Jul/2025:15:52:08 +0000] "GET /shopbrand/278680701.htm HTTP/1.1" 301 - "-" "meta-externalagent/1.1 (+https://developers.facebook.com/docs/sharing/webmasters/crawler)"
57.141.2.30 - - [18/Jul/2025:15:52:12 +0000] "GET /shopbrand/278680701.htm HTTP/1.1" 404 98826 "-" "meta-externalagent/1.1 (+https://developers.facebook.com/docs/sharing/webmasters/crawler)"
57.141.2.28 - - [18/Jul/2025:15:52:14 +0000] "GET /shopbrand/278651515.htm HTTP/1.1" 301 - "-" "meta-externalagent/1.1 (+https://developers.facebook.com/docs/sharing/webmasters/crawler)"
20.171.207.85 - - [18/Jul/2025:15:52:56 +0000] "GET /items/fishing/tents/4950727/ HTTP/1.1" 404 20410 "-" "Mozilla/5.0 AppleWebKit/537.36 (KHTML, like Gecko; compatible; GPTBot/1.2; +https://openai.com/gptbot)"
209.74.77.214 - - [18/Jul/2025:15:53:01 +0000] "POST /wp-cron.php?doing_wp_cron=1752853981.6654129028320312500000 HTTP/1.1" 200 - "-" "WordPress/6.8.2; https://alalamy.com.au"
57.141.2.16 - - [18/Jul/2025:15:53:01 +0000] "GET /shopbrand/278627881.htm HTTP/1.1" 301 - "-" "meta-externalagent/1.1 (+https://developers.facebook.com/docs/sharing/webmasters/crawler)"
57.141.2.28 - - [18/Jul/2025:15:53:05 +0000] "GET /shopbrand/278682651.htm HTTP/1.1" 301 - "-" "meta-externalagent/1.1 (+https://developers.facebook.com/docs/sharing/webmasters/crawler)"
57.141.2.1 - - [18/Jul/2025:15:53:10 +0000] "GET /shopbrand/278643415.htm HTTP/1.1" 301 - "-" "meta-externalagent/1.1 (+https://developers.facebook.com/docs/sharing/webmasters/crawler)"
57.141.2.24 - - [18/Jul/2025:15:53:11 +0000] "GET /shopbrand/278616461.htm HTTP/1.1" 301 - "-" "meta-externalagent/1.1 (+https://developers.facebook.com/docs/sharing/webmasters/crawler)"
57.141.2.5 - - [18/Jul/2025:15:53:16 +0000] "GET /shopbrand/278627881.htm HTTP/1.1" 404 98826 "-" "meta-externalagent/1.1 (+https://developers.facebook.com/docs/sharing/webmasters/crawler)"
57.141.2.11 - - [18/Jul/2025:15:53:17 +0000] "GET /shopbrand/278642577.htm HTTP/1.1" 301 - "-" "meta-externalagent/1.1 (+https://developers.facebook.com/docs/sharing/webmasters/crawler)"
57.141.2.30 - - [18/Jul/2025:15:53:25 +0000] "GET /shopbrand/278682651.htm HTTP/1.1" 404 98826 "-" "meta-externalagent/1.1 (+https://developers.facebook.com/docs/sharing/webmasters/crawler)"
209.74.77.214 - - [18/Jul/2025:15:53:41 +0000] "POST /wp-cron.php?doing_wp_cron=1752854021.8962728977203369140625 HTTP/1.1" 200 - "-" "WordPress/6.8.2; https://alalamy.com.au"
57.141.2.29 - - [18/Jul/2025:15:53:41 +0000] "GET /shopbrand/278642577.htm HTTP/1.1" 404 98826 "-" "meta-externalagent/1.1 (+https://developers.facebook.com/docs/sharing/webmasters/crawler)"
209.74.77.214 - - [18/Jul/2025:15:54:15 +0000] "POST /wp-cron.php?doing_wp_cron=1752854055.5942730903625488281250 HTTP/1.1" 200 - "-" "WordPress/6.8.2; https://alalamy.com.au"
170.106.35.153 - - [18/Jul/2025:15:54:15 +0000] "GET / HTTP/1.1" 301 - "-" "Mozilla/5.0 (iPhone; CPU iPhone OS 13_2_3 like Mac OS X) AppleWebKit/605.1.15 (KHTML, like Gecko) Version/13.0.3 Mobile/15E148 Safari/604.1"
57.141.2.25 - - [18/Jul/2025:15:54:28 +0000] "GET /shopbrand/278664402.htm HTTP/1.1" 301 - "-" "meta-externalagent/1.1 (+https://developers.facebook.com/docs/sharing/webmasters/crawler)"
209.74.77.214 - - [18/Jul/2025:15:54:41 +0000] "POST /wp-cron.php?doing_wp_cron=1752854081.3135309219360351562500 HTTP/1.1" 200 - "-" "WordPress/6.8.2; https://alalamy.com.au"
57.141.2.26 - - [18/Jul/2025:15:54:40 +0000] "GET /shopbrand/278625200.htm HTTP/1.1" 301 - "-" "meta-externalagent/1.1 (+https://developers.facebook.com/docs/sharing/webmasters/crawler)"
57.141.2.27 - - [18/Jul/2025:15:54:45 +0000] "GET /shopbrand/278664402.htm HTTP/1.1" 404 98826 "-" "meta-externalagent/1.1 (+https://developers.facebook.com/docs/sharing/webmasters/crawler)"
209.74.77.214 - - [18/Jul/2025:15:55:01 +0000] "POST /wp-cron.php?doing_wp_cron=1752854101.4020030498504638671875 HTTP/1.1" 200 - "-" "WordPress/6.8.2; https://alalamy.com.au"
57.141.2.25 - - [18/Jul/2025:15:55:01 +0000] "GET /shopbrand/278654112.htm HTTP/1.1" 301 - "-" "meta-externalagent/1.1 (+https://developers.facebook.com/docs/sharing/webmasters/crawler)"
57.141.2.26 - - [18/Jul/2025:15:55:05 +0000] "GET /shopbrand/278643715.htm HTTP/1.1" 301 - "-" "meta-externalagent/1.1 (+https://developers.facebook.com/docs/sharing/webmasters/crawler)"
57.141.2.9 - - [18/Jul/2025:15:55:05 +0000] "GET /shopbrand/278687788.htm HTTP/1.1" 301 - "-" "meta-externalagent/1.1 (+https://developers.facebook.com/docs/sharing/webmasters/crawler)"
57.141.2.11 - - [18/Jul/2025:15:55:06 +0000] "GET /shopbrand/278623848.htm HTTP/1.1" 301 - "-" "meta-externalagent/1.1 (+https://developers.facebook.com/docs/sharing/webmasters/crawler)"
57.141.2.30 - - [18/Jul/2025:15:55:09 +0000] "GET /shopbrand/278612154.htm HTTP/1.1" 301 - "-" "meta-externalagent/1.1 (+https://developers.facebook.com/docs/sharing/webmasters/crawler)"
57.141.2.13 - - [18/Jul/2025:15:55:10 +0000] "GET /shopbrand/278703912.htm HTTP/1.1" 301 - "-" "meta-externalagent/1.1 (+https://developers.facebook.com/docs/sharing/webmasters/crawler)"
57.141.2.21 - - [18/Jul/2025:15:55:12 +0000] "GET /shopbrand/278636362.htm HTTP/1.1" 301 - "-" "meta-externalagent/1.1 (+https://developers.facebook.com/docs/sharing/webmasters/crawler)"
57.141.2.21 - - [18/Jul/2025:15:55:19 +0000] "GET /shopbrand/278708201.htm HTTP/1.1" 301 - "-" "meta-externalagent/1.1 (+https://developers.facebook.com/docs/sharing/webmasters/crawler)"
57.141.2.1 - - [18/Jul/2025:15:55:26 +0000] "GET /shopbrand/278661922.htm HTTP/1.1" 301 - "-" "meta-externalagent/1.1 (+https://developers.facebook.com/docs/sharing/webmasters/crawler)"
57.141.2.29 - - [18/Jul/2025:15:55:28 +0000] "GET /shopbrand/278603673.htm HTTP/1.1" 301 - "-" "meta-externalagent/1.1 (+https://developers.facebook.com/docs/sharing/webmasters/crawler)"
209.74.77.214 - - [18/Jul/2025:15:55:33 +0000] "POST /wp-cron.php?doing_wp_cron=1752854133.5668430328369140625000 HTTP/1.1" 200 - "-" "WordPress/6.8.2; https://alalamy.com.au"
57.141.2.24 - - [18/Jul/2025:15:55:33 +0000] "GET /shopbrand/278672220.htm HTTP/1.1" 301 - "-" "meta-externalagent/1.1 (+https://developers.facebook.com/docs/sharing/webmasters/crawler)"
57.141.2.11 - - [18/Jul/2025:15:55:35 +0000] "GET /shopbrand/278624644.htm HTTP/1.1" 301 - "-" "meta-externalagent/1.1 (+https://developers.facebook.com/docs/sharing/webmasters/crawler)"
57.141.2.10 - - [18/Jul/2025:15:55:35 +0000] "GET /shopbrand/278708201.htm HTTP/1.1" 404 98826 "-" "meta-externalagent/1.1 (+https://developers.facebook.com/docs/sharing/webmasters/crawler)"
57.141.2.23 - - [18/Jul/2025:15:55:39 +0000] "GET /shopbrand/278685405.htm HTTP/1.1" 301 - "-" "meta-externalagent/1.1 (+https://developers.facebook.com/docs/sharing/webmasters/crawler)"
57.141.2.29 - - [18/Jul/2025:15:55:40 +0000] "GET /shopbrand/278636362.htm HTTP/1.1" 404 98826 "-" "meta-externalagent/1.1 (+https://developers.facebook.com/docs/sharing/webmasters/crawler)"
57.141.2.20 - - [18/Jul/2025:15:55:41 +0000] "GET /shopbrand/278624644.htm HTTP/1.1" 404 98826 "-" "meta-externalagent/1.1 (+https://developers.facebook.com/docs/sharing/webmasters/crawler)"
57.141.2.29 - - [18/Jul/2025:15:55:45 +0000] "GET /shopbrand/278685405.htm HTTP/1.1" 404 98826 "-" "meta-externalagent/1.1 (+https://developers.facebook.com/docs/sharing/webmasters/crawler)"
57.141.2.11 - - [18/Jul/2025:15:55:47 +0000] "GET /shopbrand/278672220.htm HTTP/1.1" 404 98826 "-" "meta-externalagent/1.1 (+https://developers.facebook.com/docs/sharing/webmasters/crawler)"
209.74.77.214 - - [18/Jul/2025:15:56:02 +0000] "POST /wp-cron.php?doing_wp_cron=1752854162.7271668910980224609375 HTTP/1.1" 200 - "-" "WordPress/6.8.2; https://alalamy.com.au"
57.141.2.30 - - [18/Jul/2025:15:56:02 +0000] "GET /shopbrand/278603673.htm HTTP/1.1" 404 98826 "-" "meta-externalagent/1.1 (+https://developers.facebook.com/docs/sharing/webmasters/crawler)"
209.74.77.214 - - [18/Jul/2025:15:57:13 +0000] "POST /wp-cron.php?doing_wp_cron=1752854233.2384030818939208984375 HTTP/1.1" 200 - "-" "WordPress/6.8.2; https://alalamy.com.au"
20.171.207.85 - - [18/Jul/2025:15:57:11 +0000] "GET /items/fashion/womens/4772309/ HTTP/1.1" 404 20410 "-" "Mozilla/5.0 AppleWebKit/537.36 (KHTML, like Gecko; compatible; GPTBot/1.2; +https://openai.com/gptbot)"
209.74.77.214 - - [18/Jul/2025:15:58:17 +0000] "POST /wp-cron.php?doing_wp_cron=1752854297.0590019226074218750000 HTTP/1.1" 200 - "-" "WordPress/6.8.2; https://alalamy.com.au"
20.171.207.85 - - [18/Jul/2025:15:58:15 +0000] "GET /items/drinks/grains/4677068/ HTTP/1.1" 404 20410 "-" "Mozilla/5.0 AppleWebKit/537.36 (KHTML, like Gecko; compatible; GPTBot/1.2; +https://openai.com/gptbot)"
209.74.77.214 - - [18/Jul/2025:16:00:24 +0000] "POST /wp-cron.php?doing_wp_cron=1752854424.0877339839935302734375 HTTP/1.1" 200 - "-" "WordPress/6.8.2; https://alalamy.com.au"
20.171.207.85 - - [18/Jul/2025:16:00:23 +0000] "GET /items/tools/interior/2552786/ HTTP/1.1" 404 20410 "-" "Mozilla/5.0 AppleWebKit/537.36 (KHTML, like Gecko; compatible; GPTBot/1.2; +https://openai.com/gptbot)"
209.74.77.214 - - [18/Jul/2025:16:01:14 +0000] "POST /wp-cron.php?doing_wp_cron=1752854474.5610430240631103515625 HTTP/1.1" 200 - "-" "WordPress/6.8.2; https://alalamy.com.au"
57.141.2.29 - - [18/Jul/2025:16:01:14 +0000] "GET /shopbrand/278603542.htm HTTP/1.1" 301 - "-" "meta-externalagent/1.1 (+https://developers.facebook.com/docs/sharing/webmasters/crawler)"
57.141.2.16 - - [18/Jul/2025:16:01:18 +0000] "GET /shopbrand/278603542.htm HTTP/1.1" 404 98826 "-" "meta-externalagent/1.1 (+https://developers.facebook.com/docs/sharing/webmasters/crawler)"
209.74.77.214 - - [18/Jul/2025:16:01:56 +0000] "POST /wp-cron.php?doing_wp_cron=1752854516.8888380527496337890625 HTTP/1.1" 200 - "-" "WordPress/6.8.2; https://alalamy.com.au"
57.141.2.22 - - [18/Jul/2025:16:01:55 +0000] "GET /shopbrand/278593393.htm HTTP/1.1" 301 - "-" "meta-externalagent/1.1 (+https://developers.facebook.com/docs/sharing/webmasters/crawler)"
57.141.2.14 - - [18/Jul/2025:16:02:00 +0000] "GET /shopbrand/278647738.htm HTTP/1.1" 301 - "-" "meta-externalagent/1.1 (+https://developers.facebook.com/docs/sharing/webmasters/crawler)"
209.74.77.214 - - [18/Jul/2025:16:02:10 +0000] "POST /wp-cron.php?doing_wp_cron=1752854530.3793249130249023437500 HTTP/1.1" 200 - "-" "WordPress/6.8.2; https://alalamy.com.au"
57.141.2.30 - - [18/Jul/2025:16:02:10 +0000] "GET /shopbrand/278647738.htm HTTP/1.1" 404 98826 "-" "meta-externalagent/1.1 (+https://developers.facebook.com/docs/sharing/webmasters/crawler)"
209.74.77.214 - - [18/Jul/2025:16:03:00 +0000] "POST /wp-cron.php?doing_wp_cron=1752854579.9959490299224853515625 HTTP/1.1" 200 - "-" "WordPress/6.8.2; https://alalamy.com.au"
57.141.2.16 - - [18/Jul/2025:16:02:58 +0000] "GET /shopbrand/278635093.htm HTTP/1.1" 301 - "-" "meta-externalagent/1.1 (+https://developers.facebook.com/docs/sharing/webmasters/crawler)"
57.141.2.3 - - [18/Jul/2025:16:03:21 +0000] "GET /shopbrand/278609533.htm HTTP/1.1" 301 - "-" "meta-externalagent/1.1 (+https://developers.facebook.com/docs/sharing/webmasters/crawler)"
57.141.2.10 - - [18/Jul/2025:16:03:23 +0000] "GET /shopbrand/278606894.htm HTTP/1.1" 301 - "-" "meta-externalagent/1.1 (+https://developers.facebook.com/docs/sharing/webmasters/crawler)"
57.141.2.30 - - [18/Jul/2025:16:03:26 +0000] "GET /shopbrand/278619366.htm HTTP/1.1" 301 - "-" "meta-externalagent/1.1 (+https://developers.facebook.com/docs/sharing/webmasters/crawler)"
57.141.2.22 - - [18/Jul/2025:16:03:34 +0000] "GET /shopbrand/278609533.htm HTTP/1.1" 404 98826 "-" "meta-externalagent/1.1 (+https://developers.facebook.com/docs/sharing/webmasters/crawler)"
57.141.2.5 - - [18/Jul/2025:16:03:42 +0000] "GET /shopbrand/278694726.htm HTTP/1.1" 301 - "-" "meta-externalagent/1.1 (+https://developers.facebook.com/docs/sharing/webmasters/crawler)"
209.74.77.214 - - [18/Jul/2025:16:06:16 +0000] "POST /wp-cron.php?doing_wp_cron=1752854776.6483120918273925781250 HTTP/1.1" 200 - "-" "WordPress/6.8.2; https://alalamy.com.au"
57.141.2.12 - - [18/Jul/2025:16:06:15 +0000] "GET /shopbrand/278632851.htm HTTP/1.1" 301 - "-" "meta-externalagent/1.1 (+https://developers.facebook.com/docs/sharing/webmasters/crawler)"
66.249.74.14 - - [18/Jul/2025:16:06:44 +0000] "GET /items/handmade/paintings/5377890/alalamy.com.au/feature/akihabara_main/50 HTTP/1.1" 200 18326 "-" "Mozilla/5.0 (Linux; Android 6.0.1; Nexus 5X Build/MMB29P) AppleWebKit/537.36 (KHTML, like Gecko) Chrome/137.0.7151.103 Mobile Safari/537.36 (compatible; GoogleOther)"
66.249.74.12 - - [18/Jul/2025:16:06:51 +0000] "GET /items/handmade/paintings/alalamy.com.au/oreka/q_auto HTTP/1.1" 200 20326 "-" "Mozilla/5.0 (Linux; Android 6.0.1; Nexus 5X Build/MMB29P) AppleWebKit/537.36 (KHTML, like Gecko) Chrome/137.0.7151.103 Mobile Safari/537.36 (compatible; GoogleOther)"
209.74.77.214 - - [18/Jul/2025:16:06:52 +0000] "POST /wp-cron.php?doing_wp_cron=1752854812.8696630001068115234375 HTTP/1.1" 200 - "-" "WordPress/6.8.2; https://alalamy.com.au"
57.141.2.4 - - [18/Jul/2025:16:06:52 +0000] "GET /shopbrand/278716807.htm HTTP/1.1" 301 - "-" "meta-externalagent/1.1 (+https://developers.facebook.com/docs/sharing/webmasters/crawler)"
66.249.65.174 - - [18/Jul/2025:16:06:54 +0000] "GET /items/art/musical-instruments/5047267/500 HTTP/1.1" 200 19938 "-" "Mozilla/5.0 (Linux; Android 6.0.1; Nexus 5X Build/MMB29P) AppleWebKit/537.36 (KHTML, like Gecko) Chrome/137.0.7151.103 Mobile Safari/537.36 (compatible; GoogleOther)"
66.249.74.12 - - [18/Jul/2025:16:06:57 +0000] "GET /items/handmade/paintings/5377890/alalamy.com.au/feature/akihabara_main/30 HTTP/1.1" 200 18326 "-" "Mozilla/5.0 (Linux; Android 6.0.1; Nexus 5X Build/MMB29P) AppleWebKit/537.36 (KHTML, like Gecko) Chrome/137.0.7151.103 Mobile Safari/537.36 (compatible; GoogleOther)"
66.249.74.12 - - [18/Jul/2025:16:06:59 +0000] "GET /items/handmade/paintings/5377890/alalamy.com.au/feature/akihabara_main/f_auto HTTP/1.1" 200 18328 "-" "Mozilla/5.0 (Linux; Android 6.0.1; Nexus 5X Build/MMB29P) AppleWebKit/537.36 (KHTML, like Gecko) Chrome/137.0.7151.103 Mobile Safari/537.36 (compatible; GoogleOther)"
209.74.77.214 - - [18/Jul/2025:16:07:01 +0000] "POST /wp-cron.php?doing_wp_cron=1752854821.3461070060729980468750 HTTP/1.1" 200 - "-" "WordPress/6.8.2; https://alalamy.com.au"
57.141.2.15 - - [18/Jul/2025:16:07:01 +0000] "GET /shopbrand/278658302.htm HTTP/1.1" 301 - "-" "meta-externalagent/1.1 (+https://developers.facebook.com/docs/sharing/webmasters/crawler)"
57.141.2.10 - - [18/Jul/2025:16:07:04 +0000] "GET /shopbrand/278673199.htm HTTP/1.1" 301 - "-" "meta-externalagent/1.1 (+https://developers.facebook.com/docs/sharing/webmasters/crawler)"
66.249.74.12 - - [18/Jul/2025:16:07:10 +0000] "GET /items/handmade/paintings/5377890/alalamy.com.au/feature/akihabara_main/900 HTTP/1.1" 200 18326 "-" "Mozilla/5.0 (Linux; Android 6.0.1; Nexus 5X Build/MMB29P) AppleWebKit/537.36 (KHTML, like Gecko) Chrome/137.0.7151.103 Mobile Safari/537.36 (compatible; GoogleOther)"
57.141.2.8 - - [18/Jul/2025:16:07:11 +0000] "GET /shopbrand/278716807.htm HTTP/1.1" 404 98826 "-" "meta-externalagent/1.1 (+https://developers.facebook.com/docs/sharing/webmasters/crawler)"
66.249.74.12 - - [18/Jul/2025:16:07:12 +0000] "GET /items/handmade/paintings/5377890/alalamy.com.au/feature/akihabara_main/500 HTTP/1.1" 200 18326 "-" "Mozilla/5.0 (Linux; Android 6.0.1; Nexus 5X Build/MMB29P) AppleWebKit/537.36 (KHTML, like Gecko) Chrome/137.0.7151.103 Mobile Safari/537.36 (compatible; GoogleOther)"
66.249.65.174 - - [18/Jul/2025:16:07:15 +0000] "GET /items/art/musical-instruments/5047267/q_auto HTTP/1.1" 200 19942 "-" "Mozilla/5.0 (Linux; Android 6.0.1; Nexus 5X Build/MMB29P) AppleWebKit/537.36 (KHTML, like Gecko) Chrome/137.0.7151.103 Mobile Safari/537.36 (compatible; GoogleOther)"
66.249.65.174 - - [18/Jul/2025:16:07:17 +0000] "GET /items/art/musical-instruments/5047267/255 HTTP/1.1" 200 19940 "-" "Mozilla/5.0 (Linux; Android 6.0.1; Nexus 5X Build/MMB29P) AppleWebKit/537.36 (KHTML, like Gecko) Chrome/137.0.7151.103 Mobile Safari/537.36 (compatible; GoogleOther)"
66.249.74.12 - - [18/Jul/2025:16:07:20 +0000] "GET /items/handmade/paintings/5377890/alalamy.com.au/feature/akihabara_main/420 HTTP/1.1" 200 18327 "-" "Mozilla/5.0 (Linux; Android 6.0.1; Nexus 5X Build/MMB29P) AppleWebKit/537.36 (KHTML, like Gecko) Chrome/137.0.7151.103 Mobile Safari/537.36 (compatible; GoogleOther)"
57.141.2.20 - - [18/Jul/2025:16:07:22 +0000] "GET /shopbrand/278658302.htm HTTP/1.1" 404 98826 "-" "meta-externalagent/1.1 (+https://developers.facebook.com/docs/sharing/webmasters/crawler)"
66.249.65.174 - - [18/Jul/2025:16:07:25 +0000] "GET /items/art/musical-instruments/5047267/h_980 HTTP/1.1" 200 19943 "-" "Mozilla/5.0 (Linux; Android 6.0.1; Nexus 5X Build/MMB29P) AppleWebKit/537.36 (KHTML, like Gecko) Chrome/137.0.7151.103 Mobile Safari/537.36 (compatible; GoogleOther)"
66.249.65.174 - - [18/Jul/2025:16:07:28 +0000] "GET /items/art/musical-instruments/5047267/BottomLeft HTTP/1.1" 200 19949 "-" "Mozilla/5.0 (Linux; Android 6.0.1; Nexus 5X Build/MMB29P) AppleWebKit/537.36 (KHTML, like Gecko) Chrome/137.0.7151.103 Mobile Safari/537.36 (compatible; GoogleOther)"
209.74.77.214 - - [18/Jul/2025:16:10:58 +0000] "POST /wp-cron.php?doing_wp_cron=1752855058.1608810424804687500000 HTTP/1.1" 200 - "-" "WordPress/6.8.2; https://alalamy.com.au"
20.171.207.85 - - [18/Jul/2025:16:10:57 +0000] "GET /items/bicycles/cars/1772438/ HTTP/1.1" 404 20410 "-" "Mozilla/5.0 AppleWebKit/537.36 (KHTML, like Gecko; compatible; GPTBot/1.2; +https://openai.com/gptbot)"
209.74.77.214 - - [18/Jul/2025:16:11:30 +0000] "POST /wp-cron.php?doing_wp_cron=1752855090.0383019447326660156250 HTTP/1.1" 200 - "-" "WordPress/6.8.2; https://alalamy.com.au"
57.141.2.23 - - [18/Jul/2025:16:11:29 +0000] "GET /shopbrand/278606735.htm HTTP/1.1" 301 - "-" "meta-externalagent/1.1 (+https://developers.facebook.com/docs/sharing/webmasters/crawler)"
209.74.77.214 - - [18/Jul/2025:16:11:35 +0000] "POST /wp-cron.php?doing_wp_cron=1752855095.2297270298004150390625 HTTP/1.1" 200 - "-" "WordPress/6.8.2; https://alalamy.com.au"
57.141.2.12 - - [18/Jul/2025:16:11:34 +0000] "GET /shopbrand/278643308.htm HTTP/1.1" 301 - "-" "meta-externalagent/1.1 (+https://developers.facebook.com/docs/sharing/webmasters/crawler)"
57.141.2.8 - - [18/Jul/2025:16:11:41 +0000] "GET /shopbrand/278606735.htm HTTP/1.1" 404 98826 "-" "meta-externalagent/1.1 (+https://developers.facebook.com/docs/sharing/webmasters/crawler)"
57.141.2.22 - - [18/Jul/2025:16:11:50 +0000] "GET /shopbrand/278643308.htm HTTP/1.1" 404 98826 "-" "meta-externalagent/1.1 (+https://developers.facebook.com/docs/sharing/webmasters/crawler)"
209.74.77.214 - - [18/Jul/2025:16:12:01 +0000] "POST /wp-cron.php?doing_wp_cron=1752855121.4756848812103271484375 HTTP/1.1" 200 - "-" "WordPress/6.8.2; https://alalamy.com.au"
20.171.207.85 - - [18/Jul/2025:16:12:01 +0000] "GET /items/handmade/craft/1747177/ HTTP/1.1" 404 20410 "-" "Mozilla/5.0 AppleWebKit/537.36 (KHTML, like Gecko; compatible; GPTBot/1.2; +https://openai.com/gptbot)"
209.74.77.214 - - [18/Jul/2025:16:12:51 +0000] "POST /wp-cron.php?doing_wp_cron=1752855171.3022689819335937500000 HTTP/1.1" 200 - "-" "WordPress/6.8.2; https://alalamy.com.au"
57.141.2.20 - - [18/Jul/2025:16:12:51 +0000] "GET /shopbrand/278607724.htm HTTP/1.1" 301 - "-" "meta-externalagent/1.1 (+https://developers.facebook.com/docs/sharing/webmasters/crawler)"
209.74.77.214 - - [18/Jul/2025:16:17:57 +0000] "POST /wp-cron.php?doing_wp_cron=1752855477.2416770458221435546875 HTTP/1.1" 200 - "-" "WordPress/6.8.2; https://alalamy.com.au"
57.141.2.30 - - [18/Jul/2025:16:17:56 +0000] "GET /shopbrand/278649249.htm HTTP/1.1" 301 - "-" "meta-externalagent/1.1 (+https://developers.facebook.com/docs/sharing/webmasters/crawler)"
20.171.207.85 - - [18/Jul/2025:16:18:14 +0000] "GET /items/fashion/others/2751453/ HTTP/1.1" 404 20410 "-" "Mozilla/5.0 AppleWebKit/537.36 (KHTML, like Gecko; compatible; GPTBot/1.2; +https://openai.com/gptbot)"
57.141.2.6 - - [18/Jul/2025:16:18:15 +0000] "GET /shopbrand/278649249.htm HTTP/1.1" 404 98826 "-" "meta-externalagent/1.1 (+https://developers.facebook.com/docs/sharing/webmasters/crawler)"
66.249.65.174 - - [18/Jul/2025:16:19:05 +0000] "POST /get-message-notify HTTP/1.1" 200 19461 "http://alalamy.com.au/items/art/musical-instruments/5047267/alalamy.com.au?_bd_prev_page=alalamy.com.au/detail.php?shopbrand/8162918.htm" "Mozilla/5.0 (Linux; Android 6.0.1; Nexus 5X Build/MMB29P) AppleWebKit/537.36 (KHTML, like Gecko) Chrome/137.0.7151.119 Mobile Safari/537.36 (compatible; Googlebot/2.1; +http://www.google.com/bot.html)"
209.74.77.214 - - [18/Jul/2025:16:19:17 +0000] "POST /wp-cron.php?doing_wp_cron=1752855557.1162300109863281250000 HTTP/1.1" 200 - "-" "WordPress/6.8.2; https://alalamy.com.au"
20.171.207.85 - - [18/Jul/2025:16:19:16 +0000] "GET /items/fashion/womens/4593239/ HTTP/1.1" 404 20410 "-" "Mozilla/5.0 AppleWebKit/537.36 (KHTML, like Gecko; compatible; GPTBot/1.2; +https://openai.com/gptbot)"
57.141.2.16 - - [18/Jul/2025:16:19:36 +0000] "GET /shopbrand/278599084.htm HTTP/1.1" 301 - "-" "meta-externalagent/1.1 (+https://developers.facebook.com/docs/sharing/webmasters/crawler)"
20.171.207.85 - - [18/Jul/2025:16:20:17 +0000] "GET /items/kitchen/office/4779971/ HTTP/1.1" 404 20410 "-" "Mozilla/5.0 AppleWebKit/537.36 (KHTML, like Gecko; compatible; GPTBot/1.2; +https://openai.com/gptbot)"
57.141.2.12 - - [18/Jul/2025:16:20:20 +0000] "GET /shopbrand/278609259.htm HTTP/1.1" 301 - "-" "meta-externalagent/1.1 (+https://developers.facebook.com/docs/sharing/webmasters/crawler)"
57.141.2.22 - - [18/Jul/2025:16:20:22 +0000] "GET /shopbrand/278697206.htm HTTP/1.1" 301 - "-" "meta-externalagent/1.1 (+https://developers.facebook.com/docs/sharing/webmasters/crawler)"
57.141.2.23 - - [18/Jul/2025:16:20:30 +0000] "GET /shopbrand/278609259.htm HTTP/1.1" 404 98826 "-" "meta-externalagent/1.1 (+https://developers.facebook.com/docs/sharing/webmasters/crawler)"
209.74.77.214 - - [18/Jul/2025:16:20:38 +0000] "POST /wp-cron.php?doing_wp_cron=1752855638.1928648948669433593750 HTTP/1.1" 200 - "-" "WordPress/6.8.2; https://alalamy.com.au"
57.141.2.12 - - [18/Jul/2025:16:20:37 +0000] "GET /shopbrand/278710584.htm HTTP/1.1" 301 - "-" "meta-externalagent/1.1 (+https://developers.facebook.com/docs/sharing/webmasters/crawler)"
209.74.77.214 - - [18/Jul/2025:16:23:24 +0000] "POST /wp-cron.php?doing_wp_cron=1752855804.9521889686584472656250 HTTP/1.1" 200 - "-" "WordPress/6.8.2; https://alalamy.com.au"
20.171.207.85 - - [18/Jul/2025:16:23:23 +0000] "GET /items/fashion/womens/3435413/ HTTP/1.1" 404 20410 "-" "Mozilla/5.0 AppleWebKit/537.36 (KHTML, like Gecko; compatible; GPTBot/1.2; +https://openai.com/gptbot)"
209.74.77.214 - - [18/Jul/2025:16:24:30 +0000] "POST /wp-cron.php?doing_wp_cron=1752855870.7363979816436767578125 HTTP/1.1" 200 - "-" "WordPress/6.8.2; https://alalamy.com.au"
20.171.207.85 - - [18/Jul/2025:16:24:28 +0000] "GET /items/outdoor/reels/4579302/ HTTP/1.1" 404 20410 "-" "Mozilla/5.0 AppleWebKit/537.36 (KHTML, like Gecko; compatible; GPTBot/1.2; +https://openai.com/gptbot)"
209.74.77.214 - - [18/Jul/2025:16:26:38 +0000] "POST /wp-cron.php?doing_wp_cron=1752855998.3445389270782470703125 HTTP/1.1" 200 - "-" "WordPress/6.8.2; https://alalamy.com.au"
209.74.77.214 - - [18/Jul/2025:16:26:38 +0000] "POST /wp-cron.php?doing_wp_cron=1752855998.3445770740509033203125 HTTP/1.1" 200 - "-" "WordPress/6.8.2; https://alalamy.com.au"
57.141.2.21 - - [18/Jul/2025:16:26:36 +0000] "GET /shopbrand/278605641.htm HTTP/1.1" 301 - "-" "meta-externalagent/1.1 (+https://developers.facebook.com/docs/sharing/webmasters/crawler)"
20.171.207.85 - - [18/Jul/2025:16:26:37 +0000] "GET /items/fashion/womens/4323887/ HTTP/1.1" 404 20410 "-" "Mozilla/5.0 AppleWebKit/537.36 (KHTML, like Gecko; compatible; GPTBot/1.2; +https://openai.com/gptbot)"
57.141.2.16 - - [18/Jul/2025:16:26:47 +0000] "GET /shopbrand/278700560.htm HTTP/1.1" 301 - "-" "meta-externalagent/1.1 (+https://developers.facebook.com/docs/sharing/webmasters/crawler)"
209.74.77.214 - - [18/Jul/2025:16:26:51 +0000] "POST /wp-cron.php?doing_wp_cron=1752856011.9459180831909179687500 HTTP/1.1" 200 - "-" "WordPress/6.8.2; https://alalamy.com.au"
57.141.2.22 - - [18/Jul/2025:16:26:51 +0000] "GET /shopbrand/278713348.htm HTTP/1.1" 301 - "-" "meta-externalagent/1.1 (+https://developers.facebook.com/docs/sharing/webmasters/crawler)"
57.141.2.21 - - [18/Jul/2025:16:26:53 +0000] "GET /shopbrand/278716126.htm HTTP/1.1" 301 - "-" "meta-externalagent/1.1 (+https://developers.facebook.com/docs/sharing/webmasters/crawler)"
57.141.2.28 - - [18/Jul/2025:16:26:56 +0000] "GET /shopbrand/278658004.htm HTTP/1.1" 301 - "-" "meta-externalagent/1.1 (+https://developers.facebook.com/docs/sharing/webmasters/crawler)"
57.141.2.18 - - [18/Jul/2025:16:26:57 +0000] "GET /shopbrand/278637988.htm HTTP/1.1" 301 - "-" "meta-externalagent/1.1 (+https://developers.facebook.com/docs/sharing/webmasters/crawler)"
57.141.2.12 - - [18/Jul/2025:16:27:04 +0000] "GET /shopbrand/278637988.htm HTTP/1.1" 404 98826 "-" "meta-externalagent/1.1 (+https://developers.facebook.com/docs/sharing/webmasters/crawler)"
57.141.2.18 - - [18/Jul/2025:16:27:12 +0000] "GET /shopbrand/278716126.htm HTTP/1.1" 404 98826 "-" "meta-externalagent/1.1 (+https://developers.facebook.com/docs/sharing/webmasters/crawler)"
209.74.77.214 - - [18/Jul/2025:16:27:13 +0000] "POST /wp-cron.php?doing_wp_cron=1752856033.3200650215148925781250 HTTP/1.1" 200 - "-" "WordPress/6.8.2; https://alalamy.com.au"
57.141.2.2 - - [18/Jul/2025:16:27:13 +0000] "GET /shopbrand/278605641.htm HTTP/1.1" 404 98826 "-" "meta-externalagent/1.1 (+https://developers.facebook.com/docs/sharing/webmasters/crawler)"
57.141.2.3 - - [18/Jul/2025:16:27:14 +0000] "GET /shopbrand/278713348.htm HTTP/1.1" 404 98826 "-" "meta-externalagent/1.1 (+https://developers.facebook.com/docs/sharing/webmasters/crawler)"
57.141.2.16 - - [18/Jul/2025:16:27:16 +0000] "GET /shopbrand/278661082.htm HTTP/1.1" 301 - "-" "meta-externalagent/1.1 (+https://developers.facebook.com/docs/sharing/webmasters/crawler)"
57.141.2.4 - - [18/Jul/2025:16:27:21 +0000] "GET /shopbrand/278683747.htm HTTP/1.1" 301 - "-" "meta-externalagent/1.1 (+https://developers.facebook.com/docs/sharing/webmasters/crawler)"
57.141.2.28 - - [18/Jul/2025:16:27:25 +0000] "GET /shopbrand/278661082.htm HTTP/1.1" 404 98826 "-" "meta-externalagent/1.1 (+https://developers.facebook.com/docs/sharing/webmasters/crawler)"
57.141.2.28 - - [18/Jul/2025:16:27:40 +0000] "GET /shopbrand/278683747.htm HTTP/1.1" 404 98826 "-" "meta-externalagent/1.1 (+https://developers.facebook.com/docs/sharing/webmasters/crawler)"
66.249.74.13 - - [18/Jul/2025:16:28:04 +0000] "GET /items/handmade/paintings/5377890/alalamy.com.au/feature/akihabara_main/AmazonEmber HTTP/1.1" 200 18338 "-" "Mozilla/5.0 (Linux; Android 6.0.1; Nexus 5X Build/MMB29P) AppleWebKit/537.36 (KHTML, like Gecko) Chrome/137.0.7151.103 Mobile Safari/537.36 (compatible; GoogleOther)"
66.249.74.12 - - [18/Jul/2025:16:28:05 +0000] "GET /items/handmade/paintings/5377890/alalamy.com.au/feature/akihabara_main/BottomLeft HTTP/1.1" 200 18336 "-" "Mozilla/5.0 (Linux; Android 6.0.1; Nexus 5X Build/MMB29P) AppleWebKit/537.36 (KHTML, like Gecko) Chrome/137.0.7151.103 Mobile Safari/537.36 (compatible; GoogleOther)"
66.249.74.13 - - [18/Jul/2025:16:28:07 +0000] "GET /items/handmade/paintings/5377890/alalamy.com.au/feature/akihabara_main/dpr_1.0 HTTP/1.1" 200 18333 "-" "Mozilla/5.0 (Linux; Android 6.0.1; Nexus 5X Build/MMB29P) AppleWebKit/537.36 (KHTML, like Gecko) Chrome/137.0.7151.103 Mobile Safari/537.36 (compatible; GoogleOther)"
66.249.65.160 - - [18/Jul/2025:16:28:09 +0000] "GET /items/art/musical-instruments/5047267/u/u003d1 HTTP/1.1" 200 19948 "-" "Mozilla/5.0 (Linux; Android 6.0.1; Nexus 5X Build/MMB29P) AppleWebKit/537.36 (KHTML, like Gecko) Chrome/137.0.7151.103 Mobile Safari/537.36 (compatible; GoogleOther)"
66.249.65.160 - - [18/Jul/2025:16:28:12 +0000] "GET /items/art/musical-instruments/5047267/h_500 HTTP/1.1" 200 19942 "-" "Mozilla/5.0 (Linux; Android 6.0.1; Nexus 5X Build/MMB29P) AppleWebKit/537.36 (KHTML, like Gecko) Chrome/137.0.7151.103 Mobile Safari/537.36 (compatible; GoogleOther)"
66.249.65.174 - - [18/Jul/2025:16:28:27 +0000] "GET /items/art/musical-instruments/5047267/enc_avif HTTP/1.1" 200 19945 "-" "Mozilla/5.0 (Linux; Android 6.0.1; Nexus 5X Build/MMB29P) AppleWebKit/537.36 (KHTML, like Gecko) Chrome/137.0.7151.103 Mobile Safari/537.36 (compatible; GoogleOther)"
66.249.65.174 - - [18/Jul/2025:16:28:30 +0000] "GET /items/art/musical-instruments/5047267/alalamy.com.au?_bd_prev_page=alalamy.com.au/detail.php?shopbrand/7777741.htm HTTP/1.1" 200 20160 "-" "Mozilla/5.0 (Linux; Android 6.0.1; Nexus 5X Build/MMB29P) AppleWebKit/537.36 (KHTML, like Gecko) Chrome/137.0.7151.103 Mobile Safari/537.36 (compatible; GoogleOther)"
66.249.74.13 - - [18/Jul/2025:16:28:38 +0000] "GET /items/art/stringed-instruments/2592284/alalamy.com.au/feature/akihabara_main/index.html HTTP/1.1" 200 18808 "-" "Mozilla/5.0 (Linux; Android 6.0.1; Nexus 5X Build/MMB29P) AppleWebKit/537.36 (KHTML, like Gecko) Chrome/137.0.7151.103 Mobile Safari/537.36 (compatible; GoogleOther)"
66.249.74.12 - - [18/Jul/2025:16:28:40 +0000] "GET /items/art/antiques/3994491/alalamy.com.au?_bd_prev_page=alalamy.com.au/detail.php?shopbrand/8766335.htm HTTP/1.1" 200 20082 "-" "Mozilla/5.0 (Linux; Android 6.0.1; Nexus 5X Build/MMB29P) AppleWebKit/537.36 (KHTML, like Gecko) Chrome/137.0.7151.103 Mobile Safari/537.36 (compatible; GoogleOther)"
66.249.65.174 - - [18/Jul/2025:16:28:43 +0000] "GET /items/art/musical-instruments/5047267/alalamy.com.au?_bd_prev_page=alalamy.com.au/detail.php?shopbrand/8640919.htm HTTP/1.1" 200 20611 "-" "Mozilla/5.0 (Linux; Android 6.0.1; Nexus 5X Build/MMB29P) AppleWebKit/537.36 (KHTML, like Gecko) Chrome/137.0.7151.103 Mobile Safari/537.36 (compatible; GoogleOther)"
