66.249.65.174 - - [18/Jul/2025:18:51:01 +0000] "POST /get-message-notify HTTP/1.1" 200 19461 "http://alalamy.com.au/items/art/musical-instruments/5047267/alalamy.com.au?_bd_prev_page=alalamy.com.au/detail.php?shopbrand/9426140.htm" "Mozilla/5.0 (Linux; Android 6.0.1; Nexus 5X Build/MMB29P) AppleWebKit/537.36 (KHTML, like Gecko) Chrome/137.0.7151.119 Mobile Safari/537.36 (compatible; Googlebot/2.1; +http://www.google.com/bot.html)"
66.249.65.160 - - [18/Jul/2025:18:51:06 +0000] "GET /items/art/musical-instruments/5047267/alalamy.com.au?_bd_prev_page=alalamy.com.au/detail.php?shopbrand/8619509.htm HTTP/1.1" 200 19944 "-" "Mozilla/5.0 (Linux; Android 6.0.1; Nexus 5X Build/MMB29P) AppleWebKit/537.36 (KHTML, like Gecko) Chrome/137.0.7151.103 Mobile Safari/537.36 (compatible; GoogleOther)"
66.249.74.12 - - [18/Jul/2025:18:51:21 +0000] "GET /items/art/collections/5025410/alalamy.com.au/books.html HTTP/1.1" 200 19300 "-" "Mozilla/5.0 (Linux; Android 6.0.1; Nexus 5X Build/MMB29P) AppleWebKit/537.36 (KHTML, like Gecko) Chrome/137.0.7151.103 Mobile Safari/537.36 (compatible; GoogleOther)"
66.249.65.174 - - [18/Jul/2025:18:51:27 +0000] "GET /items/art/musical-instruments/5047267/alalamy.com.au?_bd_prev_page=alalamy.com.au/detail.php?shopbrand/9657843.htm HTTP/1.1" 200 20693 "-" "Mozilla/5.0 (Linux; Android 6.0.1; Nexus 5X Build/MMB29P) AppleWebKit/537.36 (KHTML, like Gecko) Chrome/137.0.7151.103 Mobile Safari/537.36 (compatible; GoogleOther)"
66.249.65.160 - - [18/Jul/2025:18:51:29 +0000] "POST /get-message-notify HTTP/1.1" 200 19461 "http://alalamy.com.au/items/art/musical-instruments/5047267/alalamy.com.au?_bd_prev_page=alalamy.com.au/detail.php?shopbrand/9657843.htm" "Mozilla/5.0 (Linux; Android 6.0.1; Nexus 5X Build/MMB29P) AppleWebKit/537.36 (KHTML, like Gecko) Chrome/137.0.7151.119 Mobile Safari/537.36 (compatible; Googlebot/2.1; +http://www.google.com/bot.html)"
66.249.74.12 - - [18/Jul/2025:18:51:32 +0000] "GET /items/handmade/paintings/5377890/alalamy.com.au/feature/osu_main/alalamy.com.au/toreka/alalamy.com.au/pcsp.html HTTP/1.1" 200 18342 "-" "Mozilla/5.0 (Linux; Android 6.0.1; Nexus 5X Build/MMB29P) AppleWebKit/537.36 (KHTML, like Gecko) Chrome/137.0.7151.103 Mobile Safari/537.36 (compatible; GoogleOther)"
66.249.74.12 - - [18/Jul/2025:18:51:39 +0000] "GET /items/handmade/paintings/5377890/alalamy.com.au/feature/akihabara_main/alalamy.com.au?_bd_prev_page=alalamy.com.au/detail.php?shopbrand/31465706.htm HTTP/1.1" 200 19170 "-" "Mozilla/5.0 (Linux; Android 6.0.1; Nexus 5X Build/MMB29P) AppleWebKit/537.36 (KHTML, like Gecko) Chrome/137.0.7151.103 Mobile Safari/537.36 (compatible; GoogleOther)"
66.249.74.12 - - [18/Jul/2025:18:51:42 +0000] "GET /items/handmade/paintings/5377890/alalamy.com.au/alalamy.com.au/toreka/alalamy.com.au/feature/shoplist/index.html HTTP/1.1" 200 18346 "-" "Mozilla/5.0 (Linux; Android 6.0.1; Nexus 5X Build/MMB29P) AppleWebKit/537.36 (KHTML, like Gecko) Chrome/137.0.7151.103 Mobile Safari/537.36 (compatible; GoogleOther)"
66.249.74.12 - - [18/Jul/2025:18:51:58 +0000] "POST /get-message-notify HTTP/1.1" 200 19483 "http://www.alalamy.com.au/items/handmade/paintings/5377890/alalamy.com.au/alalamy.com.au/toreka/alalamy.com.au/feature/shoplist/index.html" "Mozilla/5.0 (Linux; Android 6.0.1; Nexus 5X Build/MMB29P) AppleWebKit/537.36 (KHTML, like Gecko) Chrome/137.0.7151.119 Mobile Safari/537.36 (compatible; Googlebot/2.1; +http://www.google.com/bot.html)"
66.249.74.13 - - [18/Jul/2025:18:52:03 +0000] "GET /items/art/models/3398625/alalamy.com.au/hobby/nuigurumi/nuigurumi.html HTTP/1.1" 200 18975 "-" "Mozilla/5.0 (Linux; Android 6.0.1; Nexus 5X Build/MMB29P) AppleWebKit/537.36 (KHTML, like Gecko) Chrome/137.0.7151.103 Mobile Safari/537.36 (compatible; GoogleOther)"
66.249.74.14 - - [18/Jul/2025:18:52:05 +0000] "POST /get-message-notify HTTP/1.1" 200 19483 "http://www.alalamy.com.au/items/art/models/3398625/alalamy.com.au/hobby/nuigurumi/nuigurumi.html" "Mozilla/5.0 (Linux; Android 6.0.1; Nexus 5X Build/MMB29P) AppleWebKit/537.36 (KHTML, like Gecko) Chrome/137.0.7151.119 Mobile Safari/537.36 (compatible; Googlebot/2.1; +http://www.google.com/bot.html)"
66.249.74.12 - - [18/Jul/2025:18:52:09 +0000] "POST /get-message-notify HTTP/1.1" 200 19483 "http://www.alalamy.com.au/items/handmade/paintings/5377890/alalamy.com.au/feature/osu_main/alalamy.com.au/toreka/alalamy.com.au/pcsp.html" "Mozilla/5.0 (Linux; Android 6.0.1; Nexus 5X Build/MMB29P) AppleWebKit/537.36 (KHTML, like Gecko) Chrome/137.0.7151.119 Mobile Safari/537.36 (compatible; Googlebot/2.1; +http://www.google.com/bot.html)"
66.249.74.13 - - [18/Jul/2025:18:52:10 +0000] "GET /items/handmade/paintings/5377890/alalamy.com.au/hobby/boardgame/alalamy.com.au/kaitori/alalamy.com.au/feature/campaign/index.html HTTP/1.1" 200 18350 "-" "Mozilla/5.0 (Linux; Android 6.0.1; Nexus 5X Build/MMB29P) AppleWebKit/537.36 (KHTML, like Gecko) Chrome/137.0.7151.103 Mobile Safari/537.36 (compatible; GoogleOther)"
66.249.74.12 - - [18/Jul/2025:18:52:13 +0000] "GET /items/handmade/paintings/5377890/alalamy.com.au/feature/akihabara_main/alalamy.com.au?_bd_prev_page=alalamy.com.au/detail.php?shopbrand/8640812.htm HTTP/1.1" 200 19625 "-" "Mozilla/5.0 (Linux; Android 6.0.1; Nexus 5X Build/MMB29P) AppleWebKit/537.36 (KHTML, like Gecko) Chrome/137.0.7151.103 Mobile Safari/537.36 (compatible; GoogleOther)"
66.249.74.12 - - [18/Jul/2025:18:52:15 +0000] "POST /get-message-notify HTTP/1.1" 200 19483 "http://www.alalamy.com.au/items/handmade/paintings/5377890/alalamy.com.au/feature/akihabara_main/alalamy.com.au?_bd_prev_page=alalamy.com.au/detail.php?shopbrand/8640812.htm" "Mozilla/5.0 (Linux; Android 6.0.1; Nexus 5X Build/MMB29P) AppleWebKit/537.36 (KHTML, like Gecko) Chrome/137.0.7151.119 Mobile Safari/537.36 (compatible; Googlebot/2.1; +http://www.google.com/bot.html)"
66.249.74.12 - - [18/Jul/2025:18:52:21 +0000] "GET /items/art/models/3398625/alalamy.com.au/dozin.html HTTP/1.1" 200 18967 "-" "Mozilla/5.0 (Linux; Android 6.0.1; Nexus 5X Build/MMB29P) AppleWebKit/537.36 (KHTML, like Gecko) Chrome/137.0.7151.103 Mobile Safari/537.36 (compatible; GoogleOther)"
66.249.74.12 - - [18/Jul/2025:18:52:22 +0000] "POST /get-message-notify HTTP/1.1" 200 19483 "http://www.alalamy.com.au/items/handmade/paintings/5377890/alalamy.com.au/hobby/boardgame/alalamy.com.au/kaitori/alalamy.com.au/feature/campaign/index.html" "Mozilla/5.0 (Linux; Android 6.0.1; Nexus 5X Build/MMB29P) AppleWebKit/537.36 (KHTML, like Gecko) Chrome/137.0.7151.119 Mobile Safari/537.36 (compatible; Googlebot/2.1; +http://www.google.com/bot.html)"
66.249.74.12 - - [18/Jul/2025:18:52:23 +0000] "GET /items/handmade/paintings/alalamy.com.au/oreka/alalamy.com.au?_bd_prev_page=alalamy.com.au/detail.php?shopbrand/8968977.htm HTTP/1.1" 200 19510 "-" "Mozilla/5.0 (Linux; Android 6.0.1; Nexus 5X Build/MMB29P) AppleWebKit/537.36 (KHTML, like Gecko) Chrome/137.0.7151.103 Mobile Safari/537.36 (compatible; GoogleOther)"
66.249.74.12 - - [18/Jul/2025:18:52:23 +0000] "POST /get-message-notify HTTP/1.1" 200 19483 "http://www.alalamy.com.au/items/art/models/3398625/alalamy.com.au/dozin.html" "Mozilla/5.0 (Linux; Android 6.0.1; Nexus 5X Build/MMB29P) AppleWebKit/537.36 (KHTML, like Gecko) Chrome/137.0.7151.119 Mobile Safari/537.36 (compatible; Googlebot/2.1; +http://www.google.com/bot.html)"
66.249.74.12 - - [18/Jul/2025:18:52:26 +0000] "GET /items/art/models/3062285/alalamy.com.au/toreka/alalamy.com.au/avsoft.html HTTP/1.1" 200 19172 "-" "Mozilla/5.0 (Linux; Android 6.0.1; Nexus 5X Build/MMB29P) AppleWebKit/537.36 (KHTML, like Gecko) Chrome/137.0.7151.103 Mobile Safari/537.36 (compatible; GoogleOther)"
66.249.74.12 - - [18/Jul/2025:18:52:28 +0000] "GET /items/handmade/paintings/5377890/alalamy.com.au/kaitori/alalamy.com.au/feature/osu_main/alalamy.com.au/recruit HTTP/1.1" 200 18345 "-" "Mozilla/5.0 (Linux; Android 6.0.1; Nexus 5X Build/MMB29P) AppleWebKit/537.36 (KHTML, like Gecko) Chrome/137.0.7151.103 Mobile Safari/537.36 (compatible; GoogleOther)"
66.249.74.12 - - [18/Jul/2025:18:52:33 +0000] "GET /items/handmade/paintings/5377890/feature/idol/alalamy.com.au?_bd_prev_page=alalamy.com.au/detail.php?shopbrand/11114422.htm HTTP/1.1" 200 19400 "-" "Mozilla/5.0 (Linux; Android 6.0.1; Nexus 5X Build/MMB29P) AppleWebKit/537.36 (KHTML, like Gecko) Chrome/137.0.7151.103 Mobile Safari/537.36 (compatible; GoogleOther)"
66.249.74.12 - - [18/Jul/2025:18:52:36 +0000] "GET /items/art/models/3062285/alalamy.com.au/product/edit/alalamy.com.au?_bd_prev_page=alalamy.com.au/detail.php?shopbrand/8709025.htm HTTP/1.1" 200 19895 "-" "Mozilla/5.0 (Linux; Android 6.0.1; Nexus 5X Build/MMB29P) AppleWebKit/537.36 (KHTML, like Gecko) Chrome/137.0.7151.103 Mobile Safari/537.36 (compatible; GoogleOther)"
66.249.74.13 - - [18/Jul/2025:18:52:39 +0000] "GET /items/art/wind/4816783/hobby/boardgame/alalamy.com.au/feature/omiya_marui/alalamy.com.au/hobby/nuigurumi/nuigurumi.html HTTP/1.1" 200 18841 "-" "Mozilla/5.0 (Linux; Android 6.0.1; Nexus 5X Build/MMB29P) AppleWebKit/537.36 (KHTML, like Gecko) Chrome/137.0.7151.103 Mobile Safari/537.36 (compatible; GoogleOther)"
66.249.65.174 - - [18/Jul/2025:18:52:41 +0000] "GET /items/handicrafts/paintings/2644745/alalamy.com.au?_bd_prev_page=alalamy.com.au/detail.php?shopbrand/8613137.htm HTTP/1.1" 200 21430 "-" "Mozilla/5.0 (Linux; Android 6.0.1; Nexus 5X Build/MMB29P) AppleWebKit/537.36 (KHTML, like Gecko) Chrome/137.0.7151.103 Mobile Safari/537.36 (compatible; GoogleOther)"
66.249.65.174 - - [18/Jul/2025:18:52:44 +0000] "POST /get-message-notify HTTP/1.1" 200 19461 "http://alalamy.com.au/items/handicrafts/paintings/2644745/alalamy.com.au?_bd_prev_page=alalamy.com.au/detail.php?shopbrand/8613137.htm" "Mozilla/5.0 (Linux; Android 6.0.1; Nexus 5X Build/MMB29P) AppleWebKit/537.36 (KHTML, like Gecko) Chrome/137.0.7151.119 Mobile Safari/537.36 (compatible; Googlebot/2.1; +http://www.google.com/bot.html)"
66.249.74.13 - - [18/Jul/2025:18:52:46 +0000] "GET /items/handmade/paintings/5377890/alalamy.com.au/feature/akihabara_main/alalamy.com.au?_bd_prev_page=alalamy.com.au/detail.php?shopbrand/31459715.htm HTTP/1.1" 200 19432 "-" "Mozilla/5.0 (Linux; Android 6.0.1; Nexus 5X Build/MMB29P) AppleWebKit/537.36 (KHTML, like Gecko) Chrome/137.0.7151.103 Mobile Safari/537.36 (compatible; GoogleOther)"
66.249.74.12 - - [18/Jul/2025:18:52:49 +0000] "GET /items/handmade/paintings/5377890/alalamy.com.au/feature/akihabara_main/alalamy.com.au?_bd_prev_page=alalamy.com.au/detail.php?shopbrand/248400667.htm HTTP/1.1" 200 22201 "-" "Mozilla/5.0 (Linux; Android 6.0.1; Nexus 5X Build/MMB29P) AppleWebKit/537.36 (KHTML, like Gecko) Chrome/137.0.7151.103 Mobile Safari/537.36 (compatible; GoogleOther)"
66.249.74.13 - - [18/Jul/2025:18:52:51 +0000] "POST /get-message-notify HTTP/1.1" 200 19483 "http://www.alalamy.com.au/items/handmade/paintings/5377890/alalamy.com.au/feature/akihabara_main/alalamy.com.au?_bd_prev_page=alalamy.com.au/detail.php?shopbrand/248400667.htm" "Mozilla/5.0 (Linux; Android 6.0.1; Nexus 5X Build/MMB29P) AppleWebKit/537.36 (KHTML, like Gecko) Chrome/137.0.7151.119 Mobile Safari/537.36 (compatible; Googlebot/2.1; +http://www.google.com/bot.html)"
66.249.74.13 - - [18/Jul/2025:18:52:57 +0000] "GET /items/manga/art/5299474/alalamy.com.au/books.html/hobby/boardgame/index.html HTTP/1.1" 200 19001 "-" "Mozilla/5.0 (Linux; Android 6.0.1; Nexus 5X Build/MMB29P) AppleWebKit/537.36 (KHTML, like Gecko) Chrome/137.0.7151.103 Mobile Safari/537.36 (compatible; GoogleOther)"
66.249.74.13 - - [18/Jul/2025:18:52:57 +0000] "POST /get-message-notify HTTP/1.1" 200 19483 "http://www.alalamy.com.au/items/handmade/paintings/5377890/feature/idol/alalamy.com.au?_bd_prev_page=alalamy.com.au/detail.php?shopbrand/11114422.htm" "Mozilla/5.0 (Linux; Android 6.0.1; Nexus 5X Build/MMB29P) AppleWebKit/537.36 (KHTML, like Gecko) Chrome/137.0.7151.119 Mobile Safari/537.36 (compatible; Googlebot/2.1; +http://www.google.com/bot.html)"
66.249.74.12 - - [18/Jul/2025:18:52:58 +0000] "POST /get-message-notify HTTP/1.1" 200 19483 "http://www.alalamy.com.au/items/art/wind/4816783/hobby/boardgame/alalamy.com.au/feature/omiya_marui/alalamy.com.au/hobby/nuigurumi/nuigurumi.html" "Mozilla/5.0 (Linux; Android 6.0.1; Nexus 5X Build/MMB29P) AppleWebKit/537.36 (KHTML, like Gecko) Chrome/137.0.7151.119 Mobile Safari/537.36 (compatible; Googlebot/2.1; +http://www.google.com/bot.html)"
66.249.65.160 - - [18/Jul/2025:18:52:59 +0000] "GET /items/art/musical-instruments/5047267/alalamy.com.au?_bd_prev_page=alalamy.com.au/detail.php?shopbrand/201680386.htm HTTP/1.1" 200 19770 "-" "Mozilla/5.0 (Linux; Android 6.0.1; Nexus 5X Build/MMB29P) AppleWebKit/537.36 (KHTML, like Gecko) Chrome/137.0.7151.103 Mobile Safari/537.36 (compatible; GoogleOther)"
66.249.65.174 - - [18/Jul/2025:18:53:01 +0000] "POST /get-message-notify HTTP/1.1" 200 19461 "http://alalamy.com.au/items/handicrafts/paintings/2644745/alalamy.com.au?_bd_prev_page=alalamy.com.au/detail.php?shopbrand/9158845.htm" "Mozilla/5.0 (Linux; Android 6.0.1; Nexus 5X Build/MMB29P) AppleWebKit/537.36 (KHTML, like Gecko) Chrome/137.0.7151.119 Mobile Safari/537.36 (compatible; Googlebot/2.1; +http://www.google.com/bot.html)"
66.249.74.12 - - [18/Jul/2025:18:53:04 +0000] "GET /items/handmade/paintings/5377890/feature/idol/alalamy.com.au?_bd_prev_page=alalamy.com.au/detail.php?shopbrand/9728074.htm HTTP/1.1" 200 20146 "-" "Mozilla/5.0 (Linux; Android 6.0.1; Nexus 5X Build/MMB29P) AppleWebKit/537.36 (KHTML, like Gecko) Chrome/137.0.7151.103 Mobile Safari/537.36 (compatible; GoogleOther)"
66.249.65.174 - - [18/Jul/2025:18:53:09 +0000] "GET /items/art/musical-instruments/5047267/alalamy.com.au?_bd_prev_page=alalamy.com.au/detail.php?shopbrand/8793696.htm HTTP/1.1" 200 20493 "-" "Mozilla/5.0 (Linux; Android 6.0.1; Nexus 5X Build/MMB29P) AppleWebKit/537.36 (KHTML, like Gecko) Chrome/137.0.7151.103 Mobile Safari/537.36 (compatible; GoogleOther)"
66.249.74.12 - - [18/Jul/2025:18:53:15 +0000] "GET /items/handmade/paintings/5377890/alalamy.com.au/feature/akihabara_main/alalamy.com.au?_bd_prev_page=alalamy.com.au/detail.php?shopbrand/276113218.htm HTTP/1.1" 200 20764 "-" "Mozilla/5.0 (Linux; Android 6.0.1; Nexus 5X Build/MMB29P) AppleWebKit/537.36 (KHTML, like Gecko) Chrome/137.0.7151.103 Mobile Safari/537.36 (compatible; GoogleOther)"
66.249.74.12 - - [18/Jul/2025:18:53:18 +0000] "POST /get-message-notify HTTP/1.1" 200 19483 "http://www.alalamy.com.au/items/handmade/paintings/5377890/alalamy.com.au/feature/akihabara_main/alalamy.com.au?_bd_prev_page=alalamy.com.au/detail.php?shopbrand/276113218.htm" "Mozilla/5.0 (Linux; Android 6.0.1; Nexus 5X Build/MMB29P) AppleWebKit/537.36 (KHTML, like Gecko) Chrome/137.0.7151.119 Mobile Safari/537.36 (compatible; Googlebot/2.1; +http://www.google.com/bot.html)"
66.249.65.174 - - [18/Jul/2025:18:53:20 +0000] "GET /items/art/musical-instruments/5047267/alalamy.com.au?_bd_prev_page=alalamy.com.au/detail.php?shopbrand/9500928.htm HTTP/1.1" 200 20045 "-" "Mozilla/5.0 (Linux; Android 6.0.1; Nexus 5X Build/MMB29P) AppleWebKit/537.36 (KHTML, like Gecko) Chrome/137.0.7151.103 Mobile Safari/537.36 (compatible; GoogleOther)"
66.249.74.12 - - [18/Jul/2025:18:53:22 +0000] "GET /items/handmade/paintings/5377890/feature/idol/alalamy.com.au?_bd_prev_page=alalamy.com.au/detail.php?shopbrand/9385852.htm HTTP/1.1" 200 20946 "-" "Mozilla/5.0 (Linux; Android 6.0.1; Nexus 5X Build/MMB29P) AppleWebKit/537.36 (KHTML, like Gecko) Chrome/137.0.7151.103 Mobile Safari/537.36 (compatible; GoogleOther)"
66.249.74.12 - - [18/Jul/2025:18:53:25 +0000] "GET /items/handmade/paintings/5377890/alalamy.com.au/feature/campaign/alalamy.com.au/kaitori/alalamy.com.au/pcmypage?callback=product%2Fdetail%2F45787632 HTTP/1.1" 200 18367 "-" "Mozilla/5.0 (Linux; Android 6.0.1; Nexus 5X Build/MMB29P) AppleWebKit/537.36 (KHTML, like Gecko) Chrome/137.0.7151.103 Mobile Safari/537.36 (compatible; GoogleOther)"
66.249.74.12 - - [18/Jul/2025:18:53:27 +0000] "POST /get-message-notify HTTP/1.1" 200 19483 "http://www.alalamy.com.au/items/handmade/paintings/5377890/alalamy.com.au/feature/campaign/alalamy.com.au/kaitori/alalamy.com.au/pcmypage?callback=product%2Fdetail%2F45787632" "Mozilla/5.0 (Linux; Android 6.0.1; Nexus 5X Build/MMB29P) AppleWebKit/537.36 (KHTML, like Gecko) Chrome/137.0.7151.119 Mobile Safari/537.36 (compatible; Googlebot/2.1; +http://www.google.com/bot.html)"
66.249.74.12 - - [18/Jul/2025:18:53:27 +0000] "GET /items/handicrafts/illustrations/4841596/alalamy.com.au/feature/sapporo/alalamy.com.au/feature/campaign/index.html HTTP/1.1" 200 19388 "-" "Mozilla/5.0 (Linux; Android 6.0.1; Nexus 5X Build/MMB29P) AppleWebKit/537.36 (KHTML, like Gecko) Chrome/137.0.7151.103 Mobile Safari/537.36 (compatible; GoogleOther)"
66.249.74.12 - - [18/Jul/2025:18:53:30 +0000] "GET /items/handmade/paintings/5377890/alalamy.com.au/feature/akihabara_main/alalamy.com.au?_bd_prev_page=alalamy.com.au/detail.php?shopbrand/9303961.htm HTTP/1.1" 200 20280 "-" "Mozilla/5.0 (Linux; Android 6.0.1; Nexus 5X Build/MMB29P) AppleWebKit/537.36 (KHTML, like Gecko) Chrome/137.0.7151.103 Mobile Safari/537.36 (compatible; GoogleOther)"
66.249.74.12 - - [18/Jul/2025:18:53:31 +0000] "POST /get-message-notify HTTP/1.1" 200 19483 "http://www.alalamy.com.au/items/handmade/paintings/5377890/feature/idol/alalamy.com.au?_bd_prev_page=alalamy.com.au/detail.php?shopbrand/9728074.htm" "Mozilla/5.0 (Linux; Android 6.0.1; Nexus 5X Build/MMB29P) AppleWebKit/537.36 (KHTML, like Gecko) Chrome/137.0.7151.119 Mobile Safari/537.36 (compatible; Googlebot/2.1; +http://www.google.com/bot.html)"
66.249.65.174 - - [18/Jul/2025:18:53:33 +0000] "GET /items/art/musical-instruments/5047267/alalamy.com.au?_bd_prev_page=alalamy.com.au/detail.php?shopbrand/9060733.htm HTTP/1.1" 200 19392 "-" "Mozilla/5.0 (Linux; Android 6.0.1; Nexus 5X Build/MMB29P) AppleWebKit/537.36 (KHTML, like Gecko) Chrome/137.0.7151.103 Mobile Safari/537.36 (compatible; GoogleOther)"
66.249.65.174 - - [18/Jul/2025:18:53:43 +0000] "GET /items/art/musical-instruments/5047267/alalamy.com.au?_bd_prev_page=alalamy.com.au/detail.php?shopbrand/245360832.htm HTTP/1.1" 200 20121 "-" "Mozilla/5.0 (Linux; Android 6.0.1; Nexus 5X Build/MMB29P) AppleWebKit/537.36 (KHTML, like Gecko) Chrome/137.0.7151.103 Mobile Safari/537.36 (compatible; GoogleOther)"
66.249.65.174 - - [18/Jul/2025:18:53:45 +0000] "POST /get-message-notify HTTP/1.1" 200 19461 "http://alalamy.com.au/items/art/musical-instruments/5047267/alalamy.com.au?_bd_prev_page=alalamy.com.au/detail.php?shopbrand/245360832.htm" "Mozilla/5.0 (Linux; Android 6.0.1; Nexus 5X Build/MMB29P) AppleWebKit/537.36 (KHTML, like Gecko) Chrome/137.0.7151.119 Mobile Safari/537.36 (compatible; Googlebot/2.1; +http://www.google.com/bot.html)"
66.249.74.12 - - [18/Jul/2025:18:54:02 +0000] "POST /get-message-notify HTTP/1.1" 200 19483 "http://www.alalamy.com.au/items/handmade/paintings/5377890/alalamy.com.au/feature/akihabara_main/alalamy.com.au?_bd_prev_page=alalamy.com.au/detail.php?shopbrand/9303961.htm" "Mozilla/5.0 (Linux; Android 6.0.1; Nexus 5X Build/MMB29P) AppleWebKit/537.36 (KHTML, like Gecko) Chrome/137.0.7151.119 Mobile Safari/537.36 (compatible; Googlebot/2.1; +http://www.google.com/bot.html)"
66.249.65.174 - - [18/Jul/2025:18:56:10 +0000] "POST /get-message-notify HTTP/1.1" 200 19461 "http://alalamy.com.au/items/art/musical-instruments/5047267/alalamy.com.au?_bd_prev_page=alalamy.com.au/detail.php?shopbrand/201680386.htm" "Mozilla/5.0 (Linux; Android 6.0.1; Nexus 5X Build/MMB29P) AppleWebKit/537.36 (KHTML, like Gecko) Chrome/137.0.7151.119 Mobile Safari/537.36 (compatible; Googlebot/2.1; +http://www.google.com/bot.html)"
66.249.74.13 - - [18/Jul/2025:18:58:13 +0000] "GET /items/cars/cars/5194819 HTTP/1.1" 200 19557 "-" "Mozilla/5.0 (Linux; Android 6.0.1; Nexus 5X Build/MMB29P) AppleWebKit/537.36 (KHTML, like Gecko) Chrome/137.0.7151.103 Mobile Safari/537.36 (compatible; GoogleOther)"
66.249.65.174 - - [18/Jul/2025:19:00:50 +0000] "GET /items/art/musical-instruments/5047267/30 HTTP/1.1" 200 19938 "-" "Mozilla/5.0 (Linux; Android 6.0.1; Nexus 5X Build/MMB29P) AppleWebKit/537.36 (KHTML, like Gecko) Chrome/137.0.7151.103 Mobile Safari/537.36 (compatible; GoogleOther)"
66.249.65.161 - - [18/Jul/2025:19:00:55 +0000] "GET /items/art/musical-instruments/5047267/C_PIRIOFOURANDHALF-medium HTTP/1.1" 200 19985 "-" "Mozilla/5.0 (Linux; Android 6.0.1; Nexus 5X Build/MMB29P) AppleWebKit/537.36 (KHTML, like Gecko) Chrome/137.0.7151.103 Mobile Safari/537.36 (compatible; GoogleOther)"
66.249.65.174 - - [18/Jul/2025:19:00:57 +0000] "POST /get-message-notify HTTP/1.1" 200 19461 "http://alalamy.com.au/items/art/musical-instruments/5047267/30" "Mozilla/5.0 (Linux; Android 6.0.1; Nexus 5X Build/MMB29P) AppleWebKit/537.36 (KHTML, like Gecko) Chrome/137.0.7151.119 Mobile Safari/537.36 (compatible; Googlebot/2.1; +http://www.google.com/bot.html)"
66.249.65.160 - - [18/Jul/2025:19:01:00 +0000] "POST /get-message-notify HTTP/1.1" 200 19461 "http://alalamy.com.au/items/art/musical-instruments/5047267/C_PIRIOFOURANDHALF-medium" "Mozilla/5.0 (Linux; Android 6.0.1; Nexus 5X Build/MMB29P) AppleWebKit/537.36 (KHTML, like Gecko) Chrome/137.0.7151.119 Mobile Safari/537.36 (compatible; Googlebot/2.1; +http://www.google.com/bot.html)"
57.141.2.7 - - [18/Jul/2025:19:01:21 +0000] "GET /shopbrand/278620496.htm HTTP/1.1" 301 - "-" "meta-externalagent/1.1 (+https://developers.facebook.com/docs/sharing/webmasters/crawler)"
57.141.2.8 - - [18/Jul/2025:19:01:23 +0000] "GET /shopbrand/278702210.htm HTTP/1.1" 301 - "-" "meta-externalagent/1.1 (+https://developers.facebook.com/docs/sharing/webmasters/crawler)"
57.141.2.10 - - [18/Jul/2025:19:01:27 +0000] "GET /shopbrand/278598679.htm HTTP/1.1" 301 - "-" "meta-externalagent/1.1 (+https://developers.facebook.com/docs/sharing/webmasters/crawler)"
57.141.2.25 - - [18/Jul/2025:19:01:33 +0000] "GET /shopbrand/278598679.htm HTTP/1.1" 404 98826 "-" "meta-externalagent/1.1 (+https://developers.facebook.com/docs/sharing/webmasters/crawler)"
57.141.2.13 - - [18/Jul/2025:19:01:40 +0000] "GET /shopbrand/278614122.htm HTTP/1.1" 301 - "-" "meta-externalagent/1.1 (+https://developers.facebook.com/docs/sharing/webmasters/crawler)"
209.74.77.214 - - [18/Jul/2025:19:02:04 +0000] "POST /wp-cron.php?doing_wp_cron=1752865324.7610108852386474609375 HTTP/1.1" 200 - "-" "WordPress/6.8.2; https://alalamy.com.au"
57.141.2.3 - - [18/Jul/2025:19:02:04 +0000] "GET /shopbrand/278614122.htm HTTP/1.1" 404 98826 "-" "meta-externalagent/1.1 (+https://developers.facebook.com/docs/sharing/webmasters/crawler)"
57.141.2.27 - - [18/Jul/2025:19:02:09 +0000] "GET /shopbrand/278653441.htm HTTP/1.1" 301 - "-" "meta-externalagent/1.1 (+https://developers.facebook.com/docs/sharing/webmasters/crawler)"
57.141.2.4 - - [18/Jul/2025:19:02:14 +0000] "GET /shopbrand/278618695.htm HTTP/1.1" 301 - "-" "meta-externalagent/1.1 (+https://developers.facebook.com/docs/sharing/webmasters/crawler)"
57.141.2.27 - - [18/Jul/2025:19:02:17 +0000] "GET /shopbrand/278619251.htm HTTP/1.1" 301 - "-" "meta-externalagent/1.1 (+https://developers.facebook.com/docs/sharing/webmasters/crawler)"
57.141.2.21 - - [18/Jul/2025:19:02:25 +0000] "GET /shopbrand/278682053.htm HTTP/1.1" 301 - "-" "meta-externalagent/1.1 (+https://developers.facebook.com/docs/sharing/webmasters/crawler)"
57.141.2.18 - - [18/Jul/2025:19:02:28 +0000] "GET /shopbrand/278618695.htm HTTP/1.1" 404 98826 "-" "meta-externalagent/1.1 (+https://developers.facebook.com/docs/sharing/webmasters/crawler)"
209.74.77.214 - - [18/Jul/2025:19:02:36 +0000] "POST /wp-cron.php?doing_wp_cron=1752865356.5103518962860107421875 HTTP/1.1" 200 - "-" "WordPress/6.8.2; https://alalamy.com.au"
57.141.2.23 - - [18/Jul/2025:19:02:36 +0000] "GET /shopbrand/278596189.htm HTTP/1.1" 301 - "-" "meta-externalagent/1.1 (+https://developers.facebook.com/docs/sharing/webmasters/crawler)"
57.141.2.17 - - [18/Jul/2025:19:02:36 +0000] "GET /shopbrand/278682053.htm HTTP/1.1" 404 98826 "-" "meta-externalagent/1.1 (+https://developers.facebook.com/docs/sharing/webmasters/crawler)"
57.141.2.10 - - [18/Jul/2025:19:02:40 +0000] "GET /shopbrand/278646628.htm HTTP/1.1" 301 - "-" "meta-externalagent/1.1 (+https://developers.facebook.com/docs/sharing/webmasters/crawler)"
209.74.77.214 - - [18/Jul/2025:19:04:05 +0000] "POST /wp-cron.php?doing_wp_cron=1752865445.3255228996276855468750 HTTP/1.1" 200 - "-" "WordPress/6.8.2; https://alalamy.com.au"
57.141.2.13 - - [18/Jul/2025:19:04:05 +0000] "GET /shopbrand/278596870.htm HTTP/1.1" 301 - "-" "meta-externalagent/1.1 (+https://developers.facebook.com/docs/sharing/webmasters/crawler)"
209.74.77.214 - - [18/Jul/2025:19:05:35 +0000] "POST /wp-cron.php?doing_wp_cron=1752865534.9919929504394531250000 HTTP/1.1" 200 - "-" "WordPress/6.8.2; https://alalamy.com.au"
57.141.2.16 - - [18/Jul/2025:19:05:34 +0000] "GET /shopbrand/278624229.htm HTTP/1.1" 301 - "-" "meta-externalagent/1.1 (+https://developers.facebook.com/docs/sharing/webmasters/crawler)"
57.141.2.29 - - [18/Jul/2025:19:06:08 +0000] "GET /shopbrand/278624229.htm HTTP/1.1" 404 98826 "-" "meta-externalagent/1.1 (+https://developers.facebook.com/docs/sharing/webmasters/crawler)"
66.249.65.174 - - [18/Jul/2025:19:12:07 +0000] "GET /items/cars/cars/4631916 HTTP/1.1" 200 20102 "-" "Mozilla/5.0 (Linux; Android 6.0.1; Nexus 5X Build/MMB29P) AppleWebKit/537.36 (KHTML, like Gecko) Chrome/137.0.7151.103 Mobile Safari/537.36 (compatible; GoogleOther)"
66.249.65.174 - - [18/Jul/2025:19:12:18 +0000] "POST /get-message-notify HTTP/1.1" 200 19461 "http://alalamy.com.au/items/cars/cars/4631916" "Mozilla/5.0 (Linux; Android 6.0.1; Nexus 5X Build/MMB29P) AppleWebKit/537.36 (KHTML, like Gecko) Chrome/137.0.7151.119 Mobile Safari/537.36 (compatible; Googlebot/2.1; +http://www.google.com/bot.html)"
57.141.2.23 - - [18/Jul/2025:19:15:30 +0000] "GET /shopbrand/278622859.htm HTTP/1.1" 301 - "-" "meta-externalagent/1.1 (+https://developers.facebook.com/docs/sharing/webmasters/crawler)"
209.74.77.214 - - [18/Jul/2025:19:15:33 +0000] "POST /wp-cron.php?doing_wp_cron=1752866133.5774869918823242187500 HTTP/1.1" 200 - "-" "WordPress/6.8.2; https://alalamy.com.au"
57.141.2.28 - - [18/Jul/2025:19:15:33 +0000] "GET /shopbrand/278646088.htm HTTP/1.1" 301 - "-" "meta-externalagent/1.1 (+https://developers.facebook.com/docs/sharing/webmasters/crawler)"
57.141.2.14 - - [18/Jul/2025:19:15:37 +0000] "GET /shopbrand/278622859.htm HTTP/1.1" 404 98826 "-" "meta-externalagent/1.1 (+https://developers.facebook.com/docs/sharing/webmasters/crawler)"
57.141.2.29 - - [18/Jul/2025:19:21:27 +0000] "GET /shopbrand/278690568.htm HTTP/1.1" 301 - "-" "meta-externalagent/1.1 (+https://developers.facebook.com/docs/sharing/webmasters/crawler)"
57.141.2.8 - - [18/Jul/2025:19:21:55 +0000] "GET /shopbrand/278690568.htm HTTP/1.1" 404 98826 "-" "meta-externalagent/1.1 (+https://developers.facebook.com/docs/sharing/webmasters/crawler)"
198.235.24.56 - - [18/Jul/2025:19:26:32 +0000] "GET / HTTP/1.1" 301 - "-" "-"
57.141.2.20 - - [18/Jul/2025:20:07:22 +0000] "GET /shopbrand/278707232.htm HTTP/1.1" 301 - "-" "meta-externalagent/1.1 (+https://developers.facebook.com/docs/sharing/webmasters/crawler)"
209.74.77.214 - - [18/Jul/2025:20:21:04 +0000] "POST /wp-cron.php?doing_wp_cron=1752870064.1534550189971923828125 HTTP/1.1" 200 - "-" "WordPress/6.8.2; https://alalamy.com.au"
20.171.207.85 - - [18/Jul/2025:20:21:03 +0000] "GET /items/kitchen/seasonal/3470486/ HTTP/1.1" 404 20410 "-" "Mozilla/5.0 AppleWebKit/537.36 (KHTML, like Gecko; compatible; GPTBot/1.2; +https://openai.com/gptbot)"
20.171.207.85 - - [18/Jul/2025:20:26:19 +0000] "GET /items/sports/badminton/3792467/ HTTP/1.1" 404 20409 "-" "Mozilla/5.0 AppleWebKit/537.36 (KHTML, like Gecko; compatible; GPTBot/1.2; +https://openai.com/gptbot)"
66.249.74.12 - - [18/Jul/2025:20:29:36 +0000] "GET /items/handicrafts/paintings/2349557/alalamy.com.au/feature/shoplist/index.html HTTP/1.1" 200 19869 "-" "Mozilla/5.0 (Linux; Android 6.0.1; Nexus 5X Build/MMB29P) AppleWebKit/537.36 (KHTML, like Gecko) Chrome/137.0.7151.103 Mobile Safari/537.36 (compatible; GoogleOther)"
66.249.74.12 - - [18/Jul/2025:20:29:43 +0000] "GET /items/handmade/paintings/5377890/alalamy.com.au/feature/sapporo/index.html HTTP/1.1" 200 18316 "-" "Mozilla/5.0 (Linux; Android 6.0.1; Nexus 5X Build/MMB29P) AppleWebKit/537.36 (KHTML, like Gecko) Chrome/137.0.7151.103 Mobile Safari/537.36 (compatible; GoogleOther)"
66.249.74.14 - - [18/Jul/2025:20:30:04 +0000] "GET /items/flowers/art-flowers/5344665/ HTTP/1.1" 200 21179 "-" "Mozilla/5.0 (Linux; Android 6.0.1; Nexus 5X Build/MMB29P) AppleWebKit/537.36 (KHTML, like Gecko) Chrome/137.0.7151.103 Mobile Safari/537.36 (compatible; GoogleOther)"
66.249.74.13 - - [18/Jul/2025:20:30:12 +0000] "GET /items/handicrafts/illustrations/4841596/alalamy.com.au/feature/honten/index.html HTTP/1.1" 200 19380 "-" "Mozilla/5.0 (Linux; Android 6.0.1; Nexus 5X Build/MMB29P) AppleWebKit/537.36 (KHTML, like Gecko) Chrome/137.0.7151.103 Mobile Safari/537.36 (compatible; GoogleOther)"
66.249.74.12 - - [18/Jul/2025:20:30:17 +0000] "GET /items/handmade/paintings/5377890/alalamy.com.au/toreka/alalamy.com.au/man/customer_guide/vintagegame.html HTTP/1.1" 200 18361 "-" "Mozilla/5.0 (Linux; Android 6.0.1; Nexus 5X Build/MMB29P) AppleWebKit/537.36 (KHTML, like Gecko) Chrome/137.0.7151.103 Mobile Safari/537.36 (compatible; GoogleOther)"
66.249.74.12 - - [18/Jul/2025:20:30:19 +0000] "GET /items/handicrafts/illustrations/4841596/alalamy.com.au/pcsp.html HTTP/1.1" 200 19382 "-" "Mozilla/5.0 (Linux; Android 6.0.1; Nexus 5X Build/MMB29P) AppleWebKit/537.36 (KHTML, like Gecko) Chrome/137.0.7151.103 Mobile Safari/537.36 (compatible; GoogleOther)"
66.249.74.12 - - [18/Jul/2025:20:30:30 +0000] "GET /items/handmade/paintings/5377890/alalamy.com.au/alalamy.com.au/affiliate HTTP/1.1" 200 18316 "-" "Mozilla/5.0 (Linux; Android 6.0.1; Nexus 5X Build/MMB29P) AppleWebKit/537.36 (KHTML, like Gecko) Chrome/137.0.7151.103 Mobile Safari/537.36 (compatible; GoogleOther)"
66.249.74.12 - - [18/Jul/2025:20:30:35 +0000] "POST /get-message-notify HTTP/1.1" 200 19483 "http://www.alalamy.com.au/items/handicrafts/illustrations/4841596/alalamy.com.au/feature/honten/index.html" "Mozilla/5.0 (Linux; Android 6.0.1; Nexus 5X Build/MMB29P) AppleWebKit/537.36 (KHTML, like Gecko) Chrome/137.0.7151.119 Mobile Safari/537.36 (compatible; Googlebot/2.1; +http://www.google.com/bot.html)"
66.249.74.12 - - [18/Jul/2025:20:30:37 +0000] "GET /items/handmade/paintings/5377890/alalamy.com.au/pcmypage/alalamy.com.au HTTP/1.1" 200 18316 "-" "Mozilla/5.0 (Linux; Android 6.0.1; Nexus 5X Build/MMB29P) AppleWebKit/537.36 (KHTML, like Gecko) Chrome/137.0.7151.103 Mobile Safari/537.36 (compatible; GoogleOther)"
66.249.74.12 - - [18/Jul/2025:20:30:40 +0000] "GET /items/handmade/paintings/5377890/alalamy.com.au/toreka/alalamy.com.au/man/alalamy.com.au/feature/utsunomiya/index.html HTTP/1.1" 200 18346 "-" "Mozilla/5.0 (Linux; Android 6.0.1; Nexus 5X Build/MMB29P) AppleWebKit/537.36 (KHTML, like Gecko) Chrome/137.0.7151.103 Mobile Safari/537.36 (compatible; GoogleOther)"
66.249.74.12 - - [18/Jul/2025:20:30:53 +0000] "GET /items/handmade/paintings/5377890/alalamy.com.au/cargo/detail/feature/idol/gradol.html HTTP/1.1" 200 18330 "-" "Mozilla/5.0 (Linux; Android 6.0.1; Nexus 5X Build/MMB29P) AppleWebKit/537.36 (KHTML, like Gecko) Chrome/137.0.7151.103 Mobile Safari/537.36 (compatible; GoogleOther)"
66.249.74.12 - - [18/Jul/2025:20:30:58 +0000] "GET /items/handmade/paintings/5377890/alalamy.com.au/man/alalamy.com.au/toreka/toreka_single.html HTTP/1.1" 200 18333 "-" "Mozilla/5.0 (Linux; Android 6.0.1; Nexus 5X Build/MMB29P) AppleWebKit/537.36 (KHTML, like Gecko) Chrome/137.0.7151.103 Mobile Safari/537.36 (compatible; GoogleOther)"
66.249.74.14 - - [18/Jul/2025:20:31:03 +0000] "GET /items/handmade/paintings/5377890/alalamy.com.au/feature/omiya_marui/alalamy.com.au/affiliate HTTP/1.1" 200 18330 "-" "Mozilla/5.0 (Linux; Android 6.0.1; Nexus 5X Build/MMB29P) AppleWebKit/537.36 (KHTML, like Gecko) Chrome/137.0.7151.103 Mobile Safari/537.36 (compatible; GoogleOther)"
66.249.74.14 - - [18/Jul/2025:20:31:06 +0000] "GET /items/handmade/paintings/5377890/alalamy.com.au/feature/shoplist/alalamy.com.au/kaitori/alalamy.com.au/man/alalamy.com.au/text/terms HTTP/1.1" 200 18360 "-" "Mozilla/5.0 (Linux; Android 6.0.1; Nexus 5X Build/MMB29P) AppleWebKit/537.36 (KHTML, like Gecko) Chrome/137.0.7151.103 Mobile Safari/537.36 (compatible; GoogleOther)"
66.249.74.13 - - [18/Jul/2025:20:31:11 +0000] "GET /items/diy/painting/1841497/alalamy.com.au/feature/osu_main/index.html HTTP/1.1" 200 21182 "-" "Mozilla/5.0 (Linux; Android 6.0.1; Nexus 5X Build/MMB29P) AppleWebKit/537.36 (KHTML, like Gecko) Chrome/137.0.7151.103 Mobile Safari/537.36 (compatible; GoogleOther)"
66.249.74.12 - - [18/Jul/2025:20:31:13 +0000] "GET /items/diy/painting/1841497/alalamy.com.au/feature/shoplist/index.html HTTP/1.1" 200 21190 "-" "Mozilla/5.0 (Linux; Android 6.0.1; Nexus 5X Build/MMB29P) AppleWebKit/537.36 (KHTML, like Gecko) Chrome/137.0.7151.103 Mobile Safari/537.36 (compatible; GoogleOther)"
66.249.74.12 - - [18/Jul/2025:20:31:16 +0000] "GET /items/art/collections/5025410/alalamy.com.au/feature/osu_main/index.html HTTP/1.1" 200 19301 "-" "Mozilla/5.0 (Linux; Android 6.0.1; Nexus 5X Build/MMB29P) AppleWebKit/537.36 (KHTML, like Gecko) Chrome/137.0.7151.103 Mobile Safari/537.36 (compatible; GoogleOther)"
66.249.74.12 - - [18/Jul/2025:20:31:31 +0000] "GET /items/handmade/paintings/5377890/alalamy.com.au/cargo/alalamy.com.au/feature/sapporo/index.html HTTP/1.1" 200 18325 "-" "Mozilla/5.0 (Linux; Android 6.0.1; Nexus 5X Build/MMB29P) AppleWebKit/537.36 (KHTML, like Gecko) Chrome/137.0.7151.103 Mobile Safari/537.36 (compatible; GoogleOther)"
66.249.74.12 - - [18/Jul/2025:20:31:34 +0000] "GET /items/handmade/paintings/5377890/alalamy.com.au/feature/sale1241-13/alalamy.com.au/pcsp.html HTTP/1.1" 200 18335 "-" "Mozilla/5.0 (Linux; Android 6.0.1; Nexus 5X Build/MMB29P) AppleWebKit/537.36 (KHTML, like Gecko) Chrome/137.0.7151.103 Mobile Safari/537.36 (compatible; GoogleOther)"
209.74.77.214 - - [18/Jul/2025:20:31:36 +0000] "POST /wp-cron.php?doing_wp_cron=1752870696.2384319305419921875000 HTTP/1.1" 200 - "-" "WordPress/6.8.2; https://alalamy.com.au"
20.171.207.85 - - [18/Jul/2025:20:31:35 +0000] "GET /items/fashion/mens/2146138/ HTTP/1.1" 404 20410 "-" "Mozilla/5.0 AppleWebKit/537.36 (KHTML, like Gecko; compatible; GPTBot/1.2; +https://openai.com/gptbot)"
66.249.74.12 - - [18/Jul/2025:20:31:38 +0000] "POST /get-message-notify HTTP/1.1" 200 19483 "http://www.alalamy.com.au/items/handmade/paintings/5377890/alalamy.com.au/man/alalamy.com.au/toreka/toreka_single.html" "Mozilla/5.0 (Linux; Android 6.0.1; Nexus 5X Build/MMB29P) AppleWebKit/537.36 (KHTML, like Gecko) Chrome/137.0.7151.119 Mobile Safari/537.36 (compatible; Googlebot/2.1; +http://www.google.com/bot.html)"
66.249.65.174 - - [18/Jul/2025:20:31:42 +0000] "GET /items/handicrafts/paintings/2644745/alalamy.com.au?_bd_prev_page=alalamy.com.au/detail.php?product/edit/A2272521885 HTTP/1.1" 200 20524 "-" "Mozilla/5.0 (Linux; Android 6.0.1; Nexus 5X Build/MMB29P) AppleWebKit/537.36 (KHTML, like Gecko) Chrome/137.0.7151.103 Mobile Safari/537.36 (compatible; GoogleOther)"
66.249.74.12 - - [18/Jul/2025:20:31:52 +0000] "GET /items/art/models/3398625/alalamy.com.au/recruit HTTP/1.1" 200 18967 "-" "Mozilla/5.0 (Linux; Android 6.0.1; Nexus 5X Build/MMB29P) AppleWebKit/537.36 (KHTML, like Gecko) Chrome/137.0.7151.103 Mobile Safari/537.36 (compatible; GoogleOther)"
66.249.74.12 - - [18/Jul/2025:20:31:57 +0000] "GET /items/handmade/paintings/5377890/alalamy.com.au/feature/shoplist-friendly/index.html/feature/idol/gradol.html HTTP/1.1" 200 18353 "-" "Mozilla/5.0 (Linux; Android 6.0.1; Nexus 5X Build/MMB29P) AppleWebKit/537.36 (KHTML, like Gecko) Chrome/137.0.7151.103 Mobile Safari/537.36 (compatible; GoogleOther)"
66.249.74.13 - - [18/Jul/2025:20:32:02 +0000] "GET /items/handmade/paintings/5377890/alalamy.com.au/feature/campaign/alalamy.com.au/avsoft.html HTTP/1.1" 200 18326 "-" "Mozilla/5.0 (Linux; Android 6.0.1; Nexus 5X Build/MMB29P) AppleWebKit/537.36 (KHTML, like Gecko) Chrome/137.0.7151.103 Mobile Safari/537.36 (compatible; GoogleOther)"
66.249.74.12 - - [18/Jul/2025:20:32:07 +0000] "POST /get-message-notify HTTP/1.1" 200 19483 "http://www.alalamy.com.au/items/handmade/paintings/5377890/alalamy.com.au/feature/campaign/alalamy.com.au/avsoft.html" "Mozilla/5.0 (Linux; Android 6.0.1; Nexus 5X Build/MMB29P) AppleWebKit/537.36 (KHTML, like Gecko) Chrome/137.0.7151.119 Mobile Safari/537.36 (compatible; Googlebot/2.1; +http://www.google.com/bot.html)"
66.249.74.12 - - [18/Jul/2025:20:32:07 +0000] "GET /items/art/models/3398625/alalamy.com.au/feature/eposcard/index.html HTTP/1.1" 200 18964 "-" "Mozilla/5.0 (Linux; Android 6.0.1; Nexus 5X Build/MMB29P) AppleWebKit/537.36 (KHTML, like Gecko) Chrome/137.0.7151.103 Mobile Safari/537.36 (compatible; GoogleOther)"
66.249.65.174 - - [18/Jul/2025:20:32:18 +0000] "GET /items/handicrafts/paintings/2644745/alalamy.com.au?_bd_prev_page=alalamy.com.au/detail.php?shopbrand/68372589.htm HTTP/1.1" 200 20056 "-" "Mozilla/5.0 (Linux; Android 6.0.1; Nexus 5X Build/MMB29P) AppleWebKit/537.36 (KHTML, like Gecko) Chrome/137.0.7151.103 Mobile Safari/537.36 (compatible; GoogleOther)"
66.249.65.174 - - [18/Jul/2025:20:32:20 +0000] "GET /items/handicrafts/paintings/2644745/alalamy.com.au?_bd_prev_page=alalamy.com.au/detail.php?shopbrand/102718792.htm HTTP/1.1" 200 20753 "-" "Mozilla/5.0 (Linux; Android 6.0.1; Nexus 5X Build/MMB29P) AppleWebKit/537.36 (KHTML, like Gecko) Chrome/137.0.7151.103 Mobile Safari/537.36 (compatible; GoogleOther)"
66.249.65.174 - - [18/Jul/2025:20:32:21 +0000] "POST /get-message-notify HTTP/1.1" 200 19461 "http://alalamy.com.au/items/handicrafts/paintings/2644745/alalamy.com.au?_bd_prev_page=alalamy.com.au/detail.php?shopbrand/68372589.htm" "Mozilla/5.0 (Linux; Android 6.0.1; Nexus 5X Build/MMB29P) AppleWebKit/537.36 (KHTML, like Gecko) Chrome/137.0.7151.119 Mobile Safari/537.36 (compatible; Googlebot/2.1; +http://www.google.com/bot.html)"
66.249.65.174 - - [18/Jul/2025:20:32:31 +0000] "GET /items/handicrafts/paintings/2644745/alalamy.com.au?_bd_prev_page=alalamy.com.au/detail.php?shopbrand/68371046.htm HTTP/1.1" 200 19759 "-" "Mozilla/5.0 (Linux; Android 6.0.1; Nexus 5X Build/MMB29P) AppleWebKit/537.36 (KHTML, like Gecko) Chrome/137.0.7151.103 Mobile Safari/537.36 (compatible; GoogleOther)"
66.249.65.174 - - [18/Jul/2025:20:32:38 +0000] "GET /items/handicrafts/paintings/2644745/alalamy.com.au?_bd_prev_page=alalamy.com.au/detail.php?shopbrand/8209040.htm HTTP/1.1" 200 19774 "-" "Mozilla/5.0 (Linux; Android 6.0.1; Nexus 5X Build/MMB29P) AppleWebKit/537.36 (KHTML, like Gecko) Chrome/137.0.7151.103 Mobile Safari/537.36 (compatible; GoogleOther)"
66.249.65.174 - - [18/Jul/2025:20:32:41 +0000] "GET /items/handicrafts/paintings/2644745/alalamy.com.au?_bd_prev_page=alalamy.com.au/detail.php?shopbrand/8209497.htm HTTP/1.1" 200 24388 "-" "Mozilla/5.0 (Linux; Android 6.0.1; Nexus 5X Build/MMB29P) AppleWebKit/537.36 (KHTML, like Gecko) Chrome/137.0.7151.103 Mobile Safari/537.36 (compatible; GoogleOther)"
66.249.74.12 - - [18/Jul/2025:20:32:49 +0000] "GET /items/handmade/paintings/5377890/alalamy.com.au/feature/shoplist/alalamy.com.au/kaden.html HTTP/1.1" 200 18336 "-" "Mozilla/5.0 (Linux; Android 6.0.1; Nexus 5X Build/MMB29P) AppleWebKit/537.36 (KHTML, like Gecko) Chrome/137.0.7151.103 Mobile Safari/537.36 (compatible; GoogleOther)"
66.249.74.12 - - [18/Jul/2025:20:32:54 +0000] "GET /items/manga/art/5299474/feature/idol/alalamy.com.au/feature/sale1464-15/index.html HTTP/1.1" 200 19007 "-" "Mozilla/5.0 (Linux; Android 6.0.1; Nexus 5X Build/MMB29P) AppleWebKit/537.36 (KHTML, like Gecko) Chrome/137.0.7151.103 Mobile Safari/537.36 (compatible; GoogleOther)"
66.249.74.12 - - [18/Jul/2025:20:33:09 +0000] "GET /items/handmade/paintings/alalamy.com.au/feature/alalamy.com.au/kaitori/ansin.html HTTP/1.1" 200 19695 "-" "Mozilla/5.0 (Linux; Android 6.0.1; Nexus 5X Build/MMB29P) AppleWebKit/537.36 (KHTML, like Gecko) Chrome/137.0.7151.103 Mobile Safari/537.36 (compatible; GoogleOther)"
66.249.74.12 - - [18/Jul/2025:20:33:12 +0000] "GET /items/handmade/paintings/5377890/alalamy.com.au/feature/eposcard/index.html/hobby/boardgame/index.html HTTP/1.1" 200 18337 "-" "Mozilla/5.0 (Linux; Android 6.0.1; Nexus 5X Build/MMB29P) AppleWebKit/537.36 (KHTML, like Gecko) Chrome/137.0.7151.103 Mobile Safari/537.36 (compatible; GoogleOther)"
66.249.74.13 - - [18/Jul/2025:20:33:14 +0000] "GET /items/handmade/paintings/5377890/alalamy.com.au/feature/alalamy.com.au/feature/sale2438-8/index.html/vintagegame.html HTTP/1.1" 200 18349 "-" "Mozilla/5.0 (Linux; Android 6.0.1; Nexus 5X Build/MMB29P) AppleWebKit/537.36 (KHTML, like Gecko) Chrome/137.0.7151.103 Mobile Safari/537.36 (compatible; GoogleOther)"
66.249.74.13 - - [18/Jul/2025:20:33:17 +0000] "POST /get-message-notify HTTP/1.1" 200 19483 "http://www.alalamy.com.au/items/handmade/paintings/alalamy.com.au/feature/alalamy.com.au/kaitori/ansin.html" "Mozilla/5.0 (Linux; Android 6.0.1; Nexus 5X Build/MMB29P) AppleWebKit/537.36 (KHTML, like Gecko) Chrome/137.0.7151.119 Mobile Safari/537.36 (compatible; Googlebot/2.1; +http://www.google.com/bot.html)"
66.249.74.12 - - [18/Jul/2025:20:33:17 +0000] "GET /items/handmade/paintings/5377890/alalamy.com.au/toreka/alalamy.com.au/product/edit/alalamy.com.au/feature/sale877-8/index.html HTTP/1.1" 200 18356 "-" "Mozilla/5.0 (Linux; Android 6.0.1; Nexus 5X Build/MMB29P) AppleWebKit/537.36 (KHTML, like Gecko) Chrome/137.0.7151.103 Mobile Safari/537.36 (compatible; GoogleOther)"
66.249.74.12 - - [18/Jul/2025:20:33:22 +0000] "GET /items/handmade/paintings/alalamy.com.au/feature/sapporo/alalamy.com.au/feature/yokohama_maruicity/index.html HTTP/1.1" 200 19587 "-" "Mozilla/5.0 (Linux; Android 6.0.1; Nexus 5X Build/MMB29P) AppleWebKit/537.36 (KHTML, like Gecko) Chrome/137.0.7151.103 Mobile Safari/537.36 (compatible; GoogleOther)"
66.249.74.12 - - [18/Jul/2025:20:33:25 +0000] "POST /get-message-notify HTTP/1.1" 200 19483 "http://www.alalamy.com.au/items/handmade/paintings/5377890/alalamy.com.au/feature/eposcard/index.html/hobby/boardgame/index.html" "Mozilla/5.0 (Linux; Android 6.0.1; Nexus 5X Build/MMB29P) AppleWebKit/537.36 (KHTML, like Gecko) Chrome/137.0.7151.119 Mobile Safari/537.36 (compatible; Googlebot/2.1; +http://www.google.com/bot.html)"
66.249.74.12 - - [18/Jul/2025:20:33:27 +0000] "POST /get-message-notify HTTP/1.1" 200 19483 "http://www.alalamy.com.au/items/handmade/paintings/5377890/alalamy.com.au/feature/alalamy.com.au/feature/sale2438-8/index.html/vintagegame.html" "Mozilla/5.0 (Linux; Android 6.0.1; Nexus 5X Build/MMB29P) AppleWebKit/537.36 (KHTML, like Gecko) Chrome/137.0.7151.119 Mobile Safari/537.36 (compatible; Googlebot/2.1; +http://www.google.com/bot.html)"
66.249.65.174 - - [18/Jul/2025:20:33:32 +0000] "GET /items/handicrafts/paintings/2644745/alalamy.com.au?_bd_prev_page=alalamy.com.au/detail.php?shopbrand/8783970.htm HTTP/1.1" 200 20840 "-" "Mozilla/5.0 (Linux; Android 6.0.1; Nexus 5X Build/MMB29P) AppleWebKit/537.36 (KHTML, like Gecko) Chrome/137.0.7151.103 Mobile Safari/537.36 (compatible; GoogleOther)"
66.249.65.174 - - [18/Jul/2025:20:33:37 +0000] "POST /get-message-notify HTTP/1.1" 200 19461 "http://alalamy.com.au/items/handicrafts/paintings/2644745/alalamy.com.au?_bd_prev_page=alalamy.com.au/detail.php?shopbrand/8209497.htm" "Mozilla/5.0 (Linux; Android 6.0.1; Nexus 5X Build/MMB29P) AppleWebKit/537.36 (KHTML, like Gecko) Chrome/137.0.7151.119 Mobile Safari/537.36 (compatible; Googlebot/2.1; +http://www.google.com/bot.html)"
66.249.65.174 - - [18/Jul/2025:20:33:38 +0000] "GET /items/handicrafts/paintings/2644745/alalamy.com.au?_bd_prev_page=alalamy.com.au/detail.php?shopbrand/8777711.htm HTTP/1.1" 200 21144 "-" "Mozilla/5.0 (Linux; Android 6.0.1; Nexus 5X Build/MMB29P) AppleWebKit/537.36 (KHTML, like Gecko) Chrome/137.0.7151.103 Mobile Safari/537.36 (compatible; GoogleOther)"
66.249.65.160 - - [18/Jul/2025:20:33:41 +0000] "POST /get-message-notify HTTP/1.1" 200 19461 "http://alalamy.com.au/items/handicrafts/paintings/2644745/alalamy.com.au?_bd_prev_page=alalamy.com.au/detail.php?shopbrand/102718792.htm" "Mozilla/5.0 (Linux; Android 6.0.1; Nexus 5X Build/MMB29P) AppleWebKit/537.36 (KHTML, like Gecko) Chrome/137.0.7151.119 Mobile Safari/537.36 (compatible; Googlebot/2.1; +http://www.google.com/bot.html)"
66.249.74.12 - - [18/Jul/2025:20:33:50 +0000] "GET /items/handmade/paintings/5377890/alalamy.com.au/pcmypage/alalamy.com.au/feature/yokohama_maruicity/index.html HTTP/1.1" 200 18340 "-" "Mozilla/5.0 (Linux; Android 6.0.1; Nexus 5X Build/MMB29P) AppleWebKit/537.36 (KHTML, like Gecko) Chrome/137.0.7151.103 Mobile Safari/537.36 (compatible; GoogleOther)"
66.249.74.12 - - [18/Jul/2025:20:33:53 +0000] "GET /items/art/wind/4816783/alalamy.com.au/feature/osu_main/alalamy.com.au/books.html HTTP/1.1" 200 18820 "-" "Mozilla/5.0 (Linux; Android 6.0.1; Nexus 5X Build/MMB29P) AppleWebKit/537.36 (KHTML, like Gecko) Chrome/137.0.7151.103 Mobile Safari/537.36 (compatible; GoogleOther)"
66.249.74.12 - - [18/Jul/2025:20:33:57 +0000] "POST /get-message-notify HTTP/1.1" 200 19483 "http://www.alalamy.com.au/items/handmade/paintings/alalamy.com.au/feature/sapporo/alalamy.com.au/feature/yokohama_maruicity/index.html" "Mozilla/5.0 (Linux; Android 6.0.1; Nexus 5X Build/MMB29P) AppleWebKit/537.36 (KHTML, like Gecko) Chrome/137.0.7151.119 Mobile Safari/537.36 (compatible; Googlebot/2.1; +http://www.google.com/bot.html)"
66.249.74.14 - - [18/Jul/2025:20:34:11 +0000] "GET /items/handmade/paintings/5377890/alalamy.com.au/hobby/boardgame/alalamy.com.au/toiawase HTTP/1.1" 200 18337 "-" "Mozilla/5.0 (Linux; Android 6.0.1; Nexus 5X Build/MMB29P) AppleWebKit/537.36 (KHTML, like Gecko) Chrome/137.0.7151.103 Mobile Safari/537.36 (compatible; GoogleOther)"
66.249.74.13 - - [18/Jul/2025:20:34:14 +0000] "GET /items/handicrafts/illustrations/4841596/alalamy.com.au/kaitori/kantan.html HTTP/1.1" 200 19393 "-" "Mozilla/5.0 (Linux; Android 6.0.1; Nexus 5X Build/MMB29P) AppleWebKit/537.36 (KHTML, like Gecko) Chrome/137.0.7151.103 Mobile Safari/537.36 (compatible; GoogleOther)"
66.249.74.13 - - [18/Jul/2025:20:34:16 +0000] "GET /items/hobbies/paintings/1656499/ HTTP/1.1" 200 19070 "-" "Mozilla/5.0 (Linux; Android 6.0.1; Nexus 5X Build/MMB29P) AppleWebKit/537.36 (KHTML, like Gecko) Chrome/137.0.7151.103 Mobile Safari/537.36 (compatible; GoogleOther)"
66.249.74.13 - - [18/Jul/2025:20:34:19 +0000] "GET /items/handmade/paintings/5377890/alalamy.com.au/toreka/alalamy.com.au/pcsp.html HTTP/1.1" 200 18323 "-" "Mozilla/5.0 (Linux; Android 6.0.1; Nexus 5X Build/MMB29P) AppleWebKit/537.36 (KHTML, like Gecko) Chrome/137.0.7151.103 Mobile Safari/537.36 (compatible; GoogleOther)"
66.249.74.12 - - [18/Jul/2025:20:34:29 +0000] "GET /items/handmade/paintings/5377890/alalamy.com.au/feature/eposcard/alalamy.com.au/oreka/alalamy.com.au/product_archives HTTP/1.1" 200 18350 "-" "Mozilla/5.0 (Linux; Android 6.0.1; Nexus 5X Build/MMB29P) AppleWebKit/537.36 (KHTML, like Gecko) Chrome/137.0.7151.103 Mobile Safari/537.36 (compatible; GoogleOther)"
66.249.74.12 - - [18/Jul/2025:20:34:31 +0000] "GET /items/handmade/paintings/5377890/alalamy.com.au/kaitori/alalamy.com.au/boyslove.html HTTP/1.1" 200 18333 "-" "Mozilla/5.0 (Linux; Android 6.0.1; Nexus 5X Build/MMB29P) AppleWebKit/537.36 (KHTML, like Gecko) Chrome/137.0.7151.103 Mobile Safari/537.36 (compatible; GoogleOther)"
66.249.65.174 - - [18/Jul/2025:20:34:35 +0000] "POST /get-message-notify HTTP/1.1" 200 19461 "http://alalamy.com.au/items/handicrafts/paintings/2644745/alalamy.com.au?_bd_prev_page=alalamy.com.au/detail.php?shopbrand/8777711.htm" "Mozilla/5.0 (Linux; Android 6.0.1; Nexus 5X Build/MMB29P) AppleWebKit/537.36 (KHTML, like Gecko) Chrome/137.0.7151.119 Mobile Safari/537.36 (compatible; Googlebot/2.1; +http://www.google.com/bot.html)"
66.249.74.12 - - [18/Jul/2025:20:34:37 +0000] "GET /items/handmade/paintings/5377890/feature/idol/alalamy.com.au?_bd_prev_page=alalamy.com.au/detail.php?shopbrand/8235728.htm HTTP/1.1" 200 19238 "-" "Mozilla/5.0 (Linux; Android 6.0.1; Nexus 5X Build/MMB29P) AppleWebKit/537.36 (KHTML, like Gecko) Chrome/137.0.7151.103 Mobile Safari/537.36 (compatible; GoogleOther)"
66.249.74.12 - - [18/Jul/2025:20:34:39 +0000] "GET /items/handmade/paintings/3198520/ HTTP/1.1" 200 21279 "-" "Mozilla/5.0 (Linux; Android 6.0.1; Nexus 5X Build/MMB29P) AppleWebKit/537.36 (KHTML, like Gecko) Chrome/137.0.7151.103 Mobile Safari/537.36 (compatible; GoogleOther)"
66.249.74.12 - - [18/Jul/2025:20:34:42 +0000] "GET /items/handmade/paintings/alalamy.com.au/items/handmade/paintings/alalamy.com.au/kaitori/ansin.html HTTP/1.1" 200 18969 "-" "Mozilla/5.0 (Linux; Android 6.0.1; Nexus 5X Build/MMB29P) AppleWebKit/537.36 (KHTML, like Gecko) Chrome/137.0.7151.103 Mobile Safari/537.36 (compatible; GoogleOther)"
66.249.74.12 - - [18/Jul/2025:20:34:52 +0000] "GET /items/art/antiques/1704275/alalamy.com.au/feature/akihabara_main/index.html HTTP/1.1" 200 18954 "-" "Mozilla/5.0 (Linux; Android 6.0.1; Nexus 5X Build/MMB29P) AppleWebKit/537.36 (KHTML, like Gecko) Chrome/137.0.7151.103 Mobile Safari/537.36 (compatible; GoogleOther)"
66.249.74.12 - - [18/Jul/2025:20:34:57 +0000] "GET /items/art/antiques/1704275/feature/idol/gradol.html HTTP/1.1" 200 18952 "-" "Mozilla/5.0 (Linux; Android 6.0.1; Nexus 5X Build/MMB29P) AppleWebKit/537.36 (KHTML, like Gecko) Chrome/137.0.7151.103 Mobile Safari/537.36 (compatible; GoogleOther)"
66.249.74.13 - - [18/Jul/2025:20:35:04 +0000] "GET /items/handmade/paintings/alalamy.com.au/oreka/alalamy.com.au?_bd_prev_page=alalamy.com.au/detail.php?pcmypage/ HTTP/1.1" 200 19072 "-" "Mozilla/5.0 (Linux; Android 6.0.1; Nexus 5X Build/MMB29P) AppleWebKit/537.36 (KHTML, like Gecko) Chrome/137.0.7151.103 Mobile Safari/537.36 (compatible; GoogleOther)"
