66.249.65.174 - - [18/Jul/2025:20:46:24 +0000] "GET /items/handicrafts/paintings/2644745/alalamy.com.au?_bd_prev_page=alalamy.com.au/detail.php?shopbrand/8615220.htm HTTP/1.1" 200 21235 "-" "Mozilla/5.0 (Linux; Android 6.0.1; Nexus 5X Build/MMB29P) AppleWebKit/537.36 (KHTML, like Gecko) Chrome/137.0.7151.103 Mobile Safari/537.36 (compatible; GoogleOther)"
66.249.65.174 - - [18/Jul/2025:20:46:30 +0000] "POST /get-message-notify HTTP/1.1" 200 19461 "http://alalamy.com.au/items/handicrafts/paintings/2644745/alalamy.com.au?_bd_prev_page=alalamy.com.au/detail.php?shopbrand/8709025.htm" "Mozilla/5.0 (Linux; Android 6.0.1; Nexus 5X Build/MMB29P) AppleWebKit/537.36 (KHTML, like Gecko) Chrome/137.0.7151.119 Mobile Safari/537.36 (compatible; Googlebot/2.1; +http://www.google.com/bot.html)"
66.249.65.174 - - [18/Jul/2025:20:46:31 +0000] "POST /get-message-notify HTTP/1.1" 200 19461 "http://alalamy.com.au/items/handicrafts/paintings/2644745/alalamy.com.au?_bd_prev_page=alalamy.com.au/detail.php?shopbrand/8810648.htm" "Mozilla/5.0 (Linux; Android 6.0.1; Nexus 5X Build/MMB29P) AppleWebKit/537.36 (KHTML, like Gecko) Chrome/137.0.7151.119 Mobile Safari/537.36 (compatible; Googlebot/2.1; +http://www.google.com/bot.html)"
66.249.74.12 - - [18/Jul/2025:20:46:32 +0000] "POST /get-message-notify HTTP/1.1" 200 19483 "http://www.alalamy.com.au/items/handmade/paintings/5377890/alalamy.com.au/feature/utsunomiya/alalamy.com.au/alalamy.com.au/text/alalamy.com.au/hobby/nuigurumi/nuigurumi.html" "Mozilla/5.0 (Linux; Android 6.0.1; Nexus 5X Build/MMB29P) AppleWebKit/537.36 (KHTML, like Gecko) Chrome/137.0.7151.119 Mobile Safari/537.36 (compatible; Googlebot/2.1; +http://www.google.com/bot.html)"
66.249.65.174 - - [18/Jul/2025:20:46:32 +0000] "GET /items/handicrafts/paintings/2644745/alalamy.com.au?_bd_prev_page=alalamy.com.au/detail.php?shopbrand/8812723.htm HTTP/1.1" 200 21991 "-" "Mozilla/5.0 (Linux; Android 6.0.1; Nexus 5X Build/MMB29P) AppleWebKit/537.36 (KHTML, like Gecko) Chrome/137.0.7151.103 Mobile Safari/537.36 (compatible; GoogleOther)"
66.249.65.174 - - [18/Jul/2025:20:46:34 +0000] "GET /items/handicrafts/paintings/2644745/alalamy.com.au?_bd_prev_page=alalamy.com.au/detail.php?shopbrand/8609243.htm HTTP/1.1" 200 22953 "-" "Mozilla/5.0 (Linux; Android 6.0.1; Nexus 5X Build/MMB29P) AppleWebKit/537.36 (KHTML, like Gecko) Chrome/137.0.7151.103 Mobile Safari/537.36 (compatible; GoogleOther)"
66.249.65.174 - - [18/Jul/2025:20:46:37 +0000] "POST /get-message-notify HTTP/1.1" 200 19461 "http://alalamy.com.au/items/handicrafts/paintings/2644745/alalamy.com.au?_bd_prev_page=alalamy.com.au/detail.php?shopbrand/8609243.htm" "Mozilla/5.0 (Linux; Android 6.0.1; Nexus 5X Build/MMB29P) AppleWebKit/537.36 (KHTML, like Gecko) Chrome/137.0.7151.119 Mobile Safari/537.36 (compatible; Googlebot/2.1; +http://www.google.com/bot.html)"
66.249.74.12 - - [18/Jul/2025:20:46:38 +0000] "POST /get-message-notify HTTP/1.1" 200 19483 "http://www.alalamy.com.au/items/handmade/paintings/5377890/alalamy.com.au/feature/akihabara_main/alalamy.com.au?_bd_prev_page=alalamy.com.au/detail.php?shopbrand/8555984.htm" "Mozilla/5.0 (Linux; Android 6.0.1; Nexus 5X Build/MMB29P) AppleWebKit/537.36 (KHTML, like Gecko) Chrome/137.0.7151.119 Mobile Safari/537.36 (compatible; Googlebot/2.1; +http://www.google.com/bot.html)"
66.249.74.12 - - [18/Jul/2025:20:46:39 +0000] "POST /get-message-notify HTTP/1.1" 200 19483 "http://www.alalamy.com.au/items/handmade/paintings/5377890/feature/idol/alalamy.com.au?_bd_prev_page=alalamy.com.au/detail.php?shopbrand/68547554.htm" "Mozilla/5.0 (Linux; Android 6.0.1; Nexus 5X Build/MMB29P) AppleWebKit/537.36 (KHTML, like Gecko) Chrome/137.0.7151.119 Mobile Safari/537.36 (compatible; Googlebot/2.1; +http://www.google.com/bot.html)"
66.249.74.12 - - [18/Jul/2025:20:46:40 +0000] "GET /items/handmade/paintings/5377890/feature/idol/alalamy.com.au?_bd_prev_page=alalamy.com.au/detail.php?shopbrand/10913051.htm HTTP/1.1" 200 19276 "-" "Mozilla/5.0 (Linux; Android 6.0.1; Nexus 5X Build/MMB29P) AppleWebKit/537.36 (KHTML, like Gecko) Chrome/137.0.7151.103 Mobile Safari/537.36 (compatible; GoogleOther)"
66.249.74.12 - - [18/Jul/2025:20:46:42 +0000] "GET /items/handmade/paintings/alalamy.com.au/items/handmade/paintings/alalamy.com.au/toreka/toreka_single.html HTTP/1.1" 200 18806 "-" "Mozilla/5.0 (Linux; Android 6.0.1; Nexus 5X Build/MMB29P) AppleWebKit/537.36 (KHTML, like Gecko) Chrome/137.0.7151.103 Mobile Safari/537.36 (compatible; GoogleOther)"
66.249.65.174 - - [18/Jul/2025:20:46:44 +0000] "POST /get-message-notify HTTP/1.1" 200 19461 "http://alalamy.com.au/items/handicrafts/paintings/2644745/alalamy.com.au?_bd_prev_page=alalamy.com.au/detail.php?shopbrand/8208228.htm" "Mozilla/5.0 (Linux; Android 6.0.1; Nexus 5X Build/MMB29P) AppleWebKit/537.36 (KHTML, like Gecko) Chrome/137.0.7151.119 Mobile Safari/537.36 (compatible; Googlebot/2.1; +http://www.google.com/bot.html)"
66.249.65.174 - - [18/Jul/2025:20:46:45 +0000] "GET /items/handicrafts/paintings/2644745/alalamy.com.au?_bd_prev_page=alalamy.com.au/detail.php?shopbrand/9025671.htm HTTP/1.1" 200 19031 "-" "Mozilla/5.0 (Linux; Android 6.0.1; Nexus 5X Build/MMB29P) AppleWebKit/537.36 (KHTML, like Gecko) Chrome/137.0.7151.103 Mobile Safari/537.36 (compatible; GoogleOther)"
66.249.65.174 - - [18/Jul/2025:20:46:47 +0000] "GET /items/handicrafts/paintings/2644745/alalamy.com.au?_bd_prev_page=alalamy.com.au/detail.php?shopbrand/8817586.htm HTTP/1.1" 200 19536 "-" "Mozilla/5.0 (Linux; Android 6.0.1; Nexus 5X Build/MMB29P) AppleWebKit/537.36 (KHTML, like Gecko) Chrome/137.0.7151.103 Mobile Safari/537.36 (compatible; GoogleOther)"
66.249.65.160 - - [18/Jul/2025:20:46:50 +0000] "GET /items/handicrafts/paintings/2644745/alalamy.com.au?_bd_prev_page=alalamy.com.au/detail.php?shopbrand/68585096.htm HTTP/1.1" 200 19897 "-" "Mozilla/5.0 (Linux; Android 6.0.1; Nexus 5X Build/MMB29P) AppleWebKit/537.36 (KHTML, like Gecko) Chrome/137.0.7151.103 Mobile Safari/537.36 (compatible; GoogleOther)"
66.249.65.174 - - [18/Jul/2025:20:46:52 +0000] "GET /items/handicrafts/paintings/2644745/alalamy.com.au?_bd_prev_page=alalamy.com.au/detail.php?shopbrand/8721432.htm HTTP/1.1" 200 19392 "-" "Mozilla/5.0 (Linux; Android 6.0.1; Nexus 5X Build/MMB29P) AppleWebKit/537.36 (KHTML, like Gecko) Chrome/137.0.7151.103 Mobile Safari/537.36 (compatible; GoogleOther)"
66.249.65.174 - - [18/Jul/2025:20:46:55 +0000] "GET /items/handicrafts/paintings/2644745/alalamy.com.au?_bd_prev_page=alalamy.com.au/detail.php?shopbrand/9028600.htm HTTP/1.1" 200 19791 "-" "Mozilla/5.0 (Linux; Android 6.0.1; Nexus 5X Build/MMB29P) AppleWebKit/537.36 (KHTML, like Gecko) Chrome/137.0.7151.103 Mobile Safari/537.36 (compatible; GoogleOther)"
66.249.74.12 - - [18/Jul/2025:20:46:58 +0000] "GET /items/handmade/paintings/5377890/alalamy.com.au/toreka/alalamy.com.au/alalamy.com.au/hobby/nuigurumi/alalamy.com.au/feature/omiya_marui/index.html HTTP/1.1" 200 18357 "-" "Mozilla/5.0 (Linux; Android 6.0.1; Nexus 5X Build/MMB29P) AppleWebKit/537.36 (KHTML, like Gecko) Chrome/137.0.7151.103 Mobile Safari/537.36 (compatible; GoogleOther)"
66.249.65.160 - - [18/Jul/2025:20:47:00 +0000] "GET /items/handicrafts/paintings/2644745/alalamy.com.au?_bd_prev_page=alalamy.com.au/detail.php?shopbrand/8926721.htm HTTP/1.1" 200 21056 "-" "Mozilla/5.0 (Linux; Android 6.0.1; Nexus 5X Build/MMB29P) AppleWebKit/537.36 (KHTML, like Gecko) Chrome/137.0.7151.103 Mobile Safari/537.36 (compatible; GoogleOther)"
66.249.65.160 - - [18/Jul/2025:20:47:03 +0000] "GET /items/handicrafts/paintings/2644745/alalamy.com.au?_bd_prev_page=alalamy.com.au/detail.php?shopbrand/8931882.htm HTTP/1.1" 200 19807 "-" "Mozilla/5.0 (Linux; Android 6.0.1; Nexus 5X Build/MMB29P) AppleWebKit/537.36 (KHTML, like Gecko) Chrome/137.0.7151.103 Mobile Safari/537.36 (compatible; GoogleOther)"
66.249.74.14 - - [18/Jul/2025:20:47:08 +0000] "POST /get-message-notify HTTP/1.1" 200 19483 "http://www.alalamy.com.au/items/handmade/paintings/alalamy.com.au/items/handmade/paintings/alalamy.com.au/toreka/toreka_single.html" "Mozilla/5.0 (Linux; Android 6.0.1; Nexus 5X Build/MMB29P) AppleWebKit/537.36 (KHTML, like Gecko) Chrome/137.0.7151.119 Mobile Safari/537.36 (compatible; Googlebot/2.1; +http://www.google.com/bot.html)"
66.249.74.12 - - [18/Jul/2025:20:47:08 +0000] "GET /items/handmade/paintings/5377890/alalamy.com.au/feature/akihabara_main/alalamy.com.au?_bd_prev_page=alalamy.com.au/detail.php?shopbrand/8302746.htm HTTP/1.1" 200 21534 "-" "Mozilla/5.0 (Linux; Android 6.0.1; Nexus 5X Build/MMB29P) AppleWebKit/537.36 (KHTML, like Gecko) Chrome/137.0.7151.103 Mobile Safari/537.36 (compatible; GoogleOther)"
66.249.74.12 - - [18/Jul/2025:20:47:10 +0000] "GET /items/handmade/paintings/5377890/feature/idol/alalamy.com.au?_bd_prev_page=alalamy.com.au/detail.php?shopbrand/68552417.htm HTTP/1.1" 200 19465 "-" "Mozilla/5.0 (Linux; Android 6.0.1; Nexus 5X Build/MMB29P) AppleWebKit/537.36 (KHTML, like Gecko) Chrome/137.0.7151.103 Mobile Safari/537.36 (compatible; GoogleOther)"
66.249.74.12 - - [18/Jul/2025:20:47:16 +0000] "GET /items/handmade/paintings/5377890/alalamy.com.au/feature/omiya_marui/alalamy.com.au/cd.html HTTP/1.1" 200 18326 "-" "Mozilla/5.0 (Linux; Android 6.0.1; Nexus 5X Build/MMB29P) AppleWebKit/537.36 (KHTML, like Gecko) Chrome/137.0.7151.103 Mobile Safari/537.36 (compatible; GoogleOther)"
66.249.65.174 - - [18/Jul/2025:20:47:18 +0000] "GET /items/handicrafts/paintings/2644745/alalamy.com.au?_bd_prev_page=alalamy.com.au/detail.php?shopbrand/8811371.htm HTTP/1.1" 200 19537 "-" "Mozilla/5.0 (Linux; Android 6.0.1; Nexus 5X Build/MMB29P) AppleWebKit/537.36 (KHTML, like Gecko) Chrome/137.0.7151.103 Mobile Safari/537.36 (compatible; GoogleOther)"
20.171.207.85 - - [18/Jul/2025:20:47:19 +0000] "GET /items/fashion/tops/4627862/ HTTP/1.1" 404 20410 "-" "Mozilla/5.0 AppleWebKit/537.36 (KHTML, like Gecko; compatible; GPTBot/1.2; +https://openai.com/gptbot)"
66.249.74.12 - - [18/Jul/2025:20:47:21 +0000] "GET /items/handmade/paintings/5377890/alalamy.com.au/feature/akihabara_main/alalamy.com.au?_bd_prev_page=alalamy.com.au/detail.php?product/edit/A446263056 HTTP/1.1" 200 21386 "-" "Mozilla/5.0 (Linux; Android 6.0.1; Nexus 5X Build/MMB29P) AppleWebKit/537.36 (KHTML, like Gecko) Chrome/137.0.7151.103 Mobile Safari/537.36 (compatible; GoogleOther)"
66.249.65.174 - - [18/Jul/2025:20:47:23 +0000] "POST /get-message-notify HTTP/1.1" 200 19461 "http://alalamy.com.au/items/handicrafts/paintings/2644745/alalamy.com.au?_bd_prev_page=alalamy.com.au/detail.php?shopbrand/8721432.htm" "Mozilla/5.0 (Linux; Android 6.0.1; Nexus 5X Build/MMB29P) AppleWebKit/537.36 (KHTML, like Gecko) Chrome/137.0.7151.119 Mobile Safari/537.36 (compatible; Googlebot/2.1; +http://www.google.com/bot.html)"
66.249.74.12 - - [18/Jul/2025:20:47:23 +0000] "GET /items/handmade/paintings/5377890/feature/idol/alalamy.com.au?_bd_prev_page=alalamy.com.au/detail.php?shopbrand/68551861.htm HTTP/1.1" 200 20828 "-" "Mozilla/5.0 (Linux; Android 6.0.1; Nexus 5X Build/MMB29P) AppleWebKit/537.36 (KHTML, like Gecko) Chrome/137.0.7151.103 Mobile Safari/537.36 (compatible; GoogleOther)"
66.249.74.12 - - [18/Jul/2025:20:47:24 +0000] "POST /get-message-notify HTTP/1.1" 200 19483 "http://www.alalamy.com.au/items/handmade/paintings/5377890/alalamy.com.au/feature/akihabara_main/alalamy.com.au?_bd_prev_page=alalamy.com.au/detail.php?product/edit/A446263056" "Mozilla/5.0 (Linux; Android 6.0.1; Nexus 5X Build/MMB29P) AppleWebKit/537.36 (KHTML, like Gecko) Chrome/137.0.7151.119 Mobile Safari/537.36 (compatible; Googlebot/2.1; +http://www.google.com/bot.html)"
66.249.65.174 - - [18/Jul/2025:20:47:26 +0000] "GET /items/handicrafts/paintings/2644745/alalamy.com.au?_bd_prev_page=alalamy.com.au/detail.php?shopbrand/8913633.htm HTTP/1.1" 200 22732 "-" "Mozilla/5.0 (Linux; Android 6.0.1; Nexus 5X Build/MMB29P) AppleWebKit/537.36 (KHTML, like Gecko) Chrome/137.0.7151.103 Mobile Safari/537.36 (compatible; GoogleOther)"
66.249.65.174 - - [18/Jul/2025:20:47:28 +0000] "GET /items/handicrafts/paintings/2644745/alalamy.com.au?_bd_prev_page=alalamy.com.au/detail.php?shopbrand/8929499.htm HTTP/1.1" 200 19954 "-" "Mozilla/5.0 (Linux; Android 6.0.1; Nexus 5X Build/MMB29P) AppleWebKit/537.36 (KHTML, like Gecko) Chrome/137.0.7151.103 Mobile Safari/537.36 (compatible; GoogleOther)"
66.249.65.174 - - [18/Jul/2025:20:47:30 +0000] "POST /get-message-notify HTTP/1.1" 200 19461 "http://alalamy.com.au/items/handicrafts/paintings/2644745/alalamy.com.au?_bd_prev_page=alalamy.com.au/detail.php?shopbrand/68585096.htm" "Mozilla/5.0 (Linux; Android 6.0.1; Nexus 5X Build/MMB29P) AppleWebKit/537.36 (KHTML, like Gecko) Chrome/137.0.7151.119 Mobile Safari/537.36 (compatible; Googlebot/2.1; +http://www.google.com/bot.html)"
66.249.65.174 - - [18/Jul/2025:20:47:34 +0000] "GET /items/handicrafts/paintings/2644745/alalamy.com.au?_bd_prev_page=alalamy.com.au/detail.php?shopbrand/8605228.htm HTTP/1.1" 200 20452 "-" "Mozilla/5.0 (Linux; Android 6.0.1; Nexus 5X Build/MMB29P) AppleWebKit/537.36 (KHTML, like Gecko) Chrome/137.0.7151.103 Mobile Safari/537.36 (compatible; GoogleOther)"
66.249.65.174 - - [18/Jul/2025:20:47:41 +0000] "GET /items/handicrafts/paintings/2644745/alalamy.com.au?_bd_prev_page=alalamy.com.au/detail.php?shopbrand/68793737.htm HTTP/1.1" 200 19105 "-" "Mozilla/5.0 (Linux; Android 6.0.1; Nexus 5X Build/MMB29P) AppleWebKit/537.36 (KHTML, like Gecko) Chrome/137.0.7151.103 Mobile Safari/537.36 (compatible; GoogleOther)"
66.249.65.174 - - [18/Jul/2025:20:47:44 +0000] "GET /items/handicrafts/paintings/2644745/alalamy.com.au?_bd_prev_page=alalamy.com.au/detail.php?shopbrand/8610198.htm HTTP/1.1" 200 19030 "-" "Mozilla/5.0 (Linux; Android 6.0.1; Nexus 5X Build/MMB29P) AppleWebKit/537.36 (KHTML, like Gecko) Chrome/137.0.7151.103 Mobile Safari/537.36 (compatible; GoogleOther)"
66.249.65.174 - - [18/Jul/2025:20:47:45 +0000] "POST /get-message-notify HTTP/1.1" 200 19461 "http://alalamy.com.au/items/handicrafts/paintings/2644745/alalamy.com.au?_bd_prev_page=alalamy.com.au/detail.php?shopbrand/8933508.htm" "Mozilla/5.0 (Linux; Android 6.0.1; Nexus 5X Build/MMB29P) AppleWebKit/537.36 (KHTML, like Gecko) Chrome/137.0.7151.119 Mobile Safari/537.36 (compatible; Googlebot/2.1; +http://www.google.com/bot.html)"
66.249.65.174 - - [18/Jul/2025:20:47:46 +0000] "GET /items/handicrafts/paintings/2644745/alalamy.com.au?_bd_prev_page=alalamy.com.au/detail.php?shopbrand/68588714.htm HTTP/1.1" 200 19526 "-" "Mozilla/5.0 (Linux; Android 6.0.1; Nexus 5X Build/MMB29P) AppleWebKit/537.36 (KHTML, like Gecko) Chrome/137.0.7151.103 Mobile Safari/537.36 (compatible; GoogleOther)"
66.249.74.12 - - [18/Jul/2025:20:47:49 +0000] "GET /items/handmade/paintings/5377890/feature/idol/alalamy.com.au?_bd_prev_page=alalamy.com.au/detail.php?shopbrand/246705.htm HTTP/1.1" 200 19855 "-" "Mozilla/5.0 (Linux; Android 6.0.1; Nexus 5X Build/MMB29P) AppleWebKit/537.36 (KHTML, like Gecko) Chrome/137.0.7151.103 Mobile Safari/537.36 (compatible; GoogleOther)"
66.249.65.174 - - [18/Jul/2025:20:47:56 +0000] "POST /get-message-notify HTTP/1.1" 200 19461 "http://alalamy.com.au/items/handicrafts/paintings/2644745/alalamy.com.au?_bd_prev_page=alalamy.com.au/detail.php?shopbrand/8931882.htm" "Mozilla/5.0 (Linux; Android 6.0.1; Nexus 5X Build/MMB29P) AppleWebKit/537.36 (KHTML, like Gecko) Chrome/137.0.7151.119 Mobile Safari/537.36 (compatible; Googlebot/2.1; +http://www.google.com/bot.html)"
66.249.74.12 - - [18/Jul/2025:20:47:59 +0000] "GET /items/art/musical-instruments/1928780/alalamy.com.au/product_archives HTTP/1.1" 200 18479 "-" "Mozilla/5.0 (Linux; Android 6.0.1; Nexus 5X Build/MMB29P) AppleWebKit/537.36 (KHTML, like Gecko) Chrome/137.0.7151.103 Mobile Safari/537.36 (compatible; GoogleOther)"
66.249.65.174 - - [18/Jul/2025:20:48:04 +0000] "GET /items/handicrafts/paintings/2644745/alalamy.com.au?_bd_prev_page=alalamy.com.au/detail.php?shopbrand/68588001.htm HTTP/1.1" 200 21444 "-" "Mozilla/5.0 (Linux; Android 6.0.1; Nexus 5X Build/MMB29P) AppleWebKit/537.36 (KHTML, like Gecko) Chrome/137.0.7151.103 Mobile Safari/537.36 (compatible; GoogleOther)"
66.249.74.12 - - [18/Jul/2025:20:48:10 +0000] "GET /items/handmade/paintings/5377890/feature/idol/alalamy.com.au?_bd_prev_page=alalamy.com.au/detail.php?shopbrand/8875013.htm HTTP/1.1" 200 20658 "-" "Mozilla/5.0 (Linux; Android 6.0.1; Nexus 5X Build/MMB29P) AppleWebKit/537.36 (KHTML, like Gecko) Chrome/137.0.7151.103 Mobile Safari/537.36 (compatible; GoogleOther)"
66.249.74.12 - - [18/Jul/2025:20:48:13 +0000] "POST /get-message-notify HTTP/1.1" 200 19483 "http://www.alalamy.com.au/items/handmade/paintings/5377890/feature/idol/alalamy.com.au?_bd_prev_page=alalamy.com.au/detail.php?shopbrand/8875013.htm" "Mozilla/5.0 (Linux; Android 6.0.1; Nexus 5X Build/MMB29P) AppleWebKit/537.36 (KHTML, like Gecko) Chrome/137.0.7151.119 Mobile Safari/537.36 (compatible; Googlebot/2.1; +http://www.google.com/bot.html)"
66.249.74.12 - - [18/Jul/2025:20:48:17 +0000] "GET /items/handmade/paintings/5377890/feature/idol/alalamy.com.au?_bd_prev_page=alalamy.com.au/detail.php?shopbrand/68547828.htm HTTP/1.1" 200 18979 "-" "Mozilla/5.0 (Linux; Android 6.0.1; Nexus 5X Build/MMB29P) AppleWebKit/537.36 (KHTML, like Gecko) Chrome/137.0.7151.103 Mobile Safari/537.36 (compatible; GoogleOther)"
66.249.74.12 - - [18/Jul/2025:20:48:19 +0000] "POST /get-message-notify HTTP/1.1" 200 19483 "http://www.alalamy.com.au/items/handmade/paintings/5377890/feature/idol/alalamy.com.au?_bd_prev_page=alalamy.com.au/detail.php?shopbrand/68547828.htm" "Mozilla/5.0 (Linux; Android 6.0.1; Nexus 5X Build/MMB29P) AppleWebKit/537.36 (KHTML, like Gecko) Chrome/137.0.7151.119 Mobile Safari/537.36 (compatible; Googlebot/2.1; +http://www.google.com/bot.html)"
66.249.65.174 - - [18/Jul/2025:20:48:20 +0000] "GET /items/handicrafts/paintings/2644745/alalamy.com.au?_bd_prev_page=alalamy.com.au/detail.php?shopbrand/68591353.htm HTTP/1.1" 200 20025 "-" "Mozilla/5.0 (Linux; Android 6.0.1; Nexus 5X Build/MMB29P) AppleWebKit/537.36 (KHTML, like Gecko) Chrome/137.0.7151.103 Mobile Safari/537.36 (compatible; GoogleOther)"
66.249.74.12 - - [18/Jul/2025:20:48:22 +0000] "GET /items/handmade/paintings/alalamy.com.au/oreka/alalamy.com.au?_bd_prev_page=alalamy.com.au/detail.php?shopbrand/8561727.htm HTTP/1.1" 200 22187 "-" "Mozilla/5.0 (Linux; Android 6.0.1; Nexus 5X Build/MMB29P) AppleWebKit/537.36 (KHTML, like Gecko) Chrome/137.0.7151.103 Mobile Safari/537.36 (compatible; GoogleOther)"
66.249.74.12 - - [18/Jul/2025:20:48:28 +0000] "GET /items/handmade/paintings/5377890/feature/idol/alalamy.com.au?_bd_prev_page=alalamy.com.au/detail.php?shopbrand/8561826.htm HTTP/1.1" 200 20003 "-" "Mozilla/5.0 (Linux; Android 6.0.1; Nexus 5X Build/MMB29P) AppleWebKit/537.36 (KHTML, like Gecko) Chrome/137.0.7151.103 Mobile Safari/537.36 (compatible; GoogleOther)"
66.249.65.174 - - [18/Jul/2025:20:48:33 +0000] "GET /items/handicrafts/paintings/2644745/alalamy.com.au?_bd_prev_page=alalamy.com.au/detail.php?shopbrand/8603983.htm HTTP/1.1" 200 23923 "-" "Mozilla/5.0 (Linux; Android 6.0.1; Nexus 5X Build/MMB29P) AppleWebKit/537.36 (KHTML, like Gecko) Chrome/137.0.7151.103 Mobile Safari/537.36 (compatible; GoogleOther)"
66.249.74.12 - - [18/Jul/2025:20:48:35 +0000] "GET /items/handmade/paintings/5377890/feature/idol/alalamy.com.au?_bd_prev_page=alalamy.com.au/detail.php?shopbrand/8866117.htm HTTP/1.1" 200 19968 "-" "Mozilla/5.0 (Linux; Android 6.0.1; Nexus 5X Build/MMB29P) AppleWebKit/537.36 (KHTML, like Gecko) Chrome/137.0.7151.103 Mobile Safari/537.36 (compatible; GoogleOther)"
66.249.74.12 - - [18/Jul/2025:20:48:46 +0000] "GET /items/handmade/paintings/5377890/feature/idol/alalamy.com.au?_bd_prev_page=alalamy.com.au/detail.php?shopbrand/247162.htm HTTP/1.1" 200 19407 "-" "Mozilla/5.0 (Linux; Android 6.0.1; Nexus 5X Build/MMB29P) AppleWebKit/537.36 (KHTML, like Gecko) Chrome/137.0.7151.103 Mobile Safari/537.36 (compatible; GoogleOther)"
66.249.74.12 - - [18/Jul/2025:20:48:49 +0000] "POST /get-message-notify HTTP/1.1" 200 19483 "http://www.alalamy.com.au/items/handmade/paintings/5377890/feature/idol/alalamy.com.au?_bd_prev_page=alalamy.com.au/detail.php?shopbrand/8561826.htm" "Mozilla/5.0 (Linux; Android 6.0.1; Nexus 5X Build/MMB29P) AppleWebKit/537.36 (KHTML, like Gecko) Chrome/137.0.7151.119 Mobile Safari/537.36 (compatible; Googlebot/2.1; +http://www.google.com/bot.html)"
66.249.74.12 - - [18/Jul/2025:20:48:51 +0000] "GET /items/art/stringed-instruments/2592284/alalamy.com.au/feature/yokohama_maruicity/index.html HTTP/1.1" 200 18812 "-" "Mozilla/5.0 (Linux; Android 6.0.1; Nexus 5X Build/MMB29P) AppleWebKit/537.36 (KHTML, like Gecko) Chrome/137.0.7151.103 Mobile Safari/537.36 (compatible; GoogleOther)"
66.249.74.12 - - [18/Jul/2025:20:48:56 +0000] "GET /items/handmade/paintings/alalamy.com.au/oreka/alalamy.com.au?_bd_prev_page=alalamy.com.au/detail.php?shopbrand/8554342.htm HTTP/1.1" 200 20587 "-" "Mozilla/5.0 (Linux; Android 6.0.1; Nexus 5X Build/MMB29P) AppleWebKit/537.36 (KHTML, like Gecko) Chrome/137.0.7151.103 Mobile Safari/537.36 (compatible; GoogleOther)"
66.249.74.12 - - [18/Jul/2025:20:48:58 +0000] "GET /items/handmade/paintings/5377890/alalamy.com.au/toreka/alalamy.com.au/product/edit/alalamy.com.au/events/ HTTP/1.1" 200 18338 "-" "Mozilla/5.0 (Linux; Android 6.0.1; Nexus 5X Build/MMB29P) AppleWebKit/537.36 (KHTML, like Gecko) Chrome/137.0.7151.103 Mobile Safari/537.36 (compatible; GoogleOther)"
66.249.74.12 - - [18/Jul/2025:20:49:06 +0000] "GET /items/handmade/paintings/5377890/feature/idol/alalamy.com.au?_bd_prev_page=alalamy.com.au/detail.php?shopbrand/8557694.htm HTTP/1.1" 200 22045 "-" "Mozilla/5.0 (Linux; Android 6.0.1; Nexus 5X Build/MMB29P) AppleWebKit/537.36 (KHTML, like Gecko) Chrome/137.0.7151.103 Mobile Safari/537.36 (compatible; GoogleOther)"
66.249.74.13 - - [18/Jul/2025:20:49:14 +0000] "GET /items/handmade/paintings/5377890/alalamy.com.au/feature/akihabara_main/alalamy.com.au?_bd_prev_page=alalamy.com.au/detail.php?shopbrand/32008064.htm HTTP/1.1" 200 19546 "-" "Mozilla/5.0 (Linux; Android 6.0.1; Nexus 5X Build/MMB29P) AppleWebKit/537.36 (KHTML, like Gecko) Chrome/137.0.7151.103 Mobile Safari/537.36 (compatible; GoogleOther)"
66.249.74.12 - - [18/Jul/2025:20:49:16 +0000] "GET /items/handmade/paintings/5377890/alalamy.com.au/feature/akihabara_main/alalamy.com.au?_bd_prev_page=alalamy.com.au/detail.php?shopbrand/32006553.htm HTTP/1.1" 200 22105 "-" "Mozilla/5.0 (Linux; Android 6.0.1; Nexus 5X Build/MMB29P) AppleWebKit/537.36 (KHTML, like Gecko) Chrome/137.0.7151.103 Mobile Safari/537.36 (compatible; GoogleOther)"
66.249.74.12 - - [18/Jul/2025:20:49:19 +0000] "GET /items/handmade/paintings/5377890/feature/idol/alalamy.com.au?_bd_prev_page=alalamy.com.au/detail.php?shopbrand/244896.htm HTTP/1.1" 200 19513 "-" "Mozilla/5.0 (Linux; Android 6.0.1; Nexus 5X Build/MMB29P) AppleWebKit/537.36 (KHTML, like Gecko) Chrome/137.0.7151.103 Mobile Safari/537.36 (compatible; GoogleOther)"
66.249.65.174 - - [18/Jul/2025:20:49:22 +0000] "GET /items/handicrafts/paintings/2644745/alalamy.com.au?_bd_prev_page=alalamy.com.au/detail.php?shopbrand/68585636.htm HTTP/1.1" 200 19581 "-" "Mozilla/5.0 (Linux; Android 6.0.1; Nexus 5X Build/MMB29P) AppleWebKit/537.36 (KHTML, like Gecko) Chrome/137.0.7151.103 Mobile Safari/537.36 (compatible; GoogleOther)"
66.249.74.12 - - [18/Jul/2025:20:49:27 +0000] "GET /items/handmade/paintings/5377890/alalamy.com.au/feature/akihabara_main/alalamy.com.au?_bd_prev_page=alalamy.com.au/detail.php?shopbrand/275490083.htm HTTP/1.1" 200 19765 "-" "Mozilla/5.0 (Linux; Android 6.0.1; Nexus 5X Build/MMB29P) AppleWebKit/537.36 (KHTML, like Gecko) Chrome/137.0.7151.103 Mobile Safari/537.36 (compatible; GoogleOther)"
66.249.65.174 - - [18/Jul/2025:20:49:29 +0000] "GET /items/handicrafts/paintings/2644745/alalamy.com.au?_bd_prev_page=alalamy.com.au/detail.php?shopbrand/68789704.htm HTTP/1.1" 200 19736 "-" "Mozilla/5.0 (Linux; Android 6.0.1; Nexus 5X Build/MMB29P) AppleWebKit/537.36 (KHTML, like Gecko) Chrome/137.0.7151.103 Mobile Safari/537.36 (compatible; GoogleOther)"
66.249.74.12 - - [18/Jul/2025:20:49:32 +0000] "GET /items/art/wind/4816783/alalamy.com.au/feature/akihabara_main/alalamy.com.au/man/alalamy.com.au/pcmypage?callback=product%2Fdetail%2F85915509 HTTP/1.1" 200 18859 "-" "Mozilla/5.0 (Linux; Android 6.0.1; Nexus 5X Build/MMB29P) AppleWebKit/537.36 (KHTML, like Gecko) Chrome/137.0.7151.103 Mobile Safari/537.36 (compatible; GoogleOther)"
66.249.74.12 - - [18/Jul/2025:20:49:35 +0000] "GET /items/handmade/paintings/5377890/alalamy.com.au/feature/akihabara_main/alalamy.com.au?_bd_prev_page=alalamy.com.au/detail.php?shopbrand/275491028.htm HTTP/1.1" 200 19681 "-" "Mozilla/5.0 (Linux; Android 6.0.1; Nexus 5X Build/MMB29P) AppleWebKit/537.36 (KHTML, like Gecko) Chrome/137.0.7151.103 Mobile Safari/537.36 (compatible; GoogleOther)"
66.249.74.12 - - [18/Jul/2025:20:49:38 +0000] "POST /get-message-notify HTTP/1.1" 200 19483 "http://www.alalamy.com.au/items/handmade/paintings/5377890/feature/idol/alalamy.com.au?_bd_prev_page=alalamy.com.au/detail.php?shopbrand/247162.htm" "Mozilla/5.0 (Linux; Android 6.0.1; Nexus 5X Build/MMB29P) AppleWebKit/537.36 (KHTML, like Gecko) Chrome/137.0.7151.119 Mobile Safari/537.36 (compatible; Googlebot/2.1; +http://www.google.com/bot.html)"
66.249.74.12 - - [18/Jul/2025:20:49:40 +0000] "GET /items/handmade/paintings/alalamy.com.au/oreka/alalamy.com.au?_bd_prev_page=alalamy.com.au/detail.php?shopbrand/7539517.htm HTTP/1.1" 200 19914 "-" "Mozilla/5.0 (Linux; Android 6.0.1; Nexus 5X Build/MMB29P) AppleWebKit/537.36 (KHTML, like Gecko) Chrome/137.0.7151.103 Mobile Safari/537.36 (compatible; GoogleOther)"
66.249.74.12 - - [18/Jul/2025:20:49:41 +0000] "POST /get-message-notify HTTP/1.1" 200 19483 "http://www.alalamy.com.au/items/handmade/paintings/5377890/alalamy.com.au/feature/akihabara_main/alalamy.com.au?_bd_prev_page=alalamy.com.au/detail.php?shopbrand/32008064.htm" "Mozilla/5.0 (Linux; Android 6.0.1; Nexus 5X Build/MMB29P) AppleWebKit/537.36 (KHTML, like Gecko) Chrome/137.0.7151.119 Mobile Safari/537.36 (compatible; Googlebot/2.1; +http://www.google.com/bot.html)"
66.249.65.174 - - [18/Jul/2025:20:49:42 +0000] "GET /items/handicrafts/paintings/2644745/alalamy.com.au?_bd_prev_page=alalamy.com.au/detail.php?shopbrand/68791223.htm HTTP/1.1" 200 19331 "-" "Mozilla/5.0 (Linux; Android 6.0.1; Nexus 5X Build/MMB29P) AppleWebKit/537.36 (KHTML, like Gecko) Chrome/137.0.7151.103 Mobile Safari/537.36 (compatible; GoogleOther)"
66.249.74.12 - - [18/Jul/2025:20:49:45 +0000] "GET /items/handmade/paintings/5377890/alalamy.com.au/feature/akihabara_main/alalamy.com.au?_bd_prev_page=alalamy.com.au/detail.php?shopbrand/275486763.htm HTTP/1.1" 200 21373 "-" "Mozilla/5.0 (Linux; Android 6.0.1; Nexus 5X Build/MMB29P) AppleWebKit/537.36 (KHTML, like Gecko) Chrome/137.0.7151.103 Mobile Safari/537.36 (compatible; GoogleOther)"
66.249.74.12 - - [18/Jul/2025:20:49:47 +0000] "GET /items/handmade/paintings/5377890/alalamy.com.au/feature/akihabara_main/alalamy.com.au?_bd_prev_page=alalamy.com.au/detail.php?shopbrand/275484954.htm HTTP/1.1" 200 21302 "-" "Mozilla/5.0 (Linux; Android 6.0.1; Nexus 5X Build/MMB29P) AppleWebKit/537.36 (KHTML, like Gecko) Chrome/137.0.7151.103 Mobile Safari/537.36 (compatible; GoogleOther)"
66.249.65.174 - - [18/Jul/2025:20:49:49 +0000] "POST /get-message-notify HTTP/1.1" 200 19461 "http://alalamy.com.au/items/handicrafts/paintings/2644745/alalamy.com.au?_bd_prev_page=alalamy.com.au/detail.php?shopbrand/8908214.htm" "Mozilla/5.0 (Linux; Android 6.0.1; Nexus 5X Build/MMB29P) AppleWebKit/537.36 (KHTML, like Gecko) Chrome/137.0.7151.119 Mobile Safari/537.36 (compatible; Googlebot/2.1; +http://www.google.com/bot.html)"
66.249.74.12 - - [18/Jul/2025:20:49:52 +0000] "GET /items/handmade/paintings/5377890/alalamy.com.au/feature/akihabara_main/alalamy.com.au?_bd_prev_page=alalamy.com.au/detail.php?shopbrand/32000977.htm HTTP/1.1" 200 19629 "-" "Mozilla/5.0 (Linux; Android 6.0.1; Nexus 5X Build/MMB29P) AppleWebKit/537.36 (KHTML, like Gecko) Chrome/137.0.7151.103 Mobile Safari/537.36 (compatible; GoogleOther)"
66.249.74.12 - - [18/Jul/2025:20:49:55 +0000] "GET /items/handmade/paintings/5377890/alalamy.com.au/feature/akihabara_main/alalamy.com.au?_bd_prev_page=alalamy.com.au/detail.php?shopbrand/32004744.htm HTTP/1.1" 200 19843 "-" "Mozilla/5.0 (Linux; Android 6.0.1; Nexus 5X Build/MMB29P) AppleWebKit/537.36 (KHTML, like Gecko) Chrome/137.0.7151.103 Mobile Safari/537.36 (compatible; GoogleOther)"
66.249.65.174 - - [18/Jul/2025:20:49:56 +0000] "POST /get-message-notify HTTP/1.1" 200 19461 "http://alalamy.com.au/items/handicrafts/paintings/2644745/alalamy.com.au?_bd_prev_page=alalamy.com.au/detail.php?shopbrand/68789704.htm" "Mozilla/5.0 (Linux; Android 6.0.1; Nexus 5X Build/MMB29P) AppleWebKit/537.36 (KHTML, like Gecko) Chrome/137.0.7151.119 Mobile Safari/537.36 (compatible; Googlebot/2.1; +http://www.google.com/bot.html)"
66.249.74.13 - - [18/Jul/2025:20:49:58 +0000] "GET /items/handmade/paintings/5377890/alalamy.com.au/feature/akihabara_main/alalamy.com.au?_bd_prev_page=alalamy.com.au/detail.php?shopbrand/234096729.htm HTTP/1.1" 200 20433 "-" "Mozilla/5.0 (Linux; Android 6.0.1; Nexus 5X Build/MMB29P) AppleWebKit/537.36 (KHTML, like Gecko) Chrome/137.0.7151.103 Mobile Safari/537.36 (compatible; GoogleOther)"
66.249.74.13 - - [18/Jul/2025:20:50:00 +0000] "GET /items/handmade/paintings/5377890/alalamy.com.au/feature/akihabara_main/alalamy.com.au?_bd_prev_page=alalamy.com.au/detail.php?shopbrand/234092821.htm HTTP/1.1" 200 19290 "-" "Mozilla/5.0 (Linux; Android 6.0.1; Nexus 5X Build/MMB29P) AppleWebKit/537.36 (KHTML, like Gecko) Chrome/137.0.7151.103 Mobile Safari/537.36 (compatible; GoogleOther)"
66.249.74.12 - - [18/Jul/2025:20:50:03 +0000] "GET /items/handmade/paintings/alalamy.com.au/oreka/alalamy.com.au?_bd_prev_page=alalamy.com.au/detail.php?shopbrand/7539914.htm HTTP/1.1" 200 20820 "-" "Mozilla/5.0 (Linux; Android 6.0.1; Nexus 5X Build/MMB29P) AppleWebKit/537.36 (KHTML, like Gecko) Chrome/137.0.7151.103 Mobile Safari/537.36 (compatible; GoogleOther)"
66.249.74.12 - - [18/Jul/2025:20:50:05 +0000] "GET /items/handmade/paintings/5377890/alalamy.com.au/feature/akihabara_main/alalamy.com.au?_bd_prev_page=alalamy.com.au/detail.php?shopbrand/234098081.htm HTTP/1.1" 200 18778 "-" "Mozilla/5.0 (Linux; Android 6.0.1; Nexus 5X Build/MMB29P) AppleWebKit/537.36 (KHTML, like Gecko) Chrome/137.0.7151.103 Mobile Safari/537.36 (compatible; GoogleOther)"
66.249.65.174 - - [18/Jul/2025:20:50:07 +0000] "POST /get-message-notify HTTP/1.1" 200 19461 "http://alalamy.com.au/items/handicrafts/paintings/2644745/alalamy.com.au?_bd_prev_page=alalamy.com.au/detail.php?shopbrand/8717665.htm" "Mozilla/5.0 (Linux; Android 6.0.1; Nexus 5X Build/MMB29P) AppleWebKit/537.36 (KHTML, like Gecko) Chrome/137.0.7151.119 Mobile Safari/537.36 (compatible; Googlebot/2.1; +http://www.google.com/bot.html)"
66.249.74.12 - - [18/Jul/2025:20:50:08 +0000] "GET /items/handmade/paintings/5377890/feature/idol/alalamy.com.au?_bd_prev_page=alalamy.com.au/detail.php?shopbrand/8865287.htm HTTP/1.1" 200 19124 "-" "Mozilla/5.0 (Linux; Android 6.0.1; Nexus 5X Build/MMB29P) AppleWebKit/537.36 (KHTML, like Gecko) Chrome/137.0.7151.103 Mobile Safari/537.36 (compatible; GoogleOther)"
66.249.74.12 - - [18/Jul/2025:20:50:10 +0000] "GET /items/handmade/paintings/5377890/alalamy.com.au/feature/akihabara_main/alalamy.com.au?_bd_prev_page=alalamy.com.au/detail.php?shopbrand/68930398.htm HTTP/1.1" 200 19794 "-" "Mozilla/5.0 (Linux; Android 6.0.1; Nexus 5X Build/MMB29P) AppleWebKit/537.36 (KHTML, like Gecko) Chrome/137.0.7151.103 Mobile Safari/537.36 (compatible; GoogleOther)"
66.249.74.12 - - [18/Jul/2025:20:50:15 +0000] "POST /get-message-notify HTTP/1.1" 200 19483 "http://www.alalamy.com.au/items/handmade/paintings/5377890/alalamy.com.au/feature/akihabara_main/alalamy.com.au?_bd_prev_page=alalamy.com.au/detail.php?shopbrand/234096729.htm" "Mozilla/5.0 (Linux; Android 6.0.1; Nexus 5X Build/MMB29P) AppleWebKit/537.36 (KHTML, like Gecko) Chrome/137.0.7151.119 Mobile Safari/537.36 (compatible; Googlebot/2.1; +http://www.google.com/bot.html)"
66.249.74.12 - - [18/Jul/2025:20:50:16 +0000] "GET /items/handmade/paintings/5377890/alalamy.com.au/feature/akihabara_main/alalamy.com.au?_bd_prev_page=alalamy.com.au/detail.php?shopbrand/32009458.htm HTTP/1.1" 200 20252 "-" "Mozilla/5.0 (Linux; Android 6.0.1; Nexus 5X Build/MMB29P) AppleWebKit/537.36 (KHTML, like Gecko) Chrome/137.0.7151.103 Mobile Safari/537.36 (compatible; GoogleOther)"
66.249.74.12 - - [18/Jul/2025:20:50:18 +0000] "GET /items/handmade/paintings/5377890/alalamy.com.au/feature/akihabara_main/alalamy.com.au?_bd_prev_page=alalamy.com.au/detail.php?shopbrand/31999069.htm HTTP/1.1" 200 19328 "-" "Mozilla/5.0 (Linux; Android 6.0.1; Nexus 5X Build/MMB29P) AppleWebKit/537.36 (KHTML, like Gecko) Chrome/137.0.7151.103 Mobile Safari/537.36 (compatible; GoogleOther)"
66.249.74.12 - - [18/Jul/2025:20:50:23 +0000] "GET /items/art/models/3062285/alalamy.com.au/hobby/nuigurumi/nuigurumi.html HTTP/1.1" 200 19170 "-" "Mozilla/5.0 (Linux; Android 6.0.1; Nexus 5X Build/MMB29P) AppleWebKit/537.36 (KHTML, like Gecko) Chrome/137.0.7151.103 Mobile Safari/537.36 (compatible; GoogleOther)"
66.249.74.12 - - [18/Jul/2025:20:50:26 +0000] "GET /items/handmade/paintings/5377890/alalamy.com.au/feature/akihabara_main/alalamy.com.au?_bd_prev_page=alalamy.com.au/detail.php?shopbrand/234092140.htm HTTP/1.1" 200 20272 "-" "Mozilla/5.0 (Linux; Android 6.0.1; Nexus 5X Build/MMB29P) AppleWebKit/537.36 (KHTML, like Gecko) Chrome/137.0.7151.103 Mobile Safari/537.36 (compatible; GoogleOther)"
66.249.74.12 - - [18/Jul/2025:20:50:26 +0000] "POST /get-message-notify HTTP/1.1" 200 19483 "http://www.alalamy.com.au/items/handmade/paintings/5377890/alalamy.com.au/feature/akihabara_main/alalamy.com.au?_bd_prev_page=alalamy.com.au/detail.php?shopbrand/32009458.htm" "Mozilla/5.0 (Linux; Android 6.0.1; Nexus 5X Build/MMB29P) AppleWebKit/537.36 (KHTML, like Gecko) Chrome/137.0.7151.119 Mobile Safari/537.36 (compatible; Googlebot/2.1; +http://www.google.com/bot.html)"
66.249.74.12 - - [18/Jul/2025:20:50:28 +0000] "GET /items/handmade/paintings/alalamy.com.au/oreka/alalamy.com.au?_bd_prev_page=alalamy.com.au/detail.php?shopbrand/8562398.htm HTTP/1.1" 200 19967 "-" "Mozilla/5.0 (Linux; Android 6.0.1; Nexus 5X Build/MMB29P) AppleWebKit/537.36 (KHTML, like Gecko) Chrome/137.0.7151.103 Mobile Safari/537.36 (compatible; GoogleOther)"
66.249.74.12 - - [18/Jul/2025:20:50:31 +0000] "GET /items/handmade/paintings/alalamy.com.au/oreka/alalamy.com.au?_bd_prev_page=alalamy.com.au/detail.php?shopbrand/8554473.htm HTTP/1.1" 200 19863 "-" "Mozilla/5.0 (Linux; Android 6.0.1; Nexus 5X Build/MMB29P) AppleWebKit/537.36 (KHTML, like Gecko) Chrome/137.0.7151.103 Mobile Safari/537.36 (compatible; GoogleOther)"
66.249.74.12 - - [18/Jul/2025:20:50:34 +0000] "GET /items/art/models/3398625/alalamy.com.au/feature/sapporo/index.html HTTP/1.1" 200 18965 "-" "Mozilla/5.0 (Linux; Android 6.0.1; Nexus 5X Build/MMB29P) AppleWebKit/537.36 (KHTML, like Gecko) Chrome/137.0.7151.103 Mobile Safari/537.36 (compatible; GoogleOther)"
66.249.74.12 - - [18/Jul/2025:20:50:41 +0000] "GET /items/handmade/paintings/5377890/alalamy.com.au/feature/akihabara_main/alalamy.com.au?_bd_prev_page=alalamy.com.au/detail.php?shopbrand/68932580.htm HTTP/1.1" 200 20756 "-" "Mozilla/5.0 (Linux; Android 6.0.1; Nexus 5X Build/MMB29P) AppleWebKit/537.36 (KHTML, like Gecko) Chrome/137.0.7151.103 Mobile Safari/537.36 (compatible; GoogleOther)"
66.249.74.13 - - [18/Jul/2025:20:50:47 +0000] "GET /items/handmade/paintings/5377890/alalamy.com.au/feature/akihabara_main/alalamy.com.au?_bd_prev_page=alalamy.com.au/detail.php?shopbrand/68940805.htm HTTP/1.1" 200 20553 "-" "Mozilla/5.0 (Linux; Android 6.0.1; Nexus 5X Build/MMB29P) AppleWebKit/537.36 (KHTML, like Gecko) Chrome/137.0.7151.103 Mobile Safari/537.36 (compatible; GoogleOther)"
66.249.74.12 - - [18/Jul/2025:20:50:49 +0000] "GET /items/handmade/paintings/alalamy.com.au/oreka/alalamy.com.au?_bd_prev_page=alalamy.com.au/detail.php?shopbrand/7544106.htm HTTP/1.1" 200 19577 "-" "Mozilla/5.0 (Linux; Android 6.0.1; Nexus 5X Build/MMB29P) AppleWebKit/537.36 (KHTML, like Gecko) Chrome/137.0.7151.103 Mobile Safari/537.36 (compatible; GoogleOther)"
66.249.74.12 - - [18/Jul/2025:20:50:50 +0000] "POST /get-message-notify HTTP/1.1" 200 19483 "http://www.alalamy.com.au/items/handmade/paintings/alalamy.com.au/oreka/alalamy.com.au?_bd_prev_page=alalamy.com.au/detail.php?shopbrand/7539517.htm" "Mozilla/5.0 (Linux; Android 6.0.1; Nexus 5X Build/MMB29P) AppleWebKit/537.36 (KHTML, like Gecko) Chrome/137.0.7151.119 Mobile Safari/537.36 (compatible; Googlebot/2.1; +http://www.google.com/bot.html)"
66.249.74.12 - - [18/Jul/2025:20:50:52 +0000] "GET /items/handmade/paintings/5377890/alalamy.com.au/feature/akihabara_main/alalamy.com.au?_bd_prev_page=alalamy.com.au/detail.php?shopbrand/32007391.htm HTTP/1.1" 200 19631 "-" "Mozilla/5.0 (Linux; Android 6.0.1; Nexus 5X Build/MMB29P) AppleWebKit/537.36 (KHTML, like Gecko) Chrome/137.0.7151.103 Mobile Safari/537.36 (compatible; GoogleOther)"
66.249.74.13 - - [18/Jul/2025:20:50:56 +0000] "POST /get-message-notify HTTP/1.1" 200 19483 "http://www.alalamy.com.au/items/handmade/paintings/alalamy.com.au/oreka/alalamy.com.au?_bd_prev_page=alalamy.com.au/detail.php?shopbrand/7544106.htm" "Mozilla/5.0 (Linux; Android 6.0.1; Nexus 5X Build/MMB29P) AppleWebKit/537.36 (KHTML, like Gecko) Chrome/137.0.7151.119 Mobile Safari/537.36 (compatible; Googlebot/2.1; +http://www.google.com/bot.html)"
66.249.74.12 - - [18/Jul/2025:20:50:57 +0000] "GET /items/handmade/paintings/5377890/alalamy.com.au/feature/akihabara_main/alalamy.com.au?_bd_prev_page=alalamy.com.au/detail.php?shopbrand/32006138.htm HTTP/1.1" 200 19291 "-" "Mozilla/5.0 (Linux; Android 6.0.1; Nexus 5X Build/MMB29P) AppleWebKit/537.36 (KHTML, like Gecko) Chrome/137.0.7151.103 Mobile Safari/537.36 (compatible; GoogleOther)"
66.249.74.13 - - [18/Jul/2025:20:50:59 +0000] "GET /items/handmade/paintings/5377890/alalamy.com.au/feature/akihabara_main/alalamy.com.au?_bd_prev_page=alalamy.com.au/detail.php?shopbrand/32007093.htm HTTP/1.1" 200 21170 "-" "Mozilla/5.0 (Linux; Android 6.0.1; Nexus 5X Build/MMB29P) AppleWebKit/537.36 (KHTML, like Gecko) Chrome/137.0.7151.103 Mobile Safari/537.36 (compatible; GoogleOther)"
66.249.74.12 - - [18/Jul/2025:20:51:01 +0000] "POST /get-message-notify HTTP/1.1" 200 19483 "http://www.alalamy.com.au/items/handmade/paintings/5377890/alalamy.com.au/feature/akihabara_main/alalamy.com.au?_bd_prev_page=alalamy.com.au/detail.php?shopbrand/32006138.htm" "Mozilla/5.0 (Linux; Android 6.0.1; Nexus 5X Build/MMB29P) AppleWebKit/537.36 (KHTML, like Gecko) Chrome/137.0.7151.119 Mobile Safari/537.36 (compatible; Googlebot/2.1; +http://www.google.com/bot.html)"
66.249.74.12 - - [18/Jul/2025:20:51:01 +0000] "POST /get-message-notify HTTP/1.1" 200 19483 "http://www.alalamy.com.au/items/handmade/paintings/5377890/alalamy.com.au/feature/akihabara_main/alalamy.com.au?_bd_prev_page=alalamy.com.au/detail.php?shopbrand/32007093.htm" "Mozilla/5.0 (Linux; Android 6.0.1; Nexus 5X Build/MMB29P) AppleWebKit/537.36 (KHTML, like Gecko) Chrome/137.0.7151.119 Mobile Safari/537.36 (compatible; Googlebot/2.1; +http://www.google.com/bot.html)"
66.249.74.12 - - [18/Jul/2025:20:51:03 +0000] "POST /get-message-notify HTTP/1.1" 200 19483 "http://www.alalamy.com.au/items/handmade/paintings/5377890/feature/idol/alalamy.com.au?_bd_prev_page=alalamy.com.au/detail.php?shopbrand/8865287.htm" "Mozilla/5.0 (Linux; Android 6.0.1; Nexus 5X Build/MMB29P) AppleWebKit/537.36 (KHTML, like Gecko) Chrome/137.0.7151.119 Mobile Safari/537.36 (compatible; Googlebot/2.1; +http://www.google.com/bot.html)"
66.249.74.12 - - [18/Jul/2025:20:51:05 +0000] "GET /items/handmade/paintings/5377890/alalamy.com.au/feature/akihabara_main/alalamy.com.au?_bd_prev_page=alalamy.com.au/detail.php?shopbrand/248397174.htm HTTP/1.1" 200 20355 "-" "Mozilla/5.0 (Linux; Android 6.0.1; Nexus 5X Build/MMB29P) AppleWebKit/537.36 (KHTML, like Gecko) Chrome/137.0.7151.103 Mobile Safari/537.36 (compatible; GoogleOther)"
66.249.74.12 - - [18/Jul/2025:20:51:06 +0000] "POST /get-message-notify HTTP/1.1" 200 19483 "http://www.alalamy.com.au/items/handmade/paintings/alalamy.com.au/oreka/alalamy.com.au?_bd_prev_page=alalamy.com.au/detail.php?shopbrand/7539914.htm" "Mozilla/5.0 (Linux; Android 6.0.1; Nexus 5X Build/MMB29P) AppleWebKit/537.36 (KHTML, like Gecko) Chrome/137.0.7151.119 Mobile Safari/537.36 (compatible; Googlebot/2.1; +http://www.google.com/bot.html)"
66.249.74.12 - - [18/Jul/2025:20:51:08 +0000] "POST /get-message-notify HTTP/1.1" 200 19483 "http://www.alalamy.com.au/items/handmade/paintings/5377890/alalamy.com.au/feature/akihabara_main/alalamy.com.au?_bd_prev_page=alalamy.com.au/detail.php?shopbrand/248397174.htm" "Mozilla/5.0 (Linux; Android 6.0.1; Nexus 5X Build/MMB29P) AppleWebKit/537.36 (KHTML, like Gecko) Chrome/137.0.7151.119 Mobile Safari/537.36 (compatible; Googlebot/2.1; +http://www.google.com/bot.html)"
66.249.74.12 - - [18/Jul/2025:20:51:10 +0000] "GET /items/handmade/paintings/alalamy.com.au/oreka/alalamy.com.au?_bd_prev_page=alalamy.com.au/detail.php?shopbrand/7545317.htm HTTP/1.1" 200 19206 "-" "Mozilla/5.0 (Linux; Android 6.0.1; Nexus 5X Build/MMB29P) AppleWebKit/537.36 (KHTML, like Gecko) Chrome/137.0.7151.103 Mobile Safari/537.36 (compatible; GoogleOther)"
66.249.74.12 - - [18/Jul/2025:20:51:15 +0000] "GET /items/handmade/paintings/alalamy.com.au/oreka/alalamy.com.au?_bd_prev_page=alalamy.com.au/detail.php?shopbrand/7538530.htm HTTP/1.1" 200 19894 "-" "Mozilla/5.0 (Linux; Android 6.0.1; Nexus 5X Build/MMB29P) AppleWebKit/537.36 (KHTML, like Gecko) Chrome/137.0.7151.103 Mobile Safari/537.36 (compatible; GoogleOther)"
66.249.74.12 - - [18/Jul/2025:20:51:17 +0000] "GET /items/handmade/paintings/alalamy.com.au/oreka/alalamy.com.au?_bd_prev_page=alalamy.com.au/detail.php?shopbrand/7542412.htm HTTP/1.1" 200 19210 "-" "Mozilla/5.0 (Linux; Android 6.0.1; Nexus 5X Build/MMB29P) AppleWebKit/537.36 (KHTML, like Gecko) Chrome/137.0.7151.103 Mobile Safari/537.36 (compatible; GoogleOther)"
66.249.74.12 - - [18/Jul/2025:20:51:18 +0000] "POST /get-message-notify HTTP/1.1" 200 19483 "http://www.alalamy.com.au/items/art/models/3398625/alalamy.com.au/feature/sapporo/index.html" "Mozilla/5.0 (Linux; Android 6.0.1; Nexus 5X Build/MMB29P) AppleWebKit/537.36 (KHTML, like Gecko) Chrome/137.0.7151.119 Mobile Safari/537.36 (compatible; Googlebot/2.1; +http://www.google.com/bot.html)"
66.249.74.12 - - [18/Jul/2025:20:51:20 +0000] "GET /items/handmade/paintings/5377890/alalamy.com.au/feature/akihabara_main/alalamy.com.au?_bd_prev_page=alalamy.com.au/detail.php?shopbrand/275491328.htm HTTP/1.1" 200 19579 "-" "Mozilla/5.0 (Linux; Android 6.0.1; Nexus 5X Build/MMB29P) AppleWebKit/537.36 (KHTML, like Gecko) Chrome/137.0.7151.103 Mobile Safari/537.36 (compatible; GoogleOther)"
66.249.74.12 - - [18/Jul/2025:20:51:20 +0000] "POST /get-message-notify HTTP/1.1" 200 19483 "http://www.alalamy.com.au/items/handmade/paintings/alalamy.com.au/oreka/alalamy.com.au?_bd_prev_page=alalamy.com.au/detail.php?shopbrand/8562398.htm" "Mozilla/5.0 (Linux; Android 6.0.1; Nexus 5X Build/MMB29P) AppleWebKit/537.36 (KHTML, like Gecko) Chrome/137.0.7151.119 Mobile Safari/537.36 (compatible; Googlebot/2.1; +http://www.google.com/bot.html)"
66.249.74.12 - - [18/Jul/2025:20:51:22 +0000] "GET /items/handmade/paintings/5377890/alalamy.com.au/feature/akihabara_main/alalamy.com.au?_bd_prev_page=alalamy.com.au/detail.php?shopbrand/275482571.htm HTTP/1.1" 200 22286 "-" "Mozilla/5.0 (Linux; Android 6.0.1; Nexus 5X Build/MMB29P) AppleWebKit/537.36 (KHTML, like Gecko) Chrome/137.0.7151.103 Mobile Safari/537.36 (compatible; GoogleOther)"
66.249.74.13 - - [18/Jul/2025:20:51:25 +0000] "GET /items/handmade/paintings/5377890/alalamy.com.au/feature/akihabara_main/alalamy.com.au?_bd_prev_page=alalamy.com.au/detail.php?shopbrand/32006712.htm HTTP/1.1" 200 19593 "-" "Mozilla/5.0 (Linux; Android 6.0.1; Nexus 5X Build/MMB29P) AppleWebKit/537.36 (KHTML, like Gecko) Chrome/137.0.7151.103 Mobile Safari/537.36 (compatible; GoogleOther)"
66.249.74.13 - - [18/Jul/2025:20:51:27 +0000] "POST /get-message-notify HTTP/1.1" 200 19483 "http://www.alalamy.com.au/items/handmade/paintings/5377890/alalamy.com.au/feature/akihabara_main/alalamy.com.au?_bd_prev_page=alalamy.com.au/detail.php?shopbrand/275486763.htm" "Mozilla/5.0 (Linux; Android 6.0.1; Nexus 5X Build/MMB29P) AppleWebKit/537.36 (KHTML, like Gecko) Chrome/137.0.7151.119 Mobile Safari/537.36 (compatible; Googlebot/2.1; +http://www.google.com/bot.html)"
66.249.74.12 - - [18/Jul/2025:20:51:28 +0000] "GET /items/handmade/paintings/5377890/alalamy.com.au/feature/akihabara_main/alalamy.com.au?_bd_prev_page=alalamy.com.au/detail.php?shopbrand/32002115.htm HTTP/1.1" 200 20155 "-" "Mozilla/5.0 (Linux; Android 6.0.1; Nexus 5X Build/MMB29P) AppleWebKit/537.36 (KHTML, like Gecko) Chrome/137.0.7151.103 Mobile Safari/537.36 (compatible; GoogleOther)"
66.249.74.13 - - [18/Jul/2025:20:51:30 +0000] "GET /items/handmade/paintings/5377890/alalamy.com.au/feature/akihabara_main/alalamy.com.au?_bd_prev_page=alalamy.com.au/detail.php?shopbrand/248398858.htm HTTP/1.1" 200 21151 "-" "Mozilla/5.0 (Linux; Android 6.0.1; Nexus 5X Build/MMB29P) AppleWebKit/537.36 (KHTML, like Gecko) Chrome/137.0.7151.103 Mobile Safari/537.36 (compatible; GoogleOther)"
66.249.74.12 - - [18/Jul/2025:20:51:33 +0000] "GET /items/handmade/paintings/alalamy.com.au/oreka/alalamy.com.au?_bd_prev_page=alalamy.com.au/detail.php?shopbrand/95293537.htm HTTP/1.1" 200 19142 "-" "Mozilla/5.0 (Linux; Android 6.0.1; Nexus 5X Build/MMB29P) AppleWebKit/537.36 (KHTML, like Gecko) Chrome/137.0.7151.103 Mobile Safari/537.36 (compatible; GoogleOther)"
66.249.74.13 - - [18/Jul/2025:20:51:38 +0000] "GET /items/handmade/paintings/5377890/alalamy.com.au/feature/akihabara_main/alalamy.com.au?_bd_prev_page=alalamy.com.au/detail.php?shopbrand/248404559.htm HTTP/1.1" 200 19803 "-" "Mozilla/5.0 (Linux; Android 6.0.1; Nexus 5X Build/MMB29P) AppleWebKit/537.36 (KHTML, like Gecko) Chrome/137.0.7151.103 Mobile Safari/537.36 (compatible; GoogleOther)"
66.249.74.12 - - [18/Jul/2025:20:51:41 +0000] "GET /items/handmade/paintings/5377890/alalamy.com.au/feature/akihabara_main/alalamy.com.au?_bd_prev_page=alalamy.com.au/detail.php?shopbrand/68938581.htm HTTP/1.1" 200 20950 "-" "Mozilla/5.0 (Linux; Android 6.0.1; Nexus 5X Build/MMB29P) AppleWebKit/537.36 (KHTML, like Gecko) Chrome/137.0.7151.103 Mobile Safari/537.36 (compatible; GoogleOther)"
66.249.74.13 - - [18/Jul/2025:20:51:43 +0000] "GET /items/handmade/paintings/alalamy.com.au/oreka/alalamy.com.au?_bd_prev_page=alalamy.com.au/detail.php?shopbrand/7544221.htm HTTP/1.1" 200 20695 "-" "Mozilla/5.0 (Linux; Android 6.0.1; Nexus 5X Build/MMB29P) AppleWebKit/537.36 (KHTML, like Gecko) Chrome/137.0.7151.103 Mobile Safari/537.36 (compatible; GoogleOther)"
66.249.74.13 - - [18/Jul/2025:20:51:43 +0000] "POST /get-message-notify HTTP/1.1" 200 19483 "http://www.alalamy.com.au/items/handmade/paintings/5377890/alalamy.com.au/feature/akihabara_main/alalamy.com.au?_bd_prev_page=alalamy.com.au/detail.php?shopbrand/68938581.htm" "Mozilla/5.0 (Linux; Android 6.0.1; Nexus 5X Build/MMB29P) AppleWebKit/537.36 (KHTML, like Gecko) Chrome/137.0.7151.119 Mobile Safari/537.36 (compatible; Googlebot/2.1; +http://www.google.com/bot.html)"
66.249.74.13 - - [18/Jul/2025:20:51:46 +0000] "GET /items/handmade/paintings/5377890/alalamy.com.au/feature/akihabara_main/alalamy.com.au?_bd_prev_page=alalamy.com.au/detail.php?shopbrand/68937467.htm HTTP/1.1" 200 21782 "-" "Mozilla/5.0 (Linux; Android 6.0.1; Nexus 5X Build/MMB29P) AppleWebKit/537.36 (KHTML, like Gecko) Chrome/137.0.7151.103 Mobile Safari/537.36 (compatible; GoogleOther)"
66.249.74.12 - - [18/Jul/2025:20:51:48 +0000] "GET /items/handmade/paintings/alalamy.com.au/oreka/alalamy.com.au?_bd_prev_page=alalamy.com.au/detail.php?shopbrand/7542968.htm HTTP/1.1" 200 21473 "-" "Mozilla/5.0 (Linux; Android 6.0.1; Nexus 5X Build/MMB29P) AppleWebKit/537.36 (KHTML, like Gecko) Chrome/137.0.7151.103 Mobile Safari/537.36 (compatible; GoogleOther)"
66.249.74.12 - - [18/Jul/2025:20:51:52 +0000] "POST /get-message-notify HTTP/1.1" 200 19483 "http://www.alalamy.com.au/items/handmade/paintings/alalamy.com.au/oreka/alalamy.com.au?_bd_prev_page=alalamy.com.au/detail.php?shopbrand/7542968.htm" "Mozilla/5.0 (Linux; Android 6.0.1; Nexus 5X Build/MMB29P) AppleWebKit/537.36 (KHTML, like Gecko) Chrome/137.0.7151.119 Mobile Safari/537.36 (compatible; Googlebot/2.1; +http://www.google.com/bot.html)"
66.249.74.12 - - [18/Jul/2025:20:51:53 +0000] "GET /items/handmade/paintings/5377890/alalamy.com.au/feature/akihabara_main/alalamy.com.au?_bd_prev_page=alalamy.com.au/detail.php?shopbrand/275492563.htm HTTP/1.1" 200 20750 "-" "Mozilla/5.0 (Linux; Android 6.0.1; Nexus 5X Build/MMB29P) AppleWebKit/537.36 (KHTML, like Gecko) Chrome/137.0.7151.103 Mobile Safari/537.36 (compatible; GoogleOther)"
66.249.74.12 - - [18/Jul/2025:20:51:55 +0000] "POST /get-message-notify HTTP/1.1" 200 19483 "http://www.alalamy.com.au/items/handmade/paintings/5377890/alalamy.com.au/feature/akihabara_main/alalamy.com.au?_bd_prev_page=alalamy.com.au/detail.php?shopbrand/275492563.htm" "Mozilla/5.0 (Linux; Android 6.0.1; Nexus 5X Build/MMB29P) AppleWebKit/537.36 (KHTML, like Gecko) Chrome/137.0.7151.119 Mobile Safari/537.36 (compatible; Googlebot/2.1; +http://www.google.com/bot.html)"
66.249.74.13 - - [18/Jul/2025:20:51:59 +0000] "GET /items/handmade/paintings/5377890/alalamy.com.au/feature/akihabara_main/alalamy.com.au?_bd_prev_page=alalamy.com.au/detail.php?shopbrand/8882912.htm HTTP/1.1" 200 19268 "-" "Mozilla/5.0 (Linux; Android 6.0.1; Nexus 5X Build/MMB29P) AppleWebKit/537.36 (KHTML, like Gecko) Chrome/137.0.7151.103 Mobile Safari/537.36 (compatible; GoogleOther)"
