66.249.65.174 - - [18/Jul/2025:20:41:15 +0000] "GET /items/handicrafts/paintings/2644745/alalamy.com.au?_bd_prev_page=alalamy.com.au/detail.php?shopbrand/8404496.htm HTTP/1.1" 200 19651 "-" "Mozilla/5.0 (Linux; Android 6.0.1; Nexus 5X Build/MMB29P) AppleWebKit/537.36 (KHTML, like Gecko) Chrome/137.0.7151.103 Mobile Safari/537.36 (compatible; GoogleOther)"
66.249.74.12 - - [18/Jul/2025:20:41:21 +0000] "GET /items/handmade/paintings/5377890/feature/idol/alalamy.com.au?_bd_prev_page=alalamy.com.au/detail.php?shopbrand/8231024.htm HTTP/1.1" 200 19345 "-" "Mozilla/5.0 (Linux; Android 6.0.1; Nexus 5X Build/MMB29P) AppleWebKit/537.36 (KHTML, like Gecko) Chrome/137.0.7151.103 Mobile Safari/537.36 (compatible; GoogleOther)"
66.249.65.174 - - [18/Jul/2025:20:41:23 +0000] "GET /items/handicrafts/paintings/2644745/alalamy.com.au?_bd_prev_page=alalamy.com.au/detail.php?shopbrand/9344674.htm HTTP/1.1" 200 19754 "-" "Mozilla/5.0 (Linux; Android 6.0.1; Nexus 5X Build/MMB29P) AppleWebKit/537.36 (KHTML, like Gecko) Chrome/137.0.7151.103 Mobile Safari/537.36 (compatible; GoogleOther)"
66.249.65.174 - - [18/Jul/2025:20:41:26 +0000] "GET /items/handicrafts/paintings/2644745/alalamy.com.au?_bd_prev_page=alalamy.com.au/detail.php?product/edit/A1864941234 HTTP/1.1" 200 19366 "-" "Mozilla/5.0 (Linux; Android 6.0.1; Nexus 5X Build/MMB29P) AppleWebKit/537.36 (KHTML, like Gecko) Chrome/137.0.7151.103 Mobile Safari/537.36 (compatible; GoogleOther)"
66.249.65.174 - - [18/Jul/2025:20:41:28 +0000] "GET /items/handicrafts/paintings/2644745/alalamy.com.au?_bd_prev_page=alalamy.com.au/detail.php?shopbrand/8422842.htm HTTP/1.1" 200 20304 "-" "Mozilla/5.0 (Linux; Android 6.0.1; Nexus 5X Build/MMB29P) AppleWebKit/537.36 (KHTML, like Gecko) Chrome/137.0.7151.103 Mobile Safari/537.36 (compatible; GoogleOther)"
66.249.65.174 - - [18/Jul/2025:20:41:29 +0000] "POST /get-message-notify HTTP/1.1" 200 19461 "http://alalamy.com.au/items/handicrafts/paintings/2644745/alalamy.com.au?_bd_prev_page=alalamy.com.au/detail.php?product/edit/A257167332" "Mozilla/5.0 (Linux; Android 6.0.1; Nexus 5X Build/MMB29P) AppleWebKit/537.36 (KHTML, like Gecko) Chrome/137.0.7151.119 Mobile Safari/537.36 (compatible; Googlebot/2.1; +http://www.google.com/bot.html)"
66.249.65.174 - - [18/Jul/2025:20:41:33 +0000] "GET /items/handicrafts/paintings/2644745/alalamy.com.au?_bd_prev_page=alalamy.com.au/detail.php?shopbrand/8707514.htm HTTP/1.1" 200 19124 "-" "Mozilla/5.0 (Linux; Android 6.0.1; Nexus 5X Build/MMB29P) AppleWebKit/537.36 (KHTML, like Gecko) Chrome/137.0.7151.103 Mobile Safari/537.36 (compatible; GoogleOther)"
66.249.65.174 - - [18/Jul/2025:20:41:36 +0000] "POST /get-message-notify HTTP/1.1" 200 19461 "http://alalamy.com.au/items/handicrafts/paintings/2644745/alalamy.com.au?_bd_prev_page=alalamy.com.au/detail.php?shopbrand/8707514.htm" "Mozilla/5.0 (Linux; Android 6.0.1; Nexus 5X Build/MMB29P) AppleWebKit/537.36 (KHTML, like Gecko) Chrome/137.0.7151.119 Mobile Safari/537.36 (compatible; Googlebot/2.1; +http://www.google.com/bot.html)"
66.249.65.174 - - [18/Jul/2025:20:41:36 +0000] "GET /items/handicrafts/paintings/2644745/alalamy.com.au?_bd_prev_page=alalamy.com.au/detail.php?shopbrand/8725590.htm HTTP/1.1" 200 19524 "-" "Mozilla/5.0 (Linux; Android 6.0.1; Nexus 5X Build/MMB29P) AppleWebKit/537.36 (KHTML, like Gecko) Chrome/137.0.7151.103 Mobile Safari/537.36 (compatible; GoogleOther)"
66.249.65.174 - - [18/Jul/2025:20:41:39 +0000] "GET /items/handicrafts/paintings/2644745/alalamy.com.au?_bd_prev_page=alalamy.com.au/detail.php?shopbrand/8731124.htm HTTP/1.1" 200 19448 "-" "Mozilla/5.0 (Linux; Android 6.0.1; Nexus 5X Build/MMB29P) AppleWebKit/537.36 (KHTML, like Gecko) Chrome/137.0.7151.103 Mobile Safari/537.36 (compatible; GoogleOther)"
66.249.65.174 - - [18/Jul/2025:20:41:41 +0000] "GET /items/handicrafts/paintings/2644745/alalamy.com.au?_bd_prev_page=alalamy.com.au/detail.php?shopbrand/8419093.htm HTTP/1.1" 200 19028 "-" "Mozilla/5.0 (Linux; Android 6.0.1; Nexus 5X Build/MMB29P) AppleWebKit/537.36 (KHTML, like Gecko) Chrome/137.0.7151.103 Mobile Safari/537.36 (compatible; GoogleOther)"
66.249.65.160 - - [18/Jul/2025:20:41:44 +0000] "GET /items/handicrafts/paintings/2644745/alalamy.com.au?_bd_prev_page=alalamy.com.au/detail.php?shopbrand/9343993.htm HTTP/1.1" 200 20622 "-" "Mozilla/5.0 (Linux; Android 6.0.1; Nexus 5X Build/MMB29P) AppleWebKit/537.36 (KHTML, like Gecko) Chrome/137.0.7151.103 Mobile Safari/537.36 (compatible; GoogleOther)"
66.249.74.12 - - [18/Jul/2025:20:41:47 +0000] "GET /items/art/antiques/3994491/feature/idol/970 HTTP/1.1" 200 20496 "-" "Mozilla/5.0 (Linux; Android 6.0.1; Nexus 5X Build/MMB29P) AppleWebKit/537.36 (KHTML, like Gecko) Chrome/137.0.7151.103 Mobile Safari/537.36 (compatible; GoogleOther)"
66.249.74.12 - - [18/Jul/2025:20:41:49 +0000] "GET /items/handmade/paintings/5377890/alalamy.com.au/alalamy.com.au/pcsp.html/hobby/boardgame/index.html HTTP/1.1" 200 18337 "-" "Mozilla/5.0 (Linux; Android 6.0.1; Nexus 5X Build/MMB29P) AppleWebKit/537.36 (KHTML, like Gecko) Chrome/137.0.7151.103 Mobile Safari/537.36 (compatible; GoogleOther)"
66.249.65.160 - - [18/Jul/2025:20:41:51 +0000] "GET /items/handicrafts/paintings/2644745/alalamy.com.au?_bd_prev_page=alalamy.com.au/detail.php?shopbrand/8612722.htm HTTP/1.1" 200 21146 "-" "Mozilla/5.0 (Linux; Android 6.0.1; Nexus 5X Build/MMB29P) AppleWebKit/537.36 (KHTML, like Gecko) Chrome/137.0.7151.103 Mobile Safari/537.36 (compatible; GoogleOther)"
66.249.65.174 - - [18/Jul/2025:20:41:54 +0000] "GET /items/handicrafts/paintings/2644745/alalamy.com.au?_bd_prev_page=alalamy.com.au/detail.php?shopbrand/8708767.htm HTTP/1.1" 200 19788 "-" "Mozilla/5.0 (Linux; Android 6.0.1; Nexus 5X Build/MMB29P) AppleWebKit/537.36 (KHTML, like Gecko) Chrome/137.0.7151.103 Mobile Safari/537.36 (compatible; GoogleOther)"
66.249.65.160 - - [18/Jul/2025:20:41:57 +0000] "GET /items/handicrafts/paintings/2644745/alalamy.com.au?_bd_prev_page=alalamy.com.au/detail.php?shopbrand/8402685.htm HTTP/1.1" 200 20370 "-" "Mozilla/5.0 (Linux; Android 6.0.1; Nexus 5X Build/MMB29P) AppleWebKit/537.36 (KHTML, like Gecko) Chrome/137.0.7151.103 Mobile Safari/537.36 (compatible; GoogleOther)"
66.249.65.174 - - [18/Jul/2025:20:41:59 +0000] "GET /items/handicrafts/paintings/2644745/alalamy.com.au?_bd_prev_page=alalamy.com.au/detail.php?shopbrand/9138714.htm HTTP/1.1" 200 19108 "-" "Mozilla/5.0 (Linux; Android 6.0.1; Nexus 5X Build/MMB29P) AppleWebKit/537.36 (KHTML, like Gecko) Chrome/137.0.7151.103 Mobile Safari/537.36 (compatible; GoogleOther)"
66.249.74.14 - - [18/Jul/2025:20:42:02 +0000] "GET /items/handmade/paintings/5377890/feature/idol/alalamy.com.au?_bd_prev_page=alalamy.com.au/detail.php?shopbrand/8234086.htm HTTP/1.1" 200 20569 "-" "Mozilla/5.0 (Linux; Android 6.0.1; Nexus 5X Build/MMB29P) AppleWebKit/537.36 (KHTML, like Gecko) Chrome/137.0.7151.103 Mobile Safari/537.36 (compatible; GoogleOther)"
66.249.74.14 - - [18/Jul/2025:20:42:04 +0000] "GET /shopbrand/82422278.htm HTTP/1.1" 200 20275 "-" "Mozilla/5.0 (Linux; Android 6.0.1; Nexus 5X Build/MMB29P) AppleWebKit/537.36 (KHTML, like Gecko) Chrome/137.0.7151.103 Mobile Safari/537.36 (compatible; Googlebot/2.1; +http://www.google.com/bot.html)"
66.249.74.13 - - [18/Jul/2025:20:42:04 +0000] "GET /items/handmade/paintings/5377890/alalamy.com.au/feature/akihabara_main/alalamy.com.au?_bd_prev_page=alalamy.com.au/detail.php?shopbrand/8557237.htm HTTP/1.1" 200 20129 "-" "Mozilla/5.0 (Linux; Android 6.0.1; Nexus 5X Build/MMB29P) AppleWebKit/537.36 (KHTML, like Gecko) Chrome/137.0.7151.103 Mobile Safari/537.36 (compatible; GoogleOther)"
66.249.65.174 - - [18/Jul/2025:20:42:07 +0000] "GET /items/handicrafts/paintings/2644745/alalamy.com.au?_bd_prev_page=alalamy.com.au/detail.php?shopbrand/8389607.htm HTTP/1.1" 200 19431 "-" "Mozilla/5.0 (Linux; Android 6.0.1; Nexus 5X Build/MMB29P) AppleWebKit/537.36 (KHTML, like Gecko) Chrome/137.0.7151.103 Mobile Safari/537.36 (compatible; GoogleOther)"
66.249.65.174 - - [18/Jul/2025:20:42:09 +0000] "GET /items/handicrafts/paintings/2644745/alalamy.com.au?_bd_prev_page=alalamy.com.au/detail.php?shopbrand/8620480.htm HTTP/1.1" 200 21113 "-" "Mozilla/5.0 (Linux; Android 6.0.1; Nexus 5X Build/MMB29P) AppleWebKit/537.36 (KHTML, like Gecko) Chrome/137.0.7151.103 Mobile Safari/537.36 (compatible; GoogleOther)"
66.249.65.174 - - [18/Jul/2025:20:42:12 +0000] "GET /items/handicrafts/paintings/2644745/alalamy.com.au?_bd_prev_page=alalamy.com.au/detail.php?shopbrand/8946479.htm HTTP/1.1" 200 19303 "-" "Mozilla/5.0 (Linux; Android 6.0.1; Nexus 5X Build/MMB29P) AppleWebKit/537.36 (KHTML, like Gecko) Chrome/137.0.7151.103 Mobile Safari/537.36 (compatible; GoogleOther)"
66.249.65.174 - - [18/Jul/2025:20:42:15 +0000] "GET /items/handicrafts/paintings/2644745/alalamy.com.au?_bd_prev_page=alalamy.com.au/detail.php?shopbrand/8937841.htm HTTP/1.1" 200 18952 "-" "Mozilla/5.0 (Linux; Android 6.0.1; Nexus 5X Build/MMB29P) AppleWebKit/537.36 (KHTML, like Gecko) Chrome/137.0.7151.103 Mobile Safari/537.36 (compatible; GoogleOther)"
66.249.65.174 - - [18/Jul/2025:20:42:17 +0000] "GET /items/handicrafts/paintings/2644745/alalamy.com.au?_bd_prev_page=alalamy.com.au/detail.php?shopbrand/8940065.htm HTTP/1.1" 200 21882 "-" "Mozilla/5.0 (Linux; Android 6.0.1; Nexus 5X Build/MMB29P) AppleWebKit/537.36 (KHTML, like Gecko) Chrome/137.0.7151.103 Mobile Safari/537.36 (compatible; GoogleOther)"
66.249.65.174 - - [18/Jul/2025:20:42:20 +0000] "GET /items/handicrafts/paintings/2644745/alalamy.com.au?_bd_prev_page=alalamy.com.au/detail.php?shopbrand/8947408.htm HTTP/1.1" 200 21297 "-" "Mozilla/5.0 (Linux; Android 6.0.1; Nexus 5X Build/MMB29P) AppleWebKit/537.36 (KHTML, like Gecko) Chrome/137.0.7151.103 Mobile Safari/537.36 (compatible; GoogleOther)"
66.249.74.12 - - [18/Jul/2025:20:42:22 +0000] "POST /get-message-notify HTTP/1.1" 200 19483 "http://www.alalamy.com.au/items/handmade/paintings/5377890/alalamy.com.au/alalamy.com.au/pcsp.html/hobby/boardgame/index.html" "Mozilla/5.0 (Linux; Android 6.0.1; Nexus 5X Build/MMB29P) AppleWebKit/537.36 (KHTML, like Gecko) Chrome/137.0.7151.119 Mobile Safari/537.36 (compatible; Googlebot/2.1; +http://www.google.com/bot.html)"
66.249.65.174 - - [18/Jul/2025:20:42:22 +0000] "GET /items/handicrafts/paintings/2644745/alalamy.com.au?_bd_prev_page=alalamy.com.au/detail.php?shopbrand/8396984.htm HTTP/1.1" 200 20482 "-" "Mozilla/5.0 (Linux; Android 6.0.1; Nexus 5X Build/MMB29P) AppleWebKit/537.36 (KHTML, like Gecko) Chrome/137.0.7151.103 Mobile Safari/537.36 (compatible; GoogleOther)"
66.249.74.13 - - [18/Jul/2025:20:42:25 +0000] "GET /items/handmade/paintings/alalamy.com.au/feature/alalamy.com.au/toreka/figure_menu.html HTTP/1.1" 200 20751 "-" "Mozilla/5.0 (Linux; Android 6.0.1; Nexus 5X Build/MMB29P) AppleWebKit/537.36 (KHTML, like Gecko) Chrome/137.0.7151.103 Mobile Safari/537.36 (compatible; GoogleOther)"
66.249.65.174 - - [18/Jul/2025:20:42:27 +0000] "GET /items/handicrafts/paintings/2644745/alalamy.com.au?_bd_prev_page=alalamy.com.au/detail.php?shopbrand/8405068.htm HTTP/1.1" 200 21649 "-" "Mozilla/5.0 (Linux; Android 6.0.1; Nexus 5X Build/MMB29P) AppleWebKit/537.36 (KHTML, like Gecko) Chrome/137.0.7151.103 Mobile Safari/537.36 (compatible; GoogleOther)"
66.249.65.174 - - [18/Jul/2025:20:42:30 +0000] "GET /items/handicrafts/paintings/2644745/alalamy.com.au?_bd_prev_page=alalamy.com.au/detail.php?shopbrand/8717665.htm HTTP/1.1" 200 19383 "-" "Mozilla/5.0 (Linux; Android 6.0.1; Nexus 5X Build/MMB29P) AppleWebKit/537.36 (KHTML, like Gecko) Chrome/137.0.7151.103 Mobile Safari/537.36 (compatible; GoogleOther)"
66.249.65.174 - - [18/Jul/2025:20:42:33 +0000] "GET /items/handicrafts/paintings/2644745/alalamy.com.au?_bd_prev_page=alalamy.com.au/detail.php?shopbrand/8908214.htm HTTP/1.1" 200 19939 "-" "Mozilla/5.0 (Linux; Android 6.0.1; Nexus 5X Build/MMB29P) AppleWebKit/537.36 (KHTML, like Gecko) Chrome/137.0.7151.103 Mobile Safari/537.36 (compatible; GoogleOther)"
66.249.65.174 - - [18/Jul/2025:20:42:35 +0000] "GET /items/handicrafts/paintings/2644745/alalamy.com.au?_bd_prev_page=alalamy.com.au/detail.php?shopbrand/9134796.htm HTTP/1.1" 200 19632 "-" "Mozilla/5.0 (Linux; Android 6.0.1; Nexus 5X Build/MMB29P) AppleWebKit/537.36 (KHTML, like Gecko) Chrome/137.0.7151.103 Mobile Safari/537.36 (compatible; GoogleOther)"
66.249.65.174 - - [18/Jul/2025:20:42:40 +0000] "POST /get-message-notify HTTP/1.1" 200 19461 "http://alalamy.com.au/items/handicrafts/paintings/2644745/alalamy.com.au?_bd_prev_page=alalamy.com.au/detail.php?shopbrand/8396984.htm" "Mozilla/5.0 (Linux; Android 6.0.1; Nexus 5X Build/MMB29P) AppleWebKit/537.36 (KHTML, like Gecko) Chrome/137.0.7151.119 Mobile Safari/537.36 (compatible; Googlebot/2.1; +http://www.google.com/bot.html)"
66.249.74.12 - - [18/Jul/2025:20:42:40 +0000] "GET /items/handmade/paintings/5377890/feature/idol/alalamy.com.au?_bd_prev_page=alalamy.com.au/detail.php?shopbrand/7368269.htm HTTP/1.1" 200 19241 "-" "Mozilla/5.0 (Linux; Android 6.0.1; Nexus 5X Build/MMB29P) AppleWebKit/537.36 (KHTML, like Gecko) Chrome/137.0.7151.103 Mobile Safari/537.36 (compatible; GoogleOther)"
66.249.74.12 - - [18/Jul/2025:20:42:42 +0000] "POST /get-message-notify HTTP/1.1" 200 19483 "http://www.alalamy.com.au/items/handmade/paintings/5377890/feature/idol/alalamy.com.au?_bd_prev_page=alalamy.com.au/detail.php?shopbrand/7368269.htm" "Mozilla/5.0 (Linux; Android 6.0.1; Nexus 5X Build/MMB29P) AppleWebKit/537.36 (KHTML, like Gecko) Chrome/137.0.7151.119 Mobile Safari/537.36 (compatible; Googlebot/2.1; +http://www.google.com/bot.html)"
66.249.74.12 - - [18/Jul/2025:20:42:43 +0000] "GET /items/handmade/paintings/5377890/alalamy.com.au/feature/akihabara_main/alalamy.com.au?_bd_prev_page=alalamy.com.au/detail.php?shopbrand/8563238.htm HTTP/1.1" 200 20299 "-" "Mozilla/5.0 (Linux; Android 6.0.1; Nexus 5X Build/MMB29P) AppleWebKit/537.36 (KHTML, like Gecko) Chrome/137.0.7151.103 Mobile Safari/537.36 (compatible; GoogleOther)"
66.249.65.160 - - [18/Jul/2025:20:42:45 +0000] "GET /items/handicrafts/paintings/2644745/alalamy.com.au?_bd_prev_page=alalamy.com.au/detail.php?shopbrand/8927392.htm HTTP/1.1" 200 21879 "-" "Mozilla/5.0 (Linux; Android 6.0.1; Nexus 5X Build/MMB29P) AppleWebKit/537.36 (KHTML, like Gecko) Chrome/137.0.7151.103 Mobile Safari/537.36 (compatible; GoogleOther)"
66.249.65.174 - - [18/Jul/2025:20:42:48 +0000] "GET /items/handicrafts/paintings/2644745/alalamy.com.au?_bd_prev_page=alalamy.com.au/detail.php?shopbrand/8709025.htm HTTP/1.1" 200 19874 "-" "Mozilla/5.0 (Linux; Android 6.0.1; Nexus 5X Build/MMB29P) AppleWebKit/537.36 (KHTML, like Gecko) Chrome/137.0.7151.103 Mobile Safari/537.36 (compatible; GoogleOther)"
66.249.65.174 - - [18/Jul/2025:20:42:51 +0000] "GET /items/handicrafts/paintings/2644745/alalamy.com.au?_bd_prev_page=alalamy.com.au/detail.php?shopbrand/8728783.htm HTTP/1.1" 200 19652 "-" "Mozilla/5.0 (Linux; Android 6.0.1; Nexus 5X Build/MMB29P) AppleWebKit/537.36 (KHTML, like Gecko) Chrome/137.0.7151.103 Mobile Safari/537.36 (compatible; GoogleOther)"
66.249.74.12 - - [18/Jul/2025:20:42:52 +0000] "POST /get-message-notify HTTP/1.1" 200 19483 "http://www.alalamy.com.au/items/handmade/paintings/5377890/alalamy.com.au/feature/shoplist/alalamy.com.au/kaden.html" "Mozilla/5.0 (Linux; Android 6.0.1; Nexus 5X Build/MMB29P) AppleWebKit/537.36 (KHTML, like Gecko) Chrome/137.0.7151.119 Mobile Safari/537.36 (compatible; Googlebot/2.1; +http://www.google.com/bot.html)"
66.249.65.174 - - [18/Jul/2025:20:42:53 +0000] "POST /get-message-notify HTTP/1.1" 200 19461 "http://alalamy.com.au/items/handicrafts/paintings/2644745/alalamy.com.au?_bd_prev_page=alalamy.com.au/detail.php?shopbrand/8728783.htm" "Mozilla/5.0 (Linux; Android 6.0.1; Nexus 5X Build/MMB29P) AppleWebKit/537.36 (KHTML, like Gecko) Chrome/137.0.7151.119 Mobile Safari/537.36 (compatible; Googlebot/2.1; +http://www.google.com/bot.html)"
66.249.74.12 - - [18/Jul/2025:20:42:53 +0000] "GET /items/handicrafts/illustrations/4841596/alalamy.com.au/feature/sapporo/alalamy.com.au/feature/akihabara_main/index.html HTTP/1.1" 200 19398 "-" "Mozilla/5.0 (Linux; Android 6.0.1; Nexus 5X Build/MMB29P) AppleWebKit/537.36 (KHTML, like Gecko) Chrome/137.0.7151.103 Mobile Safari/537.36 (compatible; GoogleOther)"
66.249.65.174 - - [18/Jul/2025:20:42:56 +0000] "GET /items/handicrafts/paintings/2644745/alalamy.com.au?_bd_prev_page=alalamy.com.au/detail.php?shopbrand/8413815.htm HTTP/1.1" 200 20505 "-" "Mozilla/5.0 (Linux; Android 6.0.1; Nexus 5X Build/MMB29P) AppleWebKit/537.36 (KHTML, like Gecko) Chrome/137.0.7151.103 Mobile Safari/537.36 (compatible; GoogleOther)"
66.249.74.12 - - [18/Jul/2025:20:42:58 +0000] "GET /items/handmade/paintings/alalamy.com.au/oreka/alalamy.com.au?_bd_prev_page=alalamy.com.au/detail.php?shopbrand/8301934.htm HTTP/1.1" 200 19893 "-" "Mozilla/5.0 (Linux; Android 6.0.1; Nexus 5X Build/MMB29P) AppleWebKit/537.36 (KHTML, like Gecko) Chrome/137.0.7151.103 Mobile Safari/537.36 (compatible; GoogleOther)"
66.249.65.174 - - [18/Jul/2025:20:43:01 +0000] "POST /get-message-notify HTTP/1.1" 200 19461 "http://alalamy.com.au/items/handicrafts/paintings/2644745/alalamy.com.au?_bd_prev_page=alalamy.com.au/detail.php?shopbrand/8413815.htm" "Mozilla/5.0 (Linux; Android 6.0.1; Nexus 5X Build/MMB29P) AppleWebKit/537.36 (KHTML, like Gecko) Chrome/137.0.7151.119 Mobile Safari/537.36 (compatible; Googlebot/2.1; +http://www.google.com/bot.html)"
66.249.65.161 - - [18/Jul/2025:20:43:01 +0000] "POST /get-message-notify HTTP/1.1" 200 19461 "http://alalamy.com.au/items/handicrafts/paintings/2644745/alalamy.com.au?_bd_prev_page=alalamy.com.au/detail.php?shopbrand/8502193.htm" "Mozilla/5.0 (Linux; Android 6.0.1; Nexus 5X Build/MMB29P) AppleWebKit/537.36 (KHTML, like Gecko) Chrome/137.0.7151.119 Mobile Safari/537.36 (compatible; Googlebot/2.1; +http://www.google.com/bot.html)"
66.249.74.12 - - [18/Jul/2025:20:43:01 +0000] "GET /items/handmade/paintings/5377890/feature/idol/alalamy.com.au?_bd_prev_page=alalamy.com.au/detail.php?shopbrand/7362419.htm HTTP/1.1" 200 19516 "-" "Mozilla/5.0 (Linux; Android 6.0.1; Nexus 5X Build/MMB29P) AppleWebKit/537.36 (KHTML, like Gecko) Chrome/137.0.7151.103 Mobile Safari/537.36 (compatible; GoogleOther)"
66.249.74.12 - - [18/Jul/2025:20:43:03 +0000] "GET /items/handmade/paintings/5377890/feature/idol/alalamy.com.au?_bd_prev_page=alalamy.com.au/detail.php?shopbrand/7363247.htm HTTP/1.1" 200 21519 "-" "Mozilla/5.0 (Linux; Android 6.0.1; Nexus 5X Build/MMB29P) AppleWebKit/537.36 (KHTML, like Gecko) Chrome/137.0.7151.103 Mobile Safari/537.36 (compatible; GoogleOther)"
66.249.74.12 - - [18/Jul/2025:20:43:05 +0000] "POST /get-message-notify HTTP/1.1" 200 19483 "http://www.alalamy.com.au/items/handmade/paintings/alalamy.com.au/oreka/alalamy.com.au?_bd_prev_page=alalamy.com.au/detail.php?shopbrand/8301934.htm" "Mozilla/5.0 (Linux; Android 6.0.1; Nexus 5X Build/MMB29P) AppleWebKit/537.36 (KHTML, like Gecko) Chrome/137.0.7151.119 Mobile Safari/537.36 (compatible; Googlebot/2.1; +http://www.google.com/bot.html)"
66.249.65.160 - - [18/Jul/2025:20:43:06 +0000] "GET /items/handicrafts/paintings/2644745/alalamy.com.au?_bd_prev_page=alalamy.com.au/detail.php?shopbrand/8617327.htm HTTP/1.1" 200 20086 "-" "Mozilla/5.0 (Linux; Android 6.0.1; Nexus 5X Build/MMB29P) AppleWebKit/537.36 (KHTML, like Gecko) Chrome/137.0.7151.103 Mobile Safari/537.36 (compatible; GoogleOther)"
66.249.65.174 - - [18/Jul/2025:20:43:09 +0000] "GET /items/handicrafts/paintings/2644745/alalamy.com.au?_bd_prev_page=alalamy.com.au/detail.php?shopbrand/8924239.htm HTTP/1.1" 200 20543 "-" "Mozilla/5.0 (Linux; Android 6.0.1; Nexus 5X Build/MMB29P) AppleWebKit/537.36 (KHTML, like Gecko) Chrome/137.0.7151.103 Mobile Safari/537.36 (compatible; GoogleOther)"
209.74.77.214 - - [18/Jul/2025:20:43:11 +0000] "POST /wp-cron.php?doing_wp_cron=1752871391.3413538932800292968750 HTTP/1.1" 200 - "-" "WordPress/6.8.2; https://alalamy.com.au"
20.171.207.85 - - [18/Jul/2025:20:43:11 +0000] "GET /items/fashion/tops/2921047/ HTTP/1.1" 404 20410 "-" "Mozilla/5.0 AppleWebKit/537.36 (KHTML, like Gecko; compatible; GPTBot/1.2; +https://openai.com/gptbot)"
66.249.65.174 - - [18/Jul/2025:20:43:11 +0000] "GET /items/handicrafts/paintings/2644745/alalamy.com.au?_bd_prev_page=alalamy.com.au/detail.php?shopbrand/8406718.htm HTTP/1.1" 200 22427 "-" "Mozilla/5.0 (Linux; Android 6.0.1; Nexus 5X Build/MMB29P) AppleWebKit/537.36 (KHTML, like Gecko) Chrome/137.0.7151.103 Mobile Safari/537.36 (compatible; GoogleOther)"
66.249.65.174 - - [18/Jul/2025:20:43:14 +0000] "GET /items/handicrafts/paintings/2644745/alalamy.com.au?_bd_prev_page=alalamy.com.au/detail.php?shopbrand/8916695.htm HTTP/1.1" 200 19591 "-" "Mozilla/5.0 (Linux; Android 6.0.1; Nexus 5X Build/MMB29P) AppleWebKit/537.36 (KHTML, like Gecko) Chrome/137.0.7151.103 Mobile Safari/537.36 (compatible; GoogleOther)"
66.249.65.174 - - [18/Jul/2025:20:43:16 +0000] "GET /items/handicrafts/paintings/2644745/alalamy.com.au?_bd_prev_page=alalamy.com.au/detail.php?shopbrand/8724891.htm HTTP/1.1" 200 19203 "-" "Mozilla/5.0 (Linux; Android 6.0.1; Nexus 5X Build/MMB29P) AppleWebKit/537.36 (KHTML, like Gecko) Chrome/137.0.7151.103 Mobile Safari/537.36 (compatible; GoogleOther)"
66.249.65.174 - - [18/Jul/2025:20:43:19 +0000] "GET /items/handicrafts/paintings/2644745/alalamy.com.au?_bd_prev_page=alalamy.com.au/detail.php?shopbrand/8910023.htm HTTP/1.1" 200 18979 "-" "Mozilla/5.0 (Linux; Android 6.0.1; Nexus 5X Build/MMB29P) AppleWebKit/537.36 (KHTML, like Gecko) Chrome/137.0.7151.103 Mobile Safari/537.36 (compatible; GoogleOther)"
66.249.74.12 - - [18/Jul/2025:20:43:21 +0000] "GET /items/handmade/paintings/5377890/alalamy.com.au/feature/akihabara_main/alalamy.com.au?_bd_prev_page=alalamy.com.au/detail.php?shopbrand/8556566.htm HTTP/1.1" 200 19225 "-" "Mozilla/5.0 (Linux; Android 6.0.1; Nexus 5X Build/MMB29P) AppleWebKit/537.36 (KHTML, like Gecko) Chrome/137.0.7151.103 Mobile Safari/537.36 (compatible; GoogleOther)"
66.249.65.174 - - [18/Jul/2025:20:43:25 +0000] "POST /get-message-notify HTTP/1.1" 200 19461 "http://alalamy.com.au/items/handicrafts/paintings/2644745/alalamy.com.au?_bd_prev_page=alalamy.com.au/detail.php?shopbrand/8617327.htm" "Mozilla/5.0 (Linux; Android 6.0.1; Nexus 5X Build/MMB29P) AppleWebKit/537.36 (KHTML, like Gecko) Chrome/137.0.7151.119 Mobile Safari/537.36 (compatible; Googlebot/2.1; +http://www.google.com/bot.html)"
66.249.65.174 - - [18/Jul/2025:20:43:27 +0000] "GET /items/handicrafts/paintings/2644745/alalamy.com.au?_bd_prev_page=alalamy.com.au/detail.php?shopbrand/8916016.htm HTTP/1.1" 200 19845 "-" "Mozilla/5.0 (Linux; Android 6.0.1; Nexus 5X Build/MMB29P) AppleWebKit/537.36 (KHTML, like Gecko) Chrome/137.0.7151.103 Mobile Safari/537.36 (compatible; GoogleOther)"
66.249.74.12 - - [18/Jul/2025:20:43:31 +0000] "POST /get-message-notify HTTP/1.1" 200 19483 "http://www.alalamy.com.au/items/handmade/paintings/alalamy.com.au/feature/alalamy.com.au/toreka/figure_menu.html" "Mozilla/5.0 (Linux; Android 6.0.1; Nexus 5X Build/MMB29P) AppleWebKit/537.36 (KHTML, like Gecko) Chrome/137.0.7151.119 Mobile Safari/537.36 (compatible; Googlebot/2.1; +http://www.google.com/bot.html)"
66.249.74.12 - - [18/Jul/2025:20:43:32 +0000] "GET /items/art/wind/alalamy.com.au/feature/osu_main/index.html HTTP/1.1" 200 19218 "-" "Mozilla/5.0 (Linux; Android 6.0.1; Nexus 5X Build/MMB29P) AppleWebKit/537.36 (KHTML, like Gecko) Chrome/137.0.7151.103 Mobile Safari/537.36 (compatible; GoogleOther)"
66.249.74.12 - - [18/Jul/2025:20:43:34 +0000] "GET /items/handmade/paintings/5377890/alalamy.com.au/feature/campaign/alalamy.com.au/alalamy.com.au/items/handmade/paintings/5377890/alalamy.com.au/feature/campaign/alalamy.com.au/product_archives HTTP/1.1" 200 18354 "-" "Mozilla/5.0 (Linux; Android 6.0.1; Nexus 5X Build/MMB29P) AppleWebKit/537.36 (KHTML, like Gecko) Chrome/137.0.7151.103 Mobile Safari/537.36 (compatible; GoogleOther)"
66.249.74.12 - - [18/Jul/2025:20:43:39 +0000] "GET /items/handmade/paintings/5377890/feature/idol/alalamy.com.au?_bd_prev_page=alalamy.com.au/detail.php?toreka/toreka_single.html HTTP/1.1" 200 20550 "-" "Mozilla/5.0 (Linux; Android 6.0.1; Nexus 5X Build/MMB29P) AppleWebKit/537.36 (KHTML, like Gecko) Chrome/137.0.7151.103 Mobile Safari/537.36 (compatible; GoogleOther)"
66.249.74.12 - - [18/Jul/2025:20:43:47 +0000] "GET /items/handmade/paintings/alalamy.com.au/oreka/alalamy.com.au?_bd_prev_page=alalamy.com.au/detail.php?shopbrand/8297744.htm HTTP/1.1" 200 19500 "-" "Mozilla/5.0 (Linux; Android 6.0.1; Nexus 5X Build/MMB29P) AppleWebKit/537.36 (KHTML, like Gecko) Chrome/137.0.7151.103 Mobile Safari/537.36 (compatible; GoogleOther)"
66.249.65.174 - - [18/Jul/2025:20:43:50 +0000] "GET /items/handicrafts/paintings/2644745/alalamy.com.au?_bd_prev_page=alalamy.com.au/detail.php?shopbrand/8719208.htm HTTP/1.1" 200 19954 "-" "Mozilla/5.0 (Linux; Android 6.0.1; Nexus 5X Build/MMB29P) AppleWebKit/537.36 (KHTML, like Gecko) Chrome/137.0.7151.103 Mobile Safari/537.36 (compatible; GoogleOther)"
66.249.74.12 - - [18/Jul/2025:20:43:50 +0000] "POST /get-message-notify HTTP/1.1" 200 19483 "http://www.alalamy.com.au/items/handmade/paintings/alalamy.com.au/oreka/alalamy.com.au?_bd_prev_page=alalamy.com.au/detail.php?shopbrand/8297744.htm" "Mozilla/5.0 (Linux; Android 6.0.1; Nexus 5X Build/MMB29P) AppleWebKit/537.36 (KHTML, like Gecko) Chrome/137.0.7151.119 Mobile Safari/537.36 (compatible; Googlebot/2.1; +http://www.google.com/bot.html)"
66.249.65.160 - - [18/Jul/2025:20:43:52 +0000] "GET /items/handicrafts/paintings/2644745/alalamy.com.au?_bd_prev_page=alalamy.com.au/detail.php?shopbrand/8909757.htm HTTP/1.1" 200 19144 "-" "Mozilla/5.0 (Linux; Android 6.0.1; Nexus 5X Build/MMB29P) AppleWebKit/537.36 (KHTML, like Gecko) Chrome/137.0.7151.103 Mobile Safari/537.36 (compatible; GoogleOther)"
66.249.74.12 - - [18/Jul/2025:20:43:55 +0000] "GET /items/handmade/paintings/5377890/alalamy.com.au/feature/akihabara_main/alalamy.com.au?_bd_prev_page=alalamy.com.au/detail.php?shopbrand/8553345.htm HTTP/1.1" 200 21397 "-" "Mozilla/5.0 (Linux; Android 6.0.1; Nexus 5X Build/MMB29P) AppleWebKit/537.36 (KHTML, like Gecko) Chrome/137.0.7151.103 Mobile Safari/537.36 (compatible; GoogleOther)"
66.249.65.174 - - [18/Jul/2025:20:43:57 +0000] "GET /items/handicrafts/paintings/2644745/alalamy.com.au?_bd_prev_page=alalamy.com.au/detail.php?shopbrand/8706543.htm HTTP/1.1" 200 19381 "-" "Mozilla/5.0 (Linux; Android 6.0.1; Nexus 5X Build/MMB29P) AppleWebKit/537.36 (KHTML, like Gecko) Chrome/137.0.7151.103 Mobile Safari/537.36 (compatible; GoogleOther)"
66.249.65.174 - - [18/Jul/2025:20:44:00 +0000] "GET /items/handicrafts/paintings/2644745/alalamy.com.au?_bd_prev_page=alalamy.com.au/detail.php?shopbrand/8401855.htm HTTP/1.1" 200 19566 "-" "Mozilla/5.0 (Linux; Android 6.0.1; Nexus 5X Build/MMB29P) AppleWebKit/537.36 (KHTML, like Gecko) Chrome/137.0.7151.103 Mobile Safari/537.36 (compatible; GoogleOther)"
66.249.65.174 - - [18/Jul/2025:20:44:03 +0000] "GET /items/handicrafts/paintings/2644745/alalamy.com.au?_bd_prev_page=alalamy.com.au/detail.php?shopbrand/9129659.htm HTTP/1.1" 200 22422 "-" "Mozilla/5.0 (Linux; Android 6.0.1; Nexus 5X Build/MMB29P) AppleWebKit/537.36 (KHTML, like Gecko) Chrome/137.0.7151.103 Mobile Safari/537.36 (compatible; GoogleOther)"
66.249.74.13 - - [18/Jul/2025:20:44:05 +0000] "GET /items/art/models/3062285/alalamy.com.au/alalamy.com.au/dozin.html HTTP/1.1" 200 19169 "-" "Mozilla/5.0 (Linux; Android 6.0.1; Nexus 5X Build/MMB29P) AppleWebKit/537.36 (KHTML, like Gecko) Chrome/137.0.7151.103 Mobile Safari/537.36 (compatible; GoogleOther)"
66.249.74.13 - - [18/Jul/2025:20:44:06 +0000] "POST /get-message-notify HTTP/1.1" 200 19483 "http://www.alalamy.com.au/items/handmade/paintings/5377890/feature/idol/alalamy.com.au?_bd_prev_page=alalamy.com.au/detail.php?toreka/toreka_single.html" "Mozilla/5.0 (Linux; Android 6.0.1; Nexus 5X Build/MMB29P) AppleWebKit/537.36 (KHTML, like Gecko) Chrome/137.0.7151.119 Mobile Safari/537.36 (compatible; Googlebot/2.1; +http://www.google.com/bot.html)"
66.249.65.174 - - [18/Jul/2025:20:44:08 +0000] "GET /items/handicrafts/paintings/2644745/alalamy.com.au?_bd_prev_page=alalamy.com.au/detail.php?shopbrand/8394770.htm HTTP/1.1" 200 19129 "-" "Mozilla/5.0 (Linux; Android 6.0.1; Nexus 5X Build/MMB29P) AppleWebKit/537.36 (KHTML, like Gecko) Chrome/137.0.7151.103 Mobile Safari/537.36 (compatible; GoogleOther)"
66.249.74.12 - - [18/Jul/2025:20:44:10 +0000] "GET /items/handmade/paintings/5377890/feature/idol/alalamy.com.au?_bd_prev_page=alalamy.com.au/detail.php?shopbrand/10916105.htm HTTP/1.1" 200 19253 "-" "Mozilla/5.0 (Linux; Android 6.0.1; Nexus 5X Build/MMB29P) AppleWebKit/537.36 (KHTML, like Gecko) Chrome/137.0.7151.103 Mobile Safari/537.36 (compatible; GoogleOther)"
209.74.77.214 - - [18/Jul/2025:20:44:13 +0000] "POST /wp-cron.php?doing_wp_cron=1752871453.0892589092254638671875 HTTP/1.1" 200 - "-" "WordPress/6.8.2; https://alalamy.com.au"
20.171.207.85 - - [18/Jul/2025:20:44:12 +0000] "GET /items/fashion/tops/5073031/ HTTP/1.1" 404 20410 "-" "Mozilla/5.0 AppleWebKit/537.36 (KHTML, like Gecko; compatible; GPTBot/1.2; +https://openai.com/gptbot)"
66.249.74.12 - - [18/Jul/2025:20:44:13 +0000] "GET /items/handmade/paintings/alalamy.com.au/oreka/alalamy.com.au?_bd_prev_page=alalamy.com.au/detail.php?shopbrand/8306797.htm HTTP/1.1" 200 19425 "-" "Mozilla/5.0 (Linux; Android 6.0.1; Nexus 5X Build/MMB29P) AppleWebKit/537.36 (KHTML, like Gecko) Chrome/137.0.7151.103 Mobile Safari/537.36 (compatible; GoogleOther)"
66.249.74.12 - - [18/Jul/2025:20:44:15 +0000] "GET /items/handmade/paintings/alalamy.com.au/oreka/alalamy.com.au?_bd_prev_page=alalamy.com.au/detail.php?shopbrand/8304714.htm HTTP/1.1" 200 19556 "-" "Mozilla/5.0 (Linux; Android 6.0.1; Nexus 5X Build/MMB29P) AppleWebKit/537.36 (KHTML, like Gecko) Chrome/137.0.7151.103 Mobile Safari/537.36 (compatible; GoogleOther)"
66.249.74.12 - - [18/Jul/2025:20:44:18 +0000] "GET /items/handmade/paintings/alalamy.com.au/oreka/alalamy.com.au?_bd_prev_page=alalamy.com.au/detail.php?shopbrand/8296773.htm HTTP/1.1" 200 19789 "-" "Mozilla/5.0 (Linux; Android 6.0.1; Nexus 5X Build/MMB29P) AppleWebKit/537.36 (KHTML, like Gecko) Chrome/137.0.7151.103 Mobile Safari/537.36 (compatible; GoogleOther)"
66.249.74.12 - - [18/Jul/2025:20:44:21 +0000] "GET /items/handmade/paintings/5377890/feature/idol/alalamy.com.au?_bd_prev_page=alalamy.com.au/detail.php?shopbrand/8228957.htm HTTP/1.1" 200 19225 "-" "Mozilla/5.0 (Linux; Android 6.0.1; Nexus 5X Build/MMB29P) AppleWebKit/537.36 (KHTML, like Gecko) Chrome/137.0.7151.103 Mobile Safari/537.36 (compatible; GoogleOther)"
66.249.65.174 - - [18/Jul/2025:20:44:23 +0000] "GET /items/handicrafts/paintings/2644745/alalamy.com.au?_bd_prev_page=alalamy.com.au/detail.php?shopbrand/9026120.htm HTTP/1.1" 200 19563 "-" "Mozilla/5.0 (Linux; Android 6.0.1; Nexus 5X Build/MMB29P) AppleWebKit/537.36 (KHTML, like Gecko) Chrome/137.0.7151.103 Mobile Safari/537.36 (compatible; GoogleOther)"
66.249.65.174 - - [18/Jul/2025:20:44:27 +0000] "GET /items/handicrafts/paintings/2644745/alalamy.com.au?_bd_prev_page=alalamy.com.au/detail.php?shopbrand/9134391.htm HTTP/1.1" 200 20503 "-" "Mozilla/5.0 (Linux; Android 6.0.1; Nexus 5X Build/MMB29P) AppleWebKit/537.36 (KHTML, like Gecko) Chrome/137.0.7151.103 Mobile Safari/537.36 (compatible; GoogleOther)"
66.249.74.12 - - [18/Jul/2025:20:44:30 +0000] "GET /items/handmade/paintings/5377890/feature/idol/alalamy.com.au?_bd_prev_page=alalamy.com.au/detail.php?shopbrand/7368666.htm HTTP/1.1" 200 21352 "-" "Mozilla/5.0 (Linux; Android 6.0.1; Nexus 5X Build/MMB29P) AppleWebKit/537.36 (KHTML, like Gecko) Chrome/137.0.7151.103 Mobile Safari/537.36 (compatible; GoogleOther)"
66.249.65.174 - - [18/Jul/2025:20:44:33 +0000] "GET /items/handicrafts/paintings/2644745/alalamy.com.au?_bd_prev_page=alalamy.com.au/detail.php?shopbrand/8412006.htm HTTP/1.1" 200 19181 "-" "Mozilla/5.0 (Linux; Android 6.0.1; Nexus 5X Build/MMB29P) AppleWebKit/537.36 (KHTML, like Gecko) Chrome/137.0.7151.103 Mobile Safari/537.36 (compatible; GoogleOther)"
66.249.74.12 - - [18/Jul/2025:20:44:36 +0000] "GET /items/handmade/paintings/5377890/feature/idol/alalamy.com.au?_bd_prev_page=alalamy.com.au/detail.php?shopbrand/7365314.htm HTTP/1.1" 200 20972 "-" "Mozilla/5.0 (Linux; Android 6.0.1; Nexus 5X Build/MMB29P) AppleWebKit/537.36 (KHTML, like Gecko) Chrome/137.0.7151.103 Mobile Safari/537.36 (compatible; GoogleOther)"
66.249.65.174 - - [18/Jul/2025:20:44:37 +0000] "GET /items/handicrafts/paintings/2644745/alalamy.com.au?_bd_prev_page=alalamy.com.au/detail.php?product/edit/A1887660305 HTTP/1.1" 200 22042 "-" "Mozilla/5.0 (Linux; Android 6.0.1; Nexus 5X Build/MMB29P) AppleWebKit/537.36 (KHTML, like Gecko) Chrome/137.0.7151.103 Mobile Safari/537.36 (compatible; GoogleOther)"
66.249.74.12 - - [18/Jul/2025:20:44:39 +0000] "GET /items/handmade/paintings/5377890/alalamy.com.au/feature/akihabara_main/alalamy.com.au?_bd_prev_page=alalamy.com.au/detail.php?shopbrand/8563794.htm HTTP/1.1" 200 19457 "-" "Mozilla/5.0 (Linux; Android 6.0.1; Nexus 5X Build/MMB29P) AppleWebKit/537.36 (KHTML, like Gecko) Chrome/137.0.7151.103 Mobile Safari/537.36 (compatible; GoogleOther)"
66.249.74.12 - - [18/Jul/2025:20:44:41 +0000] "GET /items/handmade/paintings/5377890/alalamy.com.au/feature/akihabara_main/alalamy.com.au?_bd_prev_page=alalamy.com.au/detail.php?shopbrand/8561826.htm HTTP/1.1" 200 20060 "-" "Mozilla/5.0 (Linux; Android 6.0.1; Nexus 5X Build/MMB29P) AppleWebKit/537.36 (KHTML, like Gecko) Chrome/137.0.7151.103 Mobile Safari/537.36 (compatible; GoogleOther)"
66.249.74.12 - - [18/Jul/2025:20:44:44 +0000] "GET /items/handmade/paintings/5377890/feature/idol/alalamy.com.au?_bd_prev_page=alalamy.com.au/detail.php?shopbrand/10916071.htm HTTP/1.1" 200 20469 "-" "Mozilla/5.0 (Linux; Android 6.0.1; Nexus 5X Build/MMB29P) AppleWebKit/537.36 (KHTML, like Gecko) Chrome/137.0.7151.103 Mobile Safari/537.36 (compatible; GoogleOther)"
66.249.65.174 - - [18/Jul/2025:20:44:49 +0000] "GET /items/handicrafts/paintings/2644745/alalamy.com.au?_bd_prev_page=alalamy.com.au/detail.php?shopbrand/8911725.htm HTTP/1.1" 200 21782 "-" "Mozilla/5.0 (Linux; Android 6.0.1; Nexus 5X Build/MMB29P) AppleWebKit/537.36 (KHTML, like Gecko) Chrome/137.0.7151.103 Mobile Safari/537.36 (compatible; GoogleOther)"
66.249.65.174 - - [18/Jul/2025:20:44:51 +0000] "GET /items/handicrafts/paintings/2644745/alalamy.com.au?_bd_prev_page=alalamy.com.au/detail.php?shopbrand/9016096.htm HTTP/1.1" 200 19308 "-" "Mozilla/5.0 (Linux; Android 6.0.1; Nexus 5X Build/MMB29P) AppleWebKit/537.36 (KHTML, like Gecko) Chrome/137.0.7151.103 Mobile Safari/537.36 (compatible; GoogleOther)"
66.249.74.12 - - [18/Jul/2025:20:44:54 +0000] "GET /items/handmade/paintings/5377890/feature/idol/alalamy.com.au?_bd_prev_page=alalamy.com.au/detail.php?shopbrand/10920934.htm HTTP/1.1" 200 19920 "-" "Mozilla/5.0 (Linux; Android 6.0.1; Nexus 5X Build/MMB29P) AppleWebKit/537.36 (KHTML, like Gecko) Chrome/137.0.7151.103 Mobile Safari/537.36 (compatible; GoogleOther)"
66.249.74.12 - - [18/Jul/2025:20:44:57 +0000] "GET /items/handmade/paintings/alalamy.com.au/oreka/alalamy.com.au?_bd_prev_page=alalamy.com.au/detail.php?shopbrand/8304555.htm HTTP/1.1" 200 19289 "-" "Mozilla/5.0 (Linux; Android 6.0.1; Nexus 5X Build/MMB29P) AppleWebKit/537.36 (KHTML, like Gecko) Chrome/137.0.7151.103 Mobile Safari/537.36 (compatible; GoogleOther)"
66.249.65.174 - - [18/Jul/2025:20:44:59 +0000] "GET /items/handicrafts/paintings/2644745/alalamy.com.au?_bd_prev_page=alalamy.com.au/detail.php?shopbrand/8706843.htm HTTP/1.1" 200 19521 "-" "Mozilla/5.0 (Linux; Android 6.0.1; Nexus 5X Build/MMB29P) AppleWebKit/537.36 (KHTML, like Gecko) Chrome/137.0.7151.103 Mobile Safari/537.36 (compatible; GoogleOther)"
66.249.74.13 - - [18/Jul/2025:20:45:00 +0000] "POST /get-message-notify HTTP/1.1" 200 19483 "http://www.alalamy.com.au/items/handmade/paintings/alalamy.com.au/oreka/alalamy.com.au?_bd_prev_page=alalamy.com.au/detail.php?shopbrand/8304555.htm" "Mozilla/5.0 (Linux; Android 6.0.1; Nexus 5X Build/MMB29P) AppleWebKit/537.36 (KHTML, like Gecko) Chrome/137.0.7151.119 Mobile Safari/537.36 (compatible; Googlebot/2.1; +http://www.google.com/bot.html)"
66.249.65.174 - - [18/Jul/2025:20:45:02 +0000] "GET /items/handicrafts/paintings/2644745/alalamy.com.au?_bd_prev_page=alalamy.com.au/detail.php?shopbrand/8727814.htm HTTP/1.1" 200 20942 "-" "Mozilla/5.0 (Linux; Android 6.0.1; Nexus 5X Build/MMB29P) AppleWebKit/537.36 (KHTML, like Gecko) Chrome/137.0.7151.103 Mobile Safari/537.36 (compatible; GoogleOther)"
66.249.65.174 - - [18/Jul/2025:20:45:04 +0000] "GET /items/handicrafts/paintings/2644745/alalamy.com.au?_bd_prev_page=alalamy.com.au/detail.php?shopbrand/9136192.htm HTTP/1.1" 200 19376 "-" "Mozilla/5.0 (Linux; Android 6.0.1; Nexus 5X Build/MMB29P) AppleWebKit/537.36 (KHTML, like Gecko) Chrome/137.0.7151.103 Mobile Safari/537.36 (compatible; GoogleOther)"
66.249.65.174 - - [18/Jul/2025:20:45:07 +0000] "GET /items/handicrafts/paintings/2644745/alalamy.com.au?_bd_prev_page=alalamy.com.au/detail.php?shopbrand/8521538.htm HTTP/1.1" 200 19576 "-" "Mozilla/5.0 (Linux; Android 6.0.1; Nexus 5X Build/MMB29P) AppleWebKit/537.36 (KHTML, like Gecko) Chrome/137.0.7151.103 Mobile Safari/537.36 (compatible; GoogleOther)"
66.249.65.174 - - [18/Jul/2025:20:45:12 +0000] "GET /items/handicrafts/paintings/2644745/alalamy.com.au?_bd_prev_page=alalamy.com.au/detail.php?shopbrand/8390181.htm HTTP/1.1" 200 21139 "-" "Mozilla/5.0 (Linux; Android 6.0.1; Nexus 5X Build/MMB29P) AppleWebKit/537.36 (KHTML, like Gecko) Chrome/137.0.7151.103 Mobile Safari/537.36 (compatible; GoogleOther)"
66.249.65.174 - - [18/Jul/2025:20:45:15 +0000] "POST /get-message-notify HTTP/1.1" 200 19461 "http://alalamy.com.au/items/handicrafts/paintings/2644745/alalamy.com.au?_bd_prev_page=alalamy.com.au/detail.php?shopbrand/8390181.htm" "Mozilla/5.0 (Linux; Android 6.0.1; Nexus 5X Build/MMB29P) AppleWebKit/537.36 (KHTML, like Gecko) Chrome/137.0.7151.119 Mobile Safari/537.36 (compatible; Googlebot/2.1; +http://www.google.com/bot.html)"
66.249.65.174 - - [18/Jul/2025:20:45:15 +0000] "GET /items/handicrafts/paintings/2644745/alalamy.com.au?_bd_prev_page=alalamy.com.au/detail.php?shopbrand/8607708.htm HTTP/1.1" 200 19351 "-" "Mozilla/5.0 (Linux; Android 6.0.1; Nexus 5X Build/MMB29P) AppleWebKit/537.36 (KHTML, like Gecko) Chrome/137.0.7151.103 Mobile Safari/537.36 (compatible; GoogleOther)"
66.249.65.174 - - [18/Jul/2025:20:45:17 +0000] "GET /items/handicrafts/paintings/2644745/alalamy.com.au?_bd_prev_page=alalamy.com.au/detail.php?shopbrand/9142034.htm HTTP/1.1" 200 19529 "-" "Mozilla/5.0 (Linux; Android 6.0.1; Nexus 5X Build/MMB29P) AppleWebKit/537.36 (KHTML, like Gecko) Chrome/137.0.7151.103 Mobile Safari/537.36 (compatible; GoogleOther)"
66.249.74.13 - - [18/Jul/2025:20:45:20 +0000] "GET /items/handmade/paintings/5377890/feature/idol/alalamy.com.au?_bd_prev_page=alalamy.com.au/detail.php?shopbrand/10916371.htm HTTP/1.1" 200 18815 "-" "Mozilla/5.0 (Linux; Android 6.0.1; Nexus 5X Build/MMB29P) AppleWebKit/537.36 (KHTML, like Gecko) Chrome/137.0.7151.103 Mobile Safari/537.36 (compatible; GoogleOther)"
66.249.74.12 - - [18/Jul/2025:20:45:22 +0000] "GET /items/handmade/paintings/5377890/feature/idol/alalamy.com.au?_bd_prev_page=alalamy.com.au/detail.php?shopbrand/68547554.htm HTTP/1.1" 200 20189 "-" "Mozilla/5.0 (Linux; Android 6.0.1; Nexus 5X Build/MMB29P) AppleWebKit/537.36 (KHTML, like Gecko) Chrome/137.0.7151.103 Mobile Safari/537.36 (compatible; GoogleOther)"
66.249.65.174 - - [18/Jul/2025:20:45:25 +0000] "GET /items/handicrafts/paintings/2644745/alalamy.com.au?_bd_prev_page=alalamy.com.au/detail.php?shopbrand/8927293.htm HTTP/1.1" 200 19459 "-" "Mozilla/5.0 (Linux; Android 6.0.1; Nexus 5X Build/MMB29P) AppleWebKit/537.36 (KHTML, like Gecko) Chrome/137.0.7151.103 Mobile Safari/537.36 (compatible; GoogleOther)"
66.249.65.174 - - [18/Jul/2025:20:45:28 +0000] "GET /items/handicrafts/paintings/2644745/alalamy.com.au?_bd_prev_page=alalamy.com.au/detail.php?shopbrand/8912122.htm HTTP/1.1" 200 19827 "-" "Mozilla/5.0 (Linux; Android 6.0.1; Nexus 5X Build/MMB29P) AppleWebKit/537.36 (KHTML, like Gecko) Chrome/137.0.7151.103 Mobile Safari/537.36 (compatible; GoogleOther)"
66.249.65.174 - - [18/Jul/2025:20:45:29 +0000] "POST /get-message-notify HTTP/1.1" 200 19461 "http://alalamy.com.au/items/handicrafts/paintings/2644745/alalamy.com.au?_bd_prev_page=alalamy.com.au/detail.php?shopbrand/8927293.htm" "Mozilla/5.0 (Linux; Android 6.0.1; Nexus 5X Build/MMB29P) AppleWebKit/537.36 (KHTML, like Gecko) Chrome/137.0.7151.119 Mobile Safari/537.36 (compatible; Googlebot/2.1; +http://www.google.com/bot.html)"
66.249.74.12 - - [18/Jul/2025:20:45:30 +0000] "GET /items/handmade/paintings/5377890/feature/idol/alalamy.com.au?_bd_prev_page=alalamy.com.au/detail.php?shopbrand/10916943.htm HTTP/1.1" 200 20456 "-" "Mozilla/5.0 (Linux; Android 6.0.1; Nexus 5X Build/MMB29P) AppleWebKit/537.36 (KHTML, like Gecko) Chrome/137.0.7151.103 Mobile Safari/537.36 (compatible; GoogleOther)"
66.249.65.174 - - [18/Jul/2025:20:45:33 +0000] "GET /items/handicrafts/paintings/2644745/alalamy.com.au?_bd_prev_page=alalamy.com.au/detail.php?shopbrand/8924338.htm HTTP/1.1" 200 20542 "-" "Mozilla/5.0 (Linux; Android 6.0.1; Nexus 5X Build/MMB29P) AppleWebKit/537.36 (KHTML, like Gecko) Chrome/137.0.7151.103 Mobile Safari/537.36 (compatible; GoogleOther)"
66.249.65.174 - - [18/Jul/2025:20:45:35 +0000] "GET /items/handicrafts/paintings/2644745/alalamy.com.au?_bd_prev_page=alalamy.com.au/detail.php?shopbrand/8814266.htm HTTP/1.1" 200 18929 "-" "Mozilla/5.0 (Linux; Android 6.0.1; Nexus 5X Build/MMB29P) AppleWebKit/537.36 (KHTML, like Gecko) Chrome/137.0.7151.103 Mobile Safari/537.36 (compatible; GoogleOther)"
66.249.65.174 - - [18/Jul/2025:20:45:36 +0000] "POST /get-message-notify HTTP/1.1" 200 19461 "http://alalamy.com.au/items/handicrafts/paintings/2644745/alalamy.com.au?_bd_prev_page=alalamy.com.au/detail.php?shopbrand/9142034.htm" "Mozilla/5.0 (Linux; Android 6.0.1; Nexus 5X Build/MMB29P) AppleWebKit/537.36 (KHTML, like Gecko) Chrome/137.0.7151.119 Mobile Safari/537.36 (compatible; Googlebot/2.1; +http://www.google.com/bot.html)"
66.249.65.174 - - [18/Jul/2025:20:45:37 +0000] "POST /get-message-notify HTTP/1.1" 200 19461 "http://alalamy.com.au/items/handicrafts/paintings/2644745/alalamy.com.au?_bd_prev_page=alalamy.com.au/detail.php?shopbrand/9016096.htm" "Mozilla/5.0 (Linux; Android 6.0.1; Nexus 5X Build/MMB29P) AppleWebKit/537.36 (KHTML, like Gecko) Chrome/137.0.7151.119 Mobile Safari/537.36 (compatible; Googlebot/2.1; +http://www.google.com/bot.html)"
66.249.65.174 - - [18/Jul/2025:20:45:38 +0000] "GET /items/handicrafts/paintings/2644745/alalamy.com.au?_bd_prev_page=alalamy.com.au/detail.php?shopbrand/8810648.htm HTTP/1.1" 200 21039 "-" "Mozilla/5.0 (Linux; Android 6.0.1; Nexus 5X Build/MMB29P) AppleWebKit/537.36 (KHTML, like Gecko) Chrome/137.0.7151.103 Mobile Safari/537.36 (compatible; GoogleOther)"
66.249.65.174 - - [18/Jul/2025:20:45:39 +0000] "POST /get-message-notify HTTP/1.1" 200 19461 "http://alalamy.com.au/items/handicrafts/paintings/2644745/alalamy.com.au?_bd_prev_page=alalamy.com.au/detail.php?shopbrand/8814266.htm" "Mozilla/5.0 (Linux; Android 6.0.1; Nexus 5X Build/MMB29P) AppleWebKit/537.36 (KHTML, like Gecko) Chrome/137.0.7151.119 Mobile Safari/537.36 (compatible; Googlebot/2.1; +http://www.google.com/bot.html)"
66.249.65.174 - - [18/Jul/2025:20:45:39 +0000] "POST /get-message-notify HTTP/1.1" 200 19461 "http://alalamy.com.au/items/handicrafts/paintings/2644745/alalamy.com.au?_bd_prev_page=alalamy.com.au/detail.php?shopbrand/8719208.htm" "Mozilla/5.0 (Linux; Android 6.0.1; Nexus 5X Build/MMB29P) AppleWebKit/537.36 (KHTML, like Gecko) Chrome/137.0.7151.119 Mobile Safari/537.36 (compatible; Googlebot/2.1; +http://www.google.com/bot.html)"
66.249.65.160 - - [18/Jul/2025:20:45:40 +0000] "GET /items/handicrafts/paintings/2644745/alalamy.com.au?_bd_prev_page=alalamy.com.au/detail.php?shopbrand/68587902.htm HTTP/1.1" 200 19440 "-" "Mozilla/5.0 (Linux; Android 6.0.1; Nexus 5X Build/MMB29P) AppleWebKit/537.36 (KHTML, like Gecko) Chrome/137.0.7151.103 Mobile Safari/537.36 (compatible; GoogleOther)"
66.249.65.174 - - [18/Jul/2025:20:45:43 +0000] "GET /items/handicrafts/paintings/2644745/alalamy.com.au?_bd_prev_page=alalamy.com.au/detail.php?shopbrand/9028195.htm HTTP/1.1" 200 19418 "-" "Mozilla/5.0 (Linux; Android 6.0.1; Nexus 5X Build/MMB29P) AppleWebKit/537.36 (KHTML, like Gecko) Chrome/137.0.7151.103 Mobile Safari/537.36 (compatible; GoogleOther)"
66.249.74.12 - - [18/Jul/2025:20:45:48 +0000] "GET /items/handmade/paintings/5377890/alalamy.com.au/feature/akihabara_main/alalamy.com.au?_bd_prev_page=alalamy.com.au/detail.php?shopbrand/8555984.htm HTTP/1.1" 200 19784 "-" "Mozilla/5.0 (Linux; Android 6.0.1; Nexus 5X Build/MMB29P) AppleWebKit/537.36 (KHTML, like Gecko) Chrome/137.0.7151.103 Mobile Safari/537.36 (compatible; GoogleOther)"
66.249.65.174 - - [18/Jul/2025:20:45:53 +0000] "GET /items/handicrafts/paintings/2644745/alalamy.com.au?_bd_prev_page=alalamy.com.au/detail.php?shopbrand/8602571.htm HTTP/1.1" 200 23454 "-" "Mozilla/5.0 (Linux; Android 6.0.1; Nexus 5X Build/MMB29P) AppleWebKit/537.36 (KHTML, like Gecko) Chrome/137.0.7151.103 Mobile Safari/537.36 (compatible; GoogleOther)"
66.249.65.174 - - [18/Jul/2025:20:45:56 +0000] "GET /items/handicrafts/paintings/2644745/alalamy.com.au?_bd_prev_page=alalamy.com.au/detail.php?shopbrand/8616199.htm HTTP/1.1" 200 19494 "-" "Mozilla/5.0 (Linux; Android 6.0.1; Nexus 5X Build/MMB29P) AppleWebKit/537.36 (KHTML, like Gecko) Chrome/137.0.7151.103 Mobile Safari/537.36 (compatible; GoogleOther)"
66.249.74.13 - - [18/Jul/2025:20:46:01 +0000] "GET /items/handmade/paintings/5377890/feature/idol/alalamy.com.au?_bd_prev_page=alalamy.com.au/detail.php?shopbrand/68552318.htm HTTP/1.1" 200 20933 "-" "Mozilla/5.0 (Linux; Android 6.0.1; Nexus 5X Build/MMB29P) AppleWebKit/537.36 (KHTML, like Gecko) Chrome/137.0.7151.103 Mobile Safari/537.36 (compatible; GoogleOther)"
66.249.74.12 - - [18/Jul/2025:20:46:04 +0000] "GET /items/handmade/paintings/5377890/alalamy.com.au/feature/akihabara_main/alalamy.com.au?_bd_prev_page=alalamy.com.au/detail.php?product/edit/A2955236155 HTTP/1.1" 200 22556 "-" "Mozilla/5.0 (Linux; Android 6.0.1; Nexus 5X Build/MMB29P) AppleWebKit/537.36 (KHTML, like Gecko) Chrome/137.0.7151.103 Mobile Safari/537.36 (compatible; GoogleOther)"
66.249.74.12 - - [18/Jul/2025:20:46:07 +0000] "POST /get-message-notify HTTP/1.1" 200 19483 "http://www.alalamy.com.au/items/handmade/paintings/5377890/feature/idol/alalamy.com.au?_bd_prev_page=alalamy.com.au/detail.php?shopbrand/7360884.htm" "Mozilla/5.0 (Linux; Android 6.0.1; Nexus 5X Build/MMB29P) AppleWebKit/537.36 (KHTML, like Gecko) Chrome/137.0.7151.119 Mobile Safari/537.36 (compatible; Googlebot/2.1; +http://www.google.com/bot.html)"
66.249.65.174 - - [18/Jul/2025:20:46:09 +0000] "GET /items/handicrafts/paintings/2644745/alalamy.com.au?_bd_prev_page=alalamy.com.au/detail.php?shopbrand/8933508.htm HTTP/1.1" 200 19304 "-" "Mozilla/5.0 (Linux; Android 6.0.1; Nexus 5X Build/MMB29P) AppleWebKit/537.36 (KHTML, like Gecko) Chrome/137.0.7151.103 Mobile Safari/537.36 (compatible; GoogleOther)"
66.249.74.12 - - [18/Jul/2025:20:46:11 +0000] "GET /items/art/antiques/3994491/alalamy.com.au?_bd_prev_page=alalamy.com.au/detail.php?recruit HTTP/1.1" 200 20246 "-" "Mozilla/5.0 (Linux; Android 6.0.1; Nexus 5X Build/MMB29P) AppleWebKit/537.36 (KHTML, like Gecko) Chrome/137.0.7151.103 Mobile Safari/537.36 (compatible; GoogleOther)"
66.249.65.174 - - [18/Jul/2025:20:46:14 +0000] "GET /items/handicrafts/paintings/2644745/alalamy.com.au?_bd_prev_page=alalamy.com.au/detail.php?shopbrand/8607434.htm HTTP/1.1" 200 18961 "-" "Mozilla/5.0 (Linux; Android 6.0.1; Nexus 5X Build/MMB29P) AppleWebKit/537.36 (KHTML, like Gecko) Chrome/137.0.7151.103 Mobile Safari/537.36 (compatible; GoogleOther)"
66.249.65.174 - - [18/Jul/2025:20:46:15 +0000] "POST /get-message-notify HTTP/1.1" 200 19461 "http://alalamy.com.au/items/handicrafts/paintings/2644745/alalamy.com.au?_bd_prev_page=alalamy.com.au/detail.php?shopbrand/8616199.htm" "Mozilla/5.0 (Linux; Android 6.0.1; Nexus 5X Build/MMB29P) AppleWebKit/537.36 (KHTML, like Gecko) Chrome/137.0.7151.119 Mobile Safari/537.36 (compatible; Googlebot/2.1; +http://www.google.com/bot.html)"
66.249.74.12 - - [18/Jul/2025:20:46:16 +0000] "GET /items/handmade/paintings/5377890/feature/idol/alalamy.com.au?_bd_prev_page=alalamy.com.au/detail.php?shopbrand/10911516.htm HTTP/1.1" 200 20407 "-" "Mozilla/5.0 (Linux; Android 6.0.1; Nexus 5X Build/MMB29P) AppleWebKit/537.36 (KHTML, like Gecko) Chrome/137.0.7151.103 Mobile Safari/537.36 (compatible; GoogleOther)"
66.249.65.174 - - [18/Jul/2025:20:46:19 +0000] "GET /items/handicrafts/paintings/2644745/alalamy.com.au?_bd_prev_page=alalamy.com.au/detail.php?shopbrand/9140797.htm HTTP/1.1" 200 19363 "-" "Mozilla/5.0 (Linux; Android 6.0.1; Nexus 5X Build/MMB29P) AppleWebKit/537.36 (KHTML, like Gecko) Chrome/137.0.7151.103 Mobile Safari/537.36 (compatible; GoogleOther)"
66.249.74.12 - - [18/Jul/2025:20:46:22 +0000] "GET /items/handmade/paintings/5377890/alalamy.com.au/feature/utsunomiya/alalamy.com.au/alalamy.com.au/text/alalamy.com.au/hobby/nuigurumi/nuigurumi.html HTTP/1.1" 200 18358 "-" "Mozilla/5.0 (Linux; Android 6.0.1; Nexus 5X Build/MMB29P) AppleWebKit/537.36 (KHTML, like Gecko) Chrome/137.0.7151.103 Mobile Safari/537.36 (compatible; GoogleOther)"
66.249.65.174 - - [18/Jul/2025:20:46:24 +0000] "POST /get-message-notify HTTP/1.1" 200 19461 "http://alalamy.com.au/items/handicrafts/paintings/2644745/alalamy.com.au?_bd_prev_page=alalamy.com.au/detail.php?shopbrand/68587902.htm" "Mozilla/5.0 (Linux; Android 6.0.1; Nexus 5X Build/MMB29P) AppleWebKit/537.36 (KHTML, like Gecko) Chrome/137.0.7151.119 Mobile Safari/537.36 (compatible; Googlebot/2.1; +http://www.google.com/bot.html)"
