66.249.74.12 - - [18/Jul/2025:12:48:08 +0000] "POST /get-message-notify HTTP/1.1" 200 19483 "http://www.alalamy.com.au/items/art/antiques/3994491/alalamy.com.au?_bd_prev_page=alalamy.com.au/detail.php?shopbrand/8514300.htm" "Mozilla/5.0 (Linux; Android 6.0.1; Nexus 5X Build/MMB29P) AppleWebKit/537.36 (KHTML, like Gecko) Chrome/137.0.7151.119 Mobile Safari/537.36 (compatible; Googlebot/2.1; +http://www.google.com/bot.html)"
66.249.65.174 - - [18/Jul/2025:12:48:14 +0000] "GET /items/art/musical-instruments/5047267/alalamy.com.au?_bd_prev_page=alalamy.com.au/detail.php?product/edit/A570881752 HTTP/1.1" 200 19019 "-" "Mozilla/5.0 (Linux; Android 6.0.1; Nexus 5X Build/MMB29P) AppleWebKit/537.36 (KHTML, like Gecko) Chrome/137.0.7151.103 Mobile Safari/537.36 (compatible; GoogleOther)"
66.249.74.12 - - [18/Jul/2025:12:48:41 +0000] "POST /get-message-notify HTTP/1.1" 200 19483 "http://www.alalamy.com.au/items/art/antiques/3994491/alalamy.com.au?_bd_prev_page=alalamy.com.au/detail.php?shopbrand/8296773.htm" "Mozilla/5.0 (Linux; Android 6.0.1; Nexus 5X Build/MMB29P) AppleWebKit/537.36 (KHTML, like Gecko) Chrome/137.0.7151.119 Mobile Safari/537.36 (compatible; Googlebot/2.1; +http://www.google.com/bot.html)"
66.249.65.174 - - [18/Jul/2025:12:49:06 +0000] "GET /items/art/musical-instruments/5047267/alalamy.com.au?_bd_prev_page=alalamy.com.au/detail.php?shopbrand/8530434.htm HTTP/1.1" 200 19346 "-" "Mozilla/5.0 (Linux; Android 6.0.1; Nexus 5X Build/MMB29P) AppleWebKit/537.36 (KHTML, like Gecko) Chrome/137.0.7151.103 Mobile Safari/537.36 (compatible; GoogleOther)"
66.249.65.174 - - [18/Jul/2025:12:49:20 +0000] "POST /get-message-notify HTTP/1.1" 200 19461 "http://alalamy.com.au/items/art/musical-instruments/5047267/alalamy.com.au?_bd_prev_page=alalamy.com.au/detail.php?product/edit/A570881752" "Mozilla/5.0 (Linux; Android 6.0.1; Nexus 5X Build/MMB29P) AppleWebKit/537.36 (KHTML, like Gecko) Chrome/137.0.7151.119 Mobile Safari/537.36 (compatible; Googlebot/2.1; +http://www.google.com/bot.html)"
66.249.74.13 - - [18/Jul/2025:12:49:24 +0000] "POST /get-message-notify HTTP/1.1" 200 19483 "http://www.alalamy.com.au/?items/handmade/paintings/5377890/alalamy.com.au/pcmypage?callback=product/detail/27435292/vintagegame.html" "Mozilla/5.0 (Linux; Android 6.0.1; Nexus 5X Build/MMB29P) AppleWebKit/537.36 (KHTML, like Gecko) Chrome/137.0.7151.119 Mobile Safari/537.36 (compatible; Googlebot/2.1; +http://www.google.com/bot.html)"
66.249.65.174 - - [18/Jul/2025:12:49:24 +0000] "GET /items/art/musical-instruments/5047267/alalamy.com.au?_bd_prev_page=alalamy.com.au/detail.php?shopbrand/8527072.htm HTTP/1.1" 200 20412 "-" "Mozilla/5.0 (Linux; Android 6.0.1; Nexus 5X Build/MMB29P) AppleWebKit/537.36 (KHTML, like Gecko) Chrome/137.0.7151.103 Mobile Safari/537.36 (compatible; GoogleOther)"
66.249.65.160 - - [18/Jul/2025:12:49:31 +0000] "GET /items/art/musical-instruments/5047267/alalamy.com.au?_bd_prev_page=alalamy.com.au/detail.php?shopbrand/8703491.htm HTTP/1.1" 200 20181 "-" "Mozilla/5.0 (Linux; Android 6.0.1; Nexus 5X Build/MMB29P) AppleWebKit/537.36 (KHTML, like Gecko) Chrome/137.0.7151.103 Mobile Safari/537.36 (compatible; GoogleOther)"
66.249.65.160 - - [18/Jul/2025:12:49:34 +0000] "GET /items/art/musical-instruments/5047267/alalamy.com.au?_bd_prev_page=alalamy.com.au/detail.php?shopbrand/8523621.htm HTTP/1.1" 200 19218 "-" "Mozilla/5.0 (Linux; Android 6.0.1; Nexus 5X Build/MMB29P) AppleWebKit/537.36 (KHTML, like Gecko) Chrome/137.0.7151.103 Mobile Safari/537.36 (compatible; GoogleOther)"
66.249.74.12 - - [18/Jul/2025:12:49:39 +0000] "GET /items/art/wind/4816783/alalamy.com.au/cd.html HTTP/1.1" 200 18798 "-" "Mozilla/5.0 (Linux; Android 6.0.1; Nexus 5X Build/MMB29P) AppleWebKit/537.36 (KHTML, like Gecko) Chrome/137.0.7151.103 Mobile Safari/537.36 (compatible; GoogleOther)"
66.249.65.160 - - [18/Jul/2025:12:49:47 +0000] "GET /items/art/musical-instruments/5047267/alalamy.com.au?_bd_prev_page=alalamy.com.au/detail.php?shopbrand/8531562.htm HTTP/1.1" 200 19344 "-" "Mozilla/5.0 (Linux; Android 6.0.1; Nexus 5X Build/MMB29P) AppleWebKit/537.36 (KHTML, like Gecko) Chrome/137.0.7151.103 Mobile Safari/537.36 (compatible; GoogleOther)"
66.249.65.174 - - [18/Jul/2025:12:50:06 +0000] "GET /items/art/musical-instruments/5047267/alalamy.com.au?_bd_prev_page=alalamy.com.au/detail.php?shopbrand/8357790.htm HTTP/1.1" 200 20599 "-" "Mozilla/5.0 (Linux; Android 6.0.1; Nexus 5X Build/MMB29P) AppleWebKit/537.36 (KHTML, like Gecko) Chrome/137.0.7151.103 Mobile Safari/537.36 (compatible; GoogleOther)"
66.249.65.174 - - [18/Jul/2025:12:50:11 +0000] "GET /items/art/musical-instruments/5047267/alalamy.com.au?_bd_prev_page=alalamy.com.au/detail.php?shopbrand/8364621.htm HTTP/1.1" 200 20937 "-" "Mozilla/5.0 (Linux; Android 6.0.1; Nexus 5X Build/MMB29P) AppleWebKit/537.36 (KHTML, like Gecko) Chrome/137.0.7151.103 Mobile Safari/537.36 (compatible; GoogleOther)"
209.74.77.214 - - [18/Jul/2025:12:50:12 +0000] "POST /wp-cron.php?doing_wp_cron=1752843012.1147708892822265625000 HTTP/1.1" 200 - "-" "WordPress/6.8.2; https://alalamy.com.au"
20.171.207.85 - - [18/Jul/2025:12:50:09 +0000] "GET /items/fashion/womens/4202415/ HTTP/1.1" 404 20410 "-" "Mozilla/5.0 AppleWebKit/537.36 (KHTML, like Gecko; compatible; GPTBot/1.2; +https://openai.com/gptbot)"
66.249.65.174 - - [18/Jul/2025:12:50:18 +0000] "GET /items/art/musical-instruments/5047267/alalamy.com.au?_bd_prev_page=alalamy.com.au/detail.php?shopbrand/8363078.htm HTTP/1.1" 200 19205 "-" "Mozilla/5.0 (Linux; Android 6.0.1; Nexus 5X Build/MMB29P) AppleWebKit/537.36 (KHTML, like Gecko) Chrome/137.0.7151.103 Mobile Safari/537.36 (compatible; GoogleOther)"
66.249.65.174 - - [18/Jul/2025:12:50:23 +0000] "GET /items/art/musical-instruments/5047267/alalamy.com.au?_bd_prev_page=alalamy.com.au/detail.php?shopbrand/8364347.htm HTTP/1.1" 200 21893 "-" "Mozilla/5.0 (Linux; Android 6.0.1; Nexus 5X Build/MMB29P) AppleWebKit/537.36 (KHTML, like Gecko) Chrome/137.0.7151.103 Mobile Safari/537.36 (compatible; GoogleOther)"
66.249.65.174 - - [18/Jul/2025:12:50:25 +0000] "GET /items/art/musical-instruments/5047267/alalamy.com.au?_bd_prev_page=alalamy.com.au/detail.php?shopbrand/8360995.htm HTTP/1.1" 200 19193 "-" "Mozilla/5.0 (Linux; Android 6.0.1; Nexus 5X Build/MMB29P) AppleWebKit/537.36 (KHTML, like Gecko) Chrome/137.0.7151.103 Mobile Safari/537.36 (compatible; GoogleOther)"
66.249.65.174 - - [18/Jul/2025:12:50:28 +0000] "GET /items/art/musical-instruments/5047267/alalamy.com.au?_bd_prev_page=alalamy.com.au/detail.php?shopbrand/8523347.htm HTTP/1.1" 200 19768 "-" "Mozilla/5.0 (Linux; Android 6.0.1; Nexus 5X Build/MMB29P) AppleWebKit/537.36 (KHTML, like Gecko) Chrome/137.0.7151.103 Mobile Safari/537.36 (compatible; GoogleOther)"
66.249.65.160 - - [18/Jul/2025:12:50:38 +0000] "GET /items/art/musical-instruments/5047267/alalamy.com.au?_bd_prev_page=alalamy.com.au/detail.php?shopbrand/8199314.htm HTTP/1.1" 200 21487 "-" "Mozilla/5.0 (Linux; Android 6.0.1; Nexus 5X Build/MMB29P) AppleWebKit/537.36 (KHTML, like Gecko) Chrome/137.0.7151.103 Mobile Safari/537.36 (compatible; GoogleOther)"
66.249.65.174 - - [18/Jul/2025:12:50:41 +0000] "GET /items/art/musical-instruments/5047267/alalamy.com.au?_bd_prev_page=alalamy.com.au/detail.php?shopbrand/8174294.htm HTTP/1.1" 200 20122 "-" "Mozilla/5.0 (Linux; Android 6.0.1; Nexus 5X Build/MMB29P) AppleWebKit/537.36 (KHTML, like Gecko) Chrome/137.0.7151.103 Mobile Safari/537.36 (compatible; GoogleOther)"
66.249.65.174 - - [18/Jul/2025:12:50:43 +0000] "GET /items/art/musical-instruments/5047267/alalamy.com.au?_bd_prev_page=alalamy.com.au/detail.php?shopbrand/8723622.htm HTTP/1.1" 200 19227 "-" "Mozilla/5.0 (Linux; Android 6.0.1; Nexus 5X Build/MMB29P) AppleWebKit/537.36 (KHTML, like Gecko) Chrome/137.0.7151.103 Mobile Safari/537.36 (compatible; GoogleOther)"
66.249.65.160 - - [18/Jul/2025:12:50:51 +0000] "GET /items/art/musical-instruments/5047267/alalamy.com.au?_bd_prev_page=alalamy.com.au/detail.php?shopbrand/231060828.htm HTTP/1.1" 200 18434 "-" "Mozilla/5.0 (Linux; Android 6.0.1; Nexus 5X Build/MMB29P) AppleWebKit/537.36 (KHTML, like Gecko) Chrome/137.0.7151.103 Mobile Safari/537.36 (compatible; GoogleOther)"
66.249.65.161 - - [18/Jul/2025:12:50:59 +0000] "GET /items/art/musical-instruments/5047267/alalamy.com.au?_bd_prev_page=alalamy.com.au/detail.php?shopbrand/8201282.htm HTTP/1.1" 200 19572 "-" "Mozilla/5.0 (Linux; Android 6.0.1; Nexus 5X Build/MMB29P) AppleWebKit/537.36 (KHTML, like Gecko) Chrome/137.0.7151.103 Mobile Safari/537.36 (compatible; GoogleOther)"
66.249.65.174 - - [18/Jul/2025:12:51:04 +0000] "GET /items/art/musical-instruments/5047267/alalamy.com.au?_bd_prev_page=alalamy.com.au/detail.php?shopbrand/7774008.htm HTTP/1.1" 200 22496 "-" "Mozilla/5.0 (Linux; Android 6.0.1; Nexus 5X Build/MMB29P) AppleWebKit/537.36 (KHTML, like Gecko) Chrome/137.0.7151.103 Mobile Safari/537.36 (compatible; GoogleOther)"
66.249.65.160 - - [18/Jul/2025:12:51:07 +0000] "GET /items/art/musical-instruments/5047267/alalamy.com.au?_bd_prev_page=alalamy.com.au/detail.php?shopbrand/7783160.htm HTTP/1.1" 200 22123 "-" "Mozilla/5.0 (Linux; Android 6.0.1; Nexus 5X Build/MMB29P) AppleWebKit/537.36 (KHTML, like Gecko) Chrome/137.0.7151.103 Mobile Safari/537.36 (compatible; GoogleOther)"
66.249.65.174 - - [18/Jul/2025:12:51:11 +0000] "POST /get-message-notify HTTP/1.1" 200 19461 "http://alalamy.com.au/items/art/musical-instruments/5047267/alalamy.com.au?_bd_prev_page=alalamy.com.au/detail.php?shopbrand/8599219.htm" "Mozilla/5.0 (Linux; Android 6.0.1; Nexus 5X Build/MMB29P) AppleWebKit/537.36 (KHTML, like Gecko) Chrome/137.0.7151.119 Mobile Safari/537.36 (compatible; Googlebot/2.1; +http://www.google.com/bot.html)"
20.171.207.85 - - [18/Jul/2025:12:51:15 +0000] "GET /items/hobbies/models/5029687/ HTTP/1.1" 404 20410 "-" "Mozilla/5.0 AppleWebKit/537.36 (KHTML, like Gecko; compatible; GPTBot/1.2; +https://openai.com/gptbot)"
66.249.65.174 - - [18/Jul/2025:12:51:17 +0000] "GET /items/art/musical-instruments/5047267/alalamy.com.au?_bd_prev_page=alalamy.com.au/detail.php?shopbrand/8358346.htm HTTP/1.1" 200 19178 "-" "Mozilla/5.0 (Linux; Android 6.0.1; Nexus 5X Build/MMB29P) AppleWebKit/537.36 (KHTML, like Gecko) Chrome/137.0.7151.103 Mobile Safari/537.36 (compatible; GoogleOther)"
66.249.65.174 - - [18/Jul/2025:12:51:19 +0000] "GET /items/art/musical-instruments/5047267/alalamy.com.au?_bd_prev_page=alalamy.com.au/detail.php?shopbrand/8193639.htm HTTP/1.1" 200 20431 "-" "Mozilla/5.0 (Linux; Android 6.0.1; Nexus 5X Build/MMB29P) AppleWebKit/537.36 (KHTML, like Gecko) Chrome/137.0.7151.103 Mobile Safari/537.36 (compatible; GoogleOther)"
66.249.65.174 - - [18/Jul/2025:12:51:22 +0000] "GET /items/art/musical-instruments/5047267/alalamy.com.au?_bd_prev_page=alalamy.com.au/detail.php?shopbrand/8173456.htm HTTP/1.1" 200 20072 "-" "Mozilla/5.0 (Linux; Android 6.0.1; Nexus 5X Build/MMB29P) AppleWebKit/537.36 (KHTML, like Gecko) Chrome/137.0.7151.103 Mobile Safari/537.36 (compatible; GoogleOther)"
66.249.65.174 - - [18/Jul/2025:12:51:24 +0000] "GET /items/art/musical-instruments/5047267/alalamy.com.au?_bd_prev_page=alalamy.com.au/detail.php?shopbrand/8167622.htm HTTP/1.1" 200 21028 "-" "Mozilla/5.0 (Linux; Android 6.0.1; Nexus 5X Build/MMB29P) AppleWebKit/537.36 (KHTML, like Gecko) Chrome/137.0.7151.103 Mobile Safari/537.36 (compatible; GoogleOther)"
66.249.65.160 - - [18/Jul/2025:12:51:30 +0000] "GET /items/art/musical-instruments/5047267/alalamy.com.au?_bd_prev_page=alalamy.com.au/detail.php?shopbrand/8814266.htm HTTP/1.1" 200 18929 "-" "Mozilla/5.0 (Linux; Android 6.0.1; Nexus 5X Build/MMB29P) AppleWebKit/537.36 (KHTML, like Gecko) Chrome/137.0.7151.103 Mobile Safari/537.36 (compatible; GoogleOther)"
66.249.65.174 - - [18/Jul/2025:12:51:32 +0000] "GET /items/art/musical-instruments/5047267/alalamy.com.au?_bd_prev_page=alalamy.com.au/detail.php?shopbrand/8123176.htm HTTP/1.1" 200 21528 "-" "Mozilla/5.0 (Linux; Android 6.0.1; Nexus 5X Build/MMB29P) AppleWebKit/537.36 (KHTML, like Gecko) Chrome/137.0.7151.103 Mobile Safari/537.36 (compatible; GoogleOther)"
66.249.65.174 - - [18/Jul/2025:12:51:35 +0000] "GET /items/art/musical-instruments/5047267/alalamy.com.au?_bd_prev_page=alalamy.com.au/detail.php?shopbrand/8174179.htm HTTP/1.1" 200 19037 "-" "Mozilla/5.0 (Linux; Android 6.0.1; Nexus 5X Build/MMB29P) AppleWebKit/537.36 (KHTML, like Gecko) Chrome/137.0.7151.103 Mobile Safari/537.36 (compatible; GoogleOther)"
66.249.65.160 - - [18/Jul/2025:12:51:37 +0000] "GET /items/art/musical-instruments/5047267/alalamy.com.au?_bd_prev_page=alalamy.com.au/detail.php?shopbrand/8816349.htm HTTP/1.1" 200 19313 "-" "Mozilla/5.0 (Linux; Android 6.0.1; Nexus 5X Build/MMB29P) AppleWebKit/537.36 (KHTML, like Gecko) Chrome/137.0.7151.103 Mobile Safari/537.36 (compatible; GoogleOther)"
66.249.65.160 - - [18/Jul/2025:12:51:39 +0000] "POST /get-message-notify HTTP/1.1" 200 19461 "http://alalamy.com.au/items/art/musical-instruments/5047267/alalamy.com.au?_bd_prev_page=alalamy.com.au/detail.php?shopbrand/8593278.htm" "Mozilla/5.0 (Linux; Android 6.0.1; Nexus 5X Build/MMB29P) AppleWebKit/537.36 (KHTML, like Gecko) Chrome/137.0.7151.119 Mobile Safari/537.36 (compatible; Googlebot/2.1; +http://www.google.com/bot.html)"
66.249.65.174 - - [18/Jul/2025:12:51:40 +0000] "GET /items/art/musical-instruments/5047267/alalamy.com.au?_bd_prev_page=alalamy.com.au/detail.php?shopbrand/8816075.htm HTTP/1.1" 200 22569 "-" "Mozilla/5.0 (Linux; Android 6.0.1; Nexus 5X Build/MMB29P) AppleWebKit/537.36 (KHTML, like Gecko) Chrome/137.0.7151.103 Mobile Safari/537.36 (compatible; GoogleOther)"
66.249.65.160 - - [18/Jul/2025:12:51:43 +0000] "GET /items/art/musical-instruments/5047267/alalamy.com.au?_bd_prev_page=alalamy.com.au/detail.php?shopbrand/8707673.htm HTTP/1.1" 200 19603 "-" "Mozilla/5.0 (Linux; Android 6.0.1; Nexus 5X Build/MMB29P) AppleWebKit/537.36 (KHTML, like Gecko) Chrome/137.0.7151.103 Mobile Safari/537.36 (compatible; GoogleOther)"
66.249.65.174 - - [18/Jul/2025:12:51:50 +0000] "GET /items/art/musical-instruments/5047267/alalamy.com.au?_bd_prev_page=alalamy.com.au/detail.php?shopbrand/8173357.htm HTTP/1.1" 200 19400 "-" "Mozilla/5.0 (Linux; Android 6.0.1; Nexus 5X Build/MMB29P) AppleWebKit/537.36 (KHTML, like Gecko) Chrome/137.0.7151.103 Mobile Safari/537.36 (compatible; GoogleOther)"
66.249.65.160 - - [18/Jul/2025:12:51:55 +0000] "GET /items/art/musical-instruments/5047267/alalamy.com.au?_bd_prev_page=alalamy.com.au/detail.php?shopbrand/7787733.htm HTTP/1.1" 200 20658 "-" "Mozilla/5.0 (Linux; Android 6.0.1; Nexus 5X Build/MMB29P) AppleWebKit/537.36 (KHTML, like Gecko) Chrome/137.0.7151.103 Mobile Safari/537.36 (compatible; GoogleOther)"
66.249.65.160 - - [18/Jul/2025:12:51:58 +0000] "GET /items/art/musical-instruments/5047267/alalamy.com.au?_bd_prev_page=alalamy.com.au/detail.php?shopbrand/8360155.htm HTTP/1.1" 200 19433 "-" "Mozilla/5.0 (Linux; Android 6.0.1; Nexus 5X Build/MMB29P) AppleWebKit/537.36 (KHTML, like Gecko) Chrome/137.0.7151.103 Mobile Safari/537.36 (compatible; GoogleOther)"
66.249.65.174 - - [18/Jul/2025:12:52:01 +0000] "GET /items/art/musical-instruments/5047267/alalamy.com.au?_bd_prev_page=alalamy.com.au/detail.php?shopbrand/8178617.htm HTTP/1.1" 200 19276 "-" "Mozilla/5.0 (Linux; Android 6.0.1; Nexus 5X Build/MMB29P) AppleWebKit/537.36 (KHTML, like Gecko) Chrome/137.0.7151.103 Mobile Safari/537.36 (compatible; GoogleOther)"
66.249.65.160 - - [18/Jul/2025:12:52:06 +0000] "GET /items/art/musical-instruments/5047267/alalamy.com.au?_bd_prev_page=alalamy.com.au/detail.php?shopbrand/8194054.htm HTTP/1.1" 200 20920 "-" "Mozilla/5.0 (Linux; Android 6.0.1; Nexus 5X Build/MMB29P) AppleWebKit/537.36 (KHTML, like Gecko) Chrome/137.0.7151.103 Mobile Safari/537.36 (compatible; GoogleOther)"
66.249.65.160 - - [18/Jul/2025:12:52:08 +0000] "GET /items/art/musical-instruments/5047267/alalamy.com.au?_bd_prev_page=alalamy.com.au/detail.php?shopbrand/9028884.htm HTTP/1.1" 200 20318 "-" "Mozilla/5.0 (Linux; Android 6.0.1; Nexus 5X Build/MMB29P) AppleWebKit/537.36 (KHTML, like Gecko) Chrome/137.0.7151.103 Mobile Safari/537.36 (compatible; GoogleOther)"
66.249.65.174 - - [18/Jul/2025:12:52:11 +0000] "GET /items/art/musical-instruments/5047267/alalamy.com.au?_bd_prev_page=alalamy.com.au/detail.php?shopbrand/8351543.htm HTTP/1.1" 200 19448 "-" "Mozilla/5.0 (Linux; Android 6.0.1; Nexus 5X Build/MMB29P) AppleWebKit/537.36 (KHTML, like Gecko) Chrome/137.0.7151.103 Mobile Safari/537.36 (compatible; GoogleOther)"
66.249.65.174 - - [18/Jul/2025:12:52:13 +0000] "GET /items/art/musical-instruments/5047267/alalamy.com.au?_bd_prev_page=alalamy.com.au/detail.php?shopbrand/231058455.htm HTTP/1.1" 200 20752 "-" "Mozilla/5.0 (Linux; Android 6.0.1; Nexus 5X Build/MMB29P) AppleWebKit/537.36 (KHTML, like Gecko) Chrome/137.0.7151.103 Mobile Safari/537.36 (compatible; GoogleOther)"
66.249.65.174 - - [18/Jul/2025:12:52:16 +0000] "GET /items/art/musical-instruments/5047267/alalamy.com.au?_bd_prev_page=alalamy.com.au/detail.php?shopbrand/8706245.htm HTTP/1.1" 200 19435 "-" "Mozilla/5.0 (Linux; Android 6.0.1; Nexus 5X Build/MMB29P) AppleWebKit/537.36 (KHTML, like Gecko) Chrome/137.0.7151.103 Mobile Safari/537.36 (compatible; GoogleOther)"
66.249.65.174 - - [18/Jul/2025:12:52:19 +0000] "GET /items/art/musical-instruments/5047267/alalamy.com.au?_bd_prev_page=alalamy.com.au/detail.php?shopbrand/231063034.htm HTTP/1.1" 200 18983 "-" "Mozilla/5.0 (Linux; Android 6.0.1; Nexus 5X Build/MMB29P) AppleWebKit/537.36 (KHTML, like Gecko) Chrome/137.0.7151.103 Mobile Safari/537.36 (compatible; GoogleOther)"
66.249.65.174 - - [18/Jul/2025:12:52:21 +0000] "GET /items/art/musical-instruments/5047267/alalamy.com.au?_bd_prev_page=alalamy.com.au/detail.php?shopbrand/8726859.htm HTTP/1.1" 200 19672 "-" "Mozilla/5.0 (Linux; Android 6.0.1; Nexus 5X Build/MMB29P) AppleWebKit/537.36 (KHTML, like Gecko) Chrome/137.0.7151.103 Mobile Safari/537.36 (compatible; GoogleOther)"
66.249.65.174 - - [18/Jul/2025:12:52:24 +0000] "GET /items/art/musical-instruments/5047267/alalamy.com.au?_bd_prev_page=alalamy.com.au/detail.php?shopbrand/231069408.htm HTTP/1.1" 200 19019 "-" "Mozilla/5.0 (Linux; Android 6.0.1; Nexus 5X Build/MMB29P) AppleWebKit/537.36 (KHTML, like Gecko) Chrome/137.0.7151.103 Mobile Safari/537.36 (compatible; GoogleOther)"
66.249.65.174 - - [18/Jul/2025:12:52:31 +0000] "GET /items/art/musical-instruments/5047267/alalamy.com.au?_bd_prev_page=alalamy.com.au/detail.php?shopbrand/8501935.htm HTTP/1.1" 200 18667 "-" "Mozilla/5.0 (Linux; Android 6.0.1; Nexus 5X Build/MMB29P) AppleWebKit/537.36 (KHTML, like Gecko) Chrome/137.0.7151.103 Mobile Safari/537.36 (compatible; GoogleOther)"
66.249.65.174 - - [18/Jul/2025:12:52:34 +0000] "GET /items/art/musical-instruments/5047267/alalamy.com.au?_bd_prev_page=alalamy.com.au/detail.php?shopbrand/7788331.htm HTTP/1.1" 200 20680 "-" "Mozilla/5.0 (Linux; Android 6.0.1; Nexus 5X Build/MMB29P) AppleWebKit/537.36 (KHTML, like Gecko) Chrome/137.0.7151.103 Mobile Safari/537.36 (compatible; GoogleOther)"
66.249.65.174 - - [18/Jul/2025:12:52:37 +0000] "GET /items/art/musical-instruments/5047267/alalamy.com.au?_bd_prev_page=alalamy.com.au/detail.php?shopbrand/8725880.htm HTTP/1.1" 200 19862 "-" "Mozilla/5.0 (Linux; Android 6.0.1; Nexus 5X Build/MMB29P) AppleWebKit/537.36 (KHTML, like Gecko) Chrome/137.0.7151.103 Mobile Safari/537.36 (compatible; GoogleOther)"
66.249.65.174 - - [18/Jul/2025:12:52:39 +0000] "GET /items/art/musical-instruments/5047267/alalamy.com.au?_bd_prev_page=alalamy.com.au/detail.php?shopbrand/7782755.htm HTTP/1.1" 200 19808 "-" "Mozilla/5.0 (Linux; Android 6.0.1; Nexus 5X Build/MMB29P) AppleWebKit/537.36 (KHTML, like Gecko) Chrome/137.0.7151.103 Mobile Safari/537.36 (compatible; GoogleOther)"
66.249.65.160 - - [18/Jul/2025:12:52:40 +0000] "POST /get-message-notify HTTP/1.1" 200 19461 "http://alalamy.com.au/items/art/musical-instruments/5047267/alalamy.com.au?_bd_prev_page=alalamy.com.au/detail.php?shopbrand/201054876.htm" "Mozilla/5.0 (Linux; Android 6.0.1; Nexus 5X Build/MMB29P) AppleWebKit/537.36 (KHTML, like Gecko) Chrome/137.0.7151.119 Mobile Safari/537.36 (compatible; Googlebot/2.1; +http://www.google.com/bot.html)"
66.249.65.174 - - [18/Jul/2025:12:52:42 +0000] "GET /items/art/musical-instruments/5047267/alalamy.com.au?_bd_prev_page=alalamy.com.au/detail.php?shopbrand/8216965.htm HTTP/1.1" 200 19235 "-" "Mozilla/5.0 (Linux; Android 6.0.1; Nexus 5X Build/MMB29P) AppleWebKit/537.36 (KHTML, like Gecko) Chrome/137.0.7151.103 Mobile Safari/537.36 (compatible; GoogleOther)"
66.249.65.160 - - [18/Jul/2025:12:52:44 +0000] "GET /items/art/musical-instruments/5047267/alalamy.com.au?_bd_prev_page=alalamy.com.au/detail.php?shopbrand/231060669.htm HTTP/1.1" 200 19214 "-" "Mozilla/5.0 (Linux; Android 6.0.1; Nexus 5X Build/MMB29P) AppleWebKit/537.36 (KHTML, like Gecko) Chrome/137.0.7151.103 Mobile Safari/537.36 (compatible; GoogleOther)"
66.249.65.174 - - [18/Jul/2025:12:52:47 +0000] "GET /items/art/musical-instruments/5047267/alalamy.com.au?_bd_prev_page=alalamy.com.au/detail.php?shopbrand/8197664.htm HTTP/1.1" 200 20037 "-" "Mozilla/5.0 (Linux; Android 6.0.1; Nexus 5X Build/MMB29P) AppleWebKit/537.36 (KHTML, like Gecko) Chrome/137.0.7151.103 Mobile Safari/537.36 (compatible; GoogleOther)"
66.249.65.174 - - [18/Jul/2025:12:52:49 +0000] "GET /items/art/musical-instruments/5047267/alalamy.com.au?_bd_prev_page=alalamy.com.au/detail.php?shopbrand/231066354.htm HTTP/1.1" 200 19474 "-" "Mozilla/5.0 (Linux; Android 6.0.1; Nexus 5X Build/MMB29P) AppleWebKit/537.36 (KHTML, like Gecko) Chrome/137.0.7151.103 Mobile Safari/537.36 (compatible; GoogleOther)"
66.249.65.174 - - [18/Jul/2025:12:52:52 +0000] "GET /items/art/musical-instruments/5047267/alalamy.com.au?_bd_prev_page=alalamy.com.au/detail.php?shopbrand/8430469.htm HTTP/1.1" 200 19541 "-" "Mozilla/5.0 (Linux; Android 6.0.1; Nexus 5X Build/MMB29P) AppleWebKit/537.36 (KHTML, like Gecko) Chrome/137.0.7151.103 Mobile Safari/537.36 (compatible; GoogleOther)"
66.249.65.160 - - [18/Jul/2025:12:52:57 +0000] "GET /items/art/musical-instruments/5047267/alalamy.com.au?_bd_prev_page=alalamy.com.au/detail.php?shopbrand/8441589.htm HTTP/1.1" 200 20442 "-" "Mozilla/5.0 (Linux; Android 6.0.1; Nexus 5X Build/MMB29P) AppleWebKit/537.36 (KHTML, like Gecko) Chrome/137.0.7151.103 Mobile Safari/537.36 (compatible; GoogleOther)"
66.249.65.174 - - [18/Jul/2025:12:53:02 +0000] "GET /items/art/musical-instruments/5047267/alalamy.com.au?_bd_prev_page=alalamy.com.au/detail.php?shopbrand/8217263.htm HTTP/1.1" 200 21076 "-" "Mozilla/5.0 (Linux; Android 6.0.1; Nexus 5X Build/MMB29P) AppleWebKit/537.36 (KHTML, like Gecko) Chrome/137.0.7151.103 Mobile Safari/537.36 (compatible; GoogleOther)"
66.249.65.174 - - [18/Jul/2025:12:53:05 +0000] "GET /items/art/musical-instruments/5047267/alalamy.com.au?_bd_prev_page=alalamy.com.au/detail.php?shopbrand/231063318.htm HTTP/1.1" 200 20046 "-" "Mozilla/5.0 (Linux; Android 6.0.1; Nexus 5X Build/MMB29P) AppleWebKit/537.36 (KHTML, like Gecko) Chrome/137.0.7151.103 Mobile Safari/537.36 (compatible; GoogleOther)"
66.249.65.174 - - [18/Jul/2025:12:53:07 +0000] "GET /items/art/musical-instruments/5047267/alalamy.com.au?_bd_prev_page=alalamy.com.au/detail.php?shopbrand/8727804.htm HTTP/1.1" 200 19422 "-" "Mozilla/5.0 (Linux; Android 6.0.1; Nexus 5X Build/MMB29P) AppleWebKit/537.36 (KHTML, like Gecko) Chrome/137.0.7151.103 Mobile Safari/537.36 (compatible; GoogleOther)"
66.249.74.12 - - [18/Jul/2025:12:53:08 +0000] "POST /get-message-notify HTTP/1.1" 200 19483 "http://www.alalamy.com.au/items/handmade/paintings/5377890/alalamy.com.au/feature/akihabara_main/alalamy.com.au?_bd_prev_page=alalamy.com.au/detail.php?shopbrand/8515696.htm" "Mozilla/5.0 (Linux; Android 6.0.1; Nexus 5X Build/MMB29P) AppleWebKit/537.36 (KHTML, like Gecko) Chrome/137.0.7151.119 Mobile Safari/537.36 (compatible; Googlebot/2.1; +http://www.google.com/bot.html)"
66.249.65.174 - - [18/Jul/2025:12:53:10 +0000] "GET /items/art/musical-instruments/5047267/alalamy.com.au?_bd_prev_page=alalamy.com.au/detail.php?shopbrand/8185158.htm HTTP/1.1" 200 19972 "-" "Mozilla/5.0 (Linux; Android 6.0.1; Nexus 5X Build/MMB29P) AppleWebKit/537.36 (KHTML, like Gecko) Chrome/137.0.7151.103 Mobile Safari/537.36 (compatible; GoogleOther)"
66.249.65.174 - - [18/Jul/2025:12:53:13 +0000] "GET /items/art/musical-instruments/5047267/alalamy.com.au?_bd_prev_page=alalamy.com.au/detail.php?shopbrand/8213230.htm HTTP/1.1" 200 19306 "-" "Mozilla/5.0 (Linux; Android 6.0.1; Nexus 5X Build/MMB29P) AppleWebKit/537.36 (KHTML, like Gecko) Chrome/137.0.7151.103 Mobile Safari/537.36 (compatible; GoogleOther)"
66.249.65.174 - - [18/Jul/2025:12:53:15 +0000] "GET /items/art/musical-instruments/5047267/alalamy.com.au?_bd_prev_page=alalamy.com.au/detail.php?shopbrand/8512799.htm HTTP/1.1" 200 19055 "-" "Mozilla/5.0 (Linux; Android 6.0.1; Nexus 5X Build/MMB29P) AppleWebKit/537.36 (KHTML, like Gecko) Chrome/137.0.7151.103 Mobile Safari/537.36 (compatible; GoogleOther)"
66.249.65.174 - - [18/Jul/2025:12:53:20 +0000] "GET /items/art/musical-instruments/5047267/alalamy.com.au?_bd_prev_page=alalamy.com.au/detail.php?shopbrand/8440759.htm HTTP/1.1" 200 19832 "-" "Mozilla/5.0 (Linux; Android 6.0.1; Nexus 5X Build/MMB29P) AppleWebKit/537.36 (KHTML, like Gecko) Chrome/137.0.7151.103 Mobile Safari/537.36 (compatible; GoogleOther)"
209.74.77.214 - - [18/Jul/2025:12:53:23 +0000] "POST /wp-cron.php?doing_wp_cron=1752843203.3704209327697753906250 HTTP/1.1" 200 - "-" "WordPress/6.8.2; https://alalamy.com.au"
20.171.207.85 - - [18/Jul/2025:12:53:23 +0000] "GET /items/fashion/womens/3134637/ HTTP/1.1" 404 20410 "-" "Mozilla/5.0 AppleWebKit/537.36 (KHTML, like Gecko; compatible; GPTBot/1.2; +https://openai.com/gptbot)"
66.249.65.174 - - [18/Jul/2025:12:53:23 +0000] "GET /items/art/musical-instruments/5047267/alalamy.com.au?_bd_prev_page=alalamy.com.au/detail.php?shopbrand/8508035.htm HTTP/1.1" 200 19085 "-" "Mozilla/5.0 (Linux; Android 6.0.1; Nexus 5X Build/MMB29P) AppleWebKit/537.36 (KHTML, like Gecko) Chrome/137.0.7151.103 Mobile Safari/537.36 (compatible; GoogleOther)"
66.249.65.174 - - [18/Jul/2025:12:53:25 +0000] "GET /items/art/musical-instruments/5047267/alalamy.com.au?_bd_prev_page=alalamy.com.au/detail.php?shopbrand/231056231.htm HTTP/1.1" 200 18657 "-" "Mozilla/5.0 (Linux; Android 6.0.1; Nexus 5X Build/MMB29P) AppleWebKit/537.36 (KHTML, like Gecko) Chrome/137.0.7151.103 Mobile Safari/537.36 (compatible; GoogleOther)"
66.249.65.174 - - [18/Jul/2025:12:53:28 +0000] "GET /items/art/musical-instruments/5047267/alalamy.com.au?_bd_prev_page=alalamy.com.au/detail.php?shopbrand/9033173.htm HTTP/1.1" 200 19336 "-" "Mozilla/5.0 (Linux; Android 6.0.1; Nexus 5X Build/MMB29P) AppleWebKit/537.36 (KHTML, like Gecko) Chrome/137.0.7151.103 Mobile Safari/537.36 (compatible; GoogleOther)"
66.249.65.174 - - [18/Jul/2025:12:53:31 +0000] "GET /items/art/musical-instruments/5047267/alalamy.com.au?_bd_prev_page=alalamy.com.au/detail.php?shopbrand/9045147.htm HTTP/1.1" 200 19029 "-" "Mozilla/5.0 (Linux; Android 6.0.1; Nexus 5X Build/MMB29P) AppleWebKit/537.36 (KHTML, like Gecko) Chrome/137.0.7151.103 Mobile Safari/537.36 (compatible; GoogleOther)"
66.249.65.160 - - [18/Jul/2025:12:53:33 +0000] "GET /items/art/musical-instruments/5047267/alalamy.com.au?_bd_prev_page=alalamy.com.au/detail.php?shopbrand/8438410.htm HTTP/1.1" 200 20870 "-" "Mozilla/5.0 (Linux; Android 6.0.1; Nexus 5X Build/MMB29P) AppleWebKit/537.36 (KHTML, like Gecko) Chrome/137.0.7151.103 Mobile Safari/537.36 (compatible; GoogleOther)"
66.249.65.174 - - [18/Jul/2025:12:53:36 +0000] "GET /items/art/musical-instruments/5047267/alalamy.com.au?_bd_prev_page=alalamy.com.au/detail.php?shopbrand/8436726.htm HTTP/1.1" 200 20544 "-" "Mozilla/5.0 (Linux; Android 6.0.1; Nexus 5X Build/MMB29P) AppleWebKit/537.36 (KHTML, like Gecko) Chrome/137.0.7151.103 Mobile Safari/537.36 (compatible; GoogleOther)"
66.249.65.174 - - [18/Jul/2025:12:53:41 +0000] "GET /items/art/musical-instruments/5047267/alalamy.com.au?_bd_prev_page=alalamy.com.au/detail.php?shopbrand/8506085.htm HTTP/1.1" 200 21169 "-" "Mozilla/5.0 (Linux; Android 6.0.1; Nexus 5X Build/MMB29P) AppleWebKit/537.36 (KHTML, like Gecko) Chrome/137.0.7151.103 Mobile Safari/537.36 (compatible; GoogleOther)"
66.249.65.160 - - [18/Jul/2025:12:53:43 +0000] "GET /items/art/musical-instruments/5047267/alalamy.com.au?_bd_prev_page=alalamy.com.au/detail.php?shopbrand/8511661.htm HTTP/1.1" 200 22387 "-" "Mozilla/5.0 (Linux; Android 6.0.1; Nexus 5X Build/MMB29P) AppleWebKit/537.36 (KHTML, like Gecko) Chrome/137.0.7151.103 Mobile Safari/537.36 (compatible; GoogleOther)"
66.249.65.174 - - [18/Jul/2025:12:53:46 +0000] "GET /items/art/musical-instruments/5047267/alalamy.com.au?_bd_prev_page=alalamy.com.au/detail.php?shopbrand/7785551.htm HTTP/1.1" 200 19129 "-" "Mozilla/5.0 (Linux; Android 6.0.1; Nexus 5X Build/MMB29P) AppleWebKit/537.36 (KHTML, like Gecko) Chrome/137.0.7151.103 Mobile Safari/537.36 (compatible; GoogleOther)"
66.249.65.160 - - [18/Jul/2025:12:53:49 +0000] "GET /items/art/musical-instruments/5047267/alalamy.com.au?_bd_prev_page=alalamy.com.au/detail.php?shopbrand/8366132.htm HTTP/1.1" 200 19695 "-" "Mozilla/5.0 (Linux; Android 6.0.1; Nexus 5X Build/MMB29P) AppleWebKit/537.36 (KHTML, like Gecko) Chrome/137.0.7151.103 Mobile Safari/537.36 (compatible; GoogleOther)"
66.249.65.174 - - [18/Jul/2025:12:53:51 +0000] "GET /items/art/musical-instruments/5047267/alalamy.com.au?_bd_prev_page=alalamy.com.au/detail.php?shopbrand/8366529.htm HTTP/1.1" 200 20325 "-" "Mozilla/5.0 (Linux; Android 6.0.1; Nexus 5X Build/MMB29P) AppleWebKit/537.36 (KHTML, like Gecko) Chrome/137.0.7151.103 Mobile Safari/537.36 (compatible; GoogleOther)"
66.249.65.160 - - [18/Jul/2025:12:53:54 +0000] "GET /items/art/musical-instruments/5047267/alalamy.com.au?_bd_prev_page=alalamy.com.au/detail.php?shopbrand/8503031.htm HTTP/1.1" 200 19503 "-" "Mozilla/5.0 (Linux; Android 6.0.1; Nexus 5X Build/MMB29P) AppleWebKit/537.36 (KHTML, like Gecko) Chrome/137.0.7151.103 Mobile Safari/537.36 (compatible; GoogleOther)"
66.249.65.174 - - [18/Jul/2025:12:53:56 +0000] "GET /items/art/musical-instruments/5047267/alalamy.com.au?_bd_prev_page=alalamy.com.au/detail.php?shopbrand/8213488.htm HTTP/1.1" 200 21592 "-" "Mozilla/5.0 (Linux; Android 6.0.1; Nexus 5X Build/MMB29P) AppleWebKit/537.36 (KHTML, like Gecko) Chrome/137.0.7151.103 Mobile Safari/537.36 (compatible; GoogleOther)"
66.249.65.160 - - [18/Jul/2025:12:54:01 +0000] "POST /get-message-notify HTTP/1.1" 200 19461 "http://alalamy.com.au/items/art/musical-instruments/5047267/alalamy.com.au?_bd_prev_page=alalamy.com.au/detail.php?shopbrand/8430469.htm" "Mozilla/5.0 (Linux; Android 6.0.1; Nexus 5X Build/MMB29P) AppleWebKit/537.36 (KHTML, like Gecko) Chrome/137.0.7151.119 Mobile Safari/537.36 (compatible; Googlebot/2.1; +http://www.google.com/bot.html)"
66.249.65.160 - - [18/Jul/2025:12:54:04 +0000] "GET /items/art/musical-instruments/5047267/alalamy.com.au?_bd_prev_page=alalamy.com.au/detail.php?shopbrand/8436186.htm HTTP/1.1" 200 20954 "-" "Mozilla/5.0 (Linux; Android 6.0.1; Nexus 5X Build/MMB29P) AppleWebKit/537.36 (KHTML, like Gecko) Chrome/137.0.7151.103 Mobile Safari/537.36 (compatible; GoogleOther)"
66.249.65.160 - - [18/Jul/2025:12:54:07 +0000] "GET /items/art/musical-instruments/5047267/alalamy.com.au?_bd_prev_page=alalamy.com.au/detail.php?shopbrand/8370147.htm HTTP/1.1" 200 20770 "-" "Mozilla/5.0 (Linux; Android 6.0.1; Nexus 5X Build/MMB29P) AppleWebKit/537.36 (KHTML, like Gecko) Chrome/137.0.7151.103 Mobile Safari/537.36 (compatible; GoogleOther)"
66.249.65.174 - - [18/Jul/2025:12:54:09 +0000] "GET /items/art/musical-instruments/5047267/alalamy.com.au?_bd_prev_page=alalamy.com.au/detail.php?shopbrand/8517662.htm HTTP/1.1" 200 20834 "-" "Mozilla/5.0 (Linux; Android 6.0.1; Nexus 5X Build/MMB29P) AppleWebKit/537.36 (KHTML, like Gecko) Chrome/137.0.7151.103 Mobile Safari/537.36 (compatible; GoogleOther)"
66.249.65.174 - - [18/Jul/2025:12:54:12 +0000] "GET /items/art/musical-instruments/5047267/alalamy.com.au?_bd_prev_page=alalamy.com.au/detail.php?shopbrand/231071259.htm HTTP/1.1" 200 18967 "-" "Mozilla/5.0 (Linux; Android 6.0.1; Nexus 5X Build/MMB29P) AppleWebKit/537.36 (KHTML, like Gecko) Chrome/137.0.7151.103 Mobile Safari/537.36 (compatible; GoogleOther)"
66.249.65.174 - - [18/Jul/2025:12:54:17 +0000] "GET /items/art/musical-instruments/5047267/alalamy.com.au?_bd_prev_page=alalamy.com.au/detail.php?shopbrand/8812723.htm HTTP/1.1" 200 21992 "-" "Mozilla/5.0 (Linux; Android 6.0.1; Nexus 5X Build/MMB29P) AppleWebKit/537.36 (KHTML, like Gecko) Chrome/137.0.7151.103 Mobile Safari/537.36 (compatible; GoogleOther)"
66.249.65.174 - - [18/Jul/2025:12:54:19 +0000] "GET /items/art/musical-instruments/5047267/alalamy.com.au?_bd_prev_page=alalamy.com.au/detail.php?shopbrand/9043763.htm HTTP/1.1" 200 19433 "-" "Mozilla/5.0 (Linux; Android 6.0.1; Nexus 5X Build/MMB29P) AppleWebKit/537.36 (KHTML, like Gecko) Chrome/137.0.7151.103 Mobile Safari/537.36 (compatible; GoogleOther)"
66.249.65.174 - - [18/Jul/2025:12:54:22 +0000] "GET /items/art/musical-instruments/5047267/alalamy.com.au?_bd_prev_page=alalamy.com.au/detail.php?shopbrand/8809943.htm HTTP/1.1" 200 19290 "-" "Mozilla/5.0 (Linux; Android 6.0.1; Nexus 5X Build/MMB29P) AppleWebKit/537.36 (KHTML, like Gecko) Chrome/137.0.7151.103 Mobile Safari/537.36 (compatible; GoogleOther)"
66.249.65.174 - - [18/Jul/2025:12:54:24 +0000] "POST /get-message-notify HTTP/1.1" 200 19461 "http://alalamy.com.au/items/art/musical-instruments/5047267/alalamy.com.au?_bd_prev_page=alalamy.com.au/detail.php?shopbrand/8598282.htm" "Mozilla/5.0 (Linux; Android 6.0.1; Nexus 5X Build/MMB29P) AppleWebKit/537.36 (KHTML, like Gecko) Chrome/137.0.7151.119 Mobile Safari/537.36 (compatible; Googlebot/2.1; +http://www.google.com/bot.html)"
66.249.65.174 - - [18/Jul/2025:12:54:25 +0000] "GET /items/art/musical-instruments/5047267/alalamy.com.au?_bd_prev_page=alalamy.com.au/detail.php?shopbrand/8719589.htm HTTP/1.1" 200 19200 "-" "Mozilla/5.0 (Linux; Android 6.0.1; Nexus 5X Build/MMB29P) AppleWebKit/537.36 (KHTML, like Gecko) Chrome/137.0.7151.103 Mobile Safari/537.36 (compatible; GoogleOther)"
66.249.65.174 - - [18/Jul/2025:12:54:26 +0000] "POST /get-message-notify HTTP/1.1" 200 19461 "http://alalamy.com.au/items/art/musical-instruments/5047267/alalamy.com.au?_bd_prev_page=alalamy.com.au/detail.php?shopbrand/9033173.htm" "Mozilla/5.0 (Linux; Android 6.0.1; Nexus 5X Build/MMB29P) AppleWebKit/537.36 (KHTML, like Gecko) Chrome/137.0.7151.119 Mobile Safari/537.36 (compatible; Googlebot/2.1; +http://www.google.com/bot.html)"
66.249.65.160 - - [18/Jul/2025:12:54:29 +0000] "POST /get-message-notify HTTP/1.1" 200 19461 "http://alalamy.com.au/items/art/musical-instruments/5047267/alalamy.com.au?_bd_prev_page=alalamy.com.au/detail.php?shopbrand/8812723.htm" "Mozilla/5.0 (Linux; Android 6.0.1; Nexus 5X Build/MMB29P) AppleWebKit/537.36 (KHTML, like Gecko) Chrome/137.0.7151.119 Mobile Safari/537.36 (compatible; Googlebot/2.1; +http://www.google.com/bot.html)"
66.249.65.174 - - [18/Jul/2025:12:54:30 +0000] "GET /items/art/musical-instruments/5047267/alalamy.com.au?_bd_prev_page=alalamy.com.au/detail.php?shopbrand/8810102.htm HTTP/1.1" 200 19375 "-" "Mozilla/5.0 (Linux; Android 6.0.1; Nexus 5X Build/MMB29P) AppleWebKit/537.36 (KHTML, like Gecko) Chrome/137.0.7151.103 Mobile Safari/537.36 (compatible; GoogleOther)"
66.249.65.174 - - [18/Jul/2025:12:54:32 +0000] "GET /items/art/musical-instruments/5047267/alalamy.com.au?_bd_prev_page=alalamy.com.au/detail.php?shopbrand/8502352.htm HTTP/1.1" 200 20095 "-" "Mozilla/5.0 (Linux; Android 6.0.1; Nexus 5X Build/MMB29P) AppleWebKit/537.36 (KHTML, like Gecko) Chrome/137.0.7151.103 Mobile Safari/537.36 (compatible; GoogleOther)"
66.249.65.174 - - [18/Jul/2025:12:54:34 +0000] "POST /get-message-notify HTTP/1.1" 200 19461 "http://alalamy.com.au/items/art/musical-instruments/5047267/alalamy.com.au?_bd_prev_page=alalamy.com.au/detail.php?shopbrand/8719589.htm" "Mozilla/5.0 (Linux; Android 6.0.1; Nexus 5X Build/MMB29P) AppleWebKit/537.36 (KHTML, like Gecko) Chrome/137.0.7151.119 Mobile Safari/537.36 (compatible; Googlebot/2.1; +http://www.google.com/bot.html)"
66.249.65.160 - - [18/Jul/2025:12:54:35 +0000] "GET /items/art/musical-instruments/5047267/alalamy.com.au?_bd_prev_page=alalamy.com.au/detail.php?shopbrand/8809836.htm HTTP/1.1" 200 19388 "-" "Mozilla/5.0 (Linux; Android 6.0.1; Nexus 5X Build/MMB29P) AppleWebKit/537.36 (KHTML, like Gecko) Chrome/137.0.7151.103 Mobile Safari/537.36 (compatible; GoogleOther)"
66.249.65.160 - - [18/Jul/2025:12:54:37 +0000] "GET /items/art/musical-instruments/5047267/alalamy.com.au?_bd_prev_page=alalamy.com.au/detail.php?shopbrand/8812457.htm HTTP/1.1" 200 20467 "-" "Mozilla/5.0 (Linux; Android 6.0.1; Nexus 5X Build/MMB29P) AppleWebKit/537.36 (KHTML, like Gecko) Chrome/137.0.7151.103 Mobile Safari/537.36 (compatible; GoogleOther)"
66.249.65.160 - - [18/Jul/2025:12:54:40 +0000] "GET /items/art/musical-instruments/5047267/alalamy.com.au?_bd_prev_page=alalamy.com.au/detail.php?shopbrand/8115799.htm HTTP/1.1" 200 19480 "-" "Mozilla/5.0 (Linux; Android 6.0.1; Nexus 5X Build/MMB29P) AppleWebKit/537.36 (KHTML, like Gecko) Chrome/137.0.7151.103 Mobile Safari/537.36 (compatible; GoogleOther)"
66.249.65.160 - - [18/Jul/2025:12:54:43 +0000] "GET /items/art/musical-instruments/5047267/alalamy.com.au?_bd_prev_page=alalamy.com.au/detail.php?shopbrand/8184318.htm HTTP/1.1" 200 20202 "-" "Mozilla/5.0 (Linux; Android 6.0.1; Nexus 5X Build/MMB29P) AppleWebKit/537.36 (KHTML, like Gecko) Chrome/137.0.7151.103 Mobile Safari/537.36 (compatible; GoogleOther)"
66.249.65.174 - - [18/Jul/2025:12:54:45 +0000] "GET /items/art/musical-instruments/5047267/alalamy.com.au?_bd_prev_page=alalamy.com.au/detail.php?shopbrand/8808293.htm HTTP/1.1" 200 20435 "-" "Mozilla/5.0 (Linux; Android 6.0.1; Nexus 5X Build/MMB29P) AppleWebKit/537.36 (KHTML, like Gecko) Chrome/137.0.7151.103 Mobile Safari/537.36 (compatible; GoogleOther)"
66.249.65.174 - - [18/Jul/2025:12:54:48 +0000] "GET /items/art/musical-instruments/5047267/alalamy.com.au?_bd_prev_page=alalamy.com.au/detail.php?shopbrand/9041688.htm HTTP/1.1" 200 20092 "-" "Mozilla/5.0 (Linux; Android 6.0.1; Nexus 5X Build/MMB29P) AppleWebKit/537.36 (KHTML, like Gecko) Chrome/137.0.7151.103 Mobile Safari/537.36 (compatible; GoogleOther)"
66.249.65.174 - - [18/Jul/2025:12:54:50 +0000] "GET /items/art/musical-instruments/5047267/alalamy.com.au?_bd_prev_page=alalamy.com.au/detail.php?shopbrand/8811786.htm HTTP/1.1" 200 19095 "-" "Mozilla/5.0 (Linux; Android 6.0.1; Nexus 5X Build/MMB29P) AppleWebKit/537.36 (KHTML, like Gecko) Chrome/137.0.7151.103 Mobile Safari/537.36 (compatible; GoogleOther)"
66.249.65.174 - - [18/Jul/2025:12:54:53 +0000] "GET /items/art/musical-instruments/5047267/alalamy.com.au?_bd_prev_page=alalamy.com.au/detail.php?shopbrand/8439822.htm HTTP/1.1" 200 19163 "-" "Mozilla/5.0 (Linux; Android 6.0.1; Nexus 5X Build/MMB29P) AppleWebKit/537.36 (KHTML, like Gecko) Chrome/137.0.7151.103 Mobile Safari/537.36 (compatible; GoogleOther)"
66.249.65.160 - - [18/Jul/2025:12:54:54 +0000] "POST /get-message-notify HTTP/1.1" 200 19461 "http://alalamy.com.au/items/art/musical-instruments/5047267/alalamy.com.au?_bd_prev_page=alalamy.com.au/detail.php?shopbrand/7908427.htm" "Mozilla/5.0 (Linux; Android 6.0.1; Nexus 5X Build/MMB29P) AppleWebKit/537.36 (KHTML, like Gecko) Chrome/137.0.7151.119 Mobile Safari/537.36 (compatible; Googlebot/2.1; +http://www.google.com/bot.html)"
66.249.65.161 - - [18/Jul/2025:12:54:55 +0000] "GET /items/art/musical-instruments/5047267/alalamy.com.au?_bd_prev_page=alalamy.com.au/detail.php?shopbrand/8519304.htm HTTP/1.1" 200 19053 "-" "Mozilla/5.0 (Linux; Android 6.0.1; Nexus 5X Build/MMB29P) AppleWebKit/537.36 (KHTML, like Gecko) Chrome/137.0.7151.103 Mobile Safari/537.36 (compatible; GoogleOther)"
66.249.65.174 - - [18/Jul/2025:12:54:58 +0000] "GET /items/art/musical-instruments/5047267/alalamy.com.au?_bd_prev_page=alalamy.com.au/detail.php?shopbrand/8442302.htm HTTP/1.1" 200 19244 "-" "Mozilla/5.0 (Linux; Android 6.0.1; Nexus 5X Build/MMB29P) AppleWebKit/537.36 (KHTML, like Gecko) Chrome/137.0.7151.103 Mobile Safari/537.36 (compatible; GoogleOther)"
66.249.65.161 - - [18/Jul/2025:12:55:01 +0000] "GET /items/art/musical-instruments/5047267/alalamy.com.au?_bd_prev_page=alalamy.com.au/detail.php?shopbrand/8115533.htm HTTP/1.1" 200 19586 "-" "Mozilla/5.0 (Linux; Android 6.0.1; Nexus 5X Build/MMB29P) AppleWebKit/537.36 (KHTML, like Gecko) Chrome/137.0.7151.103 Mobile Safari/537.36 (compatible; GoogleOther)"
66.249.65.160 - - [18/Jul/2025:12:55:03 +0000] "GET /items/art/musical-instruments/5047267/alalamy.com.au?_bd_prev_page=alalamy.com.au/detail.php?shopbrand/9041795.htm HTTP/1.1" 200 19209 "-" "Mozilla/5.0 (Linux; Android 6.0.1; Nexus 5X Build/MMB29P) AppleWebKit/537.36 (KHTML, like Gecko) Chrome/137.0.7151.103 Mobile Safari/537.36 (compatible; GoogleOther)"
66.249.65.174 - - [18/Jul/2025:12:55:08 +0000] "GET /items/art/musical-instruments/5047267/alalamy.com.au?_bd_prev_page=alalamy.com.au/detail.php?shopbrand/8513355.htm HTTP/1.1" 200 19689 "-" "Mozilla/5.0 (Linux; Android 6.0.1; Nexus 5X Build/MMB29P) AppleWebKit/537.36 (KHTML, like Gecko) Chrome/137.0.7151.103 Mobile Safari/537.36 (compatible; GoogleOther)"
66.249.65.174 - - [18/Jul/2025:12:55:12 +0000] "GET /items/art/musical-instruments/5047267/alalamy.com.au?_bd_prev_page=alalamy.com.au/detail.php?shopbrand/8804516.htm HTTP/1.1" 200 20272 "-" "Mozilla/5.0 (Linux; Android 6.0.1; Nexus 5X Build/MMB29P) AppleWebKit/537.36 (KHTML, like Gecko) Chrome/137.0.7151.103 Mobile Safari/537.36 (compatible; GoogleOther)"
66.249.65.174 - - [18/Jul/2025:12:55:15 +0000] "GET /items/art/musical-instruments/5047267/alalamy.com.au?_bd_prev_page=alalamy.com.au/detail.php?shopbrand/7778879.htm HTTP/1.1" 200 19765 "-" "Mozilla/5.0 (Linux; Android 6.0.1; Nexus 5X Build/MMB29P) AppleWebKit/537.36 (KHTML, like Gecko) Chrome/137.0.7151.103 Mobile Safari/537.36 (compatible; GoogleOther)"
66.249.65.174 - - [18/Jul/2025:12:55:16 +0000] "GET /items/art/musical-instruments/5047267/alalamy.com.au?_bd_prev_page=alalamy.com.au/detail.php?shopbrand/8805239.htm HTTP/1.1" 200 19189 "-" "Mozilla/5.0 (Linux; Android 6.0.1; Nexus 5X Build/MMB29P) AppleWebKit/537.36 (KHTML, like Gecko) Chrome/137.0.7151.103 Mobile Safari/537.36 (compatible; GoogleOther)"
66.249.65.174 - - [18/Jul/2025:12:55:17 +0000] "GET /items/art/musical-instruments/5047267/alalamy.com.au?_bd_prev_page=alalamy.com.au/detail.php?shopbrand/8508766.htm HTTP/1.1" 200 19572 "-" "Mozilla/5.0 (Linux; Android 6.0.1; Nexus 5X Build/MMB29P) AppleWebKit/537.36 (KHTML, like Gecko) Chrome/137.0.7151.103 Mobile Safari/537.36 (compatible; GoogleOther)"
66.249.65.174 - - [18/Jul/2025:12:55:19 +0000] "GET /items/art/musical-instruments/5047267/alalamy.com.au?_bd_prev_page=alalamy.com.au/detail.php?shopbrand/8803827.htm HTTP/1.1" 200 18969 "-" "Mozilla/5.0 (Linux; Android 6.0.1; Nexus 5X Build/MMB29P) AppleWebKit/537.36 (KHTML, like Gecko) Chrome/137.0.7151.103 Mobile Safari/537.36 (compatible; GoogleOther)"
66.249.65.174 - - [18/Jul/2025:12:55:24 +0000] "GET /items/art/musical-instruments/5047267/alalamy.com.au?_bd_prev_page=alalamy.com.au/detail.php?shopbrand/8314281.htm HTTP/1.1" 200 19655 "-" "Mozilla/5.0 (Linux; Android 6.0.1; Nexus 5X Build/MMB29P) AppleWebKit/537.36 (KHTML, like Gecko) Chrome/137.0.7151.103 Mobile Safari/537.36 (compatible; GoogleOther)"
66.249.65.174 - - [18/Jul/2025:12:55:24 +0000] "POST /get-message-notify HTTP/1.1" 200 19461 "http://alalamy.com.au/items/art/musical-instruments/5047267/alalamy.com.au?_bd_prev_page=alalamy.com.au/detail.php?shopbrand/8502352.htm" "Mozilla/5.0 (Linux; Android 6.0.1; Nexus 5X Build/MMB29P) AppleWebKit/537.36 (KHTML, like Gecko) Chrome/137.0.7151.119 Mobile Safari/537.36 (compatible; Googlebot/2.1; +http://www.google.com/bot.html)"
66.249.65.174 - - [18/Jul/2025:12:55:26 +0000] "GET /items/art/musical-instruments/5047267/alalamy.com.au?_bd_prev_page=alalamy.com.au/detail.php?shopbrand/8317502.htm HTTP/1.1" 200 22538 "-" "Mozilla/5.0 (Linux; Android 6.0.1; Nexus 5X Build/MMB29P) AppleWebKit/537.36 (KHTML, like Gecko) Chrome/137.0.7151.103 Mobile Safari/537.36 (compatible; GoogleOther)"
20.171.207.85 - - [18/Jul/2025:12:55:29 +0000] "GET /items/kitchen/coffee/1954193/ HTTP/1.1" 404 20410 "-" "Mozilla/5.0 AppleWebKit/537.36 (KHTML, like Gecko; compatible; GPTBot/1.2; +https://openai.com/gptbot)"
66.249.65.174 - - [18/Jul/2025:12:55:34 +0000] "GET /items/art/musical-instruments/5047267/alalamy.com.au?_bd_prev_page=alalamy.com.au/detail.php?shopbrand/8320397.htm HTTP/1.1" 200 19318 "-" "Mozilla/5.0 (Linux; Android 6.0.1; Nexus 5X Build/MMB29P) AppleWebKit/537.36 (KHTML, like Gecko) Chrome/137.0.7151.103 Mobile Safari/537.36 (compatible; GoogleOther)"
66.249.65.160 - - [18/Jul/2025:12:55:37 +0000] "GET /items/art/musical-instruments/5047267/alalamy.com.au?_bd_prev_page=alalamy.com.au/detail.php?shopbrand/8313991.htm HTTP/1.1" 200 20654 "-" "Mozilla/5.0 (Linux; Android 6.0.1; Nexus 5X Build/MMB29P) AppleWebKit/537.36 (KHTML, like Gecko) Chrome/137.0.7151.103 Mobile Safari/537.36 (compatible; GoogleOther)"
66.249.65.174 - - [18/Jul/2025:12:55:39 +0000] "GET /items/art/musical-instruments/5047267/alalamy.com.au?_bd_prev_page=alalamy.com.au/detail.php?shopbrand/8316515.htm HTTP/1.1" 200 19541 "-" "Mozilla/5.0 (Linux; Android 6.0.1; Nexus 5X Build/MMB29P) AppleWebKit/537.36 (KHTML, like Gecko) Chrome/137.0.7151.103 Mobile Safari/537.36 (compatible; GoogleOther)"
66.249.74.14 - - [18/Jul/2025:12:55:47 +0000] "GET /items/handmade/paintings/5377890/alalamy.com.au/toreka/toreka_menu.html/feature/idol/alalamy.com.au/toreka/figure_menu.html HTTP/1.1" 200 18351 "-" "Mozilla/5.0 (Linux; Android 6.0.1; Nexus 5X Build/MMB29P) AppleWebKit/537.36 (KHTML, like Gecko) Chrome/137.0.7151.103 Mobile Safari/537.36 (compatible; GoogleOther)"
66.249.65.160 - - [18/Jul/2025:12:55:55 +0000] "POST /get-message-notify HTTP/1.1" 200 19461 "http://alalamy.com.au/items/art/musical-instruments/5047267/alalamy.com.au?_bd_prev_page=alalamy.com.au/detail.php?shopbrand/8213230.htm" "Mozilla/5.0 (Linux; Android 6.0.1; Nexus 5X Build/MMB29P) AppleWebKit/537.36 (KHTML, like Gecko) Chrome/137.0.7151.119 Mobile Safari/537.36 (compatible; Googlebot/2.1; +http://www.google.com/bot.html)"
66.249.74.13 - - [18/Jul/2025:12:56:28 +0000] "GET /items/art/musical-instruments/1928780/alalamy.com.au/pcmypage?callback=product/detail/25924378/hobby/boardgame/index.html HTTP/1.1" 200 18511 "-" "Mozilla/5.0 (Linux; Android 6.0.1; Nexus 5X Build/MMB29P) AppleWebKit/537.36 (KHTML, like Gecko) Chrome/137.0.7151.103 Mobile Safari/537.36 (compatible; GoogleOther)"
20.171.207.85 - - [18/Jul/2025:12:56:32 +0000] "GET /items/drinks/others/5135677/ HTTP/1.1" 404 20410 "-" "Mozilla/5.0 AppleWebKit/537.36 (KHTML, like Gecko; compatible; GPTBot/1.2; +https://openai.com/gptbot)"
20.171.207.85 - - [18/Jul/2025:12:57:36 +0000] "GET /items/fashion/womens/2725044/ HTTP/1.1" 404 20410 "-" "Mozilla/5.0 AppleWebKit/537.36 (KHTML, like Gecko; compatible; GPTBot/1.2; +https://openai.com/gptbot)"
66.249.74.14 - - [18/Jul/2025:12:58:18 +0000] "POST /get-message-notify HTTP/1.1" 200 19483 "http://www.alalamy.com.au/items/handmade/paintings/5377890/feature/idol/alalamy.com.au?_bd_prev_page=alalamy.com.au/detail.php?shopbrand/239062.htm" "Mozilla/5.0 (Linux; Android 6.0.1; Nexus 5X Build/MMB29P) AppleWebKit/537.36 (KHTML, like Gecko) Chrome/137.0.7151.119 Mobile Safari/537.36 (compatible; Googlebot/2.1; +http://www.google.com/bot.html)"
209.74.77.214 - - [18/Jul/2025:12:58:40 +0000] "POST /wp-cron.php?doing_wp_cron=1752843520.7128260135650634765625 HTTP/1.1" 200 - "-" "WordPress/6.8.2; https://alalamy.com.au"
20.171.207.85 - - [18/Jul/2025:12:58:40 +0000] "GET /items/cameras/other/2480896/ HTTP/1.1" 404 20410 "-" "Mozilla/5.0 AppleWebKit/537.36 (KHTML, like Gecko; compatible; GPTBot/1.2; +https://openai.com/gptbot)"
209.74.77.214 - - [18/Jul/2025:12:59:45 +0000] "POST /wp-cron.php?doing_wp_cron=1752843585.3984589576721191406250 HTTP/1.1" 200 - "-" "WordPress/6.8.2; https://alalamy.com.au"
20.171.207.85 - - [18/Jul/2025:12:59:45 +0000] "GET /items/cars/bicycles/4014095/ HTTP/1.1" 404 20410 "-" "Mozilla/5.0 AppleWebKit/537.36 (KHTML, like Gecko; compatible; GPTBot/1.2; +https://openai.com/gptbot)"
66.249.74.12 - - [18/Jul/2025:12:59:57 +0000] "GET /items/handmade/paintings/5377890/feature/idol/w_0.978 HTTP/1.1" 200 18322 "-" "Mozilla/5.0 (Linux; Android 6.0.1; Nexus 5X Build/MMB29P) AppleWebKit/537.36 (KHTML, like Gecko) Chrome/137.0.7151.103 Mobile Safari/537.36 (compatible; GoogleOther)"
66.249.65.174 - - [18/Jul/2025:12:59:59 +0000] "GET /items/handicrafts/paintings/2644745/h_735 HTTP/1.1" 200 19870 "-" "Mozilla/5.0 (Linux; Android 6.0.1; Nexus 5X Build/MMB29P) AppleWebKit/537.36 (KHTML, like Gecko) Chrome/137.0.7151.103 Mobile Safari/537.36 (compatible; GoogleOther)"
66.249.74.13 - - [18/Jul/2025:13:00:54 +0000] "POST /get-message-notify HTTP/1.1" 200 19483 "http://www.alalamy.com.au/items/art/antiques/3994491/alalamy.com.au/feature/utsunomiya/0" "Mozilla/5.0 (Linux; Android 6.0.1; Nexus 5X Build/MMB29P) AppleWebKit/537.36 (KHTML, like Gecko) Chrome/137.0.7151.119 Mobile Safari/537.36 (compatible; Googlebot/2.1; +http://www.google.com/bot.html)"
66.249.74.12 - - [18/Jul/2025:13:02:15 +0000] "POST /get-message-notify HTTP/1.1" 200 19483 "http://www.alalamy.com.au/items/handmade/paintings/5377890/feature/idol/alalamy.com.au?_bd_prev_page=alalamy.com.au/detail.php?shopbrand/8720858.htm" "Mozilla/5.0 (Linux; Android 6.0.1; Nexus 5X Build/MMB29P) AppleWebKit/537.36 (KHTML, like Gecko) Chrome/137.0.7151.119 Mobile Safari/537.36 (compatible; Googlebot/2.1; +http://www.google.com/bot.html)"
