66.249.74.12 - - [18/Jul/2025:20:35:06 +0000] "GET /items/handmade/paintings/5377890/alalamy.com.au/feature/shoplist/alalamy.com.au/kaitori/alalamy.com.au/man/alalamy.com.au/feature/eposcard/index.html HTTP/1.1" 200 18359 "-" "Mozilla/5.0 (Linux; Android 6.0.1; Nexus 5X Build/MMB29P) AppleWebKit/537.36 (KHTML, like Gecko) Chrome/137.0.7151.103 Mobile Safari/537.36 (compatible; GoogleOther)"
66.249.74.13 - - [18/Jul/2025:20:35:10 +0000] "GET /items/handmade/paintings/5377890/alalamy.com.au/feature/shoplist/alalamy.com.au/kaitori/alalamy.com.au/man/alalamy.com.au/feature/utsunomiya/index.html HTTP/1.1" 200 18362 "-" "Mozilla/5.0 (Linux; Android 6.0.1; Nexus 5X Build/MMB29P) AppleWebKit/537.36 (KHTML, like Gecko) Chrome/137.0.7151.103 Mobile Safari/537.36 (compatible; GoogleOther)"
66.249.65.174 - - [18/Jul/2025:20:35:13 +0000] "GET /items/handicrafts/paintings/2644745/alalamy.com.au?_bd_prev_page=alalamy.com.au/detail.php?hobby/nuigurumi/nuigurumi.html HTTP/1.1" 200 19463 "-" "Mozilla/5.0 (Linux; Android 6.0.1; Nexus 5X Build/MMB29P) AppleWebKit/537.36 (KHTML, like Gecko) Chrome/137.0.7151.103 Mobile Safari/537.36 (compatible; GoogleOther)"
66.249.74.12 - - [18/Jul/2025:20:35:18 +0000] "GET /items/handmade/paintings/5377890/feature/idol/alalamy.com.au?_bd_prev_page=alalamy.com.au/detail.php? HTTP/1.1" 200 19828 "-" "Mozilla/5.0 (Linux; Android 6.0.1; Nexus 5X Build/MMB29P) AppleWebKit/537.36 (KHTML, like Gecko) Chrome/137.0.7151.103 Mobile Safari/537.36 (compatible; GoogleOther)"
66.249.74.12 - - [18/Jul/2025:20:35:20 +0000] "GET /items/art/antiques/1704275/alalamy.com.au/text/terms HTTP/1.1" 200 18949 "-" "Mozilla/5.0 (Linux; Android 6.0.1; Nexus 5X Build/MMB29P) AppleWebKit/537.36 (KHTML, like Gecko) Chrome/137.0.7151.103 Mobile Safari/537.36 (compatible; GoogleOther)"
66.249.74.12 - - [18/Jul/2025:20:35:23 +0000] "GET /items/handmade/paintings/5377890/alalamy.com.au/kaitori/alalamy.com.au/events/alalamy.com.au/man/alalamy.com.au/feature/eposcard/index.html HTTP/1.1" 200 18355 "-" "Mozilla/5.0 (Linux; Android 6.0.1; Nexus 5X Build/MMB29P) AppleWebKit/537.36 (KHTML, like Gecko) Chrome/137.0.7151.103 Mobile Safari/537.36 (compatible; GoogleOther)"
66.249.65.174 - - [18/Jul/2025:20:35:26 +0000] "GET /items/handicrafts/paintings/2644745/alalamy.com.au?_bd_prev_page=alalamy.com.au/detail.php?shopbrand/8306066.htm HTTP/1.1" 200 21814 "-" "Mozilla/5.0 (Linux; Android 6.0.1; Nexus 5X Build/MMB29P) AppleWebKit/537.36 (KHTML, like Gecko) Chrome/137.0.7151.103 Mobile Safari/537.36 (compatible; GoogleOther)"
66.249.65.174 - - [18/Jul/2025:20:35:28 +0000] "GET /items/handicrafts/paintings/2644745/alalamy.com.au?_bd_prev_page=alalamy.com.au/detail.php?shopbrand/8300796.htm HTTP/1.1" 200 21085 "-" "Mozilla/5.0 (Linux; Android 6.0.1; Nexus 5X Build/MMB29P) AppleWebKit/537.36 (KHTML, like Gecko) Chrome/137.0.7151.103 Mobile Safari/537.36 (compatible; GoogleOther)"
66.249.65.174 - - [18/Jul/2025:20:35:31 +0000] "GET /items/handicrafts/paintings/2644745/alalamy.com.au?_bd_prev_page=alalamy.com.au/detail.php?shopbrand/8305800.htm HTTP/1.1" 200 19100 "-" "Mozilla/5.0 (Linux; Android 6.0.1; Nexus 5X Build/MMB29P) AppleWebKit/537.36 (KHTML, like Gecko) Chrome/137.0.7151.103 Mobile Safari/537.36 (compatible; GoogleOther)"
66.249.65.174 - - [18/Jul/2025:20:35:33 +0000] "GET /items/handicrafts/paintings/2644745/alalamy.com.au?_bd_prev_page=alalamy.com.au/detail.php?shopbrand/8302192.htm HTTP/1.1" 200 19561 "-" "Mozilla/5.0 (Linux; Android 6.0.1; Nexus 5X Build/MMB29P) AppleWebKit/537.36 (KHTML, like Gecko) Chrome/137.0.7151.103 Mobile Safari/537.36 (compatible; GoogleOther)"
66.249.65.174 - - [18/Jul/2025:20:35:36 +0000] "GET /items/handicrafts/paintings/2644745/alalamy.com.au?_bd_prev_page=alalamy.com.au/detail.php?shopbrand/8307875.htm HTTP/1.1" 200 19388 "-" "Mozilla/5.0 (Linux; Android 6.0.1; Nexus 5X Build/MMB29P) AppleWebKit/537.36 (KHTML, like Gecko) Chrome/137.0.7151.103 Mobile Safari/537.36 (compatible; GoogleOther)"
66.249.65.174 - - [18/Jul/2025:20:35:38 +0000] "GET /items/handicrafts/paintings/2644745/alalamy.com.au?_bd_prev_page=alalamy.com.au/detail.php?shopbrand/8308149.htm HTTP/1.1" 200 22820 "-" "Mozilla/5.0 (Linux; Android 6.0.1; Nexus 5X Build/MMB29P) AppleWebKit/537.36 (KHTML, like Gecko) Chrome/137.0.7151.103 Mobile Safari/537.36 (compatible; GoogleOther)"
66.249.74.12 - - [18/Jul/2025:20:35:41 +0000] "GET /items/handmade/paintings/5377890/alalamy.com.au/feature/shoplist-friendly/alalamy.com.au/man/alalamy.com.au/hobby/nuigurumi/nuigurumi.html HTTP/1.1" 200 18366 "-" "Mozilla/5.0 (Linux; Android 6.0.1; Nexus 5X Build/MMB29P) AppleWebKit/537.36 (KHTML, like Gecko) Chrome/137.0.7151.103 Mobile Safari/537.36 (compatible; GoogleOther)"
209.74.77.214 - - [18/Jul/2025:20:35:43 +0000] "POST /wp-cron.php?doing_wp_cron=1752870942.9575839042663574218750 HTTP/1.1" 200 - "-" "WordPress/6.8.2; https://alalamy.com.au"
20.171.207.85 - - [18/Jul/2025:20:35:42 +0000] "GET /items/fashion/bags/5249189/ HTTP/1.1" 404 20410 "-" "Mozilla/5.0 AppleWebKit/537.36 (KHTML, like Gecko; compatible; GPTBot/1.2; +https://openai.com/gptbot)"
66.249.74.12 - - [18/Jul/2025:20:35:44 +0000] "GET /items/handmade/paintings/5377890/alalamy.com.au/kaitori/alalamy.com.au/events/alalamy.com.au/man/alalamy.com.au/feature/utsunomiya/index.html HTTP/1.1" 200 18359 "-" "Mozilla/5.0 (Linux; Android 6.0.1; Nexus 5X Build/MMB29P) AppleWebKit/537.36 (KHTML, like Gecko) Chrome/137.0.7151.103 Mobile Safari/537.36 (compatible; GoogleOther)"
66.249.65.174 - - [18/Jul/2025:20:35:46 +0000] "GET /items/handicrafts/paintings/2644745/alalamy.com.au?_bd_prev_page=alalamy.com.au/detail.php?shopbrand/8304116.htm HTTP/1.1" 200 19372 "-" "Mozilla/5.0 (Linux; Android 6.0.1; Nexus 5X Build/MMB29P) AppleWebKit/537.36 (KHTML, like Gecko) Chrome/137.0.7151.103 Mobile Safari/537.36 (compatible; GoogleOther)"
66.249.74.12 - - [18/Jul/2025:20:35:49 +0000] "GET /items/art/stringed-instruments/2592284/alalamy.com.au HTTP/1.1" 200 18793 "-" "Mozilla/5.0 (Linux; Android 6.0.1; Nexus 5X Build/MMB29P) AppleWebKit/537.36 (KHTML, like Gecko) Chrome/137.0.7151.103 Mobile Safari/537.36 (compatible; GoogleOther)"
66.249.74.12 - - [18/Jul/2025:20:35:54 +0000] "GET /items/handmade/paintings/5377890/alalamy.com.au/feature/shoplist/alalamy.com.au/kaitori/alalamy.com.au/man/alalamy.com.au/feature/yokohama_maruicity/index.html HTTP/1.1" 200 18373 "-" "Mozilla/5.0 (Linux; Android 6.0.1; Nexus 5X Build/MMB29P) AppleWebKit/537.36 (KHTML, like Gecko) Chrome/137.0.7151.103 Mobile Safari/537.36 (compatible; GoogleOther)"
66.249.74.12 - - [18/Jul/2025:20:35:56 +0000] "GET /items/handmade/paintings/5377890/alalamy.com.au/feature/akihabara_main/alalamy.com.au?_bd_prev_page=alalamy.com.au/detail.php?toiawase HTTP/1.1" 200 21262 "-" "Mozilla/5.0 (Linux; Android 6.0.1; Nexus 5X Build/MMB29P) AppleWebKit/537.36 (KHTML, like Gecko) Chrome/137.0.7151.103 Mobile Safari/537.36 (compatible; GoogleOther)"
66.249.65.160 - - [18/Jul/2025:20:35:59 +0000] "GET /items/handicrafts/paintings/2644745/alalamy.com.au?_bd_prev_page=alalamy.com.au/detail.php?shopbrand/7370890.htm HTTP/1.1" 200 19730 "-" "Mozilla/5.0 (Linux; Android 6.0.1; Nexus 5X Build/MMB29P) AppleWebKit/537.36 (KHTML, like Gecko) Chrome/137.0.7151.103 Mobile Safari/537.36 (compatible; GoogleOther)"
66.249.65.160 - - [18/Jul/2025:20:36:02 +0000] "GET /items/handicrafts/paintings/2644745/alalamy.com.au?_bd_prev_page=alalamy.com.au/detail.php?shopbrand/7360725.htm HTTP/1.1" 200 21312 "-" "Mozilla/5.0 (Linux; Android 6.0.1; Nexus 5X Build/MMB29P) AppleWebKit/537.36 (KHTML, like Gecko) Chrome/137.0.7151.103 Mobile Safari/537.36 (compatible; GoogleOther)"
66.249.65.174 - - [18/Jul/2025:20:36:04 +0000] "GET /items/handicrafts/paintings/2644745/alalamy.com.au?_bd_prev_page=alalamy.com.au/detail.php?shopbrand/7372260.htm HTTP/1.1" 200 19302 "-" "Mozilla/5.0 (Linux; Android 6.0.1; Nexus 5X Build/MMB29P) AppleWebKit/537.36 (KHTML, like Gecko) Chrome/137.0.7151.103 Mobile Safari/537.36 (compatible; GoogleOther)"
66.249.65.174 - - [18/Jul/2025:20:36:07 +0000] "GET /items/handicrafts/paintings/2644745/alalamy.com.au?_bd_prev_page=alalamy.com.au/detail.php?shopbrand/7361438.htm HTTP/1.1" 200 19682 "-" "Mozilla/5.0 (Linux; Android 6.0.1; Nexus 5X Build/MMB29P) AppleWebKit/537.36 (KHTML, like Gecko) Chrome/137.0.7151.103 Mobile Safari/537.36 (compatible; GoogleOther)"
66.249.74.14 - - [18/Jul/2025:20:36:09 +0000] "GET /items/handmade/paintings/alalamy.com.au/oreka/alalamy.com.au?_bd_prev_page=alalamy.com.au/detail.php?product_archives HTTP/1.1" 200 19334 "-" "Mozilla/5.0 (Linux; Android 6.0.1; Nexus 5X Build/MMB29P) AppleWebKit/537.36 (KHTML, like Gecko) Chrome/137.0.7151.103 Mobile Safari/537.36 (compatible; GoogleOther)"
66.249.74.12 - - [18/Jul/2025:20:36:12 +0000] "GET /items/handmade/paintings/5377890/feature/idol/alalamy.com.au?_bd_prev_page=alalamy.com.au/detail.php?pcsp.html HTTP/1.1" 200 21393 "-" "Mozilla/5.0 (Linux; Android 6.0.1; Nexus 5X Build/MMB29P) AppleWebKit/537.36 (KHTML, like Gecko) Chrome/137.0.7151.103 Mobile Safari/537.36 (compatible; GoogleOther)"
66.249.65.174 - - [18/Jul/2025:20:36:14 +0000] "GET /items/handicrafts/paintings/2644745/alalamy.com.au?_bd_prev_page=alalamy.com.au/detail.php?shopbrand/102720601.htm HTTP/1.1" 200 19684 "-" "Mozilla/5.0 (Linux; Android 6.0.1; Nexus 5X Build/MMB29P) AppleWebKit/537.36 (KHTML, like Gecko) Chrome/137.0.7151.103 Mobile Safari/537.36 (compatible; GoogleOther)"
66.249.74.12 - - [18/Jul/2025:20:36:17 +0000] "GET /items/handmade/paintings/alalamy.com.au/oreka/alalamy.com.au?_bd_prev_page=alalamy.com.au/detail.php?hobby.html HTTP/1.1" 200 19456 "-" "Mozilla/5.0 (Linux; Android 6.0.1; Nexus 5X Build/MMB29P) AppleWebKit/537.36 (KHTML, like Gecko) Chrome/137.0.7151.103 Mobile Safari/537.36 (compatible; GoogleOther)"
66.249.74.13 - - [18/Jul/2025:20:36:20 +0000] "GET /items/handmade/paintings/5377890/alalamy.com.au/feature/shoplist/alalamy.com.au/kaitori/alalamy.com.au/man/alalamy.com.au/hobby/nuigurumi/nuigurumi.html HTTP/1.1" 200 18368 "-" "Mozilla/5.0 (Linux; Android 6.0.1; Nexus 5X Build/MMB29P) AppleWebKit/537.36 (KHTML, like Gecko) Chrome/137.0.7151.103 Mobile Safari/537.36 (compatible; GoogleOther)"
66.249.65.174 - - [18/Jul/2025:20:36:22 +0000] "GET /items/handicrafts/paintings/2644745/alalamy.com.au?_bd_prev_page=alalamy.com.au/detail.php?shopbrand/68378530.htm HTTP/1.1" 200 19634 "-" "Mozilla/5.0 (Linux; Android 6.0.1; Nexus 5X Build/MMB29P) AppleWebKit/537.36 (KHTML, like Gecko) Chrome/137.0.7151.103 Mobile Safari/537.36 (compatible; GoogleOther)"
66.249.65.174 - - [18/Jul/2025:20:36:25 +0000] "GET /items/handicrafts/paintings/2644745/alalamy.com.au?_bd_prev_page=alalamy.com.au/detail.php?shopbrand/102720867.htm HTTP/1.1" 200 20041 "-" "Mozilla/5.0 (Linux; Android 6.0.1; Nexus 5X Build/MMB29P) AppleWebKit/537.36 (KHTML, like Gecko) Chrome/137.0.7151.103 Mobile Safari/537.36 (compatible; GoogleOther)"
66.249.65.174 - - [18/Jul/2025:20:36:27 +0000] "GET /items/handicrafts/paintings/2644745/alalamy.com.au?_bd_prev_page=alalamy.com.au/detail.php?shopbrand/102721556.htm HTTP/1.1" 200 19429 "-" "Mozilla/5.0 (Linux; Android 6.0.1; Nexus 5X Build/MMB29P) AppleWebKit/537.36 (KHTML, like Gecko) Chrome/137.0.7151.103 Mobile Safari/537.36 (compatible; GoogleOther)"
66.249.65.174 - - [18/Jul/2025:20:36:30 +0000] "GET /items/handicrafts/paintings/2644745/alalamy.com.au?_bd_prev_page=alalamy.com.au/detail.php?product/edit/A13890398 HTTP/1.1" 200 20102 "-" "Mozilla/5.0 (Linux; Android 6.0.1; Nexus 5X Build/MMB29P) AppleWebKit/537.36 (KHTML, like Gecko) Chrome/137.0.7151.103 Mobile Safari/537.36 (compatible; GoogleOther)"
66.249.65.174 - - [18/Jul/2025:20:36:32 +0000] "GET /items/handicrafts/paintings/2644745/alalamy.com.au?_bd_prev_page=alalamy.com.au/detail.php?shopbrand/102727954.htm HTTP/1.1" 200 21372 "-" "Mozilla/5.0 (Linux; Android 6.0.1; Nexus 5X Build/MMB29P) AppleWebKit/537.36 (KHTML, like Gecko) Chrome/137.0.7151.103 Mobile Safari/537.36 (compatible; GoogleOther)"
66.249.65.174 - - [18/Jul/2025:20:36:35 +0000] "GET /items/handicrafts/paintings/2644745/alalamy.com.au?_bd_prev_page=alalamy.com.au/detail.php?shopbrand/68375079.htm HTTP/1.1" 200 22925 "-" "Mozilla/5.0 (Linux; Android 6.0.1; Nexus 5X Build/MMB29P) AppleWebKit/537.36 (KHTML, like Gecko) Chrome/137.0.7151.103 Mobile Safari/537.36 (compatible; GoogleOther)"
66.249.65.174 - - [18/Jul/2025:20:36:38 +0000] "GET /items/handicrafts/paintings/2644745/alalamy.com.au?_bd_prev_page=alalamy.com.au/detail.php?shopbrand/102724634.htm HTTP/1.1" 200 22410 "-" "Mozilla/5.0 (Linux; Android 6.0.1; Nexus 5X Build/MMB29P) AppleWebKit/537.36 (KHTML, like Gecko) Chrome/137.0.7151.103 Mobile Safari/537.36 (compatible; GoogleOther)"
66.249.65.174 - - [18/Jul/2025:20:36:38 +0000] "POST /get-message-notify HTTP/1.1" 200 19461 "http://alalamy.com.au/items/handicrafts/paintings/2644745/alalamy.com.au?_bd_prev_page=alalamy.com.au/detail.php?shopbrand/8783970.htm" "Mozilla/5.0 (Linux; Android 6.0.1; Nexus 5X Build/MMB29P) AppleWebKit/537.36 (KHTML, like Gecko) Chrome/137.0.7151.119 Mobile Safari/537.36 (compatible; Googlebot/2.1; +http://www.google.com/bot.html)"
66.249.65.174 - - [18/Jul/2025:20:36:40 +0000] "GET /items/handicrafts/paintings/2644745/alalamy.com.au?_bd_prev_page=alalamy.com.au/detail.php?shopbrand/8186244.htm HTTP/1.1" 200 19795 "-" "Mozilla/5.0 (Linux; Android 6.0.1; Nexus 5X Build/MMB29P) AppleWebKit/537.36 (KHTML, like Gecko) Chrome/137.0.7151.103 Mobile Safari/537.36 (compatible; GoogleOther)"
66.249.74.12 - - [18/Jul/2025:20:36:43 +0000] "GET /items/art/stringed-instruments/2592284/alalamy.com.au/boyslove.html HTTP/1.1" 200 18809 "-" "Mozilla/5.0 (Linux; Android 6.0.1; Nexus 5X Build/MMB29P) AppleWebKit/537.36 (KHTML, like Gecko) Chrome/137.0.7151.103 Mobile Safari/537.36 (compatible; GoogleOther)"
66.249.65.174 - - [18/Jul/2025:20:36:45 +0000] "GET /items/handicrafts/paintings/2644745/alalamy.com.au?_bd_prev_page=alalamy.com.au/detail.php?shopbrand/102727654.htm HTTP/1.1" 200 18919 "-" "Mozilla/5.0 (Linux; Android 6.0.1; Nexus 5X Build/MMB29P) AppleWebKit/537.36 (KHTML, like Gecko) Chrome/137.0.7151.103 Mobile Safari/537.36 (compatible; GoogleOther)"
66.249.65.174 - - [18/Jul/2025:20:36:48 +0000] "GET /items/handicrafts/paintings/2644745/alalamy.com.au?_bd_prev_page=alalamy.com.au/detail.php?shopbrand/68374813.htm HTTP/1.1" 200 20961 "-" "Mozilla/5.0 (Linux; Android 6.0.1; Nexus 5X Build/MMB29P) AppleWebKit/537.36 (KHTML, like Gecko) Chrome/137.0.7151.103 Mobile Safari/537.36 (compatible; GoogleOther)"
66.249.65.174 - - [18/Jul/2025:20:36:50 +0000] "GET /items/handicrafts/paintings/2644745/alalamy.com.au?_bd_prev_page=alalamy.com.au/detail.php?shopbrand/8197090.htm HTTP/1.1" 200 19427 "-" "Mozilla/5.0 (Linux; Android 6.0.1; Nexus 5X Build/MMB29P) AppleWebKit/537.36 (KHTML, like Gecko) Chrome/137.0.7151.103 Mobile Safari/537.36 (compatible; GoogleOther)"
66.249.65.174 - - [18/Jul/2025:20:36:53 +0000] "GET /items/handicrafts/paintings/2644745/alalamy.com.au?_bd_prev_page=alalamy.com.au/detail.php?shopbrand/8196824.htm HTTP/1.1" 200 20292 "-" "Mozilla/5.0 (Linux; Android 6.0.1; Nexus 5X Build/MMB29P) AppleWebKit/537.36 (KHTML, like Gecko) Chrome/137.0.7151.103 Mobile Safari/537.36 (compatible; GoogleOther)"
66.249.65.174 - - [18/Jul/2025:20:36:56 +0000] "GET /items/handicrafts/paintings/2644745/alalamy.com.au?_bd_prev_page=alalamy.com.au/detail.php?shopbrand/8190152.htm HTTP/1.1" 200 19977 "-" "Mozilla/5.0 (Linux; Android 6.0.1; Nexus 5X Build/MMB29P) AppleWebKit/537.36 (KHTML, like Gecko) Chrome/137.0.7151.103 Mobile Safari/537.36 (compatible; GoogleOther)"
66.249.65.160 - - [18/Jul/2025:20:36:58 +0000] "GET /items/handicrafts/paintings/2644745/alalamy.com.au?_bd_prev_page=alalamy.com.au/detail.php?shopbrand/8195597.htm HTTP/1.1" 200 20934 "-" "Mozilla/5.0 (Linux; Android 6.0.1; Nexus 5X Build/MMB29P) AppleWebKit/537.36 (KHTML, like Gecko) Chrome/137.0.7151.103 Mobile Safari/537.36 (compatible; GoogleOther)"
66.249.65.174 - - [18/Jul/2025:20:37:01 +0000] "GET /items/handicrafts/paintings/2644745/alalamy.com.au?_bd_prev_page=alalamy.com.au/detail.php?shopbrand/102719058.htm HTTP/1.1" 200 19213 "-" "Mozilla/5.0 (Linux; Android 6.0.1; Nexus 5X Build/MMB29P) AppleWebKit/537.36 (KHTML, like Gecko) Chrome/137.0.7151.103 Mobile Safari/537.36 (compatible; GoogleOther)"
66.249.65.161 - - [18/Jul/2025:20:37:03 +0000] "GET /items/handicrafts/paintings/2644745/alalamy.com.au?_bd_prev_page=alalamy.com.au/detail.php?shopbrand/8191405.htm HTTP/1.1" 200 20324 "-" "Mozilla/5.0 (Linux; Android 6.0.1; Nexus 5X Build/MMB29P) AppleWebKit/537.36 (KHTML, like Gecko) Chrome/137.0.7151.103 Mobile Safari/537.36 (compatible; GoogleOther)"
66.249.65.160 - - [18/Jul/2025:20:37:06 +0000] "GET /items/handicrafts/paintings/2644745/alalamy.com.au?_bd_prev_page=alalamy.com.au/detail.php?man/kaitori/ansin.html HTTP/1.1" 200 20542 "-" "Mozilla/5.0 (Linux; Android 6.0.1; Nexus 5X Build/MMB29P) AppleWebKit/537.36 (KHTML, like Gecko) Chrome/137.0.7151.103 Mobile Safari/537.36 (compatible; GoogleOther)"
66.249.65.160 - - [18/Jul/2025:20:37:08 +0000] "GET /items/handicrafts/paintings/2644745/alalamy.com.au?_bd_prev_page=alalamy.com.au/detail.php?shopbrand/68373826.htm HTTP/1.1" 200 20197 "-" "Mozilla/5.0 (Linux; Android 6.0.1; Nexus 5X Build/MMB29P) AppleWebKit/537.36 (KHTML, like Gecko) Chrome/137.0.7151.103 Mobile Safari/537.36 (compatible; GoogleOther)"
66.249.65.174 - - [18/Jul/2025:20:37:14 +0000] "GET /items/handicrafts/paintings/2644745/alalamy.com.au?_bd_prev_page=alalamy.com.au/detail.php?shopbrand/8212102.htm HTTP/1.1" 200 19434 "-" "Mozilla/5.0 (Linux; Android 6.0.1; Nexus 5X Build/MMB29P) AppleWebKit/537.36 (KHTML, like Gecko) Chrome/137.0.7151.103 Mobile Safari/537.36 (compatible; GoogleOther)"
66.249.65.174 - - [18/Jul/2025:20:37:16 +0000] "GET /items/handicrafts/paintings/2644745/alalamy.com.au?_bd_prev_page=alalamy.com.au/detail.php?shopbrand/8203365.htm HTTP/1.1" 200 19266 "-" "Mozilla/5.0 (Linux; Android 6.0.1; Nexus 5X Build/MMB29P) AppleWebKit/537.36 (KHTML, like Gecko) Chrome/137.0.7151.103 Mobile Safari/537.36 (compatible; GoogleOther)"
66.249.65.174 - - [18/Jul/2025:20:37:19 +0000] "GET /items/handicrafts/paintings/2644745/alalamy.com.au?_bd_prev_page=alalamy.com.au/detail.php?shopbrand/8213530.htm HTTP/1.1" 200 19969 "-" "Mozilla/5.0 (Linux; Android 6.0.1; Nexus 5X Build/MMB29P) AppleWebKit/537.36 (KHTML, like Gecko) Chrome/137.0.7151.103 Mobile Safari/537.36 (compatible; GoogleOther)"
66.249.65.174 - - [18/Jul/2025:20:37:21 +0000] "GET /items/handicrafts/paintings/2644745/alalamy.com.au?_bd_prev_page=alalamy.com.au/detail.php?shopbrand/8213645.htm HTTP/1.1" 200 19985 "-" "Mozilla/5.0 (Linux; Android 6.0.1; Nexus 5X Build/MMB29P) AppleWebKit/537.36 (KHTML, like Gecko) Chrome/137.0.7151.103 Mobile Safari/537.36 (compatible; GoogleOther)"
66.249.65.174 - - [18/Jul/2025:20:37:24 +0000] "GET /items/handicrafts/paintings/2644745/alalamy.com.au?_bd_prev_page=alalamy.com.au/detail.php?shopbrand/8213488.htm HTTP/1.1" 200 21588 "-" "Mozilla/5.0 (Linux; Android 6.0.1; Nexus 5X Build/MMB29P) AppleWebKit/537.36 (KHTML, like Gecko) Chrome/137.0.7151.103 Mobile Safari/537.36 (compatible; GoogleOther)"
66.249.65.174 - - [18/Jul/2025:20:37:26 +0000] "GET /items/handicrafts/paintings/2644745/alalamy.com.au?_bd_prev_page=alalamy.com.au/detail.php?shopbrand/8208228.htm HTTP/1.1" 200 19899 "-" "Mozilla/5.0 (Linux; Android 6.0.1; Nexus 5X Build/MMB29P) AppleWebKit/537.36 (KHTML, like Gecko) Chrome/137.0.7151.103 Mobile Safari/537.36 (compatible; GoogleOther)"
66.249.65.174 - - [18/Jul/2025:20:37:29 +0000] "GET /items/handicrafts/paintings/2644745/alalamy.com.au?_bd_prev_page=alalamy.com.au/detail.php?shopbrand/8203206.htm HTTP/1.1" 200 19614 "-" "Mozilla/5.0 (Linux; Android 6.0.1; Nexus 5X Build/MMB29P) AppleWebKit/537.36 (KHTML, like Gecko) Chrome/137.0.7151.103 Mobile Safari/537.36 (compatible; GoogleOther)"
66.249.65.174 - - [18/Jul/2025:20:37:32 +0000] "GET /items/handicrafts/paintings/2644745/alalamy.com.au?_bd_prev_page=alalamy.com.au/detail.php?shopbrand/8202535.htm HTTP/1.1" 200 19242 "-" "Mozilla/5.0 (Linux; Android 6.0.1; Nexus 5X Build/MMB29P) AppleWebKit/537.36 (KHTML, like Gecko) Chrome/137.0.7151.103 Mobile Safari/537.36 (compatible; GoogleOther)"
66.249.65.174 - - [18/Jul/2025:20:37:34 +0000] "GET /items/handicrafts/paintings/2644745/alalamy.com.au?_bd_prev_page=alalamy.com.au/detail.php?shopbrand/8214070.htm HTTP/1.1" 200 20318 "-" "Mozilla/5.0 (Linux; Android 6.0.1; Nexus 5X Build/MMB29P) AppleWebKit/537.36 (KHTML, like Gecko) Chrome/137.0.7151.103 Mobile Safari/537.36 (compatible; GoogleOther)"
66.249.65.160 - - [18/Jul/2025:20:37:39 +0000] "GET /items/handicrafts/paintings/2644745/alalamy.com.au?_bd_prev_page=alalamy.com.au/detail.php?shopbrand/8207398.htm HTTP/1.1" 200 21833 "-" "Mozilla/5.0 (Linux; Android 6.0.1; Nexus 5X Build/MMB29P) AppleWebKit/537.36 (KHTML, like Gecko) Chrome/137.0.7151.103 Mobile Safari/537.36 (compatible; GoogleOther)"
66.249.65.160 - - [18/Jul/2025:20:37:42 +0000] "GET /items/handicrafts/paintings/2644745/alalamy.com.au?_bd_prev_page=alalamy.com.au/detail.php?shopbrand/8209207.htm HTTP/1.1" 200 19033 "-" "Mozilla/5.0 (Linux; Android 6.0.1; Nexus 5X Build/MMB29P) AppleWebKit/537.36 (KHTML, like Gecko) Chrome/137.0.7151.103 Mobile Safari/537.36 (compatible; GoogleOther)"
66.249.74.12 - - [18/Jul/2025:20:37:44 +0000] "GET /items/handmade/paintings/alalamy.com.au/oreka/alalamy.com.au?_bd_prev_page=alalamy.com.au/detail.php?feature/utsunomiya/index.html HTTP/1.1" 200 22940 "-" "Mozilla/5.0 (Linux; Android 6.0.1; Nexus 5X Build/MMB29P) AppleWebKit/537.36 (KHTML, like Gecko) Chrome/137.0.7151.103 Mobile Safari/537.36 (compatible; GoogleOther)"
20.171.207.85 - - [18/Jul/2025:20:37:49 +0000] "GET /items/fashion/mens/2599105/ HTTP/1.1" 404 20410 "-" "Mozilla/5.0 AppleWebKit/537.36 (KHTML, like Gecko; compatible; GPTBot/1.2; +https://openai.com/gptbot)"
66.249.74.13 - - [18/Jul/2025:20:37:50 +0000] "GET /items/handmade/paintings/5377890/alalamy.com.au/kaitori/alalamy.com.au/events/alalamy.com.au/man/alalamy.com.au/hobby/nuigurumi/nuigurumi.html HTTP/1.1" 200 18362 "-" "Mozilla/5.0 (Linux; Android 6.0.1; Nexus 5X Build/MMB29P) AppleWebKit/537.36 (KHTML, like Gecko) Chrome/137.0.7151.103 Mobile Safari/537.36 (compatible; GoogleOther)"
66.249.74.13 - - [18/Jul/2025:20:37:52 +0000] "GET /items/handmade/paintings/5377890/alalamy.com.au/feature/akihabara_main/alalamy.com.au?_bd_prev_page=alalamy.com.au/detail.php?feature/idol/gradol.html HTTP/1.1" 200 19633 "-" "Mozilla/5.0 (Linux; Android 6.0.1; Nexus 5X Build/MMB29P) AppleWebKit/537.36 (KHTML, like Gecko) Chrome/137.0.7151.103 Mobile Safari/537.36 (compatible; GoogleOther)"
66.249.65.174 - - [18/Jul/2025:20:37:55 +0000] "GET /items/handicrafts/paintings/2644745/alalamy.com.au?_bd_prev_page=alalamy.com.au/detail.php?shopbrand/8787322.htm HTTP/1.1" 200 18959 "-" "Mozilla/5.0 (Linux; Android 6.0.1; Nexus 5X Build/MMB29P) AppleWebKit/537.36 (KHTML, like Gecko) Chrome/137.0.7151.103 Mobile Safari/537.36 (compatible; GoogleOther)"
66.249.65.160 - - [18/Jul/2025:20:37:57 +0000] "GET /items/handicrafts/paintings/2644745/alalamy.com.au?_bd_prev_page=alalamy.com.au/detail.php?shopbrand/8780924.htm HTTP/1.1" 200 19331 "-" "Mozilla/5.0 (Linux; Android 6.0.1; Nexus 5X Build/MMB29P) AppleWebKit/537.36 (KHTML, like Gecko) Chrome/137.0.7151.103 Mobile Safari/537.36 (compatible; GoogleOther)"
66.249.74.14 - - [18/Jul/2025:20:38:00 +0000] "GET /items/handmade/paintings/alalamy.com.au/oreka/alalamy.com.au?_bd_prev_page=alalamy.com.au/detail.php?game.html HTTP/1.1" 200 20074 "-" "Mozilla/5.0 (Linux; Android 6.0.1; Nexus 5X Build/MMB29P) AppleWebKit/537.36 (KHTML, like Gecko) Chrome/137.0.7151.103 Mobile Safari/537.36 (compatible; GoogleOther)"
66.249.65.174 - - [18/Jul/2025:20:38:03 +0000] "GET /items/handicrafts/paintings/2644745/alalamy.com.au?_bd_prev_page=alalamy.com.au/detail.php?shopbrand/8782574.htm HTTP/1.1" 200 19558 "-" "Mozilla/5.0 (Linux; Android 6.0.1; Nexus 5X Build/MMB29P) AppleWebKit/537.36 (KHTML, like Gecko) Chrome/137.0.7151.103 Mobile Safari/537.36 (compatible; GoogleOther)"
66.249.65.174 - - [18/Jul/2025:20:38:05 +0000] "GET /items/handicrafts/paintings/2644745/alalamy.com.au?_bd_prev_page=alalamy.com.au/detail.php?oreka/plamodel_menu.html HTTP/1.1" 200 19600 "-" "Mozilla/5.0 (Linux; Android 6.0.1; Nexus 5X Build/MMB29P) AppleWebKit/537.36 (KHTML, like Gecko) Chrome/137.0.7151.103 Mobile Safari/537.36 (compatible; GoogleOther)"
66.249.65.174 - - [18/Jul/2025:20:38:08 +0000] "GET /items/handicrafts/paintings/2644745/alalamy.com.au?_bd_prev_page=alalamy.com.au/detail.php?shopbrand/8781031.htm HTTP/1.1" 200 20826 "-" "Mozilla/5.0 (Linux; Android 6.0.1; Nexus 5X Build/MMB29P) AppleWebKit/537.36 (KHTML, like Gecko) Chrome/137.0.7151.103 Mobile Safari/537.36 (compatible; GoogleOther)"
66.249.65.174 - - [18/Jul/2025:20:38:10 +0000] "GET /items/handicrafts/paintings/2644745/alalamy.com.au?_bd_prev_page=alalamy.com.au/detail.php?shopbrand/8783811.htm HTTP/1.1" 200 19690 "-" "Mozilla/5.0 (Linux; Android 6.0.1; Nexus 5X Build/MMB29P) AppleWebKit/537.36 (KHTML, like Gecko) Chrome/137.0.7151.103 Mobile Safari/537.36 (compatible; GoogleOther)"
66.249.65.174 - - [18/Jul/2025:20:38:13 +0000] "GET /items/handicrafts/paintings/2644745/alalamy.com.au?_bd_prev_page=alalamy.com.au/detail.php?shopbrand/8776742.htm HTTP/1.1" 200 19099 "-" "Mozilla/5.0 (Linux; Android 6.0.1; Nexus 5X Build/MMB29P) AppleWebKit/537.36 (KHTML, like Gecko) Chrome/137.0.7151.103 Mobile Safari/537.36 (compatible; GoogleOther)"
66.249.65.174 - - [18/Jul/2025:20:38:15 +0000] "GET /items/handicrafts/paintings/2644745/alalamy.com.au?_bd_prev_page=alalamy.com.au/detail.php?shopbrand/8781605.htm HTTP/1.1" 200 20251 "-" "Mozilla/5.0 (Linux; Android 6.0.1; Nexus 5X Build/MMB29P) AppleWebKit/537.36 (KHTML, like Gecko) Chrome/137.0.7151.103 Mobile Safari/537.36 (compatible; GoogleOther)"
66.249.65.174 - - [18/Jul/2025:20:38:20 +0000] "GET /items/handicrafts/paintings/2644745/alalamy.com.au?_bd_prev_page=alalamy.com.au/detail.php?shopbrand/8785894.htm HTTP/1.1" 200 19291 "-" "Mozilla/5.0 (Linux; Android 6.0.1; Nexus 5X Build/MMB29P) AppleWebKit/537.36 (KHTML, like Gecko) Chrome/137.0.7151.103 Mobile Safari/537.36 (compatible; GoogleOther)"
66.249.74.13 - - [18/Jul/2025:20:38:26 +0000] "GET /items/handmade/paintings/alalamy.com.au/oreka/255_UF900 HTTP/1.1" 200 19266 "-" "Mozilla/5.0 (Linux; Android 6.0.1; Nexus 5X Build/MMB29P) AppleWebKit/537.36 (KHTML, like Gecko) Chrome/137.0.7151.103 Mobile Safari/537.36 (compatible; GoogleOther)"
66.249.65.174 - - [18/Jul/2025:20:38:28 +0000] "GET /items/handicrafts/paintings/2644745/alalamy.com.au?_bd_prev_page=alalamy.com.au/detail.php?shopbrand/8777032.htm HTTP/1.1" 200 20973 "-" "Mozilla/5.0 (Linux; Android 6.0.1; Nexus 5X Build/MMB29P) AppleWebKit/537.36 (KHTML, like Gecko) Chrome/137.0.7151.103 Mobile Safari/537.36 (compatible; GoogleOther)"
66.249.65.174 - - [18/Jul/2025:20:38:31 +0000] "GET /items/handicrafts/paintings/2644745/alalamy.com.au?_bd_prev_page=alalamy.com.au/detail.php?product/edit/A2995243877 HTTP/1.1" 200 20859 "-" "Mozilla/5.0 (Linux; Android 6.0.1; Nexus 5X Build/MMB29P) AppleWebKit/537.36 (KHTML, like Gecko) Chrome/137.0.7151.103 Mobile Safari/537.36 (compatible; GoogleOther)"
66.249.65.174 - - [18/Jul/2025:20:38:31 +0000] "POST /get-message-notify HTTP/1.1" 200 19461 "http://alalamy.com.au/items/handicrafts/paintings/2644745/alalamy.com.au?_bd_prev_page=alalamy.com.au/detail.php?shopbrand/8213645.htm" "Mozilla/5.0 (Linux; Android 6.0.1; Nexus 5X Build/MMB29P) AppleWebKit/537.36 (KHTML, like Gecko) Chrome/137.0.7151.119 Mobile Safari/537.36 (compatible; Googlebot/2.1; +http://www.google.com/bot.html)"
66.249.65.174 - - [18/Jul/2025:20:38:33 +0000] "GET /items/handicrafts/paintings/2644745/alalamy.com.au?_bd_prev_page=alalamy.com.au/detail.php?shopbrand/8784385.htm HTTP/1.1" 200 19071 "-" "Mozilla/5.0 (Linux; Android 6.0.1; Nexus 5X Build/MMB29P) AppleWebKit/537.36 (KHTML, like Gecko) Chrome/137.0.7151.103 Mobile Safari/537.36 (compatible; GoogleOther)"
66.249.65.174 - - [18/Jul/2025:20:38:36 +0000] "GET /items/handicrafts/paintings/2644745/alalamy.com.au?_bd_prev_page=alalamy.com.au/detail.php?shopbrand/8779935.htm HTTP/1.1" 200 19588 "-" "Mozilla/5.0 (Linux; Android 6.0.1; Nexus 5X Build/MMB29P) AppleWebKit/537.36 (KHTML, like Gecko) Chrome/137.0.7151.103 Mobile Safari/537.36 (compatible; GoogleOther)"
66.249.65.174 - - [18/Jul/2025:20:38:38 +0000] "GET /items/handicrafts/paintings/2644745/alalamy.com.au?_bd_prev_page=alalamy.com.au/detail.php?shopbrand/8787852.htm HTTP/1.1" 200 19418 "-" "Mozilla/5.0 (Linux; Android 6.0.1; Nexus 5X Build/MMB29P) AppleWebKit/537.36 (KHTML, like Gecko) Chrome/137.0.7151.103 Mobile Safari/537.36 (compatible; GoogleOther)"
66.249.65.174 - - [18/Jul/2025:20:38:44 +0000] "GET /items/handicrafts/paintings/2644745/alalamy.com.au?_bd_prev_page=alalamy.com.au/detail.php?shopbrand/8787163.htm HTTP/1.1" 200 18999 "-" "Mozilla/5.0 (Linux; Android 6.0.1; Nexus 5X Build/MMB29P) AppleWebKit/537.36 (KHTML, like Gecko) Chrome/137.0.7151.103 Mobile Safari/537.36 (compatible; GoogleOther)"
66.249.74.12 - - [18/Jul/2025:20:38:46 +0000] "GET /items/handmade/paintings/5377890/feature/idol/alalamy.com.au?_bd_prev_page=alalamy.com.au/detail.php?shopbrand/8297444.htm HTTP/1.1" 200 19194 "-" "Mozilla/5.0 (Linux; Android 6.0.1; Nexus 5X Build/MMB29P) AppleWebKit/537.36 (KHTML, like Gecko) Chrome/137.0.7151.103 Mobile Safari/537.36 (compatible; GoogleOther)"
66.249.74.12 - - [18/Jul/2025:20:38:49 +0000] "GET /items/handmade/paintings/5377890/feature/idol/alalamy.com.au?_bd_prev_page=alalamy.com.au/detail.php?shopbrand/8298157.htm HTTP/1.1" 200 21399 "-" "Mozilla/5.0 (Linux; Android 6.0.1; Nexus 5X Build/MMB29P) AppleWebKit/537.36 (KHTML, like Gecko) Chrome/137.0.7151.103 Mobile Safari/537.36 (compatible; GoogleOther)"
66.249.74.12 - - [18/Jul/2025:20:38:51 +0000] "GET /items/handmade/paintings/5377890/feature/idol/alalamy.com.au?_bd_prev_page=alalamy.com.au/detail.php?shopbrand/8226318.htm HTTP/1.1" 200 19628 "-" "Mozilla/5.0 (Linux; Android 6.0.1; Nexus 5X Build/MMB29P) AppleWebKit/537.36 (KHTML, like Gecko) Chrome/137.0.7151.103 Mobile Safari/537.36 (compatible; GoogleOther)"
66.249.74.12 - - [18/Jul/2025:20:38:54 +0000] "GET /items/handmade/paintings/5377890/feature/idol/alalamy.com.au?_bd_prev_page=alalamy.com.au/detail.php?shopbrand/8296499.htm HTTP/1.1" 200 19400 "-" "Mozilla/5.0 (Linux; Android 6.0.1; Nexus 5X Build/MMB29P) AppleWebKit/537.36 (KHTML, like Gecko) Chrome/137.0.7151.103 Mobile Safari/537.36 (compatible; GoogleOther)"
66.249.65.174 - - [18/Jul/2025:20:38:57 +0000] "GET /items/handicrafts/paintings/2644745/alalamy.com.au?_bd_prev_page=alalamy.com.au/detail.php?toreka/toreka_menu.html HTTP/1.1" 200 19163 "-" "Mozilla/5.0 (Linux; Android 6.0.1; Nexus 5X Build/MMB29P) AppleWebKit/537.36 (KHTML, like Gecko) Chrome/137.0.7151.103 Mobile Safari/537.36 (compatible; GoogleOther)"
66.249.74.12 - - [18/Jul/2025:20:38:59 +0000] "GET /items/handmade/paintings/5377890/feature/idol/alalamy.com.au?_bd_prev_page=alalamy.com.au/detail.php?shopbrand/7360884.htm HTTP/1.1" 200 20216 "-" "Mozilla/5.0 (Linux; Android 6.0.1; Nexus 5X Build/MMB29P) AppleWebKit/537.36 (KHTML, like Gecko) Chrome/137.0.7151.103 Mobile Safari/537.36 (compatible; GoogleOther)"
66.249.74.12 - - [18/Jul/2025:20:39:02 +0000] "GET /items/handmade/paintings/5377890/feature/idol/alalamy.com.au?_bd_prev_page=alalamy.com.au/detail.php?shopbrand/7371887.htm HTTP/1.1" 200 20059 "-" "Mozilla/5.0 (Linux; Android 6.0.1; Nexus 5X Build/MMB29P) AppleWebKit/537.36 (KHTML, like Gecko) Chrome/137.0.7151.103 Mobile Safari/537.36 (compatible; GoogleOther)"
66.249.74.12 - - [18/Jul/2025:20:39:04 +0000] "GET /items/handmade/paintings/5377890/feature/idol/alalamy.com.au?_bd_prev_page=alalamy.com.au/detail.php?shopbrand/8232277.htm HTTP/1.1" 200 19890 "-" "Mozilla/5.0 (Linux; Android 6.0.1; Nexus 5X Build/MMB29P) AppleWebKit/537.36 (KHTML, like Gecko) Chrome/137.0.7151.103 Mobile Safari/537.36 (compatible; GoogleOther)"
66.249.65.160 - - [18/Jul/2025:20:39:07 +0000] "GET /items/handicrafts/paintings/2644745/alalamy.com.au?_bd_prev_page=alalamy.com.au/detail.php?shopbrand/8596739.htm HTTP/1.1" 200 20171 "-" "Mozilla/5.0 (Linux; Android 6.0.1; Nexus 5X Build/MMB29P) AppleWebKit/537.36 (KHTML, like Gecko) Chrome/137.0.7151.103 Mobile Safari/537.36 (compatible; GoogleOther)"
66.249.65.160 - - [18/Jul/2025:20:39:11 +0000] "POST /get-message-notify HTTP/1.1" 200 19461 "http://alalamy.com.au/items/handicrafts/paintings/2644745/alalamy.com.au?_bd_prev_page=alalamy.com.au/detail.php?shopbrand/8787852.htm" "Mozilla/5.0 (Linux; Android 6.0.1; Nexus 5X Build/MMB29P) AppleWebKit/537.36 (KHTML, like Gecko) Chrome/137.0.7151.119 Mobile Safari/537.36 (compatible; Googlebot/2.1; +http://www.google.com/bot.html)"
66.249.74.12 - - [18/Jul/2025:20:39:17 +0000] "GET /items/art/models/3398625/alalamy.com.au/text/terms HTTP/1.1" 200 18966 "-" "Mozilla/5.0 (Linux; Android 6.0.1; Nexus 5X Build/MMB29P) AppleWebKit/537.36 (KHTML, like Gecko) Chrome/137.0.7151.103 Mobile Safari/537.36 (compatible; GoogleOther)"
66.249.74.12 - - [18/Jul/2025:20:39:20 +0000] "GET /items/handmade/paintings/5377890/feature/idol/alalamy.com.au?_bd_prev_page=alalamy.com.au/detail.php?shopbrand/8224775.htm HTTP/1.1" 200 19402 "-" "Mozilla/5.0 (Linux; Android 6.0.1; Nexus 5X Build/MMB29P) AppleWebKit/537.36 (KHTML, like Gecko) Chrome/137.0.7151.103 Mobile Safari/537.36 (compatible; GoogleOther)"
66.249.65.174 - - [18/Jul/2025:20:39:22 +0000] "GET /items/handicrafts/paintings/2644745/alalamy.com.au?_bd_prev_page=alalamy.com.au/detail.php?shopbrand/8598240.htm HTTP/1.1" 200 19231 "-" "Mozilla/5.0 (Linux; Android 6.0.1; Nexus 5X Build/MMB29P) AppleWebKit/537.36 (KHTML, like Gecko) Chrome/137.0.7151.103 Mobile Safari/537.36 (compatible; GoogleOther)"
66.249.65.174 - - [18/Jul/2025:20:39:25 +0000] "GET /items/handicrafts/paintings/2644745/alalamy.com.au?_bd_prev_page=alalamy.com.au/detail.php?shopbrand/8731563.htm HTTP/1.1" 200 19190 "-" "Mozilla/5.0 (Linux; Android 6.0.1; Nexus 5X Build/MMB29P) AppleWebKit/537.36 (KHTML, like Gecko) Chrome/137.0.7151.103 Mobile Safari/537.36 (compatible; GoogleOther)"
66.249.74.12 - - [18/Jul/2025:20:39:28 +0000] "POST /get-message-notify HTTP/1.1" 200 19483 "http://www.alalamy.com.au/items/handmade/paintings/5377890/alalamy.com.au/pcmypage/alalamy.com.au/feature/yokohama_maruicity/index.html" "Mozilla/5.0 (Linux; Android 6.0.1; Nexus 5X Build/MMB29P) AppleWebKit/537.36 (KHTML, like Gecko) Chrome/137.0.7151.119 Mobile Safari/537.36 (compatible; Googlebot/2.1; +http://www.google.com/bot.html)"
66.249.74.12 - - [18/Jul/2025:20:39:30 +0000] "GET /items/handmade/paintings/5377890/feature/idol/alalamy.com.au?_bd_prev_page=alalamy.com.au/detail.php?shopbrand/7368110.htm HTTP/1.1" 200 19212 "-" "Mozilla/5.0 (Linux; Android 6.0.1; Nexus 5X Build/MMB29P) AppleWebKit/537.36 (KHTML, like Gecko) Chrome/137.0.7151.103 Mobile Safari/537.36 (compatible; GoogleOther)"
66.249.74.12 - - [18/Jul/2025:20:39:33 +0000] "GET /items/handmade/paintings/alalamy.com.au/oreka/alalamy.com.au?_bd_prev_page=alalamy.com.au/detail.php?shopbrand/8298316.htm HTTP/1.1" 200 23484 "-" "Mozilla/5.0 (Linux; Android 6.0.1; Nexus 5X Build/MMB29P) AppleWebKit/537.36 (KHTML, like Gecko) Chrome/137.0.7151.103 Mobile Safari/537.36 (compatible; GoogleOther)"
66.249.74.12 - - [18/Jul/2025:20:39:35 +0000] "GET /items/handmade/paintings/5377890/alalamy.com.au/feature/akihabara_main/alalamy.com.au?_bd_prev_page=alalamy.com.au/detail.php?shopbrand/8562698.htm HTTP/1.1" 200 21420 "-" "Mozilla/5.0 (Linux; Android 6.0.1; Nexus 5X Build/MMB29P) AppleWebKit/537.36 (KHTML, like Gecko) Chrome/137.0.7151.103 Mobile Safari/537.36 (compatible; GoogleOther)"
66.249.74.12 - - [18/Jul/2025:20:39:38 +0000] "GET /items/handmade/paintings/5377890/alalamy.com.au/toreka/alalamy.com.au/alalamy.com.au/feature/utsunomiya/index.html HTTP/1.1" 200 18339 "-" "Mozilla/5.0 (Linux; Android 6.0.1; Nexus 5X Build/MMB29P) AppleWebKit/537.36 (KHTML, like Gecko) Chrome/137.0.7151.103 Mobile Safari/537.36 (compatible; GoogleOther)"
66.249.74.12 - - [18/Jul/2025:20:39:40 +0000] "GET /items/handmade/paintings/5377890/feature/idol/alalamy.com.au?_bd_prev_page=alalamy.com.au/detail.php?shopbrand/7364643.htm HTTP/1.1" 200 22036 "-" "Mozilla/5.0 (Linux; Android 6.0.1; Nexus 5X Build/MMB29P) AppleWebKit/537.36 (KHTML, like Gecko) Chrome/137.0.7151.103 Mobile Safari/537.36 (compatible; GoogleOther)"
66.249.65.174 - - [18/Jul/2025:20:39:43 +0000] "GET /items/handicrafts/paintings/2644745/alalamy.com.au?_bd_prev_page=alalamy.com.au/detail.php?shopbrand/8513172.htm HTTP/1.1" 200 18960 "-" "Mozilla/5.0 (Linux; Android 6.0.1; Nexus 5X Build/MMB29P) AppleWebKit/537.36 (KHTML, like Gecko) Chrome/137.0.7151.103 Mobile Safari/537.36 (compatible; GoogleOther)"
66.249.65.174 - - [18/Jul/2025:20:39:43 +0000] "POST /get-message-notify HTTP/1.1" 200 19461 "http://alalamy.com.au/items/handicrafts/paintings/2644745/alalamy.com.au?_bd_prev_page=alalamy.com.au/detail.php?shopbrand/102721556.htm" "Mozilla/5.0 (Linux; Android 6.0.1; Nexus 5X Build/MMB29P) AppleWebKit/537.36 (KHTML, like Gecko) Chrome/137.0.7151.119 Mobile Safari/537.36 (compatible; Googlebot/2.1; +http://www.google.com/bot.html)"
66.249.65.174 - - [18/Jul/2025:20:39:45 +0000] "GET /items/handicrafts/paintings/2644745/alalamy.com.au?_bd_prev_page=alalamy.com.au/detail.php?shopbrand/8915857.htm HTTP/1.1" 200 19387 "-" "Mozilla/5.0 (Linux; Android 6.0.1; Nexus 5X Build/MMB29P) AppleWebKit/537.36 (KHTML, like Gecko) Chrome/137.0.7151.103 Mobile Safari/537.36 (compatible; GoogleOther)"
66.249.74.12 - - [18/Jul/2025:20:39:48 +0000] "GET /items/handmade/paintings/5377890/alalamy.com.au/feature/shoplist/alalamy.com.au/kaitori/alalamy.com.au/man/alalamy.com.au/oreka/plamodel_menu.html HTTP/1.1" 200 18378 "-" "Mozilla/5.0 (Linux; Android 6.0.1; Nexus 5X Build/MMB29P) AppleWebKit/537.36 (KHTML, like Gecko) Chrome/137.0.7151.103 Mobile Safari/537.36 (compatible; GoogleOther)"
66.249.65.174 - - [18/Jul/2025:20:39:51 +0000] "GET /items/handicrafts/paintings/2644745/alalamy.com.au?_bd_prev_page=alalamy.com.au/detail.php?shopbrand/8729357.htm HTTP/1.1" 200 19401 "-" "Mozilla/5.0 (Linux; Android 6.0.1; Nexus 5X Build/MMB29P) AppleWebKit/537.36 (KHTML, like Gecko) Chrome/137.0.7151.103 Mobile Safari/537.36 (compatible; GoogleOther)"
66.249.74.12 - - [18/Jul/2025:20:39:55 +0000] "GET /items/art/stringed-instruments/2592284/alalamy.com.au/pcmypage HTTP/1.1" 200 18798 "-" "Mozilla/5.0 (Linux; Android 6.0.1; Nexus 5X Build/MMB29P) AppleWebKit/537.36 (KHTML, like Gecko) Chrome/137.0.7151.103 Mobile Safari/537.36 (compatible; GoogleOther)"
66.249.65.174 - - [18/Jul/2025:20:39:56 +0000] "GET /items/handicrafts/paintings/2644745/alalamy.com.au?_bd_prev_page=alalamy.com.au/detail.php?shopbrand/8520301.htm HTTP/1.1" 200 19265 "-" "Mozilla/5.0 (Linux; Android 6.0.1; Nexus 5X Build/MMB29P) AppleWebKit/537.36 (KHTML, like Gecko) Chrome/137.0.7151.103 Mobile Safari/537.36 (compatible; GoogleOther)"
66.249.65.174 - - [18/Jul/2025:20:39:58 +0000] "GET /items/handicrafts/paintings/2644745/alalamy.com.au?_bd_prev_page=alalamy.com.au/detail.php?product/edit/A257167332 HTTP/1.1" 200 22436 "-" "Mozilla/5.0 (Linux; Android 6.0.1; Nexus 5X Build/MMB29P) AppleWebKit/537.36 (KHTML, like Gecko) Chrome/137.0.7151.103 Mobile Safari/537.36 (compatible; GoogleOther)"
66.249.65.160 - - [18/Jul/2025:20:40:01 +0000] "GET /items/handicrafts/paintings/2644745/alalamy.com.au?_bd_prev_page=alalamy.com.au/detail.php?shopbrand/8729041.htm HTTP/1.1" 200 19279 "-" "Mozilla/5.0 (Linux; Android 6.0.1; Nexus 5X Build/MMB29P) AppleWebKit/537.36 (KHTML, like Gecko) Chrome/137.0.7151.103 Mobile Safari/537.36 (compatible; GoogleOther)"
66.249.65.161 - - [18/Jul/2025:20:40:03 +0000] "GET /items/handicrafts/paintings/2644745/alalamy.com.au?_bd_prev_page=alalamy.com.au/detail.php?product/edit/A1715682364 HTTP/1.1" 200 20303 "-" "Mozilla/5.0 (Linux; Android 6.0.1; Nexus 5X Build/MMB29P) AppleWebKit/537.36 (KHTML, like Gecko) Chrome/137.0.7151.103 Mobile Safari/537.36 (compatible; GoogleOther)"
66.249.65.174 - - [18/Jul/2025:20:40:06 +0000] "GET /items/handicrafts/paintings/2644745/alalamy.com.au?_bd_prev_page=alalamy.com.au/detail.php?shopbrand/8424925.htm HTTP/1.1" 200 21071 "-" "Mozilla/5.0 (Linux; Android 6.0.1; Nexus 5X Build/MMB29P) AppleWebKit/537.36 (KHTML, like Gecko) Chrome/137.0.7151.103 Mobile Safari/537.36 (compatible; GoogleOther)"
66.249.65.174 - - [18/Jul/2025:20:40:11 +0000] "GET /items/handicrafts/paintings/2644745/alalamy.com.au?_bd_prev_page=alalamy.com.au/detail.php?shopbrand/8409083.htm HTTP/1.1" 200 21543 "-" "Mozilla/5.0 (Linux; Android 6.0.1; Nexus 5X Build/MMB29P) AppleWebKit/537.36 (KHTML, like Gecko) Chrome/137.0.7151.103 Mobile Safari/537.36 (compatible; GoogleOther)"
66.249.65.174 - - [18/Jul/2025:20:40:14 +0000] "GET /items/handicrafts/paintings/2644745/alalamy.com.au?_bd_prev_page=alalamy.com.au/detail.php?shopbrand/9349279.htm HTTP/1.1" 200 19468 "-" "Mozilla/5.0 (Linux; Android 6.0.1; Nexus 5X Build/MMB29P) AppleWebKit/537.36 (KHTML, like Gecko) Chrome/137.0.7151.103 Mobile Safari/537.36 (compatible; GoogleOther)"
66.249.74.14 - - [18/Jul/2025:20:40:16 +0000] "GET /items/handmade/paintings/5377890/alalamy.com.au/feature/akihabara_main/alalamy.com.au?_bd_prev_page=alalamy.com.au/detail.php?shopbrand/8554183.htm HTTP/1.1" 200 21964 "-" "Mozilla/5.0 (Linux; Android 6.0.1; Nexus 5X Build/MMB29P) AppleWebKit/537.36 (KHTML, like Gecko) Chrome/137.0.7151.103 Mobile Safari/537.36 (compatible; GoogleOther)"
66.249.65.174 - - [18/Jul/2025:20:40:19 +0000] "GET /items/handicrafts/paintings/2644745/alalamy.com.au?_bd_prev_page=alalamy.com.au/detail.php?shopbrand/8939491.htm HTTP/1.1" 200 20780 "-" "Mozilla/5.0 (Linux; Android 6.0.1; Nexus 5X Build/MMB29P) AppleWebKit/537.36 (KHTML, like Gecko) Chrome/137.0.7151.103 Mobile Safari/537.36 (compatible; GoogleOther)"
66.249.74.14 - - [18/Jul/2025:20:40:19 +0000] "POST /get-message-notify HTTP/1.1" 200 19483 "http://www.alalamy.com.au/items/handmade/paintings/5377890/alalamy.com.au/feature/akihabara_main/alalamy.com.au?_bd_prev_page=alalamy.com.au/detail.php?shopbrand/8554183.htm" "Mozilla/5.0 (Linux; Android 6.0.1; Nexus 5X Build/MMB29P) AppleWebKit/537.36 (KHTML, like Gecko) Chrome/137.0.7151.119 Mobile Safari/537.36 (compatible; Googlebot/2.1; +http://www.google.com/bot.html)"
66.249.65.174 - - [18/Jul/2025:20:40:21 +0000] "GET /items/handicrafts/paintings/2644745/alalamy.com.au?_bd_prev_page=alalamy.com.au/detail.php?shopbrand/8506085.htm HTTP/1.1" 200 21170 "-" "Mozilla/5.0 (Linux; Android 6.0.1; Nexus 5X Build/MMB29P) AppleWebKit/537.36 (KHTML, like Gecko) Chrome/137.0.7151.103 Mobile Safari/537.36 (compatible; GoogleOther)"
66.249.65.174 - - [18/Jul/2025:20:40:24 +0000] "GET /items/handicrafts/paintings/2644745/alalamy.com.au?_bd_prev_page=alalamy.com.au/detail.php?shopbrand/8709184.htm HTTP/1.1" 200 20210 "-" "Mozilla/5.0 (Linux; Android 6.0.1; Nexus 5X Build/MMB29P) AppleWebKit/537.36 (KHTML, like Gecko) Chrome/137.0.7151.103 Mobile Safari/537.36 (compatible; GoogleOther)"
66.249.65.174 - - [18/Jul/2025:20:40:27 +0000] "GET /items/handicrafts/paintings/2644745/alalamy.com.au?_bd_prev_page=alalamy.com.au/detail.php?product/edit/A903433762 HTTP/1.1" 200 19210 "-" "Mozilla/5.0 (Linux; Android 6.0.1; Nexus 5X Build/MMB29P) AppleWebKit/537.36 (KHTML, like Gecko) Chrome/137.0.7151.103 Mobile Safari/537.36 (compatible; GoogleOther)"
66.249.74.13 - - [18/Jul/2025:20:40:29 +0000] "GET /items/handmade/paintings/5377890/alalamy.com.au/feature/akihabara_main/alalamy.com.au?_bd_prev_page=alalamy.com.au/detail.php?shopbrand/8560017.htm HTTP/1.1" 200 21480 "-" "Mozilla/5.0 (Linux; Android 6.0.1; Nexus 5X Build/MMB29P) AppleWebKit/537.36 (KHTML, like Gecko) Chrome/137.0.7151.103 Mobile Safari/537.36 (compatible; GoogleOther)"
66.249.65.174 - - [18/Jul/2025:20:40:32 +0000] "GET /items/handicrafts/paintings/2644745/alalamy.com.au?_bd_prev_page=alalamy.com.au/detail.php?shopbrand/8406146.htm HTTP/1.1" 200 19786 "-" "Mozilla/5.0 (Linux; Android 6.0.1; Nexus 5X Build/MMB29P) AppleWebKit/537.36 (KHTML, like Gecko) Chrome/137.0.7151.103 Mobile Safari/537.36 (compatible; GoogleOther)"
66.249.74.12 - - [18/Jul/2025:20:40:34 +0000] "GET /items/handmade/paintings/5377890/feature/idol/alalamy.com.au?_bd_prev_page=alalamy.com.au/detail.php?shopbrand/7364917.htm HTTP/1.1" 200 19328 "-" "Mozilla/5.0 (Linux; Android 6.0.1; Nexus 5X Build/MMB29P) AppleWebKit/537.36 (KHTML, like Gecko) Chrome/137.0.7151.103 Mobile Safari/537.36 (compatible; GoogleOther)"
66.249.74.12 - - [18/Jul/2025:20:40:37 +0000] "GET /items/handmade/paintings/alalamy.com.au/oreka/alalamy.com.au?_bd_prev_page=alalamy.com.au/detail.php?shopbrand/8300125.htm HTTP/1.1" 200 19274 "-" "Mozilla/5.0 (Linux; Android 6.0.1; Nexus 5X Build/MMB29P) AppleWebKit/537.36 (KHTML, like Gecko) Chrome/137.0.7151.103 Mobile Safari/537.36 (compatible; GoogleOther)"
66.249.65.174 - - [18/Jul/2025:20:40:39 +0000] "GET /items/handicrafts/paintings/2644745/alalamy.com.au?_bd_prev_page=alalamy.com.au/detail.php?shopbrand/8415199.htm HTTP/1.1" 200 20392 "-" "Mozilla/5.0 (Linux; Android 6.0.1; Nexus 5X Build/MMB29P) AppleWebKit/537.36 (KHTML, like Gecko) Chrome/137.0.7151.103 Mobile Safari/537.36 (compatible; GoogleOther)"
66.249.65.174 - - [18/Jul/2025:20:40:42 +0000] "GET /items/handicrafts/paintings/2644745/alalamy.com.au?_bd_prev_page=alalamy.com.au/detail.php?shopbrand/8425765.htm HTTP/1.1" 200 19293 "-" "Mozilla/5.0 (Linux; Android 6.0.1; Nexus 5X Build/MMB29P) AppleWebKit/537.36 (KHTML, like Gecko) Chrome/137.0.7151.103 Mobile Safari/537.36 (compatible; GoogleOther)"
66.249.65.174 - - [18/Jul/2025:20:40:45 +0000] "GET /items/handicrafts/paintings/2644745/alalamy.com.au?_bd_prev_page=alalamy.com.au/detail.php?shopbrand/8719315.htm HTTP/1.1" 200 20608 "-" "Mozilla/5.0 (Linux; Android 6.0.1; Nexus 5X Build/MMB29P) AppleWebKit/537.36 (KHTML, like Gecko) Chrome/137.0.7151.103 Mobile Safari/537.36 (compatible; GoogleOther)"
66.249.74.12 - - [18/Jul/2025:20:40:48 +0000] "POST /get-message-notify HTTP/1.1" 200 19483 "http://www.alalamy.com.au/items/handmade/paintings/alalamy.com.au/oreka/alalamy.com.au?_bd_prev_page=alalamy.com.au/detail.php?hobby.html" "Mozilla/5.0 (Linux; Android 6.0.1; Nexus 5X Build/MMB29P) AppleWebKit/537.36 (KHTML, like Gecko) Chrome/137.0.7151.119 Mobile Safari/537.36 (compatible; Googlebot/2.1; +http://www.google.com/bot.html)"
66.249.65.160 - - [18/Jul/2025:20:40:52 +0000] "GET /items/handicrafts/paintings/2644745/alalamy.com.au?_bd_prev_page=alalamy.com.au/detail.php?shopbrand/8923367.htm HTTP/1.1" 200 19321 "-" "Mozilla/5.0 (Linux; Android 6.0.1; Nexus 5X Build/MMB29P) AppleWebKit/537.36 (KHTML, like Gecko) Chrome/137.0.7151.103 Mobile Safari/537.36 (compatible; GoogleOther)"
66.249.74.12 - - [18/Jul/2025:20:40:55 +0000] "GET /items/handmade/paintings/5377890/feature/idol/alalamy.com.au?_bd_prev_page=alalamy.com.au/detail.php?shopbrand/7360725.htm HTTP/1.1" 200 21349 "-" "Mozilla/5.0 (Linux; Android 6.0.1; Nexus 5X Build/MMB29P) AppleWebKit/537.36 (KHTML, like Gecko) Chrome/137.0.7151.103 Mobile Safari/537.36 (compatible; GoogleOther)"
66.249.65.160 - - [18/Jul/2025:20:40:57 +0000] "GET /items/handicrafts/paintings/2644745/alalamy.com.au?_bd_prev_page=alalamy.com.au/detail.php?shopbrand/8505970.htm HTTP/1.1" 200 20962 "-" "Mozilla/5.0 (Linux; Android 6.0.1; Nexus 5X Build/MMB29P) AppleWebKit/537.36 (KHTML, like Gecko) Chrome/137.0.7151.103 Mobile Safari/537.36 (compatible; GoogleOther)"
66.249.65.174 - - [18/Jul/2025:20:41:00 +0000] "GET /items/handicrafts/paintings/2644745/alalamy.com.au?_bd_prev_page=alalamy.com.au/detail.php?shopbrand/8502193.htm HTTP/1.1" 200 21010 "-" "Mozilla/5.0 (Linux; Android 6.0.1; Nexus 5X Build/MMB29P) AppleWebKit/537.36 (KHTML, like Gecko) Chrome/137.0.7151.103 Mobile Safari/537.36 (compatible; GoogleOther)"
209.74.77.214 - - [18/Jul/2025:20:41:04 +0000] "POST /wp-cron.php?doing_wp_cron=1752871264.6441650390625000000000 HTTP/1.1" 200 - "-" "WordPress/6.8.2; https://alalamy.com.au"
20.171.207.85 - - [18/Jul/2025:20:41:04 +0000] "GET /items/manga/books/2301962/ HTTP/1.1" 404 20410 "-" "Mozilla/5.0 AppleWebKit/537.36 (KHTML, like Gecko; compatible; GPTBot/1.2; +https://openai.com/gptbot)"
66.249.74.12 - - [18/Jul/2025:20:41:05 +0000] "GET /items/handmade/paintings/5377890/feature/idol/alalamy.com.au?_bd_prev_page=alalamy.com.au/detail.php?shopbrand/7362834.htm HTTP/1.1" 200 19457 "-" "Mozilla/5.0 (Linux; Android 6.0.1; Nexus 5X Build/MMB29P) AppleWebKit/537.36 (KHTML, like Gecko) Chrome/137.0.7151.103 Mobile Safari/537.36 (compatible; GoogleOther)"
66.249.65.174 - - [18/Jul/2025:20:41:08 +0000] "GET /items/handicrafts/paintings/2644745/alalamy.com.au?_bd_prev_page=alalamy.com.au/detail.php?shopbrand/8940363.htm HTTP/1.1" 200 20042 "-" "Mozilla/5.0 (Linux; Android 6.0.1; Nexus 5X Build/MMB29P) AppleWebKit/537.36 (KHTML, like Gecko) Chrome/137.0.7151.103 Mobile Safari/537.36 (compatible; GoogleOther)"
66.249.74.13 - - [18/Jul/2025:20:41:10 +0000] "GET /items/handmade/paintings/alalamy.com.au/oreka/420 HTTP/1.1" 200 19245 "-" "Mozilla/5.0 (Linux; Android 6.0.1; Nexus 5X Build/MMB29P) AppleWebKit/537.36 (KHTML, like Gecko) Chrome/137.0.7151.103 Mobile Safari/537.36 (compatible; GoogleOther)"
66.249.74.12 - - [18/Jul/2025:20:41:13 +0000] "GET /items/handmade/paintings/5377890/feature/idol/alalamy.com.au?_bd_prev_page=alalamy.com.au/detail.php?shopbrand/8227255.htm HTTP/1.1" 200 22539 "-" "Mozilla/5.0 (Linux; Android 6.0.1; Nexus 5X Build/MMB29P) AppleWebKit/537.36 (KHTML, like Gecko) Chrome/137.0.7151.103 Mobile Safari/537.36 (compatible; GoogleOther)"
