66.249.68.67 - - [20/Jul/2025:13:44:16 +0000] "POST /get-message-notify HTTP/1.1" 200 19553 "https://alalamy.com.au/items/fashion/womens/4634947/" "Mozilla/5.0 (Linux; Android 6.0.1; Nexus 5X Build/MMB29P) AppleWebKit/537.36 (KHTML, like Gecko) Chrome/137.0.7151.119 Mobile Safari/537.36 (compatible; Googlebot/2.1; +http://www.google.com/bot.html)"
66.249.68.67 - - [20/Jul/2025:13:44:18 +0000] "GET /items/diy/interior/4609061/alalamy.com.au/pcmypage?callback=product/review/99121304 HTTP/1.1" 200 19091 "-" "Mozilla/5.0 (Linux; Android 6.0.1; Nexus 5X Build/MMB29P) AppleWebKit/537.36 (KHTML, like Gecko) Chrome/137.0.7151.103 Mobile Safari/537.36 (compatible; GoogleOther)"
66.249.68.68 - - [20/Jul/2025:13:44:19 +0000] "GET /?items/fashion/womens/alalamy.com.au/pcmypage?callback=product%2Fdetail%2F38831681 HTTP/1.1" 200 19346 "-" "Mozilla/5.0 (Linux; Android 6.0.1; Nexus 5X Build/MMB29P) AppleWebKit/537.36 (KHTML, like Gecko) Chrome/137.0.7151.103 Mobile Safari/537.36 (compatible; GoogleOther)"
66.249.68.68 - - [20/Jul/2025:13:44:19 +0000] "POST /get-message-notify HTTP/1.1" 200 19553 "https://alalamy.com.au/items/fashion/jackets/2463810/alalamy.com.au/cargo/detail" "Mozilla/5.0 (Linux; Android 6.0.1; Nexus 5X Build/MMB29P) AppleWebKit/537.36 (KHTML, like Gecko) Chrome/137.0.7151.119 Mobile Safari/537.36 (compatible; Googlebot/2.1; +http://www.google.com/bot.html)"
66.249.68.67 - - [20/Jul/2025:13:44:19 +0000] "GET /items/fashion/kimono/3870743/ HTTP/1.1" 200 19863 "-" "Mozilla/5.0 (Linux; Android 6.0.1; Nexus 5X Build/MMB29P) AppleWebKit/537.36 (KHTML, like Gecko) Chrome/137.0.7151.103 Mobile Safari/537.36 (compatible; GoogleOther)"
66.249.68.68 - - [20/Jul/2025:13:44:19 +0000] "POST /get-message-notify HTTP/1.1" 200 19553 "https://alalamy.com.au/items/fashion/outerwear/4653588/alalamy.com.au/pcmypage?callback=/product%2Fdetail%2F13386459" "Mozilla/5.0 (Linux; Android 6.0.1; Nexus 5X Build/MMB29P) AppleWebKit/537.36 (KHTML, like Gecko) Chrome/137.0.7151.119 Mobile Safari/537.36 (compatible; Googlebot/2.1; +http://www.google.com/bot.html)"
66.249.68.68 - - [20/Jul/2025:13:44:20 +0000] "GET /items/handicrafts/ornaments/alalamy.com.au/cargo/detail HTTP/1.1" 200 20503 "-" "Mozilla/5.0 (Linux; Android 6.0.1; Nexus 5X Build/MMB29P) AppleWebKit/537.36 (KHTML, like Gecko) Chrome/137.0.7151.103 Mobile Safari/537.36 (compatible; GoogleOther)"
66.249.68.68 - - [20/Jul/2025:13:44:20 +0000] "POST /get-message-notify HTTP/1.1" 200 19553 "https://alalamy.com.au/items/fashion/mens/4594830/" "Mozilla/5.0 (Linux; Android 6.0.1; Nexus 5X Build/MMB29P) AppleWebKit/537.36 (KHTML, like Gecko) Chrome/137.0.7151.119 Mobile Safari/537.36 (compatible; Googlebot/2.1; +http://www.google.com/bot.html)"
66.249.68.67 - - [20/Jul/2025:13:44:20 +0000] "GET /items/sports/golf/3998118/alalamy.com.au/pcmypage?callback=/product%2Fdetail%2F36434868 HTTP/1.1" 200 21785 "-" "Mozilla/5.0 (Linux; Android 6.0.1; Nexus 5X Build/MMB29P) AppleWebKit/537.36 (KHTML, like Gecko) Chrome/137.0.7151.103 Mobile Safari/537.36 (compatible; GoogleOther)"
66.249.68.67 - - [20/Jul/2025:13:44:21 +0000] "POST /get-message-notify HTTP/1.1" 200 19553 "https://alalamy.com.au/?items/fashion/womens/alalamy.com.au/pcmypage?callback=product%2Fdetail%2F38831681" "Mozilla/5.0 (Linux; Android 6.0.1; Nexus 5X Build/MMB29P) AppleWebKit/537.36 (KHTML, like Gecko) Chrome/137.0.7151.119 Mobile Safari/537.36 (compatible; Googlebot/2.1; +http://www.google.com/bot.html)"
66.249.68.68 - - [20/Jul/2025:13:44:21 +0000] "GET /items/fishing/fishing/3891567/ HTTP/1.1" 200 20952 "-" "Mozilla/5.0 (Linux; Android 6.0.1; Nexus 5X Build/MMB29P) AppleWebKit/537.36 (KHTML, like Gecko) Chrome/137.0.7151.103 Mobile Safari/537.36 (compatible; GoogleOther)"
66.249.68.67 - - [20/Jul/2025:13:44:21 +0000] "POST /get-message-notify HTTP/1.1" 200 19553 "https://alalamy.com.au/items/fashion/kimono/3870743/" "Mozilla/5.0 (Linux; Android 6.0.1; Nexus 5X Build/MMB29P) AppleWebKit/537.36 (KHTML, like Gecko) Chrome/137.0.7151.119 Mobile Safari/537.36 (compatible; Googlebot/2.1; +http://www.google.com/bot.html)"
66.249.68.67 - - [20/Jul/2025:13:44:22 +0000] "POST /get-message-notify HTTP/1.1" 200 19553 "https://alalamy.com.au/items/motorcycles/cars/3618406" "Mozilla/5.0 (Linux; Android 6.0.1; Nexus 5X Build/MMB29P) AppleWebKit/537.36 (KHTML, like Gecko) Chrome/137.0.7151.119 Mobile Safari/537.36 (compatible; Googlebot/2.1; +http://www.google.com/bot.html)"
66.249.68.68 - - [20/Jul/2025:13:44:22 +0000] "GET /items/fashion/shoes/alalamy.com.au/pcmypage?callback=product/review/47914912 HTTP/1.1" 200 19418 "-" "Mozilla/5.0 (Linux; Android 6.0.1; Nexus 5X Build/MMB29P) AppleWebKit/537.36 (KHTML, like Gecko) Chrome/137.0.7151.103 Mobile Safari/537.36 (compatible; GoogleOther)"
66.249.68.67 - - [20/Jul/2025:13:44:23 +0000] "GET /items/fashion/shoes/3963429/ HTTP/1.1" 200 19956 "-" "Mozilla/5.0 (Linux; Android 6.0.1; Nexus 5X Build/MMB29P) AppleWebKit/537.36 (KHTML, like Gecko) Chrome/137.0.7151.103 Mobile Safari/537.36 (compatible; GoogleOther)"
66.249.68.68 - - [20/Jul/2025:13:44:23 +0000] "POST /get-message-notify HTTP/1.1" 200 19553 "https://alalamy.com.au/items/sports/golf/3998118/alalamy.com.au/pcmypage?callback=/product%2Fdetail%2F36434868" "Mozilla/5.0 (Linux; Android 6.0.1; Nexus 5X Build/MMB29P) AppleWebKit/537.36 (KHTML, like Gecko) Chrome/137.0.7151.119 Mobile Safari/537.36 (compatible; Googlebot/2.1; +http://www.google.com/bot.html)"
66.249.68.67 - - [20/Jul/2025:13:44:25 +0000] "POST /get-message-notify HTTP/1.1" 200 19553 "https://alalamy.com.au/items/fashion/jackets/5547351/" "Mozilla/5.0 (Linux; Android 6.0.1; Nexus 5X Build/MMB29P) AppleWebKit/537.36 (KHTML, like Gecko) Chrome/137.0.7151.119 Mobile Safari/537.36 (compatible; Googlebot/2.1; +http://www.google.com/bot.html)"
66.249.68.67 - - [20/Jul/2025:13:44:25 +0000] "GET /items/sports/baseball/1678999/alalamy.com.au/game.html HTTP/1.1" 200 19397 "-" "Mozilla/5.0 (Linux; Android 6.0.1; Nexus 5X Build/MMB29P) AppleWebKit/537.36 (KHTML, like Gecko) Chrome/137.0.7151.103 Mobile Safari/537.36 (compatible; GoogleOther)"
66.249.68.68 - - [20/Jul/2025:13:44:26 +0000] "POST /get-message-notify HTTP/1.1" 200 19553 "https://alalamy.com.au/items/fishing/fishing/3891567/" "Mozilla/5.0 (Linux; Android 6.0.1; Nexus 5X Build/MMB29P) AppleWebKit/537.36 (KHTML, like Gecko) Chrome/137.0.7151.119 Mobile Safari/537.36 (compatible; Googlebot/2.1; +http://www.google.com/bot.html)"
66.249.68.67 - - [20/Jul/2025:13:44:26 +0000] "GET /items/sports/golf/3157738/ HTTP/1.1" 200 19287 "-" "Mozilla/5.0 (Linux; Android 6.0.1; Nexus 5X Build/MMB29P) AppleWebKit/537.36 (KHTML, like Gecko) Chrome/137.0.7151.103 Mobile Safari/537.36 (compatible; GoogleOther)"
66.249.68.69 - - [20/Jul/2025:13:44:27 +0000] "GET /items/pet-supplies/bird-supplies/2020106 HTTP/1.1" 200 19701 "-" "Mozilla/5.0 (Linux; Android 6.0.1; Nexus 5X Build/MMB29P) AppleWebKit/537.36 (KHTML, like Gecko) Chrome/137.0.7151.103 Mobile Safari/537.36 (compatible; GoogleOther)"
66.249.68.67 - - [20/Jul/2025:13:44:28 +0000] "GET /items/flowers/houseplants/5402360/ HTTP/1.1" 200 18782 "-" "Mozilla/5.0 (Linux; Android 6.0.1; Nexus 5X Build/MMB29P) AppleWebKit/537.36 (KHTML, like Gecko) Chrome/137.0.7151.103 Mobile Safari/537.36 (compatible; GoogleOther)"
66.249.68.67 - - [20/Jul/2025:13:44:28 +0000] "POST /get-message-notify HTTP/1.1" 200 19553 "https://alalamy.com.au/items/fashion/shoes/alalamy.com.au/pcmypage?callback=product/review/47914912" "Mozilla/5.0 (Linux; Android 6.0.1; Nexus 5X Build/MMB29P) AppleWebKit/537.36 (KHTML, like Gecko) Chrome/137.0.7151.119 Mobile Safari/537.36 (compatible; Googlebot/2.1; +http://www.google.com/bot.html)"
66.249.68.68 - - [20/Jul/2025:13:44:28 +0000] "POST /get-message-notify HTTP/1.1" 200 19553 "https://alalamy.com.au/items/sports/golf/3157738/" "Mozilla/5.0 (Linux; Android 6.0.1; Nexus 5X Build/MMB29P) AppleWebKit/537.36 (KHTML, like Gecko) Chrome/137.0.7151.119 Mobile Safari/537.36 (compatible; Googlebot/2.1; +http://www.google.com/bot.html)"
66.249.68.69 - - [20/Jul/2025:13:44:29 +0000] "GET /items/decor/interior/5380230/ HTTP/1.1" 200 18828 "-" "Mozilla/5.0 (Linux; Android 6.0.1; Nexus 5X Build/MMB29P) AppleWebKit/537.36 (KHTML, like Gecko) Chrome/137.0.7151.103 Mobile Safari/537.36 (compatible; GoogleOther)"
66.249.68.69 - - [20/Jul/2025:13:44:29 +0000] "POST /get-message-notify HTTP/1.1" 200 19553 "https://alalamy.com.au/items/cars/motorcycles/3675306/" "Mozilla/5.0 (Linux; Android 6.0.1; Nexus 5X Build/MMB29P) AppleWebKit/537.36 (KHTML, like Gecko) Chrome/137.0.7151.119 Mobile Safari/537.36 (compatible; Googlebot/2.1; +http://www.google.com/bot.html)"
66.249.68.68 - - [20/Jul/2025:13:44:29 +0000] "POST /get-message-notify HTTP/1.1" 200 19553 "https://alalamy.com.au/items/handmade/fashion/alalamy.com.au/cargo/detail" "Mozilla/5.0 (Linux; Android 6.0.1; Nexus 5X Build/MMB29P) AppleWebKit/537.36 (KHTML, like Gecko) Chrome/137.0.7151.119 Mobile Safari/537.36 (compatible; Googlebot/2.1; +http://www.google.com/bot.html)"
66.249.68.70 - - [20/Jul/2025:13:44:30 +0000] "POST /get-message-notify HTTP/1.1" 200 19553 "https://alalamy.com.au/items/pet-supplies/bird-supplies/2020106" "Mozilla/5.0 (Linux; Android 6.0.1; Nexus 5X Build/MMB29P) AppleWebKit/537.36 (KHTML, like Gecko) Chrome/137.0.7151.119 Mobile Safari/537.36 (compatible; Googlebot/2.1; +http://www.google.com/bot.html)"
66.249.68.68 - - [20/Jul/2025:13:44:32 +0000] "POST /get-message-notify HTTP/1.1" 200 19553 "https://alalamy.com.au/items/flowers/ficus/2457143/alalamy.com.au/feature/osu_main/index.html" "Mozilla/5.0 (Linux; Android 6.0.1; Nexus 5X Build/MMB29P) AppleWebKit/537.36 (KHTML, like Gecko) Chrome/137.0.7151.119 Mobile Safari/537.36 (compatible; Googlebot/2.1; +http://www.google.com/bot.html)"
66.249.68.67 - - [20/Jul/2025:13:44:32 +0000] "POST /get-message-notify HTTP/1.1" 200 19553 "https://alalamy.com.au/items/diy/tip/1818390/" "Mozilla/5.0 (Linux; Android 6.0.1; Nexus 5X Build/MMB29P) AppleWebKit/537.36 (KHTML, like Gecko) Chrome/137.0.7151.119 Mobile Safari/537.36 (compatible; Googlebot/2.1; +http://www.google.com/bot.html)"
66.249.68.69 - - [20/Jul/2025:13:44:32 +0000] "POST /get-message-notify HTTP/1.1" 200 19553 "https://alalamy.com.au/items/handicrafts/ornaments/alalamy.com.au/cargo/detail" "Mozilla/5.0 (Linux; Android 6.0.1; Nexus 5X Build/MMB29P) AppleWebKit/537.36 (KHTML, like Gecko) Chrome/137.0.7151.119 Mobile Safari/537.36 (compatible; Googlebot/2.1; +http://www.google.com/bot.html)"
209.74.77.214 - - [20/Jul/2025:13:44:33 +0000] "POST /wp-cron.php?doing_wp_cron=1753019073.1268019676208496093750 HTTP/1.1" 200 - "-" "WordPress/6.8.2; https://alalamy.com.au"
66.249.68.70 - - [20/Jul/2025:13:44:32 +0000] "POST /get-message-notify HTTP/1.1" 200 19553 "https://alalamy.com.au/items/handicrafts/fashion/alalamy.com.au/pcmypage?callback=/product%2Fdetail%2F44018228" "Mozilla/5.0 (Linux; Android 6.0.1; Nexus 5X Build/MMB29P) AppleWebKit/537.36 (KHTML, like Gecko) Chrome/137.0.7151.119 Mobile Safari/537.36 (compatible; Googlebot/2.1; +http://www.google.com/bot.html)"
216.73.216.113 - - [20/Jul/2025:13:44:32 +0000] "GET /shopbrand/67274.htm HTTP/1.1" 404 20399 "-" "Mozilla/5.0 AppleWebKit/537.36 (KHTML, like Gecko; compatible; ClaudeBot/1.0; [email protected])"
216.73.216.113 - - [20/Jul/2025:13:44:32 +0000] "GET /shopbrand/69357.htm HTTP/1.1" 404 20399 "-" "Mozilla/5.0 AppleWebKit/537.36 (KHTML, like Gecko; compatible; ClaudeBot/1.0; [email protected])"
66.249.68.68 - - [20/Jul/2025:13:44:33 +0000] "POST /get-message-notify HTTP/1.1" 200 19553 "https://alalamy.com.au/items/fashion/womens/2754753/alalamy.com.au" "Mozilla/5.0 (Linux; Android 6.0.1; Nexus 5X Build/MMB29P) AppleWebKit/537.36 (KHTML, like Gecko) Chrome/137.0.7151.119 Mobile Safari/537.36 (compatible; Googlebot/2.1; +http://www.google.com/bot.html)"
216.73.216.113 - - [20/Jul/2025:13:44:33 +0000] "GET /shopbrand/69242.htm HTTP/1.1" 404 20399 "-" "Mozilla/5.0 AppleWebKit/537.36 (KHTML, like Gecko; compatible; ClaudeBot/1.0; [email protected])"
216.73.216.113 - - [20/Jul/2025:13:44:34 +0000] "GET /shopbrand/54089.htm HTTP/1.1" 404 20399 "-" "Mozilla/5.0 AppleWebKit/537.36 (KHTML, like Gecko; compatible; ClaudeBot/1.0; [email protected])"
216.73.216.113 - - [20/Jul/2025:13:44:34 +0000] "GET /shopbrand/70753.htm HTTP/1.1" 404 20399 "-" "Mozilla/5.0 AppleWebKit/537.36 (KHTML, like Gecko; compatible; ClaudeBot/1.0; [email protected])"
66.249.68.68 - - [20/Jul/2025:13:44:34 +0000] "GET /items/handicrafts/fashion/alalamy.com.au/pcmypage?callback=product%2Fdetail%2F78655671 HTTP/1.1" 200 19354 "-" "Mozilla/5.0 (Linux; Android 6.0.1; Nexus 5X Build/MMB29P) AppleWebKit/537.36 (KHTML, like Gecko) Chrome/137.0.7151.103 Mobile Safari/537.36 (compatible; GoogleOther)"
216.73.216.113 - - [20/Jul/2025:13:44:34 +0000] "GET /shopbrand/46843.htm HTTP/1.1" 404 20399 "-" "Mozilla/5.0 AppleWebKit/537.36 (KHTML, like Gecko; compatible; ClaudeBot/1.0; [email protected])"
216.73.216.113 - - [20/Jul/2025:13:44:34 +0000] "GET /shopbrand/52387.htm HTTP/1.1" 404 20399 "-" "Mozilla/5.0 AppleWebKit/537.36 (KHTML, like Gecko; compatible; ClaudeBot/1.0; [email protected])"
216.73.216.113 - - [20/Jul/2025:13:44:34 +0000] "GET /shopbrand/51724.htm HTTP/1.1" 404 20399 "-" "Mozilla/5.0 AppleWebKit/537.36 (KHTML, like Gecko; compatible; ClaudeBot/1.0; [email protected])"
216.73.216.113 - - [20/Jul/2025:13:44:34 +0000] "GET /shopbrand/86162.htm HTTP/1.1" 404 20399 "-" "Mozilla/5.0 AppleWebKit/537.36 (KHTML, like Gecko; compatible; ClaudeBot/1.0; [email protected])"
216.73.216.113 - - [20/Jul/2025:13:44:34 +0000] "GET /shopbrand/108146.htm HTTP/1.1" 404 20399 "-" "Mozilla/5.0 AppleWebKit/537.36 (KHTML, like Gecko; compatible; ClaudeBot/1.0; [email protected])"
216.73.216.113 - - [20/Jul/2025:13:44:34 +0000] "GET /shopbrand/44065.htm HTTP/1.1" 404 20399 "-" "Mozilla/5.0 AppleWebKit/537.36 (KHTML, like Gecko; compatible; ClaudeBot/1.0; [email protected])"
216.73.216.113 - - [20/Jul/2025:13:44:34 +0000] "GET /shopbrand/91597.htm HTTP/1.1" 404 20399 "-" "Mozilla/5.0 AppleWebKit/537.36 (KHTML, like Gecko; compatible; ClaudeBot/1.0; [email protected])"
216.73.216.113 - - [20/Jul/2025:13:44:34 +0000] "GET /shopbrand/69923.htm HTTP/1.1" 404 20399 "-" "Mozilla/5.0 AppleWebKit/537.36 (KHTML, like Gecko; compatible; ClaudeBot/1.0; [email protected])"
216.73.216.113 - - [20/Jul/2025:13:44:34 +0000] "GET /shopbrand/56853.htm HTTP/1.1" 404 20399 "-" "Mozilla/5.0 AppleWebKit/537.36 (KHTML, like Gecko; compatible; ClaudeBot/1.0; [email protected])"
216.73.216.113 - - [20/Jul/2025:13:44:34 +0000] "GET /shopbrand/41841.htm HTTP/1.1" 404 20399 "-" "Mozilla/5.0 AppleWebKit/537.36 (KHTML, like Gecko; compatible; ClaudeBot/1.0; [email protected])"
216.73.216.113 - - [20/Jul/2025:13:44:35 +0000] "GET /shopbrand/42828.htm HTTP/1.1" 404 20399 "-" "Mozilla/5.0 AppleWebKit/537.36 (KHTML, like Gecko; compatible; ClaudeBot/1.0; [email protected])"
216.73.216.113 - - [20/Jul/2025:13:44:35 +0000] "GET /shopbrand/41956.htm HTTP/1.1" 404 20399 "-" "Mozilla/5.0 AppleWebKit/537.36 (KHTML, like Gecko; compatible; ClaudeBot/1.0; [email protected])"
216.73.216.113 - - [20/Jul/2025:13:44:35 +0000] "GET /shopbrand/70495.htm HTTP/1.1" 404 20399 "-" "Mozilla/5.0 AppleWebKit/537.36 (KHTML, like Gecko; compatible; ClaudeBot/1.0; [email protected])"
216.73.216.113 - - [20/Jul/2025:13:44:35 +0000] "GET /shopbrand/108303.htm HTTP/1.1" 404 20399 "-" "Mozilla/5.0 AppleWebKit/537.36 (KHTML, like Gecko; compatible; ClaudeBot/1.0; [email protected])"
216.73.216.113 - - [20/Jul/2025:13:44:35 +0000] "GET /shopbrand/87290.htm HTTP/1.1" 404 20399 "-" "Mozilla/5.0 AppleWebKit/537.36 (KHTML, like Gecko; compatible; ClaudeBot/1.0; [email protected])"
216.73.216.113 - - [20/Jul/2025:13:44:35 +0000] "GET /shopbrand/72719.htm HTTP/1.1" 404 20399 "-" "Mozilla/5.0 AppleWebKit/537.36 (KHTML, like Gecko; compatible; ClaudeBot/1.0; [email protected])"
216.73.216.113 - - [20/Jul/2025:13:44:35 +0000] "GET /shopbrand/119796.htm HTTP/1.1" 404 20399 "-" "Mozilla/5.0 AppleWebKit/537.36 (KHTML, like Gecko; compatible; ClaudeBot/1.0; [email protected])"
216.73.216.113 - - [20/Jul/2025:13:44:35 +0000] "GET /shopbrand/105507.htm HTTP/1.1" 404 20399 "-" "Mozilla/5.0 AppleWebKit/537.36 (KHTML, like Gecko; compatible; ClaudeBot/1.0; [email protected])"
66.249.68.68 - - [20/Jul/2025:13:44:39 +0000] "POST /get-message-notify HTTP/1.1" 200 19553 "https://alalamy.com.au/items/fashion/shoes/3963429/" "Mozilla/5.0 (Linux; Android 6.0.1; Nexus 5X Build/MMB29P) AppleWebKit/537.36 (KHTML, like Gecko) Chrome/137.0.7151.119 Mobile Safari/537.36 (compatible; Googlebot/2.1; +http://www.google.com/bot.html)"
66.249.68.68 - - [20/Jul/2025:13:44:41 +0000] "GET /items/flowers/houseplants/2155291 HTTP/1.1" 200 18978 "-" "Mozilla/5.0 (Linux; Android 6.0.1; Nexus 5X Build/MMB29P) AppleWebKit/537.36 (KHTML, like Gecko) Chrome/137.0.7151.103 Mobile Safari/537.36 (compatible; GoogleOther)"
66.249.68.68 - - [20/Jul/2025:13:44:41 +0000] "POST /get-message-notify HTTP/1.1" 200 19553 "https://alalamy.com.au/items/flowers/houseplants/5402360/" "Mozilla/5.0 (Linux; Android 6.0.1; Nexus 5X Build/MMB29P) AppleWebKit/537.36 (KHTML, like Gecko) Chrome/137.0.7151.119 Mobile Safari/537.36 (compatible; Googlebot/2.1; +http://www.google.com/bot.html)"
66.249.68.70 - - [20/Jul/2025:13:44:42 +0000] "POST /get-message-notify HTTP/1.1" 200 19553 "https://alalamy.com.au/items/handicrafts/fashion/alalamy.com.au/pcmypage?callback=product%2Fdetail%2F78655671" "Mozilla/5.0 (Linux; Android 6.0.1; Nexus 5X Build/MMB29P) AppleWebKit/537.36 (KHTML, like Gecko) Chrome/137.0.7151.119 Mobile Safari/537.36 (compatible; Googlebot/2.1; +http://www.google.com/bot.html)"
66.249.68.70 - - [20/Jul/2025:13:44:50 +0000] "POST /get-message-notify HTTP/1.1" 200 19553 "https://alalamy.com.au/items/diy/interior/4609061/alalamy.com.au/pcmypage?callback=product/review/99121304" "Mozilla/5.0 (Linux; Android 6.0.1; Nexus 5X Build/MMB29P) AppleWebKit/537.36 (KHTML, like Gecko) Chrome/137.0.7151.119 Mobile Safari/537.36 (compatible; Googlebot/2.1; +http://www.google.com/bot.html)"
66.249.68.68 - - [20/Jul/2025:13:44:56 +0000] "POST /get-message-notify HTTP/1.1" 200 19553 "https://alalamy.com.au/items/cars/motorcycles/2350638/" "Mozilla/5.0 (Linux; Android 6.0.1; Nexus 5X Build/MMB29P) AppleWebKit/537.36 (KHTML, like Gecko) Chrome/137.0.7151.119 Mobile Safari/537.36 (compatible; Googlebot/2.1; +http://www.google.com/bot.html)"
66.249.68.70 - - [20/Jul/2025:13:44:56 +0000] "GET /items/fashion/jackets/3158700/alalamy.com.au/4 HTTP/1.1" 200 21478 "-" "Mozilla/5.0 (Linux; Android 6.0.1; Nexus 5X Build/MMB29P) AppleWebKit/537.36 (KHTML, like Gecko) Chrome/137.0.7151.103 Mobile Safari/537.36 (compatible; GoogleOther)"
66.249.68.68 - - [20/Jul/2025:13:44:58 +0000] "POST /get-message-notify HTTP/1.1" 200 19553 "https://alalamy.com.au/items/sports/baseball/1678999/alalamy.com.au/game.html" "Mozilla/5.0 (Linux; Android 6.0.1; Nexus 5X Build/MMB29P) AppleWebKit/537.36 (KHTML, like Gecko) Chrome/137.0.7151.119 Mobile Safari/537.36 (compatible; Googlebot/2.1; +http://www.google.com/bot.html)"
66.249.68.70 - - [20/Jul/2025:13:44:59 +0000] "POST /get-message-notify HTTP/1.1" 200 19553 "https://alalamy.com.au/items/decor/interior/5380230/" "Mozilla/5.0 (Linux; Android 6.0.1; Nexus 5X Build/MMB29P) AppleWebKit/537.36 (KHTML, like Gecko) Chrome/137.0.7151.119 Mobile Safari/537.36 (compatible; Googlebot/2.1; +http://www.google.com/bot.html)"
66.249.68.67 - - [20/Jul/2025:13:45:01 +0000] "POST /get-message-notify HTTP/1.1" 200 19553 "https://alalamy.com.au/items/fashion/jackets/3158700/alalamy.com.au/4" "Mozilla/5.0 (Linux; Android 6.0.1; Nexus 5X Build/MMB29P) AppleWebKit/537.36 (KHTML, like Gecko) Chrome/137.0.7151.119 Mobile Safari/537.36 (compatible; Googlebot/2.1; +http://www.google.com/bot.html)"
66.249.68.69 - - [20/Jul/2025:13:45:07 +0000] "GET /items/sports/golf/alalamy.com.au/hobby.html HTTP/1.1" 200 19037 "-" "Mozilla/5.0 (Linux; Android 6.0.1; Nexus 5X Build/MMB29P) AppleWebKit/537.36 (KHTML, like Gecko) Chrome/137.0.7151.103 Mobile Safari/537.36 (compatible; GoogleOther)"
66.249.68.69 - - [20/Jul/2025:13:45:07 +0000] "GET /items/cars/motorcycles/2861879/h/u/a/h/alalamy.com.au/search?category=&search_word=&restrict[]=person_id(int)=QGM HTTP/1.1" 200 20635 "-" "Mozilla/5.0 (Linux; Android 6.0.1; Nexus 5X Build/MMB29P) AppleWebKit/537.36 (KHTML, like Gecko) Chrome/137.0.7151.103 Mobile Safari/537.36 (compatible; GoogleOther)"
66.249.68.68 - - [20/Jul/2025:13:45:08 +0000] "GET /items/sports/baseball/3278929/alalamy.com.au/feature/honten/index.html HTTP/1.1" 200 20882 "-" "Mozilla/5.0 (Linux; Android 6.0.1; Nexus 5X Build/MMB29P) AppleWebKit/537.36 (KHTML, like Gecko) Chrome/137.0.7151.103 Mobile Safari/537.36 (compatible; GoogleOther)"
66.249.68.68 - - [20/Jul/2025:13:45:10 +0000] "GET /items/fashion/watches/3685868/ HTTP/1.1" 200 19546 "-" "Mozilla/5.0 (Linux; Android 6.0.1; Nexus 5X Build/MMB29P) AppleWebKit/537.36 (KHTML, like Gecko) Chrome/137.0.7151.103 Mobile Safari/537.36 (compatible; GoogleOther)"
66.249.68.69 - - [20/Jul/2025:13:45:10 +0000] "POST /get-message-notify HTTP/1.1" 200 19553 "https://alalamy.com.au/items/sports/golf/alalamy.com.au/hobby.html" "Mozilla/5.0 (Linux; Android 6.0.1; Nexus 5X Build/MMB29P) AppleWebKit/537.36 (KHTML, like Gecko) Chrome/137.0.7151.119 Mobile Safari/537.36 (compatible; Googlebot/2.1; +http://www.google.com/bot.html)"
66.249.68.69 - - [20/Jul/2025:13:45:10 +0000] "GET /items/motorcycles/motorcycles/2101640/ HTTP/1.1" 200 20187 "-" "Mozilla/5.0 (Linux; Android 6.0.1; Nexus 5X Build/MMB29P) AppleWebKit/537.36 (KHTML, like Gecko) Chrome/137.0.7151.103 Mobile Safari/537.36 (compatible; GoogleOther)"
66.249.68.67 - - [20/Jul/2025:13:45:11 +0000] "GET /items/gardening/houseplants/2680247/ HTTP/1.1" 200 19917 "-" "Mozilla/5.0 (Linux; Android 6.0.1; Nexus 5X Build/MMB29P) AppleWebKit/537.36 (KHTML, like Gecko) Chrome/137.0.7151.103 Mobile Safari/537.36 (compatible; GoogleOther)"
66.249.68.67 - - [20/Jul/2025:13:45:11 +0000] "GET /items/fashion/womens/4833045/ HTTP/1.1" 200 21026 "-" "Mozilla/5.0 (Linux; Android 6.0.1; Nexus 5X Build/MMB29P) AppleWebKit/537.36 (KHTML, like Gecko) Chrome/137.0.7151.103 Mobile Safari/537.36 (compatible; GoogleOther)"
66.249.68.68 - - [20/Jul/2025:13:45:12 +0000] "GET /items/fashion/womens/1832031/ HTTP/1.1" 200 20393 "-" "Mozilla/5.0 (Linux; Android 6.0.1; Nexus 5X Build/MMB29P) AppleWebKit/537.36 (KHTML, like Gecko) Chrome/137.0.7151.103 Mobile Safari/537.36 (compatible; GoogleOther)"
66.249.68.67 - - [20/Jul/2025:13:45:13 +0000] "POST /get-message-notify HTTP/1.1" 200 19553 "https://alalamy.com.au/items/motorcycles/motorcycles/2101640/" "Mozilla/5.0 (Linux; Android 6.0.1; Nexus 5X Build/MMB29P) AppleWebKit/537.36 (KHTML, like Gecko) Chrome/137.0.7151.119 Mobile Safari/537.36 (compatible; Googlebot/2.1; +http://www.google.com/bot.html)"
66.249.68.68 - - [20/Jul/2025:13:45:13 +0000] "GET /items/fashion/womens/1909909/ HTTP/1.1" 200 18744 "-" "Mozilla/5.0 (Linux; Android 6.0.1; Nexus 5X Build/MMB29P) AppleWebKit/537.36 (KHTML, like Gecko) Chrome/137.0.7151.103 Mobile Safari/537.36 (compatible; GoogleOther)"
66.249.68.68 - - [20/Jul/2025:13:45:13 +0000] "POST /get-message-notify HTTP/1.1" 200 19553 "https://alalamy.com.au/items/fashion/womens/4833045/" "Mozilla/5.0 (Linux; Android 6.0.1; Nexus 5X Build/MMB29P) AppleWebKit/537.36 (KHTML, like Gecko) Chrome/137.0.7151.119 Mobile Safari/537.36 (compatible; Googlebot/2.1; +http://www.google.com/bot.html)"
66.249.68.67 - - [20/Jul/2025:13:45:13 +0000] "GET /items/flowers/ficus/2457143/alalamy.com.au/pcmypage?callback=product/review/24973334 HTTP/1.1" 200 18856 "-" "Mozilla/5.0 (Linux; Android 6.0.1; Nexus 5X Build/MMB29P) AppleWebKit/537.36 (KHTML, like Gecko) Chrome/137.0.7151.103 Mobile Safari/537.36 (compatible; GoogleOther)"
66.249.68.67 - - [20/Jul/2025:13:45:14 +0000] "POST /get-message-notify HTTP/1.1" 200 19553 "https://alalamy.com.au/items/gardening/houseplants/2680247/" "Mozilla/5.0 (Linux; Android 6.0.1; Nexus 5X Build/MMB29P) AppleWebKit/537.36 (KHTML, like Gecko) Chrome/137.0.7151.119 Mobile Safari/537.36 (compatible; Googlebot/2.1; +http://www.google.com/bot.html)"
66.249.68.67 - - [20/Jul/2025:13:45:14 +0000] "POST /get-message-notify HTTP/1.1" 200 19553 "https://alalamy.com.au/items/fashion/womens/1832031/" "Mozilla/5.0 (Linux; Android 6.0.1; Nexus 5X Build/MMB29P) AppleWebKit/537.36 (KHTML, like Gecko) Chrome/137.0.7151.119 Mobile Safari/537.36 (compatible; Googlebot/2.1; +http://www.google.com/bot.html)"
66.249.68.68 - - [20/Jul/2025:13:45:16 +0000] "POST /get-message-notify HTTP/1.1" 200 19553 "https://alalamy.com.au/items/fashion/watches/3685868/" "Mozilla/5.0 (Linux; Android 6.0.1; Nexus 5X Build/MMB29P) AppleWebKit/537.36 (KHTML, like Gecko) Chrome/137.0.7151.119 Mobile Safari/537.36 (compatible; Googlebot/2.1; +http://www.google.com/bot.html)"
66.249.68.68 - - [20/Jul/2025:13:45:18 +0000] "POST /get-message-notify HTTP/1.1" 200 19553 "https://alalamy.com.au/items/sports/baseball/3278929/alalamy.com.au/feature/honten/index.html" "Mozilla/5.0 (Linux; Android 6.0.1; Nexus 5X Build/MMB29P) AppleWebKit/537.36 (KHTML, like Gecko) Chrome/137.0.7151.119 Mobile Safari/537.36 (compatible; Googlebot/2.1; +http://www.google.com/bot.html)"
66.249.68.67 - - [20/Jul/2025:13:45:29 +0000] "POST /get-message-notify HTTP/1.1" 200 19553 "https://alalamy.com.au/items/flowers/houseplants/2155291" "Mozilla/5.0 (Linux; Android 6.0.1; Nexus 5X Build/MMB29P) AppleWebKit/537.36 (KHTML, like Gecko) Chrome/137.0.7151.119 Mobile Safari/537.36 (compatible; Googlebot/2.1; +http://www.google.com/bot.html)"
66.249.68.67 - - [20/Jul/2025:13:45:40 +0000] "POST /get-message-notify HTTP/1.1" 200 19553 "https://alalamy.com.au/items/sports/baseball/alalamy.com.au/feature/campaign/index.html" "Mozilla/5.0 (Linux; Android 6.0.1; Nexus 5X Build/MMB29P) AppleWebKit/537.36 (KHTML, like Gecko) Chrome/137.0.7151.119 Mobile Safari/537.36 (compatible; Googlebot/2.1; +http://www.google.com/bot.html)"
209.74.77.214 - - [20/Jul/2025:13:45:42 +0000] "POST /wp-cron.php?doing_wp_cron=1753019142.0514459609985351562500 HTTP/1.1" 200 - "-" "WordPress/6.8.2; https://alalamy.com.au"
216.73.216.113 - - [20/Jul/2025:13:45:41 +0000] "GET /shopbrand/113996.htm HTTP/1.1" 404 20399 "-" "Mozilla/5.0 AppleWebKit/537.36 (KHTML, like Gecko; compatible; ClaudeBot/1.0; [email protected])"
216.73.216.113 - - [20/Jul/2025:13:45:41 +0000] "GET /shopbrand/76170.htm HTTP/1.1" 404 20399 "-" "Mozilla/5.0 AppleWebKit/537.36 (KHTML, like Gecko; compatible; ClaudeBot/1.0; [email protected])"
209.74.77.214 - - [20/Jul/2025:13:45:42 +0000] "POST /wp-admin/admin-ajax.php?action=async_litespeed&nonce=HF1hXn7ykqQP7dCZ0Rd4fXMPNLIN1DEs&litespeed_type=imgoptm HTTP/1.1" 200 21 "-" "WordPress/6.8.2; https://alalamy.com.au"
216.73.216.113 - - [20/Jul/2025:13:45:42 +0000] "GET /shopbrand/110070.htm HTTP/1.1" 404 20399 "-" "Mozilla/5.0 AppleWebKit/537.36 (KHTML, like Gecko; compatible; ClaudeBot/1.0; [email protected])"
216.73.216.113 - - [20/Jul/2025:13:45:43 +0000] "GET /shopbrand/53533.htm HTTP/1.1" 404 20399 "-" "Mozilla/5.0 AppleWebKit/537.36 (KHTML, like Gecko; compatible; ClaudeBot/1.0; [email protected])"
216.73.216.113 - - [20/Jul/2025:13:45:44 +0000] "GET /shopbrand/43491.htm HTTP/1.1" 404 20399 "-" "Mozilla/5.0 AppleWebKit/537.36 (KHTML, like Gecko; compatible; ClaudeBot/1.0; [email protected])"
216.73.216.113 - - [20/Jul/2025:13:45:44 +0000] "GET /shopbrand/40171.htm HTTP/1.1" 404 20399 "-" "Mozilla/5.0 AppleWebKit/537.36 (KHTML, like Gecko; compatible; ClaudeBot/1.0; [email protected])"
216.73.216.113 - - [20/Jul/2025:13:45:44 +0000] "GET /shopbrand/55026.htm HTTP/1.1" 404 20399 "-" "Mozilla/5.0 AppleWebKit/537.36 (KHTML, like Gecko; compatible; ClaudeBot/1.0; [email protected])"
216.73.216.113 - - [20/Jul/2025:13:45:44 +0000] "GET /shopbrand/78253.htm HTTP/1.1" 404 20399 "-" "Mozilla/5.0 AppleWebKit/537.36 (KHTML, like Gecko; compatible; ClaudeBot/1.0; [email protected])"
216.73.216.113 - - [20/Jul/2025:13:45:44 +0000] "GET /shopbrand/139282.htm HTTP/1.1" 404 20399 "-" "Mozilla/5.0 AppleWebKit/537.36 (KHTML, like Gecko; compatible; ClaudeBot/1.0; [email protected])"
216.73.216.113 - - [20/Jul/2025:13:45:44 +0000] "GET /shopbrand/30719.htm HTTP/1.1" 404 20399 "-" "Mozilla/5.0 AppleWebKit/537.36 (KHTML, like Gecko; compatible; ClaudeBot/1.0; [email protected])"
216.73.216.113 - - [20/Jul/2025:13:45:45 +0000] "GET /shopbrand/52661.htm HTTP/1.1" 404 20399 "-" "Mozilla/5.0 AppleWebKit/537.36 (KHTML, like Gecko; compatible; ClaudeBot/1.0; [email protected])"
216.73.216.113 - - [20/Jul/2025:13:45:45 +0000] "GET /shopbrand/87971.htm HTTP/1.1" 404 20399 "-" "Mozilla/5.0 AppleWebKit/537.36 (KHTML, like Gecko; compatible; ClaudeBot/1.0; [email protected])"
216.73.216.113 - - [20/Jul/2025:13:45:45 +0000] "GET /shopbrand/31849.htm HTTP/1.1" 404 20399 "-" "Mozilla/5.0 AppleWebKit/537.36 (KHTML, like Gecko; compatible; ClaudeBot/1.0; [email protected])"
216.73.216.113 - - [20/Jul/2025:13:45:45 +0000] "GET /shopbrand/85084.htm HTTP/1.1" 404 20399 "-" "Mozilla/5.0 AppleWebKit/537.36 (KHTML, like Gecko; compatible; ClaudeBot/1.0; [email protected])"
216.73.216.113 - - [20/Jul/2025:13:45:45 +0000] "GET /shopbrand/118011.htm HTTP/1.1" 404 20399 "-" "Mozilla/5.0 AppleWebKit/537.36 (KHTML, like Gecko; compatible; ClaudeBot/1.0; [email protected])"
216.73.216.113 - - [20/Jul/2025:13:45:45 +0000] "GET /shopbrand/120096.htm HTTP/1.1" 404 20399 "-" "Mozilla/5.0 AppleWebKit/537.36 (KHTML, like Gecko; compatible; ClaudeBot/1.0; [email protected])"
216.73.216.113 - - [20/Jul/2025:13:45:45 +0000] "GET /shopbrand/21567.htm HTTP/1.1" 404 20399 "-" "Mozilla/5.0 AppleWebKit/537.36 (KHTML, like Gecko; compatible; ClaudeBot/1.0; [email protected])"
216.73.216.113 - - [20/Jul/2025:13:45:45 +0000] "GET /shopbrand/138144.htm HTTP/1.1" 404 20399 "-" "Mozilla/5.0 AppleWebKit/537.36 (KHTML, like Gecko; compatible; ClaudeBot/1.0; [email protected])"
216.73.216.113 - - [20/Jul/2025:13:45:46 +0000] "GET /shopbrand/37965.htm HTTP/1.1" 404 20399 "-" "Mozilla/5.0 AppleWebKit/537.36 (KHTML, like Gecko; compatible; ClaudeBot/1.0; [email protected])"
216.73.216.113 - - [20/Jul/2025:13:45:45 +0000] "GET /shopbrand/79075.htm HTTP/1.1" 404 20399 "-" "Mozilla/5.0 AppleWebKit/537.36 (KHTML, like Gecko; compatible; ClaudeBot/1.0; [email protected])"
216.73.216.113 - - [20/Jul/2025:13:45:45 +0000] "GET /shopbrand/26529.htm HTTP/1.1" 404 20399 "-" "Mozilla/5.0 AppleWebKit/537.36 (KHTML, like Gecko; compatible; ClaudeBot/1.0; [email protected])"
216.73.216.113 - - [20/Jul/2025:13:45:46 +0000] "GET /shopbrand/92153.htm HTTP/1.1" 404 20399 "-" "Mozilla/5.0 AppleWebKit/537.36 (KHTML, like Gecko; compatible; ClaudeBot/1.0; [email protected])"
216.73.216.113 - - [20/Jul/2025:13:45:46 +0000] "GET /shopbrand/103283.htm HTTP/1.1" 404 20399 "-" "Mozilla/5.0 AppleWebKit/537.36 (KHTML, like Gecko; compatible; ClaudeBot/1.0; [email protected])"
66.249.68.67 - - [20/Jul/2025:13:45:50 +0000] "POST /get-message-notify HTTP/1.1" 200 19553 "https://alalamy.com.au/items/fashion/womens/1909909/" "Mozilla/5.0 (Linux; Android 6.0.1; Nexus 5X Build/MMB29P) AppleWebKit/537.36 (KHTML, like Gecko) Chrome/137.0.7151.119 Mobile Safari/537.36 (compatible; Googlebot/2.1; +http://www.google.com/bot.html)"
209.74.77.214 - - [20/Jul/2025:13:46:29 +0000] "POST /wp-admin/admin-ajax.php?action=async_litespeed&nonce=gpC2zq11t6Fb7kS9rAZiTu0s3iBNk2F1&litespeed_type=imgoptm HTTP/1.1" 200 21 "-" "WordPress/6.8.2; https://alalamy.com.au"
66.249.68.69 - - [20/Jul/2025:13:47:32 +0000] "GET /feature/sapporo/index.html HTTP/1.1" 200 19505 "-" "Mozilla/5.0 (Linux; Android 6.0.1; Nexus 5X Build/MMB29P) AppleWebKit/537.36 (KHTML, like Gecko) Chrome/137.0.7151.103 Mobile Safari/537.36 (compatible; Googlebot/2.1; +http://www.google.com/bot.html)"
66.249.68.67 - - [20/Jul/2025:13:47:37 +0000] "POST /get-message-notify HTTP/1.1" 200 19553 "https://alalamy.com.au/feature/sapporo/index.html" "Mozilla/5.0 (Linux; Android 6.0.1; Nexus 5X Build/MMB29P) AppleWebKit/537.36 (KHTML, like Gecko) Chrome/137.0.7151.119 Mobile Safari/537.36 (compatible; Googlebot/2.1; +http://www.google.com/bot.html)"
66.249.68.68 - - [20/Jul/2025:13:49:19 +0000] "GET /items/sports/winter-sports/h_294 HTTP/1.1" 200 18734 "-" "Googlebot-Image/1.0"
5.255.231.85 - - [20/Jul/2025:13:52:09 +0000] "GET /robots.txt HTTP/1.1" 200 977 "-" "Mozilla/5.0 (compatible; YandexBot/3.0; +http://yandex.com/bots)"
66.249.68.69 - - [20/Jul/2025:13:52:10 +0000] "GET /items/outdoor/fishing/4054626/50 HTTP/1.1" 200 25087 "-" "Googlebot-Image/1.0"
209.74.77.214 - - [20/Jul/2025:13:52:13 +0000] "POST /wp-cron.php?doing_wp_cron=1753019533.1058590412139892578125 HTTP/1.1" 200 - "-" "WordPress/6.8.2; https://alalamy.com.au"
209.74.77.214 - - [20/Jul/2025:13:52:13 +0000] "POST /wp-admin/admin-ajax.php?action=async_litespeed&nonce=LmOgwsM9Y1NJUQBpMAzMP8XYIBJzX7mS&litespeed_type=imgoptm HTTP/1.1" 200 21 "-" "WordPress/6.8.2; https://alalamy.com.au"
5.255.231.39 - - [20/Jul/2025:13:52:10 +0000] "GET /shopbrand/75199.htm HTTP/1.1" 404 20399 "-" "Mozilla/5.0 (compatible; YandexBot/3.0; +http://yandex.com/bots)"
209.74.77.214 - - [20/Jul/2025:13:53:52 +0000] "POST /wp-cron.php?doing_wp_cron=1753019632.8515861034393310546875 HTTP/1.1" 200 - "-" "WordPress/6.8.2; https://alalamy.com.au"
47.79.243.152 - - [20/Jul/2025:13:53:51 +0000] "GET /?k=6419516011900&mod=55e58848&uri=category-info.php?id%3D214413-183%26name%3Dhero+scooty+bs4+price HTTP/1.1" 301 - "https://alalamy.com.au/?k=6419516011900&mod=55e58848&uri=category-info.php%3Fid%3D214413-183%26name%3Dhero+scooty+bs4+price" "Mozilla/5.0 (Windows NT 10.0; Win64; x64) AppleWebKit/537.36 (KHTML, like Gecko) Chrome/114.0.0.0 Safari/537.36 Edg/114.0.1823.43"
209.74.77.214 - - [20/Jul/2025:13:53:53 +0000] "POST /wp-admin/admin-ajax.php?action=async_litespeed&nonce=BAajldSh5LUb0YVILdSJ8WvBcRmQpTK1&litespeed_type=imgoptm HTTP/1.1" 200 21 "-" "WordPress/6.8.2; https://alalamy.com.au"
47.79.243.152 - - [20/Jul/2025:13:53:53 +0000] "GET /?k=6419516011900&mod=55e58848&uri=category-info.php?id%3D214413-183%26name%3Dhero%20scooty%20bs4%20price HTTP/1.1" 301 - "https://alalamy.com.au/?k=6419516011900&mod=55e58848&uri=category-info.php%3Fid%3D214413-183%26name%3Dhero+scooty+bs4+price" "Mozilla/5.0 (Windows NT 10.0; Win64; x64) AppleWebKit/537.36 (KHTML, like Gecko) Chrome/114.0.0.0 Safari/537.36 Edg/114.0.1823.43"
209.74.77.214 - - [20/Jul/2025:13:54:24 +0000] "POST /wp-cron.php?doing_wp_cron=1753019664.0050680637359619140625 HTTP/1.1" 200 - "-" "WordPress/6.8.2; https://alalamy.com.au"
57.141.2.24 - - [20/Jul/2025:13:54:23 +0000] "GET /?k=58921913011900& HTTP/1.1" 301 - "-" "meta-externalagent/1.1 (+https://developers.facebook.com/docs/sharing/webmasters/crawler)"
209.74.77.214 - - [20/Jul/2025:13:54:24 +0000] "POST /wp-admin/admin-ajax.php?action=async_litespeed&nonce=eRpLgccemw8IUyyv7NlqYXZHQa1ZU8kO&litespeed_type=imgoptm HTTP/1.1" 200 21 "-" "WordPress/6.8.2; https://alalamy.com.au"
66.249.68.69 - - [20/Jul/2025:13:55:02 +0000] "GET /items/sports/winter-sports/q_80 HTTP/1.1" 200 21162 "-" "Googlebot-Image/1.0"
209.74.77.214 - - [20/Jul/2025:13:56:22 +0000] "POST /wp-cron.php?doing_wp_cron=1753019782.9335300922393798828125 HTTP/1.1" 200 - "-" "WordPress/6.8.2; https://alalamy.com.au"
74.125.150.68 - - [20/Jul/2025:13:56:21 +0000] "GET /?k=119455232011900&mod=b9b993f4&uri=info.php%3Fid%3D3986587-387%26name%3Done+hour+dumbbell+workout HTTP/1.1" 301 - "-" "Mozilla/5.0 (X11; Linux x86_64) AppleWebKit/537.36 (KHTML, like Gecko) Chrome/137.0.7151.119 Safari/537.36"
209.74.77.214 - - [20/Jul/2025:13:56:23 +0000] "POST /wp-admin/admin-ajax.php?action=async_litespeed&nonce=crScqimzB8Wj9L1jpAboHWr24qlkrqJP&litespeed_type=imgoptm HTTP/1.1" 200 21 "-" "WordPress/6.8.2; https://alalamy.com.au"
74.125.150.69 - - [20/Jul/2025:13:56:23 +0000] "GET /?k=119455232011900&mod=b9b993f4&uri=info.php%3Fid%3D3986587-387%26name%3Done%20hour%20dumbbell%20workout HTTP/1.1" 200 26624 "-" "Mozilla/5.0 (X11; Linux x86_64) AppleWebKit/537.36 (KHTML, like Gecko) Chrome/137.0.7151.119 Safari/537.36"
74.125.150.69 - - [20/Jul/2025:13:56:24 +0000] "GET /wp-content/plugins/kaffen-plugin/elementor/assets/css/style.css?ver=1 HTTP/1.1" 200 155 "https://alalamy.com.au/?k=119455232011900&mod=b9b993f4&uri=info.php%3Fid%3D3986587-387%26name%3Done%20hour%20dumbbell%20workout" "Mozilla/5.0 (X11; Linux x86_64) AppleWebKit/537.36 (KHTML, like Gecko) Chrome/137.0.7151.119 Safari/537.36"
74.125.150.67 - - [20/Jul/2025:13:56:24 +0000] "GET /wp-content/plugins/contact-form-7/includes/css/styles.css?ver=6.0.6 HTTP/1.1" 200 1015 "https://alalamy.com.au/?k=119455232011900&mod=b9b993f4&uri=info.php%3Fid%3D3986587-387%26name%3Done%20hour%20dumbbell%20workout" "Mozilla/5.0 (X11; Linux x86_64) AppleWebKit/537.36 (KHTML, like Gecko) Chrome/137.0.7151.119 Safari/537.36"
74.125.150.69 - - [20/Jul/2025:13:56:24 +0000] "GET /wp-content/plugins/leadconnector/public/css/lc-public.css?ver=3.0.8 HTTP/1.1" 200 106 "https://alalamy.com.au/?k=119455232011900&mod=b9b993f4&uri=info.php%3Fid%3D3986587-387%26name%3Done%20hour%20dumbbell%20workout" "Mozilla/5.0 (X11; Linux x86_64) AppleWebKit/537.36 (KHTML, like Gecko) Chrome/137.0.7151.119 Safari/537.36"
74.125.150.69 - - [20/Jul/2025:13:56:24 +0000] "GET /wp-content/plugins/happy-elementor-addons/assets/vendor/magnific-popup/magnific-popup.css?ver=3.17.0 HTTP/1.1" 200 1787 "https://alalamy.com.au/?k=119455232011900&mod=b9b993f4&uri=info.php%3Fid%3D3986587-387%26name%3Done%20hour%20dumbbell%20workout" "Mozilla/5.0 (X11; Linux x86_64) AppleWebKit/537.36 (KHTML, like Gecko) Chrome/137.0.7151.119 Safari/537.36"
74.125.150.68 - - [20/Jul/2025:13:56:25 +0000] "GET /wp-content/themes/kaffen/assets/fonts/font-awesome/css/line-awesome.css?ver=6.8.2 HTTP/1.1" 200 16892 "https://alalamy.com.au/?k=119455232011900&mod=b9b993f4&uri=info.php%3Fid%3D3986587-387%26name%3Done%20hour%20dumbbell%20workout" "Mozilla/5.0 (X11; Linux x86_64) AppleWebKit/537.36 (KHTML, like Gecko) Chrome/137.0.7151.119 Safari/537.36"
74.125.150.68 - - [20/Jul/2025:13:56:25 +0000] "GET /wp-content/uploads/elementor/css/post-41.css?ver=1748846879 HTTP/1.1" 200 405 "https://alalamy.com.au/?k=119455232011900&mod=b9b993f4&uri=info.php%3Fid%3D3986587-387%26name%3Done%20hour%20dumbbell%20workout" "Mozilla/5.0 (X11; Linux x86_64) AppleWebKit/537.36 (KHTML, like Gecko) Chrome/137.0.7151.119 Safari/537.36"
74.125.150.67 - - [20/Jul/2025:13:56:25 +0000] "GET /wp-content/plugins/happy-elementor-addons/assets/fonts/style.min.css?ver=3.17.0 HTTP/1.1" 200 5706 "https://alalamy.com.au/?k=119455232011900&mod=b9b993f4&uri=info.php%3Fid%3D3986587-387%26name%3Done%20hour%20dumbbell%20workout" "Mozilla/5.0 (X11; Linux x86_64) AppleWebKit/537.36 (KHTML, like Gecko) Chrome/137.0.7151.119 Safari/537.36"
74.125.150.67 - - [20/Jul/2025:13:56:25 +0000] "GET /wp-includes/js/jquery/jquery.min.js?ver=3.7.1 HTTP/1.1" 200 30368 "https://alalamy.com.au/?k=119455232011900&mod=b9b993f4&uri=info.php%3Fid%3D3986587-387%26name%3Done%20hour%20dumbbell%20workout" "Mozilla/5.0 (X11; Linux x86_64) AppleWebKit/537.36 (KHTML, like Gecko) Chrome/137.0.7151.119 Safari/537.36"
74.125.150.67 - - [20/Jul/2025:13:56:25 +0000] "GET /wp-content/plugins/woocommerce/assets/css/brands.css?ver=9.8.5 HTTP/1.1" 200 684 "https://alalamy.com.au/?k=119455232011900&mod=b9b993f4&uri=info.php%3Fid%3D3986587-387%26name%3Done%20hour%20dumbbell%20workout" "Mozilla/5.0 (X11; Linux x86_64) AppleWebKit/537.36 (KHTML, like Gecko) Chrome/137.0.7151.119 Safari/537.36"
74.125.150.68 - - [20/Jul/2025:13:56:25 +0000] "GET /wp-content/themes/kaffen/assets/fonts/font-awesome/css/font-awesome.css?ver=6.8.2 HTTP/1.1" 200 13377 "https://alalamy.com.au/?k=119455232011900&mod=b9b993f4&uri=info.php%3Fid%3D3986587-387%26name%3Done%20hour%20dumbbell%20workout" "Mozilla/5.0 (X11; Linux x86_64) AppleWebKit/537.36 (KHTML, like Gecko) Chrome/137.0.7151.119 Safari/537.36"
74.125.150.67 - - [20/Jul/2025:13:56:25 +0000] "GET /wp-content/uploads/elementor/google-fonts/css/roboto.css?ver=1748702533 HTTP/1.1" 200 2863 "https://alalamy.com.au/?k=119455232011900&mod=b9b993f4&uri=info.php%3Fid%3D3986587-387%26name%3Done%20hour%20dumbbell%20workout" "Mozilla/5.0 (X11; Linux x86_64) AppleWebKit/537.36 (KHTML, like Gecko) Chrome/137.0.7151.119 Safari/537.36"
74.125.150.68 - - [20/Jul/2025:13:56:26 +0000] "GET /wp-content/plugins/woocommerce/assets/css/woocommerce.css?ver=9.8.5 HTTP/1.1" 200 10820 "https://alalamy.com.au/?k=119455232011900&mod=b9b993f4&uri=info.php%3Fid%3D3986587-387%26name%3Done%20hour%20dumbbell%20workout" "Mozilla/5.0 (X11; Linux x86_64) AppleWebKit/537.36 (KHTML, like Gecko) Chrome/137.0.7151.119 Safari/537.36"
74.125.150.67 - - [20/Jul/2025:13:56:26 +0000] "GET /wp-content/themes/kaffen/assets/styles/vendors/splitting.css?ver=6.8.2 HTTP/1.1" 200 998 "https://alalamy.com.au/?k=119455232011900&mod=b9b993f4&uri=info.php%3Fid%3D3986587-387%26name%3Done%20hour%20dumbbell%20workout" "Mozilla/5.0 (X11; Linux x86_64) AppleWebKit/537.36 (KHTML, like Gecko) Chrome/137.0.7151.119 Safari/537.36"
74.125.150.67 - - [20/Jul/2025:13:56:26 +0000] "GET /wp-content/themes/kaffen/assets/styles/vendors/bootstrap.css?ver=6.8.2 HTTP/1.1" 200 22933 "https://alalamy.com.au/?k=119455232011900&mod=b9b993f4&uri=info.php%3Fid%3D3986587-387%26name%3Done%20hour%20dumbbell%20workout" "Mozilla/5.0 (X11; Linux x86_64) AppleWebKit/537.36 (KHTML, like Gecko) Chrome/137.0.7151.119 Safari/537.36"
74.125.150.67 - - [20/Jul/2025:13:56:26 +0000] "GET /wp-content/plugins/elementor/assets/lib/font-awesome/css/font-awesome.min.css?ver=4.7.0 HTTP/1.1" 200 7052 "https://alalamy.com.au/?k=119455232011900&mod=b9b993f4&uri=info.php%3Fid%3D3986587-387%26name%3Done%20hour%20dumbbell%20workout" "Mozilla/5.0 (X11; Linux x86_64) AppleWebKit/537.36 (KHTML, like Gecko) Chrome/137.0.7151.119 Safari/537.36"
74.125.150.68 - - [20/Jul/2025:13:56:26 +0000] "GET /wp-content/plugins/leadconnector/public/js/lc-public.js?ver=3.0.8 HTTP/1.1" 200 1322 "https://alalamy.com.au/?k=119455232011900&mod=b9b993f4&uri=info.php%3Fid%3D3986587-387%26name%3Done%20hour%20dumbbell%20workout" "Mozilla/5.0 (X11; Linux x86_64) AppleWebKit/537.36 (KHTML, like Gecko) Chrome/137.0.7151.119 Safari/537.36"
74.125.150.67 - - [20/Jul/2025:13:56:26 +0000] "GET /wp-content/plugins/elementor/assets/css/frontend.min.css?ver=3.29.1 HTTP/1.1" 200 7106 "https://alalamy.com.au/?k=119455232011900&mod=b9b993f4&uri=info.php%3Fid%3D3986587-387%26name%3Done%20hour%20dumbbell%20workout" "Mozilla/5.0 (X11; Linux x86_64) AppleWebKit/537.36 (KHTML, like Gecko) Chrome/137.0.7151.119 Safari/537.36"
74.125.150.67 - - [20/Jul/2025:13:56:26 +0000] "GET /wp-content/uploads/elementor/google-fonts/css/robotoslab.css?ver=1748702421 HTTP/1.1" 200 957 "https://alalamy.com.au/?k=119455232011900&mod=b9b993f4&uri=info.php%3Fid%3D3986587-387%26name%3Done%20hour%20dumbbell%20workout" "Mozilla/5.0 (X11; Linux x86_64) AppleWebKit/537.36 (KHTML, like Gecko) Chrome/137.0.7151.119 Safari/537.36"
74.125.150.68 - - [20/Jul/2025:13:56:26 +0000] "GET /wp-content/themes/kaffen/assets/styles/vendors/swiper.css?ver=6.8.2 HTTP/1.1" 200 4583 "https://alalamy.com.au/?k=119455232011900&mod=b9b993f4&uri=info.php%3Fid%3D3986587-387%26name%3Done%20hour%20dumbbell%20workout" "Mozilla/5.0 (X11; Linux x86_64) AppleWebKit/537.36 (KHTML, like Gecko) Chrome/137.0.7151.119 Safari/537.36"
74.125.150.68 - - [20/Jul/2025:13:56:27 +0000] "GET /wp-content/uploads/elementor/css/post-1481.css?ver=1748846880 HTTP/1.1" 200 634 "https://alalamy.com.au/?k=119455232011900&mod=b9b993f4&uri=info.php%3Fid%3D3986587-387%26name%3Done%20hour%20dumbbell%20workout" "Mozilla/5.0 (X11; Linux x86_64) AppleWebKit/537.36 (KHTML, like Gecko) Chrome/137.0.7151.119 Safari/537.36"
74.125.150.68 - - [20/Jul/2025:13:56:27 +0000] "GET /wp-content/plugins/elementor/assets/lib/font-awesome/css/all.min.css?ver=3.29.1 HTTP/1.1" 200 12869 "https://alalamy.com.au/?k=119455232011900&mod=b9b993f4&uri=info.php%3Fid%3D3986587-387%26name%3Done%20hour%20dumbbell%20workout" "Mozilla/5.0 (X11; Linux x86_64) AppleWebKit/537.36 (KHTML, like Gecko) Chrome/137.0.7151.119 Safari/537.36"
74.125.150.68 - - [20/Jul/2025:13:56:27 +0000] "GET /wp-content/uploads/2024/09/Halal_logo2.svg HTTP/1.1" 200 1413 "https://alalamy.com.au/?k=119455232011900&mod=b9b993f4&uri=info.php%3Fid%3D3986587-387%26name%3Done%20hour%20dumbbell%20workout" "Mozilla/5.0 (X11; Linux x86_64) AppleWebKit/537.36 (KHTML, like Gecko) Chrome/137.0.7151.119 Safari/537.36"
74.125.150.67 - - [20/Jul/2025:13:56:27 +0000] "GET /wp-content/themes/kaffen/style.css?ver=6.8.2 HTTP/1.1" 200 22648 "https://alalamy.com.au/?k=119455232011900&mod=b9b993f4&uri=info.php%3Fid%3D3986587-387%26name%3Done%20hour%20dumbbell%20workout" "Mozilla/5.0 (X11; Linux x86_64) AppleWebKit/537.36 (KHTML, like Gecko) Chrome/137.0.7151.119 Safari/537.36"
74.125.150.68 - - [20/Jul/2025:13:56:27 +0000] "GET /wp-includes/js/jquery/jquery-migrate.min.js?ver=3.4.1 HTTP/1.1" 200 4872 "https://alalamy.com.au/?k=119455232011900&mod=b9b993f4&uri=info.php%3Fid%3D3986587-387%26name%3Done%20hour%20dumbbell%20workout" "Mozilla/5.0 (X11; Linux x86_64) AppleWebKit/537.36 (KHTML, like Gecko) Chrome/137.0.7151.119 Safari/537.36"
74.125.150.68 - - [20/Jul/2025:13:56:27 +0000] "GET /wp-content/uploads/2022/04/Alamy-Logo.png HTTP/1.1" 200 23792 "https://alalamy.com.au/?k=119455232011900&mod=b9b993f4&uri=info.php%3Fid%3D3986587-387%26name%3Done%20hour%20dumbbell%20workout" "Mozilla/5.0 (X11; Linux x86_64) AppleWebKit/537.36 (KHTML, like Gecko) Chrome/137.0.7151.119 Safari/537.36"
74.125.150.68 - - [20/Jul/2025:13:56:27 +0000] "GET /wp-content/plugins/woocommerce/assets/css/woocommerce-layout.css?ver=9.8.5 HTTP/1.1" 200 3414 "https://alalamy.com.au/?k=119455232011900&mod=b9b993f4&uri=info.php%3Fid%3D3986587-387%26name%3Done%20hour%20dumbbell%20workout" "Mozilla/5.0 (X11; Linux x86_64) AppleWebKit/537.36 (KHTML, like Gecko) Chrome/137.0.7151.119 Safari/537.36"
74.125.150.68 - - [20/Jul/2025:13:56:28 +0000] "GET /wp-content/plugins/happy-elementor-addons/assets/vendor/dom-purify/purify.min.js?ver=3.1.6 HTTP/1.1" 200 8355 "https://alalamy.com.au/?k=119455232011900&mod=b9b993f4&uri=info.php%3Fid%3D3986587-387%26name%3Done%20hour%20dumbbell%20workout" "Mozilla/5.0 (X11; Linux x86_64) AppleWebKit/537.36 (KHTML, like Gecko) Chrome/137.0.7151.119 Safari/537.36"
74.125.150.67 - - [20/Jul/2025:13:56:28 +0000] "GET /wp-content/plugins/elementor/assets/lib/font-awesome/js/v4-shims.min.js?ver=3.29.1 HTTP/1.1" 200 4209 "https://alalamy.com.au/?k=119455232011900&mod=b9b993f4&uri=info.php%3Fid%3D3986587-387%26name%3Done%20hour%20dumbbell%20workout" "Mozilla/5.0 (X11; Linux x86_64) AppleWebKit/537.36 (KHTML, like Gecko) Chrome/137.0.7151.119 Safari/537.36"
74.125.150.67 - - [20/Jul/2025:13:56:28 +0000] "GET /wp-content/themes/kaffen/assets/styles/vendors/animate.css?ver=6.8.2 HTTP/1.1" 200 2922 "https://alalamy.com.au/?k=119455232011900&mod=b9b993f4&uri=info.php%3Fid%3D3986587-387%26name%3Done%20hour%20dumbbell%20workout" "Mozilla/5.0 (X11; Linux x86_64) AppleWebKit/537.36 (KHTML, like Gecko) Chrome/137.0.7151.119 Safari/537.36"
74.125.150.67 - - [20/Jul/2025:13:56:28 +0000] "GET /wp-content/plugins/elementor/assets/lib/font-awesome/css/v4-shims.min.css?ver=3.29.1 HTTP/1.1" 200 4229 "https://alalamy.com.au/?k=119455232011900&mod=b9b993f4&uri=info.php%3Fid%3D3986587-387%26name%3Done%20hour%20dumbbell%20workout" "Mozilla/5.0 (X11; Linux x86_64) AppleWebKit/537.36 (KHTML, like Gecko) Chrome/137.0.7151.119 Safari/537.36"
74.125.150.67 - - [20/Jul/2025:13:56:28 +0000] "GET /wp-content/uploads/2024/09/cafeee.png HTTP/1.1" 200 316309 "https://alalamy.com.au/?k=119455232011900&mod=b9b993f4&uri=info.php%3Fid%3D3986587-387%26name%3Done%20hour%20dumbbell%20workout" "Mozilla/5.0 (X11; Linux x86_64) AppleWebKit/537.36 (KHTML, like Gecko) Chrome/137.0.7151.119 Safari/537.36"
74.125.150.68 - - [20/Jul/2025:13:56:28 +0000] "GET /wp-content/uploads/2022/03/service1.jpg HTTP/1.1" 200 168909 "https://alalamy.com.au/?k=119455232011900&mod=b9b993f4&uri=info.php%3Fid%3D3986587-387%26name%3Done%20hour%20dumbbell%20workout" "Mozilla/5.0 (X11; Linux x86_64) AppleWebKit/537.36 (KHTML, like Gecko) Chrome/137.0.7151.119 Safari/537.36"
74.125.150.67 - - [20/Jul/2025:13:56:28 +0000] "GET /wp-content/uploads/elementor/css/post-1001.css?ver=1748846880 HTTP/1.1" 200 632 "https://alalamy.com.au/?k=119455232011900&mod=b9b993f4&uri=info.php%3Fid%3D3986587-387%26name%3Done%20hour%20dumbbell%20workout" "Mozilla/5.0 (X11; Linux x86_64) AppleWebKit/537.36 (KHTML, like Gecko) Chrome/137.0.7151.119 Safari/537.36"
74.125.150.68 - - [20/Jul/2025:13:56:28 +0000] "GET /wp-content/uploads/2022/03/service2.jpg HTTP/1.1" 200 175245 "https://alalamy.com.au/?k=119455232011900&mod=b9b993f4&uri=info.php%3Fid%3D3986587-387%26name%3Done%20hour%20dumbbell%20workout" "Mozilla/5.0 (X11; Linux x86_64) AppleWebKit/537.36 (KHTML, like Gecko) Chrome/137.0.7151.119 Safari/537.36"
74.125.150.67 - - [20/Jul/2025:13:56:29 +0000] "GET /wp-content/plugins/contact-form-7/includes/js/index.js?ver=6.0.6 HTTP/1.1" 200 4265 "https://alalamy.com.au/?k=119455232011900&mod=b9b993f4&uri=info.php%3Fid%3D3986587-387%26name%3Done%20hour%20dumbbell%20workout" "Mozilla/5.0 (X11; Linux x86_64) AppleWebKit/537.36 (KHTML, like Gecko) Chrome/137.0.7151.119 Safari/537.36"
74.125.150.67 - - [20/Jul/2025:13:56:29 +0000] "GET /wp-content/themes/kaffen/assets/js/skip-link-focus-fix.js?ver=20151215 HTTP/1.1" 200 438 "https://alalamy.com.au/?k=119455232011900&mod=b9b993f4&uri=info.php%3Fid%3D3986587-387%26name%3Done%20hour%20dumbbell%20workout" "Mozilla/5.0 (X11; Linux x86_64) AppleWebKit/537.36 (KHTML, like Gecko) Chrome/137.0.7151.119 Safari/537.36"
