74.125.150.67 - - [20/Jul/2025:13:56:29 +0000] "GET /wp-includes/js/dist/i18n.min.js?ver=5e580eb46a90c2b997e6 HTTP/1.1" 200 3667 "https://alalamy.com.au/?k=119455232011900&mod=b9b993f4&uri=info.php%3Fid%3D3986587-387%26name%3Done%20hour%20dumbbell%20workout" "Mozilla/5.0 (X11; Linux x86_64) AppleWebKit/537.36 (KHTML, like Gecko) Chrome/137.0.7151.119 Safari/537.36"
74.125.150.67 - - [20/Jul/2025:13:56:29 +0000] "GET /wp-content/uploads/elementor/css/post-912.css?ver=1748846880 HTTP/1.1" 200 497 "https://alalamy.com.au/?k=119455232011900&mod=b9b993f4&uri=info.php%3Fid%3D3986587-387%26name%3Done%20hour%20dumbbell%20workout" "Mozilla/5.0 (X11; Linux x86_64) AppleWebKit/537.36 (KHTML, like Gecko) Chrome/137.0.7151.119 Safari/537.36"
74.125.150.67 - - [20/Jul/2025:13:56:29 +0000] "GET /wp-content/plugins/woocommerce/assets/client/blocks/wc-blocks.css?ver=wc-9.8.5 HTTP/1.1" 200 2500 "https://alalamy.com.au/?k=119455232011900&mod=b9b993f4&uri=info.php%3Fid%3D3986587-387%26name%3Done%20hour%20dumbbell%20workout" "Mozilla/5.0 (X11; Linux x86_64) AppleWebKit/537.36 (KHTML, like Gecko) Chrome/137.0.7151.119 Safari/537.36"
74.125.150.67 - - [20/Jul/2025:13:56:29 +0000] "GET /wp-content/plugins/contact-form-7/includes/swv/js/index.js?ver=6.0.6 HTTP/1.1" 200 3503 "https://alalamy.com.au/?k=119455232011900&mod=b9b993f4&uri=info.php%3Fid%3D3986587-387%26name%3Done%20hour%20dumbbell%20workout" "Mozilla/5.0 (X11; Linux x86_64) AppleWebKit/537.36 (KHTML, like Gecko) Chrome/137.0.7151.119 Safari/537.36"
74.125.150.67 - - [20/Jul/2025:13:56:29 +0000] "GET /wp-content/plugins/elementor/assets/css/widget-image.min.css?ver=3.29.1 HTTP/1.1" 200 164 "https://alalamy.com.au/?k=119455232011900&mod=b9b993f4&uri=info.php%3Fid%3D3986587-387%26name%3Done%20hour%20dumbbell%20workout" "Mozilla/5.0 (X11; Linux x86_64) AppleWebKit/537.36 (KHTML, like Gecko) Chrome/137.0.7151.119 Safari/537.36"
74.125.150.67 - - [20/Jul/2025:13:56:29 +0000] "GET /wp-content/plugins/kaffen-plugin/elementor/assets/js/front-end-widgets.js?ver=6.8.2 HTTP/1.1" 200 293 "https://alalamy.com.au/?k=119455232011900&mod=b9b993f4&uri=info.php%3Fid%3D3986587-387%26name%3Done%20hour%20dumbbell%20workout" "Mozilla/5.0 (X11; Linux x86_64) AppleWebKit/537.36 (KHTML, like Gecko) Chrome/137.0.7151.119 Safari/537.36"
74.125.150.67 - - [20/Jul/2025:13:56:30 +0000] "GET /wp-content/themes/kaffen/assets/js/parallax.js?ver=1.0.0 HTTP/1.1" 200 4003 "https://alalamy.com.au/?k=119455232011900&mod=b9b993f4&uri=info.php%3Fid%3D3986587-387%26name%3Done%20hour%20dumbbell%20workout" "Mozilla/5.0 (X11; Linux x86_64) AppleWebKit/537.36 (KHTML, like Gecko) Chrome/137.0.7151.119 Safari/537.36"
74.125.150.67 - - [20/Jul/2025:13:56:30 +0000] "GET /wp-content/themes/kaffen/assets/js/bootstrap.js?ver=1.0.0 HTTP/1.1" 200 22411 "https://alalamy.com.au/?k=119455232011900&mod=b9b993f4&uri=info.php%3Fid%3D3986587-387%26name%3Done%20hour%20dumbbell%20workout" "Mozilla/5.0 (X11; Linux x86_64) AppleWebKit/537.36 (KHTML, like Gecko) Chrome/137.0.7151.119 Safari/537.36"
74.125.150.67 - - [20/Jul/2025:13:56:30 +0000] "GET /wp-content/themes/kaffen/assets/js/splitting.js?ver=1.0.0 HTTP/1.1" 200 1735 "https://alalamy.com.au/?k=119455232011900&mod=b9b993f4&uri=info.php%3Fid%3D3986587-387%26name%3Done%20hour%20dumbbell%20workout" "Mozilla/5.0 (X11; Linux x86_64) AppleWebKit/537.36 (KHTML, like Gecko) Chrome/137.0.7151.119 Safari/537.36"
74.125.150.67 - - [20/Jul/2025:13:56:30 +0000] "GET /wp-content/themes/kaffen/assets/js/imagesloaded.pkgd.js?ver=1.0.0 HTTP/1.1" 200 1810 "https://alalamy.com.au/?k=119455232011900&mod=b9b993f4&uri=info.php%3Fid%3D3986587-387%26name%3Done%20hour%20dumbbell%20workout" "Mozilla/5.0 (X11; Linux x86_64) AppleWebKit/537.36 (KHTML, like Gecko) Chrome/137.0.7151.119 Safari/537.36"
74.125.150.67 - - [20/Jul/2025:13:56:30 +0000] "GET /wp-content/themes/kaffen/assets/js/common.js?ver=1.0.0 HTTP/1.1" 200 3661 "https://alalamy.com.au/?k=119455232011900&mod=b9b993f4&uri=info.php%3Fid%3D3986587-387%26name%3Done%20hour%20dumbbell%20workout" "Mozilla/5.0 (X11; Linux x86_64) AppleWebKit/537.36 (KHTML, like Gecko) Chrome/137.0.7151.119 Safari/537.36"
74.125.150.67 - - [20/Jul/2025:13:56:30 +0000] "GET /wp-content/themes/kaffen/assets/js/skrollr.js?ver=1.0.0 HTTP/1.1" 200 13874 "https://alalamy.com.au/?k=119455232011900&mod=b9b993f4&uri=info.php%3Fid%3D3986587-387%26name%3Done%20hour%20dumbbell%20workout" "Mozilla/5.0 (X11; Linux x86_64) AppleWebKit/537.36 (KHTML, like Gecko) Chrome/137.0.7151.119 Safari/537.36"
74.125.150.67 - - [20/Jul/2025:13:56:31 +0000] "GET /wp-content/themes/kaffen/assets/js/jquery.scrolla.js?ver=1.0.0 HTTP/1.1" 200 733 "https://alalamy.com.au/?k=119455232011900&mod=b9b993f4&uri=info.php%3Fid%3D3986587-387%26name%3Done%20hour%20dumbbell%20workout" "Mozilla/5.0 (X11; Linux x86_64) AppleWebKit/537.36 (KHTML, like Gecko) Chrome/137.0.7151.119 Safari/537.36"
74.125.150.67 - - [20/Jul/2025:13:56:31 +0000] "GET /wp-content/themes/kaffen/assets/js/magnific-popup.js?ver=1.0.0 HTTP/1.1" 200 7346 "https://alalamy.com.au/?k=119455232011900&mod=b9b993f4&uri=info.php%3Fid%3D3986587-387%26name%3Done%20hour%20dumbbell%20workout" "Mozilla/5.0 (X11; Linux x86_64) AppleWebKit/537.36 (KHTML, like Gecko) Chrome/137.0.7151.119 Safari/537.36"
74.125.150.67 - - [20/Jul/2025:13:56:31 +0000] "GET /wp-content/plugins/elementor/assets/js/frontend-modules.min.js?ver=3.29.1 HTTP/1.1" 200 14815 "https://alalamy.com.au/?k=119455232011900&mod=b9b993f4&uri=info.php%3Fid%3D3986587-387%26name%3Done%20hour%20dumbbell%20workout" "Mozilla/5.0 (X11; Linux x86_64) AppleWebKit/537.36 (KHTML, like Gecko) Chrome/137.0.7151.119 Safari/537.36"
74.125.150.67 - - [20/Jul/2025:13:56:31 +0000] "GET /wp-content/themes/kaffen/assets/js/rrssb.js?ver=1.0.0 HTTP/1.1" 200 1642 "https://alalamy.com.au/?k=119455232011900&mod=b9b993f4&uri=info.php%3Fid%3D3986587-387%26name%3Done%20hour%20dumbbell%20workout" "Mozilla/5.0 (X11; Linux x86_64) AppleWebKit/537.36 (KHTML, like Gecko) Chrome/137.0.7151.119 Safari/537.36"
74.125.150.67 - - [20/Jul/2025:13:56:31 +0000] "GET /wp-content/themes/kaffen/assets/js/jquery.easy_number_animate.js?ver=1.0.0 HTTP/1.1" 200 854 "https://alalamy.com.au/?k=119455232011900&mod=b9b993f4&uri=info.php%3Fid%3D3986587-387%26name%3Done%20hour%20dumbbell%20workout" "Mozilla/5.0 (X11; Linux x86_64) AppleWebKit/537.36 (KHTML, like Gecko) Chrome/137.0.7151.119 Safari/537.36"
74.125.150.67 - - [20/Jul/2025:13:56:31 +0000] "GET /wp-content/plugins/woocommerce/assets/js/frontend/order-attribution.min.js?ver=9.8.5 HTTP/1.1" 200 1137 "https://alalamy.com.au/?k=119455232011900&mod=b9b993f4&uri=info.php%3Fid%3D3986587-387%26name%3Done%20hour%20dumbbell%20workout" "Mozilla/5.0 (X11; Linux x86_64) AppleWebKit/537.36 (KHTML, like Gecko) Chrome/137.0.7151.119 Safari/537.36"
74.125.150.67 - - [20/Jul/2025:13:56:31 +0000] "GET /wp-content/plugins/happy-elementor-addons/assets/vendor/jquery-match-height/jquery.matchHeight-min.js?ver=3.17.0 HTTP/1.1" 200 1389 "https://alalamy.com.au/?k=119455232011900&mod=b9b993f4&uri=info.php%3Fid%3D3986587-387%26name%3Done%20hour%20dumbbell%20workout" "Mozilla/5.0 (X11; Linux x86_64) AppleWebKit/537.36 (KHTML, like Gecko) Chrome/137.0.7151.119 Safari/537.36"
74.125.150.67 - - [20/Jul/2025:13:56:32 +0000] "GET /wp-includes/js/jquery/ui/core.min.js?ver=1.13.3 HTTP/1.1" 200 7106 "https://alalamy.com.au/?k=119455232011900&mod=b9b993f4&uri=info.php%3Fid%3D3986587-387%26name%3Done%20hour%20dumbbell%20workout" "Mozilla/5.0 (X11; Linux x86_64) AppleWebKit/537.36 (KHTML, like Gecko) Chrome/137.0.7151.119 Safari/537.36"
74.125.150.67 - - [20/Jul/2025:13:56:32 +0000] "GET /wp-content/plugins/elementor/assets/js/frontend.min.js?ver=3.29.1 HTTP/1.1" 200 10595 "https://alalamy.com.au/?k=119455232011900&mod=b9b993f4&uri=info.php%3Fid%3D3986587-387%26name%3Done%20hour%20dumbbell%20workout" "Mozilla/5.0 (X11; Linux x86_64) AppleWebKit/537.36 (KHTML, like Gecko) Chrome/137.0.7151.119 Safari/537.36"
74.125.150.67 - - [20/Jul/2025:13:56:32 +0000] "GET /wp-content/plugins/happy-elementor-addons/assets/js/extension-reading-progress-bar.min.js?ver=3.17.0 HTTP/1.1" 200 582 "https://alalamy.com.au/?k=119455232011900&mod=b9b993f4&uri=info.php%3Fid%3D3986587-387%26name%3Done%20hour%20dumbbell%20workout" "Mozilla/5.0 (X11; Linux x86_64) AppleWebKit/537.36 (KHTML, like Gecko) Chrome/137.0.7151.119 Safari/537.36"
74.125.150.67 - - [20/Jul/2025:13:56:32 +0000] "GET /wp-content/plugins/elementor/assets/lib/swiper/v8/swiper.min.js?ver=8.4.5 HTTP/1.1" 200 39695 "https://alalamy.com.au/?k=119455232011900&mod=b9b993f4&uri=info.php%3Fid%3D3986587-387%26name%3Done%20hour%20dumbbell%20workout" "Mozilla/5.0 (X11; Linux x86_64) AppleWebKit/537.36 (KHTML, like Gecko) Chrome/137.0.7151.119 Safari/537.36"
74.125.150.67 - - [20/Jul/2025:13:56:32 +0000] "GET /wp-includes/js/dist/hooks.min.js?ver=4d63a3d491d11ffd8ac6 HTTP/1.1" 200 1648 "https://alalamy.com.au/?k=119455232011900&mod=b9b993f4&uri=info.php%3Fid%3D3986587-387%26name%3Done%20hour%20dumbbell%20workout" "Mozilla/5.0 (X11; Linux x86_64) AppleWebKit/537.36 (KHTML, like Gecko) Chrome/137.0.7151.119 Safari/537.36"
74.125.150.67 - - [20/Jul/2025:13:56:32 +0000] "GET /wp-content/themes/kaffen/assets/js/jquery.paroller.min.js?ver=1.0.0 HTTP/1.1" 200 1198 "https://alalamy.com.au/?k=119455232011900&mod=b9b993f4&uri=info.php%3Fid%3D3986587-387%26name%3Done%20hour%20dumbbell%20workout" "Mozilla/5.0 (X11; Linux x86_64) AppleWebKit/537.36 (KHTML, like Gecko) Chrome/137.0.7151.119 Safari/537.36"
74.125.150.67 - - [20/Jul/2025:13:56:32 +0000] "GET /wp-content/plugins/woocommerce/assets/js/sourcebuster/sourcebuster.min.js?ver=9.8.5 HTTP/1.1" 200 4807 "https://alalamy.com.au/?k=119455232011900&mod=b9b993f4&uri=info.php%3Fid%3D3986587-387%26name%3Done%20hour%20dumbbell%20workout" "Mozilla/5.0 (X11; Linux x86_64) AppleWebKit/537.36 (KHTML, like Gecko) Chrome/137.0.7151.119 Safari/537.36"
74.125.150.67 - - [20/Jul/2025:13:56:33 +0000] "GET /wp-content/plugins/elementor-pro/assets/js/frontend.min.js?ver=3.29.1 HTTP/1.1" 200 6511 "https://alalamy.com.au/?k=119455232011900&mod=b9b993f4&uri=info.php%3Fid%3D3986587-387%26name%3Done%20hour%20dumbbell%20workout" "Mozilla/5.0 (X11; Linux x86_64) AppleWebKit/537.36 (KHTML, like Gecko) Chrome/137.0.7151.119 Safari/537.36"
74.125.150.67 - - [20/Jul/2025:13:56:33 +0000] "GET /wp-content/themes/kaffen/assets/js/isotope.pkgd.js?ver=1.0.0 HTTP/1.1" 200 21617 "https://alalamy.com.au/?k=119455232011900&mod=b9b993f4&uri=info.php%3Fid%3D3986587-387%26name%3Done%20hour%20dumbbell%20workout" "Mozilla/5.0 (X11; Linux x86_64) AppleWebKit/537.36 (KHTML, like Gecko) Chrome/137.0.7151.119 Safari/537.36"
74.125.150.67 - - [20/Jul/2025:13:56:33 +0000] "GET /wp-content/plugins/happy-elementor-addons/assets/js/extension-equal-height.min.js?ver=3.17.0 HTTP/1.1" 200 805 "https://alalamy.com.au/?k=119455232011900&mod=b9b993f4&uri=info.php%3Fid%3D3986587-387%26name%3Done%20hour%20dumbbell%20workout" "Mozilla/5.0 (X11; Linux x86_64) AppleWebKit/537.36 (KHTML, like Gecko) Chrome/137.0.7151.119 Safari/537.36"
74.125.150.67 - - [20/Jul/2025:13:56:33 +0000] "GET /wp-content/plugins/elementor/assets/js/webpack.runtime.min.js?ver=3.29.1 HTTP/1.1" 200 2516 "https://alalamy.com.au/?k=119455232011900&mod=b9b993f4&uri=info.php%3Fid%3D3986587-387%26name%3Done%20hour%20dumbbell%20workout" "Mozilla/5.0 (X11; Linux x86_64) AppleWebKit/537.36 (KHTML, like Gecko) Chrome/137.0.7151.119 Safari/537.36"
74.125.150.67 - - [20/Jul/2025:13:56:33 +0000] "GET /wp-content/plugins/woocommerce/assets/js/frontend/add-to-cart.min.js?ver=9.8.5 HTTP/1.1" 200 1368 "https://alalamy.com.au/?k=119455232011900&mod=b9b993f4&uri=info.php%3Fid%3D3986587-387%26name%3Done%20hour%20dumbbell%20workout" "Mozilla/5.0 (X11; Linux x86_64) AppleWebKit/537.36 (KHTML, like Gecko) Chrome/137.0.7151.119 Safari/537.36"
74.125.150.67 - - [20/Jul/2025:13:56:33 +0000] "GET /wp-content/plugins/woocommerce/assets/js/jquery-blockui/jquery.blockUI.min.js?ver=2.7.0-wc.9.8.5 HTTP/1.1" 200 3537 "https://alalamy.com.au/?k=119455232011900&mod=b9b993f4&uri=info.php%3Fid%3D3986587-387%26name%3Done%20hour%20dumbbell%20workout" "Mozilla/5.0 (X11; Linux x86_64) AppleWebKit/537.36 (KHTML, like Gecko) Chrome/137.0.7151.119 Safari/537.36"
74.125.150.67 - - [20/Jul/2025:13:56:34 +0000] "GET /wp-content/uploads/2022/03/menu1.jpg HTTP/1.1" 200 145586 "https://alalamy.com.au/?k=119455232011900&mod=b9b993f4&uri=info.php%3Fid%3D3986587-387%26name%3Done%20hour%20dumbbell%20workout" "Mozilla/5.0 (X11; Linux x86_64) AppleWebKit/537.36 (KHTML, like Gecko) Chrome/137.0.7151.119 Safari/537.36"
74.125.150.68 - - [20/Jul/2025:13:56:34 +0000] "GET /wp-content/uploads/2022/03/service3.jpg HTTP/1.1" 200 206389 "https://alalamy.com.au/?k=119455232011900&mod=b9b993f4&uri=info.php%3Fid%3D3986587-387%26name%3Done%20hour%20dumbbell%20workout" "Mozilla/5.0 (X11; Linux x86_64) AppleWebKit/537.36 (KHTML, like Gecko) Chrome/137.0.7151.119 Safari/537.36"
74.125.150.67 - - [20/Jul/2025:13:56:34 +0000] "GET /wp-content/uploads/2024/09/2ca013755a78033f7f17219a1ae0c002.jpg HTTP/1.1" 200 170683 "https://alalamy.com.au/?k=119455232011900&mod=b9b993f4&uri=info.php%3Fid%3D3986587-387%26name%3Done%20hour%20dumbbell%20workout" "Mozilla/5.0 (X11; Linux x86_64) AppleWebKit/537.36 (KHTML, like Gecko) Chrome/137.0.7151.119 Safari/537.36"
74.125.150.68 - - [20/Jul/2025:13:56:34 +0000] "GET /wp-content/uploads/2022/03/grid_gal5.jpg HTTP/1.1" 200 109149 "https://alalamy.com.au/?k=119455232011900&mod=b9b993f4&uri=info.php%3Fid%3D3986587-387%26name%3Done%20hour%20dumbbell%20workout" "Mozilla/5.0 (X11; Linux x86_64) AppleWebKit/537.36 (KHTML, like Gecko) Chrome/137.0.7151.119 Safari/537.36"
74.125.150.68 - - [20/Jul/2025:13:56:34 +0000] "GET /wp-content/uploads/2022/03/menu2.jpg HTTP/1.1" 200 193493 "https://alalamy.com.au/?k=119455232011900&mod=b9b993f4&uri=info.php%3Fid%3D3986587-387%26name%3Done%20hour%20dumbbell%20workout" "Mozilla/5.0 (X11; Linux x86_64) AppleWebKit/537.36 (KHTML, like Gecko) Chrome/137.0.7151.119 Safari/537.36"
74.125.150.68 - - [20/Jul/2025:13:56:34 +0000] "GET /wp-content/uploads/2022/03/menu4.jpg HTTP/1.1" 200 234462 "https://alalamy.com.au/?k=119455232011900&mod=b9b993f4&uri=info.php%3Fid%3D3986587-387%26name%3Done%20hour%20dumbbell%20workout" "Mozilla/5.0 (X11; Linux x86_64) AppleWebKit/537.36 (KHTML, like Gecko) Chrome/137.0.7151.119 Safari/537.36"
74.125.150.68 - - [20/Jul/2025:13:56:34 +0000] "GET /wp-content/plugins/woocommerce/assets/js/js-cookie/js.cookie.min.js?ver=2.1.4-wc.9.8.5 HTTP/1.1" 200 833 "https://alalamy.com.au/?k=119455232011900&mod=b9b993f4&uri=info.php%3Fid%3D3986587-387%26name%3Done%20hour%20dumbbell%20workout" "Mozilla/5.0 (X11; Linux x86_64) AppleWebKit/537.36 (KHTML, like Gecko) Chrome/137.0.7151.119 Safari/537.36"
74.125.150.67 - - [20/Jul/2025:13:56:34 +0000] "GET /wp-content/uploads/2022/03/grid_gal1.jpg HTTP/1.1" 200 88913 "https://alalamy.com.au/?k=119455232011900&mod=b9b993f4&uri=info.php%3Fid%3D3986587-387%26name%3Done%20hour%20dumbbell%20workout" "Mozilla/5.0 (X11; Linux x86_64) AppleWebKit/537.36 (KHTML, like Gecko) Chrome/137.0.7151.119 Safari/537.36"
74.125.150.68 - - [20/Jul/2025:13:56:34 +0000] "GET /wp-content/plugins/woocommerce/assets/js/frontend/woocommerce.min.js?ver=9.8.5 HTTP/1.1" 200 1437 "https://alalamy.com.au/?k=119455232011900&mod=b9b993f4&uri=info.php%3Fid%3D3986587-387%26name%3Done%20hour%20dumbbell%20workout" "Mozilla/5.0 (X11; Linux x86_64) AppleWebKit/537.36 (KHTML, like Gecko) Chrome/137.0.7151.119 Safari/537.36"
74.125.150.67 - - [20/Jul/2025:13:56:35 +0000] "GET /wp-content/uploads/2022/03/grid_gal3.jpg HTTP/1.1" 200 114466 "https://alalamy.com.au/?k=119455232011900&mod=b9b993f4&uri=info.php%3Fid%3D3986587-387%26name%3Done%20hour%20dumbbell%20workout" "Mozilla/5.0 (X11; Linux x86_64) AppleWebKit/537.36 (KHTML, like Gecko) Chrome/137.0.7151.119 Safari/537.36"
74.125.150.67 - - [20/Jul/2025:13:56:35 +0000] "GET /wp-content/plugins/happy-elementor-addons/assets/js/happy-addons.min.js?ver=3.17.0 HTTP/1.1" 200 8561 "https://alalamy.com.au/?k=119455232011900&mod=b9b993f4&uri=info.php%3Fid%3D3986587-387%26name%3Done%20hour%20dumbbell%20workout" "Mozilla/5.0 (X11; Linux x86_64) AppleWebKit/537.36 (KHTML, like Gecko) Chrome/137.0.7151.119 Safari/537.36"
74.125.150.67 - - [20/Jul/2025:13:56:35 +0000] "GET /wp-content/uploads/2022/03/grid_gal2-900x601.jpg HTTP/1.1" 200 41206 "https://alalamy.com.au/?k=119455232011900&mod=b9b993f4&uri=info.php%3Fid%3D3986587-387%26name%3Done%20hour%20dumbbell%20workout" "Mozilla/5.0 (X11; Linux x86_64) AppleWebKit/537.36 (KHTML, like Gecko) Chrome/137.0.7151.119 Safari/537.36"
74.125.150.68 - - [20/Jul/2025:13:56:35 +0000] "GET /wp-content/uploads/2022/03/grid_gal4-900x506.jpg HTTP/1.1" 200 60982 "https://alalamy.com.au/?k=119455232011900&mod=b9b993f4&uri=info.php%3Fid%3D3986587-387%26name%3Done%20hour%20dumbbell%20workout" "Mozilla/5.0 (X11; Linux x86_64) AppleWebKit/537.36 (KHTML, like Gecko) Chrome/137.0.7151.119 Safari/537.36"
74.125.150.67 - - [20/Jul/2025:13:56:35 +0000] "GET /wp-content/plugins/elementor-pro/assets/js/webpack-pro.runtime.min.js?ver=3.29.1 HTTP/1.1" 200 2855 "https://alalamy.com.au/?k=119455232011900&mod=b9b993f4&uri=info.php%3Fid%3D3986587-387%26name%3Done%20hour%20dumbbell%20workout" "Mozilla/5.0 (X11; Linux x86_64) AppleWebKit/537.36 (KHTML, like Gecko) Chrome/137.0.7151.119 Safari/537.36"
74.125.150.67 - - [20/Jul/2025:13:56:36 +0000] "GET /wp-content/uploads/2024/09/Kassari-Cheese-and-Mortadella-pastry.jpg HTTP/1.1" 200 114027 "https://alalamy.com.au/?k=119455232011900&mod=b9b993f4&uri=info.php%3Fid%3D3986587-387%26name%3Done%20hour%20dumbbell%20workout" "Mozilla/5.0 (X11; Linux x86_64) AppleWebKit/537.36 (KHTML, like Gecko) Chrome/137.0.7151.119 Safari/537.36"
74.125.150.68 - - [20/Jul/2025:13:56:36 +0000] "GET /wp-content/uploads/2024/09/Lebanese-coffee.jpg HTTP/1.1" 200 122422 "https://alalamy.com.au/?k=119455232011900&mod=b9b993f4&uri=info.php%3Fid%3D3986587-387%26name%3Done%20hour%20dumbbell%20workout" "Mozilla/5.0 (X11; Linux x86_64) AppleWebKit/537.36 (KHTML, like Gecko) Chrome/137.0.7151.119 Safari/537.36"
74.125.150.67 - - [20/Jul/2025:13:56:36 +0000] "GET /wp-content/uploads/2022/03/rev2.jpg HTTP/1.1" 200 27002 "https://alalamy.com.au/?k=119455232011900&mod=b9b993f4&uri=info.php%3Fid%3D3986587-387%26name%3Done%20hour%20dumbbell%20workout" "Mozilla/5.0 (X11; Linux x86_64) AppleWebKit/537.36 (KHTML, like Gecko) Chrome/137.0.7151.119 Safari/537.36"
74.125.150.67 - - [20/Jul/2025:13:56:36 +0000] "GET /wp-content/uploads/2024/09/unnamed.png HTTP/1.1" 200 18766 "https://alalamy.com.au/?k=119455232011900&mod=b9b993f4&uri=info.php%3Fid%3D3986587-387%26name%3Done%20hour%20dumbbell%20workout" "Mozilla/5.0 (X11; Linux x86_64) AppleWebKit/537.36 (KHTML, like Gecko) Chrome/137.0.7151.119 Safari/537.36"
74.125.150.67 - - [20/Jul/2025:13:56:36 +0000] "GET /wp-content/uploads/2024/09/Savor-the-rich-flavors-of-our-exquisite-Kebbeh-Plate.-KebbehDelight-TraditionalEats-SavorTheFlavor-MediterraneanCuisine-HomemadeGoodness-FoodieFaves-CulinaryTradition-FoodGems-SavorTheMoment-kebbehlove.jpg HTTP/1.1" 200 257260 "https://alalamy.com.au/?k=119455232011900&mod=b9b993f4&uri=info.php%3Fid%3D3986587-387%26name%3Done%20hour%20dumbbell%20workout" "Mozilla/5.0 (X11; Linux x86_64) AppleWebKit/537.36 (KHTML, like Gecko) Chrome/137.0.7151.119 Safari/537.36"
74.125.150.68 - - [20/Jul/2025:13:56:36 +0000] "GET /wp-content/uploads/2024/09/Variety-Platter.jpg HTTP/1.1" 200 234193 "https://alalamy.com.au/?k=119455232011900&mod=b9b993f4&uri=info.php%3Fid%3D3986587-387%26name%3Done%20hour%20dumbbell%20workout" "Mozilla/5.0 (X11; Linux x86_64) AppleWebKit/537.36 (KHTML, like Gecko) Chrome/137.0.7151.119 Safari/537.36"
74.125.150.67 - - [20/Jul/2025:13:56:36 +0000] "GET /wp-content/plugins/woocommerce/assets/css/woocommerce-smallscreen.css?ver=9.8.5 HTTP/1.1" 200 1279 "https://alalamy.com.au/?k=119455232011900&mod=b9b993f4&uri=info.php%3Fid%3D3986587-387%26name%3Done%20hour%20dumbbell%20workout" "Mozilla/5.0 (X11; Linux x86_64) AppleWebKit/537.36 (KHTML, like Gecko) Chrome/137.0.7151.119 Safari/537.36"
74.125.150.68 - - [20/Jul/2025:13:56:37 +0000] "GET /wp-content/uploads/2024/09/Alamy-breakfast.jpg HTTP/1.1" 200 253794 "https://alalamy.com.au/?k=119455232011900&mod=b9b993f4&uri=info.php%3Fid%3D3986587-387%26name%3Done%20hour%20dumbbell%20workout" "Mozilla/5.0 (X11; Linux x86_64) AppleWebKit/537.36 (KHTML, like Gecko) Chrome/137.0.7151.119 Safari/537.36"
74.125.150.67 - - [20/Jul/2025:13:56:37 +0000] "GET /wp-content/uploads/2022/03/rev3.jpg HTTP/1.1" 200 58410 "https://alalamy.com.au/?k=119455232011900&mod=b9b993f4&uri=info.php%3Fid%3D3986587-387%26name%3Done%20hour%20dumbbell%20workout" "Mozilla/5.0 (X11; Linux x86_64) AppleWebKit/537.36 (KHTML, like Gecko) Chrome/137.0.7151.119 Safari/537.36"
74.125.150.68 - - [20/Jul/2025:13:56:37 +0000] "GET /wp-content/plugins/elementor-pro/assets/js/elements-handlers.min.js?ver=3.29.1 HTTP/1.1" 200 10701 "https://alalamy.com.au/?k=119455232011900&mod=b9b993f4&uri=info.php%3Fid%3D3986587-387%26name%3Done%20hour%20dumbbell%20workout" "Mozilla/5.0 (X11; Linux x86_64) AppleWebKit/537.36 (KHTML, like Gecko) Chrome/137.0.7151.119 Safari/537.36"
74.125.150.67 - - [20/Jul/2025:13:56:37 +0000] "GET /wp-content/uploads/2024/09/275622839_10224019954099472_8526428074003913221_n-1.jpg HTTP/1.1" 200 42760 "https://alalamy.com.au/?k=119455232011900&mod=b9b993f4&uri=info.php%3Fid%3D3986587-387%26name%3Done%20hour%20dumbbell%20workout" "Mozilla/5.0 (X11; Linux x86_64) AppleWebKit/537.36 (KHTML, like Gecko) Chrome/137.0.7151.119 Safari/537.36"
74.125.150.67 - - [20/Jul/2025:13:56:37 +0000] "GET /wp-content/uploads/2024/09/Chicken-Pizza-with-a-Garlic.jpg HTTP/1.1" 200 206384 "https://alalamy.com.au/?k=119455232011900&mod=b9b993f4&uri=info.php%3Fid%3D3986587-387%26name%3Done%20hour%20dumbbell%20workout" "Mozilla/5.0 (X11; Linux x86_64) AppleWebKit/537.36 (KHTML, like Gecko) Chrome/137.0.7151.119 Safari/537.36"
74.125.150.68 - - [20/Jul/2025:13:56:37 +0000] "GET /wp-content/uploads/2022/03/rev1.jpg HTTP/1.1" 200 28198 "https://alalamy.com.au/?k=119455232011900&mod=b9b993f4&uri=info.php%3Fid%3D3986587-387%26name%3Done%20hour%20dumbbell%20workout" "Mozilla/5.0 (X11; Linux x86_64) AppleWebKit/537.36 (KHTML, like Gecko) Chrome/137.0.7151.119 Safari/537.36"
74.125.150.67 - - [20/Jul/2025:13:56:37 +0000] "GET /wp-content/themes/kaffen/assets/images/nav.png HTTP/1.1" 200 3216 "https://alalamy.com.au/wp-content/themes/kaffen/style.css?ver=6.8.2" "Mozilla/5.0 (X11; Linux x86_64) AppleWebKit/537.36 (KHTML, like Gecko) Chrome/137.0.7151.119 Safari/537.36"
74.125.150.68 - - [20/Jul/2025:13:56:37 +0000] "GET /wp-content/uploads/2024/09/366625665_774723794657202_549346495632988092_n.jpg HTTP/1.1" 200 109382 "https://alalamy.com.au/?k=119455232011900&mod=b9b993f4&uri=info.php%3Fid%3D3986587-387%26name%3Done%20hour%20dumbbell%20workout" "Mozilla/5.0 (X11; Linux x86_64) AppleWebKit/537.36 (KHTML, like Gecko) Chrome/137.0.7151.119 Safari/537.36"
74.125.150.67 - - [20/Jul/2025:13:56:38 +0000] "GET /wp-content/themes/kaffen/assets/images/nav2.png HTTP/1.1" 200 3186 "https://alalamy.com.au/wp-content/themes/kaffen/style.css?ver=6.8.2" "Mozilla/5.0 (X11; Linux x86_64) AppleWebKit/537.36 (KHTML, like Gecko) Chrome/137.0.7151.119 Safari/537.36"
74.125.150.68 - - [20/Jul/2025:13:56:38 +0000] "GET /wp-content/uploads/2024/09/166064144_4191888957521915_280825211889539789_n.jpg HTTP/1.1" 200 118653 "https://alalamy.com.au/?k=119455232011900&mod=b9b993f4&uri=info.php%3Fid%3D3986587-387%26name%3Done%20hour%20dumbbell%20workout" "Mozilla/5.0 (X11; Linux x86_64) AppleWebKit/537.36 (KHTML, like Gecko) Chrome/137.0.7151.119 Safari/537.36"
74.125.150.67 - - [20/Jul/2025:13:56:38 +0000] "GET /wp-content/uploads/2024/09/147472321_4055799534464192_9209196638484611931_n.jpg HTTP/1.1" 200 479057 "https://alalamy.com.au/?k=119455232011900&mod=b9b993f4&uri=info.php%3Fid%3D3986587-387%26name%3Done%20hour%20dumbbell%20workout" "Mozilla/5.0 (X11; Linux x86_64) AppleWebKit/537.36 (KHTML, like Gecko) Chrome/137.0.7151.119 Safari/537.36"
74.125.150.68 - - [20/Jul/2025:13:56:38 +0000] "GET /wp-content/uploads/elementor/google-fonts/fonts/roboto-kfo7cnqeu92fr1me7ksn66agldtyluama3yuba.woff2 HTTP/1.1" 200 40156 "https://alalamy.com.au/wp-content/uploads/elementor/google-fonts/css/roboto.css?ver=1748702533" "Mozilla/5.0 (X11; Linux x86_64) AppleWebKit/537.36 (KHTML, like Gecko) Chrome/137.0.7151.119 Safari/537.36"
74.125.150.67 - - [20/Jul/2025:13:56:38 +0000] "GET /wp-content/uploads/2022/04/testimonials_bg2.jpg HTTP/1.1" 200 60079 "https://alalamy.com.au/wp-content/uploads/elementor/css/post-1481.css?ver=1748846880" "Mozilla/5.0 (X11; Linux x86_64) AppleWebKit/537.36 (KHTML, like Gecko) Chrome/137.0.7151.119 Safari/537.36"
74.125.150.67 - - [20/Jul/2025:13:56:38 +0000] "GET /wp-content/uploads/2022/04/category_bg.jpg HTTP/1.1" 200 133344 "https://alalamy.com.au/wp-content/uploads/elementor/css/post-1481.css?ver=1748846880" "Mozilla/5.0 (X11; Linux x86_64) AppleWebKit/537.36 (KHTML, like Gecko) Chrome/137.0.7151.119 Safari/537.36"
74.125.150.67 - - [20/Jul/2025:13:56:38 +0000] "GET /wp-content/themes/kaffen/assets/fonts/font-awesome/fonts/la-solid-900.woff2 HTTP/1.1" 200 96652 "https://alalamy.com.au/wp-content/themes/kaffen/assets/fonts/font-awesome/css/line-awesome.css?ver=6.8.2" "Mozilla/5.0 (X11; Linux x86_64) AppleWebKit/537.36 (KHTML, like Gecko) Chrome/137.0.7151.119 Safari/537.36"
74.125.150.68 - - [20/Jul/2025:13:56:38 +0000] "GET /wp-content/plugins/elementor/assets/lib/font-awesome/webfonts/fa-solid-900.woff2 HTTP/1.1" 200 78099 "https://alalamy.com.au/wp-content/plugins/elementor/assets/lib/font-awesome/css/all.min.css?ver=3.29.1" "Mozilla/5.0 (X11; Linux x86_64) AppleWebKit/537.36 (KHTML, like Gecko) Chrome/137.0.7151.119 Safari/537.36"
74.125.150.67 - - [20/Jul/2025:13:56:39 +0000] "GET /wp-content/plugins/elementor/assets/lib/font-awesome/webfonts/fa-brands-400.woff2 HTTP/1.1" 200 81604 "https://alalamy.com.au/wp-content/plugins/elementor/assets/lib/font-awesome/css/all.min.css?ver=3.29.1" "Mozilla/5.0 (X11; Linux x86_64) AppleWebKit/537.36 (KHTML, like Gecko) Chrome/137.0.7151.119 Safari/537.36"
74.125.150.67 - - [20/Jul/2025:13:56:39 +0000] "GET /wp-content/uploads/elementor/google-fonts/fonts/roboto-kfo5cnqeu92fr1mu53zec9_vu3r1gihoszmkbnka.woff2 HTTP/1.1" 200 44220 "https://alalamy.com.au/wp-content/uploads/elementor/google-fonts/css/roboto.css?ver=1748702533" "Mozilla/5.0 (X11; Linux x86_64) AppleWebKit/537.36 (KHTML, like Gecko) Chrome/137.0.7151.119 Safari/537.36"
74.125.150.68 - - [20/Jul/2025:13:56:39 +0000] "GET /wp-includes/js/wp-emoji-release.min.js?ver=6.8.2 HTTP/1.1" 200 5163 "https://alalamy.com.au/?k=119455232011900&mod=b9b993f4&uri=info.php%3Fid%3D3986587-387%26name%3Done%20hour%20dumbbell%20workout" "Mozilla/5.0 (X11; Linux x86_64) AppleWebKit/537.36 (KHTML, like Gecko) Chrome/137.0.7151.119 Safari/537.36"
74.125.150.67 - - [20/Jul/2025:13:56:39 +0000] "GET /wp-content/plugins/elementor/assets/js/lightbox.64a93c50cbfc18fcc89b.bundle.min.js HTTP/1.1" 200 9547 "https://alalamy.com.au/?k=119455232011900&mod=b9b993f4&uri=info.php%3Fid%3D3986587-387%26name%3Done%20hour%20dumbbell%20workout" "Mozilla/5.0 (X11; Linux x86_64) AppleWebKit/537.36 (KHTML, like Gecko) Chrome/137.0.7151.119 Safari/537.36"
74.125.150.68 - - [20/Jul/2025:13:56:39 +0000] "GET /wp-content/plugins/elementor/assets/css/conditionals/dialog.min.css?ver=3.29.1 HTTP/1.1" 200 1579 "https://alalamy.com.au/?k=119455232011900&mod=b9b993f4&uri=info.php%3Fid%3D3986587-387%26name%3Done%20hour%20dumbbell%20workout" "Mozilla/5.0 (X11; Linux x86_64) AppleWebKit/537.36 (KHTML, like Gecko) Chrome/137.0.7151.119 Safari/537.36"
74.125.150.68 - - [20/Jul/2025:13:56:40 +0000] "GET /wp-content/plugins/elementor/assets/lib/dialog/dialog.min.js?ver=4.9.3 HTTP/1.1" 200 3782 "https://alalamy.com.au/?k=119455232011900&mod=b9b993f4&uri=info.php%3Fid%3D3986587-387%26name%3Done%20hour%20dumbbell%20workout" "Mozilla/5.0 (X11; Linux x86_64) AppleWebKit/537.36 (KHTML, like Gecko) Chrome/137.0.7151.119 Safari/537.36"
74.125.150.67 - - [20/Jul/2025:13:56:40 +0000] "GET /wp-content/plugins/elementor/assets/lib/share-link/share-link.min.js?ver=3.29.1 HTTP/1.1" 200 1169 "https://alalamy.com.au/?k=119455232011900&mod=b9b993f4&uri=info.php%3Fid%3D3986587-387%26name%3Done%20hour%20dumbbell%20workout" "Mozilla/5.0 (X11; Linux x86_64) AppleWebKit/537.36 (KHTML, like Gecko) Chrome/137.0.7151.119 Safari/537.36"
74.125.150.68 - - [20/Jul/2025:13:56:40 +0000] "GET /wp-content/plugins/elementor/assets/css/conditionals/lightbox.min.css?ver=3.29.1 HTTP/1.1" 200 1960 "https://alalamy.com.au/?k=119455232011900&mod=b9b993f4&uri=info.php%3Fid%3D3986587-387%26name%3Done%20hour%20dumbbell%20workout" "Mozilla/5.0 (X11; Linux x86_64) AppleWebKit/537.36 (KHTML, like Gecko) Chrome/137.0.7151.119 Safari/537.36"
74.125.150.67 - - [20/Jul/2025:13:56:40 +0000] "GET /wp-content/plugins/elementor/assets/lib/swiper/v8/css/swiper.min.css?ver=8.4.5 HTTP/1.1" 200 4583 "https://alalamy.com.au/?k=119455232011900&mod=b9b993f4&uri=info.php%3Fid%3D3986587-387%26name%3Done%20hour%20dumbbell%20workout" "Mozilla/5.0 (X11; Linux x86_64) AppleWebKit/537.36 (KHTML, like Gecko) Chrome/137.0.7151.119 Safari/537.36"
74.125.150.67 - - [20/Jul/2025:13:56:40 +0000] "GET /wp-content/plugins/elementor/assets/js/section-frontend-handlers.d85ab872da118940910d.bundle.min.js HTTP/1.1" 200 298 "https://alalamy.com.au/?k=119455232011900&mod=b9b993f4&uri=info.php%3Fid%3D3986587-387%26name%3Done%20hour%20dumbbell%20workout" "Mozilla/5.0 (X11; Linux x86_64) AppleWebKit/537.36 (KHTML, like Gecko) Chrome/137.0.7151.119 Safari/537.36"
74.125.150.67 - - [20/Jul/2025:13:56:40 +0000] "GET /wp-content/plugins/elementor/assets/js/shared-frontend-handlers.30dc2f9c080845a413a6.bundle.min.js HTTP/1.1" 200 2682 "https://alalamy.com.au/?k=119455232011900&mod=b9b993f4&uri=info.php%3Fid%3D3986587-387%26name%3Done%20hour%20dumbbell%20workout" "Mozilla/5.0 (X11; Linux x86_64) AppleWebKit/537.36 (KHTML, like Gecko) Chrome/137.0.7151.119 Safari/537.36"
74.125.150.67 - - [20/Jul/2025:13:56:40 +0000] "GET /wp-content/plugins/elementor/assets/js/text-editor.c084ef86600b6f11690d.bundle.min.js HTTP/1.1" 200 685 "https://alalamy.com.au/?k=119455232011900&mod=b9b993f4&uri=info.php%3Fid%3D3986587-387%26name%3Done%20hour%20dumbbell%20workout" "Mozilla/5.0 (X11; Linux x86_64) AppleWebKit/537.36 (KHTML, like Gecko) Chrome/137.0.7151.119 Safari/537.36"
66.249.68.67 - - [20/Jul/2025:13:57:53 +0000] "GET /items/cars/cars/4310506/900 HTTP/1.1" 200 21991 "-" "Googlebot-Image/1.0"
66.249.68.67 - - [20/Jul/2025:14:00:44 +0000] "GET /items/goods/sports/5534028/q_90 HTTP/1.1" 200 21057 "-" "Googlebot-Image/1.0"
209.74.77.214 - - [20/Jul/2025:14:03:38 +0000] "POST /wp-cron.php?doing_wp_cron=1753020217.9662160873413085937500 HTTP/1.1" 200 - "-" "WordPress/6.8.2; https://alalamy.com.au"
66.249.68.68 - - [20/Jul/2025:14:03:36 +0000] "GET /items/handicrafts/ornaments/1000_QL80_.jpg HTTP/1.1" 404 20399 "-" "Googlebot-Image/1.0"
209.74.77.214 - - [20/Jul/2025:14:03:38 +0000] "POST /wp-admin/admin-ajax.php?action=async_litespeed&nonce=Atr0xR4OAS7L8IwSvHGprUjVYezzL2cn&litespeed_type=imgoptm HTTP/1.1" 200 21 "-" "WordPress/6.8.2; https://alalamy.com.au"
66.249.68.68 - - [20/Jul/2025:14:03:52 +0000] "GET /items/goods/plush-toys/3130848 HTTP/1.1" 200 19922 "-" "Mozilla/5.0 (Linux; Android 6.0.1; Nexus 5X Build/MMB29P) AppleWebKit/537.36 (KHTML, like Gecko) Chrome/137.0.7151.103 Mobile Safari/537.36 (compatible; GoogleOther)"
66.249.68.67 - - [20/Jul/2025:14:04:01 +0000] "POST /get-message-notify HTTP/1.1" 200 19553 "https://alalamy.com.au/items/goods/plush-toys/3130848" "Mozilla/5.0 (Linux; Android 6.0.1; Nexus 5X Build/MMB29P) AppleWebKit/537.36 (KHTML, like Gecko) Chrome/137.0.7151.119 Mobile Safari/537.36 (compatible; Googlebot/2.1; +http://www.google.com/bot.html)"
66.249.68.67 - - [20/Jul/2025:14:04:19 +0000] "GET /?items/fashion/womens/4430195/alalamy.com.au/pcmypage?callback=/product%2Fdetail%2F85872269 HTTP/1.1" 200 45191 "-" "Mozilla/5.0 (Linux; Android 6.0.1; Nexus 5X Build/MMB29P) AppleWebKit/537.36 (KHTML, like Gecko) Chrome/137.0.7151.103 Mobile Safari/537.36 (compatible; GoogleOther)"
66.249.68.69 - - [20/Jul/2025:14:05:51 +0000] "GET /items/furniture/dining-chairs/5510435 HTTP/1.1" 200 19047 "-" "Mozilla/5.0 (Linux; Android 6.0.1; Nexus 5X Build/MMB29P) AppleWebKit/537.36 (KHTML, like Gecko) Chrome/137.0.7151.103 Mobile Safari/537.36 (compatible; GoogleOther)"
66.249.68.68 - - [20/Jul/2025:14:05:59 +0000] "POST /get-message-notify HTTP/1.1" 200 19553 "https://alalamy.com.au/items/furniture/dining-chairs/5510435" "Mozilla/5.0 (Linux; Android 6.0.1; Nexus 5X Build/MMB29P) AppleWebKit/537.36 (KHTML, like Gecko) Chrome/137.0.7151.119 Mobile Safari/537.36 (compatible; Googlebot/2.1; +http://www.google.com/bot.html)"
66.249.68.67 - - [20/Jul/2025:14:06:03 +0000] "POST /get-message-notify HTTP/1.1" 200 19553 "https://alalamy.com.au/?items/fashion/womens/4430195/alalamy.com.au/pcmypage?callback=/product%2Fdetail%2F85872269" "Mozilla/5.0 (Linux; Android 6.0.1; Nexus 5X Build/MMB29P) AppleWebKit/537.36 (KHTML, like Gecko) Chrome/137.0.7151.119 Mobile Safari/537.36 (compatible; Googlebot/2.1; +http://www.google.com/bot.html)"
66.249.68.67 - - [20/Jul/2025:14:06:24 +0000] "GET /items/fashion/outerwear/alalamy.com.au/product/edit/58799791 HTTP/1.1" 200 20078 "-" "Mozilla/5.0 (Linux; Android 6.0.1; Nexus 5X Build/MMB29P) AppleWebKit/537.36 (KHTML, like Gecko) Chrome/137.0.7151.103 Mobile Safari/537.36 (compatible; GoogleOther)"
66.249.68.67 - - [20/Jul/2025:14:06:27 +0000] "POST /get-message-notify HTTP/1.1" 200 19553 "https://alalamy.com.au/items/sports/winter-sports/4750376/alalamy.com.au/feature/shoplist/index.html" "Mozilla/5.0 (Linux; Android 6.0.1; Nexus 5X Build/MMB29P) AppleWebKit/537.36 (KHTML, like Gecko) Chrome/137.0.7151.119 Mobile Safari/537.36 (compatible; Googlebot/2.1; +http://www.google.com/bot.html)"
66.249.68.67 - - [20/Jul/2025:14:06:27 +0000] "GET /items/cars/cars/4310506/0 HTTP/1.1" 200 21988 "-" "Googlebot-Image/1.0"
66.249.68.67 - - [20/Jul/2025:14:06:28 +0000] "POST /get-message-notify HTTP/1.1" 200 19553 "https://alalamy.com.au/items/fashion/outerwear/alalamy.com.au/product/edit/58799791" "Mozilla/5.0 (Linux; Android 6.0.1; Nexus 5X Build/MMB29P) AppleWebKit/537.36 (KHTML, like Gecko) Chrome/137.0.7151.119 Mobile Safari/537.36 (compatible; Googlebot/2.1; +http://www.google.com/bot.html)"
209.74.77.214 - - [20/Jul/2025:14:06:57 +0000] "POST /wp-cron.php?doing_wp_cron=1753020417.7053039073944091796875 HTTP/1.1" 200 - "-" "WordPress/6.8.2; https://alalamy.com.au"
57.141.2.13 - - [20/Jul/2025:14:06:54 +0000] "GET /?k=104052447071900& HTTP/1.1" 301 - "-" "meta-externalagent/1.1 (+https://developers.facebook.com/docs/sharing/webmasters/crawler)"
209.74.77.214 - - [20/Jul/2025:14:06:57 +0000] "POST /wp-admin/admin-ajax.php?action=async_litespeed&nonce=JIZ5tK8j6RDslVrRgzSyvVIq8AJsRr5W&litespeed_type=imgoptm HTTP/1.1" 200 21 "-" "WordPress/6.8.2; https://alalamy.com.au"
209.74.77.214 - - [20/Jul/2025:14:09:21 +0000] "POST /wp-admin/admin-ajax.php?action=async_litespeed&nonce=hcwoPe4D6Wdp0QEqICsQWPAymwkcgjCf&litespeed_type=imgoptm HTTP/1.1" 200 21 "-" "WordPress/6.8.2; https://alalamy.com.au"
66.249.68.69 - - [20/Jul/2025:14:12:11 +0000] "GET /items/cars/cars/4310506/4 HTTP/1.1" 200 21989 "-" "Googlebot-Image/1.0"
4.227.36.113 - - [20/Jul/2025:14:13:54 +0000] "GET /robots.txt HTTP/1.1" 200 146 "-" "Mozilla/5.0 AppleWebKit/537.36 (KHTML, like Gecko; compatible; GPTBot/1.2; +https://openai.com/gptbot)"
209.74.77.214 - - [20/Jul/2025:14:13:56 +0000] "POST /wp-cron.php?doing_wp_cron=1753020836.8184340000152587890625 HTTP/1.1" 200 - "-" "WordPress/6.8.2; https://alalamy.com.au"
20.171.207.109 - - [20/Jul/2025:14:13:54 +0000] "GET / HTTP/1.1" 301 - "-" "Mozilla/5.0 AppleWebKit/537.36 (KHTML, like Gecko; compatible; GPTBot/1.2; +https://openai.com/gptbot)"
209.74.77.214 - - [20/Jul/2025:14:13:57 +0000] "POST /wp-admin/admin-ajax.php?action=async_litespeed&nonce=MajkHO3pPojDaxTu1Dz352vstkRh5ysc&litespeed_type=imgoptm HTTP/1.1" 200 21 "-" "WordPress/6.8.2; https://alalamy.com.au"
216.73.216.113 - - [20/Jul/2025:14:14:45 +0000] "GET /sitemap-17.xml HTTP/1.1" 200 4111 "-" "Mozilla/5.0 AppleWebKit/537.36 (KHTML, like Gecko; compatible; ClaudeBot/1.0; [email protected])"
66.249.68.67 - - [20/Jul/2025:14:15:02 +0000] "GET /items/cars/cars/4310506/50 HTTP/1.1" 200 21990 "-" "Googlebot-Image/1.0"
87.250.224.90 - - [20/Jul/2025:14:17:10 +0000] "GET /robots.txt HTTP/1.1" 200 977 "-" "Mozilla/5.0 (compatible; YandexBot/3.0; +http://yandex.com/bots)"
4.227.36.11 - - [20/Jul/2025:14:17:12 +0000] "GET /robots.txt HTTP/1.1" 200 146 "-" "Mozilla/5.0 AppleWebKit/537.36 (KHTML, like Gecko; compatible; GPTBot/1.2; +https://openai.com/gptbot)"
209.74.77.214 - - [20/Jul/2025:14:17:13 +0000] "POST /wp-cron.php?doing_wp_cron=1753021033.5051929950714111328125 HTTP/1.1" 200 - "-" "WordPress/6.8.2; https://alalamy.com.au"
209.74.77.214 - - [20/Jul/2025:14:17:13 +0000] "POST /wp-admin/admin-ajax.php?action=async_litespeed&nonce=dUMGgpWijM4FtLT9jQWGezMgQLeQuNU5&litespeed_type=imgoptm HTTP/1.1" 200 21 "-" "WordPress/6.8.2; https://alalamy.com.au"
87.250.224.225 - - [20/Jul/2025:14:17:11 +0000] "GET /shopbrand/96055.htm HTTP/1.1" 404 20399 "-" "Mozilla/5.0 (compatible; YandexBot/3.0; +http://yandex.com/bots)"
20.171.207.85 - - [20/Jul/2025:14:17:12 +0000] "GET / HTTP/1.1" 200 26632 "-" "Mozilla/5.0 AppleWebKit/537.36 (KHTML, like Gecko; compatible; GPTBot/1.2; +https://openai.com/gptbot)"
66.249.68.67 - - [20/Jul/2025:14:17:52 +0000] "GET /?k=6418526021900&mod=55e58848&uri=form.php%3Fid%3D214380-183%26name%3Dglamour+bike+image+and+price HTTP/1.1" 200 19604 "-" "Mozilla/5.0 (Linux; Android 6.0.1; Nexus 5X Build/MMB29P) AppleWebKit/537.36 (KHTML, like Gecko) Chrome/137.0.7151.103 Mobile Safari/537.36 (compatible; Googlebot/2.1; +http://www.google.com/bot.html)"
209.74.77.214 - - [20/Jul/2025:14:17:54 +0000] "POST /wp-cron.php?doing_wp_cron=1753021074.7460000514984130859375 HTTP/1.1" 200 - "-" "WordPress/6.8.2; https://alalamy.com.au"
66.249.68.67 - - [20/Jul/2025:14:17:53 +0000] "GET /items/sports/winter-sports/usm_0.66_1.00_0.01 HTTP/1.1" 404 20399 "-" "Googlebot-Image/1.0"
66.249.68.69 - - [20/Jul/2025:14:18:04 +0000] "GET /?k=6406346041900&mod=55e58848&uri=article.php%3Fid%3D213974-183%26name%3Dignitor+modified+bike HTTP/1.1" 200 19641 "-" "Mozilla/5.0 (Linux; Android 6.0.1; Nexus 5X Build/MMB29P) AppleWebKit/537.36 (KHTML, like Gecko) Chrome/137.0.7151.103 Mobile Safari/537.36 (compatible; Googlebot/2.1; +http://www.google.com/bot.html)"
66.249.68.68 - - [20/Jul/2025:14:18:18 +0000] "GET /?k=6404186071900&mod=55e58848&uri=itm.php%3Fid%3D213902-183%26name%3Dfull+black+splendor+bike HTTP/1.1" 200 19605 "-" "Mozilla/5.0 (Linux; Android 6.0.1; Nexus 5X Build/MMB29P) AppleWebKit/537.36 (KHTML, like Gecko) Chrome/137.0.7151.103 Mobile Safari/537.36 (compatible; Googlebot/2.1; +http://www.google.com/bot.html)"
66.249.68.68 - - [20/Jul/2025:14:18:21 +0000] "POST /get-message-notify HTTP/1.1" 200 19553 "https://alalamy.com.au/?k=6404186071900&mod=55e58848&uri=itm.php%3Fid%3D213902-183%26name%3Dfull+black+splendor+bike" "Mozilla/5.0 (Linux; Android 6.0.1; Nexus 5X Build/MMB29P) AppleWebKit/537.36 (KHTML, like Gecko) Chrome/137.0.7151.119 Mobile Safari/537.36 (compatible; Googlebot/2.1; +http://www.google.com/bot.html)"
66.249.68.67 - - [20/Jul/2025:14:18:27 +0000] "GET /?k=6406256011900&mod=55e58848&uri=category-info.php%3Fid%3D213971-183%26name%3Dkarizma+r+digital+meter+price HTTP/1.1" 200 19672 "-" "Mozilla/5.0 (Linux; Android 6.0.1; Nexus 5X Build/MMB29P) AppleWebKit/537.36 (KHTML, like Gecko) Chrome/137.0.7151.103 Mobile Safari/537.36 (compatible; Googlebot/2.1; +http://www.google.com/bot.html)"
66.249.68.67 - - [20/Jul/2025:14:18:39 +0000] "GET /?k=6405806011900&mod=55e58848&uri=form.php%3Fid%3D213956-183%26name%3Dhero+honda+bore HTTP/1.1" 200 19590 "-" "Mozilla/5.0 (Linux; Android 6.0.1; Nexus 5X Build/MMB29P) AppleWebKit/537.36 (KHTML, like Gecko) Chrome/137.0.7151.103 Mobile Safari/537.36 (compatible; Googlebot/2.1; +http://www.google.com/bot.html)"
66.249.68.68 - - [20/Jul/2025:14:19:03 +0000] "GET /?k=6405896051900&mod=55e58848&uri=goods.php%3Fid%3D213959-183%26name%3Dhero+glamour+bs4+online+booking HTTP/1.1" 200 19611 "-" "Mozilla/5.0 (Linux; Android 6.0.1; Nexus 5X Build/MMB29P) AppleWebKit/537.36 (KHTML, like Gecko) Chrome/137.0.7151.103 Mobile Safari/537.36 (compatible; Googlebot/2.1; +http://www.google.com/bot.html)"
66.249.68.67 - - [20/Jul/2025:14:19:16 +0000] "GET /?k=6405356011900&mod=55e58848&uri=dp.php%3Fid%3D213941-183%26name%3Dkarizma+full+engine+price HTTP/1.1" 200 19597 "-" "Mozilla/5.0 (Linux; Android 6.0.1; Nexus 5X Build/MMB29P) AppleWebKit/537.36 (KHTML, like Gecko) Chrome/137.0.7151.103 Mobile Safari/537.36 (compatible; Googlebot/2.1; +http://www.google.com/bot.html)"
66.249.79.231 - - [20/Jul/2025:14:19:17 +0000] "GET /items/tickets/meal-tickets/2460215/ HTTP/1.1" 200 19582 "-" "Mozilla/5.0 (Linux; Android 6.0.1; Nexus 5X Build/MMB29P) AppleWebKit/537.36 (KHTML, like Gecko) Chrome/137.0.7151.103 Mobile Safari/537.36 (compatible; Googlebot/2.1; +http://www.google.com/bot.html)"
209.74.77.214 - - [20/Jul/2025:14:19:24 +0000] "POST /wp-cron.php?doing_wp_cron=1753021164.3904008865356445312500 HTTP/1.1" 200 - "-" "WordPress/6.8.2; https://alalamy.com.au"
47.82.0.65 - - [20/Jul/2025:14:19:24 +0000] "GET /?k=6442166001900&mod=462b7359&uri=article.php?id%3D215168-220%26name%3Dmens+big+and+tall+fishing+vest HTTP/1.1" 301 - "https://alalamy.com.au/?k=6442166001900&mod=462b7359&uri=article.php%3Fid%3D215168-220%26name%3Dmens+big+and+tall+fishing+vest" "Mozilla/5.0 (Windows NT 10.0; Win64; x64) AppleWebKit/537.36 (KHTML, like Gecko) Chrome/114.0.0.0 Safari/537.36 Edg/114.0.1823.43"
209.74.77.214 - - [20/Jul/2025:14:19:24 +0000] "POST /wp-admin/admin-ajax.php?action=async_litespeed&nonce=kwS71ydqwmrapmaK708kGXtBWJ0cFkBl&litespeed_type=imgoptm HTTP/1.1" 200 21 "-" "WordPress/6.8.2; https://alalamy.com.au"
47.82.0.65 - - [20/Jul/2025:14:19:24 +0000] "GET /?k=6442166001900&mod=462b7359&uri=article.php?id%3D215168-220%26name%3Dmens%20big%20and%20tall%20fishing%20vest HTTP/1.1" 301 - "https://alalamy.com.au/?k=6442166001900&mod=462b7359&uri=article.php%3Fid%3D215168-220%26name%3Dmens+big+and+tall+fishing+vest" "Mozilla/5.0 (Windows NT 10.0; Win64; x64) AppleWebKit/537.36 (KHTML, like Gecko) Chrome/114.0.0.0 Safari/537.36 Edg/114.0.1823.43"
66.249.68.67 - - [20/Jul/2025:14:19:26 +0000] "GET /?k=6404096011900&mod=55e58848&uri=us.php%3Fid%3D213899-183%26name%3Dignitor+bike+new+model HTTP/1.1" 200 19594 "-" "Mozilla/5.0 (Linux; Android 6.0.1; Nexus 5X Build/MMB29P) AppleWebKit/537.36 (KHTML, like Gecko) Chrome/137.0.7151.103 Mobile Safari/537.36 (compatible; Googlebot/2.1; +http://www.google.com/bot.html)"
66.249.68.67 - - [20/Jul/2025:14:19:38 +0000] "GET /?k=6400226041900&mod=55e58848&uri=article.php%3Fid%3D213770-183%26name%3Dhero+honda+110+cc HTTP/1.1" 200 19605 "-" "Mozilla/5.0 (Linux; Android 6.0.1; Nexus 5X Build/MMB29P) AppleWebKit/537.36 (KHTML, like Gecko) Chrome/137.0.7151.103 Mobile Safari/537.36 (compatible; Googlebot/2.1; +http://www.google.com/bot.html)"
66.249.68.67 - - [20/Jul/2025:14:19:50 +0000] "GET /?k=6402116031900&mod=55e58848&uri=category-info.php%3Fid%3D213833-183%26name%3Dhero+maestro+price+bs4 HTTP/1.1" 200 19656 "-" "Mozilla/5.0 (Linux; Android 6.0.1; Nexus 5X Build/MMB29P) AppleWebKit/537.36 (KHTML, like Gecko) Chrome/137.0.7151.103 Mobile Safari/537.36 (compatible; Googlebot/2.1; +http://www.google.com/bot.html)"
66.249.68.67 - - [20/Jul/2025:14:19:53 +0000] "POST /get-message-notify HTTP/1.1" 200 19553 "https://alalamy.com.au/?k=6402116031900&mod=55e58848&uri=category-info.php%3Fid%3D213833-183%26name%3Dhero+maestro+price+bs4" "Mozilla/5.0 (Linux; Android 6.0.1; Nexus 5X Build/MMB29P) AppleWebKit/537.36 (KHTML, like Gecko) Chrome/137.0.7151.119 Mobile Safari/537.36 (compatible; Googlebot/2.1; +http://www.google.com/bot.html)"
209.74.77.214 - - [20/Jul/2025:14:20:00 +0000] "POST /wp-cron.php?doing_wp_cron=1753021200.9249699115753173828125 HTTP/1.1" 200 - "-" "WordPress/6.8.2; https://alalamy.com.au"
57.141.2.21 - - [20/Jul/2025:14:20:00 +0000] "GET /?k=83584095061900& HTTP/1.1" 301 - "-" "meta-externalagent/1.1 (+https://developers.facebook.com/docs/sharing/webmasters/crawler)"
209.74.77.214 - - [20/Jul/2025:14:20:01 +0000] "POST /wp-admin/admin-ajax.php?action=async_litespeed&nonce=ptsSx2Rm3oppIIVX2AaMumctvOCZ61mB&litespeed_type=imgoptm HTTP/1.1" 200 21 "-" "WordPress/6.8.2; https://alalamy.com.au"
66.249.68.69 - - [20/Jul/2025:14:20:38 +0000] "GET /?k=6747238021900&mod=b75fccec&uri=search.php%3Fid%3D225340-233%26name%3Damericanas+hombre+cortefiel HTTP/1.1" 200 19600 "-" "Mozilla/5.0 (Linux; Android 6.0.1; Nexus 5X Build/MMB29P) AppleWebKit/537.36 (KHTML, like Gecko) Chrome/137.0.7151.103 Mobile Safari/537.36 (compatible; Googlebot/2.1; +http://www.google.com/bot.html)"
66.249.79.231 - - [20/Jul/2025:14:20:42 +0000] "GET /items/fashion/womens/4454032/ HTTP/1.1" 200 19278 "-" "Mozilla/5.0 (Linux; Android 6.0.1; Nexus 5X Build/MMB29P) AppleWebKit/537.36 (KHTML, like Gecko) Chrome/137.0.7151.103 Mobile Safari/537.36 (compatible; Googlebot/2.1; +http://www.google.com/bot.html)"
66.249.79.232 - - [20/Jul/2025:14:20:44 +0000] "POST /get-message-notify HTTP/1.1" 200 19577 "https://www.alalamy.com.au/items/fashion/womens/4454032/" "Mozilla/5.0 (Linux; Android 6.0.1; Nexus 5X Build/MMB29P) AppleWebKit/537.36 (KHTML, like Gecko) Chrome/137.0.7151.119 Mobile Safari/537.36 (compatible; Googlebot/2.1; +http://www.google.com/bot.html)"
209.74.77.214 - - [20/Jul/2025:14:20:46 +0000] "POST /wp-cron.php?doing_wp_cron=1753021246.1990950107574462890625 HTTP/1.1" 200 - "-" "WordPress/6.8.2; https://alalamy.com.au"
66.249.68.67 - - [20/Jul/2025:14:20:44 +0000] "GET /items/cars/cars/693_.jpg HTTP/1.1" 404 20399 "-" "Googlebot-Image/1.0"
66.249.68.68 - - [20/Jul/2025:14:21:01 +0000] "GET /?k=6746038001900&mod=b75fccec&uri=article.php%3Fid%3D225300-233%26name%3Dtop+blanco+con+falda HTTP/1.1" 200 19603 "-" "Mozilla/5.0 (Linux; Android 6.0.1; Nexus 5X Build/MMB29P) AppleWebKit/537.36 (KHTML, like Gecko) Chrome/137.0.7151.103 Mobile Safari/537.36 (compatible; Googlebot/2.1; +http://www.google.com/bot.html)"
216.73.216.113 - - [20/Jul/2025:14:21:03 +0000] "GET /sitemap-20.xml HTTP/1.1" 200 4110 "-" "Mozilla/5.0 AppleWebKit/537.36 (KHTML, like Gecko; compatible; ClaudeBot/1.0; [email protected])"
66.249.68.68 - - [20/Jul/2025:14:21:36 +0000] "GET /?k=6439436011900&mod=462b7359&uri=brands.php%3Fid%3D215077-220%26name%3Dcoat+collar+design HTTP/1.1" 200 19594 "-" "Mozilla/5.0 (Linux; Android 6.0.1; Nexus 5X Build/MMB29P) AppleWebKit/537.36 (KHTML, like Gecko) Chrome/137.0.7151.103 Mobile Safari/537.36 (compatible; Googlebot/2.1; +http://www.google.com/bot.html)"
66.249.68.67 - - [20/Jul/2025:14:21:42 +0000] "POST /get-message-notify HTTP/1.1" 200 19553 "https://alalamy.com.au/?k=6439436011900&mod=462b7359&uri=brands.php%3Fid%3D215077-220%26name%3Dcoat+collar+design" "Mozilla/5.0 (Linux; Android 6.0.1; Nexus 5X Build/MMB29P) AppleWebKit/537.36 (KHTML, like Gecko) Chrome/137.0.7151.119 Mobile Safari/537.36 (compatible; Googlebot/2.1; +http://www.google.com/bot.html)"
66.249.68.67 - - [20/Jul/2025:14:21:47 +0000] "GET /?k=6736175021900&mod=b75fccec&uri=brands.php%3Fid%3D224970-233%26name%3Dpantalones+rewind+precio HTTP/1.1" 200 19603 "-" "Mozilla/5.0 (Linux; Android 6.0.1; Nexus 5X Build/MMB29P) AppleWebKit/537.36 (KHTML, like Gecko) Chrome/137.0.7151.103 Mobile Safari/537.36 (compatible; Googlebot/2.1; +http://www.google.com/bot.html)"
66.249.79.231 - - [20/Jul/2025:14:22:19 +0000] "GET /items/books/books/2284413/ HTTP/1.1" 200 20297 "-" "Mozilla/5.0 (Linux; Android 6.0.1; Nexus 5X Build/MMB29P) AppleWebKit/537.36 (KHTML, like Gecko) Chrome/137.0.7151.103 Mobile Safari/537.36 (compatible; Googlebot/2.1; +http://www.google.com/bot.html)"
66.249.68.67 - - [20/Jul/2025:14:23:01 +0000] "GET /?k=109925443141900&mod=55e58848&uri=product.php%3Fid%3D3668552-183%26name%3Ddiscover+150+mileage HTTP/1.1" 200 19630 "-" "Mozilla/5.0 (Linux; Android 6.0.1; Nexus 5X Build/MMB29P) AppleWebKit/537.36 (KHTML, like Gecko) Chrome/137.0.7151.103 Mobile Safari/537.36 (compatible; Googlebot/2.1; +http://www.google.com/bot.html)"
66.249.68.67 - - [20/Jul/2025:14:23:36 +0000] "GET /items/sports/winter-sports/enc_avif HTTP/1.1" 200 19833 "-" "Googlebot-Image/1.0"
66.249.68.67 - - [20/Jul/2025:14:24:46 +0000] "GET /?k=6799649071900&mod=e6265a85&uri=form.php%3Fid%3D227091-382%26name%3Dfelix+tuna+in+jelly+pouches HTTP/1.1" 200 19613 "-" "Mozilla/5.0 (Linux; Android 6.0.1; Nexus 5X Build/MMB29P) AppleWebKit/537.36 (KHTML, like Gecko) Chrome/137.0.7151.103 Mobile Safari/537.36 (compatible; Googlebot/2.1; +http://www.google.com/bot.html)"
66.249.68.67 - - [20/Jul/2025:14:24:55 +0000] "GET /?k=6904815031900&mod=0afe1037&uri=article.php%3Fid%3D230601-345%26name%3Dsweaters+personalizados+de+navidad HTTP/1.1" 200 19657 "-" "Mozilla/5.0 (Linux; Android 6.0.1; Nexus 5X Build/MMB29P) AppleWebKit/537.36 (KHTML, like Gecko) Chrome/137.0.7151.103 Mobile Safari/537.36 (compatible; Googlebot/2.1; +http://www.google.com/bot.html)"
66.249.68.68 - - [20/Jul/2025:14:24:58 +0000] "POST /get-message-notify HTTP/1.1" 200 19553 "https://alalamy.com.au/?k=6799649071900&mod=e6265a85&uri=form.php%3Fid%3D227091-382%26name%3Dfelix+tuna+in+jelly+pouches" "Mozilla/5.0 (Linux; Android 6.0.1; Nexus 5X Build/MMB29P) AppleWebKit/537.36 (KHTML, like Gecko) Chrome/137.0.7151.119 Mobile Safari/537.36 (compatible; Googlebot/2.1; +http://www.google.com/bot.html)"
