66.249.68.70 - - [20/Jul/2025:12:36:48 +0000] "GET /items/tools/painting/2344784/alalamy.com.au/feature/yokohama_maruicity/alalamy.com.au?_bd_prev_page=alalamy.com.au/detail.php?shopbrand/8712643.htm HTTP/1.1" 200 22488 "-" "Mozilla/5.0 (Linux; Android 6.0.1; Nexus 5X Build/MMB29P) AppleWebKit/537.36 (KHTML, like Gecko) Chrome/137.0.7151.103 Mobile Safari/537.36 (compatible; GoogleOther)"
66.249.68.67 - - [20/Jul/2025:12:36:48 +0000] "POST /get-message-notify HTTP/1.1" 200 19553 "https://alalamy.com.au/items/tools/painting/2344784/alalamy.com.au/feature/yokohama_maruicity/alalamy.com.au?_bd_prev_page=alalamy.com.au/detail.php?shopbrand/8710993.htm" "Mozilla/5.0 (Linux; Android 6.0.1; Nexus 5X Build/MMB29P) AppleWebKit/537.36 (KHTML, like Gecko) Chrome/137.0.7151.119 Mobile Safari/537.36 (compatible; Googlebot/2.1; +http://www.google.com/bot.html)"
66.249.68.65 - - [20/Jul/2025:12:36:48 +0000] "GET /items/tools/painting/2344784/alalamy.com.au/feature/yokohama_maruicity/alalamy.com.au?_bd_prev_page=alalamy.com.au/detail.php?shopbrand/8123442.htm HTTP/1.1" 200 19687 "-" "Mozilla/5.0 (Linux; Android 6.0.1; Nexus 5X Build/MMB29P) AppleWebKit/537.36 (KHTML, like Gecko) Chrome/137.0.7151.103 Mobile Safari/537.36 (compatible; GoogleOther)"
66.249.68.68 - - [20/Jul/2025:12:36:50 +0000] "POST /get-message-notify HTTP/1.1" 200 19553 "https://alalamy.com.au/items/art/plastic-models/2278588/feature/idol/alalamy.com.au/game.html" "Mozilla/5.0 (Linux; Android 6.0.1; Nexus 5X Build/MMB29P) AppleWebKit/537.36 (KHTML, like Gecko) Chrome/137.0.7151.119 Mobile Safari/537.36 (compatible; Googlebot/2.1; +http://www.google.com/bot.html)"
66.249.68.71 - - [20/Jul/2025:12:36:50 +0000] "GET /items/art/brass-instruments/3201621/alalamy.com.au/feature/utsunomiya/alalamy.com.au?_bd_prev_page=alalamy.com.au/detail.php?shopbrand/8255486.htm HTTP/1.1" 200 19831 "-" "Mozilla/5.0 (Linux; Android 6.0.1; Nexus 5X Build/MMB29P) AppleWebKit/537.36 (KHTML, like Gecko) Chrome/137.0.7151.103 Mobile Safari/537.36 (compatible; GoogleOther)"
66.249.68.67 - - [20/Jul/2025:12:36:50 +0000] "POST /get-message-notify HTTP/1.1" 200 19553 "https://alalamy.com.au/items/tools/painting/2344784/alalamy.com.au/feature/yokohama_maruicity/alalamy.com.au?_bd_prev_page=alalamy.com.au/detail.php?shopbrand/9020701.htm" "Mozilla/5.0 (Linux; Android 6.0.1; Nexus 5X Build/MMB29P) AppleWebKit/537.36 (KHTML, like Gecko) Chrome/137.0.7151.119 Mobile Safari/537.36 (compatible; Googlebot/2.1; +http://www.google.com/bot.html)"
66.249.68.65 - - [20/Jul/2025:12:36:50 +0000] "GET /items/tools/painting/2344784/alalamy.com.au/feature/yokohama_maruicity/alalamy.com.au?_bd_prev_page=alalamy.com.au/detail.php?shopbrand/8312057.htm HTTP/1.1" 200 18935 "-" "Mozilla/5.0 (Linux; Android 6.0.1; Nexus 5X Build/MMB29P) AppleWebKit/537.36 (KHTML, like Gecko) Chrome/137.0.7151.103 Mobile Safari/537.36 (compatible; GoogleOther)"
66.249.68.65 - - [20/Jul/2025:12:36:51 +0000] "GET /items/tools/painting/2344784/alalamy.com.au/feature/yokohama_maruicity/alalamy.com.au?_bd_prev_page=alalamy.com.au/detail.php?shopbrand/8921292.htm HTTP/1.1" 200 19953 "-" "Mozilla/5.0 (Linux; Android 6.0.1; Nexus 5X Build/MMB29P) AppleWebKit/537.36 (KHTML, like Gecko) Chrome/137.0.7151.103 Mobile Safari/537.36 (compatible; GoogleOther)"
66.249.68.70 - - [20/Jul/2025:12:36:52 +0000] "POST /get-message-notify HTTP/1.1" 200 19553 "https://alalamy.com.au/items/tools/painting/2344784/alalamy.com.au/feature/yokohama_maruicity/alalamy.com.au?_bd_prev_page=alalamy.com.au/detail.php?shopbrand/9142705.htm" "Mozilla/5.0 (Linux; Android 6.0.1; Nexus 5X Build/MMB29P) AppleWebKit/537.36 (KHTML, like Gecko) Chrome/137.0.7151.119 Mobile Safari/537.36 (compatible; Googlebot/2.1; +http://www.google.com/bot.html)"
66.249.68.65 - - [20/Jul/2025:12:36:52 +0000] "GET /items/tools/painting/2344784/alalamy.com.au/feature/yokohama_maruicity/alalamy.com.au?_bd_prev_page=alalamy.com.au/detail.php?shopbrand/8281205.htm HTTP/1.1" 200 20599 "-" "Mozilla/5.0 (Linux; Android 6.0.1; Nexus 5X Build/MMB29P) AppleWebKit/537.36 (KHTML, like Gecko) Chrome/137.0.7151.103 Mobile Safari/537.36 (compatible; GoogleOther)"
66.249.68.69 - - [20/Jul/2025:12:36:52 +0000] "POST /get-message-notify HTTP/1.1" 200 19553 "https://alalamy.com.au/items/tools/painting/2344784/alalamy.com.au/feature/yokohama_maruicity/alalamy.com.au?_bd_prev_page=alalamy.com.au/detail.php?shopbrand/8312057.htm" "Mozilla/5.0 (Linux; Android 6.0.1; Nexus 5X Build/MMB29P) AppleWebKit/537.36 (KHTML, like Gecko) Chrome/137.0.7151.119 Mobile Safari/537.36 (compatible; Googlebot/2.1; +http://www.google.com/bot.html)"
66.249.68.65 - - [20/Jul/2025:12:36:52 +0000] "POST /get-message-notify HTTP/1.1" 200 19553 "https://alalamy.com.au/items/tools/painting/2344784/alalamy.com.au/feature/yokohama_maruicity/alalamy.com.au?_bd_prev_page=alalamy.com.au/detail.php?shopbrand/9026501.htm" "Mozilla/5.0 (Linux; Android 6.0.1; Nexus 5X Build/MMB29P) AppleWebKit/537.36 (KHTML, like Gecko) Chrome/137.0.7151.119 Mobile Safari/537.36 (compatible; Googlebot/2.1; +http://www.google.com/bot.html)"
66.249.68.70 - - [20/Jul/2025:12:36:53 +0000] "GET /items/tools/painting/2344784/alalamy.com.au/feature/yokohama_maruicity/alalamy.com.au?_bd_prev_page=alalamy.com.au/detail.php?shopbrand/8128976.htm HTTP/1.1" 200 20346 "-" "Mozilla/5.0 (Linux; Android 6.0.1; Nexus 5X Build/MMB29P) AppleWebKit/537.36 (KHTML, like Gecko) Chrome/137.0.7151.103 Mobile Safari/537.36 (compatible; GoogleOther)"
66.249.68.64 - - [20/Jul/2025:12:36:53 +0000] "POST /get-message-notify HTTP/1.1" 200 19553 "https://alalamy.com.au/items/art/good-luck/3295083/alalamy.com.au/alalamy.com.au?_bd_prev_page=alalamy.com.au/detail.php?shopbrand/7508796.htm" "Mozilla/5.0 (Linux; Android 6.0.1; Nexus 5X Build/MMB29P) AppleWebKit/537.36 (KHTML, like Gecko) Chrome/137.0.7151.119 Mobile Safari/537.36 (compatible; Googlebot/2.1; +http://www.google.com/bot.html)"
66.249.68.64 - - [20/Jul/2025:12:36:53 +0000] "GET /items/tools/painting/2344784/alalamy.com.au/feature/yokohama_maruicity/alalamy.com.au?_bd_prev_page=alalamy.com.au/detail.php?shopbrand/8506500.htm HTTP/1.1" 200 19707 "-" "Mozilla/5.0 (Linux; Android 6.0.1; Nexus 5X Build/MMB29P) AppleWebKit/537.36 (KHTML, like Gecko) Chrome/137.0.7151.103 Mobile Safari/537.36 (compatible; GoogleOther)"
66.249.68.69 - - [20/Jul/2025:12:36:53 +0000] "POST /get-message-notify HTTP/1.1" 200 19553 "https://alalamy.com.au/items/art/brass-instruments/3201621/alalamy.com.au/feature/utsunomiya/alalamy.com.au?_bd_prev_page=alalamy.com.au/detail.php?shopbrand/8254517.htm" "Mozilla/5.0 (Linux; Android 6.0.1; Nexus 5X Build/MMB29P) AppleWebKit/537.36 (KHTML, like Gecko) Chrome/137.0.7151.119 Mobile Safari/537.36 (compatible; Googlebot/2.1; +http://www.google.com/bot.html)"
66.249.68.71 - - [20/Jul/2025:12:36:54 +0000] "GET /items/tools/painting/2344784/alalamy.com.au/feature/yokohama_maruicity/alalamy.com.au?_bd_prev_page=alalamy.com.au/detail.php?shopbrand/8319144.htm HTTP/1.1" 200 20881 "-" "Mozilla/5.0 (Linux; Android 6.0.1; Nexus 5X Build/MMB29P) AppleWebKit/537.36 (KHTML, like Gecko) Chrome/137.0.7151.103 Mobile Safari/537.36 (compatible; GoogleOther)"
66.249.68.69 - - [20/Jul/2025:12:36:54 +0000] "GET /items/art/models/2289824/alalamy.com.au/toreka/alalamy.com.au/feature/sale1452-15/index.html HTTP/1.1" 200 19006 "-" "Mozilla/5.0 (Linux; Android 6.0.1; Nexus 5X Build/MMB29P) AppleWebKit/537.36 (KHTML, like Gecko) Chrome/137.0.7151.103 Mobile Safari/537.36 (compatible; GoogleOther)"
66.249.68.64 - - [20/Jul/2025:12:36:54 +0000] "POST /get-message-notify HTTP/1.1" 200 19553 "https://alalamy.com.au/items/tools/painting/2344784/alalamy.com.au/feature/yokohama_maruicity/alalamy.com.au?_bd_prev_page=alalamy.com.au/detail.php?shopbrand/8126635.htm" "Mozilla/5.0 (Linux; Android 6.0.1; Nexus 5X Build/MMB29P) AppleWebKit/537.36 (KHTML, like Gecko) Chrome/137.0.7151.119 Mobile Safari/537.36 (compatible; Googlebot/2.1; +http://www.google.com/bot.html)"
66.249.68.70 - - [20/Jul/2025:12:36:55 +0000] "POST /get-message-notify HTTP/1.1" 200 19553 "https://alalamy.com.au/items/tools/painting/2344784/alalamy.com.au/feature/yokohama_maruicity/alalamy.com.au?_bd_prev_page=alalamy.com.au/detail.php?shopbrand/8128976.htm" "Mozilla/5.0 (Linux; Android 6.0.1; Nexus 5X Build/MMB29P) AppleWebKit/537.36 (KHTML, like Gecko) Chrome/137.0.7151.119 Mobile Safari/537.36 (compatible; Googlebot/2.1; +http://www.google.com/bot.html)"
66.249.68.68 - - [20/Jul/2025:12:36:55 +0000] "GET /items/tools/painting/2344784/alalamy.com.au/feature/yokohama_maruicity/alalamy.com.au?_bd_prev_page=alalamy.com.au/detail.php?shopbrand/9141194.htm HTTP/1.1" 200 19624 "-" "Mozilla/5.0 (Linux; Android 6.0.1; Nexus 5X Build/MMB29P) AppleWebKit/537.36 (KHTML, like Gecko) Chrome/137.0.7151.103 Mobile Safari/537.36 (compatible; GoogleOther)"
66.249.68.67 - - [20/Jul/2025:12:36:56 +0000] "POST /get-message-notify HTTP/1.1" 200 19553 "https://alalamy.com.au/items/tools/painting/2344784/alalamy.com.au/feature/yokohama_maruicity/alalamy.com.au?_bd_prev_page=alalamy.com.au/detail.php?shopbrand/8391990.htm" "Mozilla/5.0 (Linux; Android 6.0.1; Nexus 5X Build/MMB29P) AppleWebKit/537.36 (KHTML, like Gecko) Chrome/137.0.7151.119 Mobile Safari/537.36 (compatible; Googlebot/2.1; +http://www.google.com/bot.html)"
66.249.68.65 - - [20/Jul/2025:12:36:56 +0000] "GET /items/tools/painting/2344784/alalamy.com.au/feature/yokohama_maruicity/alalamy.com.au?_bd_prev_page=alalamy.com.au/detail.php?shopbrand/9151460.htm HTTP/1.1" 200 19400 "-" "Mozilla/5.0 (Linux; Android 6.0.1; Nexus 5X Build/MMB29P) AppleWebKit/537.36 (KHTML, like Gecko) Chrome/137.0.7151.103 Mobile Safari/537.36 (compatible; GoogleOther)"
66.249.68.64 - - [20/Jul/2025:12:36:56 +0000] "POST /get-message-notify HTTP/1.1" 200 19553 "https://alalamy.com.au/items/art/collections/2047698/alalamy.com.au?_bd_prev_page=alalamy.com.au/detail.php?shopbrand/8501107.htm" "Mozilla/5.0 (Linux; Android 6.0.1; Nexus 5X Build/MMB29P) AppleWebKit/537.36 (KHTML, like Gecko) Chrome/137.0.7151.119 Mobile Safari/537.36 (compatible; Googlebot/2.1; +http://www.google.com/bot.html)"
66.249.68.67 - - [20/Jul/2025:12:36:57 +0000] "GET /items/tools/painting/2344784/alalamy.com.au/feature/yokohama_maruicity/alalamy.com.au?_bd_prev_page=alalamy.com.au/detail.php?shopbrand/8418519.htm HTTP/1.1" 200 19351 "-" "Mozilla/5.0 (Linux; Android 6.0.1; Nexus 5X Build/MMB29P) AppleWebKit/537.36 (KHTML, like Gecko) Chrome/137.0.7151.103 Mobile Safari/537.36 (compatible; GoogleOther)"
66.249.68.65 - - [20/Jul/2025:12:36:58 +0000] "POST /get-message-notify HTTP/1.1" 200 19553 "https://alalamy.com.au/items/tools/painting/2344784/alalamy.com.au/feature/yokohama_maruicity/alalamy.com.au?_bd_prev_page=alalamy.com.au/detail.php?shopbrand/8506500.htm" "Mozilla/5.0 (Linux; Android 6.0.1; Nexus 5X Build/MMB29P) AppleWebKit/537.36 (KHTML, like Gecko) Chrome/137.0.7151.119 Mobile Safari/537.36 (compatible; Googlebot/2.1; +http://www.google.com/bot.html)"
66.249.68.71 - - [20/Jul/2025:12:36:58 +0000] "POST /get-message-notify HTTP/1.1" 200 19553 "https://alalamy.com.au/items/tools/painting/2344784/alalamy.com.au/feature/yokohama_maruicity/alalamy.com.au?_bd_prev_page=alalamy.com.au/detail.php?shopbrand/9141194.htm" "Mozilla/5.0 (Linux; Android 6.0.1; Nexus 5X Build/MMB29P) AppleWebKit/537.36 (KHTML, like Gecko) Chrome/137.0.7151.119 Mobile Safari/537.36 (compatible; Googlebot/2.1; +http://www.google.com/bot.html)"
66.249.68.68 - - [20/Jul/2025:12:36:59 +0000] "GET /items/tools/painting/2344784/alalamy.com.au/feature/yokohama_maruicity/alalamy.com.au?_bd_prev_page=alalamy.com.au/detail.php?shopbrand/8506957.htm HTTP/1.1" 200 19689 "-" "Mozilla/5.0 (Linux; Android 6.0.1; Nexus 5X Build/MMB29P) AppleWebKit/537.36 (KHTML, like Gecko) Chrome/137.0.7151.103 Mobile Safari/537.36 (compatible; GoogleOther)"
66.249.68.68 - - [20/Jul/2025:12:36:59 +0000] "GET /items/tools/painting/2344784/alalamy.com.au/feature/yokohama_maruicity/alalamy.com.au?_bd_prev_page=alalamy.com.au/detail.php?shopbrand/8732262.htm HTTP/1.1" 200 21557 "-" "Mozilla/5.0 (Linux; Android 6.0.1; Nexus 5X Build/MMB29P) AppleWebKit/537.36 (KHTML, like Gecko) Chrome/137.0.7151.103 Mobile Safari/537.36 (compatible; GoogleOther)"
209.74.77.214 - - [20/Jul/2025:12:37:00 +0000] "POST /wp-cron.php?doing_wp_cron=1753015020.2230670452117919921875 HTTP/1.1" 200 - "-" "WordPress/6.8.2; https://alalamy.com.au"
57.141.2.14 - - [20/Jul/2025:12:36:59 +0000] "GET /?k=37096483031900& HTTP/1.1" 301 - "-" "meta-externalagent/1.1 (+https://developers.facebook.com/docs/sharing/webmasters/crawler)"
66.249.68.66 - - [20/Jul/2025:12:37:00 +0000] "GET /items/tools/painting/2344784/alalamy.com.au/feature/yokohama_maruicity/alalamy.com.au?_bd_prev_page=alalamy.com.au/detail.php?shopbrand/8726402.htm HTTP/1.1" 200 21973 "-" "Mozilla/5.0 (Linux; Android 6.0.1; Nexus 5X Build/MMB29P) AppleWebKit/537.36 (KHTML, like Gecko) Chrome/137.0.7151.103 Mobile Safari/537.36 (compatible; GoogleOther)"
66.249.68.66 - - [20/Jul/2025:12:37:00 +0000] "POST /get-message-notify HTTP/1.1" 200 19553 "https://alalamy.com.au/items/tools/painting/2344784/alalamy.com.au/feature/yokohama_maruicity/alalamy.com.au?_bd_prev_page=alalamy.com.au/detail.php?shopbrand/8113291.htm" "Mozilla/5.0 (Linux; Android 6.0.1; Nexus 5X Build/MMB29P) AppleWebKit/537.36 (KHTML, like Gecko) Chrome/137.0.7151.119 Mobile Safari/537.36 (compatible; Googlebot/2.1; +http://www.google.com/bot.html)"
66.249.68.64 - - [20/Jul/2025:12:37:00 +0000] "POST /get-message-notify HTTP/1.1" 200 19553 "https://alalamy.com.au/items/tools/painting/2344784/alalamy.com.au/feature/yokohama_maruicity/alalamy.com.au?_bd_prev_page=alalamy.com.au/detail.php?shopbrand/9142447.htm" "Mozilla/5.0 (Linux; Android 6.0.1; Nexus 5X Build/MMB29P) AppleWebKit/537.36 (KHTML, like Gecko) Chrome/137.0.7151.119 Mobile Safari/537.36 (compatible; Googlebot/2.1; +http://www.google.com/bot.html)"
66.249.68.67 - - [20/Jul/2025:12:37:01 +0000] "GET /items/tools/painting/2344784/alalamy.com.au/feature/yokohama_maruicity/alalamy.com.au?_bd_prev_page=alalamy.com.au/detail.php?shopbrand/8924612.htm HTTP/1.1" 200 19735 "-" "Mozilla/5.0 (Linux; Android 6.0.1; Nexus 5X Build/MMB29P) AppleWebKit/537.36 (KHTML, like Gecko) Chrome/137.0.7151.103 Mobile Safari/537.36 (compatible; GoogleOther)"
66.249.68.64 - - [20/Jul/2025:12:37:02 +0000] "GET /items/tools/painting/2344784/alalamy.com.au/feature/yokohama_maruicity/alalamy.com.au?_bd_prev_page=alalamy.com.au/detail.php?shopbrand/231280730.htm HTTP/1.1" 200 20249 "-" "Mozilla/5.0 (Linux; Android 6.0.1; Nexus 5X Build/MMB29P) AppleWebKit/537.36 (KHTML, like Gecko) Chrome/137.0.7151.103 Mobile Safari/537.36 (compatible; GoogleOther)"
66.249.68.70 - - [20/Jul/2025:12:37:02 +0000] "GET /items/art/brass-instruments/3201621/alalamy.com.au/feature/utsunomiya/alalamy.com.au?_bd_prev_page=alalamy.com.au/detail.php?shopbrand/8262573.htm HTTP/1.1" 200 20331 "-" "Mozilla/5.0 (Linux; Android 6.0.1; Nexus 5X Build/MMB29P) AppleWebKit/537.36 (KHTML, like Gecko) Chrome/137.0.7151.103 Mobile Safari/537.36 (compatible; GoogleOther)"
66.249.68.68 - - [20/Jul/2025:12:37:03 +0000] "GET /items/tools/painting/2344784/alalamy.com.au/feature/yokohama_maruicity/alalamy.com.au?_bd_prev_page=alalamy.com.au/detail.php?shopbrand/231057202.htm HTTP/1.1" 200 20991 "-" "Mozilla/5.0 (Linux; Android 6.0.1; Nexus 5X Build/MMB29P) AppleWebKit/537.36 (KHTML, like Gecko) Chrome/137.0.7151.103 Mobile Safari/537.36 (compatible; GoogleOther)"
66.249.68.64 - - [20/Jul/2025:12:37:04 +0000] "GET /items/art/collections/2047698/alalamy.com.au?_bd_prev_page=alalamy.com.au/detail.php?product/edit/A1421364728 HTTP/1.1" 200 19473 "-" "Mozilla/5.0 (Linux; Android 6.0.1; Nexus 5X Build/MMB29P) AppleWebKit/537.36 (KHTML, like Gecko) Chrome/137.0.7151.103 Mobile Safari/537.36 (compatible; GoogleOther)"
66.249.68.65 - - [20/Jul/2025:12:37:04 +0000] "POST /get-message-notify HTTP/1.1" 200 19553 "https://alalamy.com.au/items/tools/painting/2344784/alalamy.com.au/feature/yokohama_maruicity/alalamy.com.au?_bd_prev_page=alalamy.com.au/detail.php?shopbrand/8924612.htm" "Mozilla/5.0 (Linux; Android 6.0.1; Nexus 5X Build/MMB29P) AppleWebKit/537.36 (KHTML, like Gecko) Chrome/137.0.7151.119 Mobile Safari/537.36 (compatible; Googlebot/2.1; +http://www.google.com/bot.html)"
66.249.68.71 - - [20/Jul/2025:12:37:04 +0000] "GET /items/tools/painting/2344784/alalamy.com.au/feature/yokohama_maruicity/alalamy.com.au?_bd_prev_page=alalamy.com.au/detail.php?shopbrand/9149949.htm HTTP/1.1" 200 19544 "-" "Mozilla/5.0 (Linux; Android 6.0.1; Nexus 5X Build/MMB29P) AppleWebKit/537.36 (KHTML, like Gecko) Chrome/137.0.7151.103 Mobile Safari/537.36 (compatible; GoogleOther)"
66.249.68.71 - - [20/Jul/2025:12:37:05 +0000] "GET /items/art/models/4522986/alalamy.com.au/feature/alalamy.com.au?_bd_prev_page=alalamy.com.au/detail.php?shopbrand/9265184.htm HTTP/1.1" 200 19785 "-" "Mozilla/5.0 (Linux; Android 6.0.1; Nexus 5X Build/MMB29P) AppleWebKit/537.36 (KHTML, like Gecko) Chrome/137.0.7151.103 Mobile Safari/537.36 (compatible; GoogleOther)"
66.249.68.68 - - [20/Jul/2025:12:37:05 +0000] "GET /items/tools/painting/2344784/alalamy.com.au/feature/yokohama_maruicity/alalamy.com.au?_bd_prev_page=alalamy.com.au/detail.php?shopbrand/231286687.htm HTTP/1.1" 200 19927 "-" "Mozilla/5.0 (Linux; Android 6.0.1; Nexus 5X Build/MMB29P) AppleWebKit/537.36 (KHTML, like Gecko) Chrome/137.0.7151.103 Mobile Safari/537.36 (compatible; GoogleOther)"
66.249.68.69 - - [20/Jul/2025:12:37:06 +0000] "GET /items/tools/painting/2344784/alalamy.com.au/feature/yokohama_maruicity/alalamy.com.au?_bd_prev_page=alalamy.com.au/detail.php?shopbrand/8492201.htm HTTP/1.1" 200 20102 "-" "Mozilla/5.0 (Linux; Android 6.0.1; Nexus 5X Build/MMB29P) AppleWebKit/537.36 (KHTML, like Gecko) Chrome/137.0.7151.103 Mobile Safari/537.36 (compatible; GoogleOther)"
66.249.68.65 - - [20/Jul/2025:12:37:07 +0000] "GET /items/tools/painting/2344784/alalamy.com.au/feature/yokohama_maruicity/alalamy.com.au?_bd_prev_page=alalamy.com.au/detail.php?shopbrand/8507928.htm HTTP/1.1" 200 19482 "-" "Mozilla/5.0 (Linux; Android 6.0.1; Nexus 5X Build/MMB29P) AppleWebKit/537.36 (KHTML, like Gecko) Chrome/137.0.7151.103 Mobile Safari/537.36 (compatible; GoogleOther)"
66.249.68.65 - - [20/Jul/2025:12:37:07 +0000] "POST /get-message-notify HTTP/1.1" 200 19553 "https://alalamy.com.au/items/art/brass-instruments/3201621/alalamy.com.au/feature/utsunomiya/alalamy.com.au?_bd_prev_page=alalamy.com.au/detail.php?shopbrand/8255486.htm" "Mozilla/5.0 (Linux; Android 6.0.1; Nexus 5X Build/MMB29P) AppleWebKit/537.36 (KHTML, like Gecko) Chrome/137.0.7151.119 Mobile Safari/537.36 (compatible; Googlebot/2.1; +http://www.google.com/bot.html)"
66.249.68.71 - - [20/Jul/2025:12:37:08 +0000] "GET /items/tools/painting/2344784/alalamy.com.au/feature/yokohama_maruicity/alalamy.com.au?_bd_prev_page=alalamy.com.au/detail.php?shopbrand/231053997.htm HTTP/1.1" 200 18381 "-" "Mozilla/5.0 (Linux; Android 6.0.1; Nexus 5X Build/MMB29P) AppleWebKit/537.36 (KHTML, like Gecko) Chrome/137.0.7151.103 Mobile Safari/537.36 (compatible; GoogleOther)"
66.249.68.71 - - [20/Jul/2025:12:37:09 +0000] "GET /items/tools/painting/2344784/alalamy.com.au/feature/yokohama_maruicity/alalamy.com.au?_bd_prev_page=alalamy.com.au/detail.php?shopbrand/8504161.htm HTTP/1.1" 200 19459 "-" "Mozilla/5.0 (Linux; Android 6.0.1; Nexus 5X Build/MMB29P) AppleWebKit/537.36 (KHTML, like Gecko) Chrome/137.0.7151.103 Mobile Safari/537.36 (compatible; GoogleOther)"
66.249.68.71 - - [20/Jul/2025:12:37:10 +0000] "GET /items/tools/painting/2344784/alalamy.com.au/feature/yokohama_maruicity/alalamy.com.au?_bd_prev_page=alalamy.com.au/detail.php?shopbrand/8285635.htm HTTP/1.1" 200 21277 "-" "Mozilla/5.0 (Linux; Android 6.0.1; Nexus 5X Build/MMB29P) AppleWebKit/537.36 (KHTML, like Gecko) Chrome/137.0.7151.103 Mobile Safari/537.36 (compatible; GoogleOther)"
66.249.68.67 - - [20/Jul/2025:12:37:10 +0000] "GET /items/tools/painting/2344784/alalamy.com.au/feature/yokohama_maruicity/alalamy.com.au?_bd_prev_page=alalamy.com.au/detail.php?shopbrand/8136786.htm HTTP/1.1" 200 23861 "-" "Mozilla/5.0 (Linux; Android 6.0.1; Nexus 5X Build/MMB29P) AppleWebKit/537.36 (KHTML, like Gecko) Chrome/137.0.7151.103 Mobile Safari/537.36 (compatible; GoogleOther)"
66.249.68.69 - - [20/Jul/2025:12:37:12 +0000] "GET /items/tools/painting/2344784/alalamy.com.au/feature/yokohama_maruicity/alalamy.com.au?_bd_prev_page=alalamy.com.au/detail.php?shopbrand/8517920.htm HTTP/1.1" 200 20503 "-" "Mozilla/5.0 (Linux; Android 6.0.1; Nexus 5X Build/MMB29P) AppleWebKit/537.36 (KHTML, like Gecko) Chrome/137.0.7151.103 Mobile Safari/537.36 (compatible; GoogleOther)"
66.249.68.68 - - [20/Jul/2025:12:37:13 +0000] "GET /items/tools/painting/2344784/alalamy.com.au/feature/yokohama_maruicity/alalamy.com.au?_bd_prev_page=alalamy.com.au/detail.php?shopbrand/8216850.htm HTTP/1.1" 200 19694 "-" "Mozilla/5.0 (Linux; Android 6.0.1; Nexus 5X Build/MMB29P) AppleWebKit/537.36 (KHTML, like Gecko) Chrome/137.0.7151.103 Mobile Safari/537.36 (compatible; GoogleOther)"
209.74.77.214 - - [20/Jul/2025:12:37:13 +0000] "POST /wp-cron.php?doing_wp_cron=1753015033.9756629467010498046875 HTTP/1.1" 200 - "-" "WordPress/6.8.2; https://alalamy.com.au"
57.141.2.1 - - [20/Jul/2025:12:37:13 +0000] "GET /?k=37096483031900 HTTP/1.1" 200 144492 "-" "meta-externalagent/1.1 (+https://developers.facebook.com/docs/sharing/webmasters/crawler)"
66.249.68.64 - - [20/Jul/2025:12:37:14 +0000] "GET /items/tools/painting/2344784/alalamy.com.au/feature/yokohama_maruicity/alalamy.com.au?_bd_prev_page=alalamy.com.au/detail.php?shopbrand/8289942.htm HTTP/1.1" 200 19486 "-" "Mozilla/5.0 (Linux; Android 6.0.1; Nexus 5X Build/MMB29P) AppleWebKit/537.36 (KHTML, like Gecko) Chrome/137.0.7151.103 Mobile Safari/537.36 (compatible; GoogleOther)"
209.74.77.214 - - [20/Jul/2025:12:37:14 +0000] "POST /wp-admin/admin-ajax.php?action=async_litespeed&nonce=WoHrhPJMjUN5LHdOm3Bh9c2KecqX3NsI&litespeed_type=imgoptm HTTP/1.1" 200 21 "-" "WordPress/6.8.2; https://alalamy.com.au"
66.249.68.68 - - [20/Jul/2025:12:37:14 +0000] "POST /get-message-notify HTTP/1.1" 200 19553 "https://alalamy.com.au/items/tools/painting/2344784/alalamy.com.au/feature/yokohama_maruicity/alalamy.com.au?_bd_prev_page=alalamy.com.au/detail.php?shopbrand/8806623.htm" "Mozilla/5.0 (Linux; Android 6.0.1; Nexus 5X Build/MMB29P) AppleWebKit/537.36 (KHTML, like Gecko) Chrome/137.0.7151.119 Mobile Safari/537.36 (compatible; Googlebot/2.1; +http://www.google.com/bot.html)"
66.249.68.71 - - [20/Jul/2025:12:37:14 +0000] "GET /items/tools/painting/2344784/alalamy.com.au/feature/yokohama_maruicity/alalamy.com.au?_bd_prev_page=alalamy.com.au/detail.php?shopbrand/231073342.htm HTTP/1.1" 200 19213 "-" "Mozilla/5.0 (Linux; Android 6.0.1; Nexus 5X Build/MMB29P) AppleWebKit/537.36 (KHTML, like Gecko) Chrome/137.0.7151.103 Mobile Safari/537.36 (compatible; GoogleOther)"
66.249.68.67 - - [20/Jul/2025:12:37:14 +0000] "POST /get-message-notify HTTP/1.1" 200 19553 "https://alalamy.com.au/items/tools/painting/2344784/alalamy.com.au/feature/yokohama_maruicity/alalamy.com.au?_bd_prev_page=alalamy.com.au/detail.php?shopbrand/9020286.htm" "Mozilla/5.0 (Linux; Android 6.0.1; Nexus 5X Build/MMB29P) AppleWebKit/537.36 (KHTML, like Gecko) Chrome/137.0.7151.119 Mobile Safari/537.36 (compatible; Googlebot/2.1; +http://www.google.com/bot.html)"
66.249.68.71 - - [20/Jul/2025:12:37:15 +0000] "GET /items/art/collections/2589536/alalamy.com.au/feature/alalamy.com.au/kaitori/kantan.html HTTP/1.1" 200 18868 "-" "Mozilla/5.0 (Linux; Android 6.0.1; Nexus 5X Build/MMB29P) AppleWebKit/537.36 (KHTML, like Gecko) Chrome/137.0.7151.103 Mobile Safari/537.36 (compatible; GoogleOther)"
66.249.68.67 - - [20/Jul/2025:12:37:15 +0000] "GET /items/art/brass-instruments/3201621/alalamy.com.au/feature/utsunomiya/alalamy.com.au?_bd_prev_page=alalamy.com.au/detail.php?shopbrand/8259221.htm HTTP/1.1" 200 19520 "-" "Mozilla/5.0 (Linux; Android 6.0.1; Nexus 5X Build/MMB29P) AppleWebKit/537.36 (KHTML, like Gecko) Chrome/137.0.7151.103 Mobile Safari/537.36 (compatible; GoogleOther)"
66.249.68.70 - - [20/Jul/2025:12:37:16 +0000] "POST /get-message-notify HTTP/1.1" 200 19553 "https://alalamy.com.au/items/art/brass-instruments/3201621/alalamy.com.au/feature/utsunomiya/alalamy.com.au?_bd_prev_page=alalamy.com.au/detail.php?shopbrand/8262573.htm" "Mozilla/5.0 (Linux; Android 6.0.1; Nexus 5X Build/MMB29P) AppleWebKit/537.36 (KHTML, like Gecko) Chrome/137.0.7151.119 Mobile Safari/537.36 (compatible; Googlebot/2.1; +http://www.google.com/bot.html)"
66.249.68.69 - - [20/Jul/2025:12:37:16 +0000] "GET /items/tools/painting/2344784/alalamy.com.au/feature/yokohama_maruicity/alalamy.com.au?_bd_prev_page=alalamy.com.au/detail.php?shopbrand/8733904.htm HTTP/1.1" 200 20090 "-" "Mozilla/5.0 (Linux; Android 6.0.1; Nexus 5X Build/MMB29P) AppleWebKit/537.36 (KHTML, like Gecko) Chrome/137.0.7151.103 Mobile Safari/537.36 (compatible; GoogleOther)"
66.249.68.67 - - [20/Jul/2025:12:37:17 +0000] "GET /items/tools/painting/2344784/alalamy.com.au/feature/yokohama_maruicity/alalamy.com.au?_bd_prev_page=alalamy.com.au/detail.php?shopbrand/8280780.htm HTTP/1.1" 200 19630 "-" "Mozilla/5.0 (Linux; Android 6.0.1; Nexus 5X Build/MMB29P) AppleWebKit/537.36 (KHTML, like Gecko) Chrome/137.0.7151.103 Mobile Safari/537.36 (compatible; GoogleOther)"
66.249.68.67 - - [20/Jul/2025:12:37:19 +0000] "GET /items/tools/painting/2344784/alalamy.com.au/feature/yokohama_maruicity/alalamy.com.au?_bd_prev_page=alalamy.com.au/detail.php?shopbrand/8329037.htm HTTP/1.1" 200 20055 "-" "Mozilla/5.0 (Linux; Android 6.0.1; Nexus 5X Build/MMB29P) AppleWebKit/537.36 (KHTML, like Gecko) Chrome/137.0.7151.103 Mobile Safari/537.36 (compatible; GoogleOther)"
66.249.68.68 - - [20/Jul/2025:12:37:19 +0000] "POST /get-message-notify HTTP/1.1" 200 19553 "https://alalamy.com.au/items/tools/painting/2344784/alalamy.com.au/feature/yokohama_maruicity/alalamy.com.au?_bd_prev_page=alalamy.com.au/detail.php?shopbrand/231057202.htm" "Mozilla/5.0 (Linux; Android 6.0.1; Nexus 5X Build/MMB29P) AppleWebKit/537.36 (KHTML, like Gecko) Chrome/137.0.7151.119 Mobile Safari/537.36 (compatible; Googlebot/2.1; +http://www.google.com/bot.html)"
66.249.68.67 - - [20/Jul/2025:12:37:20 +0000] "POST /get-message-notify HTTP/1.1" 200 19553 "https://alalamy.com.au/items/tools/painting/2344784/alalamy.com.au/feature/yokohama_maruicity/alalamy.com.au?_bd_prev_page=alalamy.com.au/detail.php?shopbrand/8733904.htm" "Mozilla/5.0 (Linux; Android 6.0.1; Nexus 5X Build/MMB29P) AppleWebKit/537.36 (KHTML, like Gecko) Chrome/137.0.7151.119 Mobile Safari/537.36 (compatible; Googlebot/2.1; +http://www.google.com/bot.html)"
66.249.68.69 - - [20/Jul/2025:12:37:20 +0000] "GET /items/tools/painting/2344784/alalamy.com.au/feature/yokohama_maruicity/alalamy.com.au?_bd_prev_page=alalamy.com.au/detail.php?shopbrand/8517662.htm HTTP/1.1" 200 20968 "-" "Mozilla/5.0 (Linux; Android 6.0.1; Nexus 5X Build/MMB29P) AppleWebKit/537.36 (KHTML, like Gecko) Chrome/137.0.7151.103 Mobile Safari/537.36 (compatible; GoogleOther)"
66.249.68.69 - - [20/Jul/2025:12:37:21 +0000] "GET /items/tools/painting/2344784/alalamy.com.au/feature/yokohama_maruicity/alalamy.com.au?_bd_prev_page=alalamy.com.au/detail.php?shopbrand/8726261.htm HTTP/1.1" 200 19539 "-" "Mozilla/5.0 (Linux; Android 6.0.1; Nexus 5X Build/MMB29P) AppleWebKit/537.36 (KHTML, like Gecko) Chrome/137.0.7151.103 Mobile Safari/537.36 (compatible; GoogleOther)"
66.249.68.70 - - [20/Jul/2025:12:37:21 +0000] "GET /items/art/brass-instruments/3201621/alalamy.com.au/feature/utsunomiya/alalamy.com.au?_bd_prev_page=alalamy.com.au/detail.php?shopbrand/8265893.htm HTTP/1.1" 200 19784 "-" "Mozilla/5.0 (Linux; Android 6.0.1; Nexus 5X Build/MMB29P) AppleWebKit/537.36 (KHTML, like Gecko) Chrome/137.0.7151.103 Mobile Safari/537.36 (compatible; GoogleOther)"
66.249.68.69 - - [20/Jul/2025:12:37:22 +0000] "GET /items/tools/painting/2344784/alalamy.com.au/feature/yokohama_maruicity/alalamy.com.au?_bd_prev_page=alalamy.com.au/detail.php?shopbrand/8733074.htm HTTP/1.1" 200 23296 "-" "Mozilla/5.0 (Linux; Android 6.0.1; Nexus 5X Build/MMB29P) AppleWebKit/537.36 (KHTML, like Gecko) Chrome/137.0.7151.103 Mobile Safari/537.36 (compatible; GoogleOther)"
66.249.68.67 - - [20/Jul/2025:12:37:22 +0000] "POST /get-message-notify HTTP/1.1" 200 19553 "https://alalamy.com.au/items/tools/painting/2344784/alalamy.com.au/feature/yokohama_maruicity/alalamy.com.au?_bd_prev_page=alalamy.com.au/detail.php?shopbrand/231280730.htm" "Mozilla/5.0 (Linux; Android 6.0.1; Nexus 5X Build/MMB29P) AppleWebKit/537.36 (KHTML, like Gecko) Chrome/137.0.7151.119 Mobile Safari/537.36 (compatible; Googlebot/2.1; +http://www.google.com/bot.html)"
66.249.68.68 - - [20/Jul/2025:12:37:23 +0000] "GET /items/tools/painting/2344784/alalamy.com.au/feature/yokohama_maruicity/alalamy.com.au?_bd_prev_page=alalamy.com.au/detail.php?shopbrand/8816075.htm HTTP/1.1" 200 22498 "-" "Mozilla/5.0 (Linux; Android 6.0.1; Nexus 5X Build/MMB29P) AppleWebKit/537.36 (KHTML, like Gecko) Chrome/137.0.7151.103 Mobile Safari/537.36 (compatible; GoogleOther)"
66.249.68.67 - - [20/Jul/2025:12:37:23 +0000] "GET /items/tools/painting/2344784/alalamy.com.au/feature/yokohama_maruicity/alalamy.com.au?_bd_prev_page=alalamy.com.au/detail.php?shopbrand/8317343.htm HTTP/1.1" 200 21949 "-" "Mozilla/5.0 (Linux; Android 6.0.1; Nexus 5X Build/MMB29P) AppleWebKit/537.36 (KHTML, like Gecko) Chrome/137.0.7151.103 Mobile Safari/537.36 (compatible; GoogleOther)"
66.249.68.69 - - [20/Jul/2025:12:37:24 +0000] "GET /items/tools/painting/2344784/alalamy.com.au/feature/yokohama_maruicity/alalamy.com.au?_bd_prev_page=alalamy.com.au/detail.php?shopbrand/8397151.htm HTTP/1.1" 200 22558 "-" "Mozilla/5.0 (Linux; Android 6.0.1; Nexus 5X Build/MMB29P) AppleWebKit/537.36 (KHTML, like Gecko) Chrome/137.0.7151.103 Mobile Safari/537.36 (compatible; GoogleOther)"
66.249.68.67 - - [20/Jul/2025:12:37:25 +0000] "GET /items/tools/painting/2344784/alalamy.com.au/feature/yokohama_maruicity/alalamy.com.au?_bd_prev_page=alalamy.com.au/detail.php?shopbrand/8131657.htm HTTP/1.1" 200 20714 "-" "Mozilla/5.0 (Linux; Android 6.0.1; Nexus 5X Build/MMB29P) AppleWebKit/537.36 (KHTML, like Gecko) Chrome/137.0.7151.103 Mobile Safari/537.36 (compatible; GoogleOther)"
66.249.68.68 - - [20/Jul/2025:12:37:26 +0000] "POST /get-message-notify HTTP/1.1" 200 19553 "https://alalamy.com.au/items/art/brass-instruments/3201621/alalamy.com.au/feature/utsunomiya/alalamy.com.au?_bd_prev_page=alalamy.com.au/detail.php?shopbrand/8265893.htm" "Mozilla/5.0 (Linux; Android 6.0.1; Nexus 5X Build/MMB29P) AppleWebKit/537.36 (KHTML, like Gecko) Chrome/137.0.7151.119 Mobile Safari/537.36 (compatible; Googlebot/2.1; +http://www.google.com/bot.html)"
66.249.68.68 - - [20/Jul/2025:12:37:26 +0000] "GET /items/tools/painting/2344784/alalamy.com.au/feature/yokohama_maruicity/alalamy.com.au?_bd_prev_page=alalamy.com.au/detail.php?shopbrand/8504002.htm HTTP/1.1" 200 19252 "-" "Mozilla/5.0 (Linux; Android 6.0.1; Nexus 5X Build/MMB29P) AppleWebKit/537.36 (KHTML, like Gecko) Chrome/137.0.7151.103 Mobile Safari/537.36 (compatible; GoogleOther)"
66.249.68.68 - - [20/Jul/2025:12:37:26 +0000] "GET /items/art/brass-instruments/3201621/alalamy.com.au/feature/utsunomiya/alalamy.com.au?_bd_prev_page=alalamy.com.au/detail.php?shopbrand/8241844.htm HTTP/1.1" 200 21375 "-" "Mozilla/5.0 (Linux; Android 6.0.1; Nexus 5X Build/MMB29P) AppleWebKit/537.36 (KHTML, like Gecko) Chrome/137.0.7151.103 Mobile Safari/537.36 (compatible; GoogleOther)"
66.249.68.69 - - [20/Jul/2025:12:37:27 +0000] "GET /items/art/brass-instruments/3201621/alalamy.com.au/feature/utsunomiya/alalamy.com.au?_bd_prev_page=alalamy.com.au/detail.php?shopbrand/8242823.htm HTTP/1.1" 200 19985 "-" "Mozilla/5.0 (Linux; Android 6.0.1; Nexus 5X Build/MMB29P) AppleWebKit/537.36 (KHTML, like Gecko) Chrome/137.0.7151.103 Mobile Safari/537.36 (compatible; GoogleOther)"
66.249.68.69 - - [20/Jul/2025:12:37:28 +0000] "GET /items/tools/painting/2344784/alalamy.com.au/feature/yokohama_maruicity/alalamy.com.au?_bd_prev_page=alalamy.com.au/detail.php?shopbrand/8134006.htm HTTP/1.1" 200 20509 "-" "Mozilla/5.0 (Linux; Android 6.0.1; Nexus 5X Build/MMB29P) AppleWebKit/537.36 (KHTML, like Gecko) Chrome/137.0.7151.103 Mobile Safari/537.36 (compatible; GoogleOther)"
66.249.68.67 - - [20/Jul/2025:12:37:28 +0000] "GET /items/tools/painting/2344784/alalamy.com.au/feature/yokohama_maruicity/alalamy.com.au?_bd_prev_page=alalamy.com.au/detail.php?shopbrand/231073739.htm HTTP/1.1" 200 20165 "-" "Mozilla/5.0 (Linux; Android 6.0.1; Nexus 5X Build/MMB29P) AppleWebKit/537.36 (KHTML, like Gecko) Chrome/137.0.7151.103 Mobile Safari/537.36 (compatible; GoogleOther)"
66.249.68.70 - - [20/Jul/2025:12:37:29 +0000] "POST /get-message-notify HTTP/1.1" 200 19553 "https://alalamy.com.au/items/art/brass-instruments/3201621/alalamy.com.au/feature/utsunomiya/alalamy.com.au?_bd_prev_page=alalamy.com.au/detail.php?shopbrand/8241844.htm" "Mozilla/5.0 (Linux; Android 6.0.1; Nexus 5X Build/MMB29P) AppleWebKit/537.36 (KHTML, like Gecko) Chrome/137.0.7151.119 Mobile Safari/537.36 (compatible; Googlebot/2.1; +http://www.google.com/bot.html)"
66.249.68.68 - - [20/Jul/2025:12:37:29 +0000] "POST /get-message-notify HTTP/1.1" 200 19553 "https://alalamy.com.au/items/tools/painting/2344784/alalamy.com.au/feature/yokohama_maruicity/alalamy.com.au?_bd_prev_page=alalamy.com.au/detail.php?shopbrand/8506957.htm" "Mozilla/5.0 (Linux; Android 6.0.1; Nexus 5X Build/MMB29P) AppleWebKit/537.36 (KHTML, like Gecko) Chrome/137.0.7151.119 Mobile Safari/537.36 (compatible; Googlebot/2.1; +http://www.google.com/bot.html)"
66.249.68.68 - - [20/Jul/2025:12:37:29 +0000] "GET /items/tools/painting/2344784/alalamy.com.au/feature/yokohama_maruicity/alalamy.com.au?_bd_prev_page=alalamy.com.au/detail.php?shopbrand/8812997.htm HTTP/1.1" 200 19829 "-" "Mozilla/5.0 (Linux; Android 6.0.1; Nexus 5X Build/MMB29P) AppleWebKit/537.36 (KHTML, like Gecko) Chrome/137.0.7151.103 Mobile Safari/537.36 (compatible; GoogleOther)"
66.249.68.70 - - [20/Jul/2025:12:37:30 +0000] "GET /items/tools/painting/2344784/alalamy.com.au/feature/yokohama_maruicity/alalamy.com.au?_bd_prev_page=alalamy.com.au/detail.php?shopbrand/8733805.htm HTTP/1.1" 200 19039 "-" "Mozilla/5.0 (Linux; Android 6.0.1; Nexus 5X Build/MMB29P) AppleWebKit/537.36 (KHTML, like Gecko) Chrome/137.0.7151.103 Mobile Safari/537.36 (compatible; GoogleOther)"
66.249.68.67 - - [20/Jul/2025:12:37:31 +0000] "POST /get-message-notify HTTP/1.1" 200 19553 "https://alalamy.com.au/items/art/collections/2047698/alalamy.com.au?_bd_prev_page=alalamy.com.au/detail.php?product/edit/A1421364728" "Mozilla/5.0 (Linux; Android 6.0.1; Nexus 5X Build/MMB29P) AppleWebKit/537.36 (KHTML, like Gecko) Chrome/137.0.7151.119 Mobile Safari/537.36 (compatible; Googlebot/2.1; +http://www.google.com/bot.html)"
66.249.68.71 - - [20/Jul/2025:12:37:31 +0000] "GET /items/art/collections/2047698/alalamy.com.au?_bd_prev_page=alalamy.com.au/detail.php?shopbrand/8500682.htm HTTP/1.1" 200 19456 "-" "Mozilla/5.0 (Linux; Android 6.0.1; Nexus 5X Build/MMB29P) AppleWebKit/537.36 (KHTML, like Gecko) Chrome/137.0.7151.103 Mobile Safari/537.36 (compatible; GoogleOther)"
66.249.68.68 - - [20/Jul/2025:12:37:31 +0000] "POST /get-message-notify HTTP/1.1" 200 19553 "https://alalamy.com.au/items/tools/painting/2344784/alalamy.com.au/feature/yokohama_maruicity/alalamy.com.au?_bd_prev_page=alalamy.com.au/detail.php?shopbrand/231073739.htm" "Mozilla/5.0 (Linux; Android 6.0.1; Nexus 5X Build/MMB29P) AppleWebKit/537.36 (KHTML, like Gecko) Chrome/137.0.7151.119 Mobile Safari/537.36 (compatible; Googlebot/2.1; +http://www.google.com/bot.html)"
66.249.68.67 - - [20/Jul/2025:12:37:32 +0000] "POST /get-message-notify HTTP/1.1" 200 19553 "https://alalamy.com.au/items/tools/painting/2344784/alalamy.com.au/feature/yokohama_maruicity/alalamy.com.au?_bd_prev_page=alalamy.com.au/detail.php?shopbrand/8517920.htm" "Mozilla/5.0 (Linux; Android 6.0.1; Nexus 5X Build/MMB29P) AppleWebKit/537.36 (KHTML, like Gecko) Chrome/137.0.7151.119 Mobile Safari/537.36 (compatible; Googlebot/2.1; +http://www.google.com/bot.html)"
66.249.68.71 - - [20/Jul/2025:12:37:33 +0000] "GET /items/tools/painting/2344784/alalamy.com.au/feature/yokohama_maruicity/alalamy.com.au?_bd_prev_page=alalamy.com.au/detail.php?shopbrand/8521951.htm HTTP/1.1" 200 22619 "-" "Mozilla/5.0 (Linux; Android 6.0.1; Nexus 5X Build/MMB29P) AppleWebKit/537.36 (KHTML, like Gecko) Chrome/137.0.7151.103 Mobile Safari/537.36 (compatible; GoogleOther)"
66.249.68.67 - - [20/Jul/2025:12:37:33 +0000] "POST /get-message-notify HTTP/1.1" 200 19553 "https://alalamy.com.au/items/art/collections/2047698/alalamy.com.au?_bd_prev_page=alalamy.com.au/detail.php?shopbrand/8500682.htm" "Mozilla/5.0 (Linux; Android 6.0.1; Nexus 5X Build/MMB29P) AppleWebKit/537.36 (KHTML, like Gecko) Chrome/137.0.7151.119 Mobile Safari/537.36 (compatible; Googlebot/2.1; +http://www.google.com/bot.html)"
66.249.68.69 - - [20/Jul/2025:12:37:33 +0000] "GET /items/tools/painting/2344784/alalamy.com.au/feature/yokohama_maruicity/alalamy.com.au?_bd_prev_page=alalamy.com.au/detail.php?shopbrand/231057317.htm HTTP/1.1" 200 19614 "-" "Mozilla/5.0 (Linux; Android 6.0.1; Nexus 5X Build/MMB29P) AppleWebKit/537.36 (KHTML, like Gecko) Chrome/137.0.7151.103 Mobile Safari/537.36 (compatible; GoogleOther)"
66.249.68.67 - - [20/Jul/2025:12:37:34 +0000] "GET /items/tools/painting/2344784/alalamy.com.au/feature/yokohama_maruicity/alalamy.com.au?_bd_prev_page=alalamy.com.au/detail.php?shopbrand/8426992.htm HTTP/1.1" 200 22199 "-" "Mozilla/5.0 (Linux; Android 6.0.1; Nexus 5X Build/MMB29P) AppleWebKit/537.36 (KHTML, like Gecko) Chrome/137.0.7151.103 Mobile Safari/537.36 (compatible; GoogleOther)"
66.249.68.68 - - [20/Jul/2025:12:37:34 +0000] "POST /get-message-notify HTTP/1.1" 200 19553 "https://alalamy.com.au/items/tools/painting/2344784/alalamy.com.au/feature/yokohama_maruicity/alalamy.com.au?_bd_prev_page=alalamy.com.au/detail.php?shopbrand/231073342.htm" "Mozilla/5.0 (Linux; Android 6.0.1; Nexus 5X Build/MMB29P) AppleWebKit/537.36 (KHTML, like Gecko) Chrome/137.0.7151.119 Mobile Safari/537.36 (compatible; Googlebot/2.1; +http://www.google.com/bot.html)"
66.249.68.71 - - [20/Jul/2025:12:37:35 +0000] "GET /items/tools/painting/2344784/alalamy.com.au/feature/yokohama_maruicity/alalamy.com.au?_bd_prev_page=alalamy.com.au/detail.php?shopbrand/231052188.htm HTTP/1.1" 200 19781 "-" "Mozilla/5.0 (Linux; Android 6.0.1; Nexus 5X Build/MMB29P) AppleWebKit/537.36 (KHTML, like Gecko) Chrome/137.0.7151.103 Mobile Safari/537.36 (compatible; GoogleOther)"
66.249.68.64 - - [20/Jul/2025:12:37:35 +0000] "POST /get-message-notify HTTP/1.1" 200 19553 "https://alalamy.com.au/items/tools/painting/2344784/alalamy.com.au/feature/yokohama_maruicity/alalamy.com.au?_bd_prev_page=alalamy.com.au/detail.php?shopbrand/8329037.htm" "Mozilla/5.0 (Linux; Android 6.0.1; Nexus 5X Build/MMB29P) AppleWebKit/537.36 (KHTML, like Gecko) Chrome/137.0.7151.119 Mobile Safari/537.36 (compatible; Googlebot/2.1; +http://www.google.com/bot.html)"
66.249.68.71 - - [20/Jul/2025:12:37:35 +0000] "POST /get-message-notify HTTP/1.1" 200 19553 "https://alalamy.com.au/items/tools/painting/2344784/alalamy.com.au/feature/yokohama_maruicity/alalamy.com.au?_bd_prev_page=alalamy.com.au/detail.php?shopbrand/8331517.htm" "Mozilla/5.0 (Linux; Android 6.0.1; Nexus 5X Build/MMB29P) AppleWebKit/537.36 (KHTML, like Gecko) Chrome/137.0.7151.119 Mobile Safari/537.36 (compatible; Googlebot/2.1; +http://www.google.com/bot.html)"
66.249.68.67 - - [20/Jul/2025:12:37:35 +0000] "GET /items/tools/painting/2344784/alalamy.com.au/feature/yokohama_maruicity/alalamy.com.au?_bd_prev_page=alalamy.com.au/detail.php?shopbrand/8512086.htm HTTP/1.1" 200 19172 "-" "Mozilla/5.0 (Linux; Android 6.0.1; Nexus 5X Build/MMB29P) AppleWebKit/537.36 (KHTML, like Gecko) Chrome/137.0.7151.103 Mobile Safari/537.36 (compatible; GoogleOther)"
66.249.68.69 - - [20/Jul/2025:12:37:36 +0000] "GET /items/tools/painting/2344784/alalamy.com.au/feature/yokohama_maruicity/alalamy.com.au?_bd_prev_page=alalamy.com.au/detail.php?shopbrand/8813869.htm HTTP/1.1" 200 19351 "-" "Mozilla/5.0 (Linux; Android 6.0.1; Nexus 5X Build/MMB29P) AppleWebKit/537.36 (KHTML, like Gecko) Chrome/137.0.7151.103 Mobile Safari/537.36 (compatible; GoogleOther)"
66.249.68.64 - - [20/Jul/2025:12:37:37 +0000] "GET /items/tools/painting/2344784/alalamy.com.au/feature/yokohama_maruicity/alalamy.com.au?_bd_prev_page=alalamy.com.au/detail.php?shopbrand/8198502.htm HTTP/1.1" 200 19712 "-" "Mozilla/5.0 (Linux; Android 6.0.1; Nexus 5X Build/MMB29P) AppleWebKit/537.36 (KHTML, like Gecko) Chrome/137.0.7151.103 Mobile Safari/537.36 (compatible; GoogleOther)"
66.249.68.71 - - [20/Jul/2025:12:37:37 +0000] "GET /items/art/collections/2047698/alalamy.com.au?_bd_prev_page=alalamy.com.au/detail.php?shopbrand/8518218.htm HTTP/1.1" 200 19508 "-" "Mozilla/5.0 (Linux; Android 6.0.1; Nexus 5X Build/MMB29P) AppleWebKit/537.36 (KHTML, like Gecko) Chrome/137.0.7151.103 Mobile Safari/537.36 (compatible; GoogleOther)"
66.249.68.68 - - [20/Jul/2025:12:37:38 +0000] "POST /get-message-notify HTTP/1.1" 200 19553 "https://alalamy.com.au/items/art/brass-instruments/3201621/alalamy.com.au/feature/utsunomiya/q_glossy" "Mozilla/5.0 (Linux; Android 6.0.1; Nexus 5X Build/MMB29P) AppleWebKit/537.36 (KHTML, like Gecko) Chrome/137.0.7151.119 Mobile Safari/537.36 (compatible; Googlebot/2.1; +http://www.google.com/bot.html)"
66.249.68.71 - - [20/Jul/2025:12:37:38 +0000] "POST /get-message-notify HTTP/1.1" 200 19553 "https://alalamy.com.au/items/tools/painting/2344784/alalamy.com.au/feature/yokohama_maruicity/alalamy.com.au?_bd_prev_page=alalamy.com.au/detail.php?shopbrand/8281205.htm" "Mozilla/5.0 (Linux; Android 6.0.1; Nexus 5X Build/MMB29P) AppleWebKit/537.36 (KHTML, like Gecko) Chrome/137.0.7151.119 Mobile Safari/537.36 (compatible; Googlebot/2.1; +http://www.google.com/bot.html)"
66.249.68.69 - - [20/Jul/2025:12:37:39 +0000] "GET /items/tools/painting/2344784/alalamy.com.au/feature/yokohama_maruicity/alalamy.com.au?_bd_prev_page=alalamy.com.au/detail.php?shopbrand/8425606.htm HTTP/1.1" 200 19576 "-" "Mozilla/5.0 (Linux; Android 6.0.1; Nexus 5X Build/MMB29P) AppleWebKit/537.36 (KHTML, like Gecko) Chrome/137.0.7151.103 Mobile Safari/537.36 (compatible; GoogleOther)"
66.249.68.71 - - [20/Jul/2025:12:37:39 +0000] "POST /get-message-notify HTTP/1.1" 200 19553 "https://alalamy.com.au/items/tools/painting/2344784/alalamy.com.au/feature/yokohama_maruicity/alalamy.com.au?_bd_prev_page=alalamy.com.au/detail.php?shopbrand/8512086.htm" "Mozilla/5.0 (Linux; Android 6.0.1; Nexus 5X Build/MMB29P) AppleWebKit/537.36 (KHTML, like Gecko) Chrome/137.0.7151.119 Mobile Safari/537.36 (compatible; Googlebot/2.1; +http://www.google.com/bot.html)"
66.249.68.65 - - [20/Jul/2025:12:37:39 +0000] "GET /items/tools/painting/2344784/alalamy.com.au/feature/yokohama_maruicity/alalamy.com.au?_bd_prev_page=alalamy.com.au/detail.php?shopbrand/8914886.htm HTTP/1.1" 200 21838 "-" "Mozilla/5.0 (Linux; Android 6.0.1; Nexus 5X Build/MMB29P) AppleWebKit/537.36 (KHTML, like Gecko) Chrome/137.0.7151.103 Mobile Safari/537.36 (compatible; GoogleOther)"
66.249.68.71 - - [20/Jul/2025:12:37:40 +0000] "POST /get-message-notify HTTP/1.1" 200 19553 "https://alalamy.com.au/items/tools/painting/2344784/alalamy.com.au/feature/yokohama_maruicity/alalamy.com.au?_bd_prev_page=alalamy.com.au/detail.php?shopbrand/9149949.htm" "Mozilla/5.0 (Linux; Android 6.0.1; Nexus 5X Build/MMB29P) AppleWebKit/537.36 (KHTML, like Gecko) Chrome/137.0.7151.119 Mobile Safari/537.36 (compatible; Googlebot/2.1; +http://www.google.com/bot.html)"
209.74.77.214 - - [20/Jul/2025:12:37:41 +0000] "POST /wp-cron.php?doing_wp_cron=1753015061.0066940784454345703125 HTTP/1.1" 200 - "-" "WordPress/6.8.2; https://alalamy.com.au"
216.73.216.113 - - [20/Jul/2025:12:37:40 +0000] "GET /shopbrand/265979536.htm HTTP/1.1" 404 20399 "-" "Mozilla/5.0 AppleWebKit/537.36 (KHTML, like Gecko; compatible; ClaudeBot/1.0; [email protected])"
66.249.68.70 - - [20/Jul/2025:12:37:40 +0000] "GET /items/tools/painting/2344784/alalamy.com.au/feature/yokohama_maruicity/alalamy.com.au?_bd_prev_page=alalamy.com.au/detail.php?shopbrand/8287603.htm HTTP/1.1" 200 19613 "-" "Mozilla/5.0 (Linux; Android 6.0.1; Nexus 5X Build/MMB29P) AppleWebKit/537.36 (KHTML, like Gecko) Chrome/137.0.7151.103 Mobile Safari/537.36 (compatible; GoogleOther)"
216.73.216.113 - - [20/Jul/2025:12:37:40 +0000] "GET /shopbrand/265942981.htm HTTP/1.1" 404 20399 "-" "Mozilla/5.0 AppleWebKit/537.36 (KHTML, like Gecko; compatible; ClaudeBot/1.0; [email protected])"
66.249.68.65 - - [20/Jul/2025:12:37:41 +0000] "POST /get-message-notify HTTP/1.1" 200 19553 "https://alalamy.com.au/items/art/collections/2047698/alalamy.com.au?_bd_prev_page=alalamy.com.au/detail.php?shopbrand/8518218.htm" "Mozilla/5.0 (Linux; Android 6.0.1; Nexus 5X Build/MMB29P) AppleWebKit/537.36 (KHTML, like Gecko) Chrome/137.0.7151.119 Mobile Safari/537.36 (compatible; Googlebot/2.1; +http://www.google.com/bot.html)"
216.73.216.113 - - [20/Jul/2025:12:37:40 +0000] "GET /shopbrand/266014447.htm HTTP/1.1" 404 20399 "-" "Mozilla/5.0 AppleWebKit/537.36 (KHTML, like Gecko; compatible; ClaudeBot/1.0; [email protected])"
66.249.68.64 - - [20/Jul/2025:12:37:41 +0000] "POST /get-message-notify HTTP/1.1" 200 19553 "https://alalamy.com.au/items/tools/painting/2344784/alalamy.com.au/feature/yokohama_maruicity/alalamy.com.au?_bd_prev_page=alalamy.com.au/detail.php?shopbrand/231052188.htm" "Mozilla/5.0 (Linux; Android 6.0.1; Nexus 5X Build/MMB29P) AppleWebKit/537.36 (KHTML, like Gecko) Chrome/137.0.7151.119 Mobile Safari/537.36 (compatible; Googlebot/2.1; +http://www.google.com/bot.html)"
66.249.68.67 - - [20/Jul/2025:12:37:41 +0000] "GET /items/art/brass-instruments/3201621/alalamy.com.au/feature/utsunomiya/alalamy.com.au?_bd_prev_page=alalamy.com.au/detail.php?shopbrand/7800696.htm HTTP/1.1" 200 19852 "-" "Mozilla/5.0 (Linux; Android 6.0.1; Nexus 5X Build/MMB29P) AppleWebKit/537.36 (KHTML, like Gecko) Chrome/137.0.7151.103 Mobile Safari/537.36 (compatible; GoogleOther)"
66.249.68.68 - - [20/Jul/2025:12:37:41 +0000] "POST /get-message-notify HTTP/1.1" 200 19553 "https://alalamy.com.au/items/tools/painting/2344784/alalamy.com.au/feature/yokohama_maruicity/alalamy.com.au?_bd_prev_page=alalamy.com.au/detail.php?shopbrand/8504161.htm" "Mozilla/5.0 (Linux; Android 6.0.1; Nexus 5X Build/MMB29P) AppleWebKit/537.36 (KHTML, like Gecko) Chrome/137.0.7151.119 Mobile Safari/537.36 (compatible; Googlebot/2.1; +http://www.google.com/bot.html)"
216.73.216.113 - - [20/Jul/2025:12:37:41 +0000] "GET /shopbrand/265947471.htm HTTP/1.1" 404 20399 "-" "Mozilla/5.0 AppleWebKit/537.36 (KHTML, like Gecko; compatible; ClaudeBot/1.0; [email protected])"
216.73.216.113 - - [20/Jul/2025:12:37:41 +0000] "GET /shopbrand/265944524.htm HTTP/1.1" 404 20399 "-" "Mozilla/5.0 AppleWebKit/537.36 (KHTML, like Gecko; compatible; ClaudeBot/1.0; [email protected])"
216.73.216.113 - - [20/Jul/2025:12:37:41 +0000] "GET /shopbrand/265935928.htm HTTP/1.1" 404 20399 "-" "Mozilla/5.0 AppleWebKit/537.36 (KHTML, like Gecko; compatible; ClaudeBot/1.0; [email protected])"
216.73.216.113 - - [20/Jul/2025:12:37:41 +0000] "GET /shopbrand/266002348.htm HTTP/1.1" 404 20399 "-" "Mozilla/5.0 AppleWebKit/537.36 (KHTML, like Gecko; compatible; ClaudeBot/1.0; [email protected])"
66.249.68.68 - - [20/Jul/2025:12:37:42 +0000] "GET /items/tools/painting/2344784/alalamy.com.au/feature/yokohama_maruicity/alalamy.com.au?_bd_prev_page=alalamy.com.au/detail.php?shopbrand/8291070.htm HTTP/1.1" 200 21110 "-" "Mozilla/5.0 (Linux; Android 6.0.1; Nexus 5X Build/MMB29P) AppleWebKit/537.36 (KHTML, like Gecko) Chrome/137.0.7151.103 Mobile Safari/537.36 (compatible; GoogleOther)"
216.73.216.113 - - [20/Jul/2025:12:37:41 +0000] "GET /shopbrand/266011254.htm HTTP/1.1" 404 20399 "-" "Mozilla/5.0 AppleWebKit/537.36 (KHTML, like Gecko; compatible; ClaudeBot/1.0; [email protected])"
216.73.216.113 - - [20/Jul/2025:12:37:42 +0000] "GET /shopbrand/265991794.htm HTTP/1.1" 404 20399 "-" "Mozilla/5.0 AppleWebKit/537.36 (KHTML, like Gecko; compatible; ClaudeBot/1.0; [email protected])"
216.73.216.113 - - [20/Jul/2025:12:37:42 +0000] "GET /shopbrand/266039626.htm HTTP/1.1" 404 20399 "-" "Mozilla/5.0 AppleWebKit/537.36 (KHTML, like Gecko; compatible; ClaudeBot/1.0; [email protected])"
216.73.216.113 - - [20/Jul/2025:12:37:41 +0000] "GET /shopbrand/266056290.htm HTTP/1.1" 404 20399 "-" "Mozilla/5.0 AppleWebKit/537.36 (KHTML, like Gecko; compatible; ClaudeBot/1.0; [email protected])"
216.73.216.113 - - [20/Jul/2025:12:37:42 +0000] "GET /shopbrand/265971778.htm HTTP/1.1" 404 20399 "-" "Mozilla/5.0 AppleWebKit/537.36 (KHTML, like Gecko; compatible; ClaudeBot/1.0; [email protected])"
216.73.216.113 - - [20/Jul/2025:12:37:42 +0000] "GET /shopbrand/265970267.htm HTTP/1.1" 404 20399 "-" "Mozilla/5.0 AppleWebKit/537.36 (KHTML, like Gecko; compatible; ClaudeBot/1.0; [email protected])"
216.73.216.113 - - [20/Jul/2025:12:37:42 +0000] "GET /shopbrand/265979834.htm HTTP/1.1" 404 20399 "-" "Mozilla/5.0 AppleWebKit/537.36 (KHTML, like Gecko; compatible; ClaudeBot/1.0; [email protected])"
216.73.216.113 - - [20/Jul/2025:12:37:42 +0000] "GET /shopbrand/265990539.htm HTTP/1.1" 404 20399 "-" "Mozilla/5.0 AppleWebKit/537.36 (KHTML, like Gecko; compatible; ClaudeBot/1.0; [email protected])"
216.73.216.113 - - [20/Jul/2025:12:37:42 +0000] "GET /shopbrand/265976939.htm HTTP/1.1" 404 20399 "-" "Mozilla/5.0 AppleWebKit/537.36 (KHTML, like Gecko; compatible; ClaudeBot/1.0; [email protected])"
216.73.216.113 - - [20/Jul/2025:12:37:42 +0000] "GET /shopbrand/265973031.htm HTTP/1.1" 404 20399 "-" "Mozilla/5.0 AppleWebKit/537.36 (KHTML, like Gecko; compatible; ClaudeBot/1.0; [email protected])"
