66.249.68.70 - - [20/Jul/2025:13:34:52 +0000] "POST /get-message-notify HTTP/1.1" 200 19553 "https://alalamy.com.au/items/decor/interior/5168717/" "Mozilla/5.0 (Linux; Android 6.0.1; Nexus 5X Build/MMB29P) AppleWebKit/537.36 (KHTML, like Gecko) Chrome/137.0.7151.119 Mobile Safari/537.36 (compatible; Googlebot/2.1; +http://www.google.com/bot.html)"
66.249.68.68 - - [20/Jul/2025:13:34:53 +0000] "POST /get-message-notify HTTP/1.1" 200 19553 "https://alalamy.com.au/items/fashion/pants/2366552/" "Mozilla/5.0 (Linux; Android 6.0.1; Nexus 5X Build/MMB29P) AppleWebKit/537.36 (KHTML, like Gecko) Chrome/137.0.7151.119 Mobile Safari/537.36 (compatible; Googlebot/2.1; +http://www.google.com/bot.html)"
66.249.68.68 - - [20/Jul/2025:13:34:53 +0000] "POST /get-message-notify HTTP/1.1" 200 19553 "https://alalamy.com.au/items/fashion/womens/2645025/" "Mozilla/5.0 (Linux; Android 6.0.1; Nexus 5X Build/MMB29P) AppleWebKit/537.36 (KHTML, like Gecko) Chrome/137.0.7151.119 Mobile Safari/537.36 (compatible; Googlebot/2.1; +http://www.google.com/bot.html)"
66.249.68.69 - - [20/Jul/2025:13:34:53 +0000] "GET /items/fashion/mens/3275292/ HTTP/1.1" 200 20554 "-" "Mozilla/5.0 (Linux; Android 6.0.1; Nexus 5X Build/MMB29P) AppleWebKit/537.36 (KHTML, like Gecko) Chrome/137.0.7151.103 Mobile Safari/537.36 (compatible; GoogleOther)"
66.249.68.70 - - [20/Jul/2025:13:34:54 +0000] "GET /items/fashion/outerwear/alalamy.com.au/product/edit/14309713 HTTP/1.1" 200 19069 "-" "Mozilla/5.0 (Linux; Android 6.0.1; Nexus 5X Build/MMB29P) AppleWebKit/537.36 (KHTML, like Gecko) Chrome/137.0.7151.103 Mobile Safari/537.36 (compatible; GoogleOther)"
66.249.68.69 - - [20/Jul/2025:13:34:55 +0000] "GET /items/fashion/shoes/1620569/ HTTP/1.1" 200 19643 "-" "Mozilla/5.0 (Linux; Android 6.0.1; Nexus 5X Build/MMB29P) AppleWebKit/537.36 (KHTML, like Gecko) Chrome/137.0.7151.103 Mobile Safari/537.36 (compatible; GoogleOther)"
66.249.68.64 - - [20/Jul/2025:13:34:56 +0000] "POST /get-message-notify HTTP/1.1" 200 19553 "https://alalamy.com.au/items/motorcycles/cars/4334060" "Mozilla/5.0 (Linux; Android 6.0.1; Nexus 5X Build/MMB29P) AppleWebKit/537.36 (KHTML, like Gecko) Chrome/137.0.7151.119 Mobile Safari/537.36 (compatible; Googlebot/2.1; +http://www.google.com/bot.html)"
66.249.68.70 - - [20/Jul/2025:13:34:56 +0000] "POST /get-message-notify HTTP/1.1" 200 19553 "https://alalamy.com.au/items/motorcycles/cars/5151517" "Mozilla/5.0 (Linux; Android 6.0.1; Nexus 5X Build/MMB29P) AppleWebKit/537.36 (KHTML, like Gecko) Chrome/137.0.7151.119 Mobile Safari/537.36 (compatible; Googlebot/2.1; +http://www.google.com/bot.html)"
66.249.68.64 - - [20/Jul/2025:13:34:57 +0000] "POST /get-message-notify HTTP/1.1" 200 19553 "https://alalamy.com.au/items/fashion/outerwear/alalamy.com.au/product/edit/14309713" "Mozilla/5.0 (Linux; Android 6.0.1; Nexus 5X Build/MMB29P) AppleWebKit/537.36 (KHTML, like Gecko) Chrome/137.0.7151.119 Mobile Safari/537.36 (compatible; Googlebot/2.1; +http://www.google.com/bot.html)"
66.249.68.65 - - [20/Jul/2025:13:34:59 +0000] "GET /items/sports/winter-sports/3333519/ HTTP/1.1" 200 21058 "-" "Mozilla/5.0 (Linux; Android 6.0.1; Nexus 5X Build/MMB29P) AppleWebKit/537.36 (KHTML, like Gecko) Chrome/137.0.7151.103 Mobile Safari/537.36 (compatible; GoogleOther)"
66.249.68.69 - - [20/Jul/2025:13:34:59 +0000] "POST /get-message-notify HTTP/1.1" 200 19553 "https://alalamy.com.au/items/sports/golf/2682921/feature/idol/alalamy.com.au/feature/sapporo/index.html" "Mozilla/5.0 (Linux; Android 6.0.1; Nexus 5X Build/MMB29P) AppleWebKit/537.36 (KHTML, like Gecko) Chrome/137.0.7151.119 Mobile Safari/537.36 (compatible; Googlebot/2.1; +http://www.google.com/bot.html)"
66.249.68.65 - - [20/Jul/2025:13:34:59 +0000] "GET /items/fashion/kimono/5026819 HTTP/1.1" 200 19288 "-" "Mozilla/5.0 (Linux; Android 6.0.1; Nexus 5X Build/MMB29P) AppleWebKit/537.36 (KHTML, like Gecko) Chrome/137.0.7151.103 Mobile Safari/537.36 (compatible; GoogleOther)"
66.249.68.68 - - [20/Jul/2025:13:35:00 +0000] "POST /get-message-notify HTTP/1.1" 200 19553 "https://alalamy.com.au/items/gardening/houseplants/2484915" "Mozilla/5.0 (Linux; Android 6.0.1; Nexus 5X Build/MMB29P) AppleWebKit/537.36 (KHTML, like Gecko) Chrome/137.0.7151.119 Mobile Safari/537.36 (compatible; Googlebot/2.1; +http://www.google.com/bot.html)"
66.249.68.64 - - [20/Jul/2025:13:35:02 +0000] "POST /get-message-notify HTTP/1.1" 200 19553 "https://alalamy.com.au/items/sports/golf/2587842/" "Mozilla/5.0 (Linux; Android 6.0.1; Nexus 5X Build/MMB29P) AppleWebKit/537.36 (KHTML, like Gecko) Chrome/137.0.7151.119 Mobile Safari/537.36 (compatible; Googlebot/2.1; +http://www.google.com/bot.html)"
66.249.68.65 - - [20/Jul/2025:13:35:02 +0000] "POST /get-message-notify HTTP/1.1" 200 19553 "https://alalamy.com.au/items/fashion/outerwear/4882371/" "Mozilla/5.0 (Linux; Android 6.0.1; Nexus 5X Build/MMB29P) AppleWebKit/537.36 (KHTML, like Gecko) Chrome/137.0.7151.119 Mobile Safari/537.36 (compatible; Googlebot/2.1; +http://www.google.com/bot.html)"
209.74.77.214 - - [20/Jul/2025:13:35:02 +0000] "POST /wp-admin/admin-ajax.php?action=async_litespeed&nonce=V2s1hu2t4VYSMVTrS85PTMGdSIEr7hJF&litespeed_type=imgoptm HTTP/1.1" 200 21 "-" "WordPress/6.8.2; https://alalamy.com.au"
66.249.68.70 - - [20/Jul/2025:13:35:02 +0000] "GET /items/gardening/houseplants/4923207/ HTTP/1.1" 200 19750 "-" "Mozilla/5.0 (Linux; Android 6.0.1; Nexus 5X Build/MMB29P) AppleWebKit/537.36 (KHTML, like Gecko) Chrome/137.0.7151.103 Mobile Safari/537.36 (compatible; GoogleOther)"
66.249.68.65 - - [20/Jul/2025:13:35:03 +0000] "GET /items/flowers/tuberous-plants/alalamy.com.au/boyslove.html HTTP/1.1" 200 20754 "-" "Mozilla/5.0 (Linux; Android 6.0.1; Nexus 5X Build/MMB29P) AppleWebKit/537.36 (KHTML, like Gecko) Chrome/137.0.7151.103 Mobile Safari/537.36 (compatible; GoogleOther)"
66.249.68.68 - - [20/Jul/2025:13:35:04 +0000] "POST /get-message-notify HTTP/1.1" 200 19553 "https://alalamy.com.au/items/fashion/womens/5473230/" "Mozilla/5.0 (Linux; Android 6.0.1; Nexus 5X Build/MMB29P) AppleWebKit/537.36 (KHTML, like Gecko) Chrome/137.0.7151.119 Mobile Safari/537.36 (compatible; Googlebot/2.1; +http://www.google.com/bot.html)"
66.249.68.68 - - [20/Jul/2025:13:35:04 +0000] "POST /get-message-notify HTTP/1.1" 200 19553 "https://alalamy.com.au/items/sports/winter-sports/3333519/" "Mozilla/5.0 (Linux; Android 6.0.1; Nexus 5X Build/MMB29P) AppleWebKit/537.36 (KHTML, like Gecko) Chrome/137.0.7151.119 Mobile Safari/537.36 (compatible; Googlebot/2.1; +http://www.google.com/bot.html)"
66.249.68.64 - - [20/Jul/2025:13:35:04 +0000] "POST /get-message-notify HTTP/1.1" 200 19553 "https://alalamy.com.au/items/fashion/shoes/1620569/" "Mozilla/5.0 (Linux; Android 6.0.1; Nexus 5X Build/MMB29P) AppleWebKit/537.36 (KHTML, like Gecko) Chrome/137.0.7151.119 Mobile Safari/537.36 (compatible; Googlebot/2.1; +http://www.google.com/bot.html)"
66.249.68.69 - - [20/Jul/2025:13:35:05 +0000] "POST /get-message-notify HTTP/1.1" 200 19553 "https://alalamy.com.au/items/flowers/tuberous-plants/alalamy.com.au/boyslove.html" "Mozilla/5.0 (Linux; Android 6.0.1; Nexus 5X Build/MMB29P) AppleWebKit/537.36 (KHTML, like Gecko) Chrome/137.0.7151.119 Mobile Safari/537.36 (compatible; Googlebot/2.1; +http://www.google.com/bot.html)"
66.249.68.70 - - [20/Jul/2025:13:35:05 +0000] "GET /items/motorcycles/cars/4393982 HTTP/1.1" 200 19349 "-" "Mozilla/5.0 (Linux; Android 6.0.1; Nexus 5X Build/MMB29P) AppleWebKit/537.36 (KHTML, like Gecko) Chrome/137.0.7151.103 Mobile Safari/537.36 (compatible; GoogleOther)"
66.249.68.67 - - [20/Jul/2025:13:35:06 +0000] "GET /items/fashion/outerwear/4483779/ HTTP/1.1" 200 20190 "-" "Mozilla/5.0 (Linux; Android 6.0.1; Nexus 5X Build/MMB29P) AppleWebKit/537.36 (KHTML, like Gecko) Chrome/137.0.7151.103 Mobile Safari/537.36 (compatible; GoogleOther)"
66.249.68.71 - - [20/Jul/2025:13:35:07 +0000] "GET /items/gardening/bean-sprouts/5455291 HTTP/1.1" 200 19084 "-" "Mozilla/5.0 (Linux; Android 6.0.1; Nexus 5X Build/MMB29P) AppleWebKit/537.36 (KHTML, like Gecko) Chrome/137.0.7151.103 Mobile Safari/537.36 (compatible; GoogleOther)"
216.73.216.113 - - [20/Jul/2025:13:35:07 +0000] "GET /shopbrand/41416.htm HTTP/1.1" 404 20399 "-" "Mozilla/5.0 AppleWebKit/537.36 (KHTML, like Gecko; compatible; ClaudeBot/1.0; [email protected])"
216.73.216.113 - - [20/Jul/2025:13:35:07 +0000] "GET /shopbrand/41285.htm HTTP/1.1" 404 20399 "-" "Mozilla/5.0 AppleWebKit/537.36 (KHTML, like Gecko; compatible; ClaudeBot/1.0; [email protected])"
216.73.216.113 - - [20/Jul/2025:13:35:07 +0000] "GET /shopbrand/30580.htm HTTP/1.1" 404 20399 "-" "Mozilla/5.0 AppleWebKit/537.36 (KHTML, like Gecko; compatible; ClaudeBot/1.0; [email protected])"
66.249.68.67 - - [20/Jul/2025:13:35:07 +0000] "GET /items/furniture/dining-tables/3103426/alalamy.com.au/feature/sapporo/alalamy.com.au/events HTTP/1.1" 200 19344 "-" "Mozilla/5.0 (Linux; Android 6.0.1; Nexus 5X Build/MMB29P) AppleWebKit/537.36 (KHTML, like Gecko) Chrome/137.0.7151.103 Mobile Safari/537.36 (compatible; GoogleOther)"
216.73.216.113 - - [20/Jul/2025:13:35:07 +0000] "GET /shopbrand/50852.htm HTTP/1.1" 404 20399 "-" "Mozilla/5.0 AppleWebKit/537.36 (KHTML, like Gecko; compatible; ClaudeBot/1.0; [email protected])"
66.249.68.67 - - [20/Jul/2025:13:35:08 +0000] "GET /items/kitchen/thermos-pots/4499537/alalamy.com.au HTTP/1.1" 200 20011 "-" "Mozilla/5.0 (Linux; Android 6.0.1; Nexus 5X Build/MMB29P) AppleWebKit/537.36 (KHTML, like Gecko) Chrome/137.0.7151.103 Mobile Safari/537.36 (compatible; GoogleOther)"
216.73.216.113 - - [20/Jul/2025:13:35:08 +0000] "GET /shopbrand/62685.htm HTTP/1.1" 404 20399 "-" "Mozilla/5.0 AppleWebKit/537.36 (KHTML, like Gecko; compatible; ClaudeBot/1.0; [email protected])"
216.73.216.113 - - [20/Jul/2025:13:35:08 +0000] "GET /shopbrand/96055.htm HTTP/1.1" 404 20399 "-" "Mozilla/5.0 AppleWebKit/537.36 (KHTML, like Gecko; compatible; ClaudeBot/1.0; [email protected])"
66.249.68.70 - - [20/Jul/2025:13:35:08 +0000] "GET /items/fashion/formal-wear/4496939 HTTP/1.1" 200 20007 "-" "Mozilla/5.0 (Linux; Android 6.0.1; Nexus 5X Build/MMB29P) AppleWebKit/537.36 (KHTML, like Gecko) Chrome/137.0.7151.103 Mobile Safari/537.36 (compatible; GoogleOther)"
216.73.216.113 - - [20/Jul/2025:13:35:08 +0000] "GET /shopbrand/45308.htm HTTP/1.1" 404 20399 "-" "Mozilla/5.0 AppleWebKit/537.36 (KHTML, like Gecko; compatible; ClaudeBot/1.0; [email protected])"
216.73.216.113 - - [20/Jul/2025:13:35:08 +0000] "GET /shopbrand/57707.htm HTTP/1.1" 404 20399 "-" "Mozilla/5.0 AppleWebKit/537.36 (KHTML, like Gecko; compatible; ClaudeBot/1.0; [email protected])"
216.73.216.113 - - [20/Jul/2025:13:35:08 +0000] "GET /shopbrand/38936.htm HTTP/1.1" 404 20399 "-" "Mozilla/5.0 AppleWebKit/537.36 (KHTML, like Gecko; compatible; ClaudeBot/1.0; [email protected])"
66.249.68.71 - - [20/Jul/2025:13:35:09 +0000] "POST /get-message-notify HTTP/1.1" 200 19553 "https://alalamy.com.au/items/cameras/cameras/2537142/" "Mozilla/5.0 (Linux; Android 6.0.1; Nexus 5X Build/MMB29P) AppleWebKit/537.36 (KHTML, like Gecko) Chrome/137.0.7151.119 Mobile Safari/537.36 (compatible; Googlebot/2.1; +http://www.google.com/bot.html)"
216.73.216.113 - - [20/Jul/2025:13:35:08 +0000] "GET /shopbrand/37393.htm HTTP/1.1" 404 20399 "-" "Mozilla/5.0 AppleWebKit/537.36 (KHTML, like Gecko; compatible; ClaudeBot/1.0; [email protected])"
216.73.216.113 - - [20/Jul/2025:13:35:08 +0000] "GET /shopbrand/85191.htm HTTP/1.1" 404 20399 "-" "Mozilla/5.0 AppleWebKit/537.36 (KHTML, like Gecko; compatible; ClaudeBot/1.0; [email protected])"
66.249.68.70 - - [20/Jul/2025:13:35:09 +0000] "GET /items/fashion/kimono/2455603 HTTP/1.1" 200 19348 "-" "Mozilla/5.0 (Linux; Android 6.0.1; Nexus 5X Build/MMB29P) AppleWebKit/537.36 (KHTML, like Gecko) Chrome/137.0.7151.103 Mobile Safari/537.36 (compatible; GoogleOther)"
216.73.216.113 - - [20/Jul/2025:13:35:08 +0000] "GET /shopbrand/45318.htm HTTP/1.1" 404 20399 "-" "Mozilla/5.0 AppleWebKit/537.36 (KHTML, like Gecko; compatible; ClaudeBot/1.0; [email protected])"
216.73.216.113 - - [20/Jul/2025:13:35:08 +0000] "GET /shopbrand/104270.htm HTTP/1.1" 404 20399 "-" "Mozilla/5.0 AppleWebKit/537.36 (KHTML, like Gecko; compatible; ClaudeBot/1.0; [email protected])"
216.73.216.113 - - [20/Jul/2025:13:35:09 +0000] "GET /shopbrand/60471.htm HTTP/1.1" 404 20399 "-" "Mozilla/5.0 AppleWebKit/537.36 (KHTML, like Gecko; compatible; ClaudeBot/1.0; [email protected])"
216.73.216.113 - - [20/Jul/2025:13:35:08 +0000] "GET /shopbrand/57524.htm HTTP/1.1" 404 20399 "-" "Mozilla/5.0 AppleWebKit/537.36 (KHTML, like Gecko; compatible; ClaudeBot/1.0; [email protected])"
216.73.216.113 - - [20/Jul/2025:13:35:08 +0000] "GET /shopbrand/52280.htm HTTP/1.1" 404 20399 "-" "Mozilla/5.0 AppleWebKit/537.36 (KHTML, like Gecko; compatible; ClaudeBot/1.0; [email protected])"
216.73.216.113 - - [20/Jul/2025:13:35:09 +0000] "GET /shopbrand/84353.htm HTTP/1.1" 404 20399 "-" "Mozilla/5.0 AppleWebKit/537.36 (KHTML, like Gecko; compatible; ClaudeBot/1.0; [email protected])"
66.249.68.68 - - [20/Jul/2025:13:35:10 +0000] "GET /items/diy/washrooms/3217076/ HTTP/1.1" 200 20145 "-" "Mozilla/5.0 (Linux; Android 6.0.1; Nexus 5X Build/MMB29P) AppleWebKit/537.36 (KHTML, like Gecko) Chrome/137.0.7151.103 Mobile Safari/537.36 (compatible; GoogleOther)"
66.249.68.68 - - [20/Jul/2025:13:35:10 +0000] "POST /get-message-notify HTTP/1.1" 200 19553 "https://alalamy.com.au/items/gardening/houseplants/3697009" "Mozilla/5.0 (Linux; Android 6.0.1; Nexus 5X Build/MMB29P) AppleWebKit/537.36 (KHTML, like Gecko) Chrome/137.0.7151.119 Mobile Safari/537.36 (compatible; Googlebot/2.1; +http://www.google.com/bot.html)"
216.73.216.113 - - [20/Jul/2025:13:35:09 +0000] "GET /shopbrand/77425.htm HTTP/1.1" 404 20399 "-" "Mozilla/5.0 AppleWebKit/537.36 (KHTML, like Gecko; compatible; ClaudeBot/1.0; [email protected])"
216.73.216.113 - - [20/Jul/2025:13:35:09 +0000] "GET /shopbrand/30721.htm HTTP/1.1" 404 20399 "-" "Mozilla/5.0 AppleWebKit/537.36 (KHTML, like Gecko; compatible; ClaudeBot/1.0; [email protected])"
216.73.216.113 - - [20/Jul/2025:13:35:09 +0000] "GET /shopbrand/79490.htm HTTP/1.1" 404 20399 "-" "Mozilla/5.0 AppleWebKit/537.36 (KHTML, like Gecko; compatible; ClaudeBot/1.0; [email protected])"
216.73.216.113 - - [20/Jul/2025:13:35:10 +0000] "GET /shopbrand/29750.htm HTTP/1.1" 404 20399 "-" "Mozilla/5.0 AppleWebKit/537.36 (KHTML, like Gecko; compatible; ClaudeBot/1.0; [email protected])"
216.73.216.113 - - [20/Jul/2025:13:35:10 +0000] "GET /shopbrand/95215.htm HTTP/1.1" 404 20399 "-" "Mozilla/5.0 AppleWebKit/537.36 (KHTML, like Gecko; compatible; ClaudeBot/1.0; [email protected])"
216.73.216.113 - - [20/Jul/2025:13:35:09 +0000] "GET /shopbrand/90054.htm HTTP/1.1" 404 20399 "-" "Mozilla/5.0 AppleWebKit/537.36 (KHTML, like Gecko; compatible; ClaudeBot/1.0; [email protected])"
66.249.68.67 - - [20/Jul/2025:13:35:10 +0000] "GET /items/fashion/womens/5541593/ HTTP/1.1" 200 19263 "-" "Mozilla/5.0 (Linux; Android 6.0.1; Nexus 5X Build/MMB29P) AppleWebKit/537.36 (KHTML, like Gecko) Chrome/137.0.7151.103 Mobile Safari/537.36 (compatible; GoogleOther)"
66.249.68.69 - - [20/Jul/2025:13:35:12 +0000] "POST /get-message-notify HTTP/1.1" 200 19553 "https://alalamy.com.au/items/fashion/womens/1835010/" "Mozilla/5.0 (Linux; Android 6.0.1; Nexus 5X Build/MMB29P) AppleWebKit/537.36 (KHTML, like Gecko) Chrome/137.0.7151.119 Mobile Safari/537.36 (compatible; Googlebot/2.1; +http://www.google.com/bot.html)"
66.249.68.67 - - [20/Jul/2025:13:35:12 +0000] "POST /get-message-notify HTTP/1.1" 200 19553 "https://alalamy.com.au/items/fashion/kimono/2455603" "Mozilla/5.0 (Linux; Android 6.0.1; Nexus 5X Build/MMB29P) AppleWebKit/537.36 (KHTML, like Gecko) Chrome/137.0.7151.119 Mobile Safari/537.36 (compatible; Googlebot/2.1; +http://www.google.com/bot.html)"
66.249.68.68 - - [20/Jul/2025:13:35:12 +0000] "POST /get-message-notify HTTP/1.1" 200 19553 "https://alalamy.com.au/items/motorcycles/cars/4393982" "Mozilla/5.0 (Linux; Android 6.0.1; Nexus 5X Build/MMB29P) AppleWebKit/537.36 (KHTML, like Gecko) Chrome/137.0.7151.119 Mobile Safari/537.36 (compatible; Googlebot/2.1; +http://www.google.com/bot.html)"
66.249.68.69 - - [20/Jul/2025:13:35:12 +0000] "POST /get-message-notify HTTP/1.1" 200 19553 "https://alalamy.com.au/items/furniture/dining-tables/3103426/alalamy.com.au/feature/sapporo/alalamy.com.au/events" "Mozilla/5.0 (Linux; Android 6.0.1; Nexus 5X Build/MMB29P) AppleWebKit/537.36 (KHTML, like Gecko) Chrome/137.0.7151.119 Mobile Safari/537.36 (compatible; Googlebot/2.1; +http://www.google.com/bot.html)"
66.249.68.69 - - [20/Jul/2025:13:35:12 +0000] "GET /?k=6403376001900&mod=55e58848&uri=itm.php%3Fid%3D213875-183%26name%3Dhero+xtreme+bs6+new+model HTTP/1.1" 200 19603 "-" "Mozilla/5.0 (Linux; Android 6.0.1; Nexus 5X Build/MMB29P) AppleWebKit/537.36 (KHTML, like Gecko) Chrome/137.0.7151.103 Mobile Safari/537.36 (compatible; Googlebot/2.1; +http://www.google.com/bot.html)"
66.249.68.70 - - [20/Jul/2025:13:35:13 +0000] "GET /items/cars/cars/3606268/alalamy.com.au/pcmypage?callback=product/review/47314764 HTTP/1.1" 200 19258 "-" "Mozilla/5.0 (Linux; Android 6.0.1; Nexus 5X Build/MMB29P) AppleWebKit/537.36 (KHTML, like Gecko) Chrome/137.0.7151.103 Mobile Safari/537.36 (compatible; GoogleOther)"
66.249.68.68 - - [20/Jul/2025:13:35:15 +0000] "POST /get-message-notify HTTP/1.1" 200 19553 "https://alalamy.com.au/items/fashion/mens/3275292/" "Mozilla/5.0 (Linux; Android 6.0.1; Nexus 5X Build/MMB29P) AppleWebKit/537.36 (KHTML, like Gecko) Chrome/137.0.7151.119 Mobile Safari/537.36 (compatible; Googlebot/2.1; +http://www.google.com/bot.html)"
66.249.68.67 - - [20/Jul/2025:13:35:17 +0000] "GET /items/fashion/mens/4620536/ HTTP/1.1" 200 19425 "-" "Mozilla/5.0 (Linux; Android 6.0.1; Nexus 5X Build/MMB29P) AppleWebKit/537.36 (KHTML, like Gecko) Chrome/137.0.7151.103 Mobile Safari/537.36 (compatible; GoogleOther)"
66.249.68.68 - - [20/Jul/2025:13:35:18 +0000] "GET /items/flowers/plants/5107803 HTTP/1.1" 200 18810 "-" "Mozilla/5.0 (Linux; Android 6.0.1; Nexus 5X Build/MMB29P) AppleWebKit/537.36 (KHTML, like Gecko) Chrome/137.0.7151.103 Mobile Safari/537.36 (compatible; GoogleOther)"
66.249.68.69 - - [20/Jul/2025:13:35:18 +0000] "POST /get-message-notify HTTP/1.1" 200 19553 "https://alalamy.com.au/items/fashion/kimono/5026819" "Mozilla/5.0 (Linux; Android 6.0.1; Nexus 5X Build/MMB29P) AppleWebKit/537.36 (KHTML, like Gecko) Chrome/137.0.7151.119 Mobile Safari/537.36 (compatible; Googlebot/2.1; +http://www.google.com/bot.html)"
66.249.68.67 - - [20/Jul/2025:13:35:20 +0000] "GET /?items/cars/motorcycles/alalamy.com.au/pcmypage?callback=product/review/52821884 HTTP/1.1" 200 24985 "-" "Mozilla/5.0 (Linux; Android 6.0.1; Nexus 5X Build/MMB29P) AppleWebKit/537.36 (KHTML, like Gecko) Chrome/137.0.7151.103 Mobile Safari/537.36 (compatible; GoogleOther)"
66.249.68.67 - - [20/Jul/2025:13:35:20 +0000] "GET /items/cars/motorcycles/3170927/ HTTP/1.1" 200 21088 "-" "Mozilla/5.0 (Linux; Android 6.0.1; Nexus 5X Build/MMB29P) AppleWebKit/537.36 (KHTML, like Gecko) Chrome/137.0.7151.103 Mobile Safari/537.36 (compatible; GoogleOther)"
66.249.68.68 - - [20/Jul/2025:13:35:20 +0000] "POST /get-message-notify HTTP/1.1" 200 19553 "https://alalamy.com.au/items/flowers/plants/5107803" "Mozilla/5.0 (Linux; Android 6.0.1; Nexus 5X Build/MMB29P) AppleWebKit/537.36 (KHTML, like Gecko) Chrome/137.0.7151.119 Mobile Safari/537.36 (compatible; Googlebot/2.1; +http://www.google.com/bot.html)"
66.249.68.69 - - [20/Jul/2025:13:35:20 +0000] "POST /get-message-notify HTTP/1.1" 200 19553 "https://alalamy.com.au/items/gardening/houseplants/4923207/" "Mozilla/5.0 (Linux; Android 6.0.1; Nexus 5X Build/MMB29P) AppleWebKit/537.36 (KHTML, like Gecko) Chrome/137.0.7151.119 Mobile Safari/537.36 (compatible; Googlebot/2.1; +http://www.google.com/bot.html)"
66.249.68.69 - - [20/Jul/2025:13:35:21 +0000] "GET /items/fashion/outerwear/3113821/ HTTP/1.1" 200 21665 "-" "Mozilla/5.0 (Linux; Android 6.0.1; Nexus 5X Build/MMB29P) AppleWebKit/537.36 (KHTML, like Gecko) Chrome/137.0.7151.103 Mobile Safari/537.36 (compatible; GoogleOther)"
66.249.68.68 - - [20/Jul/2025:13:35:21 +0000] "POST /get-message-notify HTTP/1.1" 200 19553 "https://alalamy.com.au/items/fashion/tops/5280392/" "Mozilla/5.0 (Linux; Android 6.0.1; Nexus 5X Build/MMB29P) AppleWebKit/537.36 (KHTML, like Gecko) Chrome/137.0.7151.119 Mobile Safari/537.36 (compatible; Googlebot/2.1; +http://www.google.com/bot.html)"
66.249.68.68 - - [20/Jul/2025:13:35:21 +0000] "GET /items/cars/motorcycles/alalamy.com.au/pcmypage?callback=product%2Fdetail%2F62730627 HTTP/1.1" 200 19348 "-" "Mozilla/5.0 (Linux; Android 6.0.1; Nexus 5X Build/MMB29P) AppleWebKit/537.36 (KHTML, like Gecko) Chrome/137.0.7151.103 Mobile Safari/537.36 (compatible; GoogleOther)"
66.249.68.68 - - [20/Jul/2025:13:35:22 +0000] "GET /items/fashion/womens/3667579/ HTTP/1.1" 200 21795 "-" "Mozilla/5.0 (Linux; Android 6.0.1; Nexus 5X Build/MMB29P) AppleWebKit/537.36 (KHTML, like Gecko) Chrome/137.0.7151.103 Mobile Safari/537.36 (compatible; GoogleOther)"
66.249.68.67 - - [20/Jul/2025:13:35:24 +0000] "GET /items/fashion/womens/4315376/ HTTP/1.1" 200 20185 "-" "Mozilla/5.0 (Linux; Android 6.0.1; Nexus 5X Build/MMB29P) AppleWebKit/537.36 (KHTML, like Gecko) Chrome/137.0.7151.103 Mobile Safari/537.36 (compatible; GoogleOther)"
66.249.68.67 - - [20/Jul/2025:13:35:24 +0000] "POST /get-message-notify HTTP/1.1" 200 19553 "https://alalamy.com.au/items/fashion/outerwear/3113821/" "Mozilla/5.0 (Linux; Android 6.0.1; Nexus 5X Build/MMB29P) AppleWebKit/537.36 (KHTML, like Gecko) Chrome/137.0.7151.119 Mobile Safari/537.36 (compatible; Googlebot/2.1; +http://www.google.com/bot.html)"
66.249.68.67 - - [20/Jul/2025:13:35:24 +0000] "POST /get-message-notify HTTP/1.1" 200 19553 "https://alalamy.com.au/items/fashion/womens/3667579/" "Mozilla/5.0 (Linux; Android 6.0.1; Nexus 5X Build/MMB29P) AppleWebKit/537.36 (KHTML, like Gecko) Chrome/137.0.7151.119 Mobile Safari/537.36 (compatible; Googlebot/2.1; +http://www.google.com/bot.html)"
66.249.68.67 - - [20/Jul/2025:13:35:25 +0000] "GET /items/fashion/dresses/4829102/ HTTP/1.1" 200 19851 "-" "Mozilla/5.0 (Linux; Android 6.0.1; Nexus 5X Build/MMB29P) AppleWebKit/537.36 (KHTML, like Gecko) Chrome/137.0.7151.103 Mobile Safari/537.36 (compatible; GoogleOther)"
66.249.68.69 - - [20/Jul/2025:13:35:26 +0000] "GET /items/gardening/bouquets/5434993 HTTP/1.1" 200 19282 "-" "Mozilla/5.0 (Linux; Android 6.0.1; Nexus 5X Build/MMB29P) AppleWebKit/537.36 (KHTML, like Gecko) Chrome/137.0.7151.103 Mobile Safari/537.36 (compatible; GoogleOther)"
66.249.68.67 - - [20/Jul/2025:13:35:27 +0000] "POST /get-message-notify HTTP/1.1" 200 19553 "https://alalamy.com.au/items/gardening/bean-sprouts/5455291" "Mozilla/5.0 (Linux; Android 6.0.1; Nexus 5X Build/MMB29P) AppleWebKit/537.36 (KHTML, like Gecko) Chrome/137.0.7151.119 Mobile Safari/537.36 (compatible; Googlebot/2.1; +http://www.google.com/bot.html)"
66.249.68.69 - - [20/Jul/2025:13:35:27 +0000] "POST /get-message-notify HTTP/1.1" 200 19553 "https://alalamy.com.au/items/fashion/womens/4315376/" "Mozilla/5.0 (Linux; Android 6.0.1; Nexus 5X Build/MMB29P) AppleWebKit/537.36 (KHTML, like Gecko) Chrome/137.0.7151.119 Mobile Safari/537.36 (compatible; Googlebot/2.1; +http://www.google.com/bot.html)"
66.249.68.69 - - [20/Jul/2025:13:35:28 +0000] "POST /get-message-notify HTTP/1.1" 200 19553 "https://alalamy.com.au/items/diy/washrooms/3217076/" "Mozilla/5.0 (Linux; Android 6.0.1; Nexus 5X Build/MMB29P) AppleWebKit/537.36 (KHTML, like Gecko) Chrome/137.0.7151.119 Mobile Safari/537.36 (compatible; Googlebot/2.1; +http://www.google.com/bot.html)"
66.249.68.70 - - [20/Jul/2025:13:35:28 +0000] "POST /get-message-notify HTTP/1.1" 200 19553 "https://alalamy.com.au/items/decor/interior/3293167/" "Mozilla/5.0 (Linux; Android 6.0.1; Nexus 5X Build/MMB29P) AppleWebKit/537.36 (KHTML, like Gecko) Chrome/137.0.7151.119 Mobile Safari/537.36 (compatible; Googlebot/2.1; +http://www.google.com/bot.html)"
66.249.68.67 - - [20/Jul/2025:13:35:29 +0000] "POST /get-message-notify HTTP/1.1" 200 19553 "https://alalamy.com.au/items/flowers/flower-arrangements/2475609/" "Mozilla/5.0 (Linux; Android 6.0.1; Nexus 5X Build/MMB29P) AppleWebKit/537.36 (KHTML, like Gecko) Chrome/137.0.7151.119 Mobile Safari/537.36 (compatible; Googlebot/2.1; +http://www.google.com/bot.html)"
66.249.68.69 - - [20/Jul/2025:13:35:29 +0000] "GET /?items/cars/cars/2624857/alalamy.com.au/pcmypage?callback=product%2Fdetail%2F51209003 HTTP/1.1" 200 18959 "-" "Mozilla/5.0 (Linux; Android 6.0.1; Nexus 5X Build/MMB29P) AppleWebKit/537.36 (KHTML, like Gecko) Chrome/137.0.7151.103 Mobile Safari/537.36 (compatible; GoogleOther)"
66.249.68.68 - - [20/Jul/2025:13:35:30 +0000] "POST /get-message-notify HTTP/1.1" 200 19553 "https://alalamy.com.au/items/fashion/kimono/2035676" "Mozilla/5.0 (Linux; Android 6.0.1; Nexus 5X Build/MMB29P) AppleWebKit/537.36 (KHTML, like Gecko) Chrome/137.0.7151.119 Mobile Safari/537.36 (compatible; Googlebot/2.1; +http://www.google.com/bot.html)"
66.249.68.69 - - [20/Jul/2025:13:35:30 +0000] "POST /get-message-notify HTTP/1.1" 200 19553 "https://alalamy.com.au/items/sports/winter-sports/alalamy.com.au?_bd_prev_page=alalamy.com.au/detail.php?events/" "Mozilla/5.0 (Linux; Android 6.0.1; Nexus 5X Build/MMB29P) AppleWebKit/537.36 (KHTML, like Gecko) Chrome/137.0.7151.119 Mobile Safari/537.36 (compatible; Googlebot/2.1; +http://www.google.com/bot.html)"
66.249.68.68 - - [20/Jul/2025:13:35:31 +0000] "GET /items/fashion/tops/2037117/ HTTP/1.1" 200 20055 "-" "Mozilla/5.0 (Linux; Android 6.0.1; Nexus 5X Build/MMB29P) AppleWebKit/537.36 (KHTML, like Gecko) Chrome/137.0.7151.103 Mobile Safari/537.36 (compatible; GoogleOther)"
66.249.68.68 - - [20/Jul/2025:13:35:31 +0000] "POST /get-message-notify HTTP/1.1" 200 19553 "https://alalamy.com.au/items/fashion/outerwear/4483779/" "Mozilla/5.0 (Linux; Android 6.0.1; Nexus 5X Build/MMB29P) AppleWebKit/537.36 (KHTML, like Gecko) Chrome/137.0.7151.119 Mobile Safari/537.36 (compatible; Googlebot/2.1; +http://www.google.com/bot.html)"
66.249.68.68 - - [20/Jul/2025:13:35:32 +0000] "GET /items/flowers/staghorn-ferns/1000 HTTP/1.1" 200 18690 "-" "Mozilla/5.0 (Linux; Android 6.0.1; Nexus 5X Build/MMB29P) AppleWebKit/537.36 (KHTML, like Gecko) Chrome/137.0.7151.103 Mobile Safari/537.36 (compatible; GoogleOther)"
66.249.68.68 - - [20/Jul/2025:13:35:33 +0000] "GET /items/sports/baseball/3982624/ HTTP/1.1" 200 18893 "-" "Mozilla/5.0 (Linux; Android 6.0.1; Nexus 5X Build/MMB29P) AppleWebKit/537.36 (KHTML, like Gecko) Chrome/137.0.7151.103 Mobile Safari/537.36 (compatible; GoogleOther)"
66.249.68.69 - - [20/Jul/2025:13:35:33 +0000] "POST /get-message-notify HTTP/1.1" 200 19553 "https://alalamy.com.au/items/fashion/dresses/4829102/" "Mozilla/5.0 (Linux; Android 6.0.1; Nexus 5X Build/MMB29P) AppleWebKit/537.36 (KHTML, like Gecko) Chrome/137.0.7151.119 Mobile Safari/537.36 (compatible; Googlebot/2.1; +http://www.google.com/bot.html)"
66.249.68.67 - - [20/Jul/2025:13:35:33 +0000] "GET /?items/fashion/womens/3358394/alalamy.com.au/search?category=&search_word=&restrict[]=person_id(int)=QGM HTTP/1.1" 200 20115 "-" "Mozilla/5.0 (Linux; Android 6.0.1; Nexus 5X Build/MMB29P) AppleWebKit/537.36 (KHTML, like Gecko) Chrome/137.0.7151.103 Mobile Safari/537.36 (compatible; GoogleOther)"
66.249.68.70 - - [20/Jul/2025:13:35:35 +0000] "GET /items/interior/interior/2265634/ HTTP/1.1" 200 20193 "-" "Mozilla/5.0 (Linux; Android 6.0.1; Nexus 5X Build/MMB29P) AppleWebKit/537.36 (KHTML, like Gecko) Chrome/137.0.7151.103 Mobile Safari/537.36 (compatible; GoogleOther)"
66.249.68.69 - - [20/Jul/2025:13:35:36 +0000] "GET /items/motorcycles/cars/3788150/ HTTP/1.1" 200 20345 "-" "Mozilla/5.0 (Linux; Android 6.0.1; Nexus 5X Build/MMB29P) AppleWebKit/537.36 (KHTML, like Gecko) Chrome/137.0.7151.103 Mobile Safari/537.36 (compatible; GoogleOther)"
66.249.68.71 - - [20/Jul/2025:13:35:36 +0000] "POST /get-message-notify HTTP/1.1" 200 19553 "https://alalamy.com.au/items/flowers/staghorn-ferns/1000" "Mozilla/5.0 (Linux; Android 6.0.1; Nexus 5X Build/MMB29P) AppleWebKit/537.36 (KHTML, like Gecko) Chrome/137.0.7151.119 Mobile Safari/537.36 (compatible; Googlebot/2.1; +http://www.google.com/bot.html)"
66.249.68.68 - - [20/Jul/2025:13:35:36 +0000] "GET /items/cameras/cameras/1891569/ HTTP/1.1" 200 18738 "-" "Mozilla/5.0 (Linux; Android 6.0.1; Nexus 5X Build/MMB29P) AppleWebKit/537.36 (KHTML, like Gecko) Chrome/137.0.7151.103 Mobile Safari/537.36 (compatible; GoogleOther)"
66.249.68.71 - - [20/Jul/2025:13:35:37 +0000] "POST /get-message-notify HTTP/1.1" 200 19553 "https://alalamy.com.au/items/gardening/bouquets/5434993" "Mozilla/5.0 (Linux; Android 6.0.1; Nexus 5X Build/MMB29P) AppleWebKit/537.36 (KHTML, like Gecko) Chrome/137.0.7151.119 Mobile Safari/537.36 (compatible; Googlebot/2.1; +http://www.google.com/bot.html)"
66.249.68.69 - - [20/Jul/2025:13:35:37 +0000] "GET /?items/fashion/pants/2236517/alalamy.com.au/pcmypage?callback=product/review/65980733 HTTP/1.1" 200 18947 "-" "Mozilla/5.0 (Linux; Android 6.0.1; Nexus 5X Build/MMB29P) AppleWebKit/537.36 (KHTML, like Gecko) Chrome/137.0.7151.103 Mobile Safari/537.36 (compatible; GoogleOther)"
66.249.68.69 - - [20/Jul/2025:13:35:37 +0000] "GET /items/decor/wooden-racks/3234029/ HTTP/1.1" 200 19847 "-" "Mozilla/5.0 (Linux; Android 6.0.1; Nexus 5X Build/MMB29P) AppleWebKit/537.36 (KHTML, like Gecko) Chrome/137.0.7151.103 Mobile Safari/537.36 (compatible; GoogleOther)"
66.249.68.70 - - [20/Jul/2025:13:35:38 +0000] "GET /items/cars/motorcycle-wear/alalamy.com.au/pcmypage?callback=product/review/73672998 HTTP/1.1" 200 19611 "-" "Mozilla/5.0 (Linux; Android 6.0.1; Nexus 5X Build/MMB29P) AppleWebKit/537.36 (KHTML, like Gecko) Chrome/137.0.7151.103 Mobile Safari/537.36 (compatible; GoogleOther)"
66.249.68.69 - - [20/Jul/2025:13:35:39 +0000] "GET /items/interior/living-room-storage/2549688/ HTTP/1.1" 200 18845 "-" "Mozilla/5.0 (Linux; Android 6.0.1; Nexus 5X Build/MMB29P) AppleWebKit/537.36 (KHTML, like Gecko) Chrome/137.0.7151.103 Mobile Safari/537.36 (compatible; GoogleOther)"
66.249.68.68 - - [20/Jul/2025:13:35:40 +0000] "POST /get-message-notify HTTP/1.1" 200 19553 "https://alalamy.com.au/?items/cars/cars/2624857/alalamy.com.au/pcmypage?callback=product%2Fdetail%2F51209003" "Mozilla/5.0 (Linux; Android 6.0.1; Nexus 5X Build/MMB29P) AppleWebKit/537.36 (KHTML, like Gecko) Chrome/137.0.7151.119 Mobile Safari/537.36 (compatible; Googlebot/2.1; +http://www.google.com/bot.html)"
66.249.68.69 - - [20/Jul/2025:13:35:41 +0000] "POST /get-message-notify HTTP/1.1" 200 19553 "https://alalamy.com.au/items/decor/wooden-racks/3234029/" "Mozilla/5.0 (Linux; Android 6.0.1; Nexus 5X Build/MMB29P) AppleWebKit/537.36 (KHTML, like Gecko) Chrome/137.0.7151.119 Mobile Safari/537.36 (compatible; Googlebot/2.1; +http://www.google.com/bot.html)"
66.249.68.68 - - [20/Jul/2025:13:35:41 +0000] "POST /get-message-notify HTTP/1.1" 200 19553 "https://alalamy.com.au/items/cars/motorcycles/3170927/" "Mozilla/5.0 (Linux; Android 6.0.1; Nexus 5X Build/MMB29P) AppleWebKit/537.36 (KHTML, like Gecko) Chrome/137.0.7151.119 Mobile Safari/537.36 (compatible; Googlebot/2.1; +http://www.google.com/bot.html)"
66.249.68.71 - - [20/Jul/2025:13:35:41 +0000] "GET /items/diy/interior/4609061/alalamy.com.au/kaitori/ansin.html HTTP/1.1" 200 19079 "-" "Mozilla/5.0 (Linux; Android 6.0.1; Nexus 5X Build/MMB29P) AppleWebKit/537.36 (KHTML, like Gecko) Chrome/137.0.7151.103 Mobile Safari/537.36 (compatible; GoogleOther)"
66.249.68.70 - - [20/Jul/2025:13:35:42 +0000] "GET /items/cameras/cameras/2525320/ HTTP/1.1" 200 20621 "-" "Mozilla/5.0 (Linux; Android 6.0.1; Nexus 5X Build/MMB29P) AppleWebKit/537.36 (KHTML, like Gecko) Chrome/137.0.7151.103 Mobile Safari/537.36 (compatible; GoogleOther)"
66.249.68.67 - - [20/Jul/2025:13:35:42 +0000] "GET /items/sports/walking/2958361 HTTP/1.1" 200 19449 "-" "Mozilla/5.0 (Linux; Android 6.0.1; Nexus 5X Build/MMB29P) AppleWebKit/537.36 (KHTML, like Gecko) Chrome/137.0.7151.103 Mobile Safari/537.36 (compatible; GoogleOther)"
66.249.68.71 - - [20/Jul/2025:13:35:43 +0000] "GET /items/fashion/womens/5353278/ HTTP/1.1" 200 19300 "-" "Mozilla/5.0 (Linux; Android 6.0.1; Nexus 5X Build/MMB29P) AppleWebKit/537.36 (KHTML, like Gecko) Chrome/137.0.7151.103 Mobile Safari/537.36 (compatible; GoogleOther)"
66.249.68.67 - - [20/Jul/2025:13:35:44 +0000] "POST /get-message-notify HTTP/1.1" 200 19553 "https://alalamy.com.au/items/fashion/tops/2037117/" "Mozilla/5.0 (Linux; Android 6.0.1; Nexus 5X Build/MMB29P) AppleWebKit/537.36 (KHTML, like Gecko) Chrome/137.0.7151.119 Mobile Safari/537.36 (compatible; Googlebot/2.1; +http://www.google.com/bot.html)"
66.249.68.67 - - [20/Jul/2025:13:35:44 +0000] "POST /get-message-notify HTTP/1.1" 200 19553 "https://alalamy.com.au/items/diy/interior/4609061/alalamy.com.au/kaitori/ansin.html" "Mozilla/5.0 (Linux; Android 6.0.1; Nexus 5X Build/MMB29P) AppleWebKit/537.36 (KHTML, like Gecko) Chrome/137.0.7151.119 Mobile Safari/537.36 (compatible; Googlebot/2.1; +http://www.google.com/bot.html)"
66.249.68.71 - - [20/Jul/2025:13:35:44 +0000] "GET /items/beauty/women-perfume/3026751 HTTP/1.1" 200 19689 "-" "Mozilla/5.0 (Linux; Android 6.0.1; Nexus 5X Build/MMB29P) AppleWebKit/537.36 (KHTML, like Gecko) Chrome/137.0.7151.103 Mobile Safari/537.36 (compatible; GoogleOther)"
66.249.68.67 - - [20/Jul/2025:13:35:44 +0000] "POST /get-message-notify HTTP/1.1" 200 19553 "https://alalamy.com.au/items/fashion/formal-wear/4496939" "Mozilla/5.0 (Linux; Android 6.0.1; Nexus 5X Build/MMB29P) AppleWebKit/537.36 (KHTML, like Gecko) Chrome/137.0.7151.119 Mobile Safari/537.36 (compatible; Googlebot/2.1; +http://www.google.com/bot.html)"
66.249.68.71 - - [20/Jul/2025:13:35:44 +0000] "POST /get-message-notify HTTP/1.1" 200 19553 "https://alalamy.com.au/items/cameras/cameras/2525320/" "Mozilla/5.0 (Linux; Android 6.0.1; Nexus 5X Build/MMB29P) AppleWebKit/537.36 (KHTML, like Gecko) Chrome/137.0.7151.119 Mobile Safari/537.36 (compatible; Googlebot/2.1; +http://www.google.com/bot.html)"
66.249.68.70 - - [20/Jul/2025:13:35:46 +0000] "GET /items/fashion/womens/3755841/ HTTP/1.1" 200 18888 "-" "Mozilla/5.0 (Linux; Android 6.0.1; Nexus 5X Build/MMB29P) AppleWebKit/537.36 (KHTML, like Gecko) Chrome/137.0.7151.103 Mobile Safari/537.36 (compatible; GoogleOther)"
66.249.68.68 - - [20/Jul/2025:13:35:47 +0000] "POST /get-message-notify HTTP/1.1" 200 19553 "https://alalamy.com.au/items/sports/baseball/3982624/" "Mozilla/5.0 (Linux; Android 6.0.1; Nexus 5X Build/MMB29P) AppleWebKit/537.36 (KHTML, like Gecko) Chrome/137.0.7151.119 Mobile Safari/537.36 (compatible; Googlebot/2.1; +http://www.google.com/bot.html)"
66.249.68.67 - - [20/Jul/2025:13:35:47 +0000] "GET /?items/fashion/pants/3386114/alalamy.com.au/pcmypage?callback=product/review/73801091 HTTP/1.1" 200 22073 "-" "Mozilla/5.0 (Linux; Android 6.0.1; Nexus 5X Build/MMB29P) AppleWebKit/537.36 (KHTML, like Gecko) Chrome/137.0.7151.103 Mobile Safari/537.36 (compatible; GoogleOther)"
66.249.68.64 - - [20/Jul/2025:13:35:48 +0000] "POST /get-message-notify HTTP/1.1" 200 19553 "https://alalamy.com.au/items/sports/golf/alalamy.com.au/pcmypage?callback=product%2Fdetail%2F71999262" "Mozilla/5.0 (Linux; Android 6.0.1; Nexus 5X Build/MMB29P) AppleWebKit/537.36 (KHTML, like Gecko) Chrome/137.0.7151.119 Mobile Safari/537.36 (compatible; Googlebot/2.1; +http://www.google.com/bot.html)"
66.249.68.70 - - [20/Jul/2025:13:35:49 +0000] "GET /items/furniture/interior-clocks/3730673/ HTTP/1.1" 200 19410 "-" "Mozilla/5.0 (Linux; Android 6.0.1; Nexus 5X Build/MMB29P) AppleWebKit/537.36 (KHTML, like Gecko) Chrome/137.0.7151.103 Mobile Safari/537.36 (compatible; GoogleOther)"
66.249.68.70 - - [20/Jul/2025:13:35:50 +0000] "POST /get-message-notify HTTP/1.1" 200 19553 "https://alalamy.com.au/items/sports/baseball/alalamy.com.au/feature/index.html" "Mozilla/5.0 (Linux; Android 6.0.1; Nexus 5X Build/MMB29P) AppleWebKit/537.36 (KHTML, like Gecko) Chrome/137.0.7151.119 Mobile Safari/537.36 (compatible; Googlebot/2.1; +http://www.google.com/bot.html)"
66.249.68.68 - - [20/Jul/2025:13:35:52 +0000] "POST /get-message-notify HTTP/1.1" 200 19553 "https://alalamy.com.au/items/fashion/womens/5353278/" "Mozilla/5.0 (Linux; Android 6.0.1; Nexus 5X Build/MMB29P) AppleWebKit/537.36 (KHTML, like Gecko) Chrome/137.0.7151.119 Mobile Safari/537.36 (compatible; Googlebot/2.1; +http://www.google.com/bot.html)"
66.249.68.71 - - [20/Jul/2025:13:35:52 +0000] "GET /items/fashion/outerwear/alalamy.com.au/events/ HTTP/1.1" 200 19871 "-" "Mozilla/5.0 (Linux; Android 6.0.1; Nexus 5X Build/MMB29P) AppleWebKit/537.36 (KHTML, like Gecko) Chrome/137.0.7151.103 Mobile Safari/537.36 (compatible; GoogleOther)"
66.249.68.68 - - [20/Jul/2025:13:35:52 +0000] "POST /get-message-notify HTTP/1.1" 200 19553 "https://alalamy.com.au/items/motorcycles/cars/3788150/" "Mozilla/5.0 (Linux; Android 6.0.1; Nexus 5X Build/MMB29P) AppleWebKit/537.36 (KHTML, like Gecko) Chrome/137.0.7151.119 Mobile Safari/537.36 (compatible; Googlebot/2.1; +http://www.google.com/bot.html)"
66.249.68.71 - - [20/Jul/2025:13:35:52 +0000] "POST /get-message-notify HTTP/1.1" 200 19553 "https://alalamy.com.au/items/kitchen/cooking-utensils/4434631/" "Mozilla/5.0 (Linux; Android 6.0.1; Nexus 5X Build/MMB29P) AppleWebKit/537.36 (KHTML, like Gecko) Chrome/137.0.7151.119 Mobile Safari/537.36 (compatible; Googlebot/2.1; +http://www.google.com/bot.html)"
66.249.68.67 - - [20/Jul/2025:13:35:52 +0000] "GET /items/diy/interior/4735117 HTTP/1.1" 200 19538 "-" "Mozilla/5.0 (Linux; Android 6.0.1; Nexus 5X Build/MMB29P) AppleWebKit/537.36 (KHTML, like Gecko) Chrome/137.0.7151.103 Mobile Safari/537.36 (compatible; GoogleOther)"
66.249.68.71 - - [20/Jul/2025:13:35:53 +0000] "POST /get-message-notify HTTP/1.1" 200 19553 "https://alalamy.com.au/items/motorcycles/cars/4961729" "Mozilla/5.0 (Linux; Android 6.0.1; Nexus 5X Build/MMB29P) AppleWebKit/537.36 (KHTML, like Gecko) Chrome/137.0.7151.119 Mobile Safari/537.36 (compatible; Googlebot/2.1; +http://www.google.com/bot.html)"
66.249.68.69 - - [20/Jul/2025:13:35:53 +0000] "POST /get-message-notify HTTP/1.1" 200 19553 "https://alalamy.com.au/items/cars/motorcycle-wear/alalamy.com.au/pcmypage?callback=product/review/73672998" "Mozilla/5.0 (Linux; Android 6.0.1; Nexus 5X Build/MMB29P) AppleWebKit/537.36 (KHTML, like Gecko) Chrome/137.0.7151.119 Mobile Safari/537.36 (compatible; Googlebot/2.1; +http://www.google.com/bot.html)"
66.249.68.71 - - [20/Jul/2025:13:35:53 +0000] "POST /get-message-notify HTTP/1.1" 200 19553 "https://alalamy.com.au/items/sports/golf/alalamy.com.au/pcmypage?callback=product%2Fdetail%2F33644851" "Mozilla/5.0 (Linux; Android 6.0.1; Nexus 5X Build/MMB29P) AppleWebKit/537.36 (KHTML, like Gecko) Chrome/137.0.7151.119 Mobile Safari/537.36 (compatible; Googlebot/2.1; +http://www.google.com/bot.html)"
66.249.68.70 - - [20/Jul/2025:13:35:56 +0000] "POST /get-message-notify HTTP/1.1" 200 19553 "https://alalamy.com.au/items/diy/interior/4735117" "Mozilla/5.0 (Linux; Android 6.0.1; Nexus 5X Build/MMB29P) AppleWebKit/537.36 (KHTML, like Gecko) Chrome/137.0.7151.119 Mobile Safari/537.36 (compatible; Googlebot/2.1; +http://www.google.com/bot.html)"
66.249.68.70 - - [20/Jul/2025:13:35:57 +0000] "POST /get-message-notify HTTP/1.1" 200 19553 "https://alalamy.com.au/items/interior/living-room-storage/2549688/" "Mozilla/5.0 (Linux; Android 6.0.1; Nexus 5X Build/MMB29P) AppleWebKit/537.36 (KHTML, like Gecko) Chrome/137.0.7151.119 Mobile Safari/537.36 (compatible; Googlebot/2.1; +http://www.google.com/bot.html)"
66.249.68.69 - - [20/Jul/2025:13:35:58 +0000] "GET /?items/daily-necessities/cooking-utensils/4717309/alalamy.com.au/pcmypage?callback=product%2Fdetail%2F70114990 HTTP/1.1" 200 19210 "-" "Mozilla/5.0 (Linux; Android 6.0.1; Nexus 5X Build/MMB29P) AppleWebKit/537.36 (KHTML, like Gecko) Chrome/137.0.7151.103 Mobile Safari/537.36 (compatible; GoogleOther)"
66.249.68.64 - - [20/Jul/2025:13:36:05 +0000] "POST /get-message-notify HTTP/1.1" 200 19553 "https://alalamy.com.au/items/fashion/outerwear/alalamy.com.au/events/" "Mozilla/5.0 (Linux; Android 6.0.1; Nexus 5X Build/MMB29P) AppleWebKit/537.36 (KHTML, like Gecko) Chrome/137.0.7151.119 Mobile Safari/537.36 (compatible; Googlebot/2.1; +http://www.google.com/bot.html)"
66.249.68.71 - - [20/Jul/2025:13:36:06 +0000] "POST /get-message-notify HTTP/1.1" 200 19553 "https://alalamy.com.au/items/sports/walking/2958361" "Mozilla/5.0 (Linux; Android 6.0.1; Nexus 5X Build/MMB29P) AppleWebKit/537.36 (KHTML, like Gecko) Chrome/137.0.7151.119 Mobile Safari/537.36 (compatible; Googlebot/2.1; +http://www.google.com/bot.html)"
66.249.68.69 - - [20/Jul/2025:13:36:06 +0000] "GET /items/sports/golf/2682921/alalamy.com.au/alalamy.com.au/pcmypage?callback=product/review/79623091 HTTP/1.1" 200 19519 "-" "Mozilla/5.0 (Linux; Android 6.0.1; Nexus 5X Build/MMB29P) AppleWebKit/537.36 (KHTML, like Gecko) Chrome/137.0.7151.103 Mobile Safari/537.36 (compatible; GoogleOther)"
66.249.68.71 - - [20/Jul/2025:13:36:07 +0000] "POST /get-message-notify HTTP/1.1" 200 19553 "https://alalamy.com.au/items/interior/interior/2265634/" "Mozilla/5.0 (Linux; Android 6.0.1; Nexus 5X Build/MMB29P) AppleWebKit/537.36 (KHTML, like Gecko) Chrome/137.0.7151.119 Mobile Safari/537.36 (compatible; Googlebot/2.1; +http://www.google.com/bot.html)"
66.249.68.68 - - [20/Jul/2025:13:36:09 +0000] "GET /items/fashion/womens/2177619/ HTTP/1.1" 200 19539 "-" "Mozilla/5.0 (Linux; Android 6.0.1; Nexus 5X Build/MMB29P) AppleWebKit/537.36 (KHTML, like Gecko) Chrome/137.0.7151.103 Mobile Safari/537.36 (compatible; GoogleOther)"
66.249.68.67 - - [20/Jul/2025:13:36:09 +0000] "POST /get-message-notify HTTP/1.1" 200 19553 "https://alalamy.com.au/items/cars/cars/3606268/alalamy.com.au/pcmypage?callback=product/review/47314764" "Mozilla/5.0 (Linux; Android 6.0.1; Nexus 5X Build/MMB29P) AppleWebKit/537.36 (KHTML, like Gecko) Chrome/137.0.7151.119 Mobile Safari/537.36 (compatible; Googlebot/2.1; +http://www.google.com/bot.html)"
66.249.68.67 - - [20/Jul/2025:13:36:09 +0000] "GET /items/fashion/womens/2468010/ HTTP/1.1" 200 19085 "-" "Mozilla/5.0 (Linux; Android 6.0.1; Nexus 5X Build/MMB29P) AppleWebKit/537.36 (KHTML, like Gecko) Chrome/137.0.7151.103 Mobile Safari/537.36 (compatible; GoogleOther)"
209.74.77.214 - - [20/Jul/2025:13:36:10 +0000] "POST /wp-cron.php?doing_wp_cron=1753018570.7951519489288330078125 HTTP/1.1" 200 - "-" "WordPress/6.8.2; https://alalamy.com.au"
216.73.216.113 - - [20/Jul/2025:13:36:10 +0000] "GET /shopbrand/46861.htm HTTP/1.1" 404 20399 "-" "Mozilla/5.0 AppleWebKit/537.36 (KHTML, like Gecko; compatible; ClaudeBot/1.0; [email protected])"
216.73.216.113 - - [20/Jul/2025:13:36:10 +0000] "GET /shopbrand/36156.htm HTTP/1.1" 404 20399 "-" "Mozilla/5.0 AppleWebKit/537.36 (KHTML, like Gecko; compatible; ClaudeBot/1.0; [email protected])"
216.73.216.113 - - [20/Jul/2025:13:36:10 +0000] "GET /shopbrand/102461.htm HTTP/1.1" 404 20399 "-" "Mozilla/5.0 AppleWebKit/537.36 (KHTML, like Gecko; compatible; ClaudeBot/1.0; [email protected])"
216.73.216.113 - - [20/Jul/2025:13:36:10 +0000] "GET /shopbrand/106178.htm HTTP/1.1" 404 20399 "-" "Mozilla/5.0 AppleWebKit/537.36 (KHTML, like Gecko; compatible; ClaudeBot/1.0; [email protected])"
216.73.216.113 - - [20/Jul/2025:13:36:10 +0000] "GET /shopbrand/22538.htm HTTP/1.1" 404 20399 "-" "Mozilla/5.0 AppleWebKit/537.36 (KHTML, like Gecko; compatible; ClaudeBot/1.0; [email protected])"
216.73.216.113 - - [20/Jul/2025:13:36:11 +0000] "GET /shopbrand/145388.htm HTTP/1.1" 404 20399 "-" "Mozilla/5.0 AppleWebKit/537.36 (KHTML, like Gecko; compatible; ClaudeBot/1.0; [email protected])"
216.73.216.113 - - [20/Jul/2025:13:36:11 +0000] "GET /shopbrand/47798.htm HTTP/1.1" 404 20399 "-" "Mozilla/5.0 AppleWebKit/537.36 (KHTML, like Gecko; compatible; ClaudeBot/1.0; [email protected])"
209.74.77.214 - - [20/Jul/2025:13:36:11 +0000] "POST /wp-admin/admin-ajax.php?action=async_litespeed&nonce=bgliveNgGq1Y3L5XM9MVRXgJrrPhDRhw&litespeed_type=imgoptm HTTP/1.1" 200 21 "-" "WordPress/6.8.2; https://alalamy.com.au"
216.73.216.113 - - [20/Jul/2025:13:36:11 +0000] "GET /shopbrand/21666.htm HTTP/1.1" 404 20399 "-" "Mozilla/5.0 AppleWebKit/537.36 (KHTML, like Gecko; compatible; ClaudeBot/1.0; [email protected])"
216.73.216.113 - - [20/Jul/2025:13:36:11 +0000] "GET /shopbrand/91184.htm HTTP/1.1" 404 20399 "-" "Mozilla/5.0 AppleWebKit/537.36 (KHTML, like Gecko; compatible; ClaudeBot/1.0; [email protected])"
216.73.216.113 - - [20/Jul/2025:13:36:11 +0000] "GET /shopbrand/58952.htm HTTP/1.1" 404 20399 "-" "Mozilla/5.0 AppleWebKit/537.36 (KHTML, like Gecko; compatible; ClaudeBot/1.0; [email protected])"
216.73.216.113 - - [20/Jul/2025:13:36:11 +0000] "GET /shopbrand/77582.htm HTTP/1.1" 404 20399 "-" "Mozilla/5.0 AppleWebKit/537.36 (KHTML, like Gecko; compatible; ClaudeBot/1.0; [email protected])"
216.73.216.113 - - [20/Jul/2025:13:36:11 +0000] "GET /shopbrand/101208.htm HTTP/1.1" 404 20399 "-" "Mozilla/5.0 AppleWebKit/537.36 (KHTML, like Gecko; compatible; ClaudeBot/1.0; [email protected])"
216.73.216.113 - - [20/Jul/2025:13:36:11 +0000] "GET /shopbrand/56172.htm HTTP/1.1" 404 20399 "-" "Mozilla/5.0 AppleWebKit/537.36 (KHTML, like Gecko; compatible; ClaudeBot/1.0; [email protected])"
216.73.216.113 - - [20/Jul/2025:13:36:11 +0000] "GET /shopbrand/136343.htm HTTP/1.1" 404 20399 "-" "Mozilla/5.0 AppleWebKit/537.36 (KHTML, like Gecko; compatible; ClaudeBot/1.0; [email protected])"
216.73.216.113 - - [20/Jul/2025:13:36:12 +0000] "GET /shopbrand/104667.htm HTTP/1.1" 404 20399 "-" "Mozilla/5.0 AppleWebKit/537.36 (KHTML, like Gecko; compatible; ClaudeBot/1.0; [email protected])"
216.73.216.113 - - [20/Jul/2025:13:36:11 +0000] "GET /shopbrand/66877.htm HTTP/1.1" 404 20399 "-" "Mozilla/5.0 AppleWebKit/537.36 (KHTML, like Gecko; compatible; ClaudeBot/1.0; [email protected])"
216.73.216.113 - - [20/Jul/2025:13:36:11 +0000] "GET /shopbrand/23475.htm HTTP/1.1" 404 20399 "-" "Mozilla/5.0 AppleWebKit/537.36 (KHTML, like Gecko; compatible; ClaudeBot/1.0; [email protected])"
216.73.216.113 - - [20/Jul/2025:13:36:12 +0000] "GET /shopbrand/71847.htm HTTP/1.1" 404 20399 "-" "Mozilla/5.0 AppleWebKit/537.36 (KHTML, like Gecko; compatible; ClaudeBot/1.0; [email protected])"
216.73.216.113 - - [20/Jul/2025:13:36:12 +0000] "GET /shopbrand/119256.htm HTTP/1.1" 404 20399 "-" "Mozilla/5.0 AppleWebKit/537.36 (KHTML, like Gecko; compatible; ClaudeBot/1.0; [email protected])"
216.73.216.113 - - [20/Jul/2025:13:36:12 +0000] "GET /shopbrand/79947.htm HTTP/1.1" 404 20399 "-" "Mozilla/5.0 AppleWebKit/537.36 (KHTML, like Gecko; compatible; ClaudeBot/1.0; [email protected])"
216.73.216.113 - - [20/Jul/2025:13:36:12 +0000] "GET /shopbrand/24887.htm HTTP/1.1" 404 20399 "-" "Mozilla/5.0 AppleWebKit/537.36 (KHTML, like Gecko; compatible; ClaudeBot/1.0; [email protected])"
216.73.216.113 - - [20/Jul/2025:13:36:12 +0000] "GET /shopbrand/86063.htm HTTP/1.1" 404 20399 "-" "Mozilla/5.0 AppleWebKit/537.36 (KHTML, like Gecko; compatible; ClaudeBot/1.0; [email protected])"
216.73.216.113 - - [20/Jul/2025:13:36:12 +0000] "GET /shopbrand/22496.htm HTTP/1.1" 404 20399 "-" "Mozilla/5.0 AppleWebKit/537.36 (KHTML, like Gecko; compatible; ClaudeBot/1.0; [email protected])"
66.249.68.69 - - [20/Jul/2025:13:36:17 +0000] "POST /get-message-notify HTTP/1.1" 200 19553 "https://alalamy.com.au/items/beauty/women-perfume/3026751" "Mozilla/5.0 (Linux; Android 6.0.1; Nexus 5X Build/MMB29P) AppleWebKit/537.36 (KHTML, like Gecko) Chrome/137.0.7151.119 Mobile Safari/537.36 (compatible; Googlebot/2.1; +http://www.google.com/bot.html)"
66.249.68.68 - - [20/Jul/2025:13:36:19 +0000] "POST /get-message-notify HTTP/1.1" 200 19553 "https://alalamy.com.au/?items/fashion/womens/3358394/alalamy.com.au/search?category=&search_word=&restrict[]=person_id(int)=QGM" "Mozilla/5.0 (Linux; Android 6.0.1; Nexus 5X Build/MMB29P) AppleWebKit/537.36 (KHTML, like Gecko) Chrome/137.0.7151.119 Mobile Safari/537.36 (compatible; Googlebot/2.1; +http://www.google.com/bot.html)"
66.249.68.68 - - [20/Jul/2025:13:36:21 +0000] "POST /get-message-notify HTTP/1.1" 200 19553 "https://alalamy.com.au/?items/fashion/pants/3386114/alalamy.com.au/pcmypage?callback=product/review/73801091" "Mozilla/5.0 (Linux; Android 6.0.1; Nexus 5X Build/MMB29P) AppleWebKit/537.36 (KHTML, like Gecko) Chrome/137.0.7151.119 Mobile Safari/537.36 (compatible; Googlebot/2.1; +http://www.google.com/bot.html)"
66.249.68.69 - - [20/Jul/2025:13:36:22 +0000] "POST /get-message-notify HTTP/1.1" 200 19553 "https://alalamy.com.au/items/fashion/womens/5541593/" "Mozilla/5.0 (Linux; Android 6.0.1; Nexus 5X Build/MMB29P) AppleWebKit/537.36 (KHTML, like Gecko) Chrome/137.0.7151.119 Mobile Safari/537.36 (compatible; Googlebot/2.1; +http://www.google.com/bot.html)"
66.249.68.69 - - [20/Jul/2025:13:36:23 +0000] "GET /items/sports/winter-sports/alalamy.com.au/toreka/figure_menu.html HTTP/1.1" 200 20494 "-" "Mozilla/5.0 (Linux; Android 6.0.1; Nexus 5X Build/MMB29P) AppleWebKit/537.36 (KHTML, like Gecko) Chrome/137.0.7151.103 Mobile Safari/537.36 (compatible; GoogleOther)"
66.249.68.67 - - [20/Jul/2025:13:36:24 +0000] "POST /get-message-notify HTTP/1.1" 200 19553 "https://alalamy.com.au/items/furniture/interior-clocks/3730673/" "Mozilla/5.0 (Linux; Android 6.0.1; Nexus 5X Build/MMB29P) AppleWebKit/537.36 (KHTML, like Gecko) Chrome/137.0.7151.119 Mobile Safari/537.36 (compatible; Googlebot/2.1; +http://www.google.com/bot.html)"
66.249.68.67 - - [20/Jul/2025:13:36:25 +0000] "POST /get-message-notify HTTP/1.1" 200 19553 "https://alalamy.com.au/items/fashion/womens/3755841/" "Mozilla/5.0 (Linux; Android 6.0.1; Nexus 5X Build/MMB29P) AppleWebKit/537.36 (KHTML, like Gecko) Chrome/137.0.7151.119 Mobile Safari/537.36 (compatible; Googlebot/2.1; +http://www.google.com/bot.html)"
