66.249.68.70 - - [20/Jul/2025:12:41:20 +0000] "POST /get-message-notify HTTP/1.1" 200 19553 "https://alalamy.com.au/items/art/models/4522986/alalamy.com.au/feature/alalamy.com.au?_bd_prev_page=alalamy.com.au/detail.php?shopbrand/182528285.htm" "Mozilla/5.0 (Linux; Android 6.0.1; Nexus 5X Build/MMB29P) AppleWebKit/537.36 (KHTML, like Gecko) Chrome/137.0.7151.119 Mobile Safari/537.36 (compatible; Googlebot/2.1; +http://www.google.com/bot.html)"
66.249.68.71 - - [20/Jul/2025:12:41:21 +0000] "POST /get-message-notify HTTP/1.1" 200 19553 "https://alalamy.com.au/items/art/models/4522986/alalamy.com.au/feature/alalamy.com.au?_bd_prev_page=alalamy.com.au/detail.php?shopbrand/182533148.htm" "Mozilla/5.0 (Linux; Android 6.0.1; Nexus 5X Build/MMB29P) AppleWebKit/537.36 (KHTML, like Gecko) Chrome/137.0.7151.119 Mobile Safari/537.36 (compatible; Googlebot/2.1; +http://www.google.com/bot.html)"
66.249.68.70 - - [20/Jul/2025:12:41:21 +0000] "GET /items/art/good-luck/3295083/alalamy.com.au/alalamy.com.au?_bd_prev_page=alalamy.com.au/detail.php?shopbrand/133377154.htm HTTP/1.1" 200 19553 "-" "Mozilla/5.0 (Linux; Android 6.0.1; Nexus 5X Build/MMB29P) AppleWebKit/537.36 (KHTML, like Gecko) Chrome/137.0.7151.103 Mobile Safari/537.36 (compatible; GoogleOther)"
66.249.68.70 - - [20/Jul/2025:12:41:23 +0000] "GET /items/art/good-luck/3295083/alalamy.com.au/alalamy.com.au?_bd_prev_page=alalamy.com.au/detail.php?shopbrand/8894870.htm HTTP/1.1" 200 20178 "-" "Mozilla/5.0 (Linux; Android 6.0.1; Nexus 5X Build/MMB29P) AppleWebKit/537.36 (KHTML, like Gecko) Chrome/137.0.7151.103 Mobile Safari/537.36 (compatible; GoogleOther)"
66.249.68.70 - - [20/Jul/2025:12:41:25 +0000] "GET /items/art/models/4522986/alalamy.com.au/feature/alalamy.com.au?_bd_prev_page=alalamy.com.au/detail.php?shopbrand/8855851.htm HTTP/1.1" 200 21874 "-" "Mozilla/5.0 (Linux; Android 6.0.1; Nexus 5X Build/MMB29P) AppleWebKit/537.36 (KHTML, like Gecko) Chrome/137.0.7151.103 Mobile Safari/537.36 (compatible; GoogleOther)"
66.249.68.64 - - [20/Jul/2025:12:41:26 +0000] "POST /get-message-notify HTTP/1.1" 200 19553 "https://alalamy.com.au/items/art/models/4522986/alalamy.com.au/feature/alalamy.com.au?_bd_prev_page=alalamy.com.au/detail.php?shopbrand/182524093.htm" "Mozilla/5.0 (Linux; Android 6.0.1; Nexus 5X Build/MMB29P) AppleWebKit/537.36 (KHTML, like Gecko) Chrome/137.0.7151.119 Mobile Safari/537.36 (compatible; Googlebot/2.1; +http://www.google.com/bot.html)"
66.249.68.71 - - [20/Jul/2025:12:41:27 +0000] "GET /items/art/good-luck/3295083/alalamy.com.au/alalamy.com.au?_bd_prev_page=alalamy.com.au/detail.php?shopbrand/8296614.htm HTTP/1.1" 200 20042 "-" "Mozilla/5.0 (Linux; Android 6.0.1; Nexus 5X Build/MMB29P) AppleWebKit/537.36 (KHTML, like Gecko) Chrome/137.0.7151.103 Mobile Safari/537.36 (compatible; GoogleOther)"
66.249.68.67 - - [20/Jul/2025:12:41:28 +0000] "POST /get-message-notify HTTP/1.1" 200 19553 "https://alalamy.com.au/items/art/good-luck/3295083/alalamy.com.au/alalamy.com.au?_bd_prev_page=alalamy.com.au/detail.php?shopbrand/8302905.htm" "Mozilla/5.0 (Linux; Android 6.0.1; Nexus 5X Build/MMB29P) AppleWebKit/537.36 (KHTML, like Gecko) Chrome/137.0.7151.119 Mobile Safari/537.36 (compatible; Googlebot/2.1; +http://www.google.com/bot.html)"
66.249.68.68 - - [20/Jul/2025:12:41:30 +0000] "POST /get-message-notify HTTP/1.1" 200 19553 "https://alalamy.com.au/items/art/good-luck/3295083/alalamy.com.au/alalamy.com.au?_bd_prev_page=alalamy.com.au/detail.php?shopbrand/8896413.htm" "Mozilla/5.0 (Linux; Android 6.0.1; Nexus 5X Build/MMB29P) AppleWebKit/537.36 (KHTML, like Gecko) Chrome/137.0.7151.119 Mobile Safari/537.36 (compatible; Googlebot/2.1; +http://www.google.com/bot.html)"
66.249.68.69 - - [20/Jul/2025:12:41:31 +0000] "GET /items/tools/painting/2344784/alalamy.com.au/feature/yokohama_maruicity/alalamy.com.au?_bd_prev_page=alalamy.com.au/detail.php?shopbrand/8118313.htm HTTP/1.1" 200 20039 "-" "Mozilla/5.0 (Linux; Android 6.0.1; Nexus 5X Build/MMB29P) AppleWebKit/537.36 (KHTML, like Gecko) Chrome/137.0.7151.103 Mobile Safari/537.36 (compatible; GoogleOther)"
66.249.68.69 - - [20/Jul/2025:12:41:31 +0000] "POST /get-message-notify HTTP/1.1" 200 19553 "https://alalamy.com.au/items/tools/painting/2344784/alalamy.com.au/feature/yokohama_maruicity/alalamy.com.au?_bd_prev_page=alalamy.com.au/detail.php?shopbrand/9016775.htm" "Mozilla/5.0 (Linux; Android 6.0.1; Nexus 5X Build/MMB29P) AppleWebKit/537.36 (KHTML, like Gecko) Chrome/137.0.7151.119 Mobile Safari/537.36 (compatible; Googlebot/2.1; +http://www.google.com/bot.html)"
66.249.68.69 - - [20/Jul/2025:12:41:33 +0000] "POST /get-message-notify HTTP/1.1" 200 19553 "https://alalamy.com.au/items/art/good-luck/3295083/alalamy.com.au/alalamy.com.au?_bd_prev_page=alalamy.com.au/detail.php?shopbrand/8300125.htm" "Mozilla/5.0 (Linux; Android 6.0.1; Nexus 5X Build/MMB29P) AppleWebKit/537.36 (KHTML, like Gecko) Chrome/137.0.7151.119 Mobile Safari/537.36 (compatible; Googlebot/2.1; +http://www.google.com/bot.html)"
209.74.77.214 - - [20/Jul/2025:12:41:34 +0000] "POST /wp-cron.php?doing_wp_cron=1753015294.1831340789794921875000 HTTP/1.1" 200 - "-" "WordPress/6.8.2; https://alalamy.com.au"
209.74.77.214 - - [20/Jul/2025:12:41:34 +0000] "POST /wp-cron.php?doing_wp_cron=1753015294.1831340789794921875000 HTTP/1.1" 200 - "-" "WordPress/6.8.2; https://alalamy.com.au"
216.73.216.113 - - [20/Jul/2025:12:41:33 +0000] "GET /shopbrand/266014308.htm HTTP/1.1" 404 20399 "-" "Mozilla/5.0 AppleWebKit/537.36 (KHTML, like Gecko; compatible; ClaudeBot/1.0; [email protected])"
216.73.216.113 - - [20/Jul/2025:12:41:33 +0000] "GET /shopbrand/265975130.htm HTTP/1.1" 404 20399 "-" "Mozilla/5.0 AppleWebKit/537.36 (KHTML, like Gecko; compatible; ClaudeBot/1.0; [email protected])"
216.73.216.113 - - [20/Jul/2025:12:41:34 +0000] "GET /shopbrand/265975511.htm HTTP/1.1" 404 20399 "-" "Mozilla/5.0 AppleWebKit/537.36 (KHTML, like Gecko; compatible; ClaudeBot/1.0; [email protected])"
209.74.77.214 - - [20/Jul/2025:12:41:34 +0000] "POST /wp-admin/admin-ajax.php?action=async_litespeed&nonce=4UJM12QH3N3hmPt6dKFOILTtit0dBkwd&litespeed_type=imgoptm HTTP/1.1" 200 21 "-" "WordPress/6.8.2; https://alalamy.com.au"
209.74.77.214 - - [20/Jul/2025:12:41:34 +0000] "POST /wp-admin/admin-ajax.php?action=async_litespeed&nonce=GtdEvkpci0pcQkkgU0SnDx1iDc5HGPAM&litespeed_type=imgoptm HTTP/1.1" 200 21 "-" "WordPress/6.8.2; https://alalamy.com.au"
216.73.216.113 - - [20/Jul/2025:12:41:34 +0000] "GET /shopbrand/265963039.htm HTTP/1.1" 404 20399 "-" "Mozilla/5.0 AppleWebKit/537.36 (KHTML, like Gecko; compatible; ClaudeBot/1.0; [email protected])"
216.73.216.113 - - [20/Jul/2025:12:41:35 +0000] "GET /shopbrand/266016258.htm HTTP/1.1" 404 20399 "-" "Mozilla/5.0 AppleWebKit/537.36 (KHTML, like Gecko; compatible; ClaudeBot/1.0; [email protected])"
216.73.216.113 - - [20/Jul/2025:12:41:35 +0000] "GET /shopbrand/266012896.htm HTTP/1.1" 404 20399 "-" "Mozilla/5.0 AppleWebKit/537.36 (KHTML, like Gecko; compatible; ClaudeBot/1.0; [email protected])"
216.73.216.113 - - [20/Jul/2025:12:41:35 +0000] "GET /shopbrand/265995942.htm HTTP/1.1" 404 20399 "-" "Mozilla/5.0 AppleWebKit/537.36 (KHTML, like Gecko; compatible; ClaudeBot/1.0; [email protected])"
216.73.216.113 - - [20/Jul/2025:12:41:35 +0000] "GET /shopbrand/265976085.htm HTTP/1.1" 404 20399 "-" "Mozilla/5.0 AppleWebKit/537.36 (KHTML, like Gecko; compatible; ClaudeBot/1.0; [email protected])"
216.73.216.113 - - [20/Jul/2025:12:41:35 +0000] "GET /shopbrand/265990813.htm HTTP/1.1" 404 20399 "-" "Mozilla/5.0 AppleWebKit/537.36 (KHTML, like Gecko; compatible; ClaudeBot/1.0; [email protected])"
216.73.216.113 - - [20/Jul/2025:12:41:35 +0000] "GET /shopbrand/266027535.htm HTTP/1.1" 404 20399 "-" "Mozilla/5.0 AppleWebKit/537.36 (KHTML, like Gecko; compatible; ClaudeBot/1.0; [email protected])"
216.73.216.113 - - [20/Jul/2025:12:41:35 +0000] "GET /shopbrand/266011395.htm HTTP/1.1" 404 20399 "-" "Mozilla/5.0 AppleWebKit/537.36 (KHTML, like Gecko; compatible; ClaudeBot/1.0; [email protected])"
216.73.216.113 - - [20/Jul/2025:12:41:35 +0000] "GET /shopbrand/265966649.htm HTTP/1.1" 404 20399 "-" "Mozilla/5.0 AppleWebKit/537.36 (KHTML, like Gecko; compatible; ClaudeBot/1.0; [email protected])"
216.73.216.113 - - [20/Jul/2025:12:41:35 +0000] "GET /shopbrand/265978565.htm HTTP/1.1" 404 20399 "-" "Mozilla/5.0 AppleWebKit/537.36 (KHTML, like Gecko; compatible; ClaudeBot/1.0; [email protected])"
216.73.216.113 - - [20/Jul/2025:12:41:35 +0000] "GET /shopbrand/265988855.htm HTTP/1.1" 404 20399 "-" "Mozilla/5.0 AppleWebKit/537.36 (KHTML, like Gecko; compatible; ClaudeBot/1.0; [email protected])"
216.73.216.113 - - [20/Jul/2025:12:41:35 +0000] "GET /shopbrand/265973861.htm HTTP/1.1" 404 20399 "-" "Mozilla/5.0 AppleWebKit/537.36 (KHTML, like Gecko; compatible; ClaudeBot/1.0; [email protected])"
216.73.216.113 - - [20/Jul/2025:12:41:35 +0000] "GET /shopbrand/265973436.htm HTTP/1.1" 404 20399 "-" "Mozilla/5.0 AppleWebKit/537.36 (KHTML, like Gecko; compatible; ClaudeBot/1.0; [email protected])"
216.73.216.113 - - [20/Jul/2025:12:41:35 +0000] "GET /shopbrand/266000265.htm HTTP/1.1" 404 20399 "-" "Mozilla/5.0 AppleWebKit/537.36 (KHTML, like Gecko; compatible; ClaudeBot/1.0; [email protected])"
216.73.216.113 - - [20/Jul/2025:12:41:35 +0000] "GET /shopbrand/266054056.htm HTTP/1.1" 404 20399 "-" "Mozilla/5.0 AppleWebKit/537.36 (KHTML, like Gecko; compatible; ClaudeBot/1.0; [email protected])"
216.73.216.113 - - [20/Jul/2025:12:41:36 +0000] "GET /shopbrand/265985396.htm HTTP/1.1" 404 20399 "-" "Mozilla/5.0 AppleWebKit/537.36 (KHTML, like Gecko; compatible; ClaudeBot/1.0; [email protected])"
216.73.216.113 - - [20/Jul/2025:12:41:36 +0000] "GET /shopbrand/265997211.htm HTTP/1.1" 404 20399 "-" "Mozilla/5.0 AppleWebKit/537.36 (KHTML, like Gecko; compatible; ClaudeBot/1.0; [email protected])"
216.73.216.113 - - [20/Jul/2025:12:41:36 +0000] "GET /shopbrand/265998041.htm HTTP/1.1" 404 20399 "-" "Mozilla/5.0 AppleWebKit/537.36 (KHTML, like Gecko; compatible; ClaudeBot/1.0; [email protected])"
216.73.216.113 - - [20/Jul/2025:12:41:36 +0000] "GET /shopbrand/266006391.htm HTTP/1.1" 404 20399 "-" "Mozilla/5.0 AppleWebKit/537.36 (KHTML, like Gecko; compatible; ClaudeBot/1.0; [email protected])"
216.73.216.113 - - [20/Jul/2025:12:41:36 +0000] "GET /shopbrand/265967586.htm HTTP/1.1" 404 20399 "-" "Mozilla/5.0 AppleWebKit/537.36 (KHTML, like Gecko; compatible; ClaudeBot/1.0; [email protected])"
216.73.216.113 - - [20/Jul/2025:12:41:36 +0000] "GET /shopbrand/265942044.htm HTTP/1.1" 404 20399 "-" "Mozilla/5.0 AppleWebKit/537.36 (KHTML, like Gecko; compatible; ClaudeBot/1.0; [email protected])"
216.73.216.113 - - [20/Jul/2025:12:41:36 +0000] "GET /shopbrand/266051832.htm HTTP/1.1" 404 20399 "-" "Mozilla/5.0 AppleWebKit/537.36 (KHTML, like Gecko; compatible; ClaudeBot/1.0; [email protected])"
66.249.68.64 - - [20/Jul/2025:12:41:38 +0000] "POST /get-message-notify HTTP/1.1" 200 19553 "https://alalamy.com.au/items/art/brass-instruments/3201621/alalamy.com.au/feature/utsunomiya/alalamy.com.au?_bd_prev_page=alalamy.com.au/detail.php?product/edit/A1284199077" "Mozilla/5.0 (Linux; Android 6.0.1; Nexus 5X Build/MMB29P) AppleWebKit/537.36 (KHTML, like Gecko) Chrome/137.0.7151.119 Mobile Safari/537.36 (compatible; Googlebot/2.1; +http://www.google.com/bot.html)"
66.249.68.66 - - [20/Jul/2025:12:41:40 +0000] "POST /get-message-notify HTTP/1.1" 200 19553 "https://alalamy.com.au/items/tools/painting/2344784/alalamy.com.au/feature/yokohama_maruicity/alalamy.com.au?_bd_prev_page=alalamy.com.au/detail.php?shopbrand/8118313.htm" "Mozilla/5.0 (Linux; Android 6.0.1; Nexus 5X Build/MMB29P) AppleWebKit/537.36 (KHTML, like Gecko) Chrome/137.0.7151.119 Mobile Safari/537.36 (compatible; Googlebot/2.1; +http://www.google.com/bot.html)"
66.249.68.68 - - [20/Jul/2025:12:41:43 +0000] "GET /items/art/models/4522986/alalamy.com.au/feature/alalamy.com.au?_bd_prev_page=alalamy.com.au/detail.php?shopbrand/8304555.htm HTTP/1.1" 200 19389 "-" "Mozilla/5.0 (Linux; Android 6.0.1; Nexus 5X Build/MMB29P) AppleWebKit/537.36 (KHTML, like Gecko) Chrome/137.0.7151.103 Mobile Safari/537.36 (compatible; GoogleOther)"
66.249.68.68 - - [20/Jul/2025:12:41:43 +0000] "POST /get-message-notify HTTP/1.1" 200 19553 "https://alalamy.com.au/items/art/good-luck/3295083/alalamy.com.au/alalamy.com.au?_bd_prev_page=alalamy.com.au/detail.php?shopbrand/133375802.htm" "Mozilla/5.0 (Linux; Android 6.0.1; Nexus 5X Build/MMB29P) AppleWebKit/537.36 (KHTML, like Gecko) Chrome/137.0.7151.119 Mobile Safari/537.36 (compatible; Googlebot/2.1; +http://www.google.com/bot.html)"
66.249.68.69 - - [20/Jul/2025:12:41:44 +0000] "GET /items/art/collections/2047698/alalamy.com.au?_bd_prev_page=alalamy.com.au/detail.php?shopbrand/8505255.htm HTTP/1.1" 200 19056 "-" "Mozilla/5.0 (Linux; Android 6.0.1; Nexus 5X Build/MMB29P) AppleWebKit/537.36 (KHTML, like Gecko) Chrome/137.0.7151.103 Mobile Safari/537.36 (compatible; GoogleOther)"
66.249.68.67 - - [20/Jul/2025:12:41:44 +0000] "POST /get-message-notify HTTP/1.1" 200 19553 "https://alalamy.com.au/items/art/good-luck/3295083/alalamy.com.au/alalamy.com.au?_bd_prev_page=alalamy.com.au/detail.php?shopbrand/133372450.htm" "Mozilla/5.0 (Linux; Android 6.0.1; Nexus 5X Build/MMB29P) AppleWebKit/537.36 (KHTML, like Gecko) Chrome/137.0.7151.119 Mobile Safari/537.36 (compatible; Googlebot/2.1; +http://www.google.com/bot.html)"
66.249.68.69 - - [20/Jul/2025:12:41:45 +0000] "POST /get-message-notify HTTP/1.1" 200 19553 "https://alalamy.com.au/items/art/good-luck/3295083/alalamy.com.au/alalamy.com.au?_bd_prev_page=alalamy.com.au/detail.php?shopbrand/8894870.htm" "Mozilla/5.0 (Linux; Android 6.0.1; Nexus 5X Build/MMB29P) AppleWebKit/537.36 (KHTML, like Gecko) Chrome/137.0.7151.119 Mobile Safari/537.36 (compatible; Googlebot/2.1; +http://www.google.com/bot.html)"
66.249.68.64 - - [20/Jul/2025:12:41:47 +0000] "POST /get-message-notify HTTP/1.1" 200 19553 "https://alalamy.com.au/items/art/collections/2047698/alalamy.com.au?_bd_prev_page=alalamy.com.au/detail.php?shopbrand/8505255.htm" "Mozilla/5.0 (Linux; Android 6.0.1; Nexus 5X Build/MMB29P) AppleWebKit/537.36 (KHTML, like Gecko) Chrome/137.0.7151.119 Mobile Safari/537.36 (compatible; Googlebot/2.1; +http://www.google.com/bot.html)"
66.249.68.67 - - [20/Jul/2025:12:41:55 +0000] "GET /items/art/good-luck/3295083/alalamy.com.au/alalamy.com.au?_bd_prev_page=alalamy.com.au/detail.php?shopbrand/8299966.htm HTTP/1.1" 200 19595 "-" "Mozilla/5.0 (Linux; Android 6.0.1; Nexus 5X Build/MMB29P) AppleWebKit/537.36 (KHTML, like Gecko) Chrome/137.0.7151.103 Mobile Safari/537.36 (compatible; GoogleOther)"
66.249.68.65 - - [20/Jul/2025:12:41:55 +0000] "GET /items/art/collections/2047698/alalamy.com.au?_bd_prev_page=alalamy.com.au/detail.php?shopbrand/8718219.htm HTTP/1.1" 200 19310 "-" "Mozilla/5.0 (Linux; Android 6.0.1; Nexus 5X Build/MMB29P) AppleWebKit/537.36 (KHTML, like Gecko) Chrome/137.0.7151.103 Mobile Safari/537.36 (compatible; GoogleOther)"
66.249.68.71 - - [20/Jul/2025:12:41:58 +0000] "GET /items/art/good-luck/3295083/alalamy.com.au/alalamy.com.au?_bd_prev_page=alalamy.com.au/detail.php?shopbrand/133370383.htm HTTP/1.1" 200 19998 "-" "Mozilla/5.0 (Linux; Android 6.0.1; Nexus 5X Build/MMB29P) AppleWebKit/537.36 (KHTML, like Gecko) Chrome/137.0.7151.103 Mobile Safari/537.36 (compatible; GoogleOther)"
66.249.68.71 - - [20/Jul/2025:12:41:58 +0000] "POST /get-message-notify HTTP/1.1" 200 19553 "https://alalamy.com.au/items/art/brass-instruments/3201621/alalamy.com.au/feature/utsunomiya/alalamy.com.au?_bd_prev_page=alalamy.com.au/detail.php?product/edit/A1713298332" "Mozilla/5.0 (Linux; Android 6.0.1; Nexus 5X Build/MMB29P) AppleWebKit/537.36 (KHTML, like Gecko) Chrome/137.0.7151.119 Mobile Safari/537.36 (compatible; Googlebot/2.1; +http://www.google.com/bot.html)"
66.249.68.67 - - [20/Jul/2025:12:41:59 +0000] "GET /items/art/models/4522986/alalamy.com.au/feature/alalamy.com.au?_bd_prev_page=alalamy.com.au/detail.php?shopbrand/8226276.htm HTTP/1.1" 200 19690 "-" "Mozilla/5.0 (Linux; Android 6.0.1; Nexus 5X Build/MMB29P) AppleWebKit/537.36 (KHTML, like Gecko) Chrome/137.0.7151.103 Mobile Safari/537.36 (compatible; GoogleOther)"
66.249.68.65 - - [20/Jul/2025:12:41:59 +0000] "GET /items/art/good-luck/3295083/alalamy.com.au/alalamy.com.au?_bd_prev_page=alalamy.com.au/detail.php?shopbrand/8852499.htm HTTP/1.1" 200 21347 "-" "Mozilla/5.0 (Linux; Android 6.0.1; Nexus 5X Build/MMB29P) AppleWebKit/537.36 (KHTML, like Gecko) Chrome/137.0.7151.103 Mobile Safari/537.36 (compatible; GoogleOther)"
66.249.68.64 - - [20/Jul/2025:12:42:00 +0000] "POST /get-message-notify HTTP/1.1" 200 19553 "https://alalamy.com.au/items/art/collections/2047698/alalamy.com.au?_bd_prev_page=alalamy.com.au/detail.php?shopbrand/8718219.htm" "Mozilla/5.0 (Linux; Android 6.0.1; Nexus 5X Build/MMB29P) AppleWebKit/537.36 (KHTML, like Gecko) Chrome/137.0.7151.119 Mobile Safari/537.36 (compatible; Googlebot/2.1; +http://www.google.com/bot.html)"
66.249.68.66 - - [20/Jul/2025:12:42:01 +0000] "POST /get-message-notify HTTP/1.1" 200 19553 "https://alalamy.com.au/items/art/models/4522986/alalamy.com.au/feature/alalamy.com.au?_bd_prev_page=alalamy.com.au/detail.php?shopbrand/8226276.htm" "Mozilla/5.0 (Linux; Android 6.0.1; Nexus 5X Build/MMB29P) AppleWebKit/537.36 (KHTML, like Gecko) Chrome/137.0.7151.119 Mobile Safari/537.36 (compatible; Googlebot/2.1; +http://www.google.com/bot.html)"
66.249.68.65 - - [20/Jul/2025:12:42:01 +0000] "POST /get-message-notify HTTP/1.1" 200 19553 "https://alalamy.com.au/items/art/good-luck/3295083/alalamy.com.au/alalamy.com.au?_bd_prev_page=alalamy.com.au/detail.php?shopbrand/133370383.htm" "Mozilla/5.0 (Linux; Android 6.0.1; Nexus 5X Build/MMB29P) AppleWebKit/537.36 (KHTML, like Gecko) Chrome/137.0.7151.119 Mobile Safari/537.36 (compatible; Googlebot/2.1; +http://www.google.com/bot.html)"
66.249.68.69 - - [20/Jul/2025:12:42:02 +0000] "GET /items/art/models/4522986/alalamy.com.au/feature/alalamy.com.au?_bd_prev_page=alalamy.com.au/detail.php?shopbrand/182527413.htm HTTP/1.1" 200 20870 "-" "Mozilla/5.0 (Linux; Android 6.0.1; Nexus 5X Build/MMB29P) AppleWebKit/537.36 (KHTML, like Gecko) Chrome/137.0.7151.103 Mobile Safari/537.36 (compatible; GoogleOther)"
66.249.68.64 - - [20/Jul/2025:12:42:03 +0000] "GET /items/art/models/4522986/alalamy.com.au/feature/alalamy.com.au?_bd_prev_page=alalamy.com.au/detail.php?shopbrand/8308034.htm HTTP/1.1" 200 19456 "-" "Mozilla/5.0 (Linux; Android 6.0.1; Nexus 5X Build/MMB29P) AppleWebKit/537.36 (KHTML, like Gecko) Chrome/137.0.7151.103 Mobile Safari/537.36 (compatible; GoogleOther)"
66.249.68.71 - - [20/Jul/2025:12:42:04 +0000] "POST /get-message-notify HTTP/1.1" 200 19553 "https://alalamy.com.au/items/art/good-luck/3295083/alalamy.com.au/alalamy.com.au?_bd_prev_page=alalamy.com.au/detail.php?shopbrand/133377154.htm" "Mozilla/5.0 (Linux; Android 6.0.1; Nexus 5X Build/MMB29P) AppleWebKit/537.36 (KHTML, like Gecko) Chrome/137.0.7151.119 Mobile Safari/537.36 (compatible; Googlebot/2.1; +http://www.google.com/bot.html)"
66.249.68.71 - - [20/Jul/2025:12:42:09 +0000] "GET /items/art/good-luck/3295083/alalamy.com.au/alalamy.com.au?_bd_prev_page=alalamy.com.au/detail.php?shopbrand/133371312.htm HTTP/1.1" 200 18509 "-" "Mozilla/5.0 (Linux; Android 6.0.1; Nexus 5X Build/MMB29P) AppleWebKit/537.36 (KHTML, like Gecko) Chrome/137.0.7151.103 Mobile Safari/537.36 (compatible; GoogleOther)"
66.249.68.64 - - [20/Jul/2025:12:42:10 +0000] "POST /get-message-notify HTTP/1.1" 200 19553 "https://alalamy.com.au/items/art/models/4522986/alalamy.com.au/feature/alalamy.com.au?_bd_prev_page=alalamy.com.au/detail.php?shopbrand/8308034.htm" "Mozilla/5.0 (Linux; Android 6.0.1; Nexus 5X Build/MMB29P) AppleWebKit/537.36 (KHTML, like Gecko) Chrome/137.0.7151.119 Mobile Safari/537.36 (compatible; Googlebot/2.1; +http://www.google.com/bot.html)"
66.249.68.71 - - [20/Jul/2025:12:42:16 +0000] "POST /get-message-notify HTTP/1.1" 200 19553 "https://alalamy.com.au/items/art/models/4522986/alalamy.com.au/feature/alalamy.com.au?_bd_prev_page=alalamy.com.au/detail.php?shopbrand/182527413.htm" "Mozilla/5.0 (Linux; Android 6.0.1; Nexus 5X Build/MMB29P) AppleWebKit/537.36 (KHTML, like Gecko) Chrome/137.0.7151.119 Mobile Safari/537.36 (compatible; Googlebot/2.1; +http://www.google.com/bot.html)"
66.249.68.68 - - [20/Jul/2025:12:42:17 +0000] "GET /items/art/models/4522986/alalamy.com.au/feature/alalamy.com.au?_bd_prev_page=alalamy.com.au/detail.php?shopbrand/182528682.htm HTTP/1.1" 200 19851 "-" "Mozilla/5.0 (Linux; Android 6.0.1; Nexus 5X Build/MMB29P) AppleWebKit/537.36 (KHTML, like Gecko) Chrome/137.0.7151.103 Mobile Safari/537.36 (compatible; GoogleOther)"
66.249.68.70 - - [20/Jul/2025:12:42:17 +0000] "GET /items/art/good-luck/3295083/alalamy.com.au/alalamy.com.au?_bd_prev_page=alalamy.com.au/detail.php?shopbrand/156083797.htm HTTP/1.1" 200 19774 "-" "Mozilla/5.0 (Linux; Android 6.0.1; Nexus 5X Build/MMB29P) AppleWebKit/537.36 (KHTML, like Gecko) Chrome/137.0.7151.103 Mobile Safari/537.36 (compatible; GoogleOther)"
66.249.68.70 - - [20/Jul/2025:12:42:20 +0000] "POST /get-message-notify HTTP/1.1" 200 19553 "https://alalamy.com.au/items/art/models/4522986/alalamy.com.au/feature/alalamy.com.au?_bd_prev_page=alalamy.com.au/detail.php?shopbrand/182528682.htm" "Mozilla/5.0 (Linux; Android 6.0.1; Nexus 5X Build/MMB29P) AppleWebKit/537.36 (KHTML, like Gecko) Chrome/137.0.7151.119 Mobile Safari/537.36 (compatible; Googlebot/2.1; +http://www.google.com/bot.html)"
66.249.68.69 - - [20/Jul/2025:12:42:20 +0000] "POST /get-message-notify HTTP/1.1" 200 19553 "https://alalamy.com.au/items/art/good-luck/3295083/alalamy.com.au/alalamy.com.au?_bd_prev_page=alalamy.com.au/detail.php?shopbrand/156083797.htm" "Mozilla/5.0 (Linux; Android 6.0.1; Nexus 5X Build/MMB29P) AppleWebKit/537.36 (KHTML, like Gecko) Chrome/137.0.7151.119 Mobile Safari/537.36 (compatible; Googlebot/2.1; +http://www.google.com/bot.html)"
66.249.68.67 - - [20/Jul/2025:12:42:22 +0000] "GET /items/art/models/4522986/alalamy.com.au/feature/alalamy.com.au?_bd_prev_page=alalamy.com.au/detail.php?shopbrand/182526327.htm HTTP/1.1" 200 20397 "-" "Mozilla/5.0 (Linux; Android 6.0.1; Nexus 5X Build/MMB29P) AppleWebKit/537.36 (KHTML, like Gecko) Chrome/137.0.7151.103 Mobile Safari/537.36 (compatible; GoogleOther)"
66.249.68.70 - - [20/Jul/2025:12:42:23 +0000] "GET /items/art/good-luck/3295083/alalamy.com.au/alalamy.com.au?_bd_prev_page=alalamy.com.au/detail.php?shopbrand/8851818.htm HTTP/1.1" 200 19693 "-" "Mozilla/5.0 (Linux; Android 6.0.1; Nexus 5X Build/MMB29P) AppleWebKit/537.36 (KHTML, like Gecko) Chrome/137.0.7151.103 Mobile Safari/537.36 (compatible; GoogleOther)"
209.74.77.214 - - [20/Jul/2025:12:42:24 +0000] "POST /wp-cron.php?doing_wp_cron=1753015344.0313699245452880859375 HTTP/1.1" 200 - "-" "WordPress/6.8.2; https://alalamy.com.au"
57.141.2.13 - - [20/Jul/2025:12:42:23 +0000] "GET /?k=37176367051900& HTTP/1.1" 301 - "-" "meta-externalagent/1.1 (+https://developers.facebook.com/docs/sharing/webmasters/crawler)"
209.74.77.214 - - [20/Jul/2025:12:42:24 +0000] "POST /wp-admin/admin-ajax.php?action=async_litespeed&nonce=2T3y6JeAlMZ7tcKqEdxj2PfLbbaQfXrS&litespeed_type=imgoptm HTTP/1.1" 200 21 "-" "WordPress/6.8.2; https://alalamy.com.au"
66.249.68.70 - - [20/Jul/2025:12:42:26 +0000] "POST /get-message-notify HTTP/1.1" 200 19553 "https://alalamy.com.au/items/art/good-luck/3295083/alalamy.com.au/alalamy.com.au?_bd_prev_page=alalamy.com.au/detail.php?shopbrand/8851818.htm" "Mozilla/5.0 (Linux; Android 6.0.1; Nexus 5X Build/MMB29P) AppleWebKit/537.36 (KHTML, like Gecko) Chrome/137.0.7151.119 Mobile Safari/537.36 (compatible; Googlebot/2.1; +http://www.google.com/bot.html)"
66.249.68.64 - - [20/Jul/2025:12:42:28 +0000] "GET /items/art/collections/2047698/alalamy.com.au?_bd_prev_page=alalamy.com.au/detail.php?shopbrand/9481750.htm HTTP/1.1" 200 20300 "-" "Mozilla/5.0 (Linux; Android 6.0.1; Nexus 5X Build/MMB29P) AppleWebKit/537.36 (KHTML, like Gecko) Chrome/137.0.7151.103 Mobile Safari/537.36 (compatible; GoogleOther)"
66.249.68.64 - - [20/Jul/2025:12:42:32 +0000] "GET /items/art/collections/2047698/alalamy.com.au?_bd_prev_page=alalamy.com.au/detail.php?shopbrand/8725050.htm HTTP/1.1" 200 18954 "-" "Mozilla/5.0 (Linux; Android 6.0.1; Nexus 5X Build/MMB29P) AppleWebKit/537.36 (KHTML, like Gecko) Chrome/137.0.7151.103 Mobile Safari/537.36 (compatible; GoogleOther)"
66.249.68.68 - - [20/Jul/2025:12:42:33 +0000] "GET /items/art/models/4522986/alalamy.com.au/feature/alalamy.com.au?_bd_prev_page=alalamy.com.au/detail.php?shopbrand/182534383.htm HTTP/1.1" 200 19708 "-" "Mozilla/5.0 (Linux; Android 6.0.1; Nexus 5X Build/MMB29P) AppleWebKit/537.36 (KHTML, like Gecko) Chrome/137.0.7151.103 Mobile Safari/537.36 (compatible; GoogleOther)"
66.249.68.71 - - [20/Jul/2025:12:42:33 +0000] "POST /get-message-notify HTTP/1.1" 200 19553 "https://alalamy.com.au/items/art/collections/2047698/alalamy.com.au?_bd_prev_page=alalamy.com.au/detail.php?shopbrand/8725050.htm" "Mozilla/5.0 (Linux; Android 6.0.1; Nexus 5X Build/MMB29P) AppleWebKit/537.36 (KHTML, like Gecko) Chrome/137.0.7151.119 Mobile Safari/537.36 (compatible; Googlebot/2.1; +http://www.google.com/bot.html)"
66.249.68.69 - - [20/Jul/2025:12:42:34 +0000] "POST /get-message-notify HTTP/1.1" 200 19553 "https://alalamy.com.au/items/art/models/4522986/alalamy.com.au/feature/alalamy.com.au?_bd_prev_page=alalamy.com.au/detail.php?shopbrand/182526327.htm" "Mozilla/5.0 (Linux; Android 6.0.1; Nexus 5X Build/MMB29P) AppleWebKit/537.36 (KHTML, like Gecko) Chrome/137.0.7151.119 Mobile Safari/537.36 (compatible; Googlebot/2.1; +http://www.google.com/bot.html)"
66.249.68.71 - - [20/Jul/2025:12:42:36 +0000] "GET /items/art/good-luck/3295083/alalamy.com.au/alalamy.com.au?_bd_prev_page=alalamy.com.au/detail.php?shopbrand/8307875.htm HTTP/1.1" 200 19560 "-" "Mozilla/5.0 (Linux; Android 6.0.1; Nexus 5X Build/MMB29P) AppleWebKit/537.36 (KHTML, like Gecko) Chrome/137.0.7151.103 Mobile Safari/537.36 (compatible; GoogleOther)"
66.249.68.69 - - [20/Jul/2025:12:42:36 +0000] "GET /items/art/good-luck/3295083/alalamy.com.au/alalamy.com.au?_bd_prev_page=alalamy.com.au/detail.php?shopbrand/8301362.htm HTTP/1.1" 200 19615 "-" "Mozilla/5.0 (Linux; Android 6.0.1; Nexus 5X Build/MMB29P) AppleWebKit/537.36 (KHTML, like Gecko) Chrome/137.0.7151.103 Mobile Safari/537.36 (compatible; GoogleOther)"
66.249.68.67 - - [20/Jul/2025:12:42:37 +0000] "POST /get-message-notify HTTP/1.1" 200 19553 "https://alalamy.com.au/items/art/models/4522986/alalamy.com.au/feature/alalamy.com.au?_bd_prev_page=alalamy.com.au/detail.php?shopbrand/182534383.htm" "Mozilla/5.0 (Linux; Android 6.0.1; Nexus 5X Build/MMB29P) AppleWebKit/537.36 (KHTML, like Gecko) Chrome/137.0.7151.119 Mobile Safari/537.36 (compatible; Googlebot/2.1; +http://www.google.com/bot.html)"
66.249.68.70 - - [20/Jul/2025:12:42:37 +0000] "POST /get-message-notify HTTP/1.1" 200 19553 "https://alalamy.com.au/items/art/antiques/4479184/alalamy.com.au/kaitori/alalamy.com.au/toiawase" "Mozilla/5.0 (Linux; Android 6.0.1; Nexus 5X Build/MMB29P) AppleWebKit/537.36 (KHTML, like Gecko) Chrome/137.0.7151.119 Mobile Safari/537.36 (compatible; Googlebot/2.1; +http://www.google.com/bot.html)"
66.249.68.67 - - [20/Jul/2025:12:42:39 +0000] "POST /get-message-notify HTTP/1.1" 200 19553 "https://alalamy.com.au/items/art/models/4522986/alalamy.com.au/feature/alalamy.com.au?_bd_prev_page=alalamy.com.au/detail.php?shopbrand/8304555.htm" "Mozilla/5.0 (Linux; Android 6.0.1; Nexus 5X Build/MMB29P) AppleWebKit/537.36 (KHTML, like Gecko) Chrome/137.0.7151.119 Mobile Safari/537.36 (compatible; Googlebot/2.1; +http://www.google.com/bot.html)"
66.249.68.70 - - [20/Jul/2025:12:42:44 +0000] "GET /items/art/models/4522986/alalamy.com.au/feature/alalamy.com.au?_bd_prev_page=alalamy.com.au/detail.php?shopbrand/182532832.htm HTTP/1.1" 200 20208 "-" "Mozilla/5.0 (Linux; Android 6.0.1; Nexus 5X Build/MMB29P) AppleWebKit/537.36 (KHTML, like Gecko) Chrome/137.0.7151.103 Mobile Safari/537.36 (compatible; GoogleOther)"
66.249.68.69 - - [20/Jul/2025:12:42:44 +0000] "GET /items/art/models/4522986/alalamy.com.au/feature/alalamy.com.au?_bd_prev_page=alalamy.com.au/detail.php?shopbrand/182534641.htm HTTP/1.1" 200 20403 "-" "Mozilla/5.0 (Linux; Android 6.0.1; Nexus 5X Build/MMB29P) AppleWebKit/537.36 (KHTML, like Gecko) Chrome/137.0.7151.103 Mobile Safari/537.36 (compatible; GoogleOther)"
209.74.77.214 - - [20/Jul/2025:12:42:46 +0000] "POST /wp-cron.php?doing_wp_cron=1753015366.6758139133453369140625 HTTP/1.1" 200 - "-" "WordPress/6.8.2; https://alalamy.com.au"
57.141.2.4 - - [20/Jul/2025:12:42:46 +0000] "GET /?k=858684021900 HTTP/1.1" 200 144492 "-" "meta-externalagent/1.1 (+https://developers.facebook.com/docs/sharing/webmasters/crawler)"
66.249.68.68 - - [20/Jul/2025:12:42:46 +0000] "GET /items/art/models/4522986/alalamy.com.au/feature/alalamy.com.au?_bd_prev_page=alalamy.com.au/detail.php?shopbrand/8853170.htm HTTP/1.1" 200 20770 "-" "Mozilla/5.0 (Linux; Android 6.0.1; Nexus 5X Build/MMB29P) AppleWebKit/537.36 (KHTML, like Gecko) Chrome/137.0.7151.103 Mobile Safari/537.36 (compatible; GoogleOther)"
57.141.2.30 - - [20/Jul/2025:12:42:46 +0000] "GET /?k=37176367051900 HTTP/1.1" 200 144492 "-" "meta-externalagent/1.1 (+https://developers.facebook.com/docs/sharing/webmasters/crawler)"
66.249.68.70 - - [20/Jul/2025:12:42:47 +0000] "POST /get-message-notify HTTP/1.1" 200 19553 "https://alalamy.com.au/items/art/models/4522986/alalamy.com.au/feature/alalamy.com.au?_bd_prev_page=alalamy.com.au/detail.php?shopbrand/182532832.htm" "Mozilla/5.0 (Linux; Android 6.0.1; Nexus 5X Build/MMB29P) AppleWebKit/537.36 (KHTML, like Gecko) Chrome/137.0.7151.119 Mobile Safari/537.36 (compatible; Googlebot/2.1; +http://www.google.com/bot.html)"
66.249.68.68 - - [20/Jul/2025:12:42:52 +0000] "POST /get-message-notify HTTP/1.1" 200 19553 "https://alalamy.com.au/items/art/good-luck/3295083/alalamy.com.au/alalamy.com.au?_bd_prev_page=alalamy.com.au/detail.php?shopbrand/8307875.htm" "Mozilla/5.0 (Linux; Android 6.0.1; Nexus 5X Build/MMB29P) AppleWebKit/537.36 (KHTML, like Gecko) Chrome/137.0.7151.119 Mobile Safari/537.36 (compatible; Googlebot/2.1; +http://www.google.com/bot.html)"
66.249.68.71 - - [20/Jul/2025:12:42:56 +0000] "POST /get-message-notify HTTP/1.1" 200 19553 "https://alalamy.com.au/items/art/models/4522986/alalamy.com.au/feature/alalamy.com.au?_bd_prev_page=alalamy.com.au/detail.php?shopbrand/182534641.htm" "Mozilla/5.0 (Linux; Android 6.0.1; Nexus 5X Build/MMB29P) AppleWebKit/537.36 (KHTML, like Gecko) Chrome/137.0.7151.119 Mobile Safari/537.36 (compatible; Googlebot/2.1; +http://www.google.com/bot.html)"
66.249.68.64 - - [20/Jul/2025:12:42:56 +0000] "GET /items/art/good-luck/3295083/alalamy.com.au/alalamy.com.au?_bd_prev_page=alalamy.com.au/detail.php?shopbrand/8854582.htm HTTP/1.1" 200 20849 "-" "Mozilla/5.0 (Linux; Android 6.0.1; Nexus 5X Build/MMB29P) AppleWebKit/537.36 (KHTML, like Gecko) Chrome/137.0.7151.103 Mobile Safari/537.36 (compatible; GoogleOther)"
66.249.68.70 - - [20/Jul/2025:12:42:57 +0000] "GET /items/art/good-luck/3295083/alalamy.com.au/alalamy.com.au?_bd_prev_page=alalamy.com.au/detail.php?shopbrand/8850124.htm HTTP/1.1" 200 19611 "-" "Mozilla/5.0 (Linux; Android 6.0.1; Nexus 5X Build/MMB29P) AppleWebKit/537.36 (KHTML, like Gecko) Chrome/137.0.7151.103 Mobile Safari/537.36 (compatible; GoogleOther)"
66.249.68.65 - - [20/Jul/2025:12:42:58 +0000] "GET /items/art/good-luck/3295083/alalamy.com.au/alalamy.com.au?_bd_prev_page=alalamy.com.au/detail.php?shopbrand/8854157.htm HTTP/1.1" 200 19609 "-" "Mozilla/5.0 (Linux; Android 6.0.1; Nexus 5X Build/MMB29P) AppleWebKit/537.36 (KHTML, like Gecko) Chrome/137.0.7151.103 Mobile Safari/537.36 (compatible; GoogleOther)"
209.74.77.214 - - [20/Jul/2025:12:42:58 +0000] "POST /wp-cron.php?doing_wp_cron=1753015378.8394188880920410156250 HTTP/1.1" 200 - "-" "WordPress/6.8.2; https://alalamy.com.au"
57.141.2.22 - - [20/Jul/2025:12:42:58 +0000] "GET /?k=97076004041900& HTTP/1.1" 301 - "-" "meta-externalagent/1.1 (+https://developers.facebook.com/docs/sharing/webmasters/crawler)"
66.249.68.67 - - [20/Jul/2025:12:42:59 +0000] "POST /get-message-notify HTTP/1.1" 200 19553 "https://alalamy.com.au/items/tools/painting/2344784/alalamy.com.au/feature/yokohama_maruicity/alalamy.com.au?_bd_prev_page=alalamy.com.au/detail.php?shopbrand/8721698.htm" "Mozilla/5.0 (Linux; Android 6.0.1; Nexus 5X Build/MMB29P) AppleWebKit/537.36 (KHTML, like Gecko) Chrome/137.0.7151.119 Mobile Safari/537.36 (compatible; Googlebot/2.1; +http://www.google.com/bot.html)"
66.249.68.69 - - [20/Jul/2025:12:43:00 +0000] "POST /get-message-notify HTTP/1.1" 200 19553 "https://alalamy.com.au/items/art/good-luck/3295083/alalamy.com.au/alalamy.com.au?_bd_prev_page=alalamy.com.au/detail.php?shopbrand/8854582.htm" "Mozilla/5.0 (Linux; Android 6.0.1; Nexus 5X Build/MMB29P) AppleWebKit/537.36 (KHTML, like Gecko) Chrome/137.0.7151.119 Mobile Safari/537.36 (compatible; Googlebot/2.1; +http://www.google.com/bot.html)"
66.249.68.71 - - [20/Jul/2025:12:43:01 +0000] "GET /items/art/models/4522986/alalamy.com.au/feature/alalamy.com.au?_bd_prev_page=alalamy.com.au/detail.php?shopbrand/182532733.htm HTTP/1.1" 200 18613 "-" "Mozilla/5.0 (Linux; Android 6.0.1; Nexus 5X Build/MMB29P) AppleWebKit/537.36 (KHTML, like Gecko) Chrome/137.0.7151.103 Mobile Safari/537.36 (compatible; GoogleOther)"
66.249.68.66 - - [20/Jul/2025:12:43:04 +0000] "GET /items/art/models/4522986/alalamy.com.au/feature/alalamy.com.au?_bd_prev_page=alalamy.com.au/detail.php?shopbrand/8776583.htm HTTP/1.1" 200 19450 "-" "Mozilla/5.0 (Linux; Android 6.0.1; Nexus 5X Build/MMB29P) AppleWebKit/537.36 (KHTML, like Gecko) Chrome/137.0.7151.103 Mobile Safari/537.36 (compatible; GoogleOther)"
216.73.216.113 - - [20/Jul/2025:12:43:11 +0000] "GET /robots.txt HTTP/1.1" 200 146 "-" "Mozilla/5.0 AppleWebKit/537.36 (KHTML, like Gecko; compatible; ClaudeBot/1.0; [email protected])"
209.74.77.214 - - [20/Jul/2025:12:43:11 +0000] "POST /wp-cron.php?doing_wp_cron=1753015391.9831240177154541015625 HTTP/1.1" 200 - "-" "WordPress/6.8.2; https://alalamy.com.au"
216.73.216.113 - - [20/Jul/2025:12:43:11 +0000] "GET /shopbrand/265994987.htm HTTP/1.1" 404 20399 "-" "Mozilla/5.0 AppleWebKit/537.36 (KHTML, like Gecko; compatible; ClaudeBot/1.0; [email protected])"
209.74.77.214 - - [20/Jul/2025:12:43:12 +0000] "POST /wp-admin/admin-ajax.php?action=async_litespeed&nonce=TjA1NKhxEOeGfDEodKMOvtnC7ZNszTPi&litespeed_type=imgoptm HTTP/1.1" 200 21 "-" "WordPress/6.8.2; https://alalamy.com.au"
216.73.216.113 - - [20/Jul/2025:12:43:13 +0000] "GET /shopbrand/265982888.htm HTTP/1.1" 404 20399 "-" "Mozilla/5.0 AppleWebKit/537.36 (KHTML, like Gecko; compatible; ClaudeBot/1.0; [email protected])"
216.73.216.113 - - [20/Jul/2025:12:43:13 +0000] "GET /shopbrand/266016248.htm HTTP/1.1" 404 20399 "-" "Mozilla/5.0 AppleWebKit/537.36 (KHTML, like Gecko; compatible; ClaudeBot/1.0; [email protected])"
216.73.216.113 - - [20/Jul/2025:12:43:13 +0000] "GET /shopbrand/266011967.htm HTTP/1.1" 404 20399 "-" "Mozilla/5.0 AppleWebKit/537.36 (KHTML, like Gecko; compatible; ClaudeBot/1.0; [email protected])"
216.73.216.113 - - [20/Jul/2025:12:43:13 +0000] "GET /shopbrand/265993047.htm HTTP/1.1" 404 20399 "-" "Mozilla/5.0 AppleWebKit/537.36 (KHTML, like Gecko; compatible; ClaudeBot/1.0; [email protected])"
216.73.216.113 - - [20/Jul/2025:12:43:13 +0000] "GET /shopbrand/265998722.htm HTTP/1.1" 404 20399 "-" "Mozilla/5.0 AppleWebKit/537.36 (KHTML, like Gecko; compatible; ClaudeBot/1.0; [email protected])"
57.141.2.6 - - [20/Jul/2025:12:43:14 +0000] "GET /?k=97076004041900 HTTP/1.1" 200 144492 "-" "meta-externalagent/1.1 (+https://developers.facebook.com/docs/sharing/webmasters/crawler)"
216.73.216.113 - - [20/Jul/2025:12:43:15 +0000] "GET /shopbrand/265970382.htm HTTP/1.1" 404 20399 "-" "Mozilla/5.0 AppleWebKit/537.36 (KHTML, like Gecko; compatible; ClaudeBot/1.0; [email protected])"
216.73.216.113 - - [20/Jul/2025:12:43:15 +0000] "GET /shopbrand/266002773.htm HTTP/1.1" 404 20399 "-" "Mozilla/5.0 AppleWebKit/537.36 (KHTML, like Gecko; compatible; ClaudeBot/1.0; [email protected])"
66.249.68.71 - - [20/Jul/2025:12:43:16 +0000] "POST /get-message-notify HTTP/1.1" 200 19553 "https://alalamy.com.au/items/art/models/4522986/alalamy.com.au/feature/alalamy.com.au?_bd_prev_page=alalamy.com.au/detail.php?shopbrand/182532733.htm" "Mozilla/5.0 (Linux; Android 6.0.1; Nexus 5X Build/MMB29P) AppleWebKit/537.36 (KHTML, like Gecko) Chrome/137.0.7151.119 Mobile Safari/537.36 (compatible; Googlebot/2.1; +http://www.google.com/bot.html)"
216.73.216.113 - - [20/Jul/2025:12:43:16 +0000] "GET /shopbrand/265990100.htm HTTP/1.1" 404 20399 "-" "Mozilla/5.0 AppleWebKit/537.36 (KHTML, like Gecko; compatible; ClaudeBot/1.0; [email protected])"
216.73.216.113 - - [20/Jul/2025:12:43:16 +0000] "GET /shopbrand/265940799.htm HTTP/1.1" 404 20399 "-" "Mozilla/5.0 AppleWebKit/537.36 (KHTML, like Gecko; compatible; ClaudeBot/1.0; [email protected])"
216.73.216.113 - - [20/Jul/2025:12:43:16 +0000] "GET /shopbrand/265972864.htm HTTP/1.1" 404 20399 "-" "Mozilla/5.0 AppleWebKit/537.36 (KHTML, like Gecko; compatible; ClaudeBot/1.0; [email protected])"
66.249.68.69 - - [20/Jul/2025:12:43:16 +0000] "GET /items/art/good-luck/3295083/alalamy.com.au/alalamy.com.au?_bd_prev_page=alalamy.com.au/detail.php?shopbrand/8307478.htm HTTP/1.1" 200 21600 "-" "Mozilla/5.0 (Linux; Android 6.0.1; Nexus 5X Build/MMB29P) AppleWebKit/537.36 (KHTML, like Gecko) Chrome/137.0.7151.103 Mobile Safari/537.36 (compatible; GoogleOther)"
216.73.216.113 - - [20/Jul/2025:12:43:17 +0000] "GET /shopbrand/266015287.htm HTTP/1.1" 404 20399 "-" "Mozilla/5.0 AppleWebKit/537.36 (KHTML, like Gecko; compatible; ClaudeBot/1.0; [email protected])"
216.73.216.113 - - [20/Jul/2025:12:43:17 +0000] "GET /shopbrand/266011385.htm HTTP/1.1" 404 20399 "-" "Mozilla/5.0 AppleWebKit/537.36 (KHTML, like Gecko; compatible; ClaudeBot/1.0; [email protected])"
216.73.216.113 - - [20/Jul/2025:12:43:17 +0000] "GET /shopbrand/266051542.htm HTTP/1.1" 404 20399 "-" "Mozilla/5.0 AppleWebKit/537.36 (KHTML, like Gecko; compatible; ClaudeBot/1.0; [email protected])"
216.73.216.113 - - [20/Jul/2025:12:43:17 +0000] "GET /shopbrand/265995827.htm HTTP/1.1" 404 20399 "-" "Mozilla/5.0 AppleWebKit/537.36 (KHTML, like Gecko; compatible; ClaudeBot/1.0; [email protected])"
216.73.216.113 - - [20/Jul/2025:12:43:17 +0000] "GET /shopbrand/266025013.htm HTTP/1.1" 404 20399 "-" "Mozilla/5.0 AppleWebKit/537.36 (KHTML, like Gecko; compatible; ClaudeBot/1.0; [email protected])"
216.73.216.113 - - [20/Jul/2025:12:43:17 +0000] "GET /shopbrand/265960517.htm HTTP/1.1" 404 20399 "-" "Mozilla/5.0 AppleWebKit/537.36 (KHTML, like Gecko; compatible; ClaudeBot/1.0; [email protected])"
216.73.216.113 - - [20/Jul/2025:12:43:17 +0000] "GET /shopbrand/265948142.htm HTTP/1.1" 404 20399 "-" "Mozilla/5.0 AppleWebKit/537.36 (KHTML, like Gecko; compatible; ClaudeBot/1.0; [email protected])"
216.73.216.113 - - [20/Jul/2025:12:43:18 +0000] "GET /shopbrand/265975670.htm HTTP/1.1" 404 20399 "-" "Mozilla/5.0 AppleWebKit/537.36 (KHTML, like Gecko; compatible; ClaudeBot/1.0; [email protected])"
216.73.216.113 - - [20/Jul/2025:12:43:18 +0000] "GET /shopbrand/265992880.htm HTTP/1.1" 404 20399 "-" "Mozilla/5.0 AppleWebKit/537.36 (KHTML, like Gecko; compatible; ClaudeBot/1.0; [email protected])"
216.73.216.113 - - [20/Jul/2025:12:43:18 +0000] "GET /shopbrand/266018472.htm HTTP/1.1" 404 20399 "-" "Mozilla/5.0 AppleWebKit/537.36 (KHTML, like Gecko; compatible; ClaudeBot/1.0; [email protected])"
216.73.216.113 - - [20/Jul/2025:12:43:18 +0000] "GET /shopbrand/266059185.htm HTTP/1.1" 404 20399 "-" "Mozilla/5.0 AppleWebKit/537.36 (KHTML, like Gecko; compatible; ClaudeBot/1.0; [email protected])"
216.73.216.113 - - [20/Jul/2025:12:43:18 +0000] "GET /shopbrand/265970956.htm HTTP/1.1" 404 20399 "-" "Mozilla/5.0 AppleWebKit/537.36 (KHTML, like Gecko; compatible; ClaudeBot/1.0; [email protected])"
216.73.216.113 - - [20/Jul/2025:12:43:18 +0000] "GET /shopbrand/266011800.htm HTTP/1.1" 404 20399 "-" "Mozilla/5.0 AppleWebKit/537.36 (KHTML, like Gecko; compatible; ClaudeBot/1.0; [email protected])"
216.73.216.113 - - [20/Jul/2025:12:43:18 +0000] "GET /shopbrand/265991951.htm HTTP/1.1" 404 20399 "-" "Mozilla/5.0 AppleWebKit/537.36 (KHTML, like Gecko; compatible; ClaudeBot/1.0; [email protected])"
66.249.68.68 - - [20/Jul/2025:12:43:19 +0000] "POST /get-message-notify HTTP/1.1" 200 19553 "https://alalamy.com.au/items/art/good-luck/3295083/alalamy.com.au/alalamy.com.au?_bd_prev_page=alalamy.com.au/detail.php?shopbrand/8307478.htm" "Mozilla/5.0 (Linux; Android 6.0.1; Nexus 5X Build/MMB29P) AppleWebKit/537.36 (KHTML, like Gecko) Chrome/137.0.7151.119 Mobile Safari/537.36 (compatible; Googlebot/2.1; +http://www.google.com/bot.html)"
66.249.68.68 - - [20/Jul/2025:12:43:20 +0000] "GET /items/art/models/4522986/alalamy.com.au/feature/alalamy.com.au?_bd_prev_page=alalamy.com.au/detail.php?shopbrand/8308308.htm HTTP/1.1" 200 21196 "-" "Mozilla/5.0 (Linux; Android 6.0.1; Nexus 5X Build/MMB29P) AppleWebKit/537.36 (KHTML, like Gecko) Chrome/137.0.7151.103 Mobile Safari/537.36 (compatible; GoogleOther)"
66.249.68.68 - - [20/Jul/2025:12:43:24 +0000] "POST /get-message-notify HTTP/1.1" 200 19553 "https://alalamy.com.au/items/tools/painting/2344784/alalamy.com.au/feature/yokohama_maruicity/alalamy.com.au?_bd_prev_page=alalamy.com.au/detail.php?shopbrand/8812997.htm" "Mozilla/5.0 (Linux; Android 6.0.1; Nexus 5X Build/MMB29P) AppleWebKit/537.36 (KHTML, like Gecko) Chrome/137.0.7151.119 Mobile Safari/537.36 (compatible; Googlebot/2.1; +http://www.google.com/bot.html)"
66.249.68.68 - - [20/Jul/2025:12:43:24 +0000] "GET /items/art/good-luck/3295083/alalamy.com.au/alalamy.com.au?_bd_prev_page=alalamy.com.au/detail.php?shopbrand/156079224.htm HTTP/1.1" 200 18835 "-" "Mozilla/5.0 (Linux; Android 6.0.1; Nexus 5X Build/MMB29P) AppleWebKit/537.36 (KHTML, like Gecko) Chrome/137.0.7151.103 Mobile Safari/537.36 (compatible; GoogleOther)"
66.249.68.67 - - [20/Jul/2025:12:43:27 +0000] "GET /items/art/good-luck/3295083/alalamy.com.au/alalamy.com.au?_bd_prev_page=alalamy.com.au/detail.php?shopbrand/8851262.htm HTTP/1.1" 200 21081 "-" "Mozilla/5.0 (Linux; Android 6.0.1; Nexus 5X Build/MMB29P) AppleWebKit/537.36 (KHTML, like Gecko) Chrome/137.0.7151.103 Mobile Safari/537.36 (compatible; GoogleOther)"
66.249.68.71 - - [20/Jul/2025:12:43:27 +0000] "POST /get-message-notify HTTP/1.1" 200 19553 "https://alalamy.com.au/items/art/good-luck/3295083/alalamy.com.au/alalamy.com.au?_bd_prev_page=alalamy.com.au/detail.php?shopbrand/8850124.htm" "Mozilla/5.0 (Linux; Android 6.0.1; Nexus 5X Build/MMB29P) AppleWebKit/537.36 (KHTML, like Gecko) Chrome/137.0.7151.119 Mobile Safari/537.36 (compatible; Googlebot/2.1; +http://www.google.com/bot.html)"
66.249.68.68 - - [20/Jul/2025:12:43:30 +0000] "GET /items/art/good-luck/3295083/alalamy.com.au/alalamy.com.au?_bd_prev_page=alalamy.com.au/detail.php?shopbrand/8848466.htm HTTP/1.1" 200 19437 "-" "Mozilla/5.0 (Linux; Android 6.0.1; Nexus 5X Build/MMB29P) AppleWebKit/537.36 (KHTML, like Gecko) Chrome/137.0.7151.103 Mobile Safari/537.36 (compatible; GoogleOther)"
66.249.68.69 - - [20/Jul/2025:12:43:30 +0000] "POST /get-message-notify HTTP/1.1" 200 19553 "https://alalamy.com.au/items/art/good-luck/3295083/alalamy.com.au/alalamy.com.au?_bd_prev_page=alalamy.com.au/detail.php?shopbrand/8851262.htm" "Mozilla/5.0 (Linux; Android 6.0.1; Nexus 5X Build/MMB29P) AppleWebKit/537.36 (KHTML, like Gecko) Chrome/137.0.7151.119 Mobile Safari/537.36 (compatible; Googlebot/2.1; +http://www.google.com/bot.html)"
66.249.68.70 - - [20/Jul/2025:12:43:34 +0000] "GET /items/art/models/4522986/alalamy.com.au/feature/alalamy.com.au?_bd_prev_page=alalamy.com.au/detail.php?shopbrand/8308705.htm HTTP/1.1" 200 19555 "-" "Mozilla/5.0 (Linux; Android 6.0.1; Nexus 5X Build/MMB29P) AppleWebKit/537.36 (KHTML, like Gecko) Chrome/137.0.7151.103 Mobile Safari/537.36 (compatible; GoogleOther)"
66.249.68.69 - - [20/Jul/2025:12:43:37 +0000] "POST /get-message-notify HTTP/1.1" 200 19553 "https://alalamy.com.au/items/art/good-luck/3295083/alalamy.com.au/alalamy.com.au?_bd_prev_page=alalamy.com.au/detail.php?shopbrand/156079224.htm" "Mozilla/5.0 (Linux; Android 6.0.1; Nexus 5X Build/MMB29P) AppleWebKit/537.36 (KHTML, like Gecko) Chrome/137.0.7151.119 Mobile Safari/537.36 (compatible; Googlebot/2.1; +http://www.google.com/bot.html)"
66.249.68.68 - - [20/Jul/2025:12:43:40 +0000] "GET /items/art/collections/2047698/alalamy.com.au?_bd_prev_page=alalamy.com.au/detail.php?shopbrand/8727804.htm HTTP/1.1" 200 19372 "-" "Mozilla/5.0 (Linux; Android 6.0.1; Nexus 5X Build/MMB29P) AppleWebKit/537.36 (KHTML, like Gecko) Chrome/137.0.7151.103 Mobile Safari/537.36 (compatible; GoogleOther)"
66.249.68.64 - - [20/Jul/2025:12:43:41 +0000] "POST /get-message-notify HTTP/1.1" 200 19553 "https://alalamy.com.au/items/art/good-luck/3295083/alalamy.com.au/alalamy.com.au?_bd_prev_page=alalamy.com.au/detail.php?shopbrand/133371312.htm" "Mozilla/5.0 (Linux; Android 6.0.1; Nexus 5X Build/MMB29P) AppleWebKit/537.36 (KHTML, like Gecko) Chrome/137.0.7151.119 Mobile Safari/537.36 (compatible; Googlebot/2.1; +http://www.google.com/bot.html)"
66.249.68.71 - - [20/Jul/2025:12:43:43 +0000] "POST /get-message-notify HTTP/1.1" 200 19553 "https://alalamy.com.au/items/art/models/4522986/alalamy.com.au/feature/alalamy.com.au?_bd_prev_page=alalamy.com.au/detail.php?shopbrand/8308308.htm" "Mozilla/5.0 (Linux; Android 6.0.1; Nexus 5X Build/MMB29P) AppleWebKit/537.36 (KHTML, like Gecko) Chrome/137.0.7151.119 Mobile Safari/537.36 (compatible; Googlebot/2.1; +http://www.google.com/bot.html)"
66.249.68.66 - - [20/Jul/2025:12:43:45 +0000] "POST /get-message-notify HTTP/1.1" 200 19553 "https://alalamy.com.au/items/art/collections/2047698/alalamy.com.au?_bd_prev_page=alalamy.com.au/detail.php?shopbrand/8727804.htm" "Mozilla/5.0 (Linux; Android 6.0.1; Nexus 5X Build/MMB29P) AppleWebKit/537.36 (KHTML, like Gecko) Chrome/137.0.7151.119 Mobile Safari/537.36 (compatible; Googlebot/2.1; +http://www.google.com/bot.html)"
66.249.68.70 - - [20/Jul/2025:12:43:46 +0000] "GET /items/art/good-luck/3295083/alalamy.com.au/alalamy.com.au?_bd_prev_page=alalamy.com.au/detail.php?shopbrand/8853329.htm HTTP/1.1" 200 20915 "-" "Mozilla/5.0 (Linux; Android 6.0.1; Nexus 5X Build/MMB29P) AppleWebKit/537.36 (KHTML, like Gecko) Chrome/137.0.7151.103 Mobile Safari/537.36 (compatible; GoogleOther)"
66.249.68.70 - - [20/Jul/2025:12:43:51 +0000] "GET /items/art/good-luck/3295083/alalamy.com.au/alalamy.com.au?_bd_prev_page=alalamy.com.au/detail.php?shopbrand/8847370.htm HTTP/1.1" 200 19879 "-" "Mozilla/5.0 (Linux; Android 6.0.1; Nexus 5X Build/MMB29P) AppleWebKit/537.36 (KHTML, like Gecko) Chrome/137.0.7151.103 Mobile Safari/537.36 (compatible; GoogleOther)"
66.249.68.68 - - [20/Jul/2025:12:43:54 +0000] "POST /get-message-notify HTTP/1.1" 200 19553 "https://alalamy.com.au/items/art/good-luck/3295083/alalamy.com.au/alalamy.com.au?_bd_prev_page=alalamy.com.au/detail.php?shopbrand/8853329.htm" "Mozilla/5.0 (Linux; Android 6.0.1; Nexus 5X Build/MMB29P) AppleWebKit/537.36 (KHTML, like Gecko) Chrome/137.0.7151.119 Mobile Safari/537.36 (compatible; Googlebot/2.1; +http://www.google.com/bot.html)"
66.249.68.69 - - [20/Jul/2025:12:43:55 +0000] "POST /get-message-notify HTTP/1.1" 200 19553 "https://alalamy.com.au/items/art/good-luck/3295083/alalamy.com.au/alalamy.com.au?_bd_prev_page=alalamy.com.au/detail.php?shopbrand/8847370.htm" "Mozilla/5.0 (Linux; Android 6.0.1; Nexus 5X Build/MMB29P) AppleWebKit/537.36 (KHTML, like Gecko) Chrome/137.0.7151.119 Mobile Safari/537.36 (compatible; Googlebot/2.1; +http://www.google.com/bot.html)"
66.249.68.67 - - [20/Jul/2025:12:43:56 +0000] "GET /items/art/models/4522986/alalamy.com.au/feature/alalamy.com.au?_bd_prev_page=alalamy.com.au/detail.php?shopbrand/8785354.htm HTTP/1.1" 200 19854 "-" "Mozilla/5.0 (Linux; Android 6.0.1; Nexus 5X Build/MMB29P) AppleWebKit/537.36 (KHTML, like Gecko) Chrome/137.0.7151.103 Mobile Safari/537.36 (compatible; GoogleOther)"
66.249.68.70 - - [20/Jul/2025:12:43:56 +0000] "POST /get-message-notify HTTP/1.1" 200 19553 "https://alalamy.com.au/items/art/models/4522986/alalamy.com.au/feature/alalamy.com.au?_bd_prev_page=alalamy.com.au/detail.php?shopbrand/8308705.htm" "Mozilla/5.0 (Linux; Android 6.0.1; Nexus 5X Build/MMB29P) AppleWebKit/537.36 (KHTML, like Gecko) Chrome/137.0.7151.119 Mobile Safari/537.36 (compatible; Googlebot/2.1; +http://www.google.com/bot.html)"
66.249.68.67 - - [20/Jul/2025:12:43:56 +0000] "GET /items/art/models/4522986/alalamy.com.au/feature/alalamy.com.au?_bd_prev_page=alalamy.com.au/detail.php?product/edit/A2844066523 HTTP/1.1" 200 19863 "-" "Mozilla/5.0 (Linux; Android 6.0.1; Nexus 5X Build/MMB29P) AppleWebKit/537.36 (KHTML, like Gecko) Chrome/137.0.7151.103 Mobile Safari/537.36 (compatible; GoogleOther)"
66.249.68.67 - - [20/Jul/2025:12:43:58 +0000] "GET /items/art/good-luck/3295083/alalamy.com.au/alalamy.com.au?_bd_prev_page=alalamy.com.au/detail.php?shopbrand/156083523.htm HTTP/1.1" 200 20121 "-" "Mozilla/5.0 (Linux; Android 6.0.1; Nexus 5X Build/MMB29P) AppleWebKit/537.36 (KHTML, like Gecko) Chrome/137.0.7151.103 Mobile Safari/537.36 (compatible; GoogleOther)"
66.249.68.64 - - [20/Jul/2025:12:43:58 +0000] "POST /get-message-notify HTTP/1.1" 200 19553 "https://alalamy.com.au/items/art/good-luck/3295083/alalamy.com.au/alalamy.com.au?_bd_prev_page=alalamy.com.au/detail.php?shopbrand/8848466.htm" "Mozilla/5.0 (Linux; Android 6.0.1; Nexus 5X Build/MMB29P) AppleWebKit/537.36 (KHTML, like Gecko) Chrome/137.0.7151.119 Mobile Safari/537.36 (compatible; Googlebot/2.1; +http://www.google.com/bot.html)"
