216.73.216.113 - - [20/Jul/2025:14:44:02 +0000] "GET /shopbrand/139260208.htm HTTP/1.1" 404 20399 "-" "Mozilla/5.0 AppleWebKit/537.36 (KHTML, like Gecko; compatible; ClaudeBot/1.0; [email protected])"
216.73.216.113 - - [20/Jul/2025:14:44:02 +0000] "GET /shopbrand/139295931.htm HTTP/1.1" 404 20399 "-" "Mozilla/5.0 AppleWebKit/537.36 (KHTML, like Gecko; compatible; ClaudeBot/1.0; [email protected])"
216.73.216.113 - - [20/Jul/2025:14:44:03 +0000] "GET /shopbrand/139315093.htm HTTP/1.1" 404 20399 "-" "Mozilla/5.0 AppleWebKit/537.36 (KHTML, like Gecko; compatible; ClaudeBot/1.0; [email protected])"
216.73.216.113 - - [20/Jul/2025:14:44:03 +0000] "GET /shopbrand/139236872.htm HTTP/1.1" 404 20399 "-" "Mozilla/5.0 AppleWebKit/537.36 (KHTML, like Gecko; compatible; ClaudeBot/1.0; [email protected])"
216.73.216.113 - - [20/Jul/2025:14:44:03 +0000] "GET /shopbrand/139293824.htm HTTP/1.1" 404 20399 "-" "Mozilla/5.0 AppleWebKit/537.36 (KHTML, like Gecko; compatible; ClaudeBot/1.0; [email protected])"
216.73.216.113 - - [20/Jul/2025:14:44:03 +0000] "GET /shopbrand/139250895.htm HTTP/1.1" 404 20399 "-" "Mozilla/5.0 AppleWebKit/537.36 (KHTML, like Gecko; compatible; ClaudeBot/1.0; [email protected])"
216.73.216.113 - - [20/Jul/2025:14:44:03 +0000] "GET /shopbrand/139308040.htm HTTP/1.1" 404 20399 "-" "Mozilla/5.0 AppleWebKit/537.36 (KHTML, like Gecko; compatible; ClaudeBot/1.0; [email protected])"
216.73.216.113 - - [20/Jul/2025:14:44:03 +0000] "GET /shopbrand/139327085.htm HTTP/1.1" 404 20399 "-" "Mozilla/5.0 AppleWebKit/537.36 (KHTML, like Gecko; compatible; ClaudeBot/1.0; [email protected])"
216.73.216.113 - - [20/Jul/2025:14:44:03 +0000] "GET /shopbrand/139236723.htm HTTP/1.1" 404 20399 "-" "Mozilla/5.0 AppleWebKit/537.36 (KHTML, like Gecko; compatible; ClaudeBot/1.0; [email protected])"
216.73.216.113 - - [20/Jul/2025:14:44:03 +0000] "GET /shopbrand/139322903.htm HTTP/1.1" 404 20399 "-" "Mozilla/5.0 AppleWebKit/537.36 (KHTML, like Gecko; compatible; ClaudeBot/1.0; [email protected])"
216.73.216.113 - - [20/Jul/2025:14:44:03 +0000] "GET /shopbrand/139343890.htm HTTP/1.1" 404 20399 "-" "Mozilla/5.0 AppleWebKit/537.36 (KHTML, like Gecko; compatible; ClaudeBot/1.0; [email protected])"
216.73.216.113 - - [20/Jul/2025:14:44:03 +0000] "GET /shopbrand/139277998.htm HTTP/1.1" 404 20399 "-" "Mozilla/5.0 AppleWebKit/537.36 (KHTML, like Gecko; compatible; ClaudeBot/1.0; [email protected])"
216.73.216.113 - - [20/Jul/2025:14:44:04 +0000] "GET /shopbrand/139301908.htm HTTP/1.1" 404 20399 "-" "Mozilla/5.0 AppleWebKit/537.36 (KHTML, like Gecko; compatible; ClaudeBot/1.0; [email protected])"
216.73.216.113 - - [20/Jul/2025:14:44:04 +0000] "GET /shopbrand/139255643.htm HTTP/1.1" 404 20399 "-" "Mozilla/5.0 AppleWebKit/537.36 (KHTML, like Gecko; compatible; ClaudeBot/1.0; [email protected])"
216.73.216.113 - - [20/Jul/2025:14:44:04 +0000] "GET /shopbrand/139328163.htm HTTP/1.1" 404 20399 "-" "Mozilla/5.0 AppleWebKit/537.36 (KHTML, like Gecko; compatible; ClaudeBot/1.0; [email protected])"
216.73.216.113 - - [20/Jul/2025:14:44:04 +0000] "GET /shopbrand/139274805.htm HTTP/1.1" 404 20399 "-" "Mozilla/5.0 AppleWebKit/537.36 (KHTML, like Gecko; compatible; ClaudeBot/1.0; [email protected])"
216.73.216.113 - - [20/Jul/2025:14:44:04 +0000] "GET /shopbrand/139332214.htm HTTP/1.1" 404 20399 "-" "Mozilla/5.0 AppleWebKit/537.36 (KHTML, like Gecko; compatible; ClaudeBot/1.0; [email protected])"
216.73.216.113 - - [20/Jul/2025:14:44:04 +0000] "GET /shopbrand/139260347.htm HTTP/1.1" 404 20399 "-" "Mozilla/5.0 AppleWebKit/537.36 (KHTML, like Gecko; compatible; ClaudeBot/1.0; [email protected])"
216.73.216.113 - - [20/Jul/2025:14:44:04 +0000] "GET /shopbrand/139250323.htm HTTP/1.1" 404 20399 "-" "Mozilla/5.0 AppleWebKit/537.36 (KHTML, like Gecko; compatible; ClaudeBot/1.0; [email protected])"
66.249.68.68 - - [20/Jul/2025:14:44:07 +0000] "GET /?k=7368979031900&mod=078fbc1d&uri=product.php%3Fid%3D246106-408%26name%3Dfrozen+yellow+sweater HTTP/1.1" 200 19622 "-" "Mozilla/5.0 (Linux; Android 6.0.1; Nexus 5X Build/MMB29P) AppleWebKit/537.36 (KHTML, like Gecko) Chrome/137.0.7151.103 Mobile Safari/537.36 (compatible; Googlebot/2.1; +http://www.google.com/bot.html)"
209.74.77.214 - - [20/Jul/2025:14:44:59 +0000] "POST /wp-cron.php?doing_wp_cron=1753022699.2129900455474853515625 HTTP/1.1" 200 - "-" "WordPress/6.8.2; https://alalamy.com.au"
216.73.216.113 - - [20/Jul/2025:14:44:58 +0000] "GET /shopbrand/139236838.htm HTTP/1.1" 404 20399 "-" "Mozilla/5.0 AppleWebKit/537.36 (KHTML, like Gecko; compatible; ClaudeBot/1.0; [email protected])"
216.73.216.113 - - [20/Jul/2025:14:44:58 +0000] "GET /shopbrand/139348072.htm HTTP/1.1" 404 20399 "-" "Mozilla/5.0 AppleWebKit/537.36 (KHTML, like Gecko; compatible; ClaudeBot/1.0; [email protected])"
216.73.216.113 - - [20/Jul/2025:14:44:59 +0000] "GET /shopbrand/139311358.htm HTTP/1.1" 404 20399 "-" "Mozilla/5.0 AppleWebKit/537.36 (KHTML, like Gecko; compatible; ClaudeBot/1.0; [email protected])"
209.74.77.214 - - [20/Jul/2025:14:45:01 +0000] "POST /wp-cron.php?doing_wp_cron=1753022701.0841600894927978515625 HTTP/1.1" 200 - "-" "WordPress/6.8.2; https://alalamy.com.au"
216.73.216.113 - - [20/Jul/2025:14:45:00 +0000] "GET /shopbrand/139293451.htm HTTP/1.1" 404 20399 "-" "Mozilla/5.0 AppleWebKit/537.36 (KHTML, like Gecko; compatible; ClaudeBot/1.0; [email protected])"
216.73.216.113 - - [20/Jul/2025:14:45:00 +0000] "GET /shopbrand/139235627.htm HTTP/1.1" 404 20399 "-" "Mozilla/5.0 AppleWebKit/537.36 (KHTML, like Gecko; compatible; ClaudeBot/1.0; [email protected])"
216.73.216.113 - - [20/Jul/2025:14:45:00 +0000] "GET /shopbrand/139342079.htm HTTP/1.1" 404 20399 "-" "Mozilla/5.0 AppleWebKit/537.36 (KHTML, like Gecko; compatible; ClaudeBot/1.0; [email protected])"
216.73.216.113 - - [20/Jul/2025:14:45:01 +0000] "GET /shopbrand/139271211.htm HTTP/1.1" 404 20399 "-" "Mozilla/5.0 AppleWebKit/537.36 (KHTML, like Gecko; compatible; ClaudeBot/1.0; [email protected])"
216.73.216.113 - - [20/Jul/2025:14:45:01 +0000] "GET /shopbrand/139243544.htm HTTP/1.1" 404 20399 "-" "Mozilla/5.0 AppleWebKit/537.36 (KHTML, like Gecko; compatible; ClaudeBot/1.0; [email protected])"
216.73.216.113 - - [20/Jul/2025:14:45:00 +0000] "GET /shopbrand/139351392.htm HTTP/1.1" 404 20399 "-" "Mozilla/5.0 AppleWebKit/537.36 (KHTML, like Gecko; compatible; ClaudeBot/1.0; [email protected])"
216.73.216.113 - - [20/Jul/2025:14:45:01 +0000] "GET /shopbrand/139272456.htm HTTP/1.1" 404 20399 "-" "Mozilla/5.0 AppleWebKit/537.36 (KHTML, like Gecko; compatible; ClaudeBot/1.0; [email protected])"
209.74.77.214 - - [20/Jul/2025:14:45:02 +0000] "POST /wp-admin/admin-ajax.php?action=async_litespeed&nonce=DYggM0iDcfdd4q4BTBdGmTHcr1Dt17sj&litespeed_type=imgoptm HTTP/1.1" 200 21 "-" "WordPress/6.8.2; https://alalamy.com.au"
216.73.216.113 - - [20/Jul/2025:14:45:01 +0000] "GET /shopbrand/139305816.htm HTTP/1.1" 404 20399 "-" "Mozilla/5.0 AppleWebKit/537.36 (KHTML, like Gecko; compatible; ClaudeBot/1.0; [email protected])"
216.73.216.113 - - [20/Jul/2025:14:45:02 +0000] "GET /shopbrand/139300794.htm HTTP/1.1" 404 20399 "-" "Mozilla/5.0 AppleWebKit/537.36 (KHTML, like Gecko; compatible; ClaudeBot/1.0; [email protected])"
216.73.216.113 - - [20/Jul/2025:14:45:01 +0000] "GET /shopbrand/139267974.htm HTTP/1.1" 404 20399 "-" "Mozilla/5.0 AppleWebKit/537.36 (KHTML, like Gecko; compatible; ClaudeBot/1.0; [email protected])"
216.73.216.113 - - [20/Jul/2025:14:45:02 +0000] "GET /shopbrand/139309849.htm HTTP/1.1" 404 20399 "-" "Mozilla/5.0 AppleWebKit/537.36 (KHTML, like Gecko; compatible; ClaudeBot/1.0; [email protected])"
216.73.216.113 - - [20/Jul/2025:14:45:03 +0000] "GET /shopbrand/139336537.htm HTTP/1.1" 404 20399 "-" "Mozilla/5.0 AppleWebKit/537.36 (KHTML, like Gecko; compatible; ClaudeBot/1.0; [email protected])"
216.73.216.113 - - [20/Jul/2025:14:45:03 +0000] "GET /shopbrand/139296090.htm HTTP/1.1" 404 20399 "-" "Mozilla/5.0 AppleWebKit/537.36 (KHTML, like Gecko; compatible; ClaudeBot/1.0; [email protected])"
216.73.216.113 - - [20/Jul/2025:14:45:03 +0000] "GET /shopbrand/139312911.htm HTTP/1.1" 404 20399 "-" "Mozilla/5.0 AppleWebKit/537.36 (KHTML, like Gecko; compatible; ClaudeBot/1.0; [email protected])"
216.73.216.113 - - [20/Jul/2025:14:45:03 +0000] "GET /shopbrand/139270911.htm HTTP/1.1" 404 20399 "-" "Mozilla/5.0 AppleWebKit/537.36 (KHTML, like Gecko; compatible; ClaudeBot/1.0; [email protected])"
216.73.216.113 - - [20/Jul/2025:14:45:03 +0000] "GET /shopbrand/139276904.htm HTTP/1.1" 404 20399 "-" "Mozilla/5.0 AppleWebKit/537.36 (KHTML, like Gecko; compatible; ClaudeBot/1.0; [email protected])"
216.73.216.113 - - [20/Jul/2025:14:45:03 +0000] "GET /shopbrand/139251451.htm HTTP/1.1" 404 20399 "-" "Mozilla/5.0 AppleWebKit/537.36 (KHTML, like Gecko; compatible; ClaudeBot/1.0; [email protected])"
209.74.77.214 - - [20/Jul/2025:14:45:58 +0000] "POST /wp-cron.php?doing_wp_cron=1753022758.3469450473785400390625 HTTP/1.1" 200 - "-" "WordPress/6.8.2; https://alalamy.com.au"
216.73.216.113 - - [20/Jul/2025:14:45:58 +0000] "GET /shopbrand/139302464.htm HTTP/1.1" 404 20399 "-" "Mozilla/5.0 AppleWebKit/537.36 (KHTML, like Gecko; compatible; ClaudeBot/1.0; [email protected])"
216.73.216.113 - - [20/Jul/2025:14:45:58 +0000] "GET /shopbrand/139338727.htm HTTP/1.1" 404 20399 "-" "Mozilla/5.0 AppleWebKit/537.36 (KHTML, like Gecko; compatible; ClaudeBot/1.0; [email protected])"
216.73.216.113 - - [20/Jul/2025:14:45:58 +0000] "GET /shopbrand/139312869.htm HTTP/1.1" 404 20399 "-" "Mozilla/5.0 AppleWebKit/537.36 (KHTML, like Gecko; compatible; ClaudeBot/1.0; [email protected])"
216.73.216.113 - - [20/Jul/2025:14:45:59 +0000] "GET /shopbrand/139248514.htm HTTP/1.1" 404 20399 "-" "Mozilla/5.0 AppleWebKit/537.36 (KHTML, like Gecko; compatible; ClaudeBot/1.0; [email protected])"
216.73.216.113 - - [20/Jul/2025:14:45:59 +0000] "GET /shopbrand/139297716.htm HTTP/1.1" 404 20399 "-" "Mozilla/5.0 AppleWebKit/537.36 (KHTML, like Gecko; compatible; ClaudeBot/1.0; [email protected])"
216.73.216.113 - - [20/Jul/2025:14:45:59 +0000] "GET /shopbrand/139233776.htm HTTP/1.1" 404 20399 "-" "Mozilla/5.0 AppleWebKit/537.36 (KHTML, like Gecko; compatible; ClaudeBot/1.0; [email protected])"
209.74.77.214 - - [20/Jul/2025:14:46:00 +0000] "POST /wp-cron.php?doing_wp_cron=1753022760.0758590698242187500000 HTTP/1.1" 200 - "-" "WordPress/6.8.2; https://alalamy.com.au"
216.73.216.113 - - [20/Jul/2025:14:45:59 +0000] "GET /shopbrand/139316231.htm HTTP/1.1" 404 20399 "-" "Mozilla/5.0 AppleWebKit/537.36 (KHTML, like Gecko; compatible; ClaudeBot/1.0; [email protected])"
216.73.216.113 - - [20/Jul/2025:14:46:00 +0000] "GET /shopbrand/139279966.htm HTTP/1.1" 404 20399 "-" "Mozilla/5.0 AppleWebKit/537.36 (KHTML, like Gecko; compatible; ClaudeBot/1.0; [email protected])"
209.74.77.214 - - [20/Jul/2025:14:46:01 +0000] "POST /wp-cron.php?doing_wp_cron=1753022761.2371530532836914062500 HTTP/1.1" 200 - "-" "WordPress/6.8.2; https://alalamy.com.au"
216.73.216.113 - - [20/Jul/2025:14:46:01 +0000] "GET /shopbrand/139325383.htm HTTP/1.1" 404 20399 "-" "Mozilla/5.0 AppleWebKit/537.36 (KHTML, like Gecko; compatible; ClaudeBot/1.0; [email protected])"
209.74.77.214 - - [20/Jul/2025:14:46:01 +0000] "POST /wp-admin/admin-ajax.php?action=async_litespeed&nonce=HoVAnenp4eUgGaKt83pxL3SScmxvRXdW&litespeed_type=imgoptm HTTP/1.1" 200 21 "-" "WordPress/6.8.2; https://alalamy.com.au"
216.73.216.113 - - [20/Jul/2025:14:46:01 +0000] "GET /shopbrand/139320254.htm HTTP/1.1" 404 20399 "-" "Mozilla/5.0 AppleWebKit/537.36 (KHTML, like Gecko; compatible; ClaudeBot/1.0; [email protected])"
216.73.216.113 - - [20/Jul/2025:14:46:01 +0000] "GET /shopbrand/139240190.htm HTTP/1.1" 404 20399 "-" "Mozilla/5.0 AppleWebKit/537.36 (KHTML, like Gecko; compatible; ClaudeBot/1.0; [email protected])"
216.73.216.113 - - [20/Jul/2025:14:46:01 +0000] "GET /shopbrand/139260506.htm HTTP/1.1" 404 20399 "-" "Mozilla/5.0 AppleWebKit/537.36 (KHTML, like Gecko; compatible; ClaudeBot/1.0; [email protected])"
216.73.216.113 - - [20/Jul/2025:14:46:01 +0000] "GET /shopbrand/139315252.htm HTTP/1.1" 404 20399 "-" "Mozilla/5.0 AppleWebKit/537.36 (KHTML, like Gecko; compatible; ClaudeBot/1.0; [email protected])"
216.73.216.113 - - [20/Jul/2025:14:46:02 +0000] "GET /shopbrand/139322480.htm HTTP/1.1" 404 20399 "-" "Mozilla/5.0 AppleWebKit/537.36 (KHTML, like Gecko; compatible; ClaudeBot/1.0; [email protected])"
216.73.216.113 - - [20/Jul/2025:14:46:02 +0000] "GET /shopbrand/139295633.htm HTTP/1.1" 404 20399 "-" "Mozilla/5.0 AppleWebKit/537.36 (KHTML, like Gecko; compatible; ClaudeBot/1.0; [email protected])"
216.73.216.113 - - [20/Jul/2025:14:46:02 +0000] "GET /shopbrand/139283999.htm HTTP/1.1" 404 20399 "-" "Mozilla/5.0 AppleWebKit/537.36 (KHTML, like Gecko; compatible; ClaudeBot/1.0; [email protected])"
216.73.216.113 - - [20/Jul/2025:14:46:02 +0000] "GET /shopbrand/139344005.htm HTTP/1.1" 404 20399 "-" "Mozilla/5.0 AppleWebKit/537.36 (KHTML, like Gecko; compatible; ClaudeBot/1.0; [email protected])"
216.73.216.113 - - [20/Jul/2025:14:46:02 +0000] "GET /shopbrand/139294547.htm HTTP/1.1" 404 20399 "-" "Mozilla/5.0 AppleWebKit/537.36 (KHTML, like Gecko; compatible; ClaudeBot/1.0; [email protected])"
216.73.216.113 - - [20/Jul/2025:14:46:03 +0000] "GET /shopbrand/139315550.htm HTTP/1.1" 404 20399 "-" "Mozilla/5.0 AppleWebKit/537.36 (KHTML, like Gecko; compatible; ClaudeBot/1.0; [email protected])"
216.73.216.113 - - [20/Jul/2025:14:46:03 +0000] "GET /shopbrand/139302877.htm HTTP/1.1" 404 20399 "-" "Mozilla/5.0 AppleWebKit/537.36 (KHTML, like Gecko; compatible; ClaudeBot/1.0; [email protected])"
66.249.68.67 - - [20/Jul/2025:14:46:03 +0000] "GET /items/art/brass-instruments/3201621/alalamy.com.au/feature/utsunomiya/alalamy.com.au?_bd_prev_page=alalamy.com.au/detail.php?shopbrand/8006972.htm HTTP/1.1" 200 19876 "-" "Mozilla/5.0 (Linux; Android 6.0.1; Nexus 5X Build/MMB29P) AppleWebKit/537.36 (KHTML, like Gecko) Chrome/137.0.7151.103 Mobile Safari/537.36 (compatible; GoogleOther)"
66.249.68.69 - - [20/Jul/2025:14:46:04 +0000] "GET /items/art/plastic-models/2343207/alalamy.com.au/product/edit/alalamy.com.au?_bd_prev_page=alalamy.com.au/detail.php?feature/shoplist/index.html HTTP/1.1" 200 21247 "-" "Mozilla/5.0 (Linux; Android 6.0.1; Nexus 5X Build/MMB29P) AppleWebKit/537.36 (KHTML, like Gecko) Chrome/137.0.7151.103 Mobile Safari/537.36 (compatible; GoogleOther)"
66.249.68.68 - - [20/Jul/2025:14:46:05 +0000] "GET /items/art/brass-instruments/3201621/alalamy.com.au/feature/utsunomiya/alalamy.com.au?_bd_prev_page=alalamy.com.au/detail.php?shopbrand/8729339.htm HTTP/1.1" 200 19900 "-" "Mozilla/5.0 (Linux; Android 6.0.1; Nexus 5X Build/MMB29P) AppleWebKit/537.36 (KHTML, like Gecko) Chrome/137.0.7151.103 Mobile Safari/537.36 (compatible; GoogleOther)"
66.249.68.68 - - [20/Jul/2025:14:46:06 +0000] "GET /items/art/brass-instruments/3201621/alalamy.com.au/feature/utsunomiya/alalamy.com.au?_bd_prev_page=alalamy.com.au/detail.php?shopbrand/8704734.htm HTTP/1.1" 200 20146 "-" "Mozilla/5.0 (Linux; Android 6.0.1; Nexus 5X Build/MMB29P) AppleWebKit/537.36 (KHTML, like Gecko) Chrome/137.0.7151.103 Mobile Safari/537.36 (compatible; GoogleOther)"
66.249.68.67 - - [20/Jul/2025:14:46:08 +0000] "GET /items/art/brass-instruments/3201621/alalamy.com.au/feature/utsunomiya/alalamy.com.au?_bd_prev_page=alalamy.com.au/detail.php?shopbrand/8707939.htm HTTP/1.1" 200 19596 "-" "Mozilla/5.0 (Linux; Android 6.0.1; Nexus 5X Build/MMB29P) AppleWebKit/537.36 (KHTML, like Gecko) Chrome/137.0.7151.103 Mobile Safari/537.36 (compatible; GoogleOther)"
66.249.68.68 - - [20/Jul/2025:14:46:09 +0000] "POST /get-message-notify HTTP/1.1" 200 19553 "https://alalamy.com.au/items/art/brass-instruments/3201621/alalamy.com.au/feature/utsunomiya/alalamy.com.au?_bd_prev_page=alalamy.com.au/detail.php?shopbrand/8729339.htm" "Mozilla/5.0 (Linux; Android 6.0.1; Nexus 5X Build/MMB29P) AppleWebKit/537.36 (KHTML, like Gecko) Chrome/137.0.7151.119 Mobile Safari/537.36 (compatible; Googlebot/2.1; +http://www.google.com/bot.html)"
66.249.68.68 - - [20/Jul/2025:14:46:10 +0000] "POST /get-message-notify HTTP/1.1" 200 19553 "https://alalamy.com.au/items/art/brass-instruments/3201621/alalamy.com.au/feature/utsunomiya/alalamy.com.au?_bd_prev_page=alalamy.com.au/detail.php?shopbrand/8704734.htm" "Mozilla/5.0 (Linux; Android 6.0.1; Nexus 5X Build/MMB29P) AppleWebKit/537.36 (KHTML, like Gecko) Chrome/137.0.7151.119 Mobile Safari/537.36 (compatible; Googlebot/2.1; +http://www.google.com/bot.html)"
66.249.68.68 - - [20/Jul/2025:14:46:11 +0000] "POST /get-message-notify HTTP/1.1" 200 19553 "https://alalamy.com.au/items/art/brass-instruments/3201621/alalamy.com.au/feature/utsunomiya/alalamy.com.au?_bd_prev_page=alalamy.com.au/detail.php?shopbrand/8707939.htm" "Mozilla/5.0 (Linux; Android 6.0.1; Nexus 5X Build/MMB29P) AppleWebKit/537.36 (KHTML, like Gecko) Chrome/137.0.7151.119 Mobile Safari/537.36 (compatible; Googlebot/2.1; +http://www.google.com/bot.html)"
66.249.68.67 - - [20/Jul/2025:14:46:12 +0000] "GET /items/art/brass-instruments/3201621/alalamy.com.au/feature/utsunomiya/alalamy.com.au?_bd_prev_page=alalamy.com.au/detail.php?shopbrand/8945500.htm HTTP/1.1" 200 20732 "-" "Mozilla/5.0 (Linux; Android 6.0.1; Nexus 5X Build/MMB29P) AppleWebKit/537.36 (KHTML, like Gecko) Chrome/137.0.7151.103 Mobile Safari/537.36 (compatible; GoogleOther)"
66.249.68.67 - - [20/Jul/2025:14:46:13 +0000] "GET /items/art/brass-instruments/3201621/alalamy.com.au/feature/utsunomiya/alalamy.com.au?_bd_prev_page=alalamy.com.au/detail.php?shopbrand/8722667.htm HTTP/1.1" 200 21359 "-" "Mozilla/5.0 (Linux; Android 6.0.1; Nexus 5X Build/MMB29P) AppleWebKit/537.36 (KHTML, like Gecko) Chrome/137.0.7151.103 Mobile Safari/537.36 (compatible; GoogleOther)"
66.249.68.67 - - [20/Jul/2025:14:46:14 +0000] "POST /get-message-notify HTTP/1.1" 200 19553 "https://alalamy.com.au/items/art/brass-instruments/3201621/alalamy.com.au/feature/utsunomiya/alalamy.com.au?_bd_prev_page=alalamy.com.au/detail.php?shopbrand/8945500.htm" "Mozilla/5.0 (Linux; Android 6.0.1; Nexus 5X Build/MMB29P) AppleWebKit/537.36 (KHTML, like Gecko) Chrome/137.0.7151.119 Mobile Safari/537.36 (compatible; Googlebot/2.1; +http://www.google.com/bot.html)"
66.249.68.67 - - [20/Jul/2025:14:46:16 +0000] "POST /get-message-notify HTTP/1.1" 200 19553 "https://alalamy.com.au/items/art/brass-instruments/3201621/alalamy.com.au/feature/utsunomiya/alalamy.com.au?_bd_prev_page=alalamy.com.au/detail.php?shopbrand/8943683.htm" "Mozilla/5.0 (Linux; Android 6.0.1; Nexus 5X Build/MMB29P) AppleWebKit/537.36 (KHTML, like Gecko) Chrome/137.0.7151.119 Mobile Safari/537.36 (compatible; Googlebot/2.1; +http://www.google.com/bot.html)"
66.249.68.67 - - [20/Jul/2025:14:46:17 +0000] "GET /items/art/brass-instruments/3201621/alalamy.com.au/feature/utsunomiya/alalamy.com.au?_bd_prev_page=alalamy.com.au/detail.php?shopbrand/8735042.htm HTTP/1.1" 200 19890 "-" "Mozilla/5.0 (Linux; Android 6.0.1; Nexus 5X Build/MMB29P) AppleWebKit/537.36 (KHTML, like Gecko) Chrome/137.0.7151.103 Mobile Safari/537.36 (compatible; GoogleOther)"
66.249.68.67 - - [20/Jul/2025:14:46:17 +0000] "GET /items/art/brass-instruments/3201621/alalamy.com.au/feature/utsunomiya/alalamy.com.au?_bd_prev_page=alalamy.com.au/detail.php?shopbrand/8734071.htm HTTP/1.1" 200 20940 "-" "Mozilla/5.0 (Linux; Android 6.0.1; Nexus 5X Build/MMB29P) AppleWebKit/537.36 (KHTML, like Gecko) Chrome/137.0.7151.103 Mobile Safari/537.36 (compatible; GoogleOther)"
66.249.68.67 - - [20/Jul/2025:14:46:18 +0000] "GET /items/art/brass-instruments/3201621/alalamy.com.au/feature/utsunomiya/alalamy.com.au?_bd_prev_page=alalamy.com.au/detail.php?shopbrand/8721017.htm HTTP/1.1" 200 19805 "-" "Mozilla/5.0 (Linux; Android 6.0.1; Nexus 5X Build/MMB29P) AppleWebKit/537.36 (KHTML, like Gecko) Chrome/137.0.7151.103 Mobile Safari/537.36 (compatible; GoogleOther)"
66.249.68.67 - - [20/Jul/2025:14:46:18 +0000] "GET /items/art/brass-instruments/3201621/alalamy.com.au/feature/utsunomiya/alalamy.com.au?_bd_prev_page=alalamy.com.au/detail.php?shopbrand/8713515.htm HTTP/1.1" 200 19570 "-" "Mozilla/5.0 (Linux; Android 6.0.1; Nexus 5X Build/MMB29P) AppleWebKit/537.36 (KHTML, like Gecko) Chrome/137.0.7151.103 Mobile Safari/537.36 (compatible; GoogleOther)"
66.249.68.67 - - [20/Jul/2025:14:46:20 +0000] "GET /items/art/brass-instruments/3201621/alalamy.com.au/feature/utsunomiya/alalamy.com.au?_bd_prev_page=alalamy.com.au/detail.php?shopbrand/8714055.htm HTTP/1.1" 200 21187 "-" "Mozilla/5.0 (Linux; Android 6.0.1; Nexus 5X Build/MMB29P) AppleWebKit/537.36 (KHTML, like Gecko) Chrome/137.0.7151.103 Mobile Safari/537.36 (compatible; GoogleOther)"
66.249.68.67 - - [20/Jul/2025:14:46:20 +0000] "POST /get-message-notify HTTP/1.1" 200 19553 "https://alalamy.com.au/items/art/brass-instruments/3201621/alalamy.com.au/feature/utsunomiya/alalamy.com.au?_bd_prev_page=alalamy.com.au/detail.php?shopbrand/8721017.htm" "Mozilla/5.0 (Linux; Android 6.0.1; Nexus 5X Build/MMB29P) AppleWebKit/537.36 (KHTML, like Gecko) Chrome/137.0.7151.119 Mobile Safari/537.36 (compatible; Googlebot/2.1; +http://www.google.com/bot.html)"
66.249.68.67 - - [20/Jul/2025:14:46:20 +0000] "GET /items/art/brass-instruments/3201621/alalamy.com.au/feature/utsunomiya/alalamy.com.au?_bd_prev_page=alalamy.com.au/detail.php?shopbrand/8217819.htm HTTP/1.1" 200 19453 "-" "Mozilla/5.0 (Linux; Android 6.0.1; Nexus 5X Build/MMB29P) AppleWebKit/537.36 (KHTML, like Gecko) Chrome/137.0.7151.103 Mobile Safari/537.36 (compatible; GoogleOther)"
66.249.68.68 - - [20/Jul/2025:14:46:21 +0000] "GET /items/art/brass-instruments/3201621/alalamy.com.au/feature/utsunomiya/alalamy.com.au?_bd_prev_page=alalamy.com.au/detail.php?shopbrand/8731996.htm HTTP/1.1" 200 20113 "-" "Mozilla/5.0 (Linux; Android 6.0.1; Nexus 5X Build/MMB29P) AppleWebKit/537.36 (KHTML, like Gecko) Chrome/137.0.7151.103 Mobile Safari/537.36 (compatible; GoogleOther)"
66.249.68.67 - - [20/Jul/2025:14:46:22 +0000] "POST /get-message-notify HTTP/1.1" 200 19553 "https://alalamy.com.au/items/art/brass-instruments/3201621/alalamy.com.au/feature/utsunomiya/alalamy.com.au?_bd_prev_page=alalamy.com.au/detail.php?shopbrand/8713515.htm" "Mozilla/5.0 (Linux; Android 6.0.1; Nexus 5X Build/MMB29P) AppleWebKit/537.36 (KHTML, like Gecko) Chrome/137.0.7151.119 Mobile Safari/537.36 (compatible; Googlebot/2.1; +http://www.google.com/bot.html)"
66.249.68.68 - - [20/Jul/2025:14:46:22 +0000] "GET /items/art/brass-instruments/3201621/alalamy.com.au/feature/utsunomiya/alalamy.com.au?_bd_prev_page=alalamy.com.au/detail.php?shopbrand/8705971.htm HTTP/1.1" 200 21419 "-" "Mozilla/5.0 (Linux; Android 6.0.1; Nexus 5X Build/MMB29P) AppleWebKit/537.36 (KHTML, like Gecko) Chrome/137.0.7151.103 Mobile Safari/537.36 (compatible; GoogleOther)"
66.249.68.68 - - [20/Jul/2025:14:46:23 +0000] "GET /items/art/brass-instruments/3201621/alalamy.com.au/feature/utsunomiya/alalamy.com.au?_bd_prev_page=alalamy.com.au/detail.php?shopbrand/8945897.htm HTTP/1.1" 200 19875 "-" "Mozilla/5.0 (Linux; Android 6.0.1; Nexus 5X Build/MMB29P) AppleWebKit/537.36 (KHTML, like Gecko) Chrome/137.0.7151.103 Mobile Safari/537.36 (compatible; GoogleOther)"
66.249.68.68 - - [20/Jul/2025:14:46:24 +0000] "GET /items/art/brass-instruments/3201621/alalamy.com.au/feature/utsunomiya/alalamy.com.au?_bd_prev_page=alalamy.com.au/detail.php?shopbrand/8711821.htm HTTP/1.1" 200 19831 "-" "Mozilla/5.0 (Linux; Android 6.0.1; Nexus 5X Build/MMB29P) AppleWebKit/537.36 (KHTML, like Gecko) Chrome/137.0.7151.103 Mobile Safari/537.36 (compatible; GoogleOther)"
66.249.68.68 - - [20/Jul/2025:14:46:25 +0000] "GET /items/art/brass-instruments/3201621/alalamy.com.au/feature/utsunomiya/alalamy.com.au?_bd_prev_page=alalamy.com.au/detail.php?shopbrand/8706245.htm HTTP/1.1" 200 19576 "-" "Mozilla/5.0 (Linux; Android 6.0.1; Nexus 5X Build/MMB29P) AppleWebKit/537.36 (KHTML, like Gecko) Chrome/137.0.7151.103 Mobile Safari/537.36 (compatible; GoogleOther)"
66.249.68.67 - - [20/Jul/2025:14:46:25 +0000] "GET /items/art/brass-instruments/3201621/alalamy.com.au/feature/utsunomiya/alalamy.com.au?_bd_prev_page=alalamy.com.au/detail.php?shopbrand/8713215.htm HTTP/1.1" 200 19908 "-" "Mozilla/5.0 (Linux; Android 6.0.1; Nexus 5X Build/MMB29P) AppleWebKit/537.36 (KHTML, like Gecko) Chrome/137.0.7151.103 Mobile Safari/537.36 (compatible; GoogleOther)"
66.249.68.67 - - [20/Jul/2025:14:46:26 +0000] "GET /items/art/brass-instruments/3201621/alalamy.com.au/feature/utsunomiya/alalamy.com.au?_bd_prev_page=alalamy.com.au/detail.php?shopbrand/8711108.htm HTTP/1.1" 200 20168 "-" "Mozilla/5.0 (Linux; Android 6.0.1; Nexus 5X Build/MMB29P) AppleWebKit/537.36 (KHTML, like Gecko) Chrome/137.0.7151.103 Mobile Safari/537.36 (compatible; GoogleOther)"
66.249.68.67 - - [20/Jul/2025:14:46:26 +0000] "GET /items/art/brass-instruments/3201621/alalamy.com.au/feature/utsunomiya/alalamy.com.au?_bd_prev_page=alalamy.com.au/detail.php?shopbrand/8668852.htm HTTP/1.1" 200 21366 "-" "Mozilla/5.0 (Linux; Android 6.0.1; Nexus 5X Build/MMB29P) AppleWebKit/537.36 (KHTML, like Gecko) Chrome/137.0.7151.103 Mobile Safari/537.36 (compatible; GoogleOther)"
66.249.68.68 - - [20/Jul/2025:14:46:27 +0000] "POST /get-message-notify HTTP/1.1" 200 19553 "https://alalamy.com.au/items/art/brass-instruments/3201621/alalamy.com.au/feature/utsunomiya/alalamy.com.au?_bd_prev_page=alalamy.com.au/detail.php?shopbrand/8706245.htm" "Mozilla/5.0 (Linux; Android 6.0.1; Nexus 5X Build/MMB29P) AppleWebKit/537.36 (KHTML, like Gecko) Chrome/137.0.7151.119 Mobile Safari/537.36 (compatible; Googlebot/2.1; +http://www.google.com/bot.html)"
66.249.68.68 - - [20/Jul/2025:14:46:27 +0000] "GET /items/art/brass-instruments/3201621/alalamy.com.au/feature/utsunomiya/alalamy.com.au?_bd_prev_page=alalamy.com.au/detail.php?shopbrand/8005560.htm HTTP/1.1" 200 19204 "-" "Mozilla/5.0 (Linux; Android 6.0.1; Nexus 5X Build/MMB29P) AppleWebKit/537.36 (KHTML, like Gecko) Chrome/137.0.7151.103 Mobile Safari/537.36 (compatible; GoogleOther)"
66.249.68.68 - - [20/Jul/2025:14:46:28 +0000] "GET /items/sports/winter-sports/al_c HTTP/1.1" 200 20327 "-" "Googlebot-Image/1.0"
66.249.68.67 - - [20/Jul/2025:14:46:29 +0000] "GET /items/art/good-luck/3295083/alalamy.com.au/alalamy.com.au?_bd_prev_page=alalamy.com.au/detail.php?shopbrand/8723241.htm HTTP/1.1" 200 21201 "-" "Mozilla/5.0 (Linux; Android 6.0.1; Nexus 5X Build/MMB29P) AppleWebKit/537.36 (KHTML, like Gecko) Chrome/137.0.7151.103 Mobile Safari/537.36 (compatible; GoogleOther)"
66.249.68.67 - - [20/Jul/2025:14:46:29 +0000] "POST /get-message-notify HTTP/1.1" 200 19553 "https://alalamy.com.au/items/art/brass-instruments/3201621/alalamy.com.au/feature/utsunomiya/alalamy.com.au?_bd_prev_page=alalamy.com.au/detail.php?shopbrand/8722667.htm" "Mozilla/5.0 (Linux; Android 6.0.1; Nexus 5X Build/MMB29P) AppleWebKit/537.36 (KHTML, like Gecko) Chrome/137.0.7151.119 Mobile Safari/537.36 (compatible; Googlebot/2.1; +http://www.google.com/bot.html)"
66.249.68.68 - - [20/Jul/2025:14:46:29 +0000] "POST /get-message-notify HTTP/1.1" 200 19553 "https://alalamy.com.au/items/art/brass-instruments/3201621/alalamy.com.au/feature/utsunomiya/alalamy.com.au?_bd_prev_page=alalamy.com.au/detail.php?shopbrand/8668852.htm" "Mozilla/5.0 (Linux; Android 6.0.1; Nexus 5X Build/MMB29P) AppleWebKit/537.36 (KHTML, like Gecko) Chrome/137.0.7151.119 Mobile Safari/537.36 (compatible; Googlebot/2.1; +http://www.google.com/bot.html)"
66.249.68.67 - - [20/Jul/2025:14:46:29 +0000] "GET /items/art/brass-instruments/3201621/alalamy.com.au/feature/utsunomiya/alalamy.com.au?_bd_prev_page=alalamy.com.au/detail.php?shopbrand/8518599.htm HTTP/1.1" 200 19693 "-" "Mozilla/5.0 (Linux; Android 6.0.1; Nexus 5X Build/MMB29P) AppleWebKit/537.36 (KHTML, like Gecko) Chrome/137.0.7151.103 Mobile Safari/537.36 (compatible; GoogleOther)"
66.249.68.69 - - [20/Jul/2025:14:46:30 +0000] "GET /items/art/brass-instruments/3201621/alalamy.com.au/feature/utsunomiya/alalamy.com.au?_bd_prev_page=alalamy.com.au/detail.php?shopbrand/8725431.htm HTTP/1.1" 200 20779 "-" "Mozilla/5.0 (Linux; Android 6.0.1; Nexus 5X Build/MMB29P) AppleWebKit/537.36 (KHTML, like Gecko) Chrome/137.0.7151.103 Mobile Safari/537.36 (compatible; GoogleOther)"
66.249.68.69 - - [20/Jul/2025:14:46:30 +0000] "POST /get-message-notify HTTP/1.1" 200 19553 "https://alalamy.com.au/items/art/brass-instruments/3201621/alalamy.com.au/feature/utsunomiya/alalamy.com.au?_bd_prev_page=alalamy.com.au/detail.php?shopbrand/8006972.htm" "Mozilla/5.0 (Linux; Android 6.0.1; Nexus 5X Build/MMB29P) AppleWebKit/537.36 (KHTML, like Gecko) Chrome/137.0.7151.119 Mobile Safari/537.36 (compatible; Googlebot/2.1; +http://www.google.com/bot.html)"
66.249.68.69 - - [20/Jul/2025:14:46:30 +0000] "GET /items/art/brass-instruments/3201621/alalamy.com.au/feature/utsunomiya/alalamy.com.au?_bd_prev_page=alalamy.com.au/detail.php?shopbrand/8714726.htm HTTP/1.1" 200 21364 "-" "Mozilla/5.0 (Linux; Android 6.0.1; Nexus 5X Build/MMB29P) AppleWebKit/537.36 (KHTML, like Gecko) Chrome/137.0.7151.103 Mobile Safari/537.36 (compatible; GoogleOther)"
66.249.68.67 - - [20/Jul/2025:14:46:32 +0000] "GET /items/art/brass-instruments/3201621/alalamy.com.au/feature/utsunomiya/alalamy.com.au?_bd_prev_page=alalamy.com.au/detail.php?shopbrand/8937416.htm HTTP/1.1" 200 20811 "-" "Mozilla/5.0 (Linux; Android 6.0.1; Nexus 5X Build/MMB29P) AppleWebKit/537.36 (KHTML, like Gecko) Chrome/137.0.7151.103 Mobile Safari/537.36 (compatible; GoogleOther)"
66.249.68.68 - - [20/Jul/2025:14:46:32 +0000] "GET /items/art/brass-instruments/3201621/alalamy.com.au/feature/utsunomiya/alalamy.com.au?_bd_prev_page=alalamy.com.au/detail.php?shopbrand/8510674.htm HTTP/1.1" 200 22547 "-" "Mozilla/5.0 (Linux; Android 6.0.1; Nexus 5X Build/MMB29P) AppleWebKit/537.36 (KHTML, like Gecko) Chrome/137.0.7151.103 Mobile Safari/537.36 (compatible; GoogleOther)"
66.249.68.68 - - [20/Jul/2025:14:46:34 +0000] "GET /items/art/brass-instruments/3201621/alalamy.com.au/feature/utsunomiya/alalamy.com.au?_bd_prev_page=alalamy.com.au/detail.php?shopbrand/8658860.htm HTTP/1.1" 200 23195 "-" "Mozilla/5.0 (Linux; Android 6.0.1; Nexus 5X Build/MMB29P) AppleWebKit/537.36 (KHTML, like Gecko) Chrome/137.0.7151.103 Mobile Safari/537.36 (compatible; GoogleOther)"
66.249.68.67 - - [20/Jul/2025:14:46:34 +0000] "GET /items/art/brass-instruments/3201621/alalamy.com.au/feature/utsunomiya/alalamy.com.au?_bd_prev_page=alalamy.com.au/detail.php?shopbrand/8938935.htm HTTP/1.1" 200 19679 "-" "Mozilla/5.0 (Linux; Android 6.0.1; Nexus 5X Build/MMB29P) AppleWebKit/537.36 (KHTML, like Gecko) Chrome/137.0.7151.103 Mobile Safari/537.36 (compatible; GoogleOther)"
66.249.68.67 - - [20/Jul/2025:14:46:35 +0000] "GET /items/art/brass-instruments/3201621/alalamy.com.au/feature/utsunomiya/alalamy.com.au?_bd_prev_page=alalamy.com.au/detail.php?shopbrand/8510277.htm HTTP/1.1" 200 21046 "-" "Mozilla/5.0 (Linux; Android 6.0.1; Nexus 5X Build/MMB29P) AppleWebKit/537.36 (KHTML, like Gecko) Chrome/137.0.7151.103 Mobile Safari/537.36 (compatible; GoogleOther)"
66.249.68.67 - - [20/Jul/2025:14:46:36 +0000] "GET /items/art/brass-instruments/3201621/alalamy.com.au/feature/utsunomiya/alalamy.com.au?_bd_prev_page=alalamy.com.au/detail.php?shopbrand/8515835.htm HTTP/1.1" 200 20598 "-" "Mozilla/5.0 (Linux; Android 6.0.1; Nexus 5X Build/MMB29P) AppleWebKit/537.36 (KHTML, like Gecko) Chrome/137.0.7151.103 Mobile Safari/537.36 (compatible; GoogleOther)"
66.249.68.70 - - [20/Jul/2025:14:46:36 +0000] "GET /items/art/brass-instruments/3201621/alalamy.com.au/feature/utsunomiya/alalamy.com.au?_bd_prev_page=alalamy.com.au/detail.php?shopbrand/8668181.htm HTTP/1.1" 200 20217 "-" "Mozilla/5.0 (Linux; Android 6.0.1; Nexus 5X Build/MMB29P) AppleWebKit/537.36 (KHTML, like Gecko) Chrome/137.0.7151.103 Mobile Safari/537.36 (compatible; GoogleOther)"
66.249.68.69 - - [20/Jul/2025:14:46:37 +0000] "GET /items/art/models/4522986/alalamy.com.au/feature/alalamy.com.au?_bd_prev_page=alalamy.com.au/detail.php?shopbrand/9201941.htm HTTP/1.1" 200 20543 "-" "Mozilla/5.0 (Linux; Android 6.0.1; Nexus 5X Build/MMB29P) AppleWebKit/537.36 (KHTML, like Gecko) Chrome/137.0.7151.103 Mobile Safari/537.36 (compatible; GoogleOther)"
66.249.68.68 - - [20/Jul/2025:14:46:37 +0000] "GET /items/art/brass-instruments/3201621/alalamy.com.au/feature/utsunomiya/alalamy.com.au?_bd_prev_page=alalamy.com.au/detail.php?shopbrand/8730453.htm HTTP/1.1" 200 19666 "-" "Mozilla/5.0 (Linux; Android 6.0.1; Nexus 5X Build/MMB29P) AppleWebKit/537.36 (KHTML, like Gecko) Chrome/137.0.7151.103 Mobile Safari/537.36 (compatible; GoogleOther)"
66.249.68.68 - - [20/Jul/2025:14:46:38 +0000] "POST /get-message-notify HTTP/1.1" 200 19553 "https://alalamy.com.au/items/art/brass-instruments/3201621/alalamy.com.au/feature/utsunomiya/alalamy.com.au?_bd_prev_page=alalamy.com.au/detail.php?shopbrand/8714055.htm" "Mozilla/5.0 (Linux; Android 6.0.1; Nexus 5X Build/MMB29P) AppleWebKit/537.36 (KHTML, like Gecko) Chrome/137.0.7151.119 Mobile Safari/537.36 (compatible; Googlebot/2.1; +http://www.google.com/bot.html)"
66.249.68.70 - - [20/Jul/2025:14:46:38 +0000] "GET /items/art/brass-instruments/3201621/alalamy.com.au/feature/utsunomiya/alalamy.com.au?_bd_prev_page=alalamy.com.au/detail.php?shopbrand/8735755.htm HTTP/1.1" 200 21171 "-" "Mozilla/5.0 (Linux; Android 6.0.1; Nexus 5X Build/MMB29P) AppleWebKit/537.36 (KHTML, like Gecko) Chrome/137.0.7151.103 Mobile Safari/537.36 (compatible; GoogleOther)"
66.249.68.67 - - [20/Jul/2025:14:46:39 +0000] "POST /get-message-notify HTTP/1.1" 200 19553 "https://alalamy.com.au/items/art/brass-instruments/3201621/alalamy.com.au/feature/utsunomiya/alalamy.com.au?_bd_prev_page=alalamy.com.au/detail.php?shopbrand/8668181.htm" "Mozilla/5.0 (Linux; Android 6.0.1; Nexus 5X Build/MMB29P) AppleWebKit/537.36 (KHTML, like Gecko) Chrome/137.0.7151.119 Mobile Safari/537.36 (compatible; Googlebot/2.1; +http://www.google.com/bot.html)"
66.249.68.70 - - [20/Jul/2025:14:46:39 +0000] "GET /items/art/models/4522986/alalamy.com.au/feature/alalamy.com.au?_bd_prev_page=alalamy.com.au/detail.php?shopbrand/8643177.htm HTTP/1.1" 200 21410 "-" "Mozilla/5.0 (Linux; Android 6.0.1; Nexus 5X Build/MMB29P) AppleWebKit/537.36 (KHTML, like Gecko) Chrome/137.0.7151.103 Mobile Safari/537.36 (compatible; GoogleOther)"
66.249.68.68 - - [20/Jul/2025:14:46:40 +0000] "POST /get-message-notify HTTP/1.1" 200 19553 "https://alalamy.com.au/items/art/brass-instruments/3201621/alalamy.com.au/feature/utsunomiya/alalamy.com.au?_bd_prev_page=alalamy.com.au/detail.php?shopbrand/8730453.htm" "Mozilla/5.0 (Linux; Android 6.0.1; Nexus 5X Build/MMB29P) AppleWebKit/537.36 (KHTML, like Gecko) Chrome/137.0.7151.119 Mobile Safari/537.36 (compatible; Googlebot/2.1; +http://www.google.com/bot.html)"
66.249.68.69 - - [20/Jul/2025:14:46:40 +0000] "GET /items/diy/painting/2554303/ HTTP/1.1" 200 18899 "-" "Mozilla/5.0 (Linux; Android 6.0.1; Nexus 5X Build/MMB29P) AppleWebKit/537.36 (KHTML, like Gecko) Chrome/137.0.7151.103 Mobile Safari/537.36 (compatible; GoogleOther)"
66.249.68.70 - - [20/Jul/2025:14:46:41 +0000] "POST /get-message-notify HTTP/1.1" 200 19553 "https://alalamy.com.au/items/art/brass-instruments/3201621/alalamy.com.au/feature/utsunomiya/alalamy.com.au?_bd_prev_page=alalamy.com.au/detail.php?shopbrand/8518599.htm" "Mozilla/5.0 (Linux; Android 6.0.1; Nexus 5X Build/MMB29P) AppleWebKit/537.36 (KHTML, like Gecko) Chrome/137.0.7151.119 Mobile Safari/537.36 (compatible; Googlebot/2.1; +http://www.google.com/bot.html)"
66.249.68.70 - - [20/Jul/2025:14:46:41 +0000] "GET /items/art/models/4522986/alalamy.com.au/feature/alalamy.com.au?_bd_prev_page=alalamy.com.au/detail.php?shopbrand/8723507.htm HTTP/1.1" 200 20415 "-" "Mozilla/5.0 (Linux; Android 6.0.1; Nexus 5X Build/MMB29P) AppleWebKit/537.36 (KHTML, like Gecko) Chrome/137.0.7151.103 Mobile Safari/537.36 (compatible; GoogleOther)"
66.249.68.67 - - [20/Jul/2025:14:46:42 +0000] "GET /items/art/brass-instruments/3201621/alalamy.com.au/feature/utsunomiya/alalamy.com.au?_bd_prev_page=alalamy.com.au/detail.php?shopbrand/8515853.htm HTTP/1.1" 200 19875 "-" "Mozilla/5.0 (Linux; Android 6.0.1; Nexus 5X Build/MMB29P) AppleWebKit/537.36 (KHTML, like Gecko) Chrome/137.0.7151.103 Mobile Safari/537.36 (compatible; GoogleOther)"
66.249.68.69 - - [20/Jul/2025:14:46:42 +0000] "GET /items/art/brass-instruments/3201621/alalamy.com.au/feature/utsunomiya/alalamy.com.au?_bd_prev_page=alalamy.com.au/detail.php?shopbrand/8472884.htm HTTP/1.1" 200 19145 "-" "Mozilla/5.0 (Linux; Android 6.0.1; Nexus 5X Build/MMB29P) AppleWebKit/537.36 (KHTML, like Gecko) Chrome/137.0.7151.103 Mobile Safari/537.36 (compatible; GoogleOther)"
66.249.68.68 - - [20/Jul/2025:14:46:43 +0000] "POST /get-message-notify HTTP/1.1" 200 19553 "https://alalamy.com.au/items/art/models/4522986/alalamy.com.au/feature/alalamy.com.au?_bd_prev_page=alalamy.com.au/detail.php?shopbrand/8643177.htm" "Mozilla/5.0 (Linux; Android 6.0.1; Nexus 5X Build/MMB29P) AppleWebKit/537.36 (KHTML, like Gecko) Chrome/137.0.7151.119 Mobile Safari/537.36 (compatible; Googlebot/2.1; +http://www.google.com/bot.html)"
66.249.68.67 - - [20/Jul/2025:14:46:44 +0000] "GET /items/art/brass-instruments/3201621/alalamy.com.au/feature/utsunomiya/alalamy.com.au?_bd_prev_page=alalamy.com.au/detail.php?shopbrand/8470120.htm HTTP/1.1" 200 21056 "-" "Mozilla/5.0 (Linux; Android 6.0.1; Nexus 5X Build/MMB29P) AppleWebKit/537.36 (KHTML, like Gecko) Chrome/137.0.7151.103 Mobile Safari/537.36 (compatible; GoogleOther)"
66.249.68.67 - - [20/Jul/2025:14:46:44 +0000] "GET /items/art/models/4522986/alalamy.com.au/feature/alalamy.com.au?_bd_prev_page=alalamy.com.au/detail.php?shopbrand/9065596.htm HTTP/1.1" 200 19661 "-" "Mozilla/5.0 (Linux; Android 6.0.1; Nexus 5X Build/MMB29P) AppleWebKit/537.36 (KHTML, like Gecko) Chrome/137.0.7151.103 Mobile Safari/537.36 (compatible; GoogleOther)"
66.249.68.68 - - [20/Jul/2025:14:46:45 +0000] "GET /items/art/brass-instruments/3201621/alalamy.com.au/feature/utsunomiya/alalamy.com.au?_bd_prev_page=alalamy.com.au/detail.php?shopbrand/8726676.htm HTTP/1.1" 200 19705 "-" "Mozilla/5.0 (Linux; Android 6.0.1; Nexus 5X Build/MMB29P) AppleWebKit/537.36 (KHTML, like Gecko) Chrome/137.0.7151.103 Mobile Safari/537.36 (compatible; GoogleOther)"
66.249.68.69 - - [20/Jul/2025:14:46:45 +0000] "GET /items/art/brass-instruments/3201621/alalamy.com.au/feature/utsunomiya/alalamy.com.au?_bd_prev_page=alalamy.com.au/detail.php?shopbrand/8501637.htm HTTP/1.1" 200 20682 "-" "Mozilla/5.0 (Linux; Android 6.0.1; Nexus 5X Build/MMB29P) AppleWebKit/537.36 (KHTML, like Gecko) Chrome/137.0.7151.103 Mobile Safari/537.36 (compatible; GoogleOther)"
66.249.68.71 - - [20/Jul/2025:14:46:46 +0000] "GET /items/art/brass-instruments/3201621/alalamy.com.au/feature/utsunomiya/alalamy.com.au?_bd_prev_page=alalamy.com.au/detail.php?shopbrand/8504576.htm HTTP/1.1" 200 20792 "-" "Mozilla/5.0 (Linux; Android 6.0.1; Nexus 5X Build/MMB29P) AppleWebKit/537.36 (KHTML, like Gecko) Chrome/137.0.7151.103 Mobile Safari/537.36 (compatible; GoogleOther)"
66.249.68.68 - - [20/Jul/2025:14:46:46 +0000] "POST /get-message-notify HTTP/1.1" 200 19553 "https://alalamy.com.au/items/art/brass-instruments/3201621/alalamy.com.au/feature/utsunomiya/alalamy.com.au?_bd_prev_page=alalamy.com.au/detail.php?shopbrand/8734071.htm" "Mozilla/5.0 (Linux; Android 6.0.1; Nexus 5X Build/MMB29P) AppleWebKit/537.36 (KHTML, like Gecko) Chrome/137.0.7151.119 Mobile Safari/537.36 (compatible; Googlebot/2.1; +http://www.google.com/bot.html)"
66.249.68.68 - - [20/Jul/2025:14:46:47 +0000] "POST /get-message-notify HTTP/1.1" 200 19553 "https://alalamy.com.au/items/art/brass-instruments/3201621/alalamy.com.au/feature/utsunomiya/alalamy.com.au?_bd_prev_page=alalamy.com.au/detail.php?shopbrand/8515853.htm" "Mozilla/5.0 (Linux; Android 6.0.1; Nexus 5X Build/MMB29P) AppleWebKit/537.36 (KHTML, like Gecko) Chrome/137.0.7151.119 Mobile Safari/537.36 (compatible; Googlebot/2.1; +http://www.google.com/bot.html)"
66.249.68.70 - - [20/Jul/2025:14:46:47 +0000] "GET /items/art/models/4522986/alalamy.com.au/feature/alalamy.com.au?_bd_prev_page=alalamy.com.au/detail.php?shopbrand/9201260.htm HTTP/1.1" 200 19361 "-" "Mozilla/5.0 (Linux; Android 6.0.1; Nexus 5X Build/MMB29P) AppleWebKit/537.36 (KHTML, like Gecko) Chrome/137.0.7151.103 Mobile Safari/537.36 (compatible; GoogleOther)"
66.249.68.67 - - [20/Jul/2025:14:46:47 +0000] "GET /items/art/brass-instruments/3201621/alalamy.com.au/feature/utsunomiya/alalamy.com.au?_bd_prev_page=alalamy.com.au/detail.php?shopbrand/8461190.htm HTTP/1.1" 200 20919 "-" "Mozilla/5.0 (Linux; Android 6.0.1; Nexus 5X Build/MMB29P) AppleWebKit/537.36 (KHTML, like Gecko) Chrome/137.0.7151.103 Mobile Safari/537.36 (compatible; GoogleOther)"
66.249.68.71 - - [20/Jul/2025:14:46:48 +0000] "GET /items/art/brass-instruments/3201621/alalamy.com.au/feature/utsunomiya/alalamy.com.au?_bd_prev_page=alalamy.com.au/detail.php?shopbrand/8457713.htm HTTP/1.1" 200 19769 "-" "Mozilla/5.0 (Linux; Android 6.0.1; Nexus 5X Build/MMB29P) AppleWebKit/537.36 (KHTML, like Gecko) Chrome/137.0.7151.103 Mobile Safari/537.36 (compatible; GoogleOther)"
66.249.68.69 - - [20/Jul/2025:14:46:48 +0000] "POST /get-message-notify HTTP/1.1" 200 19553 "https://alalamy.com.au/items/art/brass-instruments/3201621/alalamy.com.au/feature/utsunomiya/alalamy.com.au?_bd_prev_page=alalamy.com.au/detail.php?shopbrand/8713215.htm" "Mozilla/5.0 (Linux; Android 6.0.1; Nexus 5X Build/MMB29P) AppleWebKit/537.36 (KHTML, like Gecko) Chrome/137.0.7151.119 Mobile Safari/537.36 (compatible; Googlebot/2.1; +http://www.google.com/bot.html)"
66.249.68.64 - - [20/Jul/2025:14:46:49 +0000] "GET /items/art/models/4522986/alalamy.com.au/feature/alalamy.com.au?_bd_prev_page=alalamy.com.au/detail.php?shopbrand/8729357.htm HTTP/1.1" 200 19484 "-" "Mozilla/5.0 (Linux; Android 6.0.1; Nexus 5X Build/MMB29P) AppleWebKit/537.36 (KHTML, like Gecko) Chrome/137.0.7151.103 Mobile Safari/537.36 (compatible; GoogleOther)"
66.249.68.64 - - [20/Jul/2025:14:46:49 +0000] "GET /items/art/models/4522986/alalamy.com.au/feature/alalamy.com.au?_bd_prev_page=alalamy.com.au/detail.php?man/kaitori/kaitoritop.html HTTP/1.1" 200 20644 "-" "Mozilla/5.0 (Linux; Android 6.0.1; Nexus 5X Build/MMB29P) AppleWebKit/537.36 (KHTML, like Gecko) Chrome/137.0.7151.103 Mobile Safari/537.36 (compatible; GoogleOther)"
66.249.68.69 - - [20/Jul/2025:14:46:50 +0000] "GET /items/art/models/4522986/alalamy.com.au/feature/alalamy.com.au?_bd_prev_page=alalamy.com.au/detail.php?shopbrand/8721539.htm HTTP/1.1" 200 19809 "-" "Mozilla/5.0 (Linux; Android 6.0.1; Nexus 5X Build/MMB29P) AppleWebKit/537.36 (KHTML, like Gecko) Chrome/137.0.7151.103 Mobile Safari/537.36 (compatible; GoogleOther)"
66.249.68.68 - - [20/Jul/2025:14:46:50 +0000] "POST /get-message-notify HTTP/1.1" 200 19553 "https://alalamy.com.au/items/art/good-luck/3295083/alalamy.com.au/alalamy.com.au?_bd_prev_page=alalamy.com.au/detail.php?shopbrand/8723241.htm" "Mozilla/5.0 (Linux; Android 6.0.1; Nexus 5X Build/MMB29P) AppleWebKit/537.36 (KHTML, like Gecko) Chrome/137.0.7151.119 Mobile Safari/537.36 (compatible; Googlebot/2.1; +http://www.google.com/bot.html)"
66.249.68.68 - - [20/Jul/2025:14:46:51 +0000] "POST /get-message-notify HTTP/1.1" 200 19553 "https://alalamy.com.au/items/art/brass-instruments/3201621/alalamy.com.au/feature/utsunomiya/alalamy.com.au?_bd_prev_page=alalamy.com.au/detail.php?shopbrand/8461190.htm" "Mozilla/5.0 (Linux; Android 6.0.1; Nexus 5X Build/MMB29P) AppleWebKit/537.36 (KHTML, like Gecko) Chrome/137.0.7151.119 Mobile Safari/537.36 (compatible; Googlebot/2.1; +http://www.google.com/bot.html)"
66.249.68.70 - - [20/Jul/2025:14:46:51 +0000] "GET /items/art/models/4522986/alalamy.com.au/feature/alalamy.com.au?_bd_prev_page=alalamy.com.au/detail.php?shopbrand/9204580.htm HTTP/1.1" 200 19623 "-" "Mozilla/5.0 (Linux; Android 6.0.1; Nexus 5X Build/MMB29P) AppleWebKit/537.36 (KHTML, like Gecko) Chrome/137.0.7151.103 Mobile Safari/537.36 (compatible; GoogleOther)"
66.249.68.67 - - [20/Jul/2025:14:46:51 +0000] "GET /items/art/brass-instruments/3201621/alalamy.com.au/feature/utsunomiya/alalamy.com.au?_bd_prev_page=alalamy.com.au/detail.php?shopbrand/8455348.htm HTTP/1.1" 200 20130 "-" "Mozilla/5.0 (Linux; Android 6.0.1; Nexus 5X Build/MMB29P) AppleWebKit/537.36 (KHTML, like Gecko) Chrome/137.0.7151.103 Mobile Safari/537.36 (compatible; GoogleOther)"
66.249.68.71 - - [20/Jul/2025:14:46:52 +0000] "POST /get-message-notify HTTP/1.1" 200 19553 "https://alalamy.com.au/items/art/brass-instruments/3201621/alalamy.com.au/feature/utsunomiya/alalamy.com.au?_bd_prev_page=alalamy.com.au/detail.php?shopbrand/8515835.htm" "Mozilla/5.0 (Linux; Android 6.0.1; Nexus 5X Build/MMB29P) AppleWebKit/537.36 (KHTML, like Gecko) Chrome/137.0.7151.119 Mobile Safari/537.36 (compatible; Googlebot/2.1; +http://www.google.com/bot.html)"
66.249.68.68 - - [20/Jul/2025:14:46:52 +0000] "GET /items/art/brass-instruments/3201621/alalamy.com.au/feature/utsunomiya/alalamy.com.au?_bd_prev_page=alalamy.com.au/detail.php?shopbrand/8451456.htm HTTP/1.1" 200 20523 "-" "Mozilla/5.0 (Linux; Android 6.0.1; Nexus 5X Build/MMB29P) AppleWebKit/537.36 (KHTML, like Gecko) Chrome/137.0.7151.103 Mobile Safari/537.36 (compatible; GoogleOther)"
66.249.68.70 - - [20/Jul/2025:14:46:53 +0000] "GET /items/art/good-luck/3295083/alalamy.com.au/alalamy.com.au?_bd_prev_page=alalamy.com.au/detail.php?man/kaitori/kaitoritop.html HTTP/1.1" 200 20640 "-" "Mozilla/5.0 (Linux; Android 6.0.1; Nexus 5X Build/MMB29P) AppleWebKit/537.36 (KHTML, like Gecko) Chrome/137.0.7151.103 Mobile Safari/537.36 (compatible; GoogleOther)"
66.249.68.65 - - [20/Jul/2025:14:46:53 +0000] "GET /items/art/guitars/3212837/alalamy.com.au/feature/utsunomiya/index.html HTTP/1.1" 200 19247 "-" "Mozilla/5.0 (Linux; Android 6.0.1; Nexus 5X Build/MMB29P) AppleWebKit/537.36 (KHTML, like Gecko) Chrome/137.0.7151.103 Mobile Safari/537.36 (compatible; GoogleOther)"
66.249.68.68 - - [20/Jul/2025:14:46:53 +0000] "POST /get-message-notify HTTP/1.1" 200 19553 "https://alalamy.com.au/items/art/brass-instruments/3201621/alalamy.com.au/feature/utsunomiya/alalamy.com.au?_bd_prev_page=alalamy.com.au/detail.php?shopbrand/8005560.htm" "Mozilla/5.0 (Linux; Android 6.0.1; Nexus 5X Build/MMB29P) AppleWebKit/537.36 (KHTML, like Gecko) Chrome/137.0.7151.119 Mobile Safari/537.36 (compatible; Googlebot/2.1; +http://www.google.com/bot.html)"
66.249.68.67 - - [20/Jul/2025:14:46:54 +0000] "GET /items/art/models/4522986/alalamy.com.au/feature/alalamy.com.au?_bd_prev_page=alalamy.com.au/detail.php?shopbrand/8648421.htm HTTP/1.1" 200 21383 "-" "Mozilla/5.0 (Linux; Android 6.0.1; Nexus 5X Build/MMB29P) AppleWebKit/537.36 (KHTML, like Gecko) Chrome/137.0.7151.103 Mobile Safari/537.36 (compatible; GoogleOther)"
66.249.68.64 - - [20/Jul/2025:14:46:55 +0000] "GET /items/art/brass-instruments/3201621/alalamy.com.au/feature/utsunomiya/alalamy.com.au?_bd_prev_page=alalamy.com.au/detail.php?shopbrand/8661640.htm HTTP/1.1" 200 19448 "-" "Mozilla/5.0 (Linux; Android 6.0.1; Nexus 5X Build/MMB29P) AppleWebKit/537.36 (KHTML, like Gecko) Chrome/137.0.7151.103 Mobile Safari/537.36 (compatible; GoogleOther)"
66.249.68.67 - - [20/Jul/2025:14:46:55 +0000] "GET /items/art/models/4522986/alalamy.com.au/feature/alalamy.com.au?_bd_prev_page=alalamy.com.au/detail.php?shopbrand/8571719.htm HTTP/1.1" 200 19357 "-" "Mozilla/5.0 (Linux; Android 6.0.1; Nexus 5X Build/MMB29P) AppleWebKit/537.36 (KHTML, like Gecko) Chrome/137.0.7151.103 Mobile Safari/537.36 (compatible; GoogleOther)"
66.249.68.64 - - [20/Jul/2025:14:46:56 +0000] "POST /get-message-notify HTTP/1.1" 200 19553 "https://alalamy.com.au/items/art/brass-instruments/3201621/alalamy.com.au/feature/utsunomiya/alalamy.com.au?_bd_prev_page=alalamy.com.au/detail.php?shopbrand/8735755.htm" "Mozilla/5.0 (Linux; Android 6.0.1; Nexus 5X Build/MMB29P) AppleWebKit/537.36 (KHTML, like Gecko) Chrome/137.0.7151.119 Mobile Safari/537.36 (compatible; Googlebot/2.1; +http://www.google.com/bot.html)"
66.249.68.69 - - [20/Jul/2025:14:46:56 +0000] "GET /items/art/brass-instruments/3201621/alalamy.com.au/feature/utsunomiya/alalamy.com.au?_bd_prev_page=alalamy.com.au/detail.php?shopbrand/8660256.htm HTTP/1.1" 200 21841 "-" "Mozilla/5.0 (Linux; Android 6.0.1; Nexus 5X Build/MMB29P) AppleWebKit/537.36 (KHTML, like Gecko) Chrome/137.0.7151.103 Mobile Safari/537.36 (compatible; GoogleOther)"
66.249.68.69 - - [20/Jul/2025:14:46:56 +0000] "GET /items/art/models/5074503/alalamy.com.au/toreka/goods_menu.html HTTP/1.1" 200 22439 "-" "Mozilla/5.0 (Linux; Android 6.0.1; Nexus 5X Build/MMB29P) AppleWebKit/537.36 (KHTML, like Gecko) Chrome/137.0.7151.103 Mobile Safari/537.36 (compatible; GoogleOther)"
66.249.68.65 - - [20/Jul/2025:14:46:57 +0000] "POST /get-message-notify HTTP/1.1" 200 19553 "https://alalamy.com.au/items/art/brass-instruments/3201621/alalamy.com.au/feature/utsunomiya/alalamy.com.au?_bd_prev_page=alalamy.com.au/detail.php?shopbrand/8726676.htm" "Mozilla/5.0 (Linux; Android 6.0.1; Nexus 5X Build/MMB29P) AppleWebKit/537.36 (KHTML, like Gecko) Chrome/137.0.7151.119 Mobile Safari/537.36 (compatible; Googlebot/2.1; +http://www.google.com/bot.html)"
66.249.68.70 - - [20/Jul/2025:14:46:57 +0000] "POST /get-message-notify HTTP/1.1" 200 19553 "https://alalamy.com.au/items/art/brass-instruments/3201621/alalamy.com.au/feature/utsunomiya/alalamy.com.au?_bd_prev_page=alalamy.com.au/detail.php?shopbrand/8711821.htm" "Mozilla/5.0 (Linux; Android 6.0.1; Nexus 5X Build/MMB29P) AppleWebKit/537.36 (KHTML, like Gecko) Chrome/137.0.7151.119 Mobile Safari/537.36 (compatible; Googlebot/2.1; +http://www.google.com/bot.html)"
66.249.68.70 - - [20/Jul/2025:14:46:57 +0000] "GET /items/art/models/4522986/alalamy.com.au/feature/alalamy.com.au?_bd_prev_page=alalamy.com.au/detail.php?shopbrand/8569370.htm HTTP/1.1" 200 21716 "-" "Mozilla/5.0 (Linux; Android 6.0.1; Nexus 5X Build/MMB29P) AppleWebKit/537.36 (KHTML, like Gecko) Chrome/137.0.7151.103 Mobile Safari/537.36 (compatible; GoogleOther)"
