66.249.68.69 - - [20/Jul/2025:14:25:09 +0000] "GET /?k=6886596031900&mod=0afe1037&uri=goods.php%3Fid%3D229992-345%26name%3Dlevis+511+slim+fit+el+corte+ingles HTTP/1.1" 200 19624 "-" "Mozilla/5.0 (Linux; Android 6.0.1; Nexus 5X Build/MMB29P) AppleWebKit/537.36 (KHTML, like Gecko) Chrome/137.0.7151.103 Mobile Safari/537.36 (compatible; Googlebot/2.1; +http://www.google.com/bot.html)"
66.249.68.67 - - [20/Jul/2025:14:25:31 +0000] "GET /?k=6752315041900&mod=b75fccec&uri=news.php%3Fid%3D225510-233%26name%3Dkevingston+ropa+de+mujer HTTP/1.1" 200 19607 "-" "Mozilla/5.0 (Linux; Android 6.0.1; Nexus 5X Build/MMB29P) AppleWebKit/537.36 (KHTML, like Gecko) Chrome/137.0.7151.103 Mobile Safari/537.36 (compatible; Googlebot/2.1; +http://www.google.com/bot.html)"
66.249.68.67 - - [20/Jul/2025:14:25:38 +0000] "POST /get-message-notify HTTP/1.1" 200 19553 "https://alalamy.com.au/?k=6752315041900&mod=b75fccec&uri=news.php%3Fid%3D225510-233%26name%3Dkevingston+ropa+de+mujer" "Mozilla/5.0 (Linux; Android 6.0.1; Nexus 5X Build/MMB29P) AppleWebKit/537.36 (KHTML, like Gecko) Chrome/137.0.7151.119 Mobile Safari/537.36 (compatible; Googlebot/2.1; +http://www.google.com/bot.html)"
66.249.68.67 - - [20/Jul/2025:14:25:42 +0000] "GET /?k=6888216021900&mod=0afe1037&uri=shop.php%3Fid%3D230046-345%26name%3Dpantalon+de+oficina+mujer HTTP/1.1" 200 19605 "-" "Mozilla/5.0 (Linux; Android 6.0.1; Nexus 5X Build/MMB29P) AppleWebKit/537.36 (KHTML, like Gecko) Chrome/137.0.7151.103 Mobile Safari/537.36 (compatible; Googlebot/2.1; +http://www.google.com/bot.html)"
66.249.68.67 - - [20/Jul/2025:14:25:55 +0000] "GET /?k=6890916001900&mod=0afe1037&uri=search.php%3Fid%3D230136-345%26name%3Dsueter+navide%C3%83%C2%B1o+led HTTP/1.1" 200 19643 "-" "Mozilla/5.0 (Linux; Android 6.0.1; Nexus 5X Build/MMB29P) AppleWebKit/537.36 (KHTML, like Gecko) Chrome/137.0.7151.103 Mobile Safari/537.36 (compatible; Googlebot/2.1; +http://www.google.com/bot.html)"
66.249.68.69 - - [20/Jul/2025:14:26:06 +0000] "GET /?k=6672945061900&mod=030a77a5&uri=itm.php%3Fid%3D222862-375%26name%3Dnike+shox+negro+con+dorado HTTP/1.1" 200 19601 "-" "Mozilla/5.0 (Linux; Android 6.0.1; Nexus 5X Build/MMB29P) AppleWebKit/537.36 (KHTML, like Gecko) Chrome/137.0.7151.103 Mobile Safari/537.36 (compatible; Googlebot/2.1; +http://www.google.com/bot.html)"
66.249.68.68 - - [20/Jul/2025:14:26:19 +0000] "GET /?k=119510831031900&mod=43460ad1&uri=shared.php%3Fid%3D3988443-827%26name%3Dmonomando+doble HTTP/1.1" 200 19630 "-" "Mozilla/5.0 (Linux; Android 6.0.1; Nexus 5X Build/MMB29P) AppleWebKit/537.36 (KHTML, like Gecko) Chrome/137.0.7151.103 Mobile Safari/537.36 (compatible; Googlebot/2.1; +http://www.google.com/bot.html)"
66.249.68.67 - - [20/Jul/2025:14:26:24 +0000] "POST /get-message-notify HTTP/1.1" 200 19553 "https://alalamy.com.au/?k=119510831031900&mod=43460ad1&uri=shared.php%3Fid%3D3988443-827%26name%3Dmonomando+doble" "Mozilla/5.0 (Linux; Android 6.0.1; Nexus 5X Build/MMB29P) AppleWebKit/537.36 (KHTML, like Gecko) Chrome/137.0.7151.119 Mobile Safari/537.36 (compatible; Googlebot/2.1; +http://www.google.com/bot.html)"
209.74.77.214 - - [20/Jul/2025:14:26:29 +0000] "POST /wp-cron.php?doing_wp_cron=1753021589.5163199901580810546875 HTTP/1.1" 200 - "-" "WordPress/6.8.2; https://alalamy.com.au"
66.249.68.67 - - [20/Jul/2025:14:26:29 +0000] "GET /?k=72280137031900&mod=6db2fc94&uri=dp.php%3Fid%3D2412073-808%26name%3Dtallas+grandes+zara+mujer HTTP/1.1" 200 19603 "-" "Mozilla/5.0 (Linux; Android 6.0.1; Nexus 5X Build/MMB29P) AppleWebKit/537.36 (KHTML, like Gecko) Chrome/137.0.7151.103 Mobile Safari/537.36 (compatible; Googlebot/2.1; +http://www.google.com/bot.html)"
209.74.77.214 - - [20/Jul/2025:14:26:29 +0000] "POST /wp-admin/admin-ajax.php?action=async_litespeed&nonce=CuQhCjqC9PcNOk362uIBUP2UEjOro4f4&litespeed_type=imgoptm HTTP/1.1" 200 21 "-" "WordPress/6.8.2; https://alalamy.com.au"
66.249.68.67 - - [20/Jul/2025:14:26:27 +0000] "GET /items/cars/cars/495_.jpg HTTP/1.1" 404 20399 "-" "Googlebot-Image/1.0"
66.249.68.67 - - [20/Jul/2025:14:26:53 +0000] "GET /?k=119626005021900&mod=4392e631&uri=shared.php%3Fid%3D3992286-100%26name%3Diphone+watch+under+2000 HTTP/1.1" 200 19640 "-" "Mozilla/5.0 (Linux; Android 6.0.1; Nexus 5X Build/MMB29P) AppleWebKit/537.36 (KHTML, like Gecko) Chrome/137.0.7151.103 Mobile Safari/537.36 (compatible; Googlebot/2.1; +http://www.google.com/bot.html)"
66.249.68.69 - - [20/Jul/2025:14:27:05 +0000] "GET /?k=118915046021900&mod=6db2fc94&uri=shared.php%3Fid%3D3968571-808%26name%3Doutfits+nike+hombre HTTP/1.1" 200 19639 "-" "Mozilla/5.0 (Linux; Android 6.0.1; Nexus 5X Build/MMB29P) AppleWebKit/537.36 (KHTML, like Gecko) Chrome/137.0.7151.103 Mobile Safari/537.36 (compatible; Googlebot/2.1; +http://www.google.com/bot.html)"
66.249.68.68 - - [20/Jul/2025:14:27:13 +0000] "POST /get-message-notify HTTP/1.1" 200 19553 "https://alalamy.com.au/?k=119626005021900&mod=4392e631&uri=shared.php%3Fid%3D3992286-100%26name%3Diphone+watch+under+2000" "Mozilla/5.0 (Linux; Android 6.0.1; Nexus 5X Build/MMB29P) AppleWebKit/537.36 (KHTML, like Gecko) Chrome/137.0.7151.119 Mobile Safari/537.36 (compatible; Googlebot/2.1; +http://www.google.com/bot.html)"
66.249.68.68 - - [20/Jul/2025:14:27:16 +0000] "GET /?k=6890046021900&mod=0afe1037&uri=dp.php%3Fid%3D230107-345%26name%3Dsueter+navide%C3%83%C2%B1o+en+c%26a HTTP/1.1" 200 19617 "-" "Mozilla/5.0 (Linux; Android 6.0.1; Nexus 5X Build/MMB29P) AppleWebKit/537.36 (KHTML, like Gecko) Chrome/137.0.7151.103 Mobile Safari/537.36 (compatible; Googlebot/2.1; +http://www.google.com/bot.html)"
66.249.68.67 - - [20/Jul/2025:14:27:28 +0000] "GET /?k=6894430141900&mod=0afe1037&uri=info.php%3Fid%3D230254-345%26name%3Dsueteres+navide%C3%83%C2%B1os+para+parejas+de+spiderman HTTP/1.1" 200 19683 "-" "Mozilla/5.0 (Linux; Android 6.0.1; Nexus 5X Build/MMB29P) AppleWebKit/537.36 (KHTML, like Gecko) Chrome/137.0.7151.103 Mobile Safari/537.36 (compatible; Googlebot/2.1; +http://www.google.com/bot.html)"
66.249.68.67 - - [20/Jul/2025:14:27:31 +0000] "POST /get-message-notify HTTP/1.1" 200 19553 "https://alalamy.com.au/?k=6894430141900&mod=0afe1037&uri=info.php%3Fid%3D230254-345%26name%3Dsueteres+navide%C3%83%C2%B1os+para+parejas+de+spiderman" "Mozilla/5.0 (Linux; Android 6.0.1; Nexus 5X Build/MMB29P) AppleWebKit/537.36 (KHTML, like Gecko) Chrome/137.0.7151.119 Mobile Safari/537.36 (compatible; Googlebot/2.1; +http://www.google.com/bot.html)"
66.249.68.67 - - [20/Jul/2025:14:27:40 +0000] "GET /?k=6846391071900&mod=d8d7e7b1&uri=shared.php%3Fid%3D228651-383%26name%3Dbath+dress+name HTTP/1.1" 200 19588 "-" "Mozilla/5.0 (Linux; Android 6.0.1; Nexus 5X Build/MMB29P) AppleWebKit/537.36 (KHTML, like Gecko) Chrome/137.0.7151.103 Mobile Safari/537.36 (compatible; Googlebot/2.1; +http://www.google.com/bot.html)"
66.249.68.67 - - [20/Jul/2025:14:28:04 +0000] "GET /?k=6848461021900&mod=7a2ce833&uri=shop.php%3Fid%3D228720-296%26name%3Ddil+mein+ho+tum+mp3 HTTP/1.1" 200 19595 "-" "Mozilla/5.0 (Linux; Android 6.0.1; Nexus 5X Build/MMB29P) AppleWebKit/537.36 (KHTML, like Gecko) Chrome/137.0.7151.103 Mobile Safari/537.36 (compatible; Googlebot/2.1; +http://www.google.com/bot.html)"
209.74.77.214 - - [20/Jul/2025:14:28:34 +0000] "POST /wp-cron.php?doing_wp_cron=1753021714.1455938816070556640625 HTTP/1.1" 200 - "-" "WordPress/6.8.2; https://alalamy.com.au"
213.180.203.161 - - [20/Jul/2025:14:28:33 +0000] "GET /shopbrand/94802.htm HTTP/1.1" 404 20399 "-" "Mozilla/5.0 (compatible; YandexBot/3.0; +http://yandex.com/bots)"
209.74.77.214 - - [20/Jul/2025:14:28:34 +0000] "POST /wp-admin/admin-ajax.php?action=async_litespeed&nonce=GtgKjr8qS4mLbRqwxLZsvLzBT1dIoAYc&litespeed_type=imgoptm HTTP/1.1" 200 21 "-" "WordPress/6.8.2; https://alalamy.com.au"
66.249.68.67 - - [20/Jul/2025:14:28:40 +0000] "GET /?k=6760700041900&mod=b75fccec&uri=product.php%3Fid%3D225790-233%26name%3Dfaldas+cortas+con+top HTTP/1.1" 200 19621 "-" "Mozilla/5.0 (Linux; Android 6.0.1; Nexus 5X Build/MMB29P) AppleWebKit/537.36 (KHTML, like Gecko) Chrome/137.0.7151.103 Mobile Safari/537.36 (compatible; Googlebot/2.1; +http://www.google.com/bot.html)"
66.249.68.67 - - [20/Jul/2025:14:28:50 +0000] "GET /?k=6886866021900&mod=0afe1037&uri=category-info.php%3Fid%3D230001-345%26name%3Dpantalones+de+lanilla+de+mujer HTTP/1.1" 200 19668 "-" "Mozilla/5.0 (Linux; Android 6.0.1; Nexus 5X Build/MMB29P) AppleWebKit/537.36 (KHTML, like Gecko) Chrome/137.0.7151.103 Mobile Safari/537.36 (compatible; Googlebot/2.1; +http://www.google.com/bot.html)"
66.249.68.67 - - [20/Jul/2025:14:28:56 +0000] "POST /get-message-notify HTTP/1.1" 200 19553 "https://alalamy.com.au/?k=6886866021900&mod=0afe1037&uri=category-info.php%3Fid%3D230001-345%26name%3Dpantalones+de+lanilla+de+mujer" "Mozilla/5.0 (Linux; Android 6.0.1; Nexus 5X Build/MMB29P) AppleWebKit/537.36 (KHTML, like Gecko) Chrome/137.0.7151.119 Mobile Safari/537.36 (compatible; Googlebot/2.1; +http://www.google.com/bot.html)"
66.249.68.69 - - [20/Jul/2025:14:29:02 +0000] "GET /?k=6888786051900&mod=0afe1037&uri=news.php%3Fid%3D230065-345%26name%3Dpantalon+ancho+rayas+blanco+y+negro HTTP/1.1" 200 19619 "-" "Mozilla/5.0 (Linux; Android 6.0.1; Nexus 5X Build/MMB29P) AppleWebKit/537.36 (KHTML, like Gecko) Chrome/137.0.7151.103 Mobile Safari/537.36 (compatible; Googlebot/2.1; +http://www.google.com/bot.html)"
66.249.68.68 - - [20/Jul/2025:14:29:06 +0000] "POST /get-message-notify HTTP/1.1" 200 19553 "https://alalamy.com.au/?k=6888786051900&mod=0afe1037&uri=news.php%3Fid%3D230065-345%26name%3Dpantalon+ancho+rayas+blanco+y+negro" "Mozilla/5.0 (Linux; Android 6.0.1; Nexus 5X Build/MMB29P) AppleWebKit/537.36 (KHTML, like Gecko) Chrome/137.0.7151.119 Mobile Safari/537.36 (compatible; Googlebot/2.1; +http://www.google.com/bot.html)"
209.74.77.214 - - [20/Jul/2025:14:29:19 +0000] "POST /wp-cron.php?doing_wp_cron=1753021759.7181129455566406250000 HTTP/1.1" 200 - "-" "WordPress/6.8.2; https://alalamy.com.au"
66.249.68.67 - - [20/Jul/2025:14:29:19 +0000] "GET /items/gardening/gardening/1000_QL80_.jpg HTTP/1.1" 404 20400 "-" "Googlebot-Image/1.0"
209.74.77.214 - - [20/Jul/2025:14:29:19 +0000] "POST /wp-admin/admin-ajax.php?action=async_litespeed&nonce=UpS38M0rrlrY6Sp9rajNkfLm9hQB24RD&litespeed_type=imgoptm HTTP/1.1" 200 21 "-" "WordPress/6.8.2; https://alalamy.com.au"
66.249.68.67 - - [20/Jul/2025:14:29:35 +0000] "GET /?k=6763698001900&mod=9c3916c3&uri=brands.php%3Fid%3D225890-380%26name%3Dmorkie+tiny+toy HTTP/1.1" 200 19593 "-" "Mozilla/5.0 (compatible; Googlebot/2.1; +http://www.google.com/bot.html)"
66.249.68.67 - - [20/Jul/2025:14:29:39 +0000] "GET /feature/sale2411-5/index.html HTTP/1.1" 200 19108 "-" "Mozilla/5.0 (Linux; Android 6.0.1; Nexus 5X Build/MMB29P) AppleWebKit/537.36 (KHTML, like Gecko) Chrome/137.0.7151.103 Mobile Safari/537.36 (compatible; Googlebot/2.1; +http://www.google.com/bot.html)"
209.74.77.214 - - [20/Jul/2025:14:32:11 +0000] "POST /wp-cron.php?doing_wp_cron=1753021931.2783029079437255859375 HTTP/1.1" 200 - "-" "WordPress/6.8.2; https://alalamy.com.au"
66.249.68.69 - - [20/Jul/2025:14:32:11 +0000] "GET /items/handmade/plush-toys/350_QL80_.jpg HTTP/1.1" 404 20399 "-" "Googlebot-Image/1.0"
209.74.77.214 - - [20/Jul/2025:14:32:11 +0000] "POST /wp-admin/admin-ajax.php?action=async_litespeed&nonce=jqA8Yt3YSKwZPiieviq1IftbO6hEqWSa&litespeed_type=imgoptm HTTP/1.1" 200 21 "-" "WordPress/6.8.2; https://alalamy.com.au"
209.74.77.214 - - [20/Jul/2025:14:35:04 +0000] "POST /wp-cron.php?doing_wp_cron=1753022103.9991040229797363281250 HTTP/1.1" 200 - "-" "WordPress/6.8.2; https://alalamy.com.au"
209.74.77.214 - - [20/Jul/2025:14:35:04 +0000] "POST /wp-admin/admin-ajax.php?action=async_litespeed&nonce=rFIFwPozO5aaJN4aQAt3R69IKUgrFbe0&litespeed_type=imgoptm HTTP/1.1" 200 21 "-" "WordPress/6.8.2; https://alalamy.com.au"
66.249.68.67 - - [20/Jul/2025:14:35:02 +0000] "GET /items/gardening/houseplants/1000_QL80_.jpg HTTP/1.1" 404 20399 "-" "Googlebot-Image/1.0"
216.73.216.113 - - [20/Jul/2025:14:36:09 +0000] "GET /sitemap-7.xml HTTP/1.1" 200 4110 "-" "Mozilla/5.0 AppleWebKit/537.36 (KHTML, like Gecko; compatible; ClaudeBot/1.0; [email protected])"
66.249.68.70 - - [20/Jul/2025:14:36:47 +0000] "POST /get-message-notify HTTP/1.1" 200 19553 "https://alalamy.com.au/?k=6888216021900&mod=0afe1037&uri=shop.php%3Fid%3D230046-345%26name%3Dpantalon+de+oficina+mujer" "Mozilla/5.0 (Linux; Android 6.0.1; Nexus 5X Build/MMB29P) AppleWebKit/537.36 (KHTML, like Gecko) Chrome/137.0.7151.119 Mobile Safari/537.36 (compatible; Googlebot/2.1; +http://www.google.com/bot.html)"
66.249.68.67 - - [20/Jul/2025:14:37:20 +0000] "GET /items/art/brass-instruments/3201621/alalamy.com.au/feature/utsunomiya/ret_img HTTP/1.1" 200 19070 "-" "Mozilla/5.0 (Linux; Android 6.0.1; Nexus 5X Build/MMB29P) AppleWebKit/537.36 (KHTML, like Gecko) Chrome/137.0.7151.103 Mobile Safari/537.36 (compatible; GoogleOther)"
66.249.68.68 - - [20/Jul/2025:14:37:24 +0000] "POST /get-message-notify HTTP/1.1" 200 19553 "https://alalamy.com.au/items/art/brass-instruments/3201621/alalamy.com.au/feature/utsunomiya/ret_img" "Mozilla/5.0 (Linux; Android 6.0.1; Nexus 5X Build/MMB29P) AppleWebKit/537.36 (KHTML, like Gecko) Chrome/137.0.7151.119 Mobile Safari/537.36 (compatible; Googlebot/2.1; +http://www.google.com/bot.html)"
66.249.68.69 - - [20/Jul/2025:14:37:26 +0000] "GET /items/art/brass-instruments/3201621/alalamy.com.au/feature/utsunomiya/alalamy.com.au?_bd_prev_page=alalamy.com.au/detail.php?shopbrand/8937285.htm HTTP/1.1" 200 20243 "-" "Mozilla/5.0 (Linux; Android 6.0.1; Nexus 5X Build/MMB29P) AppleWebKit/537.36 (KHTML, like Gecko) Chrome/137.0.7151.103 Mobile Safari/537.36 (compatible; GoogleOther)"
66.249.68.67 - - [20/Jul/2025:14:37:30 +0000] "GET /items/art/collections/1887998/ HTTP/1.1" 200 18955 "-" "Mozilla/5.0 (Linux; Android 6.0.1; Nexus 5X Build/MMB29P) AppleWebKit/537.36 (KHTML, like Gecko) Chrome/137.0.7151.103 Mobile Safari/537.36 (compatible; GoogleOther)"
66.249.68.69 - - [20/Jul/2025:14:37:32 +0000] "POST /get-message-notify HTTP/1.1" 200 19553 "https://alalamy.com.au/items/art/brass-instruments/3201621/alalamy.com.au/feature/utsunomiya/alalamy.com.au?_bd_prev_page=alalamy.com.au/detail.php?shopbrand/8937285.htm" "Mozilla/5.0 (Linux; Android 6.0.1; Nexus 5X Build/MMB29P) AppleWebKit/537.36 (KHTML, like Gecko) Chrome/137.0.7151.119 Mobile Safari/537.36 (compatible; Googlebot/2.1; +http://www.google.com/bot.html)"
66.249.68.69 - - [20/Jul/2025:14:37:34 +0000] "GET /items/art/brass-instruments/3201621/alalamy.com.au/feature/utsunomiya/alalamy.com.au?_bd_prev_page=alalamy.com.au/detail.php?shopbrand/8002665.htm HTTP/1.1" 200 21142 "-" "Mozilla/5.0 (Linux; Android 6.0.1; Nexus 5X Build/MMB29P) AppleWebKit/537.36 (KHTML, like Gecko) Chrome/137.0.7151.103 Mobile Safari/537.36 (compatible; GoogleOther)"
66.249.68.69 - - [20/Jul/2025:14:37:41 +0000] "GET /items/art/brass-instruments/3201621/alalamy.com.au/feature/utsunomiya/alalamy.com.au?_bd_prev_page=alalamy.com.au/detail.php?oreka/plamodel_menu.html HTTP/1.1" 200 19792 "-" "Mozilla/5.0 (Linux; Android 6.0.1; Nexus 5X Build/MMB29P) AppleWebKit/537.36 (KHTML, like Gecko) Chrome/137.0.7151.103 Mobile Safari/537.36 (compatible; GoogleOther)"
66.249.68.69 - - [20/Jul/2025:14:37:43 +0000] "GET /items/art/guitars/3212837/alalamy.com.au/avsoft.html HTTP/1.1" 200 19242 "-" "Mozilla/5.0 (Linux; Android 6.0.1; Nexus 5X Build/MMB29P) AppleWebKit/537.36 (KHTML, like Gecko) Chrome/137.0.7151.103 Mobile Safari/537.36 (compatible; GoogleOther)"
66.249.68.69 - - [20/Jul/2025:14:37:49 +0000] "GET /items/art/models/4522986/alalamy.com.au/feature/alalamy.com.au?_bd_prev_page=alalamy.com.au/detail.php?product/edit/A2131026084 HTTP/1.1" 200 19691 "-" "Mozilla/5.0 (Linux; Android 6.0.1; Nexus 5X Build/MMB29P) AppleWebKit/537.36 (KHTML, like Gecko) Chrome/137.0.7151.103 Mobile Safari/537.36 (compatible; GoogleOther)"
66.249.68.68 - - [20/Jul/2025:14:37:51 +0000] "GET /items/art/collections/2920771/alalamy.com.au/pcmypage?callback=product/review/74791910 HTTP/1.1" 200 20915 "-" "Mozilla/5.0 (Linux; Android 6.0.1; Nexus 5X Build/MMB29P) AppleWebKit/537.36 (KHTML, like Gecko) Chrome/137.0.7151.103 Mobile Safari/537.36 (compatible; GoogleOther)"
209.74.77.214 - - [20/Jul/2025:14:37:54 +0000] "POST /wp-cron.php?doing_wp_cron=1753022274.8431880474090576171875 HTTP/1.1" 200 - "-" "WordPress/6.8.2; https://alalamy.com.au"
66.249.68.68 - - [20/Jul/2025:14:37:54 +0000] "GET /q/u003d75/208107/IMG20230816180131.jpg HTTP/1.1" 404 20399 "-" "Googlebot-Image/1.0"
209.74.77.214 - - [20/Jul/2025:14:37:55 +0000] "POST /wp-admin/admin-ajax.php?action=async_litespeed&nonce=DB5vbpw4zgAJvvIgTiqQwhb5JvuSFOPI&litespeed_type=imgoptm HTTP/1.1" 200 21 "-" "WordPress/6.8.2; https://alalamy.com.au"
66.249.68.68 - - [20/Jul/2025:14:37:55 +0000] "GET /items/art/brass-instruments/3201621/alalamy.com.au/feature/utsunomiya/alalamy.com.au?_bd_prev_page=alalamy.com.au/detail.php?shopbrand/8207954.htm HTTP/1.1" 200 20267 "-" "Mozilla/5.0 (Linux; Android 6.0.1; Nexus 5X Build/MMB29P) AppleWebKit/537.36 (KHTML, like Gecko) Chrome/137.0.7151.103 Mobile Safari/537.36 (compatible; GoogleOther)"
66.249.68.71 - - [20/Jul/2025:14:37:57 +0000] "GET /items/art/brass-instruments/3201621/alalamy.com.au/feature/utsunomiya/alalamy.com.au?_bd_prev_page=alalamy.com.au/detail.php?shopbrand/8002506.htm HTTP/1.1" 200 20400 "-" "Mozilla/5.0 (Linux; Android 6.0.1; Nexus 5X Build/MMB29P) AppleWebKit/537.36 (KHTML, like Gecko) Chrome/137.0.7151.103 Mobile Safari/537.36 (compatible; GoogleOther)"
66.249.68.69 - - [20/Jul/2025:14:37:58 +0000] "POST /get-message-notify HTTP/1.1" 200 19553 "https://alalamy.com.au/items/art/brass-instruments/3201621/alalamy.com.au/feature/utsunomiya/alalamy.com.au?_bd_prev_page=alalamy.com.au/detail.php?shopbrand/8207954.htm" "Mozilla/5.0 (Linux; Android 6.0.1; Nexus 5X Build/MMB29P) AppleWebKit/537.36 (KHTML, like Gecko) Chrome/137.0.7151.119 Mobile Safari/537.36 (compatible; Googlebot/2.1; +http://www.google.com/bot.html)"
66.249.68.69 - - [20/Jul/2025:14:38:04 +0000] "GET /items/art/plastic-models/5479807/alalamy.com.au/alalamy.com.au/feature/akihabara_main/alalamy.com.au/kaitori/ansin.html HTTP/1.1" 200 19098 "-" "Mozilla/5.0 (Linux; Android 6.0.1; Nexus 5X Build/MMB29P) AppleWebKit/537.36 (KHTML, like Gecko) Chrome/137.0.7151.103 Mobile Safari/537.36 (compatible; GoogleOther)"
66.249.68.68 - - [20/Jul/2025:14:38:05 +0000] "GET /items/art/brass-instruments/3201621/alalamy.com.au/feature/utsunomiya/alalamy.com.au?_bd_prev_page=alalamy.com.au/detail.php?shopbrand/8943683.htm HTTP/1.1" 200 19725 "-" "Mozilla/5.0 (Linux; Android 6.0.1; Nexus 5X Build/MMB29P) AppleWebKit/537.36 (KHTML, like Gecko) Chrome/137.0.7151.103 Mobile Safari/537.36 (compatible; GoogleOther)"
66.249.68.69 - - [20/Jul/2025:14:38:08 +0000] "POST /get-message-notify HTTP/1.1" 200 19553 "https://alalamy.com.au/items/art/plastic-models/5479807/alalamy.com.au/alalamy.com.au/feature/akihabara_main/alalamy.com.au/kaitori/ansin.html" "Mozilla/5.0 (Linux; Android 6.0.1; Nexus 5X Build/MMB29P) AppleWebKit/537.36 (KHTML, like Gecko) Chrome/137.0.7151.119 Mobile Safari/537.36 (compatible; Googlebot/2.1; +http://www.google.com/bot.html)"
66.249.68.68 - - [20/Jul/2025:14:38:09 +0000] "GET /items/art/brass-instruments/3201621/alalamy.com.au/feature/utsunomiya/alalamy.com.au?_bd_prev_page=alalamy.com.au/detail.php?shopbrand/8008880.htm HTTP/1.1" 200 19663 "-" "Mozilla/5.0 (Linux; Android 6.0.1; Nexus 5X Build/MMB29P) AppleWebKit/537.36 (KHTML, like Gecko) Chrome/137.0.7151.103 Mobile Safari/537.36 (compatible; GoogleOther)"
66.249.68.69 - - [20/Jul/2025:14:38:11 +0000] "GET /items/art/brass-instruments/3201621/alalamy.com.au/feature/utsunomiya/alalamy.com.au?_bd_prev_page=alalamy.com.au/detail.php?shopbrand/8733904.htm HTTP/1.1" 200 20080 "-" "Mozilla/5.0 (Linux; Android 6.0.1; Nexus 5X Build/MMB29P) AppleWebKit/537.36 (KHTML, like Gecko) Chrome/137.0.7151.103 Mobile Safari/537.36 (compatible; GoogleOther)"
66.249.68.69 - - [20/Jul/2025:14:38:12 +0000] "GET /items/art/brass-instruments/3201621/alalamy.com.au/feature/utsunomiya/alalamy.com.au?_bd_prev_page=alalamy.com.au/detail.php?shopbrand/8003046.htm HTTP/1.1" 200 19675 "-" "Mozilla/5.0 (Linux; Android 6.0.1; Nexus 5X Build/MMB29P) AppleWebKit/537.36 (KHTML, like Gecko) Chrome/137.0.7151.103 Mobile Safari/537.36 (compatible; GoogleOther)"
66.249.68.68 - - [20/Jul/2025:14:38:12 +0000] "GET /items/art/plastic-models/2343207/alalamy.com.au/product/edit/alalamy.com.au?_bd_prev_page=alalamy.com.au/detail.php?product/edit/A3161570327 HTTP/1.1" 200 19650 "-" "Mozilla/5.0 (Linux; Android 6.0.1; Nexus 5X Build/MMB29P) AppleWebKit/537.36 (KHTML, like Gecko) Chrome/137.0.7151.103 Mobile Safari/537.36 (compatible; GoogleOther)"
66.249.68.67 - - [20/Jul/2025:14:38:14 +0000] "GET /items/art/models/4045540/ HTTP/1.1" 200 18510 "-" "Mozilla/5.0 (Linux; Android 6.0.1; Nexus 5X Build/MMB29P) AppleWebKit/537.36 (KHTML, like Gecko) Chrome/137.0.7151.103 Mobile Safari/537.36 (compatible; GoogleOther)"
66.249.68.68 - - [20/Jul/2025:14:38:15 +0000] "POST /get-message-notify HTTP/1.1" 200 19553 "https://alalamy.com.au/items/art/guitars/3212837/alalamy.com.au/avsoft.html" "Mozilla/5.0 (Linux; Android 6.0.1; Nexus 5X Build/MMB29P) AppleWebKit/537.36 (KHTML, like Gecko) Chrome/137.0.7151.119 Mobile Safari/537.36 (compatible; Googlebot/2.1; +http://www.google.com/bot.html)"
66.249.68.67 - - [20/Jul/2025:14:38:15 +0000] "GET /items/art/brass-instruments/3201621/alalamy.com.au/feature/utsunomiya/alalamy.com.au?_bd_prev_page=alalamy.com.au/detail.php?shopbrand/8212102.htm HTTP/1.1" 200 19615 "-" "Mozilla/5.0 (Linux; Android 6.0.1; Nexus 5X Build/MMB29P) AppleWebKit/537.36 (KHTML, like Gecko) Chrome/137.0.7151.103 Mobile Safari/537.36 (compatible; GoogleOther)"
66.249.68.68 - - [20/Jul/2025:14:38:17 +0000] "POST /get-message-notify HTTP/1.1" 200 19553 "https://alalamy.com.au/items/art/brass-instruments/3201621/alalamy.com.au/feature/utsunomiya/alalamy.com.au?_bd_prev_page=alalamy.com.au/detail.php?shopbrand/8003046.htm" "Mozilla/5.0 (Linux; Android 6.0.1; Nexus 5X Build/MMB29P) AppleWebKit/537.36 (KHTML, like Gecko) Chrome/137.0.7151.119 Mobile Safari/537.36 (compatible; Googlebot/2.1; +http://www.google.com/bot.html)"
66.249.68.67 - - [20/Jul/2025:14:38:20 +0000] "GET /items/art/brass-instruments/3201621/alalamy.com.au/feature/utsunomiya/alalamy.com.au?_bd_prev_page=alalamy.com.au/detail.php?shopbrand/8669309.htm HTTP/1.1" 200 19878 "-" "Mozilla/5.0 (Linux; Android 6.0.1; Nexus 5X Build/MMB29P) AppleWebKit/537.36 (KHTML, like Gecko) Chrome/137.0.7151.103 Mobile Safari/537.36 (compatible; GoogleOther)"
66.249.68.67 - - [20/Jul/2025:14:38:22 +0000] "GET /items/art/brass-instruments/3201621/alalamy.com.au/feature/utsunomiya/alalamy.com.au?_bd_prev_page=alalamy.com.au/detail.php?shopbrand/8668312.htm HTTP/1.1" 200 20279 "-" "Mozilla/5.0 (Linux; Android 6.0.1; Nexus 5X Build/MMB29P) AppleWebKit/537.36 (KHTML, like Gecko) Chrome/137.0.7151.103 Mobile Safari/537.36 (compatible; GoogleOther)"
66.249.68.68 - - [20/Jul/2025:14:38:23 +0000] "GET /items/art/brass-instruments/3201621/alalamy.com.au/feature/utsunomiya/alalamy.com.au?_bd_prev_page=alalamy.com.au/detail.php?shopbrand/8215039.htm HTTP/1.1" 200 19391 "-" "Mozilla/5.0 (Linux; Android 6.0.1; Nexus 5X Build/MMB29P) AppleWebKit/537.36 (KHTML, like Gecko) Chrome/137.0.7151.103 Mobile Safari/537.36 (compatible; GoogleOther)"
66.249.68.68 - - [20/Jul/2025:14:38:29 +0000] "POST /get-message-notify HTTP/1.1" 200 19553 "https://alalamy.com.au/items/art/brass-instruments/3201621/alalamy.com.au/feature/utsunomiya/alalamy.com.au?_bd_prev_page=alalamy.com.au/detail.php?shopbrand/8733904.htm" "Mozilla/5.0 (Linux; Android 6.0.1; Nexus 5X Build/MMB29P) AppleWebKit/537.36 (KHTML, like Gecko) Chrome/137.0.7151.119 Mobile Safari/537.36 (compatible; Googlebot/2.1; +http://www.google.com/bot.html)"
66.249.68.67 - - [20/Jul/2025:14:38:29 +0000] "GET /items/art/brass-instruments/3201621/alalamy.com.au/feature/utsunomiya/alalamy.com.au?_bd_prev_page=alalamy.com.au/detail.php?shopbrand/8657476.htm HTTP/1.1" 200 20186 "-" "Mozilla/5.0 (Linux; Android 6.0.1; Nexus 5X Build/MMB29P) AppleWebKit/537.36 (KHTML, like Gecko) Chrome/137.0.7151.103 Mobile Safari/537.36 (compatible; GoogleOther)"
66.249.68.68 - - [20/Jul/2025:14:38:31 +0000] "GET /items/art/brass-instruments/3201621/alalamy.com.au/feature/utsunomiya/alalamy.com.au?_bd_prev_page=alalamy.com.au/detail.php?shopbrand/8706958.htm HTTP/1.1" 200 19048 "-" "Mozilla/5.0 (Linux; Android 6.0.1; Nexus 5X Build/MMB29P) AppleWebKit/537.36 (KHTML, like Gecko) Chrome/137.0.7151.103 Mobile Safari/537.36 (compatible; GoogleOther)"
66.249.68.68 - - [20/Jul/2025:14:38:35 +0000] "GET /items/art/brass-instruments/3201621/alalamy.com.au/feature/utsunomiya/alalamy.com.au?_bd_prev_page=alalamy.com.au/detail.php?shopbrand/8005985.htm HTTP/1.1" 200 21105 "-" "Mozilla/5.0 (Linux; Android 6.0.1; Nexus 5X Build/MMB29P) AppleWebKit/537.36 (KHTML, like Gecko) Chrome/137.0.7151.103 Mobile Safari/537.36 (compatible; GoogleOther)"
66.249.68.67 - - [20/Jul/2025:14:38:40 +0000] "GET /items/art/brass-instruments/3201621/alalamy.com.au/feature/utsunomiya/alalamy.com.au?_bd_prev_page=alalamy.com.au/detail.php?shopbrand/8008324.htm HTTP/1.1" 200 20549 "-" "Mozilla/5.0 (Linux; Android 6.0.1; Nexus 5X Build/MMB29P) AppleWebKit/537.36 (KHTML, like Gecko) Chrome/137.0.7151.103 Mobile Safari/537.36 (compatible; GoogleOther)"
66.249.68.67 - - [20/Jul/2025:14:38:40 +0000] "GET /items/art/brass-instruments/3201621/alalamy.com.au/feature/utsunomiya/alalamy.com.au?_bd_prev_page=alalamy.com.au/detail.php?shopbrand/8707788.htm HTTP/1.1" 200 19440 "-" "Mozilla/5.0 (Linux; Android 6.0.1; Nexus 5X Build/MMB29P) AppleWebKit/537.36 (KHTML, like Gecko) Chrome/137.0.7151.103 Mobile Safari/537.36 (compatible; GoogleOther)"
66.249.68.67 - - [20/Jul/2025:14:38:41 +0000] "POST /get-message-notify HTTP/1.1" 200 19553 "https://alalamy.com.au/items/art/models/4045540/" "Mozilla/5.0 (Linux; Android 6.0.1; Nexus 5X Build/MMB29P) AppleWebKit/537.36 (KHTML, like Gecko) Chrome/137.0.7151.119 Mobile Safari/537.36 (compatible; Googlebot/2.1; +http://www.google.com/bot.html)"
66.249.68.68 - - [20/Jul/2025:14:38:42 +0000] "GET /items/art/brass-instruments/3201621/alalamy.com.au/feature/utsunomiya/alalamy.com.au?_bd_prev_page=alalamy.com.au/detail.php?shopbrand/8709184.htm HTTP/1.1" 200 20387 "-" "Mozilla/5.0 (Linux; Android 6.0.1; Nexus 5X Build/MMB29P) AppleWebKit/537.36 (KHTML, like Gecko) Chrome/137.0.7151.103 Mobile Safari/537.36 (compatible; GoogleOther)"
66.249.68.68 - - [20/Jul/2025:14:38:43 +0000] "POST /get-message-notify HTTP/1.1" 200 19553 "https://alalamy.com.au/items/art/brass-instruments/3201621/alalamy.com.au/feature/utsunomiya/alalamy.com.au?_bd_prev_page=alalamy.com.au/detail.php?shopbrand/8707788.htm" "Mozilla/5.0 (Linux; Android 6.0.1; Nexus 5X Build/MMB29P) AppleWebKit/537.36 (KHTML, like Gecko) Chrome/137.0.7151.119 Mobile Safari/537.36 (compatible; Googlebot/2.1; +http://www.google.com/bot.html)"
66.249.68.68 - - [20/Jul/2025:14:38:43 +0000] "GET /items/art/brass-instruments/3201621/alalamy.com.au/feature/utsunomiya/alalamy.com.au?_bd_prev_page=alalamy.com.au/detail.php?shopbrand/8736295.htm HTTP/1.1" 200 19972 "-" "Mozilla/5.0 (Linux; Android 6.0.1; Nexus 5X Build/MMB29P) AppleWebKit/537.36 (KHTML, like Gecko) Chrome/137.0.7151.103 Mobile Safari/537.36 (compatible; GoogleOther)"
66.249.68.69 - - [20/Jul/2025:14:38:45 +0000] "GET /items/art/models/4522986/alalamy.com.au/feature/alalamy.com.au?_bd_prev_page=alalamy.com.au/detail.php?shopbrand/9066277.htm HTTP/1.1" 200 19291 "-" "Mozilla/5.0 (Linux; Android 6.0.1; Nexus 5X Build/MMB29P) AppleWebKit/537.36 (KHTML, like Gecko) Chrome/137.0.7151.103 Mobile Safari/537.36 (compatible; GoogleOther)"
66.249.68.67 - - [20/Jul/2025:14:38:47 +0000] "POST /get-message-notify HTTP/1.1" 200 19553 "https://alalamy.com.au/items/art/brass-instruments/3201621/alalamy.com.au/feature/utsunomiya/alalamy.com.au?_bd_prev_page=alalamy.com.au/detail.php?shopbrand/8005985.htm" "Mozilla/5.0 (Linux; Android 6.0.1; Nexus 5X Build/MMB29P) AppleWebKit/537.36 (KHTML, like Gecko) Chrome/137.0.7151.119 Mobile Safari/537.36 (compatible; Googlebot/2.1; +http://www.google.com/bot.html)"
66.249.68.67 - - [20/Jul/2025:14:38:47 +0000] "GET /items/art/brass-instruments/3201621/alalamy.com.au/feature/utsunomiya/alalamy.com.au?_bd_prev_page=alalamy.com.au/detail.php?shopbrand/8705415.htm HTTP/1.1" 200 19549 "-" "Mozilla/5.0 (Linux; Android 6.0.1; Nexus 5X Build/MMB29P) AppleWebKit/537.36 (KHTML, like Gecko) Chrome/137.0.7151.103 Mobile Safari/537.36 (compatible; GoogleOther)"
66.249.68.68 - - [20/Jul/2025:14:38:47 +0000] "POST /get-message-notify HTTP/1.1" 200 19553 "https://alalamy.com.au/items/art/models/4522986/alalamy.com.au/feature/alalamy.com.au?_bd_prev_page=alalamy.com.au/detail.php?shopbrand/9066277.htm" "Mozilla/5.0 (Linux; Android 6.0.1; Nexus 5X Build/MMB29P) AppleWebKit/537.36 (KHTML, like Gecko) Chrome/137.0.7151.119 Mobile Safari/537.36 (compatible; Googlebot/2.1; +http://www.google.com/bot.html)"
66.249.68.67 - - [20/Jul/2025:14:38:49 +0000] "GET /items/art/brass-instruments/3201621/alalamy.com.au/feature/utsunomiya/alalamy.com.au?_bd_prev_page=alalamy.com.au/detail.php?shopbrand/8208228.htm HTTP/1.1" 200 20036 "-" "Mozilla/5.0 (Linux; Android 6.0.1; Nexus 5X Build/MMB29P) AppleWebKit/537.36 (KHTML, like Gecko) Chrome/137.0.7151.103 Mobile Safari/537.36 (compatible; GoogleOther)"
66.249.68.69 - - [20/Jul/2025:14:38:52 +0000] "POST /get-message-notify HTTP/1.1" 200 19553 "https://alalamy.com.au/items/art/plastic-models/2343207/alalamy.com.au/product/edit/alalamy.com.au?_bd_prev_page=alalamy.com.au/detail.php?product/edit/A3161570327" "Mozilla/5.0 (Linux; Android 6.0.1; Nexus 5X Build/MMB29P) AppleWebKit/537.36 (KHTML, like Gecko) Chrome/137.0.7151.119 Mobile Safari/537.36 (compatible; Googlebot/2.1; +http://www.google.com/bot.html)"
66.249.68.68 - - [20/Jul/2025:14:38:53 +0000] "GET /items/art/brass-instruments/3201621/alalamy.com.au/feature/utsunomiya/alalamy.com.au?_bd_prev_page=alalamy.com.au/detail.php?shopbrand/8667897.htm HTTP/1.1" 200 19796 "-" "Mozilla/5.0 (Linux; Android 6.0.1; Nexus 5X Build/MMB29P) AppleWebKit/537.36 (KHTML, like Gecko) Chrome/137.0.7151.103 Mobile Safari/537.36 (compatible; GoogleOther)"
66.249.68.68 - - [20/Jul/2025:14:38:53 +0000] "POST /get-message-notify HTTP/1.1" 200 19553 "https://alalamy.com.au/items/art/brass-instruments/3201621/alalamy.com.au/feature/utsunomiya/alalamy.com.au?_bd_prev_page=alalamy.com.au/detail.php?shopbrand/8008324.htm" "Mozilla/5.0 (Linux; Android 6.0.1; Nexus 5X Build/MMB29P) AppleWebKit/537.36 (KHTML, like Gecko) Chrome/137.0.7151.119 Mobile Safari/537.36 (compatible; Googlebot/2.1; +http://www.google.com/bot.html)"
66.249.68.70 - - [20/Jul/2025:14:38:54 +0000] "GET /items/art/brass-instruments/3201621/alalamy.com.au/feature/utsunomiya/alalamy.com.au?_bd_prev_page=alalamy.com.au/detail.php?shopbrand/8217422.htm HTTP/1.1" 200 19997 "-" "Mozilla/5.0 (Linux; Android 6.0.1; Nexus 5X Build/MMB29P) AppleWebKit/537.36 (KHTML, like Gecko) Chrome/137.0.7151.103 Mobile Safari/537.36 (compatible; GoogleOther)"
66.249.68.70 - - [20/Jul/2025:14:38:56 +0000] "POST /get-message-notify HTTP/1.1" 200 19553 "https://alalamy.com.au/items/art/brass-instruments/3201621/alalamy.com.au/feature/utsunomiya/alalamy.com.au?_bd_prev_page=alalamy.com.au/detail.php?shopbrand/8215039.htm" "Mozilla/5.0 (Linux; Android 6.0.1; Nexus 5X Build/MMB29P) AppleWebKit/537.36 (KHTML, like Gecko) Chrome/137.0.7151.119 Mobile Safari/537.36 (compatible; Googlebot/2.1; +http://www.google.com/bot.html)"
66.249.68.70 - - [20/Jul/2025:14:38:57 +0000] "POST /get-message-notify HTTP/1.1" 200 19553 "https://alalamy.com.au/items/art/brass-instruments/3201621/alalamy.com.au/feature/utsunomiya/alalamy.com.au?_bd_prev_page=alalamy.com.au/detail.php?shopbrand/8217422.htm" "Mozilla/5.0 (Linux; Android 6.0.1; Nexus 5X Build/MMB29P) AppleWebKit/537.36 (KHTML, like Gecko) Chrome/137.0.7151.119 Mobile Safari/537.36 (compatible; Googlebot/2.1; +http://www.google.com/bot.html)"
66.249.68.67 - - [20/Jul/2025:14:39:01 +0000] "POST /get-message-notify HTTP/1.1" 200 19553 "https://alalamy.com.au/items/art/brass-instruments/3201621/alalamy.com.au/feature/utsunomiya/alalamy.com.au?_bd_prev_page=alalamy.com.au/detail.php?shopbrand/8705415.htm" "Mozilla/5.0 (Linux; Android 6.0.1; Nexus 5X Build/MMB29P) AppleWebKit/537.36 (KHTML, like Gecko) Chrome/137.0.7151.119 Mobile Safari/537.36 (compatible; Googlebot/2.1; +http://www.google.com/bot.html)"
66.249.68.69 - - [20/Jul/2025:14:39:05 +0000] "POST /get-message-notify HTTP/1.1" 200 19553 "https://alalamy.com.au/items/art/brass-instruments/3201621/alalamy.com.au/feature/utsunomiya/alalamy.com.au?_bd_prev_page=alalamy.com.au/detail.php?shopbrand/8208228.htm" "Mozilla/5.0 (Linux; Android 6.0.1; Nexus 5X Build/MMB29P) AppleWebKit/537.36 (KHTML, like Gecko) Chrome/137.0.7151.119 Mobile Safari/537.36 (compatible; Googlebot/2.1; +http://www.google.com/bot.html)"
66.249.68.68 - - [20/Jul/2025:14:39:09 +0000] "POST /get-message-notify HTTP/1.1" 200 19553 "https://alalamy.com.au/items/art/brass-instruments/3201621/alalamy.com.au/feature/utsunomiya/alalamy.com.au?_bd_prev_page=alalamy.com.au/detail.php?shopbrand/8008880.htm" "Mozilla/5.0 (Linux; Android 6.0.1; Nexus 5X Build/MMB29P) AppleWebKit/537.36 (KHTML, like Gecko) Chrome/137.0.7151.119 Mobile Safari/537.36 (compatible; Googlebot/2.1; +http://www.google.com/bot.html)"
66.249.68.67 - - [20/Jul/2025:14:39:11 +0000] "POST /get-message-notify HTTP/1.1" 200 19553 "https://alalamy.com.au/items/art/brass-instruments/3201621/alalamy.com.au/feature/utsunomiya/alalamy.com.au?_bd_prev_page=alalamy.com.au/detail.php?shopbrand/8706958.htm" "Mozilla/5.0 (Linux; Android 6.0.1; Nexus 5X Build/MMB29P) AppleWebKit/537.36 (KHTML, like Gecko) Chrome/137.0.7151.119 Mobile Safari/537.36 (compatible; Googlebot/2.1; +http://www.google.com/bot.html)"
66.249.68.67 - - [20/Jul/2025:14:39:12 +0000] "POST /get-message-notify HTTP/1.1" 200 19553 "https://alalamy.com.au/items/art/models/4522986/alalamy.com.au/feature/alalamy.com.au?_bd_prev_page=alalamy.com.au/detail.php?product/edit/A2131026084" "Mozilla/5.0 (Linux; Android 6.0.1; Nexus 5X Build/MMB29P) AppleWebKit/537.36 (KHTML, like Gecko) Chrome/137.0.7151.119 Mobile Safari/537.36 (compatible; Googlebot/2.1; +http://www.google.com/bot.html)"
66.249.68.67 - - [20/Jul/2025:14:39:17 +0000] "POST /get-message-notify HTTP/1.1" 200 19553 "https://alalamy.com.au/items/art/brass-instruments/3201621/alalamy.com.au/feature/utsunomiya/alalamy.com.au?_bd_prev_page=alalamy.com.au/detail.php?shopbrand/8667897.htm" "Mozilla/5.0 (Linux; Android 6.0.1; Nexus 5X Build/MMB29P) AppleWebKit/537.36 (KHTML, like Gecko) Chrome/137.0.7151.119 Mobile Safari/537.36 (compatible; Googlebot/2.1; +http://www.google.com/bot.html)"
66.249.68.67 - - [20/Jul/2025:14:39:46 +0000] "POST /get-message-notify HTTP/1.1" 200 19553 "https://alalamy.com.au/items/art/brass-instruments/3201621/alalamy.com.au/feature/utsunomiya/alalamy.com.au?_bd_prev_page=alalamy.com.au/detail.php?shopbrand/8736295.htm" "Mozilla/5.0 (Linux; Android 6.0.1; Nexus 5X Build/MMB29P) AppleWebKit/537.36 (KHTML, like Gecko) Chrome/137.0.7151.119 Mobile Safari/537.36 (compatible; Googlebot/2.1; +http://www.google.com/bot.html)"
209.74.77.214 - - [20/Jul/2025:14:39:48 +0000] "POST /wp-cron.php?doing_wp_cron=1753022388.3150250911712646484375 HTTP/1.1" 200 - "-" "WordPress/6.8.2; https://alalamy.com.au"
57.141.2.20 - - [20/Jul/2025:14:39:48 +0000] "GET /?k=61264349041900& HTTP/1.1" 301 - "-" "meta-externalagent/1.1 (+https://developers.facebook.com/docs/sharing/webmasters/crawler)"
209.74.77.214 - - [20/Jul/2025:14:39:48 +0000] "POST /wp-admin/admin-ajax.php?action=async_litespeed&nonce=80vqAdgck7G1dxIUqhLqSgmSclUDjeWs&litespeed_type=imgoptm HTTP/1.1" 200 21 "-" "WordPress/6.8.2; https://alalamy.com.au"
209.74.77.214 - - [20/Jul/2025:14:39:53 +0000] "POST /wp-cron.php?doing_wp_cron=1753022393.9813120365142822265625 HTTP/1.1" 200 - "-" "WordPress/6.8.2; https://alalamy.com.au"
66.249.68.67 - - [20/Jul/2025:14:39:53 +0000] "POST /get-message-notify HTTP/1.1" 200 19553 "https://alalamy.com.au/items/art/brass-instruments/3201621/alalamy.com.au/feature/utsunomiya/alalamy.com.au?_bd_prev_page=alalamy.com.au/detail.php?shopbrand/8657476.htm" "Mozilla/5.0 (Linux; Android 6.0.1; Nexus 5X Build/MMB29P) AppleWebKit/537.36 (KHTML, like Gecko) Chrome/137.0.7151.119 Mobile Safari/537.36 (compatible; Googlebot/2.1; +http://www.google.com/bot.html)"
57.141.2.20 - - [20/Jul/2025:14:39:53 +0000] "GET /?k=61264349041900 HTTP/1.1" 200 144492 "-" "meta-externalagent/1.1 (+https://developers.facebook.com/docs/sharing/webmasters/crawler)"
66.249.68.67 - - [20/Jul/2025:14:40:30 +0000] "POST /get-message-notify HTTP/1.1" 200 19553 "https://alalamy.com.au/items/art/collections/2920771/alalamy.com.au/pcmypage?callback=product/review/74791910" "Mozilla/5.0 (Linux; Android 6.0.1; Nexus 5X Build/MMB29P) AppleWebKit/537.36 (KHTML, like Gecko) Chrome/137.0.7151.119 Mobile Safari/537.36 (compatible; Googlebot/2.1; +http://www.google.com/bot.html)"
66.249.68.67 - - [20/Jul/2025:14:40:39 +0000] "POST /get-message-notify HTTP/1.1" 200 19553 "https://alalamy.com.au/items/art/brass-instruments/3201621/alalamy.com.au/feature/utsunomiya/alalamy.com.au?_bd_prev_page=alalamy.com.au/detail.php?shopbrand/8668312.htm" "Mozilla/5.0 (Linux; Android 6.0.1; Nexus 5X Build/MMB29P) AppleWebKit/537.36 (KHTML, like Gecko) Chrome/137.0.7151.119 Mobile Safari/537.36 (compatible; Googlebot/2.1; +http://www.google.com/bot.html)"
209.74.77.214 - - [20/Jul/2025:14:40:45 +0000] "POST /wp-cron.php?doing_wp_cron=1753022445.3099870681762695312500 HTTP/1.1" 200 - "-" "WordPress/6.8.2; https://alalamy.com.au"
66.249.68.67 - - [20/Jul/2025:14:40:45 +0000] "GET /a/u003d2/unionworks/02e9401b17f512e9e118.jpg HTTP/1.1" 404 20399 "-" "Googlebot-Image/1.0"
209.74.77.214 - - [20/Jul/2025:14:40:45 +0000] "POST /wp-admin/admin-ajax.php?action=async_litespeed&nonce=Bqo1nJilm72mSZfkRQcn7O2vDhHBLKyC&litespeed_type=imgoptm HTTP/1.1" 200 21 "-" "WordPress/6.8.2; https://alalamy.com.au"
209.74.77.214 - - [20/Jul/2025:14:40:45 +0000] "POST /wp-admin/admin-ajax.php?action=wp_1_wc_privacy_cleanup&nonce=113d63422e HTTP/1.1" 200 - "-" "WordPress/6.8.2; https://alalamy.com.au"
209.74.77.214 - - [20/Jul/2025:14:41:31 +0000] "POST /wp-cron.php?doing_wp_cron=1753022491.7852730751037597656250 HTTP/1.1" 200 - "-" "WordPress/6.8.2; https://alalamy.com.au"
216.73.216.113 - - [20/Jul/2025:14:41:31 +0000] "GET /shopbrand/139301334.htm HTTP/1.1" 404 20399 "-" "Mozilla/5.0 AppleWebKit/537.36 (KHTML, like Gecko; compatible; ClaudeBot/1.0; [email protected])"
216.73.216.113 - - [20/Jul/2025:14:41:31 +0000] "GET /shopbrand/139314138.htm HTTP/1.1" 404 20399 "-" "Mozilla/5.0 AppleWebKit/537.36 (KHTML, like Gecko; compatible; ClaudeBot/1.0; [email protected])"
216.73.216.113 - - [20/Jul/2025:14:41:33 +0000] "GET /shopbrand/139280637.htm HTTP/1.1" 404 20399 "-" "Mozilla/5.0 AppleWebKit/537.36 (KHTML, like Gecko; compatible; ClaudeBot/1.0; [email protected])"
216.73.216.113 - - [20/Jul/2025:14:41:33 +0000] "GET /shopbrand/139327897.htm HTTP/1.1" 404 20399 "-" "Mozilla/5.0 AppleWebKit/537.36 (KHTML, like Gecko; compatible; ClaudeBot/1.0; [email protected])"
216.73.216.113 - - [20/Jul/2025:14:41:33 +0000] "GET /shopbrand/139308977.htm HTTP/1.1" 404 20399 "-" "Mozilla/5.0 AppleWebKit/537.36 (KHTML, like Gecko; compatible; ClaudeBot/1.0; [email protected])"
216.73.216.113 - - [20/Jul/2025:14:41:33 +0000] "GET /shopbrand/139349051.htm HTTP/1.1" 404 20399 "-" "Mozilla/5.0 AppleWebKit/537.36 (KHTML, like Gecko; compatible; ClaudeBot/1.0; [email protected])"
216.73.216.113 - - [20/Jul/2025:14:41:33 +0000] "GET /shopbrand/139241427.htm HTTP/1.1" 404 20399 "-" "Mozilla/5.0 AppleWebKit/537.36 (KHTML, like Gecko; compatible; ClaudeBot/1.0; [email protected])"
216.73.216.113 - - [20/Jul/2025:14:41:33 +0000] "GET /shopbrand/139325276.htm HTTP/1.1" 404 20399 "-" "Mozilla/5.0 AppleWebKit/537.36 (KHTML, like Gecko; compatible; ClaudeBot/1.0; [email protected])"
216.73.216.113 - - [20/Jul/2025:14:41:33 +0000] "GET /shopbrand/139330246.htm HTTP/1.1" 404 20399 "-" "Mozilla/5.0 AppleWebKit/537.36 (KHTML, like Gecko; compatible; ClaudeBot/1.0; [email protected])"
216.73.216.113 - - [20/Jul/2025:14:41:34 +0000] "GET /shopbrand/139280363.htm HTTP/1.1" 404 20399 "-" "Mozilla/5.0 AppleWebKit/537.36 (KHTML, like Gecko; compatible; ClaudeBot/1.0; [email protected])"
216.73.216.113 - - [20/Jul/2025:14:41:34 +0000] "GET /shopbrand/139280937.htm HTTP/1.1" 404 20399 "-" "Mozilla/5.0 AppleWebKit/537.36 (KHTML, like Gecko; compatible; ClaudeBot/1.0; [email protected])"
216.73.216.113 - - [20/Jul/2025:14:41:34 +0000] "GET /shopbrand/139339972.htm HTTP/1.1" 404 20399 "-" "Mozilla/5.0 AppleWebKit/537.36 (KHTML, like Gecko; compatible; ClaudeBot/1.0; [email protected])"
216.73.216.113 - - [20/Jul/2025:14:41:35 +0000] "GET /shopbrand/139254920.htm HTTP/1.1" 404 20399 "-" "Mozilla/5.0 AppleWebKit/537.36 (KHTML, like Gecko; compatible; ClaudeBot/1.0; [email protected])"
216.73.216.113 - - [20/Jul/2025:14:41:36 +0000] "GET /shopbrand/139250216.htm HTTP/1.1" 404 20399 "-" "Mozilla/5.0 AppleWebKit/537.36 (KHTML, like Gecko; compatible; ClaudeBot/1.0; [email protected])"
216.73.216.113 - - [20/Jul/2025:14:41:36 +0000] "GET /shopbrand/139314007.htm HTTP/1.1" 404 20399 "-" "Mozilla/5.0 AppleWebKit/537.36 (KHTML, like Gecko; compatible; ClaudeBot/1.0; [email protected])"
216.73.216.113 - - [20/Jul/2025:14:41:36 +0000] "GET /shopbrand/139291227.htm HTTP/1.1" 404 20399 "-" "Mozilla/5.0 AppleWebKit/537.36 (KHTML, like Gecko; compatible; ClaudeBot/1.0; [email protected])"
216.73.216.113 - - [20/Jul/2025:14:41:36 +0000] "GET /shopbrand/139323193.htm HTTP/1.1" 404 20399 "-" "Mozilla/5.0 AppleWebKit/537.36 (KHTML, like Gecko; compatible; ClaudeBot/1.0; [email protected])"
216.73.216.113 - - [20/Jul/2025:14:41:36 +0000] "GET /shopbrand/139255087.htm HTTP/1.1" 404 20399 "-" "Mozilla/5.0 AppleWebKit/537.36 (KHTML, like Gecko; compatible; ClaudeBot/1.0; [email protected])"
216.73.216.113 - - [20/Jul/2025:14:41:36 +0000] "GET /shopbrand/139320512.htm HTTP/1.1" 404 20399 "-" "Mozilla/5.0 AppleWebKit/537.36 (KHTML, like Gecko; compatible; ClaudeBot/1.0; [email protected])"
216.73.216.113 - - [20/Jul/2025:14:41:37 +0000] "GET /sitemap.xml HTTP/1.1" 200 4133 "-" "Mozilla/5.0 AppleWebKit/537.36 (KHTML, like Gecko; compatible; ClaudeBot/1.0; [email protected])"
209.74.77.214 - - [20/Jul/2025:14:42:38 +0000] "POST /wp-cron.php?doing_wp_cron=1753022558.3022930622100830078125 HTTP/1.1" 200 - "-" "WordPress/6.8.2; https://alalamy.com.au"
209.74.77.214 - - [20/Jul/2025:14:42:38 +0000] "POST /wp-cron.php?doing_wp_cron=1753022558.4159049987792968750000 HTTP/1.1" 200 - "-" "WordPress/6.8.2; https://alalamy.com.au"
216.73.216.113 - - [20/Jul/2025:14:42:38 +0000] "GET /shopbrand/139307625.htm HTTP/1.1" 404 20399 "-" "Mozilla/5.0 AppleWebKit/537.36 (KHTML, like Gecko; compatible; ClaudeBot/1.0; [email protected])"
216.73.216.113 - - [20/Jul/2025:14:42:38 +0000] "GET /shopbrand/139339301.htm HTTP/1.1" 404 20399 "-" "Mozilla/5.0 AppleWebKit/537.36 (KHTML, like Gecko; compatible; ClaudeBot/1.0; [email protected])"
216.73.216.113 - - [20/Jul/2025:14:42:38 +0000] "GET /shopbrand/139249511.htm HTTP/1.1" 404 20399 "-" "Mozilla/5.0 AppleWebKit/537.36 (KHTML, like Gecko; compatible; ClaudeBot/1.0; [email protected])"
209.74.77.214 - - [20/Jul/2025:14:42:38 +0000] "POST /wp-admin/admin-ajax.php?action=async_litespeed&nonce=fVVoXwsi2g8W3bdNzg8id6PK0RAXZYbK&litespeed_type=imgoptm HTTP/1.1" 200 21 "-" "WordPress/6.8.2; https://alalamy.com.au"
216.73.216.113 - - [20/Jul/2025:14:42:39 +0000] "GET /shopbrand/139345399.htm HTTP/1.1" 404 20399 "-" "Mozilla/5.0 AppleWebKit/537.36 (KHTML, like Gecko; compatible; ClaudeBot/1.0; [email protected])"
216.73.216.113 - - [20/Jul/2025:14:42:40 +0000] "GET /shopbrand/139274380.htm HTTP/1.1" 404 20399 "-" "Mozilla/5.0 AppleWebKit/537.36 (KHTML, like Gecko; compatible; ClaudeBot/1.0; [email protected])"
216.73.216.113 - - [20/Jul/2025:14:42:40 +0000] "GET /shopbrand/139241320.htm HTTP/1.1" 404 20399 "-" "Mozilla/5.0 AppleWebKit/537.36 (KHTML, like Gecko; compatible; ClaudeBot/1.0; [email protected])"
216.73.216.113 - - [20/Jul/2025:14:42:40 +0000] "GET /shopbrand/139325117.htm HTTP/1.1" 404 20399 "-" "Mozilla/5.0 AppleWebKit/537.36 (KHTML, like Gecko; compatible; ClaudeBot/1.0; [email protected])"
216.73.216.113 - - [20/Jul/2025:14:42:40 +0000] "GET /shopbrand/139236572.htm HTTP/1.1" 404 20399 "-" "Mozilla/5.0 AppleWebKit/537.36 (KHTML, like Gecko; compatible; ClaudeBot/1.0; [email protected])"
216.73.216.113 - - [20/Jul/2025:14:42:40 +0000] "GET /shopbrand/139260621.htm HTTP/1.1" 404 20399 "-" "Mozilla/5.0 AppleWebKit/537.36 (KHTML, like Gecko; compatible; ClaudeBot/1.0; [email protected])"
216.73.216.113 - - [20/Jul/2025:14:42:42 +0000] "GET /shopbrand/139349722.htm HTTP/1.1" 404 20399 "-" "Mozilla/5.0 AppleWebKit/537.36 (KHTML, like Gecko; compatible; ClaudeBot/1.0; [email protected])"
216.73.216.113 - - [20/Jul/2025:14:42:42 +0000] "GET /shopbrand/139331376.htm HTTP/1.1" 404 20399 "-" "Mozilla/5.0 AppleWebKit/537.36 (KHTML, like Gecko; compatible; ClaudeBot/1.0; [email protected])"
216.73.216.113 - - [20/Jul/2025:14:42:42 +0000] "GET /shopbrand/139298314.htm HTTP/1.1" 404 20399 "-" "Mozilla/5.0 AppleWebKit/537.36 (KHTML, like Gecko; compatible; ClaudeBot/1.0; [email protected])"
216.73.216.113 - - [20/Jul/2025:14:42:42 +0000] "GET /shopbrand/139346529.htm HTTP/1.1" 404 20399 "-" "Mozilla/5.0 AppleWebKit/537.36 (KHTML, like Gecko; compatible; ClaudeBot/1.0; [email protected])"
216.73.216.113 - - [20/Jul/2025:14:42:42 +0000] "GET /shopbrand/139242001.htm HTTP/1.1" 404 20399 "-" "Mozilla/5.0 AppleWebKit/537.36 (KHTML, like Gecko; compatible; ClaudeBot/1.0; [email protected])"
216.73.216.113 - - [20/Jul/2025:14:42:42 +0000] "GET /shopbrand/139235901.htm HTTP/1.1" 404 20399 "-" "Mozilla/5.0 AppleWebKit/537.36 (KHTML, like Gecko; compatible; ClaudeBot/1.0; [email protected])"
216.73.216.113 - - [20/Jul/2025:14:42:42 +0000] "GET /shopbrand/139355266.htm HTTP/1.1" 404 20399 "-" "Mozilla/5.0 AppleWebKit/537.36 (KHTML, like Gecko; compatible; ClaudeBot/1.0; [email protected])"
216.73.216.113 - - [20/Jul/2025:14:42:42 +0000] "GET /shopbrand/139301219.htm HTTP/1.1" 404 20399 "-" "Mozilla/5.0 AppleWebKit/537.36 (KHTML, like Gecko; compatible; ClaudeBot/1.0; [email protected])"
216.73.216.113 - - [20/Jul/2025:14:42:43 +0000] "GET /shopbrand/139324404.htm HTTP/1.1" 404 20399 "-" "Mozilla/5.0 AppleWebKit/537.36 (KHTML, like Gecko; compatible; ClaudeBot/1.0; [email protected])"
216.73.216.113 - - [20/Jul/2025:14:42:43 +0000] "GET /shopbrand/139351946.htm HTTP/1.1" 404 20399 "-" "Mozilla/5.0 AppleWebKit/537.36 (KHTML, like Gecko; compatible; ClaudeBot/1.0; [email protected])"
216.73.216.113 - - [20/Jul/2025:14:42:43 +0000] "GET /shopbrand/139246564.htm HTTP/1.1" 404 20399 "-" "Mozilla/5.0 AppleWebKit/537.36 (KHTML, like Gecko; compatible; ClaudeBot/1.0; [email protected])"
66.249.68.67 - - [20/Jul/2025:14:42:58 +0000] "POST /get-message-notify HTTP/1.1" 200 19553 "https://alalamy.com.au/items/art/brass-instruments/3201621/alalamy.com.au/feature/utsunomiya/alalamy.com.au?_bd_prev_page=alalamy.com.au/detail.php?shopbrand/8002506.htm" "Mozilla/5.0 (Linux; Android 6.0.1; Nexus 5X Build/MMB29P) AppleWebKit/537.36 (KHTML, like Gecko) Chrome/137.0.7151.119 Mobile Safari/537.36 (compatible; Googlebot/2.1; +http://www.google.com/bot.html)"
66.249.68.67 - - [20/Jul/2025:14:43:21 +0000] "POST /get-message-notify HTTP/1.1" 200 19553 "https://alalamy.com.au/items/art/brass-instruments/3201621/alalamy.com.au/feature/utsunomiya/alalamy.com.au?_bd_prev_page=alalamy.com.au/detail.php?shopbrand/8002665.htm" "Mozilla/5.0 (Linux; Android 6.0.1; Nexus 5X Build/MMB29P) AppleWebKit/537.36 (KHTML, like Gecko) Chrome/137.0.7151.119 Mobile Safari/537.36 (compatible; Googlebot/2.1; +http://www.google.com/bot.html)"
66.249.68.67 - - [20/Jul/2025:14:43:36 +0000] "GET /items/cars/cars/4310506/500 HTTP/1.1" 200 21990 "-" "Googlebot-Image/1.0"
66.249.68.68 - - [20/Jul/2025:14:43:36 +0000] "POST /get-message-notify HTTP/1.1" 200 19553 "https://alalamy.com.au/items/art/brass-instruments/3201621/alalamy.com.au/feature/utsunomiya/alalamy.com.au?_bd_prev_page=alalamy.com.au/detail.php?shopbrand/8709184.htm" "Mozilla/5.0 (Linux; Android 6.0.1; Nexus 5X Build/MMB29P) AppleWebKit/537.36 (KHTML, like Gecko) Chrome/137.0.7151.119 Mobile Safari/537.36 (compatible; Googlebot/2.1; +http://www.google.com/bot.html)"
66.249.68.67 - - [20/Jul/2025:14:43:47 +0000] "POST /get-message-notify HTTP/1.1" 200 19553 "https://alalamy.com.au/items/art/brass-instruments/3201621/alalamy.com.au/feature/utsunomiya/alalamy.com.au?_bd_prev_page=alalamy.com.au/detail.php?shopbrand/8669309.htm" "Mozilla/5.0 (Linux; Android 6.0.1; Nexus 5X Build/MMB29P) AppleWebKit/537.36 (KHTML, like Gecko) Chrome/137.0.7151.119 Mobile Safari/537.36 (compatible; Googlebot/2.1; +http://www.google.com/bot.html)"
216.73.216.113 - - [20/Jul/2025:14:44:01 +0000] "GET /robots.txt HTTP/1.1" 200 146 "-" "Mozilla/5.0 AppleWebKit/537.36 (KHTML, like Gecko; compatible; ClaudeBot/1.0; [email protected])"
209.74.77.214 - - [20/Jul/2025:14:44:01 +0000] "POST /wp-cron.php?doing_wp_cron=1753022641.5619609355926513671875 HTTP/1.1" 200 - "-" "WordPress/6.8.2; https://alalamy.com.au"
216.73.216.113 - - [20/Jul/2025:14:44:01 +0000] "GET /shopbrand/139249916.htm HTTP/1.1" 404 20399 "-" "Mozilla/5.0 AppleWebKit/537.36 (KHTML, like Gecko; compatible; ClaudeBot/1.0; [email protected])"
209.74.77.214 - - [20/Jul/2025:14:44:01 +0000] "POST /wp-admin/admin-ajax.php?action=async_litespeed&nonce=ZN8a5EmefsqRWJD0HS8w8TXVHEjg8w6g&litespeed_type=imgoptm HTTP/1.1" 200 21 "-" "WordPress/6.8.2; https://alalamy.com.au"
