66.249.68.67 - - [20/Jul/2025:13:36:27 +0000] "POST /get-message-notify HTTP/1.1" 200 19553 "https://alalamy.com.au/items/sports/golf/2682921/alalamy.com.au/alalamy.com.au/pcmypage?callback=product/review/79623091" "Mozilla/5.0 (Linux; Android 6.0.1; Nexus 5X Build/MMB29P) AppleWebKit/537.36 (KHTML, like Gecko) Chrome/137.0.7151.119 Mobile Safari/537.36 (compatible; Googlebot/2.1; +http://www.google.com/bot.html)"
66.249.68.68 - - [20/Jul/2025:13:36:29 +0000] "GET /items/fashion/mens/2768260/ HTTP/1.1" 200 19268 "-" "Mozilla/5.0 (Linux; Android 6.0.1; Nexus 5X Build/MMB29P) AppleWebKit/537.36 (KHTML, like Gecko) Chrome/137.0.7151.103 Mobile Safari/537.36 (compatible; GoogleOther)"
66.249.68.68 - - [20/Jul/2025:13:36:31 +0000] "POST /get-message-notify HTTP/1.1" 200 19553 "https://alalamy.com.au/items/fashion/mens/2768260/" "Mozilla/5.0 (Linux; Android 6.0.1; Nexus 5X Build/MMB29P) AppleWebKit/537.36 (KHTML, like Gecko) Chrome/137.0.7151.119 Mobile Safari/537.36 (compatible; Googlebot/2.1; +http://www.google.com/bot.html)"
66.249.68.68 - - [20/Jul/2025:13:36:32 +0000] "POST /get-message-notify HTTP/1.1" 200 19553 "https://alalamy.com.au/items/fashion/womens/2468010/" "Mozilla/5.0 (Linux; Android 6.0.1; Nexus 5X Build/MMB29P) AppleWebKit/537.36 (KHTML, like Gecko) Chrome/137.0.7151.119 Mobile Safari/537.36 (compatible; Googlebot/2.1; +http://www.google.com/bot.html)"
66.249.68.67 - - [20/Jul/2025:13:36:32 +0000] "POST /get-message-notify HTTP/1.1" 200 19553 "https://alalamy.com.au/items/fashion/womens/2177619/" "Mozilla/5.0 (Linux; Android 6.0.1; Nexus 5X Build/MMB29P) AppleWebKit/537.36 (KHTML, like Gecko) Chrome/137.0.7151.119 Mobile Safari/537.36 (compatible; Googlebot/2.1; +http://www.google.com/bot.html)"
66.249.68.67 - - [20/Jul/2025:13:36:33 +0000] "GET /?items/fashion/womens/alalamy.com.au/pcmypage?callback=/product%2Fdetail%2F25046491 HTTP/1.1" 200 19348 "-" "Mozilla/5.0 (Linux; Android 6.0.1; Nexus 5X Build/MMB29P) AppleWebKit/537.36 (KHTML, like Gecko) Chrome/137.0.7151.103 Mobile Safari/537.36 (compatible; GoogleOther)"
66.249.68.67 - - [20/Jul/2025:13:36:35 +0000] "GET /items/sports/golf/2682921/feature/idol/alalamy.com.au/items/sports/golf/2682921/feature/idol/gradol.html HTTP/1.1" 200 19497 "-" "Mozilla/5.0 (Linux; Android 6.0.1; Nexus 5X Build/MMB29P) AppleWebKit/537.36 (KHTML, like Gecko) Chrome/137.0.7151.103 Mobile Safari/537.36 (compatible; GoogleOther)"
66.249.68.68 - - [20/Jul/2025:13:36:36 +0000] "GET /items/motorcycles/cars/2183884/ HTTP/1.1" 200 19213 "-" "Mozilla/5.0 (Linux; Android 6.0.1; Nexus 5X Build/MMB29P) AppleWebKit/537.36 (KHTML, like Gecko) Chrome/137.0.7151.103 Mobile Safari/537.36 (compatible; GoogleOther)"
66.249.68.67 - - [20/Jul/2025:13:36:36 +0000] "GET /items/motorcycles/cars/3788913/ HTTP/1.1" 200 21285 "-" "Mozilla/5.0 (Linux; Android 6.0.1; Nexus 5X Build/MMB29P) AppleWebKit/537.36 (KHTML, like Gecko) Chrome/137.0.7151.103 Mobile Safari/537.36 (compatible; GoogleOther)"
66.249.68.67 - - [20/Jul/2025:13:36:37 +0000] "POST /get-message-notify HTTP/1.1" 200 19553 "https://alalamy.com.au/?items/fashion/womens/alalamy.com.au/pcmypage?callback=/product%2Fdetail%2F25046491" "Mozilla/5.0 (Linux; Android 6.0.1; Nexus 5X Build/MMB29P) AppleWebKit/537.36 (KHTML, like Gecko) Chrome/137.0.7151.119 Mobile Safari/537.36 (compatible; Googlebot/2.1; +http://www.google.com/bot.html)"
66.249.68.67 - - [20/Jul/2025:13:36:37 +0000] "GET /items/diy/interior/3806292 HTTP/1.1" 200 19386 "-" "Mozilla/5.0 (Linux; Android 6.0.1; Nexus 5X Build/MMB29P) AppleWebKit/537.36 (KHTML, like Gecko) Chrome/137.0.7151.103 Mobile Safari/537.36 (compatible; GoogleOther)"
66.249.68.67 - - [20/Jul/2025:13:36:39 +0000] "POST /get-message-notify HTTP/1.1" 200 19553 "https://alalamy.com.au/items/fashion/womens/3007727/" "Mozilla/5.0 (Linux; Android 6.0.1; Nexus 5X Build/MMB29P) AppleWebKit/537.36 (KHTML, like Gecko) Chrome/137.0.7151.119 Mobile Safari/537.36 (compatible; Googlebot/2.1; +http://www.google.com/bot.html)"
66.249.68.67 - - [20/Jul/2025:13:36:40 +0000] "POST /get-message-notify HTTP/1.1" 200 19553 "https://alalamy.com.au/items/sports/golf/3351353/" "Mozilla/5.0 (Linux; Android 6.0.1; Nexus 5X Build/MMB29P) AppleWebKit/537.36 (KHTML, like Gecko) Chrome/137.0.7151.119 Mobile Safari/537.36 (compatible; Googlebot/2.1; +http://www.google.com/bot.html)"
66.249.68.67 - - [20/Jul/2025:13:36:40 +0000] "POST /get-message-notify HTTP/1.1" 200 19553 "https://alalamy.com.au/?items/cars/cars/2624857/alalamy.com.au/pcmypage?callback=product%2Fdetail%2F51209003" "Mozilla/5.0 (Linux; Android 6.0.1; Nexus 5X Build/MMB29P) AppleWebKit/537.36 (KHTML, like Gecko) Chrome/137.0.7151.119 Mobile Safari/537.36 (compatible; Googlebot/2.1; +http://www.google.com/bot.html)"
66.249.68.68 - - [20/Jul/2025:13:36:41 +0000] "GET /?items/cars/motorcycle-wear/4701703/alalamy.com.au/pcmypage?callback=product/review/97841267 HTTP/1.1" 200 21504 "-" "Mozilla/5.0 (Linux; Android 6.0.1; Nexus 5X Build/MMB29P) AppleWebKit/537.36 (KHTML, like Gecko) Chrome/137.0.7151.103 Mobile Safari/537.36 (compatible; GoogleOther)"
66.249.68.68 - - [20/Jul/2025:13:36:41 +0000] "POST /get-message-notify HTTP/1.1" 200 19553 "https://alalamy.com.au/?items/daily-necessities/cooking-utensils/4717309/alalamy.com.au/pcmypage?callback=product%2Fdetail%2F70114990" "Mozilla/5.0 (Linux; Android 6.0.1; Nexus 5X Build/MMB29P) AppleWebKit/537.36 (KHTML, like Gecko) Chrome/137.0.7151.119 Mobile Safari/537.36 (compatible; Googlebot/2.1; +http://www.google.com/bot.html)"
66.249.68.67 - - [20/Jul/2025:13:36:41 +0000] "GET /items/fashion/kimono/1902543 HTTP/1.1" 200 18969 "-" "Mozilla/5.0 (Linux; Android 6.0.1; Nexus 5X Build/MMB29P) AppleWebKit/537.36 (KHTML, like Gecko) Chrome/137.0.7151.103 Mobile Safari/537.36 (compatible; GoogleOther)"
66.249.68.68 - - [20/Jul/2025:13:36:46 +0000] "POST /get-message-notify HTTP/1.1" 200 19553 "https://alalamy.com.au/items/fashion/kimono/1902543" "Mozilla/5.0 (Linux; Android 6.0.1; Nexus 5X Build/MMB29P) AppleWebKit/537.36 (KHTML, like Gecko) Chrome/137.0.7151.119 Mobile Safari/537.36 (compatible; Googlebot/2.1; +http://www.google.com/bot.html)"
66.249.68.68 - - [20/Jul/2025:13:36:46 +0000] "GET /items/sports/winter-sports/4750376/alalamy.com.au/hobby/nuigurumi/nuigurumi.html HTTP/1.1" 200 19789 "-" "Mozilla/5.0 (Linux; Android 6.0.1; Nexus 5X Build/MMB29P) AppleWebKit/537.36 (KHTML, like Gecko) Chrome/137.0.7151.103 Mobile Safari/537.36 (compatible; GoogleOther)"
66.249.68.67 - - [20/Jul/2025:13:36:49 +0000] "POST /get-message-notify HTTP/1.1" 200 19553 "https://alalamy.com.au/items/sports/winter-sports/alalamy.com.au/toreka/figure_menu.html" "Mozilla/5.0 (Linux; Android 6.0.1; Nexus 5X Build/MMB29P) AppleWebKit/537.36 (KHTML, like Gecko) Chrome/137.0.7151.119 Mobile Safari/537.36 (compatible; Googlebot/2.1; +http://www.google.com/bot.html)"
66.249.68.68 - - [20/Jul/2025:13:36:49 +0000] "POST /get-message-notify HTTP/1.1" 200 19553 "https://alalamy.com.au/items/motorcycles/cars/2183884/" "Mozilla/5.0 (Linux; Android 6.0.1; Nexus 5X Build/MMB29P) AppleWebKit/537.36 (KHTML, like Gecko) Chrome/137.0.7151.119 Mobile Safari/537.36 (compatible; Googlebot/2.1; +http://www.google.com/bot.html)"
66.249.68.69 - - [20/Jul/2025:13:36:50 +0000] "GET /items/fashion/formal-wear/4360922/ HTTP/1.1" 200 19668 "-" "Mozilla/5.0 (Linux; Android 6.0.1; Nexus 5X Build/MMB29P) AppleWebKit/537.36 (KHTML, like Gecko) Chrome/137.0.7151.103 Mobile Safari/537.36 (compatible; GoogleOther)"
66.249.68.69 - - [20/Jul/2025:13:36:51 +0000] "GET /items/fashion/womens/2467943/ HTTP/1.1" 200 21086 "-" "Mozilla/5.0 (Linux; Android 6.0.1; Nexus 5X Build/MMB29P) AppleWebKit/537.36 (KHTML, like Gecko) Chrome/137.0.7151.103 Mobile Safari/537.36 (compatible; GoogleOther)"
66.249.68.67 - - [20/Jul/2025:13:36:51 +0000] "POST /get-message-notify HTTP/1.1" 200 19553 "https://alalamy.com.au/items/sports/winter-sports/4750376/alalamy.com.au/hobby/nuigurumi/nuigurumi.html" "Mozilla/5.0 (Linux; Android 6.0.1; Nexus 5X Build/MMB29P) AppleWebKit/537.36 (KHTML, like Gecko) Chrome/137.0.7151.119 Mobile Safari/537.36 (compatible; Googlebot/2.1; +http://www.google.com/bot.html)"
66.249.68.67 - - [20/Jul/2025:13:36:52 +0000] "GET /items/handmade/fashion/2022395/alalamy.com.au/product/edit/1000 HTTP/1.1" 200 21651 "-" "Mozilla/5.0 (Linux; Android 6.0.1; Nexus 5X Build/MMB29P) AppleWebKit/537.36 (KHTML, like Gecko) Chrome/137.0.7151.103 Mobile Safari/537.36 (compatible; GoogleOther)"
66.249.68.68 - - [20/Jul/2025:13:36:52 +0000] "POST /get-message-notify HTTP/1.1" 200 19553 "https://alalamy.com.au/items/interior/desk-lights/3779554/" "Mozilla/5.0 (Linux; Android 6.0.1; Nexus 5X Build/MMB29P) AppleWebKit/537.36 (KHTML, like Gecko) Chrome/137.0.7151.119 Mobile Safari/537.36 (compatible; Googlebot/2.1; +http://www.google.com/bot.html)"
66.249.68.69 - - [20/Jul/2025:13:36:52 +0000] "GET /items/fashion/womens/4134174/ HTTP/1.1" 200 19975 "-" "Mozilla/5.0 (Linux; Android 6.0.1; Nexus 5X Build/MMB29P) AppleWebKit/537.36 (KHTML, like Gecko) Chrome/137.0.7151.103 Mobile Safari/537.36 (compatible; GoogleOther)"
66.249.68.67 - - [20/Jul/2025:13:36:52 +0000] "POST /get-message-notify HTTP/1.1" 200 19553 "https://alalamy.com.au/?items/fashion/pants/2236517/alalamy.com.au/pcmypage?callback=product/review/65980733" "Mozilla/5.0 (Linux; Android 6.0.1; Nexus 5X Build/MMB29P) AppleWebKit/537.36 (KHTML, like Gecko) Chrome/137.0.7151.119 Mobile Safari/537.36 (compatible; Googlebot/2.1; +http://www.google.com/bot.html)"
66.249.68.69 - - [20/Jul/2025:13:36:54 +0000] "POST /get-message-notify HTTP/1.1" 200 19553 "https://alalamy.com.au/items/fashion/womens/2467943/" "Mozilla/5.0 (Linux; Android 6.0.1; Nexus 5X Build/MMB29P) AppleWebKit/537.36 (KHTML, like Gecko) Chrome/137.0.7151.119 Mobile Safari/537.36 (compatible; Googlebot/2.1; +http://www.google.com/bot.html)"
66.249.68.67 - - [20/Jul/2025:13:36:55 +0000] "POST /get-message-notify HTTP/1.1" 200 19553 "https://alalamy.com.au/items/fashion/womens/4134174/" "Mozilla/5.0 (Linux; Android 6.0.1; Nexus 5X Build/MMB29P) AppleWebKit/537.36 (KHTML, like Gecko) Chrome/137.0.7151.119 Mobile Safari/537.36 (compatible; Googlebot/2.1; +http://www.google.com/bot.html)"
66.249.68.68 - - [20/Jul/2025:13:36:58 +0000] "GET /items/diy/housing/5092719/ HTTP/1.1" 200 19033 "-" "Mozilla/5.0 (Linux; Android 6.0.1; Nexus 5X Build/MMB29P) AppleWebKit/537.36 (KHTML, like Gecko) Chrome/137.0.7151.103 Mobile Safari/537.36 (compatible; GoogleOther)"
66.249.68.68 - - [20/Jul/2025:13:37:00 +0000] "POST /get-message-notify HTTP/1.1" 200 19553 "https://alalamy.com.au/?items/fashion/mens/5010396/alalamy.com.au/pcmypage?callback=product/review/14464640" "Mozilla/5.0 (Linux; Android 6.0.1; Nexus 5X Build/MMB29P) AppleWebKit/537.36 (KHTML, like Gecko) Chrome/137.0.7151.119 Mobile Safari/537.36 (compatible; Googlebot/2.1; +http://www.google.com/bot.html)"
66.249.68.70 - - [20/Jul/2025:13:37:00 +0000] "POST /get-message-notify HTTP/1.1" 200 19553 "https://alalamy.com.au/items/handmade/fashion/2022395/alalamy.com.au/product/edit/1000" "Mozilla/5.0 (Linux; Android 6.0.1; Nexus 5X Build/MMB29P) AppleWebKit/537.36 (KHTML, like Gecko) Chrome/137.0.7151.119 Mobile Safari/537.36 (compatible; Googlebot/2.1; +http://www.google.com/bot.html)"
66.249.68.69 - - [20/Jul/2025:13:37:02 +0000] "POST /get-message-notify HTTP/1.1" 200 19553 "https://alalamy.com.au/items/diy/housing/5092719/" "Mozilla/5.0 (Linux; Android 6.0.1; Nexus 5X Build/MMB29P) AppleWebKit/537.36 (KHTML, like Gecko) Chrome/137.0.7151.119 Mobile Safari/537.36 (compatible; Googlebot/2.1; +http://www.google.com/bot.html)"
66.249.68.70 - - [20/Jul/2025:13:37:02 +0000] "POST /get-message-notify HTTP/1.1" 200 19553 "https://alalamy.com.au/?items/cars/motorcycle-wear/4701703/alalamy.com.au/pcmypage?callback=product/review/97841267" "Mozilla/5.0 (Linux; Android 6.0.1; Nexus 5X Build/MMB29P) AppleWebKit/537.36 (KHTML, like Gecko) Chrome/137.0.7151.119 Mobile Safari/537.36 (compatible; Googlebot/2.1; +http://www.google.com/bot.html)"
66.249.68.67 - - [20/Jul/2025:13:37:02 +0000] "POST /get-message-notify HTTP/1.1" 200 19553 "https://alalamy.com.au/items/fashion/mens/4620536/" "Mozilla/5.0 (Linux; Android 6.0.1; Nexus 5X Build/MMB29P) AppleWebKit/537.36 (KHTML, like Gecko) Chrome/137.0.7151.119 Mobile Safari/537.36 (compatible; Googlebot/2.1; +http://www.google.com/bot.html)"
66.249.68.69 - - [20/Jul/2025:13:37:03 +0000] "GET /items/handicrafts/fashion/3468284/ HTTP/1.1" 200 18963 "-" "Mozilla/5.0 (Linux; Android 6.0.1; Nexus 5X Build/MMB29P) AppleWebKit/537.36 (KHTML, like Gecko) Chrome/137.0.7151.103 Mobile Safari/537.36 (compatible; GoogleOther)"
66.249.68.69 - - [20/Jul/2025:13:37:04 +0000] "GET /items/sports/winter-sports/alalamy.com.au/pcsp.html HTTP/1.1" 200 18930 "-" "Mozilla/5.0 (Linux; Android 6.0.1; Nexus 5X Build/MMB29P) AppleWebKit/537.36 (KHTML, like Gecko) Chrome/137.0.7151.103 Mobile Safari/537.36 (compatible; GoogleOther)"
66.249.68.67 - - [20/Jul/2025:13:37:04 +0000] "GET /items/fashion/womens/1915743/ HTTP/1.1" 200 19965 "-" "Mozilla/5.0 (Linux; Android 6.0.1; Nexus 5X Build/MMB29P) AppleWebKit/537.36 (KHTML, like Gecko) Chrome/137.0.7151.103 Mobile Safari/537.36 (compatible; GoogleOther)"
66.249.68.67 - - [20/Jul/2025:13:37:05 +0000] "GET /items/handicrafts/fashion/4117915/ HTTP/1.1" 200 20639 "-" "Mozilla/5.0 (Linux; Android 6.0.1; Nexus 5X Build/MMB29P) AppleWebKit/537.36 (KHTML, like Gecko) Chrome/137.0.7151.103 Mobile Safari/537.36 (compatible; GoogleOther)"
66.249.68.67 - - [20/Jul/2025:13:37:05 +0000] "GET /items/sports/golf/2544565/ HTTP/1.1" 200 19499 "-" "Mozilla/5.0 (Linux; Android 6.0.1; Nexus 5X Build/MMB29P) AppleWebKit/537.36 (KHTML, like Gecko) Chrome/137.0.7151.103 Mobile Safari/537.36 (compatible; GoogleOther)"
66.249.68.69 - - [20/Jul/2025:13:37:06 +0000] "POST /get-message-notify HTTP/1.1" 200 19553 "https://alalamy.com.au/items/sports/winter-sports/alalamy.com.au/pcsp.html" "Mozilla/5.0 (Linux; Android 6.0.1; Nexus 5X Build/MMB29P) AppleWebKit/537.36 (KHTML, like Gecko) Chrome/137.0.7151.119 Mobile Safari/537.36 (compatible; Googlebot/2.1; +http://www.google.com/bot.html)"
66.249.68.69 - - [20/Jul/2025:13:37:06 +0000] "GET /items/gardening/gardening/3462492 HTTP/1.1" 200 20741 "-" "Mozilla/5.0 (Linux; Android 6.0.1; Nexus 5X Build/MMB29P) AppleWebKit/537.36 (KHTML, like Gecko) Chrome/137.0.7151.103 Mobile Safari/537.36 (compatible; GoogleOther)"
66.249.68.67 - - [20/Jul/2025:13:37:07 +0000] "GET /items/fashion/womens/5135247/ HTTP/1.1" 200 20377 "-" "Mozilla/5.0 (Linux; Android 6.0.1; Nexus 5X Build/MMB29P) AppleWebKit/537.36 (KHTML, like Gecko) Chrome/137.0.7151.103 Mobile Safari/537.36 (compatible; GoogleOther)"
66.249.68.69 - - [20/Jul/2025:13:37:08 +0000] "GET /?items/diy/water-facilities/alalamy.com.au/pcmypage?callback=product/review/69283875 HTTP/1.1" 200 20194 "-" "Mozilla/5.0 (Linux; Android 6.0.1; Nexus 5X Build/MMB29P) AppleWebKit/537.36 (KHTML, like Gecko) Chrome/137.0.7151.103 Mobile Safari/537.36 (compatible; GoogleOther)"
66.249.68.67 - - [20/Jul/2025:13:37:09 +0000] "GET /items/cameras/cameras/5247112/ HTTP/1.1" 200 19158 "-" "Mozilla/5.0 (Linux; Android 6.0.1; Nexus 5X Build/MMB29P) AppleWebKit/537.36 (KHTML, like Gecko) Chrome/137.0.7151.103 Mobile Safari/537.36 (compatible; GoogleOther)"
66.249.68.68 - - [20/Jul/2025:13:37:09 +0000] "POST /get-message-notify HTTP/1.1" 200 19553 "https://alalamy.com.au/items/fashion/womens/5135247/" "Mozilla/5.0 (Linux; Android 6.0.1; Nexus 5X Build/MMB29P) AppleWebKit/537.36 (KHTML, like Gecko) Chrome/137.0.7151.119 Mobile Safari/537.36 (compatible; Googlebot/2.1; +http://www.google.com/bot.html)"
66.249.68.68 - - [20/Jul/2025:13:37:16 +0000] "GET /items/beauty/women-perfume/alalamy.com.au/pcmypage/ HTTP/1.1" 200 19997 "-" "Mozilla/5.0 (Linux; Android 6.0.1; Nexus 5X Build/MMB29P) AppleWebKit/537.36 (KHTML, like Gecko) Chrome/137.0.7151.103 Mobile Safari/537.36 (compatible; GoogleOther)"
66.249.68.68 - - [20/Jul/2025:13:37:19 +0000] "POST /get-message-notify HTTP/1.1" 200 19553 "https://alalamy.com.au/items/beauty/women-perfume/alalamy.com.au/pcmypage/" "Mozilla/5.0 (Linux; Android 6.0.1; Nexus 5X Build/MMB29P) AppleWebKit/537.36 (KHTML, like Gecko) Chrome/137.0.7151.119 Mobile Safari/537.36 (compatible; Googlebot/2.1; +http://www.google.com/bot.html)"
66.249.68.68 - - [20/Jul/2025:13:37:20 +0000] "POST /get-message-notify HTTP/1.1" 200 19553 "https://alalamy.com.au/items/handicrafts/fashion/3468284/" "Mozilla/5.0 (Linux; Android 6.0.1; Nexus 5X Build/MMB29P) AppleWebKit/537.36 (KHTML, like Gecko) Chrome/137.0.7151.119 Mobile Safari/537.36 (compatible; Googlebot/2.1; +http://www.google.com/bot.html)"
66.249.68.67 - - [20/Jul/2025:13:37:21 +0000] "POST /get-message-notify HTTP/1.1" 200 19553 "https://alalamy.com.au/items/handicrafts/fashion/4117915/" "Mozilla/5.0 (Linux; Android 6.0.1; Nexus 5X Build/MMB29P) AppleWebKit/537.36 (KHTML, like Gecko) Chrome/137.0.7151.119 Mobile Safari/537.36 (compatible; Googlebot/2.1; +http://www.google.com/bot.html)"
66.249.68.68 - - [20/Jul/2025:13:37:22 +0000] "GET /items/fashion/jackets/alalamy.com.au/pcmypage?callback=/product%2Fdetail%2F81006538 HTTP/1.1" 200 19346 "-" "Mozilla/5.0 (Linux; Android 6.0.1; Nexus 5X Build/MMB29P) AppleWebKit/537.36 (KHTML, like Gecko) Chrome/137.0.7151.103 Mobile Safari/537.36 (compatible; GoogleOther)"
66.249.68.68 - - [20/Jul/2025:13:37:24 +0000] "POST /get-message-notify HTTP/1.1" 200 19553 "https://alalamy.com.au/items/fashion/formal-wear/4360922/" "Mozilla/5.0 (Linux; Android 6.0.1; Nexus 5X Build/MMB29P) AppleWebKit/537.36 (KHTML, like Gecko) Chrome/137.0.7151.119 Mobile Safari/537.36 (compatible; Googlebot/2.1; +http://www.google.com/bot.html)"
66.249.68.68 - - [20/Jul/2025:13:37:25 +0000] "POST /get-message-notify HTTP/1.1" 200 19553 "https://alalamy.com.au/?items/diy/water-facilities/alalamy.com.au/pcmypage?callback=product/review/69283875" "Mozilla/5.0 (Linux; Android 6.0.1; Nexus 5X Build/MMB29P) AppleWebKit/537.36 (KHTML, like Gecko) Chrome/137.0.7151.119 Mobile Safari/537.36 (compatible; Googlebot/2.1; +http://www.google.com/bot.html)"
66.249.68.67 - - [20/Jul/2025:13:37:28 +0000] "POST /get-message-notify HTTP/1.1" 200 19553 "https://alalamy.com.au/items/cameras/cameras/5247112/" "Mozilla/5.0 (Linux; Android 6.0.1; Nexus 5X Build/MMB29P) AppleWebKit/537.36 (KHTML, like Gecko) Chrome/137.0.7151.119 Mobile Safari/537.36 (compatible; Googlebot/2.1; +http://www.google.com/bot.html)"
66.249.68.67 - - [20/Jul/2025:13:37:29 +0000] "GET /items/travel-supplies/mountain-climbing/2053186 HTTP/1.1" 200 18638 "-" "Mozilla/5.0 (Linux; Android 6.0.1; Nexus 5X Build/MMB29P) AppleWebKit/537.36 (KHTML, like Gecko) Chrome/137.0.7151.103 Mobile Safari/537.36 (compatible; GoogleOther)"
66.249.68.67 - - [20/Jul/2025:13:37:30 +0000] "GET /items/motorcycles/motorcycle-wear/4894231/ HTTP/1.1" 200 19059 "-" "Mozilla/5.0 (Linux; Android 6.0.1; Nexus 5X Build/MMB29P) AppleWebKit/537.36 (KHTML, like Gecko) Chrome/137.0.7151.103 Mobile Safari/537.36 (compatible; GoogleOther)"
66.249.68.68 - - [20/Jul/2025:13:37:32 +0000] "POST /get-message-notify HTTP/1.1" 200 19553 "https://alalamy.com.au/items/travel-supplies/mountain-climbing/2053186" "Mozilla/5.0 (Linux; Android 6.0.1; Nexus 5X Build/MMB29P) AppleWebKit/537.36 (KHTML, like Gecko) Chrome/137.0.7151.119 Mobile Safari/537.36 (compatible; Googlebot/2.1; +http://www.google.com/bot.html)"
66.249.68.68 - - [20/Jul/2025:13:37:32 +0000] "GET /items/fashion/womens/2661993/ HTTP/1.1" 200 19128 "-" "Mozilla/5.0 (Linux; Android 6.0.1; Nexus 5X Build/MMB29P) AppleWebKit/537.36 (KHTML, like Gecko) Chrome/137.0.7151.103 Mobile Safari/537.36 (compatible; GoogleOther)"
66.249.68.67 - - [20/Jul/2025:13:37:33 +0000] "GET /items/cameras/cameras/3853104/ HTTP/1.1" 200 20233 "-" "Mozilla/5.0 (Linux; Android 6.0.1; Nexus 5X Build/MMB29P) AppleWebKit/537.36 (KHTML, like Gecko) Chrome/137.0.7151.103 Mobile Safari/537.36 (compatible; GoogleOther)"
66.249.68.69 - - [20/Jul/2025:13:37:35 +0000] "POST /get-message-notify HTTP/1.1" 200 19553 "https://alalamy.com.au/items/sports/golf/2682921/feature/idol/alalamy.com.au/items/sports/golf/2682921/feature/idol/gradol.html" "Mozilla/5.0 (Linux; Android 6.0.1; Nexus 5X Build/MMB29P) AppleWebKit/537.36 (KHTML, like Gecko) Chrome/137.0.7151.119 Mobile Safari/537.36 (compatible; Googlebot/2.1; +http://www.google.com/bot.html)"
66.249.68.69 - - [20/Jul/2025:13:37:35 +0000] "GET /items/handicrafts/fashion/alalamy.com.au/pcmypage?callback=product/review/44018228 HTTP/1.1" 200 20226 "-" "Mozilla/5.0 (Linux; Android 6.0.1; Nexus 5X Build/MMB29P) AppleWebKit/537.36 (KHTML, like Gecko) Chrome/137.0.7151.103 Mobile Safari/537.36 (compatible; GoogleOther)"
66.249.68.67 - - [20/Jul/2025:13:37:36 +0000] "POST /get-message-notify HTTP/1.1" 200 19553 "https://alalamy.com.au/items/sports/golf/2544565/" "Mozilla/5.0 (Linux; Android 6.0.1; Nexus 5X Build/MMB29P) AppleWebKit/537.36 (KHTML, like Gecko) Chrome/137.0.7151.119 Mobile Safari/537.36 (compatible; Googlebot/2.1; +http://www.google.com/bot.html)"
66.249.68.67 - - [20/Jul/2025:13:37:36 +0000] "GET /items/cameras/zoom-lens/4601983/ HTTP/1.1" 200 19122 "-" "Mozilla/5.0 (Linux; Android 6.0.1; Nexus 5X Build/MMB29P) AppleWebKit/537.36 (KHTML, like Gecko) Chrome/137.0.7151.103 Mobile Safari/537.36 (compatible; GoogleOther)"
66.249.68.69 - - [20/Jul/2025:13:37:37 +0000] "POST /get-message-notify HTTP/1.1" 200 19553 "https://alalamy.com.au/items/cameras/cameras/3853104/" "Mozilla/5.0 (Linux; Android 6.0.1; Nexus 5X Build/MMB29P) AppleWebKit/537.36 (KHTML, like Gecko) Chrome/137.0.7151.119 Mobile Safari/537.36 (compatible; Googlebot/2.1; +http://www.google.com/bot.html)"
66.249.68.69 - - [20/Jul/2025:13:37:37 +0000] "POST /get-message-notify HTTP/1.1" 200 19553 "https://alalamy.com.au/items/handicrafts/fashion/alalamy.com.au/pcmypage?callback=product/review/44018228" "Mozilla/5.0 (Linux; Android 6.0.1; Nexus 5X Build/MMB29P) AppleWebKit/537.36 (KHTML, like Gecko) Chrome/137.0.7151.119 Mobile Safari/537.36 (compatible; Googlebot/2.1; +http://www.google.com/bot.html)"
66.249.68.69 - - [20/Jul/2025:13:37:38 +0000] "GET /items/handicrafts/fashion/alalamy.com.au/pcmypage?callback=product%2Fdetail%2F22529117 HTTP/1.1" 200 19352 "-" "Mozilla/5.0 (Linux; Android 6.0.1; Nexus 5X Build/MMB29P) AppleWebKit/537.36 (KHTML, like Gecko) Chrome/137.0.7151.103 Mobile Safari/537.36 (compatible; GoogleOther)"
66.249.68.68 - - [20/Jul/2025:13:37:39 +0000] "GET /items/handmade/ornaments/2992223/ HTTP/1.1" 200 19799 "-" "Mozilla/5.0 (Linux; Android 6.0.1; Nexus 5X Build/MMB29P) AppleWebKit/537.36 (KHTML, like Gecko) Chrome/137.0.7151.103 Mobile Safari/537.36 (compatible; GoogleOther)"
66.249.68.68 - - [20/Jul/2025:13:37:39 +0000] "POST /get-message-notify HTTP/1.1" 200 19553 "https://alalamy.com.au/items/fashion/womens/2661993/" "Mozilla/5.0 (Linux; Android 6.0.1; Nexus 5X Build/MMB29P) AppleWebKit/537.36 (KHTML, like Gecko) Chrome/137.0.7151.119 Mobile Safari/537.36 (compatible; Googlebot/2.1; +http://www.google.com/bot.html)"
66.249.68.68 - - [20/Jul/2025:13:37:40 +0000] "POST /get-message-notify HTTP/1.1" 200 19553 "https://alalamy.com.au/items/cameras/zoom-lens/4601983/" "Mozilla/5.0 (Linux; Android 6.0.1; Nexus 5X Build/MMB29P) AppleWebKit/537.36 (KHTML, like Gecko) Chrome/137.0.7151.119 Mobile Safari/537.36 (compatible; Googlebot/2.1; +http://www.google.com/bot.html)"
66.249.68.68 - - [20/Jul/2025:13:37:41 +0000] "POST /get-message-notify HTTP/1.1" 200 19553 "https://alalamy.com.au/items/handmade/ornaments/2992223/" "Mozilla/5.0 (Linux; Android 6.0.1; Nexus 5X Build/MMB29P) AppleWebKit/537.36 (KHTML, like Gecko) Chrome/137.0.7151.119 Mobile Safari/537.36 (compatible; Googlebot/2.1; +http://www.google.com/bot.html)"
66.249.68.67 - - [20/Jul/2025:13:37:43 +0000] "GET /items/gardening/houseplants/alalamy.com.au/search?category=&search_word=&restrict[]=person_id(int)=QGM HTTP/1.1" 200 19997 "-" "Mozilla/5.0 (Linux; Android 6.0.1; Nexus 5X Build/MMB29P) AppleWebKit/537.36 (KHTML, like Gecko) Chrome/137.0.7151.103 Mobile Safari/537.36 (compatible; GoogleOther)"
209.74.77.214 - - [20/Jul/2025:13:37:44 +0000] "POST /wp-cron.php?doing_wp_cron=1753018664.0413069725036621093750 HTTP/1.1" 200 - "-" "WordPress/6.8.2; https://alalamy.com.au"
216.73.216.113 - - [20/Jul/2025:13:37:43 +0000] "GET /shopbrand/55898.htm HTTP/1.1" 404 20399 "-" "Mozilla/5.0 AppleWebKit/537.36 (KHTML, like Gecko; compatible; ClaudeBot/1.0; [email protected])"
216.73.216.113 - - [20/Jul/2025:13:37:44 +0000] "GET /shopbrand/70594.htm HTTP/1.1" 404 20399 "-" "Mozilla/5.0 AppleWebKit/537.36 (KHTML, like Gecko; compatible; ClaudeBot/1.0; [email protected])"
209.74.77.214 - - [20/Jul/2025:13:37:44 +0000] "POST /wp-admin/admin-ajax.php?action=async_litespeed&nonce=yNATTvmZTtlUi1Wc8kFqpNo4iXHD25lj&litespeed_type=imgoptm HTTP/1.1" 200 21 "-" "WordPress/6.8.2; https://alalamy.com.au"
216.73.216.113 - - [20/Jul/2025:13:37:44 +0000] "GET /shopbrand/23078.htm HTTP/1.1" 404 20399 "-" "Mozilla/5.0 AppleWebKit/537.36 (KHTML, like Gecko; compatible; ClaudeBot/1.0; [email protected])"
216.73.216.113 - - [20/Jul/2025:13:37:45 +0000] "GET /shopbrand/44478.htm HTTP/1.1" 404 20399 "-" "Mozilla/5.0 AppleWebKit/537.36 (KHTML, like Gecko; compatible; ClaudeBot/1.0; [email protected])"
216.73.216.113 - - [20/Jul/2025:13:37:45 +0000] "GET /shopbrand/41682.htm HTTP/1.1" 404 20399 "-" "Mozilla/5.0 AppleWebKit/537.36 (KHTML, like Gecko; compatible; ClaudeBot/1.0; [email protected])"
216.73.216.113 - - [20/Jul/2025:13:37:45 +0000] "GET /shopbrand/112294.htm HTTP/1.1" 404 20399 "-" "Mozilla/5.0 AppleWebKit/537.36 (KHTML, like Gecko; compatible; ClaudeBot/1.0; [email protected])"
216.73.216.113 - - [20/Jul/2025:13:37:45 +0000] "GET /shopbrand/120668.htm HTTP/1.1" 404 20399 "-" "Mozilla/5.0 AppleWebKit/537.36 (KHTML, like Gecko; compatible; ClaudeBot/1.0; [email protected])"
66.249.68.68 - - [20/Jul/2025:13:37:45 +0000] "GET /items/outdoor/climbing-equipment/4498838/ HTTP/1.1" 200 18913 "-" "Mozilla/5.0 (Linux; Android 6.0.1; Nexus 5X Build/MMB29P) AppleWebKit/537.36 (KHTML, like Gecko) Chrome/137.0.7151.103 Mobile Safari/537.36 (compatible; GoogleOther)"
216.73.216.113 - - [20/Jul/2025:13:37:45 +0000] "GET /shopbrand/29484.htm HTTP/1.1" 404 20399 "-" "Mozilla/5.0 AppleWebKit/537.36 (KHTML, like Gecko; compatible; ClaudeBot/1.0; [email protected])"
216.73.216.113 - - [20/Jul/2025:13:37:45 +0000] "GET /shopbrand/99506.htm HTTP/1.1" 404 20399 "-" "Mozilla/5.0 AppleWebKit/537.36 (KHTML, like Gecko; compatible; ClaudeBot/1.0; [email protected])"
216.73.216.113 - - [20/Jul/2025:13:37:45 +0000] "GET /shopbrand/56013.htm HTTP/1.1" 404 20399 "-" "Mozilla/5.0 AppleWebKit/537.36 (KHTML, like Gecko; compatible; ClaudeBot/1.0; [email protected])"
216.73.216.113 - - [20/Jul/2025:13:37:46 +0000] "GET /shopbrand/37508.htm HTTP/1.1" 404 20399 "-" "Mozilla/5.0 AppleWebKit/537.36 (KHTML, like Gecko; compatible; ClaudeBot/1.0; [email protected])"
216.73.216.113 - - [20/Jul/2025:13:37:46 +0000] "GET /shopbrand/29591.htm HTTP/1.1" 404 20399 "-" "Mozilla/5.0 AppleWebKit/537.36 (KHTML, like Gecko; compatible; ClaudeBot/1.0; [email protected])"
216.73.216.113 - - [20/Jul/2025:13:37:46 +0000] "GET /shopbrand/108676.htm HTTP/1.1" 404 20399 "-" "Mozilla/5.0 AppleWebKit/537.36 (KHTML, like Gecko; compatible; ClaudeBot/1.0; [email protected])"
216.73.216.113 - - [20/Jul/2025:13:37:46 +0000] "GET /shopbrand/83001.htm HTTP/1.1" 404 20400 "-" "Mozilla/5.0 AppleWebKit/537.36 (KHTML, like Gecko; compatible; ClaudeBot/1.0; [email protected])"
216.73.216.113 - - [20/Jul/2025:13:37:46 +0000] "GET /shopbrand/43094.htm HTTP/1.1" 404 20400 "-" "Mozilla/5.0 AppleWebKit/537.36 (KHTML, like Gecko; compatible; ClaudeBot/1.0; [email protected])"
66.249.68.67 - - [20/Jul/2025:13:37:47 +0000] "POST /get-message-notify HTTP/1.1" 200 19553 "https://alalamy.com.au/items/gardening/houseplants/alalamy.com.au/search?category=&search_word=&restrict[]=person_id(int)=QGM" "Mozilla/5.0 (Linux; Android 6.0.1; Nexus 5X Build/MMB29P) AppleWebKit/537.36 (KHTML, like Gecko) Chrome/137.0.7151.119 Mobile Safari/537.36 (compatible; Googlebot/2.1; +http://www.google.com/bot.html)"
216.73.216.113 - - [20/Jul/2025:13:37:47 +0000] "GET /shopbrand/99780.htm HTTP/1.1" 404 20400 "-" "Mozilla/5.0 AppleWebKit/537.36 (KHTML, like Gecko; compatible; ClaudeBot/1.0; [email protected])"
216.73.216.113 - - [20/Jul/2025:13:37:47 +0000] "GET /shopbrand/32264.htm HTTP/1.1" 404 20400 "-" "Mozilla/5.0 AppleWebKit/537.36 (KHTML, like Gecko; compatible; ClaudeBot/1.0; [email protected])"
216.73.216.113 - - [20/Jul/2025:13:37:47 +0000] "GET /shopbrand/76039.htm HTTP/1.1" 404 20400 "-" "Mozilla/5.0 AppleWebKit/537.36 (KHTML, like Gecko; compatible; ClaudeBot/1.0; [email protected])"
216.73.216.113 - - [20/Jul/2025:13:37:47 +0000] "GET /shopbrand/83382.htm HTTP/1.1" 404 20400 "-" "Mozilla/5.0 AppleWebKit/537.36 (KHTML, like Gecko; compatible; ClaudeBot/1.0; [email protected])"
216.73.216.113 - - [20/Jul/2025:13:37:47 +0000] "GET /shopbrand/31134.htm HTTP/1.1" 404 20400 "-" "Mozilla/5.0 AppleWebKit/537.36 (KHTML, like Gecko; compatible; ClaudeBot/1.0; [email protected])"
216.73.216.113 - - [20/Jul/2025:13:37:47 +0000] "GET /shopbrand/44736.htm HTTP/1.1" 404 20400 "-" "Mozilla/5.0 AppleWebKit/537.36 (KHTML, like Gecko; compatible; ClaudeBot/1.0; [email protected])"
216.73.216.113 - - [20/Jul/2025:13:37:47 +0000] "GET /shopbrand/43225.htm HTTP/1.1" 404 20400 "-" "Mozilla/5.0 AppleWebKit/537.36 (KHTML, like Gecko; compatible; ClaudeBot/1.0; [email protected])"
66.249.68.67 - - [20/Jul/2025:13:37:48 +0000] "POST /get-message-notify HTTP/1.1" 200 19553 "https://alalamy.com.au/?items/cars/motorcycles/alalamy.com.au/pcmypage?callback=product/review/52821884" "Mozilla/5.0 (Linux; Android 6.0.1; Nexus 5X Build/MMB29P) AppleWebKit/537.36 (KHTML, like Gecko) Chrome/137.0.7151.119 Mobile Safari/537.36 (compatible; Googlebot/2.1; +http://www.google.com/bot.html)"
216.73.216.113 - - [20/Jul/2025:13:37:48 +0000] "GET /shopbrand/116202.htm HTTP/1.1" 404 20400 "-" "Mozilla/5.0 AppleWebKit/537.36 (KHTML, like Gecko; compatible; ClaudeBot/1.0; [email protected])"
66.249.68.67 - - [20/Jul/2025:13:37:48 +0000] "GET /items/handmade/toys/5015652/ HTTP/1.1" 200 18966 "-" "Mozilla/5.0 (Linux; Android 6.0.1; Nexus 5X Build/MMB29P) AppleWebKit/537.36 (KHTML, like Gecko) Chrome/137.0.7151.103 Mobile Safari/537.36 (compatible; GoogleOther)"
66.249.68.67 - - [20/Jul/2025:13:37:54 +0000] "GET /items/handmade/ornaments/2462123/ HTTP/1.1" 200 18706 "-" "Mozilla/5.0 (Linux; Android 6.0.1; Nexus 5X Build/MMB29P) AppleWebKit/537.36 (KHTML, like Gecko) Chrome/137.0.7151.103 Mobile Safari/537.36 (compatible; GoogleOther)"
66.249.68.67 - - [20/Jul/2025:13:37:58 +0000] "GET /items/cars/motorcycles/1739828/ HTTP/1.1" 200 21133 "-" "Mozilla/5.0 (Linux; Android 6.0.1; Nexus 5X Build/MMB29P) AppleWebKit/537.36 (KHTML, like Gecko) Chrome/137.0.7151.103 Mobile Safari/537.36 (compatible; GoogleOther)"
66.249.68.69 - - [20/Jul/2025:13:37:58 +0000] "POST /get-message-notify HTTP/1.1" 200 19553 "https://alalamy.com.au/items/handicrafts/fashion/alalamy.com.au/pcmypage?callback=product%2Fdetail%2F22529117" "Mozilla/5.0 (Linux; Android 6.0.1; Nexus 5X Build/MMB29P) AppleWebKit/537.36 (KHTML, like Gecko) Chrome/137.0.7151.119 Mobile Safari/537.36 (compatible; Googlebot/2.1; +http://www.google.com/bot.html)"
66.249.68.68 - - [20/Jul/2025:13:38:04 +0000] "POST /get-message-notify HTTP/1.1" 200 19553 "https://alalamy.com.au/items/gardening/gardening/3462492" "Mozilla/5.0 (Linux; Android 6.0.1; Nexus 5X Build/MMB29P) AppleWebKit/537.36 (KHTML, like Gecko) Chrome/137.0.7151.119 Mobile Safari/537.36 (compatible; Googlebot/2.1; +http://www.google.com/bot.html)"
66.249.68.67 - - [20/Jul/2025:13:38:05 +0000] "POST /get-message-notify HTTP/1.1" 200 19553 "https://alalamy.com.au/items/diy/interior/3806292" "Mozilla/5.0 (Linux; Android 6.0.1; Nexus 5X Build/MMB29P) AppleWebKit/537.36 (KHTML, like Gecko) Chrome/137.0.7151.119 Mobile Safari/537.36 (compatible; Googlebot/2.1; +http://www.google.com/bot.html)"
66.249.68.67 - - [20/Jul/2025:13:38:05 +0000] "GET /items/fashion/shoes/2291781/ HTTP/1.1" 200 18906 "-" "Mozilla/5.0 (Linux; Android 6.0.1; Nexus 5X Build/MMB29P) AppleWebKit/537.36 (KHTML, like Gecko) Chrome/137.0.7151.103 Mobile Safari/537.36 (compatible; GoogleOther)"
66.249.68.69 - - [20/Jul/2025:13:38:06 +0000] "GET /items/kitchen/kitchen/alalamy.com.au/product/edit/85454721 HTTP/1.1" 200 18910 "-" "Mozilla/5.0 (Linux; Android 6.0.1; Nexus 5X Build/MMB29P) AppleWebKit/537.36 (KHTML, like Gecko) Chrome/137.0.7151.103 Mobile Safari/537.36 (compatible; GoogleOther)"
66.249.68.67 - - [20/Jul/2025:13:38:11 +0000] "POST /get-message-notify HTTP/1.1" 200 19553 "https://alalamy.com.au/items/outdoor/climbing-equipment/4498838/" "Mozilla/5.0 (Linux; Android 6.0.1; Nexus 5X Build/MMB29P) AppleWebKit/537.36 (KHTML, like Gecko) Chrome/137.0.7151.119 Mobile Safari/537.36 (compatible; Googlebot/2.1; +http://www.google.com/bot.html)"
66.249.68.67 - - [20/Jul/2025:13:38:16 +0000] "GET /items/motorcycles/cars/4896767/ HTTP/1.1" 200 20475 "-" "Mozilla/5.0 (Linux; Android 6.0.1; Nexus 5X Build/MMB29P) AppleWebKit/537.36 (KHTML, like Gecko) Chrome/137.0.7151.103 Mobile Safari/537.36 (compatible; GoogleOther)"
66.249.68.67 - - [20/Jul/2025:13:38:17 +0000] "GET /items/fashion/womens/4888249/ HTTP/1.1" 200 18962 "-" "Mozilla/5.0 (Linux; Android 6.0.1; Nexus 5X Build/MMB29P) AppleWebKit/537.36 (KHTML, like Gecko) Chrome/137.0.7151.103 Mobile Safari/537.36 (compatible; GoogleOther)"
66.249.68.67 - - [20/Jul/2025:13:38:19 +0000] "POST /get-message-notify HTTP/1.1" 200 19553 "https://alalamy.com.au/items/cars/motorcycles/1739828/" "Mozilla/5.0 (Linux; Android 6.0.1; Nexus 5X Build/MMB29P) AppleWebKit/537.36 (KHTML, like Gecko) Chrome/137.0.7151.119 Mobile Safari/537.36 (compatible; Googlebot/2.1; +http://www.google.com/bot.html)"
66.249.68.67 - - [20/Jul/2025:13:38:19 +0000] "POST /get-message-notify HTTP/1.1" 200 19553 "https://alalamy.com.au/items/fashion/womens/4888249/" "Mozilla/5.0 (Linux; Android 6.0.1; Nexus 5X Build/MMB29P) AppleWebKit/537.36 (KHTML, like Gecko) Chrome/137.0.7151.119 Mobile Safari/537.36 (compatible; Googlebot/2.1; +http://www.google.com/bot.html)"
66.249.68.67 - - [20/Jul/2025:13:38:23 +0000] "POST /get-message-notify HTTP/1.1" 200 19553 "https://alalamy.com.au/items/kitchen/kitchen/alalamy.com.au/product/edit/85454721" "Mozilla/5.0 (Linux; Android 6.0.1; Nexus 5X Build/MMB29P) AppleWebKit/537.36 (KHTML, like Gecko) Chrome/137.0.7151.119 Mobile Safari/537.36 (compatible; Googlebot/2.1; +http://www.google.com/bot.html)"
66.249.68.67 - - [20/Jul/2025:13:38:23 +0000] "POST /get-message-notify HTTP/1.1" 200 19553 "https://alalamy.com.au/items/handmade/toys/5015652/" "Mozilla/5.0 (Linux; Android 6.0.1; Nexus 5X Build/MMB29P) AppleWebKit/537.36 (KHTML, like Gecko) Chrome/137.0.7151.119 Mobile Safari/537.36 (compatible; Googlebot/2.1; +http://www.google.com/bot.html)"
66.249.68.67 - - [20/Jul/2025:13:38:28 +0000] "GET /items/fashion/tops/3789253/ HTTP/1.1" 200 21280 "-" "Mozilla/5.0 (Linux; Android 6.0.1; Nexus 5X Build/MMB29P) AppleWebKit/537.36 (KHTML, like Gecko) Chrome/137.0.7151.103 Mobile Safari/537.36 (compatible; GoogleOther)"
66.249.68.67 - - [20/Jul/2025:13:38:29 +0000] "GET /items/furniture/curtains/4145976/ HTTP/1.1" 200 18836 "-" "Mozilla/5.0 (Linux; Android 6.0.1; Nexus 5X Build/MMB29P) AppleWebKit/537.36 (KHTML, like Gecko) Chrome/137.0.7151.103 Mobile Safari/537.36 (compatible; GoogleOther)"
66.249.68.67 - - [20/Jul/2025:13:38:31 +0000] "POST /get-message-notify HTTP/1.1" 200 19553 "https://alalamy.com.au/items/fashion/shoes/2291781/" "Mozilla/5.0 (Linux; Android 6.0.1; Nexus 5X Build/MMB29P) AppleWebKit/537.36 (KHTML, like Gecko) Chrome/137.0.7151.119 Mobile Safari/537.36 (compatible; Googlebot/2.1; +http://www.google.com/bot.html)"
66.249.68.67 - - [20/Jul/2025:13:38:31 +0000] "POST /get-message-notify HTTP/1.1" 200 19553 "https://alalamy.com.au/items/furniture/curtains/4145976/" "Mozilla/5.0 (Linux; Android 6.0.1; Nexus 5X Build/MMB29P) AppleWebKit/537.36 (KHTML, like Gecko) Chrome/137.0.7151.119 Mobile Safari/537.36 (compatible; Googlebot/2.1; +http://www.google.com/bot.html)"
66.249.68.68 - - [20/Jul/2025:13:38:35 +0000] "GET /items/goods/tapestry/1982244/ HTTP/1.1" 200 19064 "-" "Mozilla/5.0 (Linux; Android 6.0.1; Nexus 5X Build/MMB29P) AppleWebKit/537.36 (KHTML, like Gecko) Chrome/137.0.7151.103 Mobile Safari/537.36 (compatible; GoogleOther)"
66.249.68.67 - - [20/Jul/2025:13:38:36 +0000] "GET /items/fashion/mens/3103184/ HTTP/1.1" 200 21693 "-" "Mozilla/5.0 (Linux; Android 6.0.1; Nexus 5X Build/MMB29P) AppleWebKit/537.36 (KHTML, like Gecko) Chrome/137.0.7151.103 Mobile Safari/537.36 (compatible; GoogleOther)"
66.249.68.68 - - [20/Jul/2025:13:38:41 +0000] "GET /items/fashion/shoes/1666134/ HTTP/1.1" 200 19822 "-" "Mozilla/5.0 (Linux; Android 6.0.1; Nexus 5X Build/MMB29P) AppleWebKit/537.36 (KHTML, like Gecko) Chrome/137.0.7151.103 Mobile Safari/537.36 (compatible; GoogleOther)"
66.249.68.67 - - [20/Jul/2025:13:38:41 +0000] "POST /get-message-notify HTTP/1.1" 200 19553 "https://alalamy.com.au/items/fashion/mens/3103184/" "Mozilla/5.0 (Linux; Android 6.0.1; Nexus 5X Build/MMB29P) AppleWebKit/537.36 (KHTML, like Gecko) Chrome/137.0.7151.119 Mobile Safari/537.36 (compatible; Googlebot/2.1; +http://www.google.com/bot.html)"
66.249.68.68 - - [20/Jul/2025:13:38:44 +0000] "POST /get-message-notify HTTP/1.1" 200 19553 "https://alalamy.com.au/items/handmade/ornaments/2462123/" "Mozilla/5.0 (Linux; Android 6.0.1; Nexus 5X Build/MMB29P) AppleWebKit/537.36 (KHTML, like Gecko) Chrome/137.0.7151.119 Mobile Safari/537.36 (compatible; Googlebot/2.1; +http://www.google.com/bot.html)"
66.249.68.68 - - [20/Jul/2025:13:38:45 +0000] "GET /items/motorcycles/cars/2925175 HTTP/1.1" 200 19047 "-" "Mozilla/5.0 (Linux; Android 6.0.1; Nexus 5X Build/MMB29P) AppleWebKit/537.36 (KHTML, like Gecko) Chrome/137.0.7151.103 Mobile Safari/537.36 (compatible; GoogleOther)"
66.249.68.68 - - [20/Jul/2025:13:38:46 +0000] "GET /items/interior/dining-tables/alalamy.com.au/kaden.html HTTP/1.1" 200 21275 "-" "Mozilla/5.0 (Linux; Android 6.0.1; Nexus 5X Build/MMB29P) AppleWebKit/537.36 (KHTML, like Gecko) Chrome/137.0.7151.103 Mobile Safari/537.36 (compatible; GoogleOther)"
66.249.68.67 - - [20/Jul/2025:13:38:46 +0000] "POST /get-message-notify HTTP/1.1" 200 19553 "https://alalamy.com.au/items/fashion/tops/3789253/" "Mozilla/5.0 (Linux; Android 6.0.1; Nexus 5X Build/MMB29P) AppleWebKit/537.36 (KHTML, like Gecko) Chrome/137.0.7151.119 Mobile Safari/537.36 (compatible; Googlebot/2.1; +http://www.google.com/bot.html)"
66.249.68.68 - - [20/Jul/2025:13:38:46 +0000] "GET /items/flowers/houseplants/5557338 HTTP/1.1" 200 20155 "-" "Mozilla/5.0 (Linux; Android 6.0.1; Nexus 5X Build/MMB29P) AppleWebKit/537.36 (KHTML, like Gecko) Chrome/137.0.7151.103 Mobile Safari/537.36 (compatible; GoogleOther)"
66.249.68.67 - - [20/Jul/2025:13:38:48 +0000] "POST /get-message-notify HTTP/1.1" 200 19553 "https://alalamy.com.au/items/interior/dining-tables/alalamy.com.au/kaden.html" "Mozilla/5.0 (Linux; Android 6.0.1; Nexus 5X Build/MMB29P) AppleWebKit/537.36 (KHTML, like Gecko) Chrome/137.0.7151.119 Mobile Safari/537.36 (compatible; Googlebot/2.1; +http://www.google.com/bot.html)"
66.249.68.67 - - [20/Jul/2025:13:38:50 +0000] "GET /items/decor/living-room-storage/2724974/ HTTP/1.1" 200 19293 "-" "Mozilla/5.0 (Linux; Android 6.0.1; Nexus 5X Build/MMB29P) AppleWebKit/537.36 (KHTML, like Gecko) Chrome/137.0.7151.103 Mobile Safari/537.36 (compatible; GoogleOther)"
66.249.68.68 - - [20/Jul/2025:13:38:51 +0000] "GET /items/flowers/vegetables/5244909/ HTTP/1.1" 200 19842 "-" "Mozilla/5.0 (Linux; Android 6.0.1; Nexus 5X Build/MMB29P) AppleWebKit/537.36 (KHTML, like Gecko) Chrome/137.0.7151.103 Mobile Safari/537.36 (compatible; GoogleOther)"
66.249.68.68 - - [20/Jul/2025:13:38:52 +0000] "GET /items/sports/golf/2682921/alalamy.com.au/alalamy.com.au/pcmypage?callback=product%2Fdetail%2F79623091 HTTP/1.1" 200 19525 "-" "Mozilla/5.0 (Linux; Android 6.0.1; Nexus 5X Build/MMB29P) AppleWebKit/537.36 (KHTML, like Gecko) Chrome/137.0.7151.103 Mobile Safari/537.36 (compatible; GoogleOther)"
209.74.77.214 - - [20/Jul/2025:13:38:53 +0000] "POST /wp-cron.php?doing_wp_cron=1753018733.6347160339355468750000 HTTP/1.1" 200 - "-" "WordPress/6.8.2; https://alalamy.com.au"
216.73.216.113 - - [20/Jul/2025:13:38:53 +0000] "GET /shopbrand/79391.htm HTTP/1.1" 404 20399 "-" "Mozilla/5.0 AppleWebKit/537.36 (KHTML, like Gecko; compatible; ClaudeBot/1.0; [email protected])"
216.73.216.113 - - [20/Jul/2025:13:38:53 +0000] "GET /shopbrand/81033.htm HTTP/1.1" 404 20399 "-" "Mozilla/5.0 AppleWebKit/537.36 (KHTML, like Gecko; compatible; ClaudeBot/1.0; [email protected])"
66.249.68.67 - - [20/Jul/2025:13:38:53 +0000] "POST /get-message-notify HTTP/1.1" 200 19553 "https://alalamy.com.au/items/flowers/vegetables/5244909/" "Mozilla/5.0 (Linux; Android 6.0.1; Nexus 5X Build/MMB29P) AppleWebKit/537.36 (KHTML, like Gecko) Chrome/137.0.7151.119 Mobile Safari/537.36 (compatible; Googlebot/2.1; +http://www.google.com/bot.html)"
216.73.216.113 - - [20/Jul/2025:13:38:53 +0000] "GET /shopbrand/59333.htm HTTP/1.1" 404 20399 "-" "Mozilla/5.0 AppleWebKit/537.36 (KHTML, like Gecko; compatible; ClaudeBot/1.0; [email protected])"
216.73.216.113 - - [20/Jul/2025:13:38:53 +0000] "GET /shopbrand/99407.htm HTTP/1.1" 404 20399 "-" "Mozilla/5.0 AppleWebKit/537.36 (KHTML, like Gecko; compatible; ClaudeBot/1.0; [email protected])"
209.74.77.214 - - [20/Jul/2025:13:38:53 +0000] "POST /wp-admin/admin-ajax.php?action=async_litespeed&nonce=h4sjjDPAcW5Dz5r0J0dXWKaj6tqx61cc&litespeed_type=imgoptm HTTP/1.1" 200 21 "-" "WordPress/6.8.2; https://alalamy.com.au"
216.73.216.113 - - [20/Jul/2025:13:38:53 +0000] "GET /shopbrand/100759.htm HTTP/1.1" 404 20399 "-" "Mozilla/5.0 AppleWebKit/537.36 (KHTML, like Gecko; compatible; ClaudeBot/1.0; [email protected])"
216.73.216.113 - - [20/Jul/2025:13:38:53 +0000] "GET /shopbrand/22238.htm HTTP/1.1" 404 20399 "-" "Mozilla/5.0 AppleWebKit/537.36 (KHTML, like Gecko; compatible; ClaudeBot/1.0; [email protected])"
216.73.216.113 - - [20/Jul/2025:13:38:53 +0000] "GET /shopbrand/141762.htm HTTP/1.1" 404 20399 "-" "Mozilla/5.0 AppleWebKit/537.36 (KHTML, like Gecko; compatible; ClaudeBot/1.0; [email protected])"
216.73.216.113 - - [20/Jul/2025:13:38:54 +0000] "GET /shopbrand/50163.htm HTTP/1.1" 404 20399 "-" "Mozilla/5.0 AppleWebKit/537.36 (KHTML, like Gecko; compatible; ClaudeBot/1.0; [email protected])"
216.73.216.113 - - [20/Jul/2025:13:38:54 +0000] "GET /shopbrand/50181.htm HTTP/1.1" 404 20399 "-" "Mozilla/5.0 AppleWebKit/537.36 (KHTML, like Gecko; compatible; ClaudeBot/1.0; [email protected])"
216.73.216.113 - - [20/Jul/2025:13:38:54 +0000] "GET /shopbrand/33360.htm HTTP/1.1" 404 20399 "-" "Mozilla/5.0 AppleWebKit/537.36 (KHTML, like Gecko; compatible; ClaudeBot/1.0; [email protected])"
216.73.216.113 - - [20/Jul/2025:13:38:54 +0000] "GET /shopbrand/53118.htm HTTP/1.1" 404 20399 "-" "Mozilla/5.0 AppleWebKit/537.36 (KHTML, like Gecko; compatible; ClaudeBot/1.0; [email protected])"
216.73.216.113 - - [20/Jul/2025:13:38:54 +0000] "GET /shopbrand/24621.htm HTTP/1.1" 404 20399 "-" "Mozilla/5.0 AppleWebKit/537.36 (KHTML, like Gecko; compatible; ClaudeBot/1.0; [email protected])"
216.73.216.113 - - [20/Jul/2025:13:38:54 +0000] "GET /shopbrand/88702.htm HTTP/1.1" 404 20399 "-" "Mozilla/5.0 AppleWebKit/537.36 (KHTML, like Gecko; compatible; ClaudeBot/1.0; [email protected])"
216.73.216.113 - - [20/Jul/2025:13:38:54 +0000] "GET /shopbrand/101889.htm HTTP/1.1" 404 20399 "-" "Mozilla/5.0 AppleWebKit/537.36 (KHTML, like Gecko; compatible; ClaudeBot/1.0; [email protected])"
216.73.216.113 - - [20/Jul/2025:13:38:55 +0000] "GET /shopbrand/75457.htm HTTP/1.1" 404 20399 "-" "Mozilla/5.0 AppleWebKit/537.36 (KHTML, like Gecko; compatible; ClaudeBot/1.0; [email protected])"
216.73.216.113 - - [20/Jul/2025:13:38:55 +0000] "GET /shopbrand/60602.htm HTTP/1.1" 404 20399 "-" "Mozilla/5.0 AppleWebKit/537.36 (KHTML, like Gecko; compatible; ClaudeBot/1.0; [email protected])"
216.73.216.113 - - [20/Jul/2025:13:38:55 +0000] "GET /shopbrand/58503.htm HTTP/1.1" 404 20399 "-" "Mozilla/5.0 AppleWebKit/537.36 (KHTML, like Gecko; compatible; ClaudeBot/1.0; [email protected])"
216.73.216.113 - - [20/Jul/2025:13:38:55 +0000] "GET /shopbrand/76869.htm HTTP/1.1" 404 20399 "-" "Mozilla/5.0 AppleWebKit/537.36 (KHTML, like Gecko; compatible; ClaudeBot/1.0; [email protected])"
216.73.216.113 - - [20/Jul/2025:13:38:55 +0000] "GET /shopbrand/89673.htm HTTP/1.1" 404 20399 "-" "Mozilla/5.0 AppleWebKit/537.36 (KHTML, like Gecko; compatible; ClaudeBot/1.0; [email protected])"
216.73.216.113 - - [20/Jul/2025:13:38:55 +0000] "GET /shopbrand/48670.htm HTTP/1.1" 404 20399 "-" "Mozilla/5.0 AppleWebKit/537.36 (KHTML, like Gecko; compatible; ClaudeBot/1.0; [email protected])"
216.73.216.113 - - [20/Jul/2025:13:38:55 +0000] "GET /shopbrand/24462.htm HTTP/1.1" 404 20399 "-" "Mozilla/5.0 AppleWebKit/537.36 (KHTML, like Gecko; compatible; ClaudeBot/1.0; [email protected])"
216.73.216.113 - - [20/Jul/2025:13:38:56 +0000] "GET /shopbrand/88130.htm HTTP/1.1" 404 20399 "-" "Mozilla/5.0 AppleWebKit/537.36 (KHTML, like Gecko; compatible; ClaudeBot/1.0; [email protected])"
216.73.216.113 - - [20/Jul/2025:13:38:56 +0000] "GET /shopbrand/86321.htm HTTP/1.1" 404 20399 "-" "Mozilla/5.0 AppleWebKit/537.36 (KHTML, like Gecko; compatible; ClaudeBot/1.0; [email protected])"
66.249.68.69 - - [20/Jul/2025:13:38:56 +0000] "POST /get-message-notify HTTP/1.1" 200 19553 "https://alalamy.com.au/items/decor/living-room-storage/2724974/" "Mozilla/5.0 (Linux; Android 6.0.1; Nexus 5X Build/MMB29P) AppleWebKit/537.36 (KHTML, like Gecko) Chrome/137.0.7151.119 Mobile Safari/537.36 (compatible; Googlebot/2.1; +http://www.google.com/bot.html)"
66.249.68.67 - - [20/Jul/2025:13:38:56 +0000] "GET /items/fashion/womens/3287526/ HTTP/1.1" 200 20738 "-" "Mozilla/5.0 (Linux; Android 6.0.1; Nexus 5X Build/MMB29P) AppleWebKit/537.36 (KHTML, like Gecko) Chrome/137.0.7151.103 Mobile Safari/537.36 (compatible; GoogleOther)"
66.249.68.67 - - [20/Jul/2025:13:38:57 +0000] "GET /items/fashion/womens/2580195/ HTTP/1.1" 200 19637 "-" "Mozilla/5.0 (Linux; Android 6.0.1; Nexus 5X Build/MMB29P) AppleWebKit/537.36 (KHTML, like Gecko) Chrome/137.0.7151.103 Mobile Safari/537.36 (compatible; GoogleOther)"
66.249.68.67 - - [20/Jul/2025:13:39:00 +0000] "POST /get-message-notify HTTP/1.1" 200 19553 "https://alalamy.com.au/items/fashion/womens/2580195/" "Mozilla/5.0 (Linux; Android 6.0.1; Nexus 5X Build/MMB29P) AppleWebKit/537.36 (KHTML, like Gecko) Chrome/137.0.7151.119 Mobile Safari/537.36 (compatible; Googlebot/2.1; +http://www.google.com/bot.html)"
66.249.68.69 - - [20/Jul/2025:13:39:00 +0000] "POST /get-message-notify HTTP/1.1" 200 19553 "https://alalamy.com.au/items/fashion/jackets/alalamy.com.au/pcmypage?callback=/product%2Fdetail%2F81006538" "Mozilla/5.0 (Linux; Android 6.0.1; Nexus 5X Build/MMB29P) AppleWebKit/537.36 (KHTML, like Gecko) Chrome/137.0.7151.119 Mobile Safari/537.36 (compatible; Googlebot/2.1; +http://www.google.com/bot.html)"
66.249.68.69 - - [20/Jul/2025:13:39:01 +0000] "GET /items/fashion/formal-wear/3341669/ HTTP/1.1" 200 21016 "-" "Mozilla/5.0 (Linux; Android 6.0.1; Nexus 5X Build/MMB29P) AppleWebKit/537.36 (KHTML, like Gecko) Chrome/137.0.7151.103 Mobile Safari/537.36 (compatible; GoogleOther)"
66.249.68.67 - - [20/Jul/2025:13:39:05 +0000] "GET /items/interior/dining-tables/alalamy.com.au/feature/sapporo/index.html HTTP/1.1" 200 21324 "-" "Mozilla/5.0 (Linux; Android 6.0.1; Nexus 5X Build/MMB29P) AppleWebKit/537.36 (KHTML, like Gecko) Chrome/137.0.7151.103 Mobile Safari/537.36 (compatible; GoogleOther)"
66.249.68.68 - - [20/Jul/2025:13:39:06 +0000] "GET /items/handicrafts/fashion/4086898/alalamy.com.au/events/ HTTP/1.1" 200 18828 "-" "Mozilla/5.0 (Linux; Android 6.0.1; Nexus 5X Build/MMB29P) AppleWebKit/537.36 (KHTML, like Gecko) Chrome/137.0.7151.103 Mobile Safari/537.36 (compatible; GoogleOther)"
66.249.68.68 - - [20/Jul/2025:13:39:06 +0000] "GET /items/fashion/mens/2956002/ HTTP/1.1" 200 20718 "-" "Mozilla/5.0 (Linux; Android 6.0.1; Nexus 5X Build/MMB29P) AppleWebKit/537.36 (KHTML, like Gecko) Chrome/137.0.7151.103 Mobile Safari/537.36 (compatible; GoogleOther)"
66.249.68.67 - - [20/Jul/2025:13:39:07 +0000] "GET /items/furniture/interior-clocks/2858520/ HTTP/1.1" 200 19803 "-" "Mozilla/5.0 (Linux; Android 6.0.1; Nexus 5X Build/MMB29P) AppleWebKit/537.36 (KHTML, like Gecko) Chrome/137.0.7151.103 Mobile Safari/537.36 (compatible; GoogleOther)"
66.249.68.67 - - [20/Jul/2025:13:39:08 +0000] "GET /items/fashion/womens/3775276/ HTTP/1.1" 200 19027 "-" "Mozilla/5.0 (Linux; Android 6.0.1; Nexus 5X Build/MMB29P) AppleWebKit/537.36 (KHTML, like Gecko) Chrome/137.0.7151.103 Mobile Safari/537.36 (compatible; GoogleOther)"
66.249.68.67 - - [20/Jul/2025:13:39:08 +0000] "POST /get-message-notify HTTP/1.1" 200 19553 "https://alalamy.com.au/items/motorcycles/motorcycle-wear/4894231/" "Mozilla/5.0 (Linux; Android 6.0.1; Nexus 5X Build/MMB29P) AppleWebKit/537.36 (KHTML, like Gecko) Chrome/137.0.7151.119 Mobile Safari/537.36 (compatible; Googlebot/2.1; +http://www.google.com/bot.html)"
66.249.68.68 - - [20/Jul/2025:13:39:08 +0000] "GET /items/fashion/womens/4447553/ HTTP/1.1" 200 19140 "-" "Mozilla/5.0 (Linux; Android 6.0.1; Nexus 5X Build/MMB29P) AppleWebKit/537.36 (KHTML, like Gecko) Chrome/137.0.7151.103 Mobile Safari/537.36 (compatible; GoogleOther)"
66.249.68.68 - - [20/Jul/2025:13:39:09 +0000] "POST /get-message-notify HTTP/1.1" 200 19553 "https://alalamy.com.au/items/sports/golf/2682921/alalamy.com.au/alalamy.com.au/pcmypage?callback=product%2Fdetail%2F79623091" "Mozilla/5.0 (Linux; Android 6.0.1; Nexus 5X Build/MMB29P) AppleWebKit/537.36 (KHTML, like Gecko) Chrome/137.0.7151.119 Mobile Safari/537.36 (compatible; Googlebot/2.1; +http://www.google.com/bot.html)"
