66.249.68.66 - - [20/Jul/2025:13:17:48 +0000] "POST /get-message-notify HTTP/1.1" 200 19553 "https://alalamy.com.au/?items/diy/water-facilities/2767933/alalamy.com.au/feature/sapporo/alalamy.com.au/pcmypage?callback=product%2Fdetail%2F97062826" "Mozilla/5.0 (Linux; Android 6.0.1; Nexus 5X Build/MMB29P) AppleWebKit/537.36 (KHTML, like Gecko) Chrome/137.0.7151.119 Mobile Safari/537.36 (compatible; Googlebot/2.1; +http://www.google.com/bot.html)"
66.249.68.68 - - [20/Jul/2025:13:17:49 +0000] "GET /items/gardening/houseplants/3972484 HTTP/1.1" 200 19163 "-" "Mozilla/5.0 (Linux; Android 6.0.1; Nexus 5X Build/MMB29P) AppleWebKit/537.36 (KHTML, like Gecko) Chrome/137.0.7151.103 Mobile Safari/537.36 (compatible; GoogleOther)"
66.249.68.68 - - [20/Jul/2025:13:17:49 +0000] "POST /get-message-notify HTTP/1.1" 200 19553 "https://alalamy.com.au/items/sports/ballet/4514410/" "Mozilla/5.0 (Linux; Android 6.0.1; Nexus 5X Build/MMB29P) AppleWebKit/537.36 (KHTML, like Gecko) Chrome/137.0.7151.119 Mobile Safari/537.36 (compatible; Googlebot/2.1; +http://www.google.com/bot.html)"
66.249.68.66 - - [20/Jul/2025:13:17:49 +0000] "GET /items/flowers/houseplants/3437654/ HTTP/1.1" 200 19750 "-" "Mozilla/5.0 (Linux; Android 6.0.1; Nexus 5X Build/MMB29P) AppleWebKit/537.36 (KHTML, like Gecko) Chrome/137.0.7151.103 Mobile Safari/537.36 (compatible; GoogleOther)"
66.249.68.66 - - [20/Jul/2025:13:17:50 +0000] "GET /items/sports/futsal/4078214/alalamy.com.au/game.html HTTP/1.1" 200 19782 "-" "Mozilla/5.0 (Linux; Android 6.0.1; Nexus 5X Build/MMB29P) AppleWebKit/537.36 (KHTML, like Gecko) Chrome/137.0.7151.103 Mobile Safari/537.36 (compatible; GoogleOther)"
66.249.68.69 - - [20/Jul/2025:13:17:50 +0000] "GET /?items/fashion/shoes/2409764/alalamy.com.au/search?category=&search_word=&restrict[]=person_id(int)=QGM HTTP/1.1" 200 19124 "-" "Mozilla/5.0 (Linux; Android 6.0.1; Nexus 5X Build/MMB29P) AppleWebKit/537.36 (KHTML, like Gecko) Chrome/137.0.7151.103 Mobile Safari/537.36 (compatible; GoogleOther)"
66.249.68.69 - - [20/Jul/2025:13:17:51 +0000] "GET /items/motorcycles/cars/5342060 HTTP/1.1" 200 20291 "-" "Mozilla/5.0 (Linux; Android 6.0.1; Nexus 5X Build/MMB29P) AppleWebKit/537.36 (KHTML, like Gecko) Chrome/137.0.7151.103 Mobile Safari/537.36 (compatible; GoogleOther)"
209.74.77.214 - - [20/Jul/2025:13:17:52 +0000] "POST /wp-cron.php?doing_wp_cron=1753017472.2609419822692871093750 HTTP/1.1" 200 - "-" "WordPress/6.8.2; https://alalamy.com.au"
66.249.68.65 - - [20/Jul/2025:13:17:52 +0000] "GET /items/sports/baseball/3278929/alalamy.com.au/feature/shoplist-friendly/index.html HTTP/1.1" 200 20901 "-" "Mozilla/5.0 (Linux; Android 6.0.1; Nexus 5X Build/MMB29P) AppleWebKit/537.36 (KHTML, like Gecko) Chrome/137.0.7151.103 Mobile Safari/537.36 (compatible; GoogleOther)"
216.73.216.113 - - [20/Jul/2025:13:17:52 +0000] "GET /shopbrand/126351.htm HTTP/1.1" 404 20399 "-" "Mozilla/5.0 AppleWebKit/537.36 (KHTML, like Gecko; compatible; ClaudeBot/1.0; [email protected])"
66.249.68.65 - - [20/Jul/2025:13:17:52 +0000] "POST /get-message-notify HTTP/1.1" 200 19553 "https://alalamy.com.au/items/gardening/houseplants/3382425" "Mozilla/5.0 (Linux; Android 6.0.1; Nexus 5X Build/MMB29P) AppleWebKit/537.36 (KHTML, like Gecko) Chrome/137.0.7151.119 Mobile Safari/537.36 (compatible; Googlebot/2.1; +http://www.google.com/bot.html)"
216.73.216.113 - - [20/Jul/2025:13:17:52 +0000] "GET /shopbrand/70197.htm HTTP/1.1" 404 20399 "-" "Mozilla/5.0 AppleWebKit/537.36 (KHTML, like Gecko; compatible; ClaudeBot/1.0; [email protected])"
209.74.77.214 - - [20/Jul/2025:13:17:52 +0000] "POST /wp-admin/admin-ajax.php?action=async_litespeed&nonce=Dlx0fvfzyY6rHVP0g89vPH4hOqusAOIg&litespeed_type=imgoptm HTTP/1.1" 200 21 "-" "WordPress/6.8.2; https://alalamy.com.au"
66.249.68.66 - - [20/Jul/2025:13:17:52 +0000] "GET /items/decor/interior/2097306/ HTTP/1.1" 200 18898 "-" "Mozilla/5.0 (Linux; Android 6.0.1; Nexus 5X Build/MMB29P) AppleWebKit/537.36 (KHTML, like Gecko) Chrome/137.0.7151.103 Mobile Safari/537.36 (compatible; GoogleOther)"
216.73.216.113 - - [20/Jul/2025:13:17:52 +0000] "GET /shopbrand/49341.htm HTTP/1.1" 404 20399 "-" "Mozilla/5.0 AppleWebKit/537.36 (KHTML, like Gecko; compatible; ClaudeBot/1.0; [email protected])"
66.249.68.68 - - [20/Jul/2025:13:17:53 +0000] "POST /get-message-notify HTTP/1.1" 200 19553 "https://alalamy.com.au/items/fashion/tops/4086751/" "Mozilla/5.0 (Linux; Android 6.0.1; Nexus 5X Build/MMB29P) AppleWebKit/537.36 (KHTML, like Gecko) Chrome/137.0.7151.119 Mobile Safari/537.36 (compatible; Googlebot/2.1; +http://www.google.com/bot.html)"
216.73.216.113 - - [20/Jul/2025:13:17:53 +0000] "GET /shopbrand/24720.htm HTTP/1.1" 404 20399 "-" "Mozilla/5.0 AppleWebKit/537.36 (KHTML, like Gecko; compatible; ClaudeBot/1.0; [email protected])"
216.73.216.113 - - [20/Jul/2025:13:17:53 +0000] "GET /shopbrand/77167.htm HTTP/1.1" 404 20399 "-" "Mozilla/5.0 AppleWebKit/537.36 (KHTML, like Gecko; compatible; ClaudeBot/1.0; [email protected])"
66.249.68.67 - - [20/Jul/2025:13:17:53 +0000] "GET /items/fashion/outerwear/5083820/alalamy.com.au/pcmypage?callback=product/review/41862831 HTTP/1.1" 200 19060 "-" "Mozilla/5.0 (Linux; Android 6.0.1; Nexus 5X Build/MMB29P) AppleWebKit/537.36 (KHTML, like Gecko) Chrome/137.0.7151.103 Mobile Safari/537.36 (compatible; GoogleOther)"
216.73.216.113 - - [20/Jul/2025:13:17:53 +0000] "GET /shopbrand/115348.htm HTTP/1.1" 404 20399 "-" "Mozilla/5.0 AppleWebKit/537.36 (KHTML, like Gecko; compatible; ClaudeBot/1.0; [email protected])"
216.73.216.113 - - [20/Jul/2025:13:17:53 +0000] "GET /shopbrand/68229.htm HTTP/1.1" 404 20399 "-" "Mozilla/5.0 AppleWebKit/537.36 (KHTML, like Gecko; compatible; ClaudeBot/1.0; [email protected])"
216.73.216.113 - - [20/Jul/2025:13:17:53 +0000] "GET /shopbrand/97697.htm HTTP/1.1" 404 20399 "-" "Mozilla/5.0 AppleWebKit/537.36 (KHTML, like Gecko; compatible; ClaudeBot/1.0; [email protected])"
216.73.216.113 - - [20/Jul/2025:13:17:53 +0000] "GET /shopbrand/143571.htm HTTP/1.1" 404 20399 "-" "Mozilla/5.0 AppleWebKit/537.36 (KHTML, like Gecko; compatible; ClaudeBot/1.0; [email protected])"
66.249.68.67 - - [20/Jul/2025:13:17:53 +0000] "GET /items/outdoor/fishing/4054626/0 HTTP/1.1" 200 25085 "-" "Googlebot-Image/1.0"
216.73.216.113 - - [20/Jul/2025:13:17:53 +0000] "GET /shopbrand/28239.htm HTTP/1.1" 404 20399 "-" "Mozilla/5.0 AppleWebKit/537.36 (KHTML, like Gecko; compatible; ClaudeBot/1.0; [email protected])"
216.73.216.113 - - [20/Jul/2025:13:17:53 +0000] "GET /shopbrand/62411.htm HTTP/1.1" 404 20399 "-" "Mozilla/5.0 AppleWebKit/537.36 (KHTML, like Gecko; compatible; ClaudeBot/1.0; [email protected])"
216.73.216.113 - - [20/Jul/2025:13:17:53 +0000] "GET /shopbrand/100336.htm HTTP/1.1" 404 20399 "-" "Mozilla/5.0 AppleWebKit/537.36 (KHTML, like Gecko; compatible; ClaudeBot/1.0; [email protected])"
216.73.216.113 - - [20/Jul/2025:13:17:53 +0000] "GET /shopbrand/66603.htm HTTP/1.1" 404 20399 "-" "Mozilla/5.0 AppleWebKit/537.36 (KHTML, like Gecko; compatible; ClaudeBot/1.0; [email protected])"
216.73.216.113 - - [20/Jul/2025:13:17:53 +0000] "GET /shopbrand/32530.htm HTTP/1.1" 404 20399 "-" "Mozilla/5.0 AppleWebKit/537.36 (KHTML, like Gecko; compatible; ClaudeBot/1.0; [email protected])"
66.249.68.69 - - [20/Jul/2025:13:17:54 +0000] "POST /get-message-notify HTTP/1.1" 200 19553 "https://alalamy.com.au/items/sports/baseball/3278929/alalamy.com.au/feature/shoplist-friendly/index.html" "Mozilla/5.0 (Linux; Android 6.0.1; Nexus 5X Build/MMB29P) AppleWebKit/537.36 (KHTML, like Gecko) Chrome/137.0.7151.119 Mobile Safari/537.36 (compatible; Googlebot/2.1; +http://www.google.com/bot.html)"
216.73.216.113 - - [20/Jul/2025:13:17:53 +0000] "GET /shopbrand/69083.htm HTTP/1.1" 404 20399 "-" "Mozilla/5.0 AppleWebKit/537.36 (KHTML, like Gecko; compatible; ClaudeBot/1.0; [email protected])"
216.73.216.113 - - [20/Jul/2025:13:17:53 +0000] "GET /shopbrand/35723.htm HTTP/1.1" 404 20399 "-" "Mozilla/5.0 AppleWebKit/537.36 (KHTML, like Gecko; compatible; ClaudeBot/1.0; [email protected])"
216.73.216.113 - - [20/Jul/2025:13:17:54 +0000] "GET /shopbrand/57151.htm HTTP/1.1" 404 20399 "-" "Mozilla/5.0 AppleWebKit/537.36 (KHTML, like Gecko; compatible; ClaudeBot/1.0; [email protected])"
216.73.216.113 - - [20/Jul/2025:13:17:54 +0000] "GET /shopbrand/39615.htm HTTP/1.1" 404 20399 "-" "Mozilla/5.0 AppleWebKit/537.36 (KHTML, like Gecko; compatible; ClaudeBot/1.0; [email protected])"
216.73.216.113 - - [20/Jul/2025:13:17:54 +0000] "GET /shopbrand/40745.htm HTTP/1.1" 404 20399 "-" "Mozilla/5.0 AppleWebKit/537.36 (KHTML, like Gecko; compatible; ClaudeBot/1.0; [email protected])"
66.249.68.66 - - [20/Jul/2025:13:17:54 +0000] "GET /items/sports/baseball/alalamy.com.au/kaden.html HTTP/1.1" 200 19316 "-" "Mozilla/5.0 (Linux; Android 6.0.1; Nexus 5X Build/MMB29P) AppleWebKit/537.36 (KHTML, like Gecko) Chrome/137.0.7151.103 Mobile Safari/537.36 (compatible; GoogleOther)"
216.73.216.113 - - [20/Jul/2025:13:17:54 +0000] "GET /shopbrand/34339.htm HTTP/1.1" 404 20399 "-" "Mozilla/5.0 AppleWebKit/537.36 (KHTML, like Gecko; compatible; ClaudeBot/1.0; [email protected])"
66.249.68.64 - - [20/Jul/2025:13:17:54 +0000] "POST /get-message-notify HTTP/1.1" 200 19553 "https://alalamy.com.au/items/motorcycles/cars/5342060" "Mozilla/5.0 (Linux; Android 6.0.1; Nexus 5X Build/MMB29P) AppleWebKit/537.36 (KHTML, like Gecko) Chrome/137.0.7151.119 Mobile Safari/537.36 (compatible; Googlebot/2.1; +http://www.google.com/bot.html)"
216.73.216.113 - - [20/Jul/2025:13:17:54 +0000] "GET /shopbrand/31293.htm HTTP/1.1" 404 20399 "-" "Mozilla/5.0 AppleWebKit/537.36 (KHTML, like Gecko; compatible; ClaudeBot/1.0; [email protected])"
216.73.216.113 - - [20/Jul/2025:13:17:54 +0000] "GET /shopbrand/100652.htm HTTP/1.1" 404 20399 "-" "Mozilla/5.0 AppleWebKit/537.36 (KHTML, like Gecko; compatible; ClaudeBot/1.0; [email protected])"
216.73.216.113 - - [20/Jul/2025:13:17:54 +0000] "GET /shopbrand/133579.htm HTTP/1.1" 404 20399 "-" "Mozilla/5.0 AppleWebKit/537.36 (KHTML, like Gecko; compatible; ClaudeBot/1.0; [email protected])"
66.249.68.69 - - [20/Jul/2025:13:17:54 +0000] "GET /items/beauty/women-perfume/alalamy.com.au/pcmypage?callback=product%2Fdetail%2F99398739 HTTP/1.1" 200 19356 "-" "Mozilla/5.0 (Linux; Android 6.0.1; Nexus 5X Build/MMB29P) AppleWebKit/537.36 (KHTML, like Gecko) Chrome/137.0.7151.103 Mobile Safari/537.36 (compatible; GoogleOther)"
66.249.68.67 - - [20/Jul/2025:13:17:55 +0000] "GET /items/pet-supplies/pet-carts/4469070/ HTTP/1.1" 200 21752 "-" "Mozilla/5.0 (Linux; Android 6.0.1; Nexus 5X Build/MMB29P) AppleWebKit/537.36 (KHTML, like Gecko) Chrome/137.0.7151.103 Mobile Safari/537.36 (compatible; GoogleOther)"
66.249.68.67 - - [20/Jul/2025:13:17:56 +0000] "POST /get-message-notify HTTP/1.1" 200 19553 "https://alalamy.com.au/items/decor/interior/2097306/" "Mozilla/5.0 (Linux; Android 6.0.1; Nexus 5X Build/MMB29P) AppleWebKit/537.36 (KHTML, like Gecko) Chrome/137.0.7151.119 Mobile Safari/537.36 (compatible; Googlebot/2.1; +http://www.google.com/bot.html)"
66.249.68.65 - - [20/Jul/2025:13:17:56 +0000] "GET /items/sports/golf/5295519/ HTTP/1.1" 200 20863 "-" "Mozilla/5.0 (Linux; Android 6.0.1; Nexus 5X Build/MMB29P) AppleWebKit/537.36 (KHTML, like Gecko) Chrome/137.0.7151.103 Mobile Safari/537.36 (compatible; GoogleOther)"
66.249.68.64 - - [20/Jul/2025:13:17:56 +0000] "POST /get-message-notify HTTP/1.1" 200 19553 "https://alalamy.com.au/items/fashion/outerwear/5083820/alalamy.com.au/pcmypage?callback=product/review/41862831" "Mozilla/5.0 (Linux; Android 6.0.1; Nexus 5X Build/MMB29P) AppleWebKit/537.36 (KHTML, like Gecko) Chrome/137.0.7151.119 Mobile Safari/537.36 (compatible; Googlebot/2.1; +http://www.google.com/bot.html)"
66.249.68.66 - - [20/Jul/2025:13:17:56 +0000] "POST /get-message-notify HTTP/1.1" 200 19553 "https://alalamy.com.au/items/motorcycles/cars/1913388" "Mozilla/5.0 (Linux; Android 6.0.1; Nexus 5X Build/MMB29P) AppleWebKit/537.36 (KHTML, like Gecko) Chrome/137.0.7151.119 Mobile Safari/537.36 (compatible; Googlebot/2.1; +http://www.google.com/bot.html)"
66.249.68.68 - - [20/Jul/2025:13:17:56 +0000] "GET /items/sports/baseball/4065595/ HTTP/1.1" 200 19168 "-" "Mozilla/5.0 (Linux; Android 6.0.1; Nexus 5X Build/MMB29P) AppleWebKit/537.36 (KHTML, like Gecko) Chrome/137.0.7151.103 Mobile Safari/537.36 (compatible; GoogleOther)"
66.249.68.71 - - [20/Jul/2025:13:17:57 +0000] "POST /get-message-notify HTTP/1.1" 200 19553 "https://alalamy.com.au/items/sports/futsal/4078214/alalamy.com.au/game.html" "Mozilla/5.0 (Linux; Android 6.0.1; Nexus 5X Build/MMB29P) AppleWebKit/537.36 (KHTML, like Gecko) Chrome/137.0.7151.119 Mobile Safari/537.36 (compatible; Googlebot/2.1; +http://www.google.com/bot.html)"
66.249.68.65 - - [20/Jul/2025:13:17:57 +0000] "GET /items/fashion/womens/4005920/ HTTP/1.1" 200 18955 "-" "Mozilla/5.0 (Linux; Android 6.0.1; Nexus 5X Build/MMB29P) AppleWebKit/537.36 (KHTML, like Gecko) Chrome/137.0.7151.103 Mobile Safari/537.36 (compatible; GoogleOther)"
66.249.68.71 - - [20/Jul/2025:13:17:58 +0000] "GET /items/fashion/outerwear/2792664/ HTTP/1.1" 200 19295 "-" "Mozilla/5.0 (Linux; Android 6.0.1; Nexus 5X Build/MMB29P) AppleWebKit/537.36 (KHTML, like Gecko) Chrome/137.0.7151.103 Mobile Safari/537.36 (compatible; GoogleOther)"
66.249.68.65 - - [20/Jul/2025:13:17:58 +0000] "POST /get-message-notify HTTP/1.1" 200 19553 "https://alalamy.com.au/items/sports/baseball/3278929/alalamy.com.au/kaden.html" "Mozilla/5.0 (Linux; Android 6.0.1; Nexus 5X Build/MMB29P) AppleWebKit/537.36 (KHTML, like Gecko) Chrome/137.0.7151.119 Mobile Safari/537.36 (compatible; Googlebot/2.1; +http://www.google.com/bot.html)"
66.249.68.66 - - [20/Jul/2025:13:17:58 +0000] "POST /get-message-notify HTTP/1.1" 200 19553 "https://alalamy.com.au/items/kitchen/cooking-utensils/4016730/" "Mozilla/5.0 (Linux; Android 6.0.1; Nexus 5X Build/MMB29P) AppleWebKit/537.36 (KHTML, like Gecko) Chrome/137.0.7151.119 Mobile Safari/537.36 (compatible; Googlebot/2.1; +http://www.google.com/bot.html)"
66.249.68.69 - - [20/Jul/2025:13:17:58 +0000] "GET /items/flowers/houseplants/4005047/ HTTP/1.1" 200 19404 "-" "Mozilla/5.0 (Linux; Android 6.0.1; Nexus 5X Build/MMB29P) AppleWebKit/537.36 (KHTML, like Gecko) Chrome/137.0.7151.103 Mobile Safari/537.36 (compatible; GoogleOther)"
66.249.68.67 - - [20/Jul/2025:13:17:59 +0000] "GET /items/gardening/flowers/2815846/ HTTP/1.1" 200 18833 "-" "Mozilla/5.0 (Linux; Android 6.0.1; Nexus 5X Build/MMB29P) AppleWebKit/537.36 (KHTML, like Gecko) Chrome/137.0.7151.103 Mobile Safari/537.36 (compatible; GoogleOther)"
66.249.68.69 - - [20/Jul/2025:13:17:59 +0000] "POST /get-message-notify HTTP/1.1" 200 19553 "https://alalamy.com.au/items/sports/baseball/4065595/" "Mozilla/5.0 (Linux; Android 6.0.1; Nexus 5X Build/MMB29P) AppleWebKit/537.36 (KHTML, like Gecko) Chrome/137.0.7151.119 Mobile Safari/537.36 (compatible; Googlebot/2.1; +http://www.google.com/bot.html)"
66.249.68.65 - - [20/Jul/2025:13:17:59 +0000] "GET /items/motorcycles/cars/2328057/ HTTP/1.1" 200 21995 "-" "Mozilla/5.0 (Linux; Android 6.0.1; Nexus 5X Build/MMB29P) AppleWebKit/537.36 (KHTML, like Gecko) Chrome/137.0.7151.103 Mobile Safari/537.36 (compatible; GoogleOther)"
66.249.68.67 - - [20/Jul/2025:13:18:00 +0000] "GET /items/cameras/cameras/3711144/ HTTP/1.1" 200 19170 "-" "Mozilla/5.0 (Linux; Android 6.0.1; Nexus 5X Build/MMB29P) AppleWebKit/537.36 (KHTML, like Gecko) Chrome/137.0.7151.103 Mobile Safari/537.36 (compatible; GoogleOther)"
66.249.68.67 - - [20/Jul/2025:13:18:00 +0000] "POST /get-message-notify HTTP/1.1" 200 19553 "https://alalamy.com.au/items/sports/baseball/alalamy.com.au/kaden.html" "Mozilla/5.0 (Linux; Android 6.0.1; Nexus 5X Build/MMB29P) AppleWebKit/537.36 (KHTML, like Gecko) Chrome/137.0.7151.119 Mobile Safari/537.36 (compatible; Googlebot/2.1; +http://www.google.com/bot.html)"
66.249.68.71 - - [20/Jul/2025:13:18:01 +0000] "GET /items/cars/motorcycles/4984089/ HTTP/1.1" 200 20727 "-" "Mozilla/5.0 (Linux; Android 6.0.1; Nexus 5X Build/MMB29P) AppleWebKit/537.36 (KHTML, like Gecko) Chrome/137.0.7151.103 Mobile Safari/537.36 (compatible; GoogleOther)"
66.249.68.69 - - [20/Jul/2025:13:18:01 +0000] "POST /get-message-notify HTTP/1.1" 200 19553 "https://alalamy.com.au/items/flowers/tuberous-plants/alalamy.com.au/kaitori/ansin.html" "Mozilla/5.0 (Linux; Android 6.0.1; Nexus 5X Build/MMB29P) AppleWebKit/537.36 (KHTML, like Gecko) Chrome/137.0.7151.119 Mobile Safari/537.36 (compatible; Googlebot/2.1; +http://www.google.com/bot.html)"
66.249.68.71 - - [20/Jul/2025:13:18:01 +0000] "POST /get-message-notify HTTP/1.1" 200 19553 "https://alalamy.com.au/items/fashion/outerwear/2792664/" "Mozilla/5.0 (Linux; Android 6.0.1; Nexus 5X Build/MMB29P) AppleWebKit/537.36 (KHTML, like Gecko) Chrome/137.0.7151.119 Mobile Safari/537.36 (compatible; Googlebot/2.1; +http://www.google.com/bot.html)"
66.249.68.65 - - [20/Jul/2025:13:18:01 +0000] "POST /get-message-notify HTTP/1.1" 200 19553 "https://alalamy.com.au/items/fashion/outerwear/1866520/" "Mozilla/5.0 (Linux; Android 6.0.1; Nexus 5X Build/MMB29P) AppleWebKit/537.36 (KHTML, like Gecko) Chrome/137.0.7151.119 Mobile Safari/537.36 (compatible; Googlebot/2.1; +http://www.google.com/bot.html)"
66.249.68.66 - - [20/Jul/2025:13:18:02 +0000] "GET /items/fashion/womens/4629590/ HTTP/1.1" 200 20161 "-" "Mozilla/5.0 (Linux; Android 6.0.1; Nexus 5X Build/MMB29P) AppleWebKit/537.36 (KHTML, like Gecko) Chrome/137.0.7151.103 Mobile Safari/537.36 (compatible; GoogleOther)"
66.249.68.67 - - [20/Jul/2025:13:18:02 +0000] "POST /get-message-notify HTTP/1.1" 200 19553 "https://alalamy.com.au/items/sports/baseball/5210858" "Mozilla/5.0 (Linux; Android 6.0.1; Nexus 5X Build/MMB29P) AppleWebKit/537.36 (KHTML, like Gecko) Chrome/137.0.7151.119 Mobile Safari/537.36 (compatible; Googlebot/2.1; +http://www.google.com/bot.html)"
66.249.68.65 - - [20/Jul/2025:13:18:02 +0000] "GET /items/fashion/pants/alalamy.com.au HTTP/1.1" 200 18746 "-" "Mozilla/5.0 (Linux; Android 6.0.1; Nexus 5X Build/MMB29P) AppleWebKit/537.36 (KHTML, like Gecko) Chrome/137.0.7151.103 Mobile Safari/537.36 (compatible; GoogleOther)"
66.249.68.71 - - [20/Jul/2025:13:18:03 +0000] "GET /items/travel-supplies/mountain-climbing/5277376/ HTTP/1.1" 200 19030 "-" "Mozilla/5.0 (Linux; Android 6.0.1; Nexus 5X Build/MMB29P) AppleWebKit/537.36 (KHTML, like Gecko) Chrome/137.0.7151.103 Mobile Safari/537.36 (compatible; GoogleOther)"
66.249.68.70 - - [20/Jul/2025:13:18:03 +0000] "POST /get-message-notify HTTP/1.1" 200 19553 "https://alalamy.com.au/items/sports/futsal/4078214/alalamy.com.au/feature/sapporo/index.html" "Mozilla/5.0 (Linux; Android 6.0.1; Nexus 5X Build/MMB29P) AppleWebKit/537.36 (KHTML, like Gecko) Chrome/137.0.7151.119 Mobile Safari/537.36 (compatible; Googlebot/2.1; +http://www.google.com/bot.html)"
66.249.68.70 - - [20/Jul/2025:13:18:03 +0000] "GET /items/fashion/hats/4844971/ HTTP/1.1" 200 19133 "-" "Mozilla/5.0 (Linux; Android 6.0.1; Nexus 5X Build/MMB29P) AppleWebKit/537.36 (KHTML, like Gecko) Chrome/137.0.7151.103 Mobile Safari/537.36 (compatible; GoogleOther)"
66.249.68.64 - - [20/Jul/2025:13:18:04 +0000] "POST /get-message-notify HTTP/1.1" 200 19553 "https://alalamy.com.au/items/flowers/houseplants/3437654/" "Mozilla/5.0 (Linux; Android 6.0.1; Nexus 5X Build/MMB29P) AppleWebKit/537.36 (KHTML, like Gecko) Chrome/137.0.7151.119 Mobile Safari/537.36 (compatible; Googlebot/2.1; +http://www.google.com/bot.html)"
66.249.68.70 - - [20/Jul/2025:13:18:04 +0000] "GET /items/outdoor/outdoor-wear/5339674/ HTTP/1.1" 200 19122 "-" "Mozilla/5.0 (Linux; Android 6.0.1; Nexus 5X Build/MMB29P) AppleWebKit/537.36 (KHTML, like Gecko) Chrome/137.0.7151.103 Mobile Safari/537.36 (compatible; GoogleOther)"
66.249.68.67 - - [20/Jul/2025:13:18:05 +0000] "GET /items/fashion/mens/5168126/ HTTP/1.1" 200 19603 "-" "Mozilla/5.0 (Linux; Android 6.0.1; Nexus 5X Build/MMB29P) AppleWebKit/537.36 (KHTML, like Gecko) Chrome/137.0.7151.103 Mobile Safari/537.36 (compatible; GoogleOther)"
66.249.68.64 - - [20/Jul/2025:13:18:05 +0000] "GET /items/gardening/houseplants/3038415 HTTP/1.1" 200 19050 "-" "Mozilla/5.0 (Linux; Android 6.0.1; Nexus 5X Build/MMB29P) AppleWebKit/537.36 (KHTML, like Gecko) Chrome/137.0.7151.103 Mobile Safari/537.36 (compatible; GoogleOther)"
66.249.68.68 - - [20/Jul/2025:13:18:06 +0000] "POST /get-message-notify HTTP/1.1" 200 19553 "https://alalamy.com.au/items/travel-supplies/mountain-climbing/5277376/" "Mozilla/5.0 (Linux; Android 6.0.1; Nexus 5X Build/MMB29P) AppleWebKit/537.36 (KHTML, like Gecko) Chrome/137.0.7151.119 Mobile Safari/537.36 (compatible; Googlebot/2.1; +http://www.google.com/bot.html)"
66.249.68.65 - - [20/Jul/2025:13:18:06 +0000] "GET /items/sports/winter-sports/5452854/ HTTP/1.1" 200 21323 "-" "Mozilla/5.0 (Linux; Android 6.0.1; Nexus 5X Build/MMB29P) AppleWebKit/537.36 (KHTML, like Gecko) Chrome/137.0.7151.103 Mobile Safari/537.36 (compatible; GoogleOther)"
66.249.68.69 - - [20/Jul/2025:13:18:07 +0000] "GET /items/decor/lights/4388586 HTTP/1.1" 200 19080 "-" "Mozilla/5.0 (Linux; Android 6.0.1; Nexus 5X Build/MMB29P) AppleWebKit/537.36 (KHTML, like Gecko) Chrome/137.0.7151.103 Mobile Safari/537.36 (compatible; GoogleOther)"
66.249.68.69 - - [20/Jul/2025:13:18:07 +0000] "POST /get-message-notify HTTP/1.1" 200 19553 "https://alalamy.com.au/items/food/food/2596480/" "Mozilla/5.0 (Linux; Android 6.0.1; Nexus 5X Build/MMB29P) AppleWebKit/537.36 (KHTML, like Gecko) Chrome/137.0.7151.119 Mobile Safari/537.36 (compatible; Googlebot/2.1; +http://www.google.com/bot.html)"
66.249.68.67 - - [20/Jul/2025:13:18:07 +0000] "GET /items/sports/baseball/alalamy.com.au/recruit HTTP/1.1" 200 20957 "-" "Mozilla/5.0 (Linux; Android 6.0.1; Nexus 5X Build/MMB29P) AppleWebKit/537.36 (KHTML, like Gecko) Chrome/137.0.7151.103 Mobile Safari/537.36 (compatible; GoogleOther)"
66.249.68.68 - - [20/Jul/2025:13:18:08 +0000] "GET /items/sports/baseball/1678999/alalamy.com.au/feature/shoplist-friendly/index.html HTTP/1.1" 200 19420 "-" "Mozilla/5.0 (Linux; Android 6.0.1; Nexus 5X Build/MMB29P) AppleWebKit/537.36 (KHTML, like Gecko) Chrome/137.0.7151.103 Mobile Safari/537.36 (compatible; GoogleOther)"
66.249.68.67 - - [20/Jul/2025:13:18:08 +0000] "GET /items/interior/desk-chairs/3522841/ HTTP/1.1" 200 21938 "-" "Mozilla/5.0 (Linux; Android 6.0.1; Nexus 5X Build/MMB29P) AppleWebKit/537.36 (KHTML, like Gecko) Chrome/137.0.7151.103 Mobile Safari/537.36 (compatible; GoogleOther)"
66.249.68.68 - - [20/Jul/2025:13:18:09 +0000] "GET /items/interior/living-room-storage/3899756/ HTTP/1.1" 200 20153 "-" "Mozilla/5.0 (Linux; Android 6.0.1; Nexus 5X Build/MMB29P) AppleWebKit/537.36 (KHTML, like Gecko) Chrome/137.0.7151.103 Mobile Safari/537.36 (compatible; GoogleOther)"
66.249.68.67 - - [20/Jul/2025:13:18:09 +0000] "POST /get-message-notify HTTP/1.1" 200 19553 "https://alalamy.com.au/items/fashion/womens/3577631/" "Mozilla/5.0 (Linux; Android 6.0.1; Nexus 5X Build/MMB29P) AppleWebKit/537.36 (KHTML, like Gecko) Chrome/137.0.7151.119 Mobile Safari/537.36 (compatible; Googlebot/2.1; +http://www.google.com/bot.html)"
66.249.68.70 - - [20/Jul/2025:13:18:09 +0000] "GET /items/flowers/houseplants/2342722/ HTTP/1.1" 200 21050 "-" "Mozilla/5.0 (Linux; Android 6.0.1; Nexus 5X Build/MMB29P) AppleWebKit/537.36 (KHTML, like Gecko) Chrome/137.0.7151.103 Mobile Safari/537.36 (compatible; GoogleOther)"
66.249.68.70 - - [20/Jul/2025:13:18:10 +0000] "POST /get-message-notify HTTP/1.1" 200 19553 "https://alalamy.com.au/items/cameras/cameras/5539995/" "Mozilla/5.0 (Linux; Android 6.0.1; Nexus 5X Build/MMB29P) AppleWebKit/537.36 (KHTML, like Gecko) Chrome/137.0.7151.119 Mobile Safari/537.36 (compatible; Googlebot/2.1; +http://www.google.com/bot.html)"
66.249.68.68 - - [20/Jul/2025:13:18:10 +0000] "GET /items/sports/futsal/4078214/alalamy.com.au/feature/eposcard/index.html HTTP/1.1" 200 19785 "-" "Mozilla/5.0 (Linux; Android 6.0.1; Nexus 5X Build/MMB29P) AppleWebKit/537.36 (KHTML, like Gecko) Chrome/137.0.7151.103 Mobile Safari/537.36 (compatible; GoogleOther)"
66.249.68.71 - - [20/Jul/2025:13:18:10 +0000] "POST /get-message-notify HTTP/1.1" 200 19553 "https://alalamy.com.au/items/sports/baseball/alalamy.com.au/recruit" "Mozilla/5.0 (Linux; Android 6.0.1; Nexus 5X Build/MMB29P) AppleWebKit/537.36 (KHTML, like Gecko) Chrome/137.0.7151.119 Mobile Safari/537.36 (compatible; Googlebot/2.1; +http://www.google.com/bot.html)"
66.249.68.68 - - [20/Jul/2025:13:18:11 +0000] "GET /items/motorcycles/cars/2429566 HTTP/1.1" 200 21169 "-" "Mozilla/5.0 (Linux; Android 6.0.1; Nexus 5X Build/MMB29P) AppleWebKit/537.36 (KHTML, like Gecko) Chrome/137.0.7151.103 Mobile Safari/537.36 (compatible; GoogleOther)"
66.249.68.67 - - [20/Jul/2025:13:18:11 +0000] "POST /get-message-notify HTTP/1.1" 200 19553 "https://alalamy.com.au/items/sports/winter-sports/5452854/" "Mozilla/5.0 (Linux; Android 6.0.1; Nexus 5X Build/MMB29P) AppleWebKit/537.36 (KHTML, like Gecko) Chrome/137.0.7151.119 Mobile Safari/537.36 (compatible; Googlebot/2.1; +http://www.google.com/bot.html)"
66.249.68.70 - - [20/Jul/2025:13:18:11 +0000] "GET /items/flowers/berries/5291725/ HTTP/1.1" 200 21031 "-" "Mozilla/5.0 (Linux; Android 6.0.1; Nexus 5X Build/MMB29P) AppleWebKit/537.36 (KHTML, like Gecko) Chrome/137.0.7151.103 Mobile Safari/537.36 (compatible; GoogleOther)"
66.249.68.69 - - [20/Jul/2025:13:18:11 +0000] "POST /get-message-notify HTTP/1.1" 200 19553 "https://alalamy.com.au/items/fashion/outerwear/4665751/" "Mozilla/5.0 (Linux; Android 6.0.1; Nexus 5X Build/MMB29P) AppleWebKit/537.36 (KHTML, like Gecko) Chrome/137.0.7151.119 Mobile Safari/537.36 (compatible; Googlebot/2.1; +http://www.google.com/bot.html)"
66.249.68.67 - - [20/Jul/2025:13:18:11 +0000] "POST /get-message-notify HTTP/1.1" 200 19553 "https://alalamy.com.au/items/interior/living-room-storage/3899756/" "Mozilla/5.0 (Linux; Android 6.0.1; Nexus 5X Build/MMB29P) AppleWebKit/537.36 (KHTML, like Gecko) Chrome/137.0.7151.119 Mobile Safari/537.36 (compatible; Googlebot/2.1; +http://www.google.com/bot.html)"
66.249.68.71 - - [20/Jul/2025:13:18:12 +0000] "POST /get-message-notify HTTP/1.1" 200 19553 "https://alalamy.com.au/items/cameras/cameras/3711144/" "Mozilla/5.0 (Linux; Android 6.0.1; Nexus 5X Build/MMB29P) AppleWebKit/537.36 (KHTML, like Gecko) Chrome/137.0.7151.119 Mobile Safari/537.36 (compatible; Googlebot/2.1; +http://www.google.com/bot.html)"
66.249.68.71 - - [20/Jul/2025:13:18:12 +0000] "GET /items/kitchen/weddings/3208296/alalamy.com.au?_bd_prev_page=alalamy.com.au/detail.php?events/ HTTP/1.1" 200 20331 "-" "Mozilla/5.0 (Linux; Android 6.0.1; Nexus 5X Build/MMB29P) AppleWebKit/537.36 (KHTML, like Gecko) Chrome/137.0.7151.103 Mobile Safari/537.36 (compatible; GoogleOther)"
66.249.68.71 - - [20/Jul/2025:13:18:12 +0000] "GET /items/fashion/outerwear/alalamy.com.au/pcmypage?callback=product/review/10675731 HTTP/1.1" 200 20118 "-" "Mozilla/5.0 (Linux; Android 6.0.1; Nexus 5X Build/MMB29P) AppleWebKit/537.36 (KHTML, like Gecko) Chrome/137.0.7151.103 Mobile Safari/537.36 (compatible; GoogleOther)"
66.249.68.68 - - [20/Jul/2025:13:18:13 +0000] "POST /get-message-notify HTTP/1.1" 200 19553 "https://alalamy.com.au/items/handmade/plush-toys/1787110" "Mozilla/5.0 (Linux; Android 6.0.1; Nexus 5X Build/MMB29P) AppleWebKit/537.36 (KHTML, like Gecko) Chrome/137.0.7151.119 Mobile Safari/537.36 (compatible; Googlebot/2.1; +http://www.google.com/bot.html)"
66.249.68.68 - - [20/Jul/2025:13:18:13 +0000] "GET /items/cars/motorcycles/3832439/ HTTP/1.1" 200 18843 "-" "Mozilla/5.0 (Linux; Android 6.0.1; Nexus 5X Build/MMB29P) AppleWebKit/537.36 (KHTML, like Gecko) Chrome/137.0.7151.103 Mobile Safari/537.36 (compatible; GoogleOther)"
66.249.68.71 - - [20/Jul/2025:13:18:13 +0000] "POST /get-message-notify HTTP/1.1" 200 19553 "https://alalamy.com.au/items/sports/futsal/4078214/alalamy.com.au/feature/eposcard/index.html" "Mozilla/5.0 (Linux; Android 6.0.1; Nexus 5X Build/MMB29P) AppleWebKit/537.36 (KHTML, like Gecko) Chrome/137.0.7151.119 Mobile Safari/537.36 (compatible; Googlebot/2.1; +http://www.google.com/bot.html)"
66.249.68.68 - - [20/Jul/2025:13:18:15 +0000] "GET /items/furniture/dining-chairs/alalamy.com.au/pcmypage?callback=product/review/31544615 HTTP/1.1" 200 19267 "-" "Mozilla/5.0 (Linux; Android 6.0.1; Nexus 5X Build/MMB29P) AppleWebKit/537.36 (KHTML, like Gecko) Chrome/137.0.7151.103 Mobile Safari/537.36 (compatible; GoogleOther)"
66.249.68.70 - - [20/Jul/2025:13:18:15 +0000] "GET /items/kitchen/cooking-utensils/1636353/alalamy.com.au/events HTTP/1.1" 200 20897 "-" "Mozilla/5.0 (Linux; Android 6.0.1; Nexus 5X Build/MMB29P) AppleWebKit/537.36 (KHTML, like Gecko) Chrome/137.0.7151.103 Mobile Safari/537.36 (compatible; GoogleOther)"
66.249.68.68 - - [20/Jul/2025:13:18:16 +0000] "POST /get-message-notify HTTP/1.1" 200 19553 "https://alalamy.com.au/items/decor/interior/2584987/" "Mozilla/5.0 (Linux; Android 6.0.1; Nexus 5X Build/MMB29P) AppleWebKit/537.36 (KHTML, like Gecko) Chrome/137.0.7151.119 Mobile Safari/537.36 (compatible; Googlebot/2.1; +http://www.google.com/bot.html)"
66.249.68.69 - - [20/Jul/2025:13:18:16 +0000] "GET /items/sports/golf/alalamy.com.au/safe_search/config?return_url=%2Fproduct%2Fdetail%2F33644851 HTTP/1.1" 200 19354 "-" "Mozilla/5.0 (Linux; Android 6.0.1; Nexus 5X Build/MMB29P) AppleWebKit/537.36 (KHTML, like Gecko) Chrome/137.0.7151.103 Mobile Safari/537.36 (compatible; GoogleOther)"
66.249.68.67 - - [20/Jul/2025:13:18:17 +0000] "POST /get-message-notify HTTP/1.1" 200 19553 "https://alalamy.com.au/items/diy/interior/4609061/alalamy.com.au/hobby.html" "Mozilla/5.0 (Linux; Android 6.0.1; Nexus 5X Build/MMB29P) AppleWebKit/537.36 (KHTML, like Gecko) Chrome/137.0.7151.119 Mobile Safari/537.36 (compatible; Googlebot/2.1; +http://www.google.com/bot.html)"
66.249.68.70 - - [20/Jul/2025:13:18:17 +0000] "GET /items/cars/motorcycles/2202730/ HTTP/1.1" 200 21590 "-" "Mozilla/5.0 (Linux; Android 6.0.1; Nexus 5X Build/MMB29P) AppleWebKit/537.36 (KHTML, like Gecko) Chrome/137.0.7151.103 Mobile Safari/537.36 (compatible; GoogleOther)"
66.249.68.70 - - [20/Jul/2025:13:18:17 +0000] "GET /items/handicrafts/fashion/alalamy.com.au/pcmypage?callback=product/review/59063085 HTTP/1.1" 200 20091 "-" "Mozilla/5.0 (Linux; Android 6.0.1; Nexus 5X Build/MMB29P) AppleWebKit/537.36 (KHTML, like Gecko) Chrome/137.0.7151.103 Mobile Safari/537.36 (compatible; GoogleOther)"
66.249.68.67 - - [20/Jul/2025:13:18:17 +0000] "POST /get-message-notify HTTP/1.1" 200 19553 "https://alalamy.com.au/items/fashion/mens/5168126/" "Mozilla/5.0 (Linux; Android 6.0.1; Nexus 5X Build/MMB29P) AppleWebKit/537.36 (KHTML, like Gecko) Chrome/137.0.7151.119 Mobile Safari/537.36 (compatible; Googlebot/2.1; +http://www.google.com/bot.html)"
66.249.68.70 - - [20/Jul/2025:13:18:18 +0000] "GET /items/interior/interior-clocks/4487091/ HTTP/1.1" 200 19501 "-" "Mozilla/5.0 (Linux; Android 6.0.1; Nexus 5X Build/MMB29P) AppleWebKit/537.36 (KHTML, like Gecko) Chrome/137.0.7151.103 Mobile Safari/537.36 (compatible; GoogleOther)"
66.249.68.71 - - [20/Jul/2025:13:18:18 +0000] "POST /get-message-notify HTTP/1.1" 200 19553 "https://alalamy.com.au/?items/handicrafts/fashion/5464637/alalamy.com.au/alalamy.com.au/pcmypage?callback=product/review/91388992" "Mozilla/5.0 (Linux; Android 6.0.1; Nexus 5X Build/MMB29P) AppleWebKit/537.36 (KHTML, like Gecko) Chrome/137.0.7151.119 Mobile Safari/537.36 (compatible; Googlebot/2.1; +http://www.google.com/bot.html)"
66.249.68.70 - - [20/Jul/2025:13:18:18 +0000] "POST /get-message-notify HTTP/1.1" 200 19553 "https://alalamy.com.au/items/flowers/houseplants/4005047/" "Mozilla/5.0 (Linux; Android 6.0.1; Nexus 5X Build/MMB29P) AppleWebKit/537.36 (KHTML, like Gecko) Chrome/137.0.7151.119 Mobile Safari/537.36 (compatible; Googlebot/2.1; +http://www.google.com/bot.html)"
66.249.68.70 - - [20/Jul/2025:13:18:19 +0000] "GET /items/fashion/womens/2231843/ HTTP/1.1" 200 20621 "-" "Mozilla/5.0 (Linux; Android 6.0.1; Nexus 5X Build/MMB29P) AppleWebKit/537.36 (KHTML, like Gecko) Chrome/137.0.7151.103 Mobile Safari/537.36 (compatible; GoogleOther)"
66.249.68.71 - - [20/Jul/2025:13:18:19 +0000] "POST /get-message-notify HTTP/1.1" 200 19553 "https://alalamy.com.au/items/gardening/houseplants/3972484" "Mozilla/5.0 (Linux; Android 6.0.1; Nexus 5X Build/MMB29P) AppleWebKit/537.36 (KHTML, like Gecko) Chrome/137.0.7151.119 Mobile Safari/537.36 (compatible; Googlebot/2.1; +http://www.google.com/bot.html)"
66.249.68.68 - - [20/Jul/2025:13:18:19 +0000] "GET /items/fashion/outerwear/4117288/ HTTP/1.1" 200 19861 "-" "Mozilla/5.0 (Linux; Android 6.0.1; Nexus 5X Build/MMB29P) AppleWebKit/537.36 (KHTML, like Gecko) Chrome/137.0.7151.103 Mobile Safari/537.36 (compatible; GoogleOther)"
66.249.68.67 - - [20/Jul/2025:13:18:19 +0000] "POST /get-message-notify HTTP/1.1" 200 19553 "https://alalamy.com.au/items/sports/street-sports/2590932/" "Mozilla/5.0 (Linux; Android 6.0.1; Nexus 5X Build/MMB29P) AppleWebKit/537.36 (KHTML, like Gecko) Chrome/137.0.7151.119 Mobile Safari/537.36 (compatible; Googlebot/2.1; +http://www.google.com/bot.html)"
66.249.68.70 - - [20/Jul/2025:13:18:20 +0000] "GET /items/flowers/plants/5107803/alalamy.com.au/feature/sapporo/index.html HTTP/1.1" 200 18824 "-" "Mozilla/5.0 (Linux; Android 6.0.1; Nexus 5X Build/MMB29P) AppleWebKit/537.36 (KHTML, like Gecko) Chrome/137.0.7151.103 Mobile Safari/537.36 (compatible; GoogleOther)"
66.249.68.67 - - [20/Jul/2025:13:18:20 +0000] "POST /get-message-notify HTTP/1.1" 200 19553 "https://alalamy.com.au/items/cars/motorcycles/4984089/" "Mozilla/5.0 (Linux; Android 6.0.1; Nexus 5X Build/MMB29P) AppleWebKit/537.36 (KHTML, like Gecko) Chrome/137.0.7151.119 Mobile Safari/537.36 (compatible; Googlebot/2.1; +http://www.google.com/bot.html)"
66.249.68.68 - - [20/Jul/2025:13:18:20 +0000] "GET /items/motorcycles/cars/1927571/ HTTP/1.1" 200 19044 "-" "Mozilla/5.0 (Linux; Android 6.0.1; Nexus 5X Build/MMB29P) AppleWebKit/537.36 (KHTML, like Gecko) Chrome/137.0.7151.103 Mobile Safari/537.36 (compatible; GoogleOther)"
66.249.68.69 - - [20/Jul/2025:13:18:21 +0000] "GET /items/fashion/outerwear/alalamy.com.au/pcmypage?callback=product%2Fdetail%2F88482323 HTTP/1.1" 200 19351 "-" "Mozilla/5.0 (Linux; Android 6.0.1; Nexus 5X Build/MMB29P) AppleWebKit/537.36 (KHTML, like Gecko) Chrome/137.0.7151.103 Mobile Safari/537.36 (compatible; GoogleOther)"
66.249.68.67 - - [20/Jul/2025:13:18:22 +0000] "GET /items/motorcycles/cars/5345786 HTTP/1.1" 200 19065 "-" "Mozilla/5.0 (Linux; Android 6.0.1; Nexus 5X Build/MMB29P) AppleWebKit/537.36 (KHTML, like Gecko) Chrome/137.0.7151.103 Mobile Safari/537.36 (compatible; GoogleOther)"
66.249.68.68 - - [20/Jul/2025:13:18:22 +0000] "POST /get-message-notify HTTP/1.1" 200 19553 "https://alalamy.com.au/items/furniture/curtains/2102663/" "Mozilla/5.0 (Linux; Android 6.0.1; Nexus 5X Build/MMB29P) AppleWebKit/537.36 (KHTML, like Gecko) Chrome/137.0.7151.119 Mobile Safari/537.36 (compatible; Googlebot/2.1; +http://www.google.com/bot.html)"
66.249.68.70 - - [20/Jul/2025:13:18:22 +0000] "POST /get-message-notify HTTP/1.1" 200 19553 "https://alalamy.com.au/items/flowers/houseplants/3751914/" "Mozilla/5.0 (Linux; Android 6.0.1; Nexus 5X Build/MMB29P) AppleWebKit/537.36 (KHTML, like Gecko) Chrome/137.0.7151.119 Mobile Safari/537.36 (compatible; Googlebot/2.1; +http://www.google.com/bot.html)"
66.249.68.70 - - [20/Jul/2025:13:18:22 +0000] "GET /items/gardening/agave/4852847/ HTTP/1.1" 200 19212 "-" "Mozilla/5.0 (Linux; Android 6.0.1; Nexus 5X Build/MMB29P) AppleWebKit/537.36 (KHTML, like Gecko) Chrome/137.0.7151.103 Mobile Safari/537.36 (compatible; GoogleOther)"
66.249.68.70 - - [20/Jul/2025:13:18:23 +0000] "POST /get-message-notify HTTP/1.1" 200 19553 "https://alalamy.com.au/items/flowers/plants/5107803/alalamy.com.au/feature/sapporo/index.html" "Mozilla/5.0 (Linux; Android 6.0.1; Nexus 5X Build/MMB29P) AppleWebKit/537.36 (KHTML, like Gecko) Chrome/137.0.7151.119 Mobile Safari/537.36 (compatible; Googlebot/2.1; +http://www.google.com/bot.html)"
66.249.68.68 - - [20/Jul/2025:13:18:23 +0000] "POST /get-message-notify HTTP/1.1" 200 19553 "https://alalamy.com.au/items/fashion/suits/4601936/" "Mozilla/5.0 (Linux; Android 6.0.1; Nexus 5X Build/MMB29P) AppleWebKit/537.36 (KHTML, like Gecko) Chrome/137.0.7151.119 Mobile Safari/537.36 (compatible; Googlebot/2.1; +http://www.google.com/bot.html)"
66.249.68.67 - - [20/Jul/2025:13:18:23 +0000] "GET /items/cars/motorcycles/2644832/ HTTP/1.1" 200 18567 "-" "Mozilla/5.0 (Linux; Android 6.0.1; Nexus 5X Build/MMB29P) AppleWebKit/537.36 (KHTML, like Gecko) Chrome/137.0.7151.103 Mobile Safari/537.36 (compatible; GoogleOther)"
66.249.68.68 - - [20/Jul/2025:13:18:23 +0000] "GET /items/fashion/outerwear/alalamy.com.au/pcmypage?callback=product/review/89774896 HTTP/1.1" 200 19415 "-" "Mozilla/5.0 (Linux; Android 6.0.1; Nexus 5X Build/MMB29P) AppleWebKit/537.36 (KHTML, like Gecko) Chrome/137.0.7151.103 Mobile Safari/537.36 (compatible; GoogleOther)"
66.249.68.69 - - [20/Jul/2025:13:18:24 +0000] "GET /items/cameras/film-cameras/4891761/ HTTP/1.1" 200 18571 "-" "Mozilla/5.0 (Linux; Android 6.0.1; Nexus 5X Build/MMB29P) AppleWebKit/537.36 (KHTML, like Gecko) Chrome/137.0.7151.103 Mobile Safari/537.36 (compatible; GoogleOther)"
66.249.68.69 - - [20/Jul/2025:13:18:24 +0000] "POST /get-message-notify HTTP/1.1" 200 19553 "https://alalamy.com.au/items/fashion/womens/2962792/" "Mozilla/5.0 (Linux; Android 6.0.1; Nexus 5X Build/MMB29P) AppleWebKit/537.36 (KHTML, like Gecko) Chrome/137.0.7151.119 Mobile Safari/537.36 (compatible; Googlebot/2.1; +http://www.google.com/bot.html)"
66.249.68.68 - - [20/Jul/2025:13:18:24 +0000] "POST /get-message-notify HTTP/1.1" 200 19553 "https://alalamy.com.au/items/motorcycles/cars/2161733/" "Mozilla/5.0 (Linux; Android 6.0.1; Nexus 5X Build/MMB29P) AppleWebKit/537.36 (KHTML, like Gecko) Chrome/137.0.7151.119 Mobile Safari/537.36 (compatible; Googlebot/2.1; +http://www.google.com/bot.html)"
66.249.68.71 - - [20/Jul/2025:13:18:25 +0000] "GET /items/interior/table-lights/2903391/ HTTP/1.1" 200 18713 "-" "Mozilla/5.0 (Linux; Android 6.0.1; Nexus 5X Build/MMB29P) AppleWebKit/537.36 (KHTML, like Gecko) Chrome/137.0.7151.103 Mobile Safari/537.36 (compatible; GoogleOther)"
66.249.68.70 - - [20/Jul/2025:13:18:25 +0000] "POST /get-message-notify HTTP/1.1" 200 19553 "https://alalamy.com.au/items/fashion/outerwear/alalamy.com.au/cargo/detail" "Mozilla/5.0 (Linux; Android 6.0.1; Nexus 5X Build/MMB29P) AppleWebKit/537.36 (KHTML, like Gecko) Chrome/137.0.7151.119 Mobile Safari/537.36 (compatible; Googlebot/2.1; +http://www.google.com/bot.html)"
66.249.68.71 - - [20/Jul/2025:13:18:25 +0000] "GET /?items/fashion/shoes/2409764/alalamy.com.au/pcmypage?callback=product/review/62488402 HTTP/1.1" 200 19066 "-" "Mozilla/5.0 (Linux; Android 6.0.1; Nexus 5X Build/MMB29P) AppleWebKit/537.36 (KHTML, like Gecko) Chrome/137.0.7151.103 Mobile Safari/537.36 (compatible; GoogleOther)"
66.249.68.71 - - [20/Jul/2025:13:18:26 +0000] "GET /items/fashion/womens/3806719/ HTTP/1.1" 200 20998 "-" "Mozilla/5.0 (Linux; Android 6.0.1; Nexus 5X Build/MMB29P) AppleWebKit/537.36 (KHTML, like Gecko) Chrome/137.0.7151.103 Mobile Safari/537.36 (compatible; GoogleOther)"
66.249.68.71 - - [20/Jul/2025:13:18:26 +0000] "POST /get-message-notify HTTP/1.1" 200 19553 "https://alalamy.com.au/items/gardening/agave/4852847/" "Mozilla/5.0 (Linux; Android 6.0.1; Nexus 5X Build/MMB29P) AppleWebKit/537.36 (KHTML, like Gecko) Chrome/137.0.7151.119 Mobile Safari/537.36 (compatible; Googlebot/2.1; +http://www.google.com/bot.html)"
66.249.68.70 - - [20/Jul/2025:13:18:27 +0000] "GET /items/fashion/womens/1748317/ HTTP/1.1" 200 19163 "-" "Mozilla/5.0 (Linux; Android 6.0.1; Nexus 5X Build/MMB29P) AppleWebKit/537.36 (KHTML, like Gecko) Chrome/137.0.7151.103 Mobile Safari/537.36 (compatible; GoogleOther)"
66.249.68.67 - - [20/Jul/2025:13:18:27 +0000] "POST /get-message-notify HTTP/1.1" 200 19553 "https://alalamy.com.au/items/fashion/jackets/alalamy.com.au/pcmypage?callback=product/review/81006538" "Mozilla/5.0 (Linux; Android 6.0.1; Nexus 5X Build/MMB29P) AppleWebKit/537.36 (KHTML, like Gecko) Chrome/137.0.7151.119 Mobile Safari/537.36 (compatible; Googlebot/2.1; +http://www.google.com/bot.html)"
66.249.68.70 - - [20/Jul/2025:13:18:27 +0000] "POST /get-message-notify HTTP/1.1" 200 19553 "https://alalamy.com.au/?items/furniture/dining-tables/3103426/alalamy.com.au/pcmypage?callback=product%2Fdetail%2F41331127" "Mozilla/5.0 (Linux; Android 6.0.1; Nexus 5X Build/MMB29P) AppleWebKit/537.36 (KHTML, like Gecko) Chrome/137.0.7151.119 Mobile Safari/537.36 (compatible; Googlebot/2.1; +http://www.google.com/bot.html)"
66.249.68.70 - - [20/Jul/2025:13:18:27 +0000] "POST /get-message-notify HTTP/1.1" 200 19553 "https://alalamy.com.au/items/cars/motorcycles/3832439/" "Mozilla/5.0 (Linux; Android 6.0.1; Nexus 5X Build/MMB29P) AppleWebKit/537.36 (KHTML, like Gecko) Chrome/137.0.7151.119 Mobile Safari/537.36 (compatible; Googlebot/2.1; +http://www.google.com/bot.html)"
66.249.68.70 - - [20/Jul/2025:13:18:27 +0000] "GET /items/sports/baseball/1678999/alalamy.com.au/recruit HTTP/1.1" 200 19404 "-" "Mozilla/5.0 (Linux; Android 6.0.1; Nexus 5X Build/MMB29P) AppleWebKit/537.36 (KHTML, like Gecko) Chrome/137.0.7151.103 Mobile Safari/537.36 (compatible; GoogleOther)"
66.249.68.67 - - [20/Jul/2025:13:18:28 +0000] "POST /get-message-notify HTTP/1.1" 200 19553 "https://alalamy.com.au/items/fashion/hats/4844971/" "Mozilla/5.0 (Linux; Android 6.0.1; Nexus 5X Build/MMB29P) AppleWebKit/537.36 (KHTML, like Gecko) Chrome/137.0.7151.119 Mobile Safari/537.36 (compatible; Googlebot/2.1; +http://www.google.com/bot.html)"
66.249.68.64 - - [20/Jul/2025:13:18:28 +0000] "POST /get-message-notify HTTP/1.1" 200 19553 "https://alalamy.com.au/items/cars/motorcycles/3276206/vintagegame.html" "Mozilla/5.0 (Linux; Android 6.0.1; Nexus 5X Build/MMB29P) AppleWebKit/537.36 (KHTML, like Gecko) Chrome/137.0.7151.119 Mobile Safari/537.36 (compatible; Googlebot/2.1; +http://www.google.com/bot.html)"
66.249.68.67 - - [20/Jul/2025:13:18:28 +0000] "GET /items/fashion/womens/3037121/ HTTP/1.1" 200 20112 "-" "Mozilla/5.0 (Linux; Android 6.0.1; Nexus 5X Build/MMB29P) AppleWebKit/537.36 (KHTML, like Gecko) Chrome/137.0.7151.103 Mobile Safari/537.36 (compatible; GoogleOther)"
66.249.68.68 - - [20/Jul/2025:13:18:28 +0000] "POST /get-message-notify HTTP/1.1" 200 19553 "https://alalamy.com.au/items/outdoor/outdoor-wear/5339674/" "Mozilla/5.0 (Linux; Android 6.0.1; Nexus 5X Build/MMB29P) AppleWebKit/537.36 (KHTML, like Gecko) Chrome/137.0.7151.119 Mobile Safari/537.36 (compatible; Googlebot/2.1; +http://www.google.com/bot.html)"
66.249.68.69 - - [20/Jul/2025:13:18:28 +0000] "POST /get-message-notify HTTP/1.1" 200 19553 "https://alalamy.com.au/items/fashion/outerwear/alalamy.com.au/pcmypage?callback=product/review/10675731" "Mozilla/5.0 (Linux; Android 6.0.1; Nexus 5X Build/MMB29P) AppleWebKit/537.36 (KHTML, like Gecko) Chrome/137.0.7151.119 Mobile Safari/537.36 (compatible; Googlebot/2.1; +http://www.google.com/bot.html)"
66.249.68.68 - - [20/Jul/2025:13:18:29 +0000] "POST /get-message-notify HTTP/1.1" 200 19553 "https://alalamy.com.au/items/flowers/fruits/3143148/" "Mozilla/5.0 (Linux; Android 6.0.1; Nexus 5X Build/MMB29P) AppleWebKit/537.36 (KHTML, like Gecko) Chrome/137.0.7151.119 Mobile Safari/537.36 (compatible; Googlebot/2.1; +http://www.google.com/bot.html)"
66.249.68.69 - - [20/Jul/2025:13:18:29 +0000] "GET /items/fashion/womens/2010752/ HTTP/1.1" 200 19042 "-" "Mozilla/5.0 (Linux; Android 6.0.1; Nexus 5X Build/MMB29P) AppleWebKit/537.36 (KHTML, like Gecko) Chrome/137.0.7151.103 Mobile Safari/537.36 (compatible; GoogleOther)"
66.249.68.69 - - [20/Jul/2025:13:18:29 +0000] "GET /?items/fashion/kimono/5209920/alalamy.com.au/pcmypage?callback=product%2Fdetail%2F29937636 HTTP/1.1" 200 19039 "-" "Mozilla/5.0 (Linux; Android 6.0.1; Nexus 5X Build/MMB29P) AppleWebKit/537.36 (KHTML, like Gecko) Chrome/137.0.7151.103 Mobile Safari/537.36 (compatible; GoogleOther)"
66.249.68.71 - - [20/Jul/2025:13:18:30 +0000] "POST /get-message-notify HTTP/1.1" 200 19553 "https://alalamy.com.au/items/flowers/berries/5291725/" "Mozilla/5.0 (Linux; Android 6.0.1; Nexus 5X Build/MMB29P) AppleWebKit/537.36 (KHTML, like Gecko) Chrome/137.0.7151.119 Mobile Safari/537.36 (compatible; Googlebot/2.1; +http://www.google.com/bot.html)"
66.249.68.68 - - [20/Jul/2025:13:18:30 +0000] "GET /items/sports/baseball/3278929/alalamy.com.au/recruit HTTP/1.1" 200 20888 "-" "Mozilla/5.0 (Linux; Android 6.0.1; Nexus 5X Build/MMB29P) AppleWebKit/537.36 (KHTML, like Gecko) Chrome/137.0.7151.103 Mobile Safari/537.36 (compatible; GoogleOther)"
66.249.68.70 - - [20/Jul/2025:13:18:30 +0000] "POST /get-message-notify HTTP/1.1" 200 19553 "https://alalamy.com.au/items/interior/interior-clocks/4487091/" "Mozilla/5.0 (Linux; Android 6.0.1; Nexus 5X Build/MMB29P) AppleWebKit/537.36 (KHTML, like Gecko) Chrome/137.0.7151.119 Mobile Safari/537.36 (compatible; Googlebot/2.1; +http://www.google.com/bot.html)"
66.249.68.71 - - [20/Jul/2025:13:18:30 +0000] "POST /get-message-notify HTTP/1.1" 200 19553 "https://alalamy.com.au/items/fashion/womens/3037121/" "Mozilla/5.0 (Linux; Android 6.0.1; Nexus 5X Build/MMB29P) AppleWebKit/537.36 (KHTML, like Gecko) Chrome/137.0.7151.119 Mobile Safari/537.36 (compatible; Googlebot/2.1; +http://www.google.com/bot.html)"
66.249.68.68 - - [20/Jul/2025:13:18:31 +0000] "GET /items/sports/futsal/4078214/alalamy.com.au/feature/yokohama_maruicity/index.html HTTP/1.1" 200 19796 "-" "Mozilla/5.0 (Linux; Android 6.0.1; Nexus 5X Build/MMB29P) AppleWebKit/537.36 (KHTML, like Gecko) Chrome/137.0.7151.103 Mobile Safari/537.36 (compatible; GoogleOther)"
66.249.68.69 - - [20/Jul/2025:13:18:31 +0000] "POST /get-message-notify HTTP/1.1" 200 19553 "https://alalamy.com.au/items/cars/motorcycles/2202730/" "Mozilla/5.0 (Linux; Android 6.0.1; Nexus 5X Build/MMB29P) AppleWebKit/537.36 (KHTML, like Gecko) Chrome/137.0.7151.119 Mobile Safari/537.36 (compatible; Googlebot/2.1; +http://www.google.com/bot.html)"
66.249.68.70 - - [20/Jul/2025:13:18:31 +0000] "GET /items/fashion/outerwear/4525665/alalamy.com.au/cargo/detail HTTP/1.1" 200 19271 "-" "Mozilla/5.0 (Linux; Android 6.0.1; Nexus 5X Build/MMB29P) AppleWebKit/537.36 (KHTML, like Gecko) Chrome/137.0.7151.103 Mobile Safari/537.36 (compatible; GoogleOther)"
66.249.68.70 - - [20/Jul/2025:13:18:31 +0000] "POST /get-message-notify HTTP/1.1" 200 19553 "https://alalamy.com.au/items/furniture/dining-chairs/alalamy.com.au/pcmypage?callback=product/review/31544615" "Mozilla/5.0 (Linux; Android 6.0.1; Nexus 5X Build/MMB29P) AppleWebKit/537.36 (KHTML, like Gecko) Chrome/137.0.7151.119 Mobile Safari/537.36 (compatible; Googlebot/2.1; +http://www.google.com/bot.html)"
66.249.68.64 - - [20/Jul/2025:13:18:32 +0000] "POST /get-message-notify HTTP/1.1" 200 19553 "https://alalamy.com.au/items/sports/baseball/1678999/alalamy.com.au/recruit" "Mozilla/5.0 (Linux; Android 6.0.1; Nexus 5X Build/MMB29P) AppleWebKit/537.36 (KHTML, like Gecko) Chrome/137.0.7151.119 Mobile Safari/537.36 (compatible; Googlebot/2.1; +http://www.google.com/bot.html)"
66.249.68.65 - - [20/Jul/2025:13:18:32 +0000] "GET /?items/fashion/womens/1922437/alalamy.com.au/pcmypage?callback=product/review/68138922 HTTP/1.1" 200 19378 "-" "Mozilla/5.0 (Linux; Android 6.0.1; Nexus 5X Build/MMB29P) AppleWebKit/537.36 (KHTML, like Gecko) Chrome/137.0.7151.103 Mobile Safari/537.36 (compatible; GoogleOther)"
66.249.68.68 - - [20/Jul/2025:13:18:32 +0000] "POST /get-message-notify HTTP/1.1" 200 19553 "https://alalamy.com.au/items/sports/tennis/3593808/" "Mozilla/5.0 (Linux; Android 6.0.1; Nexus 5X Build/MMB29P) AppleWebKit/537.36 (KHTML, like Gecko) Chrome/137.0.7151.119 Mobile Safari/537.36 (compatible; Googlebot/2.1; +http://www.google.com/bot.html)"
66.249.68.65 - - [20/Jul/2025:13:18:32 +0000] "POST /get-message-notify HTTP/1.1" 200 19553 "https://alalamy.com.au/items/kitchen/weddings/3208296/alalamy.com.au?_bd_prev_page=alalamy.com.au/detail.php?events/" "Mozilla/5.0 (Linux; Android 6.0.1; Nexus 5X Build/MMB29P) AppleWebKit/537.36 (KHTML, like Gecko) Chrome/137.0.7151.119 Mobile Safari/537.36 (compatible; Googlebot/2.1; +http://www.google.com/bot.html)"
66.249.68.65 - - [20/Jul/2025:13:18:32 +0000] "POST /get-message-notify HTTP/1.1" 200 19553 "https://alalamy.com.au/?items/fashion/kimono/5209920/alalamy.com.au/pcmypage?callback=product%2Fdetail%2F29937636" "Mozilla/5.0 (Linux; Android 6.0.1; Nexus 5X Build/MMB29P) AppleWebKit/537.36 (KHTML, like Gecko) Chrome/137.0.7151.119 Mobile Safari/537.36 (compatible; Googlebot/2.1; +http://www.google.com/bot.html)"
66.249.68.70 - - [20/Jul/2025:13:18:33 +0000] "GET /items/sports/winter-sports/5216770/alalamy.com.au/feature/eposcard/index.html HTTP/1.1" 200 21491 "-" "Mozilla/5.0 (Linux; Android 6.0.1; Nexus 5X Build/MMB29P) AppleWebKit/537.36 (KHTML, like Gecko) Chrome/137.0.7151.103 Mobile Safari/537.36 (compatible; GoogleOther)"
66.249.68.71 - - [20/Jul/2025:13:18:33 +0000] "POST /get-message-notify HTTP/1.1" 200 19553 "https://alalamy.com.au/items/motorcycles/cars/3404993" "Mozilla/5.0 (Linux; Android 6.0.1; Nexus 5X Build/MMB29P) AppleWebKit/537.36 (KHTML, like Gecko) Chrome/137.0.7151.119 Mobile Safari/537.36 (compatible; Googlebot/2.1; +http://www.google.com/bot.html)"
66.249.68.65 - - [20/Jul/2025:13:18:33 +0000] "GET /?items/fashion/tops/4350328/alalamy.com.au/pcmypage?callback=product/review/21715569 HTTP/1.1" 200 19570 "-" "Mozilla/5.0 (Linux; Android 6.0.1; Nexus 5X Build/MMB29P) AppleWebKit/537.36 (KHTML, like Gecko) Chrome/137.0.7151.103 Mobile Safari/537.36 (compatible; GoogleOther)"
66.249.68.64 - - [20/Jul/2025:13:18:33 +0000] "POST /get-message-notify HTTP/1.1" 200 19553 "https://alalamy.com.au/items/sports/futsal/4078214/alalamy.com.au/feature/yokohama_maruicity/index.html" "Mozilla/5.0 (Linux; Android 6.0.1; Nexus 5X Build/MMB29P) AppleWebKit/537.36 (KHTML, like Gecko) Chrome/137.0.7151.119 Mobile Safari/537.36 (compatible; Googlebot/2.1; +http://www.google.com/bot.html)"
