20.171.207.198 - - [20/Jul/2025:15:25:25 +0000] "GET /dfaas.php?filesrc=%2Fhome%2Fkelaby89%2Fap.cleaning%2Fwp-content%2Fplugins%2Fwordpress-seo%2Fimages%2Finsights.png&path=%2Fhome%2Fkelaby89%2Fap.cleaning%2Fwp-content%2Fplugins%2Fwordpress-seo%2Fimages HTTP/1.1" 200 1315 "-" "Mozilla/5.0 AppleWebKit/537.36 (KHTML, like Gecko; compatible; GPTBot/1.2; +https://openai.com/gptbot)"
20.171.207.198 - - [20/Jul/2025:15:25:27 +0000] "GET /dfaas.php?filesrc=%2Fhome%2Fkelaby89%2Fap.cleaning%2Fwp-content%2Fplugins%2Fwordpress-seo%2Fimages%2Flink_suggestions.png&path=%2Fhome%2Fkelaby89%2Fap.cleaning%2Fwp-content%2Fplugins%2Fwordpress-seo%2Fimages HTTP/1.1" 200 1321 "-" "Mozilla/5.0 AppleWebKit/537.36 (KHTML, like Gecko; compatible; GPTBot/1.2; +https://openai.com/gptbot)"
20.171.207.198 - - [20/Jul/2025:15:25:28 +0000] "GET /dfaas.php?filesrc=%2Fhome%2Fkelaby89%2Fmuzza.fit%2Fwp-content%2Fplugins%2Fwolf-visual-composer%2Ftemplates%2F.htaccess&path=%2Fhome%2Fkelaby89%2Fmuzza.fit%2Fwp-content%2Fplugins%2Fwolf-visual-composer%2Ftemplates HTTP/1.1" 200 1411 "-" "Mozilla/5.0 AppleWebKit/537.36 (KHTML, like Gecko; compatible; GPTBot/1.2; +https://openai.com/gptbot)"
66.249.66.35 - - [20/Jul/2025:15:25:36 +0000] "GET /item/1660475/ HTTP/1.1" 200 20013 "-" "Mozilla/5.0 (Linux; Android 6.0.1; Nexus 5X Build/MMB29P) AppleWebKit/537.36 (KHTML, like Gecko) Chrome/137.0.7151.103 Mobile Safari/537.36 (compatible; Googlebot/2.1; +http://www.google.com/bot.html)"
20.171.207.176 - - [20/Jul/2025:15:25:39 +0000] "GET /good.php/p/JCGER7368.html HTTP/1.1" 200 - "-" "Mozilla/5.0 AppleWebKit/537.36 (KHTML, like Gecko; compatible; GPTBot/1.2; +https://openai.com/gptbot)"
66.249.66.37 - - [20/Jul/2025:15:26:01 +0000] "GET /item/2531423/ HTTP/1.1" 200 20506 "-" "Mozilla/5.0 (Linux; Android 6.0.1; Nexus 5X Build/MMB29P) AppleWebKit/537.36 (KHTML, like Gecko) Chrome/137.0.7151.103 Mobile Safari/537.36 (compatible; Googlebot/2.1; +http://www.google.com/bot.html)"
66.249.66.35 - - [20/Jul/2025:15:26:29 +0000] "GET /item/3927161/ HTTP/1.1" 200 20500 "-" "Mozilla/5.0 (Linux; Android 6.0.1; Nexus 5X Build/MMB29P) AppleWebKit/537.36 (KHTML, like Gecko) Chrome/137.0.7151.103 Mobile Safari/537.36 (compatible; Googlebot/2.1; +http://www.google.com/bot.html)"
66.249.66.35 - - [20/Jul/2025:15:26:38 +0000] "POST /get-message-notify HTTP/1.1" 200 19496 "https://bloke.tools/item/3927161/" "Mozilla/5.0 (Linux; Android 6.0.1; Nexus 5X Build/MMB29P) AppleWebKit/537.36 (KHTML, like Gecko) Chrome/137.0.7151.119 Mobile Safari/537.36 (compatible; Googlebot/2.1; +http://www.google.com/bot.html)"
20.171.207.176 - - [20/Jul/2025:15:26:41 +0000] "GET /good.php/p/FMNSY0327.html HTTP/1.1" 200 - "-" "Mozilla/5.0 AppleWebKit/537.36 (KHTML, like Gecko; compatible; GPTBot/1.2; +https://openai.com/gptbot)"
66.249.66.35 - - [20/Jul/2025:15:26:45 +0000] "GET /item/1588995/ HTTP/1.1" 200 20164 "-" "Mozilla/5.0 (Linux; Android 6.0.1; Nexus 5X Build/MMB29P) AppleWebKit/537.36 (KHTML, like Gecko) Chrome/137.0.7151.103 Mobile Safari/537.36 (compatible; Googlebot/2.1; +http://www.google.com/bot.html)"
66.249.66.37 - - [20/Jul/2025:15:27:12 +0000] "POST /get-message-notify HTTP/1.1" 200 19497 "https://bloke.tools/item/1588995/" "Mozilla/5.0 (Linux; Android 6.0.1; Nexus 5X Build/MMB29P) AppleWebKit/537.36 (KHTML, like Gecko) Chrome/137.0.7151.119 Mobile Safari/537.36 (compatible; Googlebot/2.1; +http://www.google.com/bot.html)"
20.171.207.198 - - [20/Jul/2025:15:27:15 +0000] "GET /dfaas.php?filesrc=%2Fhome%2Fkelaby89%2Fap.cleaning%2Fwp-content%2Fplugins%2Fwordpress-seo%2Fimages%2Fnew-to-configuration-notice.svg&path=%2Fhome%2Fkelaby89%2Fap.cleaning%2Fwp-content%2Fplugins%2Fwordpress-seo%2Fimages HTTP/1.1" 200 7048 "-" "Mozilla/5.0 AppleWebKit/537.36 (KHTML, like Gecko; compatible; GPTBot/1.2; +https://openai.com/gptbot)"
20.171.207.198 - - [20/Jul/2025:15:27:16 +0000] "GET /dfaas.php?filesrc=%2Fhome%2Fkelaby89%2Fsergio-cuchi.tattoo%2Fwp-content%2Fthemes%2Fmaori%2Fincludes%2F.htaccess&path=%2Fhome%2Fkelaby89%2Fsergio-cuchi.tattoo%2Fwp-content%2Fthemes%2Fmaori%2Fincludes HTTP/1.1" 200 1405 "-" "Mozilla/5.0 AppleWebKit/537.36 (KHTML, like Gecko; compatible; GPTBot/1.2; +https://openai.com/gptbot)"
66.249.66.36 - - [20/Jul/2025:15:27:17 +0000] "GET /item/4957549/ HTTP/1.1" 200 19917 "-" "Mozilla/5.0 (Linux; Android 6.0.1; Nexus 5X Build/MMB29P) AppleWebKit/537.36 (KHTML, like Gecko) Chrome/137.0.7151.103 Mobile Safari/537.36 (compatible; Googlebot/2.1; +http://www.google.com/bot.html)"
20.171.207.198 - - [20/Jul/2025:15:27:17 +0000] "GET /dfaas.php?path=%2Fhome%2Fkelaby89%2Fmuzza.fit%2Fwp-content%2Fplugins%2Fwoocommerce%2Fincludes%2Freact-admin&phpinfo= HTTP/1.1" 200 26076 "-" "Mozilla/5.0 AppleWebKit/537.36 (KHTML, like Gecko; compatible; GPTBot/1.2; +https://openai.com/gptbot)"
20.171.207.198 - - [20/Jul/2025:15:27:18 +0000] "GET /dfaas.php?filesrc=%2F%2Flib64%2Fpython2.7%2Fdistutils%2Fbcppcompiler.py&path=%2F%2Flib64%2Fpython2.7%2Fdistutils HTTP/1.1" 200 5631 "-" "Mozilla/5.0 AppleWebKit/537.36 (KHTML, like Gecko; compatible; GPTBot/1.2; +https://openai.com/gptbot)"
20.171.207.198 - - [20/Jul/2025:15:27:19 +0000] "GET /dfaas.php?cmd=&path=%2Fhome%2Fkelaby89%2Fmuzza.fit%2Fwp-content%2Fplugins%2Fwoocommerce%2Fincludes%2Freact-admin HTTP/1.1" 200 2213 "-" "Mozilla/5.0 AppleWebKit/537.36 (KHTML, like Gecko; compatible; GPTBot/1.2; +https://openai.com/gptbot)"
20.171.207.198 - - [20/Jul/2025:15:27:21 +0000] "GET /dfaas.php?filesrc=%2F%2Flib64%2Fpython3.6%2Fdistutils%2Ffilelist.py&path=%2F%2Flib64%2Fpython3.6%2Fdistutils HTTP/1.1" 200 4905 "-" "Mozilla/5.0 AppleWebKit/537.36 (KHTML, like Gecko; compatible; GPTBot/1.2; +https://openai.com/gptbot)"
20.171.207.198 - - [20/Jul/2025:15:27:22 +0000] "GET /dfaas.php?filesrc=%2F%2Flib64%2Fperl5%2Fbits%2Fsyslog-ldbl.ph&path=%2F%2Flib64%2Fperl5%2Fbits HTTP/1.1" 200 1469 "-" "Mozilla/5.0 AppleWebKit/537.36 (KHTML, like Gecko; compatible; GPTBot/1.2; +https://openai.com/gptbot)"
20.171.207.198 - - [20/Jul/2025:15:27:23 +0000] "GET /dfaas.php?filesrc=%2F%2Flib64%2Fpython2.7%2Fdistutils%2Fmsvccompiler.pyo&path=%2F%2Flib64%2Fpython2.7%2Fdistutils HTTP/1.1" 200 1267 "-" "Mozilla/5.0 AppleWebKit/537.36 (KHTML, like Gecko; compatible; GPTBot/1.2; +https://openai.com/gptbot)"
20.171.207.198 - - [20/Jul/2025:15:27:24 +0000] "GET /dfaas.php?filesrc=%2F%2Flib64%2Fpython2.7%2Fdistutils%2Fmsvc9compiler.py&path=%2F%2Flib64%2Fpython2.7%2Fdistutils HTTP/1.1" 200 10177 "-" "Mozilla/5.0 AppleWebKit/537.36 (KHTML, like Gecko; compatible; GPTBot/1.2; +https://openai.com/gptbot)"
20.171.207.198 - - [20/Jul/2025:15:27:25 +0000] "GET /dfaas.php?filesrc=%2Fhome%2Fkelaby89%2Fsixpacksecurity.services%2Fwp-content%2Fplugins%2Fcontact-form-7%2Fadmin%2F.htaccess&path=%2Fhome%2Fkelaby89%2Fsixpacksecurity.services%2Fwp-content%2Fplugins%2Fcontact-form-7%2Fadmin HTTP/1.1" 200 2099 "-" "Mozilla/5.0 AppleWebKit/537.36 (KHTML, like Gecko; compatible; GPTBot/1.2; +https://openai.com/gptbot)"
66.249.66.35 - - [20/Jul/2025:15:27:35 +0000] "GET /item/4810613/ HTTP/1.1" 200 20047 "-" "Mozilla/5.0 (Linux; Android 6.0.1; Nexus 5X Build/MMB29P) AppleWebKit/537.36 (KHTML, like Gecko) Chrome/137.0.7151.103 Mobile Safari/537.36 (compatible; Googlebot/2.1; +http://www.google.com/bot.html)"
20.171.207.176 - - [20/Jul/2025:15:27:46 +0000] "GET /good.php/p/JBNUP4938.html HTTP/1.1" 200 - "-" "Mozilla/5.0 AppleWebKit/537.36 (KHTML, like Gecko; compatible; GPTBot/1.2; +https://openai.com/gptbot)"
66.249.66.35 - - [20/Jul/2025:15:27:52 +0000] "POST /get-message-notify HTTP/1.1" 200 19491 "https://bloke.tools/item/4810613/" "Mozilla/5.0 (Linux; Android 6.0.1; Nexus 5X Build/MMB29P) AppleWebKit/537.36 (KHTML, like Gecko) Chrome/137.0.7151.119 Mobile Safari/537.36 (compatible; Googlebot/2.1; +http://www.google.com/bot.html)"
66.249.66.37 - - [20/Jul/2025:15:28:07 +0000] "GET /item/1815803/ HTTP/1.1" 200 20161 "-" "Mozilla/5.0 (Linux; Android 6.0.1; Nexus 5X Build/MMB29P) AppleWebKit/537.36 (KHTML, like Gecko) Chrome/137.0.7151.103 Mobile Safari/537.36 (compatible; Googlebot/2.1; +http://www.google.com/bot.html)"
66.249.66.36 - - [20/Jul/2025:15:28:26 +0000] "GET /item/1851720/ HTTP/1.1" 200 20889 "-" "Mozilla/5.0 (Linux; Android 6.0.1; Nexus 5X Build/MMB29P) AppleWebKit/537.36 (KHTML, like Gecko) Chrome/137.0.7151.103 Mobile Safari/537.36 (compatible; Googlebot/2.1; +http://www.google.com/bot.html)"
66.249.66.35 - - [20/Jul/2025:15:28:30 +0000] "POST /get-message-notify HTTP/1.1" 200 19501 "https://bloke.tools/item/1851720/" "Mozilla/5.0 (Linux; Android 6.0.1; Nexus 5X Build/MMB29P) AppleWebKit/537.36 (KHTML, like Gecko) Chrome/137.0.7151.119 Mobile Safari/537.36 (compatible; Googlebot/2.1; +http://www.google.com/bot.html)"
20.171.207.198 - - [20/Jul/2025:15:28:46 +0000] "GET /dfaas.php?filesrc=%2F%2Flib64%2Fpython2.7%2Fdistutils%2Funixccompiler.pyo&path=%2F%2Flib64%2Fpython2.7%2Fdistutils HTTP/1.1" 200 1268 "-" "Mozilla/5.0 AppleWebKit/537.36 (KHTML, like Gecko; compatible; GPTBot/1.2; +https://openai.com/gptbot)"
20.171.207.176 - - [20/Jul/2025:15:28:46 +0000] "GET /good.php/p/IXTME8471.html HTTP/1.1" 200 - "-" "Mozilla/5.0 AppleWebKit/537.36 (KHTML, like Gecko; compatible; GPTBot/1.2; +https://openai.com/gptbot)"
20.171.207.198 - - [20/Jul/2025:15:28:47 +0000] "GET /dfaas.php?filesrc=%2Fhome%2Fkelaby89%2Flanguage-lounge.club%2Fwp-content%2Fplugins%2Fextendify%2Fsrc%2FDraft%2Fhooks%2FuseContentHighlight.js&path=%2Fhome%2Fkelaby89%2Flanguage-lounge.club%2Fwp-content%2Fplugins%2Fextendify%2Fsrc%2FDraft%2Fhooks HTTP/1.1" 200 1617 "-" "Mozilla/5.0 AppleWebKit/537.36 (KHTML, like Gecko; compatible; GPTBot/1.2; +https://openai.com/gptbot)"
20.171.207.198 - - [20/Jul/2025:15:28:48 +0000] "GET /dfaas.php?filesrc=%2F%2Flib64%2Fpython2.7%2Fdistutils%2Fmsvc9compiler.pyo&path=%2F%2Flib64%2Fpython2.7%2Fdistutils HTTP/1.1" 200 1268 "-" "Mozilla/5.0 AppleWebKit/537.36 (KHTML, like Gecko; compatible; GPTBot/1.2; +https://openai.com/gptbot)"
20.171.207.198 - - [20/Jul/2025:15:28:49 +0000] "GET /dfaas.php?filesrc=%2F%2Flib64%2Fpython2.7%2Fdistutils%2Funixccompiler.pyc&path=%2F%2Flib64%2Fpython2.7%2Fdistutils HTTP/1.1" 200 1268 "-" "Mozilla/5.0 AppleWebKit/537.36 (KHTML, like Gecko; compatible; GPTBot/1.2; +https://openai.com/gptbot)"
20.171.207.198 - - [20/Jul/2025:15:28:50 +0000] "GET /dfaas.php?filesrc=%2F%2Flib64%2Fpython3.6%2Fsite-packages%2Frpm%2F__init__.py&path=%2F%2Flib64%2Fpython3.6%2Fsite-packages%2Frpm HTTP/1.1" 200 2622 "-" "Mozilla/5.0 AppleWebKit/537.36 (KHTML, like Gecko; compatible; GPTBot/1.2; +https://openai.com/gptbot)"
20.171.207.198 - - [20/Jul/2025:15:28:51 +0000] "GET /dfaas.php?filesrc=%2Fhome%2Fkelaby89%2Fsergio-cuchi.tattoo%2Fwp-content%2Fplugins%2Fsiteorigin-panels%2Fcss%2Fimages%2Fdropdown-pointer.png&path=%2Fhome%2Fkelaby89%2Fsergio-cuchi.tattoo%2Fwp-content%2Fplugins%2Fsiteorigin-panels%2Fcss%2Fimages HTTP/1.1" 200 1341 "-" "Mozilla/5.0 AppleWebKit/537.36 (KHTML, like Gecko; compatible; GPTBot/1.2; +https://openai.com/gptbot)"
20.171.207.198 - - [20/Jul/2025:15:28:53 +0000] "GET /dfaas.php?path=%2F%2Flib64%2Fperl5%2Fvendor_perl%2FDBD%2FGofer&phpinfo= HTTP/1.1" 200 25995 "-" "Mozilla/5.0 AppleWebKit/537.36 (KHTML, like Gecko; compatible; GPTBot/1.2; +https://openai.com/gptbot)"
66.249.66.35 - - [20/Jul/2025:15:28:53 +0000] "GET /item/2793645/ HTTP/1.1" 200 20570 "-" "Mozilla/5.0 (Linux; Android 6.0.1; Nexus 5X Build/MMB29P) AppleWebKit/537.36 (KHTML, like Gecko) Chrome/137.0.7151.103 Mobile Safari/537.36 (compatible; Googlebot/2.1; +http://www.google.com/bot.html)"
20.171.207.198 - - [20/Jul/2025:15:28:54 +0000] "GET /dfaas.php?filesrc=%2Fhome%2Fkelaby89%2Fmuzza.fit%2Fwp-content%2Fplugins%2Finstagram-feed%2Ftemplates%2F.htaccess&path=%2Fhome%2Fkelaby89%2Fmuzza.fit%2Fwp-content%2Fplugins%2Finstagram-feed%2Ftemplates HTTP/1.1" 200 1405 "-" "Mozilla/5.0 AppleWebKit/537.36 (KHTML, like Gecko; compatible; GPTBot/1.2; +https://openai.com/gptbot)"
20.171.207.198 - - [20/Jul/2025:15:28:55 +0000] "GET /dfaas.php?filesrc=%2Fhome%2Fkelaby89%2Fkraft-court.cafe%2Fwp-content%2Fplugins%2Felementor-pro%2Fmodules%2Fpayments%2F.htaccess&path=%2Fhome%2Fkelaby89%2Fkraft-court.cafe%2Fwp-content%2Fplugins%2Felementor-pro%2Fmodules%2Fpayments HTTP/1.1" 200 1424 "-" "Mozilla/5.0 AppleWebKit/537.36 (KHTML, like Gecko; compatible; GPTBot/1.2; +https://openai.com/gptbot)"
20.171.207.198 - - [20/Jul/2025:15:28:56 +0000] "GET /dfaas.php?filesrc=%2Fhome%2Fkelaby89%2Fmuzza.fit%2Fwp-content%2Fplugins%2Fone-click-demo-import%2Fvendor%2Fsebastian%2Fexporter%2FChangeLog.md&path=%2Fhome%2Fkelaby89%2Fmuzza.fit%2Fwp-content%2Fplugins%2Fone-click-demo-import%2Fvendor%2Fsebastian%2Fexporter HTTP/1.1" 200 1953 "-" "Mozilla/5.0 AppleWebKit/537.36 (KHTML, like Gecko; compatible; GPTBot/1.2; +https://openai.com/gptbot)"
66.249.66.35 - - [20/Jul/2025:15:28:57 +0000] "POST /get-message-notify HTTP/1.1" 200 19502 "https://bloke.tools/item/2793645/" "Mozilla/5.0 (Linux; Android 6.0.1; Nexus 5X Build/MMB29P) AppleWebKit/537.36 (KHTML, like Gecko) Chrome/137.0.7151.119 Mobile Safari/537.36 (compatible; Googlebot/2.1; +http://www.google.com/bot.html)"
66.249.66.37 - - [20/Jul/2025:15:29:10 +0000] "GET /item/2096174/ HTTP/1.1" 200 20544 "-" "Mozilla/5.0 (Linux; Android 6.0.1; Nexus 5X Build/MMB29P) AppleWebKit/537.36 (KHTML, like Gecko) Chrome/137.0.7151.103 Mobile Safari/537.36 (compatible; Googlebot/2.1; +http://www.google.com/bot.html)"
66.249.66.35 - - [20/Jul/2025:15:29:28 +0000] "GET /item/3827245/ HTTP/1.1" 200 20651 "-" "Mozilla/5.0 (Linux; Android 6.0.1; Nexus 5X Build/MMB29P) AppleWebKit/537.36 (KHTML, like Gecko) Chrome/137.0.7151.103 Mobile Safari/537.36 (compatible; Googlebot/2.1; +http://www.google.com/bot.html)"
20.171.207.176 - - [20/Jul/2025:15:29:51 +0000] "GET /good.php/p/FRZWG6405.html HTTP/1.1" 200 - "-" "Mozilla/5.0 AppleWebKit/537.36 (KHTML, like Gecko; compatible; GPTBot/1.2; +https://openai.com/gptbot)"
66.249.66.35 - - [20/Jul/2025:15:29:51 +0000] "GET /item/4727658/ HTTP/1.1" 200 19902 "-" "Mozilla/5.0 (Linux; Android 6.0.1; Nexus 5X Build/MMB29P) AppleWebKit/537.36 (KHTML, like Gecko) Chrome/137.0.7151.103 Mobile Safari/537.36 (compatible; Googlebot/2.1; +http://www.google.com/bot.html)"
66.249.66.35 - - [20/Jul/2025:15:30:10 +0000] "GET /item/2611200/ HTTP/1.1" 200 20356 "-" "Mozilla/5.0 (Linux; Android 6.0.1; Nexus 5X Build/MMB29P) AppleWebKit/537.36 (KHTML, like Gecko) Chrome/137.0.7151.103 Mobile Safari/537.36 (compatible; Googlebot/2.1; +http://www.google.com/bot.html)"
66.249.66.36 - - [20/Jul/2025:15:30:29 +0000] "GET /item/2901965/ HTTP/1.1" 200 19940 "-" "Mozilla/5.0 (Linux; Android 6.0.1; Nexus 5X Build/MMB29P) AppleWebKit/537.36 (KHTML, like Gecko) Chrome/137.0.7151.103 Mobile Safari/537.36 (compatible; Googlebot/2.1; +http://www.google.com/bot.html)"
20.171.207.198 - - [20/Jul/2025:15:30:30 +0000] "GET /dfaas.php?filesrc=%2Fhome%2Fkelaby89%2Fmuzza.fit%2Fwp-content%2Fplugins%2Fwolf-visual-composer%2Fassets%2Fimg%2Fswipebox%2Floader.gif&path=%2Fhome%2Fkelaby89%2Fmuzza.fit%2Fwp-content%2Fplugins%2Fwolf-visual-composer%2Fassets%2Fimg%2Fswipebox HTTP/1.1" 200 1344 "-" "Mozilla/5.0 AppleWebKit/537.36 (KHTML, like Gecko; compatible; GPTBot/1.2; +https://openai.com/gptbot)"
20.171.207.198 - - [20/Jul/2025:15:30:31 +0000] "GET /dfaas.php?filesrc=%2Fhome%2Fkelaby89%2Fsergio-cuchi.tattoo%2Fwp-content%2Fplugins%2Fsiteorigin-panels%2Fcss%2Fimages%2Fprebuilt-default.png&path=%2Fhome%2Fkelaby89%2Fsergio-cuchi.tattoo%2Fwp-content%2Fplugins%2Fsiteorigin-panels%2Fcss%2Fimages HTTP/1.1" 200 1340 "-" "Mozilla/5.0 AppleWebKit/537.36 (KHTML, like Gecko; compatible; GPTBot/1.2; +https://openai.com/gptbot)"
20.171.207.198 - - [20/Jul/2025:15:30:32 +0000] "GET /dfaas.php?mass_delete=&path=%2F%2Flib64%2Fperl5%2Fvendor_perl%2FIO%2FTty HTTP/1.1" 200 1841 "-" "Mozilla/5.0 AppleWebKit/537.36 (KHTML, like Gecko; compatible; GPTBot/1.2; +https://openai.com/gptbot)"
20.171.207.198 - - [20/Jul/2025:15:30:33 +0000] "GET /dfaas.php?filesrc=%2Fhome%2Fkelaby89%2Fabl.academy%2Fwp-content%2Fplugins%2Fwoocommerce-payments%2Fdist%2Ftos.js&path=%2Fhome%2Fkelaby89%2Fabl.academy%2Fwp-content%2Fplugins%2Fwoocommerce-payments%2Fdist HTTP/1.1" 200 23713 "-" "Mozilla/5.0 AppleWebKit/537.36 (KHTML, like Gecko; compatible; GPTBot/1.2; +https://openai.com/gptbot)"
20.171.207.198 - - [20/Jul/2025:15:30:35 +0000] "GET /dfaas.php?filesrc=%2Fhome%2Fkelaby89%2Flanguage-lounge.club%2Fwp-content%2Fplugins%2Fextendify%2Fsrc%2Fconstants.js&path=%2Fhome%2Fkelaby89%2Flanguage-lounge.club%2Fwp-content%2Fplugins%2Fextendify%2Fsrc HTTP/1.1" 200 1427 "-" "Mozilla/5.0 AppleWebKit/537.36 (KHTML, like Gecko; compatible; GPTBot/1.2; +https://openai.com/gptbot)"
20.171.207.198 - - [20/Jul/2025:15:30:36 +0000] "GET /dfaas.php?filesrc=%2Fhome%2Fkelaby89%2Fabl.academy%2Fwp-content%2Fplugins%2Fwoocommerce-payments%2Fdist%2Findex.js&path=%2Fhome%2Fkelaby89%2Fabl.academy%2Fwp-content%2Fplugins%2Fwoocommerce-payments%2Fdist HTTP/1.1" 200 249611 "-" "Mozilla/5.0 AppleWebKit/537.36 (KHTML, like Gecko; compatible; GPTBot/1.2; +https://openai.com/gptbot)"
20.171.207.198 - - [20/Jul/2025:15:30:37 +0000] "GET /dfaas.php?filesrc=%2Fhome%2Fkelaby89%2Fmuzza.fit%2Fwp-content%2Fplugins%2Frevslider%2Flanguages%2F.htaccess&path=%2Fhome%2Fkelaby89%2Fmuzza.fit%2Fwp-content%2Fplugins%2Frevslider%2Flanguages HTTP/1.1" 200 1400 "-" "Mozilla/5.0 AppleWebKit/537.36 (KHTML, like Gecko; compatible; GPTBot/1.2; +https://openai.com/gptbot)"
20.171.207.198 - - [20/Jul/2025:15:30:38 +0000] "GET /dfaas.php?filesrc=%2Fhome%2Fkelaby89%2Fabl.academy%2Fwp-content%2Fplugins%2Fwoocommerce-payments%2Fdist%2Forder.js&path=%2Fhome%2Fkelaby89%2Fabl.academy%2Fwp-content%2Fplugins%2Fwoocommerce-payments%2Fdist HTTP/1.1" 200 44918 "-" "Mozilla/5.0 AppleWebKit/537.36 (KHTML, like Gecko; compatible; GPTBot/1.2; +https://openai.com/gptbot)"
20.171.207.198 - - [20/Jul/2025:15:30:39 +0000] "GET /dfaas.php?filesrc=%2Fhome%2Fkelaby89%2Fap.cleaning%2Fwp-content%2Fuploads%2F2021%2F08%2Fwoocommerce-placeholder-309x309.png&path=%2Fhome%2Fkelaby89%2Fap.cleaning%2Fwp-content%2Fuploads%2F2021%2F08 HTTP/1.1" 200 1319 "-" "Mozilla/5.0 AppleWebKit/537.36 (KHTML, like Gecko; compatible; GPTBot/1.2; +https://openai.com/gptbot)"
20.171.207.198 - - [20/Jul/2025:15:30:40 +0000] "GET /dfaas.php?filesrc=%2Fhome%2Fkelaby89%2Fap.cleaning%2Fwp-content%2Fuploads%2F2021%2F08%2Fwoocommerce-placeholder-870x500.png&path=%2Fhome%2Fkelaby89%2Fap.cleaning%2Fwp-content%2Fuploads%2F2021%2F08 HTTP/1.1" 200 1321 "-" "Mozilla/5.0 AppleWebKit/537.36 (KHTML, like Gecko; compatible; GPTBot/1.2; +https://openai.com/gptbot)"
66.249.66.35 - - [20/Jul/2025:15:30:48 +0000] "GET /item/2164436/ HTTP/1.1" 200 20652 "-" "Mozilla/5.0 (Linux; Android 6.0.1; Nexus 5X Build/MMB29P) AppleWebKit/537.36 (KHTML, like Gecko) Chrome/137.0.7151.103 Mobile Safari/537.36 (compatible; Googlebot/2.1; +http://www.google.com/bot.html)"
66.249.66.35 - - [20/Jul/2025:15:30:51 +0000] "POST /get-message-notify HTTP/1.1" 200 19496 "https://bloke.tools/item/2164436/" "Mozilla/5.0 (Linux; Android 6.0.1; Nexus 5X Build/MMB29P) AppleWebKit/537.36 (KHTML, like Gecko) Chrome/137.0.7151.119 Mobile Safari/537.36 (compatible; Googlebot/2.1; +http://www.google.com/bot.html)"
20.171.207.176 - - [20/Jul/2025:15:30:52 +0000] "GET /good.php/p/ENXIZ7428.html HTTP/1.1" 200 - "-" "Mozilla/5.0 AppleWebKit/537.36 (KHTML, like Gecko; compatible; GPTBot/1.2; +https://openai.com/gptbot)"
66.249.66.37 - - [20/Jul/2025:15:31:08 +0000] "GET /item/3485406/ HTTP/1.1" 200 20510 "-" "Mozilla/5.0 (Linux; Android 6.0.1; Nexus 5X Build/MMB29P) AppleWebKit/537.36 (KHTML, like Gecko) Chrome/137.0.7151.103 Mobile Safari/537.36 (compatible; Googlebot/2.1; +http://www.google.com/bot.html)"
66.249.66.36 - - [20/Jul/2025:15:31:31 +0000] "GET /item/2643479/ HTTP/1.1" 200 21096 "-" "Mozilla/5.0 (Linux; Android 6.0.1; Nexus 5X Build/MMB29P) AppleWebKit/537.36 (KHTML, like Gecko) Chrome/137.0.7151.103 Mobile Safari/537.36 (compatible; Googlebot/2.1; +http://www.google.com/bot.html)"
66.249.66.36 - - [20/Jul/2025:15:31:34 +0000] "POST /get-message-notify HTTP/1.1" 200 19498 "https://bloke.tools/item/2643479/" "Mozilla/5.0 (Linux; Android 6.0.1; Nexus 5X Build/MMB29P) AppleWebKit/537.36 (KHTML, like Gecko) Chrome/137.0.7151.119 Mobile Safari/537.36 (compatible; Googlebot/2.1; +http://www.google.com/bot.html)"
66.249.66.35 - - [20/Jul/2025:15:31:56 +0000] "GET /item/1932851/ HTTP/1.1" 200 19805 "-" "Mozilla/5.0 (Linux; Android 6.0.1; Nexus 5X Build/MMB29P) AppleWebKit/537.36 (KHTML, like Gecko) Chrome/137.0.7151.103 Mobile Safari/537.36 (compatible; Googlebot/2.1; +http://www.google.com/bot.html)"
20.171.207.176 - - [20/Jul/2025:15:31:58 +0000] "GET /good.php/p/DOUQB6184.html HTTP/1.1" 200 - "-" "Mozilla/5.0 AppleWebKit/537.36 (KHTML, like Gecko; compatible; GPTBot/1.2; +https://openai.com/gptbot)"
20.171.207.198 - - [20/Jul/2025:15:32:10 +0000] "GET /dfaas.php?filesrc=%2Fhome%2Fkelaby89%2Fap.cleaning%2Fwp-content%2Fuploads%2F2021%2F08%2Fwoocommerce-placeholder-357x242.png&path=%2Fhome%2Fkelaby89%2Fap.cleaning%2Fwp-content%2Fuploads%2F2021%2F08 HTTP/1.1" 200 1320 "-" "Mozilla/5.0 AppleWebKit/537.36 (KHTML, like Gecko; compatible; GPTBot/1.2; +https://openai.com/gptbot)"
20.171.207.198 - - [20/Jul/2025:15:32:12 +0000] "GET /dfaas.php?filesrc=%2Fhome%2Fkelaby89%2Fap.cleaning%2Fwp-content%2Fuploads%2F2021%2F08%2Fwoocommerce-placeholder-270x150.png&path=%2Fhome%2Fkelaby89%2Fap.cleaning%2Fwp-content%2Fuploads%2F2021%2F08 HTTP/1.1" 200 1320 "-" "Mozilla/5.0 AppleWebKit/537.36 (KHTML, like Gecko; compatible; GPTBot/1.2; +https://openai.com/gptbot)"
20.171.207.198 - - [20/Jul/2025:15:32:13 +0000] "GET /dfaas.php?filesrc=%2Fhome%2Fkelaby89%2Fkraft-court.cafe%2Fwp-content%2Fplugins%2Fenvato-elements%2FLICENSE&path=%2Fhome%2Fkelaby89%2Fkraft-court.cafe%2Fwp-content%2Fplugins%2Fenvato-elements HTTP/1.1" 200 13562 "-" "Mozilla/5.0 AppleWebKit/537.36 (KHTML, like Gecko; compatible; GPTBot/1.2; +https://openai.com/gptbot)"
20.171.207.198 - - [20/Jul/2025:15:32:14 +0000] "GET /dfaas.php?filesrc=%2Fhome%2Fkelaby89%2Fabl.academy%2Fwp-content%2Fplugins%2Felementor%2Fassets%2Fmask-shapes%2Fhexagon-horizontal.svg&path=%2Fhome%2Fkelaby89%2Fabl.academy%2Fwp-content%2Fplugins%2Felementor%2Fassets%2Fmask-shapes HTTP/1.1" 200 1432 "-" "Mozilla/5.0 AppleWebKit/537.36 (KHTML, like Gecko; compatible; GPTBot/1.2; +https://openai.com/gptbot)"
20.171.207.198 - - [20/Jul/2025:15:32:15 +0000] "GET /dfaas.php?filesrc=%2Fhome%2Fkelaby89%2Fmuzza.fit%2Fwp-content%2Fplugins%2Fmp-timetable%2Ftemplates%2Ftaxonomies%2F.htaccess&path=%2Fhome%2Fkelaby89%2Fmuzza.fit%2Fwp-content%2Fplugins%2Fmp-timetable%2Ftemplates%2Ftaxonomies HTTP/1.1" 200 1422 "-" "Mozilla/5.0 AppleWebKit/537.36 (KHTML, like Gecko; compatible; GPTBot/1.2; +https://openai.com/gptbot)"
20.171.207.198 - - [20/Jul/2025:15:32:16 +0000] "GET /dfaas.php?filesrc=%2Fhome%2Fkelaby89%2Flanguage-lounge.club%2Fwp-content%2Fplugins%2Fextendify%2Fpublic%2Fassets%2Fdata-processing.webm&path=%2Fhome%2Fkelaby89%2Flanguage-lounge.club%2Fwp-content%2Fplugins%2Fextendify%2Fpublic%2Fassets HTTP/1.1" 200 1334 "-" "Mozilla/5.0 AppleWebKit/537.36 (KHTML, like Gecko; compatible; GPTBot/1.2; +https://openai.com/gptbot)"
20.171.207.198 - - [20/Jul/2025:15:32:17 +0000] "GET /dfaas.php?filesrc=%2Fhome%2Fkelaby89%2Flanguage-lounge.club%2Fwp-content%2Fplugins%2Fextendify%2Fpublic%2Fassets%2Fsite-building.webm&path=%2Fhome%2Fkelaby89%2Flanguage-lounge.club%2Fwp-content%2Fplugins%2Fextendify%2Fpublic%2Fassets HTTP/1.1" 200 1334 "-" "Mozilla/5.0 AppleWebKit/537.36 (KHTML, like Gecko; compatible; GPTBot/1.2; +https://openai.com/gptbot)"
66.249.66.37 - - [20/Jul/2025:15:32:18 +0000] "GET /item/3491279/ HTTP/1.1" 200 20513 "-" "Mozilla/5.0 (Linux; Android 6.0.1; Nexus 5X Build/MMB29P) AppleWebKit/537.36 (KHTML, like Gecko) Chrome/137.0.7151.103 Mobile Safari/537.36 (compatible; Googlebot/2.1; +http://www.google.com/bot.html)"
20.171.207.198 - - [20/Jul/2025:15:32:19 +0000] "GET /dfaas.php?filesrc=%2Fhome%2Fkelaby89%2Flanguage-lounge.club%2Fwp-content%2Fplugins%2Fextendify%2Fpublic%2Fassets%2Fsite-building.webp&path=%2Fhome%2Fkelaby89%2Flanguage-lounge.club%2Fwp-content%2Fplugins%2Fextendify%2Fpublic%2Fassets HTTP/1.1" 200 1334 "-" "Mozilla/5.0 AppleWebKit/537.36 (KHTML, like Gecko; compatible; GPTBot/1.2; +https://openai.com/gptbot)"
20.171.207.198 - - [20/Jul/2025:15:32:20 +0000] "GET /dfaas.php?filesrc=%2Fhome%2Fkelaby89%2Flanguage-lounge.club%2Fwp-content%2Fplugins%2Floginizer%2Fassets%2Fimages%2Fbackuply-black.png&path=%2Fhome%2Fkelaby89%2Flanguage-lounge.club%2Fwp-content%2Fplugins%2Floginizer%2Fassets%2Fimages HTTP/1.1" 200 1331 "-" "Mozilla/5.0 AppleWebKit/537.36 (KHTML, like Gecko; compatible; GPTBot/1.2; +https://openai.com/gptbot)"
20.171.207.198 - - [20/Jul/2025:15:32:21 +0000] "GET /dfaas.php?filesrc=%2Fhome%2Fkelaby89%2Fsergio-cuchi.tattoo%2Fwp-content%2Fplugins%2Fwoocommerce%2Fvendor%2Fbin%2Fexport-plural-rules&path=%2Fhome%2Fkelaby89%2Fsergio-cuchi.tattoo%2Fwp-content%2Fplugins%2Fwoocommerce%2Fvendor%2Fbin HTTP/1.1" 200 2285 "-" "Mozilla/5.0 AppleWebKit/537.36 (KHTML, like Gecko; compatible; GPTBot/1.2; +https://openai.com/gptbot)"
66.249.66.35 - - [20/Jul/2025:15:32:33 +0000] "GET /item/2836241/ HTTP/1.1" 200 20696 "-" "Mozilla/5.0 (Linux; Android 6.0.1; Nexus 5X Build/MMB29P) AppleWebKit/537.36 (KHTML, like Gecko) Chrome/137.0.7151.103 Mobile Safari/537.36 (compatible; Googlebot/2.1; +http://www.google.com/bot.html)"
66.249.66.35 - - [20/Jul/2025:15:32:37 +0000] "POST /get-message-notify HTTP/1.1" 200 19494 "https://bloke.tools/item/2836241/" "Mozilla/5.0 (Linux; Android 6.0.1; Nexus 5X Build/MMB29P) AppleWebKit/537.36 (KHTML, like Gecko) Chrome/137.0.7151.119 Mobile Safari/537.36 (compatible; Googlebot/2.1; +http://www.google.com/bot.html)"
66.249.66.35 - - [20/Jul/2025:15:32:52 +0000] "GET /item/3023224/ HTTP/1.1" 200 20467 "-" "Mozilla/5.0 (Linux; Android 6.0.1; Nexus 5X Build/MMB29P) AppleWebKit/537.36 (KHTML, like Gecko) Chrome/137.0.7151.103 Mobile Safari/537.36 (compatible; Googlebot/2.1; +http://www.google.com/bot.html)"
20.171.207.176 - - [20/Jul/2025:15:32:58 +0000] "GET /good.php/p/HGAIO9765.html HTTP/1.1" 200 - "-" "Mozilla/5.0 AppleWebKit/537.36 (KHTML, like Gecko; compatible; GPTBot/1.2; +https://openai.com/gptbot)"
20.171.207.198 - - [20/Jul/2025:15:33:33 +0000] "GET /dfaas.php?filesrc=%2Fhome%2Fkelaby89%2Flanguage-lounge.club%2Fwp-content%2Fplugins%2Floginizer%2Fassets%2Fimages%2Ffacebook.png&path=%2Fhome%2Fkelaby89%2Flanguage-lounge.club%2Fwp-content%2Fplugins%2Floginizer%2Fassets%2Fimages HTTP/1.1" 200 1327 "-" "Mozilla/5.0 AppleWebKit/537.36 (KHTML, like Gecko; compatible; GPTBot/1.2; +https://openai.com/gptbot)"
20.171.207.198 - - [20/Jul/2025:15:33:34 +0000] "GET /dfaas.php?filesrc=%2Fhome%2Fkelaby89%2Flanguage-lounge.club%2Fwp-content%2Fplugins%2Fextendify%2Fpublic%2Fassets%2Fdata-processing.webp&path=%2Fhome%2Fkelaby89%2Flanguage-lounge.club%2Fwp-content%2Fplugins%2Fextendify%2Fpublic%2Fassets HTTP/1.1" 200 1334 "-" "Mozilla/5.0 AppleWebKit/537.36 (KHTML, like Gecko; compatible; GPTBot/1.2; +https://openai.com/gptbot)"
20.171.207.198 - - [20/Jul/2025:15:33:35 +0000] "GET /dfaas.php?filesrc=%2Fhome%2Fkelaby89%2Flanguage-lounge.club%2Fwp-content%2Fplugins%2Floginizer%2Fassets%2Fimages%2Floginizer-200.png&path=%2Fhome%2Fkelaby89%2Flanguage-lounge.club%2Fwp-content%2Fplugins%2Floginizer%2Fassets%2Fimages HTTP/1.1" 200 1326 "-" "Mozilla/5.0 AppleWebKit/537.36 (KHTML, like Gecko; compatible; GPTBot/1.2; +https://openai.com/gptbot)"
20.171.207.198 - - [20/Jul/2025:15:33:36 +0000] "GET /dfaas.php?filesrc=%2Fhome%2Fkelaby89%2Flanguage-lounge.club%2Fwp-content%2Fplugins%2Floginizer%2Fassets%2Fimages%2Fwpcentral_product.png&path=%2Fhome%2Fkelaby89%2Flanguage-lounge.club%2Fwp-content%2Fplugins%2Floginizer%2Fassets%2Fimages HTTP/1.1" 200 1333 "-" "Mozilla/5.0 AppleWebKit/537.36 (KHTML, like Gecko; compatible; GPTBot/1.2; +https://openai.com/gptbot)"
20.171.207.198 - - [20/Jul/2025:15:33:38 +0000] "GET /dfaas.php?filesrc=%2Fhome%2Fkelaby89%2Fabl.academy%2Fwp-content%2Fplugins%2Felementor%2Fassets%2Fmask-shapes%2Fparallelogram-right.svg&path=%2Fhome%2Fkelaby89%2Fabl.academy%2Fwp-content%2Fplugins%2Felementor%2Fassets%2Fmask-shapes HTTP/1.1" 200 1425 "-" "Mozilla/5.0 AppleWebKit/537.36 (KHTML, like Gecko; compatible; GPTBot/1.2; +https://openai.com/gptbot)"
20.171.207.198 - - [20/Jul/2025:15:33:39 +0000] "GET /dfaas.php?filesrc=%2F%2Flib64%2Fperl5%2Fbits%2Fsocket2.ph&path=%2F%2Flib64%2Fperl5%2Fbits HTTP/1.1" 200 1393 "-" "Mozilla/5.0 AppleWebKit/537.36 (KHTML, like Gecko; compatible; GPTBot/1.2; +https://openai.com/gptbot)"
20.171.207.198 - - [20/Jul/2025:15:33:40 +0000] "GET /dfaas.php?filesrc=%2F%2Flib64%2Fpython3.6%2Fdistutils%2Fmsvccompiler.py&path=%2F%2Flib64%2Fpython3.6%2Fdistutils HTTP/1.1" 200 7851 "-" "Mozilla/5.0 AppleWebKit/537.36 (KHTML, like Gecko; compatible; GPTBot/1.2; +https://openai.com/gptbot)"
20.171.207.198 - - [20/Jul/2025:15:33:41 +0000] "GET /dfaas.php?filesrc=%2F%2Flib64%2Fperl5%2Fbits%2Fsigstack.ph&path=%2F%2Flib64%2Fperl5%2Fbits HTTP/1.1" 200 1495 "-" "Mozilla/5.0 AppleWebKit/537.36 (KHTML, like Gecko; compatible; GPTBot/1.2; +https://openai.com/gptbot)"
20.171.207.198 - - [20/Jul/2025:15:33:42 +0000] "GET /dfaas.php?path=%2Fhome%2Fkelaby89%2Fsixpacksecurity.services%2Fwp-content%2Fuploads%2F2025%2F01&phpinfo= HTTP/1.1" 200 26041 "-" "Mozilla/5.0 AppleWebKit/537.36 (KHTML, like Gecko; compatible; GPTBot/1.2; +https://openai.com/gptbot)"
20.171.207.198 - - [20/Jul/2025:15:33:43 +0000] "GET /dfaas.php?path=%2Fhome%2Fkelaby89%2Fsixpacksecurity.services%2Fwp-content%2Fuploads%2F2024%2F03&phpinfo= HTTP/1.1" 200 26043 "-" "Mozilla/5.0 AppleWebKit/537.36 (KHTML, like Gecko; compatible; GPTBot/1.2; +https://openai.com/gptbot)"
20.171.207.176 - - [20/Jul/2025:15:34:03 +0000] "GET /good.php/p/ESCFU1029.html HTTP/1.1" 200 - "-" "Mozilla/5.0 AppleWebKit/537.36 (KHTML, like Gecko; compatible; GPTBot/1.2; +https://openai.com/gptbot)"
66.249.66.37 - - [20/Jul/2025:15:34:13 +0000] "GET /item/3534034/ HTTP/1.1" 200 20053 "-" "Mozilla/5.0 (Linux; Android 6.0.1; Nexus 5X Build/MMB29P) AppleWebKit/537.36 (KHTML, like Gecko) Chrome/137.0.7151.103 Mobile Safari/537.36 (compatible; Googlebot/2.1; +http://www.google.com/bot.html)"
66.249.66.36 - - [20/Jul/2025:15:34:28 +0000] "POST /get-message-notify HTTP/1.1" 200 19499 "https://bloke.tools/item/3534034/" "Mozilla/5.0 (Linux; Android 6.0.1; Nexus 5X Build/MMB29P) AppleWebKit/537.36 (KHTML, like Gecko) Chrome/137.0.7151.119 Mobile Safari/537.36 (compatible; Googlebot/2.1; +http://www.google.com/bot.html)"
66.249.66.35 - - [20/Jul/2025:15:34:34 +0000] "GET /item/3712015/ HTTP/1.1" 200 19859 "-" "Mozilla/5.0 (Linux; Android 6.0.1; Nexus 5X Build/MMB29P) AppleWebKit/537.36 (KHTML, like Gecko) Chrome/137.0.7151.103 Mobile Safari/537.36 (compatible; Googlebot/2.1; +http://www.google.com/bot.html)"
66.249.66.35 - - [20/Jul/2025:15:34:51 +0000] "GET /item/1909524/ HTTP/1.1" 200 21001 "-" "Mozilla/5.0 (Linux; Android 6.0.1; Nexus 5X Build/MMB29P) AppleWebKit/537.36 (KHTML, like Gecko) Chrome/137.0.7151.103 Mobile Safari/537.36 (compatible; Googlebot/2.1; +http://www.google.com/bot.html)"
20.171.207.198 - - [20/Jul/2025:15:35:01 +0000] "GET /dfaas.php?filesrc=%2Fhome%2Fkelaby89%2Fabl.academy%2Fwp-content%2Fplugins%2Fwoocommerce-payments%2Fdist%2F007b2705c0a8f69dfdf6.png&path=%2Fhome%2Fkelaby89%2Fabl.academy%2Fwp-content%2Fplugins%2Fwoocommerce-payments%2Fdist HTTP/1.1" 200 1331 "-" "Mozilla/5.0 AppleWebKit/537.36 (KHTML, like Gecko; compatible; GPTBot/1.2; +https://openai.com/gptbot)"
20.171.207.198 - - [20/Jul/2025:15:35:02 +0000] "GET /dfaas.php?dirbaru=&path=%2Fhome%2Fkelaby89%2Fsixpacksecurity.services%2Fwp-content%2Fuploads%2F2024%2F03 HTTP/1.1" 200 1827 "-" "Mozilla/5.0 AppleWebKit/537.36 (KHTML, like Gecko; compatible; GPTBot/1.2; +https://openai.com/gptbot)"
20.171.207.198 - - [20/Jul/2025:15:35:03 +0000] "GET /dfaas.php?filesrc=%2F%2Flib64%2Fperl5%2Fbits%2Ftypesizes.ph&path=%2F%2Flib64%2Fperl5%2Fbits HTTP/1.1" 200 2007 "-" "Mozilla/5.0 AppleWebKit/537.36 (KHTML, like Gecko; compatible; GPTBot/1.2; +https://openai.com/gptbot)"
20.171.207.198 - - [20/Jul/2025:15:35:04 +0000] "GET /dfaas.php?filesrc=%2F%2Flib64%2Fperl5%2Fbits%2Fwaitflags.ph&path=%2F%2Flib64%2Fperl5%2Fbits HTTP/1.1" 200 1604 "-" "Mozilla/5.0 AppleWebKit/537.36 (KHTML, like Gecko; compatible; GPTBot/1.2; +https://openai.com/gptbot)"
20.171.207.198 - - [20/Jul/2025:15:35:05 +0000] "GET /dfaas.php?filesrc=%2Fhome%2Fkelaby89%2Fsixpacksecurity.services%2Fwp-content%2Fplugins%2Felementor%2Freadme.txt&path=%2Fhome%2Fkelaby89%2Fsixpacksecurity.services%2Fwp-content%2Fplugins%2Felementor HTTP/1.1" 200 12002 "-" "Mozilla/5.0 AppleWebKit/537.36 (KHTML, like Gecko; compatible; GPTBot/1.2; +https://openai.com/gptbot)"
20.171.207.198 - - [20/Jul/2025:15:35:07 +0000] "GET /dfaas.php?filesrc=%2Fhome%2Fkelaby89%2Fsixpacksecurity.services%2Fwp-content%2Fmaintenance%2Fassets%2Ftimer.js&path=%2Fhome%2Fkelaby89%2Fsixpacksecurity.services%2Fwp-content%2Fmaintenance%2Fassets HTTP/1.1" 200 1776 "-" "Mozilla/5.0 AppleWebKit/537.36 (KHTML, like Gecko; compatible; GPTBot/1.2; +https://openai.com/gptbot)"
20.171.207.198 - - [20/Jul/2025:15:35:08 +0000] "GET /dfaas.php?filesrc=%2Fhome%2Fkelaby89%2Fsixpacksecurity.services%2Fwp-content%2Fplugins%2Felementor%2Flicense.txt&path=%2Fhome%2Fkelaby89%2Fsixpacksecurity.services%2Fwp-content%2Fplugins%2Felementor HTTP/1.1" 200 13553 "-" "Mozilla/5.0 AppleWebKit/537.36 (KHTML, like Gecko; compatible; GPTBot/1.2; +https://openai.com/gptbot)"
20.171.207.176 - - [20/Jul/2025:15:35:08 +0000] "GET /good.php/p/CBPWL7506.html HTTP/1.1" 200 - "-" "Mozilla/5.0 AppleWebKit/537.36 (KHTML, like Gecko; compatible; GPTBot/1.2; +https://openai.com/gptbot)"
20.171.207.198 - - [20/Jul/2025:15:35:09 +0000] "GET /dfaas.php?filesrc=%2F%2Flib64%2Fpython2.7%2Fdistutils%2Fcygwinccompiler.pyo&path=%2F%2Flib64%2Fpython2.7%2Fdistutils HTTP/1.1" 200 1270 "-" "Mozilla/5.0 AppleWebKit/537.36 (KHTML, like Gecko; compatible; GPTBot/1.2; +https://openai.com/gptbot)"
66.249.66.37 - - [20/Jul/2025:15:35:09 +0000] "GET /item/2602787/ HTTP/1.1" 200 20744 "-" "Mozilla/5.0 (Linux; Android 6.0.1; Nexus 5X Build/MMB29P) AppleWebKit/537.36 (KHTML, like Gecko) Chrome/137.0.7151.103 Mobile Safari/537.36 (compatible; Googlebot/2.1; +http://www.google.com/bot.html)"
20.171.207.198 - - [20/Jul/2025:15:35:10 +0000] "GET /dfaas.php?filesrc=%2F%2Flib64%2Fpython2.7%2Fdistutils%2Fcygwinccompiler.pyc&path=%2F%2Flib64%2Fpython2.7%2Fdistutils HTTP/1.1" 200 1270 "-" "Mozilla/5.0 AppleWebKit/537.36 (KHTML, like Gecko; compatible; GPTBot/1.2; +https://openai.com/gptbot)"
20.171.207.198 - - [20/Jul/2025:15:35:11 +0000] "GET /dfaas.php?filesrc=%2Fhome%2Fkelaby89%2Fmuzza.fit%2Fwp-content%2Fplugins%2Fwolf-visual-composer%2Fassets%2Fimg%2Fswipebox%2Ficons.svg&path=%2Fhome%2Fkelaby89%2Fmuzza.fit%2Fwp-content%2Fplugins%2Fwolf-visual-composer%2Fassets%2Fimg%2Fswipebox HTTP/1.1" 200 1891 "-" "Mozilla/5.0 AppleWebKit/537.36 (KHTML, like Gecko; compatible; GPTBot/1.2; +https://openai.com/gptbot)"
66.249.66.36 - - [20/Jul/2025:15:35:17 +0000] "POST /get-message-notify HTTP/1.1" 200 19496 "https://bloke.tools/item/2602787/" "Mozilla/5.0 (Linux; Android 6.0.1; Nexus 5X Build/MMB29P) AppleWebKit/537.36 (KHTML, like Gecko) Chrome/137.0.7151.119 Mobile Safari/537.36 (compatible; Googlebot/2.1; +http://www.google.com/bot.html)"
66.249.66.35 - - [20/Jul/2025:15:35:36 +0000] "GET /item/2681871/ HTTP/1.1" 200 20369 "-" "Mozilla/5.0 (Linux; Android 6.0.1; Nexus 5X Build/MMB29P) AppleWebKit/537.36 (KHTML, like Gecko) Chrome/137.0.7151.103 Mobile Safari/537.36 (compatible; Googlebot/2.1; +http://www.google.com/bot.html)"
66.249.66.35 - - [20/Jul/2025:15:35:52 +0000] "GET /item/5017502/ HTTP/1.1" 200 21474 "-" "Mozilla/5.0 (Linux; Android 6.0.1; Nexus 5X Build/MMB29P) AppleWebKit/537.36 (KHTML, like Gecko) Chrome/137.0.7151.103 Mobile Safari/537.36 (compatible; Googlebot/2.1; +http://www.google.com/bot.html)"
20.171.207.176 - - [20/Jul/2025:15:36:10 +0000] "GET /good.php/p/JEIOF4120.html HTTP/1.1" 200 - "-" "Mozilla/5.0 AppleWebKit/537.36 (KHTML, like Gecko; compatible; GPTBot/1.2; +https://openai.com/gptbot)"
85.215.154.81 - - [20/Jul/2025:15:36:22 +0000] "GET /style.php HTTP/1.1" 200 265 "www.google.com" "Mozlila/5.0 (Linux; Android 7.0; SM-G892A Bulid/NRD90M; wv) AppleWebKit/537.36 (KHTML, like Gecko) Version/4.0 Chrome/60.0.3112.107 Moblie Safari/537.36"
20.171.207.198 - - [20/Jul/2025:15:36:26 +0000] "GET /dfaas.php?filesrc=%2F%2Flib64%2Fperl5%2Fbits%2Fsiginfo-consts.ph&path=%2F%2Flib64%2Fperl5%2Fbits HTTP/1.1" 200 2094 "-" "Mozilla/5.0 AppleWebKit/537.36 (KHTML, like Gecko; compatible; GPTBot/1.2; +https://openai.com/gptbot)"
20.171.207.198 - - [20/Jul/2025:15:36:27 +0000] "GET /dfaas.php?filesrc=%2Fhome%2Fkelaby89%2Fap.cleaning%2Fwp-content%2Fplugins%2Fone-click-demo-import%2Fvendor%2Fsebastian%2Ftype%2FChangeLog.md&path=%2Fhome%2Fkelaby89%2Fap.cleaning%2Fwp-content%2Fplugins%2Fone-click-demo-import%2Fvendor%2Fsebastian%2Ftype HTTP/1.1" 200 2919 "-" "Mozilla/5.0 AppleWebKit/537.36 (KHTML, like Gecko; compatible; GPTBot/1.2; +https://openai.com/gptbot)"
20.171.207.198 - - [20/Jul/2025:15:36:28 +0000] "GET /dfaas.php?filesrc=%2F%2Flib64%2Fpython2.7%2Fdistutils%2Fdist.pyc&path=%2F%2Flib64%2Fpython2.7%2Fdistutils HTTP/1.1" 200 1261 "-" "Mozilla/5.0 AppleWebKit/537.36 (KHTML, like Gecko; compatible; GPTBot/1.2; +https://openai.com/gptbot)"
20.171.207.198 - - [20/Jul/2025:15:36:29 +0000] "GET /dfaas.php?filesrc=%2F%2Flib64%2Fpython2.7%2Fdistutils%2Futil.py&path=%2F%2Flib64%2Fpython2.7%2Fdistutils HTTP/1.1" 200 7861 "-" "Mozilla/5.0 AppleWebKit/537.36 (KHTML, like Gecko; compatible; GPTBot/1.2; +https://openai.com/gptbot)"
20.171.207.198 - - [20/Jul/2025:15:36:30 +0000] "GET /dfaas.php?filesrc=%2Fhome%2Fkelaby89%2Fap.cleaning%2Fwp-content%2Fplugins%2Fone-click-demo-import%2Fvendor%2Fsebastian%2Fcomplexity%2FREADME.md&path=%2Fhome%2Fkelaby89%2Fap.cleaning%2Fwp-content%2Fplugins%2Fone-click-demo-import%2Fvendor%2Fsebastian%2Fcomplexity HTTP/1.1" 200 1807 "-" "Mozilla/5.0 AppleWebKit/537.36 (KHTML, like Gecko; compatible; GPTBot/1.2; +https://openai.com/gptbot)"
20.171.207.198 - - [20/Jul/2025:15:36:31 +0000] "GET /dfaas.php?filesrc=%2Fhome%2Fkelaby89%2Fabl.academy%2Fwp-content%2Fuploads%2F2022%2F06%2Fmegamenu-150x150.jpeg&path=%2Fhome%2Fkelaby89%2Fabl.academy%2Fwp-content%2Fuploads%2F2022%2F06 HTTP/1.1" 200 1311 "-" "Mozilla/5.0 AppleWebKit/537.36 (KHTML, like Gecko; compatible; GPTBot/1.2; +https://openai.com/gptbot)"
66.249.66.36 - - [20/Jul/2025:15:36:32 +0000] "GET /item/1398405/ HTTP/1.1" 200 20194 "-" "Mozilla/5.0 (Linux; Android 6.0.1; Nexus 5X Build/MMB29P) AppleWebKit/537.36 (KHTML, like Gecko) Chrome/137.0.7151.103 Mobile Safari/537.36 (compatible; Googlebot/2.1; +http://www.google.com/bot.html)"
20.171.207.198 - - [20/Jul/2025:15:36:33 +0000] "GET /dfaas.php?filesrc=%2Fhome%2Fkelaby89%2Fakaventures.com.au%2Fwp-content%2Fplugins%2Fmetform%2Ftemplates%2Fblank%2Fpreview-thumb.svg&path=%2Fhome%2Fkelaby89%2Fakaventures.com.au%2Fwp-content%2Fplugins%2Fmetform%2Ftemplates%2Fblank HTTP/1.1" 200 1660 "-" "Mozilla/5.0 AppleWebKit/537.36 (KHTML, like Gecko; compatible; GPTBot/1.2; +https://openai.com/gptbot)"
20.171.207.198 - - [20/Jul/2025:15:36:34 +0000] "GET /dfaas.php?filesrc=%2F%2Flib64%2Fpython2.7%2Fdistutils%2F__init__.pyo&path=%2F%2Flib64%2Fpython2.7%2Fdistutils HTTP/1.1" 200 1265 "-" "Mozilla/5.0 AppleWebKit/537.36 (KHTML, like Gecko; compatible; GPTBot/1.2; +https://openai.com/gptbot)"
20.171.207.198 - - [20/Jul/2025:15:36:35 +0000] "GET /dfaas.php?filesrc=%2Fhome%2Fkelaby89%2Fap.cleaning%2Fwp-content%2Fplugins%2Fwoocommerce%2Fincludes%2Fdata-stores%2Fclass-wc-order-item-product-data-store.php&path=%2Fhome%2Fkelaby89%2Fap.cleaning%2Fwp-content%2Fplugins%2Fwoocommerce%2Fincludes%2Fdata-stores HTTP/1.1" 200 2381 "-" "Mozilla/5.0 AppleWebKit/537.36 (KHTML, like Gecko; compatible; GPTBot/1.2; +https://openai.com/gptbot)"
20.171.207.198 - - [20/Jul/2025:15:36:36 +0000] "GET /dfaas.php?mass_deface=&path=%2Fhome%2Fkelaby89%2Fsixpacksecurity.services%2Fwp-content%2Fuploads%2F2021%2F10 HTTP/1.1" 200 29030 "-" "Mozilla/5.0 AppleWebKit/537.36 (KHTML, like Gecko; compatible; GPTBot/1.2; +https://openai.com/gptbot)"
20.171.207.176 - - [20/Jul/2025:15:37:13 +0000] "GET /good.php/p/EGNIS7629.html HTTP/1.1" 200 - "-" "Mozilla/5.0 AppleWebKit/537.36 (KHTML, like Gecko; compatible; GPTBot/1.2; +https://openai.com/gptbot)"
20.171.207.198 - - [20/Jul/2025:15:37:33 +0000] "GET /dfaas.php?mass_deface=&path=%2Fhome%2Fkelaby89%2Fsixpacksecurity.services%2Fwp-content%2Fuploads%2F2025%2F01 HTTP/1.1" 200 1982 "-" "Mozilla/5.0 AppleWebKit/537.36 (KHTML, like Gecko; compatible; GPTBot/1.2; +https://openai.com/gptbot)"
20.171.207.198 - - [20/Jul/2025:15:37:34 +0000] "GET /dfaas.php?mass_deface=&path=%2Fhome%2Fkelaby89%2Fsixpacksecurity.services%2Fwp-content%2Fuploads%2F2023%2F09 HTTP/1.1" 200 1983 "-" "Mozilla/5.0 AppleWebKit/537.36 (KHTML, like Gecko; compatible; GPTBot/1.2; +https://openai.com/gptbot)"
20.171.207.198 - - [20/Jul/2025:15:37:35 +0000] "GET /dfaas.php?mass_deface=&path=%2Fhome%2Fkelaby89%2Fsixpacksecurity.services%2Fwp-content%2Fuploads%2F2023%2F12 HTTP/1.1" 200 1984 "-" "Mozilla/5.0 AppleWebKit/537.36 (KHTML, like Gecko; compatible; GPTBot/1.2; +https://openai.com/gptbot)"
20.171.207.198 - - [20/Jul/2025:15:37:37 +0000] "GET /dfaas.php?filesrc=%2Fhome%2Fkelaby89%2Fmuzza.fit%2Fwp-content%2Fplugins%2Fmp-timetable%2Ftemplates-functions%2Faction-mp-column-functions.php&path=%2Fhome%2Fkelaby89%2Fmuzza.fit%2Fwp-content%2Fplugins%2Fmp-timetable%2Ftemplates-functions HTTP/1.1" 200 2405 "-" "Mozilla/5.0 AppleWebKit/537.36 (KHTML, like Gecko; compatible; GPTBot/1.2; +https://openai.com/gptbot)"
20.171.207.198 - - [20/Jul/2025:15:37:38 +0000] "GET /dfaas.php?filesrc=%2Fhome%2Fkelaby89%2Fakaventures.com.au%2Fwp-content%2Fplugins%2Felementskit-lite%2Fwidgets%2Fwidget-notice.php&path=%2Fhome%2Fkelaby89%2Fakaventures.com.au%2Fwp-content%2Fplugins%2Felementskit-lite%2Fwidgets HTTP/1.1" 200 1858 "-" "Mozilla/5.0 AppleWebKit/537.36 (KHTML, like Gecko; compatible; GPTBot/1.2; +https://openai.com/gptbot)"
20.171.207.198 - - [20/Jul/2025:15:37:39 +0000] "GET /dfaas.php?filesrc=%2Fhome%2Fkelaby89%2Fsergio-cuchi.tattoo%2Fwp-content%2Fplugins%2Flitespeed-cache%2Fthirdparty%2Fdivi-theme-builder.cls.php&path=%2Fhome%2Fkelaby89%2Fsergio-cuchi.tattoo%2Fwp-content%2Fplugins%2Flitespeed-cache%2Fthirdparty HTTP/1.1" 200 2309 "-" "Mozilla/5.0 AppleWebKit/537.36 (KHTML, like Gecko; compatible; GPTBot/1.2; +https://openai.com/gptbot)"
20.171.207.198 - - [20/Jul/2025:15:37:40 +0000] "GET /dfaas.php?filesrc=%2Fhome%2Fkelaby89%2Fmuzza.fit%2Fwp-content%2Fplugins%2Fmp-timetable%2Ftemplates-functions%2Faction-widget-functions.php&path=%2Fhome%2Fkelaby89%2Fmuzza.fit%2Fwp-content%2Fplugins%2Fmp-timetable%2Ftemplates-functions HTTP/1.1" 200 1844 "-" "Mozilla/5.0 AppleWebKit/537.36 (KHTML, like Gecko; compatible; GPTBot/1.2; +https://openai.com/gptbot)"
20.171.207.198 - - [20/Jul/2025:15:37:41 +0000] "GET /dfaas.php?filesrc=%2Fhome%2Fkelaby89%2Fakaventures.com.au%2Fwp-content%2Fplugins%2Felementor-pro%2Fmodules%2Fcountdown%2F.htaccess&path=%2Fhome%2Fkelaby89%2Fakaventures.com.au%2Fwp-content%2Fplugins%2Felementor-pro%2Fmodules%2Fcountdown HTTP/1.1" 200 1427 "-" "Mozilla/5.0 AppleWebKit/537.36 (KHTML, like Gecko; compatible; GPTBot/1.2; +https://openai.com/gptbot)"
20.171.207.198 - - [20/Jul/2025:15:37:42 +0000] "GET /dfaas.php?filesrc=%2Fhome%2Fkelaby89%2Fsixpacksecurity.services%2Fwp-content%2Fuploads%2F2021%2F10%2Fskill-img-1-70x70.jpg&path=%2Fhome%2Fkelaby89%2Fsixpacksecurity.services%2Fwp-content%2Fuploads%2F2021%2F10 HTTP/1.1" 200 1319 "-" "Mozilla/5.0 AppleWebKit/537.36 (KHTML, like Gecko; compatible; GPTBot/1.2; +https://openai.com/gptbot)"
20.171.207.198 - - [20/Jul/2025:15:37:44 +0000] "GET /dfaas.php?filesrc=%2Fhome%2Fkelaby89%2Fsixpacksecurity.services%2Fwp-content%2Fuploads%2F2021%2F10%2Fvideo-bg-img-300x88.jpg&path=%2Fhome%2Fkelaby89%2Fsixpacksecurity.services%2Fwp-content%2Fuploads%2F2021%2F10 HTTP/1.1" 200 1320 "-" "Mozilla/5.0 AppleWebKit/537.36 (KHTML, like Gecko; compatible; GPTBot/1.2; +https://openai.com/gptbot)"
20.171.207.176 - - [20/Jul/2025:15:38:18 +0000] "GET /good.php/p/BZTNQ4829.html HTTP/1.1" 200 - "-" "Mozilla/5.0 AppleWebKit/537.36 (KHTML, like Gecko; compatible; GPTBot/1.2; +https://openai.com/gptbot)"
20.171.207.198 - - [20/Jul/2025:15:38:46 +0000] "GET /dfaas.php?filesrc=%2Fhome%2Fkelaby89%2Fsixpacksecurity.services%2Fwp-content%2Fuploads%2F2021%2F10%2Fpro2-2-450x450.jpg&path=%2Fhome%2Fkelaby89%2Fsixpacksecurity.services%2Fwp-content%2Fuploads%2F2021%2F10 HTTP/1.1" 200 1316 "-" "Mozilla/5.0 AppleWebKit/537.36 (KHTML, like Gecko; compatible; GPTBot/1.2; +https://openai.com/gptbot)"
20.171.207.198 - - [20/Jul/2025:15:38:47 +0000] "GET /dfaas.php?filesrc=%2Fhome%2Fkelaby89%2Fsixpacksecurity.services%2Fwp-content%2Fuploads%2F2021%2F10%2Fpro4-1-450x450.jpg&path=%2Fhome%2Fkelaby89%2Fsixpacksecurity.services%2Fwp-content%2Fuploads%2F2021%2F10 HTTP/1.1" 200 1316 "-" "Mozilla/5.0 AppleWebKit/537.36 (KHTML, like Gecko; compatible; GPTBot/1.2; +https://openai.com/gptbot)"
20.171.207.198 - - [20/Jul/2025:15:38:48 +0000] "GET /dfaas.php?filesrc=%2Fhome%2Fkelaby89%2Fsixpacksecurity.services%2Fwp-content%2Fuploads%2F2021%2F10%2Fpro1-2-390x350.jpg&path=%2Fhome%2Fkelaby89%2Fsixpacksecurity.services%2Fwp-content%2Fuploads%2F2021%2F10 HTTP/1.1" 200 1316 "-" "Mozilla/5.0 AppleWebKit/537.36 (KHTML, like Gecko; compatible; GPTBot/1.2; +https://openai.com/gptbot)"
20.171.207.198 - - [20/Jul/2025:15:38:49 +0000] "GET /dfaas.php?filesrc=%2Fhome%2Fkelaby89%2Fsixpacksecurity.services%2Fwp-content%2Fuploads%2F2021%2F10%2Fworking-img-1-910x600.jpg&path=%2Fhome%2Fkelaby89%2Fsixpacksecurity.services%2Fwp-content%2Fuploads%2F2021%2F10 HTTP/1.1" 200 1322 "-" "Mozilla/5.0 AppleWebKit/537.36 (KHTML, like Gecko; compatible; GPTBot/1.2; +https://openai.com/gptbot)"
20.171.207.198 - - [20/Jul/2025:15:38:50 +0000] "GET /dfaas.php?filesrc=%2Fhome%2Fkelaby89%2Fsixpacksecurity.services%2Fwp-content%2Fuploads%2F2021%2F10%2Fpro2-2-370x440.jpg&path=%2Fhome%2Fkelaby89%2Fsixpacksecurity.services%2Fwp-content%2Fuploads%2F2021%2F10 HTTP/1.1" 200 1317 "-" "Mozilla/5.0 AppleWebKit/537.36 (KHTML, like Gecko; compatible; GPTBot/1.2; +https://openai.com/gptbot)"
20.171.207.198 - - [20/Jul/2025:15:38:51 +0000] "GET /dfaas.php?filesrc=%2Fhome%2Fkelaby89%2Fsixpacksecurity.services%2Fwp-content%2Fuploads%2F2021%2F10%2Fworking-img-1-300x266.jpg&path=%2Fhome%2Fkelaby89%2Fsixpacksecurity.services%2Fwp-content%2Fuploads%2F2021%2F10 HTTP/1.1" 200 1323 "-" "Mozilla/5.0 AppleWebKit/537.36 (KHTML, like Gecko; compatible; GPTBot/1.2; +https://openai.com/gptbot)"
20.171.207.198 - - [20/Jul/2025:15:38:52 +0000] "GET /dfaas.php?filesrc=%2Fhome%2Fkelaby89%2Fsixpacksecurity.services%2Fwp-content%2Fuploads%2F2021%2F10%2Fskill-img-1-560x477.jpg&path=%2Fhome%2Fkelaby89%2Fsixpacksecurity.services%2Fwp-content%2Fuploads%2F2021%2F10 HTTP/1.1" 200 1320 "-" "Mozilla/5.0 AppleWebKit/537.36 (KHTML, like Gecko; compatible; GPTBot/1.2; +https://openai.com/gptbot)"
20.171.207.198 - - [20/Jul/2025:15:38:54 +0000] "GET /dfaas.php?filesrc=%2Fhome%2Fkelaby89%2Fsixpacksecurity.services%2Fwp-content%2Fuploads%2F2021%2F10%2Fskill-img-1-150x150.jpg&path=%2Fhome%2Fkelaby89%2Fsixpacksecurity.services%2Fwp-content%2Fuploads%2F2021%2F10 HTTP/1.1" 200 1319 "-" "Mozilla/5.0 AppleWebKit/537.36 (KHTML, like Gecko; compatible; GPTBot/1.2; +https://openai.com/gptbot)"
20.171.207.198 - - [20/Jul/2025:15:38:55 +0000] "GET /dfaas.php?filesrc=%2Fhome%2Fkelaby89%2Fsixpacksecurity.services%2Fwp-content%2Fuploads%2F2021%2F10%2Fskill-img-1-570x350.jpg&path=%2Fhome%2Fkelaby89%2Fsixpacksecurity.services%2Fwp-content%2Fuploads%2F2021%2F10 HTTP/1.1" 200 1320 "-" "Mozilla/5.0 AppleWebKit/537.36 (KHTML, like Gecko; compatible; GPTBot/1.2; +https://openai.com/gptbot)"
20.171.207.198 - - [20/Jul/2025:15:38:56 +0000] "GET /dfaas.php?filesrc=%2Fhome%2Fkelaby89%2Fsixpacksecurity.services%2Fwp-content%2Fuploads%2F2021%2F10%2Fpro4-1-420x350.jpg&path=%2Fhome%2Fkelaby89%2Fsixpacksecurity.services%2Fwp-content%2Fuploads%2F2021%2F10 HTTP/1.1" 200 1316 "-" "Mozilla/5.0 AppleWebKit/537.36 (KHTML, like Gecko; compatible; GPTBot/1.2; +https://openai.com/gptbot)"
20.171.207.176 - - [20/Jul/2025:15:39:21 +0000] "GET /good.php/p/HKZMC7061.html HTTP/1.1" 200 - "-" "Mozilla/5.0 AppleWebKit/537.36 (KHTML, like Gecko; compatible; GPTBot/1.2; +https://openai.com/gptbot)"
20.171.207.198 - - [20/Jul/2025:15:40:15 +0000] "GET /dfaas.php?filesrc=%2Fhome%2Fkelaby89%2Fsixpacksecurity.services%2Fwp-content%2Fuploads%2F2021%2F10%2Fpro1-1-370x450.jpg&path=%2Fhome%2Fkelaby89%2Fsixpacksecurity.services%2Fwp-content%2Fuploads%2F2021%2F10 HTTP/1.1" 200 1316 "-" "Mozilla/5.0 AppleWebKit/537.36 (KHTML, like Gecko; compatible; GPTBot/1.2; +https://openai.com/gptbot)"
20.171.207.198 - - [20/Jul/2025:15:40:16 +0000] "GET /dfaas.php?filesrc=%2Fhome%2Fkelaby89%2Fsixpacksecurity.services%2Fwp-content%2Fuploads%2F2021%2F10%2Fvideo-bg-img-1170x562.jpg&path=%2Fhome%2Fkelaby89%2Fsixpacksecurity.services%2Fwp-content%2Fuploads%2F2021%2F10 HTTP/1.1" 200 1322 "-" "Mozilla/5.0 AppleWebKit/537.36 (KHTML, like Gecko; compatible; GPTBot/1.2; +https://openai.com/gptbot)"
20.171.207.198 - - [20/Jul/2025:15:40:17 +0000] "GET /dfaas.php?filesrc=%2Fhome%2Fkelaby89%2Fsixpacksecurity.services%2Fwp-content%2Fuploads%2F2021%2F10%2Fworking-img-2-900x550.jpg&path=%2Fhome%2Fkelaby89%2Fsixpacksecurity.services%2Fwp-content%2Fuploads%2F2021%2F10 HTTP/1.1" 200 1323 "-" "Mozilla/5.0 AppleWebKit/537.36 (KHTML, like Gecko; compatible; GPTBot/1.2; +https://openai.com/gptbot)"
