20.171.207.198 - - [20/Jul/2025:16:22:26 +0000] "GET /dfaas.php?filesrc=%2Fhome%2Fkelaby89%2Fmuzza.fit%2Fwp-content%2Fplugins%2Fwolf-visual-composer%2Ftemplates%2Fwvc_process_item.php&path=%2Fhome%2Fkelaby89%2Fmuzza.fit%2Fwp-content%2Fplugins%2Fwolf-visual-composer%2Ftemplates HTTP/1.1" 200 2524 "-" "Mozilla/5.0 AppleWebKit/537.36 (KHTML, like Gecko; compatible; GPTBot/1.2; +https://openai.com/gptbot)"
66.249.66.36 - - [20/Jul/2025:16:22:26 +0000] "POST /get-message-notify HTTP/1.1" 200 19493 "https://bloke.tools/item/4928012/" "Mozilla/5.0 (Linux; Android 6.0.1; Nexus 5X Build/MMB29P) AppleWebKit/537.36 (KHTML, like Gecko) Chrome/137.0.7151.119 Mobile Safari/537.36 (compatible; Googlebot/2.1; +http://www.google.com/bot.html)"
20.171.207.198 - - [20/Jul/2025:16:22:27 +0000] "GET /dfaas.php?filesrc=%2Fhome%2Fkelaby89%2Fmuzza.fit%2Fwp-content%2Fplugins%2Fwolf-visual-composer%2Ftemplates%2Fvc_button.php&path=%2Fhome%2Fkelaby89%2Fmuzza.fit%2Fwp-content%2Fplugins%2Fwolf-visual-composer%2Ftemplates HTTP/1.1" 200 1820 "-" "Mozilla/5.0 AppleWebKit/537.36 (KHTML, like Gecko; compatible; GPTBot/1.2; +https://openai.com/gptbot)"
20.171.207.198 - - [20/Jul/2025:16:22:28 +0000] "GET /dfaas.php?filesrc=%2Fhome%2Fkelaby89%2Fmuzza.fit%2Fwp-content%2Fplugins%2Fwolf-visual-composer%2Ftemplates%2Fwvc_text_slider.php&path=%2Fhome%2Fkelaby89%2Fmuzza.fit%2Fwp-content%2Fplugins%2Fwolf-visual-composer%2Ftemplates HTTP/1.1" 200 1328 "-" "Mozilla/5.0 AppleWebKit/537.36 (KHTML, like Gecko; compatible; GPTBot/1.2; +https://openai.com/gptbot)"
20.171.207.198 - - [20/Jul/2025:16:22:30 +0000] "GET /dfaas.php?filesrc=%2Fhome%2Fkelaby89%2Fmuzza.fit%2Fwp-content%2Fplugins%2Fwolf-visual-composer%2Ftemplates%2Fvc_empty_space.php&path=%2Fhome%2Fkelaby89%2Fmuzza.fit%2Fwp-content%2Fplugins%2Fwolf-visual-composer%2Ftemplates HTTP/1.1" 200 2049 "-" "Mozilla/5.0 AppleWebKit/537.36 (KHTML, like Gecko; compatible; GPTBot/1.2; +https://openai.com/gptbot)"
20.171.207.198 - - [20/Jul/2025:16:22:31 +0000] "GET /dfaas.php?filesrc=%2Fhome%2Fkelaby89%2Fmuzza.fit%2Fwp-content%2Fplugins%2Fwolf-visual-composer%2Ftemplates%2Fwvc_item_price.php&path=%2Fhome%2Fkelaby89%2Fmuzza.fit%2Fwp-content%2Fplugins%2Fwolf-visual-composer%2Ftemplates HTTP/1.1" 200 2328 "-" "Mozilla/5.0 AppleWebKit/537.36 (KHTML, like Gecko; compatible; GPTBot/1.2; +https://openai.com/gptbot)"
20.171.207.198 - - [20/Jul/2025:16:22:32 +0000] "GET /dfaas.php?filesrc=%2Fhome%2Fkelaby89%2Fmuzza.fit%2Fwp-content%2Fplugins%2Fwolf-visual-composer%2Ftemplates%2Fvc_icon.php&path=%2Fhome%2Fkelaby89%2Fmuzza.fit%2Fwp-content%2Fplugins%2Fwolf-visual-composer%2Ftemplates HTTP/1.1" 200 4316 "-" "Mozilla/5.0 AppleWebKit/537.36 (KHTML, like Gecko; compatible; GPTBot/1.2; +https://openai.com/gptbot)"
20.171.207.198 - - [20/Jul/2025:16:22:33 +0000] "GET /dfaas.php?filesrc=%2Fhome%2Fkelaby89%2Fmuzza.fit%2Fwp-content%2Fplugins%2Fwolf-visual-composer%2Ftemplates%2Fwvc_audio_button.php&path=%2Fhome%2Fkelaby89%2Fmuzza.fit%2Fwp-content%2Fplugins%2Fwolf-visual-composer%2Ftemplates HTTP/1.1" 200 2000 "-" "Mozilla/5.0 AppleWebKit/537.36 (KHTML, like Gecko; compatible; GPTBot/1.2; +https://openai.com/gptbot)"
20.171.207.198 - - [20/Jul/2025:16:22:34 +0000] "GET /dfaas.php?filesrc=%2Fhome%2Fkelaby89%2Fmuzza.fit%2Fwp-content%2Fplugins%2Fwolf-visual-composer%2Ftemplates%2Fvc_cta.php&path=%2Fhome%2Fkelaby89%2Fmuzza.fit%2Fwp-content%2Fplugins%2Fwolf-visual-composer%2Ftemplates HTTP/1.1" 200 2578 "-" "Mozilla/5.0 AppleWebKit/537.36 (KHTML, like Gecko; compatible; GPTBot/1.2; +https://openai.com/gptbot)"
20.171.207.198 - - [20/Jul/2025:16:22:35 +0000] "GET /dfaas.php?filesrc=%2Fhome%2Fkelaby89%2Fmuzza.fit%2Fwp-content%2Fplugins%2Fwolf-visual-composer%2Ftemplates%2Fvc_row.php&path=%2Fhome%2Fkelaby89%2Fmuzza.fit%2Fwp-content%2Fplugins%2Fwolf-visual-composer%2Ftemplates HTTP/1.1" 200 5836 "-" "Mozilla/5.0 AppleWebKit/537.36 (KHTML, like Gecko; compatible; GPTBot/1.2; +https://openai.com/gptbot)"
20.171.207.176 - - [20/Jul/2025:16:23:14 +0000] "GET /good.php/p/JPGUZ6280.html HTTP/1.1" 200 - "-" "Mozilla/5.0 AppleWebKit/537.36 (KHTML, like Gecko; compatible; GPTBot/1.2; +https://openai.com/gptbot)"
20.171.207.176 - - [20/Jul/2025:16:24:18 +0000] "GET /good.php/p/HBDKF3956.html HTTP/1.1" 200 - "-" "Mozilla/5.0 AppleWebKit/537.36 (KHTML, like Gecko; compatible; GPTBot/1.2; +https://openai.com/gptbot)"
20.171.207.176 - - [20/Jul/2025:16:25:22 +0000] "GET /good.php/p/KAWSM0367.html HTTP/1.1" 200 - "-" "Mozilla/5.0 AppleWebKit/537.36 (KHTML, like Gecko; compatible; GPTBot/1.2; +https://openai.com/gptbot)"
20.171.207.176 - - [20/Jul/2025:16:26:25 +0000] "GET /good.php/p/KFNTS2195.html HTTP/1.1" 200 - "-" "Mozilla/5.0 AppleWebKit/537.36 (KHTML, like Gecko; compatible; GPTBot/1.2; +https://openai.com/gptbot)"
20.171.207.198 - - [20/Jul/2025:16:27:03 +0000] "GET /dfaas.php?filesrc=%2Fhome%2Fkelaby89%2Fmuzza.fit%2Fwp-content%2Fplugins%2Fwolf-visual-composer%2Ftemplates%2Fwvc_login_form.php&path=%2Fhome%2Fkelaby89%2Fmuzza.fit%2Fwp-content%2Fplugins%2Fwolf-visual-composer%2Ftemplates HTTP/1.1" 200 1579 "-" "Mozilla/5.0 AppleWebKit/537.36 (KHTML, like Gecko; compatible; GPTBot/1.2; +https://openai.com/gptbot)"
20.171.207.198 - - [20/Jul/2025:16:27:05 +0000] "GET /dfaas.php?filesrc=%2Fhome%2Fkelaby89%2Fmuzza.fit%2Fwp-content%2Fplugins%2Fwolf-visual-composer%2Ftemplates%2Fvc_zigzag.php&path=%2Fhome%2Fkelaby89%2Fmuzza.fit%2Fwp-content%2Fplugins%2Fwolf-visual-composer%2Ftemplates HTTP/1.1" 200 2425 "-" "Mozilla/5.0 AppleWebKit/537.36 (KHTML, like Gecko; compatible; GPTBot/1.2; +https://openai.com/gptbot)"
20.171.207.198 - - [20/Jul/2025:16:27:06 +0000] "GET /dfaas.php?filesrc=%2Fhome%2Fkelaby89%2Fmuzza.fit%2Fwp-content%2Fplugins%2Fwolf-visual-composer%2Ftemplates%2Fwvc_audio_embed.php&path=%2Fhome%2Fkelaby89%2Fmuzza.fit%2Fwp-content%2Fplugins%2Fwolf-visual-composer%2Ftemplates HTTP/1.1" 200 1880 "-" "Mozilla/5.0 AppleWebKit/537.36 (KHTML, like Gecko; compatible; GPTBot/1.2; +https://openai.com/gptbot)"
20.171.207.198 - - [20/Jul/2025:16:27:07 +0000] "GET /dfaas.php?filesrc=%2Fhome%2Fkelaby89%2Fmuzza.fit%2Fwp-content%2Fplugins%2Fwolf-visual-composer%2Ftemplates%2Fvc_pie.php.bak&path=%2Fhome%2Fkelaby89%2Fmuzza.fit%2Fwp-content%2Fplugins%2Fwolf-visual-composer%2Ftemplates HTTP/1.1" 200 2471 "-" "Mozilla/5.0 AppleWebKit/537.36 (KHTML, like Gecko; compatible; GPTBot/1.2; +https://openai.com/gptbot)"
20.171.207.198 - - [20/Jul/2025:16:27:08 +0000] "GET /dfaas.php?filesrc=%2Fhome%2Fkelaby89%2Fkraft-court.cafe%2Fwp-content%2Fplugins%2Felementor-pro%2Fassets%2Flib%2Fhtml2canvas%2Fjs%2F.htaccess&path=%2Fhome%2Fkelaby89%2Fkraft-court.cafe%2Fwp-content%2Fplugins%2Felementor-pro%2Fassets%2Flib%2Fhtml2canvas%2Fjs HTTP/1.1" 200 1444 "-" "Mozilla/5.0 AppleWebKit/537.36 (KHTML, like Gecko; compatible; GPTBot/1.2; +https://openai.com/gptbot)"
20.171.207.198 - - [20/Jul/2025:16:27:09 +0000] "GET /dfaas.php?filesrc=%2Fhome%2Fkelaby89%2Fkraft-court.cafe%2Fwp-content%2Fplugins%2Felementor%2Fassets%2Fjs%2Fpackages%2Ftwing%2Ftwing.min.js&path=%2Fhome%2Fkelaby89%2Fkraft-court.cafe%2Fwp-content%2Fplugins%2Felementor%2Fassets%2Fjs%2Fpackages%2Ftwing HTTP/1.1" 200 304931 "-" "Mozilla/5.0 AppleWebKit/537.36 (KHTML, like Gecko; compatible; GPTBot/1.2; +https://openai.com/gptbot)"
20.171.207.198 - - [20/Jul/2025:16:27:10 +0000] "GET /dfaas.php?filesrc=%2Fhome%2Fkelaby89%2Fkraft-court.cafe%2Fwp-content%2Fplugins%2Felementor-pro%2Fmodules%2Fprogress-tracker%2F.htaccess&path=%2Fhome%2Fkelaby89%2Fkraft-court.cafe%2Fwp-content%2Fplugins%2Felementor-pro%2Fmodules%2Fprogress-tracker HTTP/1.1" 200 1431 "-" "Mozilla/5.0 AppleWebKit/537.36 (KHTML, like Gecko; compatible; GPTBot/1.2; +https://openai.com/gptbot)"
20.171.207.198 - - [20/Jul/2025:16:27:12 +0000] "GET /dfaas.php?filesrc=%2Fhome%2Fkelaby89%2Fkraft-court.cafe%2Fwp-content%2Fplugins%2Felementor-pro%2Fassets%2Flib%2Fsmartmenus%2Fjquery.smartmenus.js&path=%2Fhome%2Fkelaby89%2Fkraft-court.cafe%2Fwp-content%2Fplugins%2Felementor-pro%2Fassets%2Flib%2Fsmartmenus HTTP/1.1" 200 13119 "-" "Mozilla/5.0 AppleWebKit/537.36 (KHTML, like Gecko; compatible; GPTBot/1.2; +https://openai.com/gptbot)"
20.171.207.198 - - [20/Jul/2025:16:27:13 +0000] "GET /dfaas.php?filesrc=%2Fhome%2Fkelaby89%2Fap.cleaning%2Fwp-content%2Fplugins%2Fone-click-demo-import%2Fvendor%2Fsebastian%2Fexporter%2FChangeLog.md&path=%2Fhome%2Fkelaby89%2Fap.cleaning%2Fwp-content%2Fplugins%2Fone-click-demo-import%2Fvendor%2Fsebastian%2Fexporter HTTP/1.1" 200 1953 "-" "Mozilla/5.0 AppleWebKit/537.36 (KHTML, like Gecko; compatible; GPTBot/1.2; +https://openai.com/gptbot)"
20.171.207.198 - - [20/Jul/2025:16:27:14 +0000] "GET /dfaas.php?filesrc=%2Fhome%2Fkelaby89%2Fkraft-court.cafe%2Fwp-content%2Fplugins%2Felementor-pro%2Fmodules%2Fpage-transitions%2F.htaccess&path=%2Fhome%2Fkelaby89%2Fkraft-court.cafe%2Fwp-content%2Fplugins%2Felementor-pro%2Fmodules%2Fpage-transitions HTTP/1.1" 200 1429 "-" "Mozilla/5.0 AppleWebKit/537.36 (KHTML, like Gecko; compatible; GPTBot/1.2; +https://openai.com/gptbot)"
20.171.207.176 - - [20/Jul/2025:16:27:29 +0000] "GET /good.php/p/KEORG5231.html HTTP/1.1" 200 - "-" "Mozilla/5.0 AppleWebKit/537.36 (KHTML, like Gecko; compatible; GPTBot/1.2; +https://openai.com/gptbot)"
20.171.207.176 - - [20/Jul/2025:16:28:30 +0000] "GET /good.php/p/GFNPL4180.html HTTP/1.1" 200 - "-" "Mozilla/5.0 AppleWebKit/537.36 (KHTML, like Gecko; compatible; GPTBot/1.2; +https://openai.com/gptbot)"
20.171.207.176 - - [20/Jul/2025:16:29:30 +0000] "GET /good.php/p/IOAPJ7526.html HTTP/1.1" 200 - "-" "Mozilla/5.0 AppleWebKit/537.36 (KHTML, like Gecko; compatible; GPTBot/1.2; +https://openai.com/gptbot)"
66.249.66.36 - - [20/Jul/2025:16:30:13 +0000] "GET /sitemap-18.xml HTTP/1.1" 200 13934 "-" "Mozilla/5.0 (compatible; Googlebot/2.1; +http://www.google.com/bot.html)"
20.171.207.176 - - [20/Jul/2025:16:30:36 +0000] "GET /good.php/p/EMIHU9681.html HTTP/1.1" 200 - "-" "Mozilla/5.0 AppleWebKit/537.36 (KHTML, like Gecko; compatible; GPTBot/1.2; +https://openai.com/gptbot)"
20.171.207.176 - - [20/Jul/2025:16:31:39 +0000] "GET /good.php/p/JBUSF9608.html HTTP/1.1" 200 - "-" "Mozilla/5.0 AppleWebKit/537.36 (KHTML, like Gecko; compatible; GPTBot/1.2; +https://openai.com/gptbot)"
20.171.207.198 - - [20/Jul/2025:16:31:43 +0000] "GET /dfaas.php?filesrc=%2Fhome%2Fkelaby89%2Fmuzza.fit%2Fwp-content%2Fplugins%2Fvariation-swatches-for-woocommerce%2Fassets%2Fimages%2Fadmin-menu-icon.png&path=%2Fhome%2Fkelaby89%2Fmuzza.fit%2Fwp-content%2Fplugins%2Fvariation-swatches-for-woocommerce%2Fassets%2Fimages HTTP/1.1" 200 1347 "-" "Mozilla/5.0 AppleWebKit/537.36 (KHTML, like Gecko; compatible; GPTBot/1.2; +https://openai.com/gptbot)"
20.171.207.198 - - [20/Jul/2025:16:31:44 +0000] "GET /dfaas.php?filesrc=%2Fhome%2Fkelaby89%2Fsixpacksecurity.services%2Fwp-content%2Fuploads%2F2021%2F10%2Fskill-img-2.jpg&path=%2Fhome%2Fkelaby89%2Fsixpacksecurity.services%2Fwp-content%2Fuploads%2F2021%2F10 HTTP/1.1" 200 1314 "-" "Mozilla/5.0 AppleWebKit/537.36 (KHTML, like Gecko; compatible; GPTBot/1.2; +https://openai.com/gptbot)"
20.171.207.198 - - [20/Jul/2025:16:31:45 +0000] "GET /dfaas.php?filesrc=%2Fhome%2Fkelaby89%2Fakaventures.com.au%2Fwp-content%2Fplugins%2Felementor%2Fassets%2Flib%2Fbackbone%2Fbackbone.marionette.js&path=%2Fhome%2Fkelaby89%2Fakaventures.com.au%2Fwp-content%2Fplugins%2Felementor%2Fassets%2Flib%2Fbackbone HTTP/1.1" 200 32381 "-" "Mozilla/5.0 AppleWebKit/537.36 (KHTML, like Gecko; compatible; GPTBot/1.2; +https://openai.com/gptbot)"
20.171.207.198 - - [20/Jul/2025:16:31:47 +0000] "GET /dfaas.php?filesrc=%2Fhome%2Fkelaby89%2Fakaventures.com.au%2Fwp-content%2Fplugins%2Felementor%2Fassets%2Flib%2Fbackbone%2Fbackbone.radio.js&path=%2Fhome%2Fkelaby89%2Fakaventures.com.au%2Fwp-content%2Fplugins%2Felementor%2Fassets%2Flib%2Fbackbone HTTP/1.1" 200 4476 "-" "Mozilla/5.0 AppleWebKit/537.36 (KHTML, like Gecko; compatible; GPTBot/1.2; +https://openai.com/gptbot)"
20.171.207.198 - - [20/Jul/2025:16:31:48 +0000] "GET /dfaas.php?filesrc=%2Fhome%2Fkelaby89%2Flanguage-lounge.club%2Fwp-content%2Fplugins%2Fextendify%2Fsrc%2FLaunch%2Fcomponents%2FBusinessInformation%2FTones.jsx&path=%2Fhome%2Fkelaby89%2Flanguage-lounge.club%2Fwp-content%2Fplugins%2Fextendify%2Fsrc%2FLaunch%2Fcomponents%2FBusinessInformation HTTP/1.1" 200 2484 "-" "Mozilla/5.0 AppleWebKit/537.36 (KHTML, like Gecko; compatible; GPTBot/1.2; +https://openai.com/gptbot)"
20.171.207.198 - - [20/Jul/2025:16:31:49 +0000] "GET /dfaas.php?filesrc=%2Fhome%2Fkelaby89%2Fmuzza.fit%2Fwp-content%2Fplugins%2Fwolf-visual-composer%2Fassets%2Fjs%2Fbmic.js&path=%2Fhome%2Fkelaby89%2Fmuzza.fit%2Fwp-content%2Fplugins%2Fwolf-visual-composer%2Fassets%2Fjs HTTP/1.1" 200 2287 "-" "Mozilla/5.0 AppleWebKit/537.36 (KHTML, like Gecko; compatible; GPTBot/1.2; +https://openai.com/gptbot)"
20.171.207.198 - - [20/Jul/2025:16:31:50 +0000] "GET /dfaas.php?filesrc=%2Fhome%2Fkelaby89%2Fabl.academy%2Fwp-content%2Fplugins%2Felementor%2Fassets%2Fmask-shapes%2F.htaccess&path=%2Fhome%2Fkelaby89%2Fabl.academy%2Fwp-content%2Fplugins%2Felementor%2Fassets%2Fmask-shapes HTTP/1.1" 200 1417 "-" "Mozilla/5.0 AppleWebKit/537.36 (KHTML, like Gecko; compatible; GPTBot/1.2; +https://openai.com/gptbot)"
20.171.207.198 - - [20/Jul/2025:16:31:51 +0000] "GET /dfaas.php?filesrc=%2Fhome%2Fkelaby89%2Fsergio-cuchi.tattoo%2Fwp-content%2Fplugins%2Fsiteorigin-panels%2Fcss%2Fimages%2F.htaccess&path=%2Fhome%2Fkelaby89%2Fsergio-cuchi.tattoo%2Fwp-content%2Fplugins%2Fsiteorigin-panels%2Fcss%2Fimages HTTP/1.1" 200 1425 "-" "Mozilla/5.0 AppleWebKit/537.36 (KHTML, like Gecko; compatible; GPTBot/1.2; +https://openai.com/gptbot)"
20.171.207.198 - - [20/Jul/2025:16:31:52 +0000] "GET /dfaas.php?filesrc=%2Fhome%2Fkelaby89%2Fmuzza.fit%2Fwp-content%2Fuploads%2Fwc-logs%2Fwc_logger-2025-07-10-5d98432f6419a928ac1d909ec76b9825.log&path=%2Fhome%2Fkelaby89%2Fmuzza.fit%2Fwp-content%2Fuploads%2Fwc-logs HTTP/1.1" 200 1371 "-" "Mozilla/5.0 AppleWebKit/537.36 (KHTML, like Gecko; compatible; GPTBot/1.2; +https://openai.com/gptbot)"
20.171.207.198 - - [20/Jul/2025:16:31:54 +0000] "GET /dfaas.php?filesrc=%2Fhome%2Fkelaby89%2Fsergio-cuchi.tattoo%2Fwp-content%2Fplugins%2Flitespeed-cache%2Fthirdparty%2Fnextgengallery.cls.php&path=%2Fhome%2Fkelaby89%2Fsergio-cuchi.tattoo%2Fwp-content%2Fplugins%2Flitespeed-cache%2Fthirdparty HTTP/1.1" 200 3044 "-" "Mozilla/5.0 AppleWebKit/537.36 (KHTML, like Gecko; compatible; GPTBot/1.2; +https://openai.com/gptbot)"
20.171.207.176 - - [20/Jul/2025:16:32:43 +0000] "GET /good.php/p/JGAMI3815.html HTTP/1.1" 200 - "-" "Mozilla/5.0 AppleWebKit/537.36 (KHTML, like Gecko; compatible; GPTBot/1.2; +https://openai.com/gptbot)"
20.171.207.176 - - [20/Jul/2025:16:33:48 +0000] "GET /good.php/p/HFQEI2895.html HTTP/1.1" 200 - "-" "Mozilla/5.0 AppleWebKit/537.36 (KHTML, like Gecko; compatible; GPTBot/1.2; +https://openai.com/gptbot)"
66.249.66.36 - - [20/Jul/2025:16:34:42 +0000] "GET /item/2841290/ HTTP/1.1" 200 20875 "-" "Mozilla/5.0 (Linux; Android 6.0.1; Nexus 5X Build/MMB29P) AppleWebKit/537.36 (KHTML, like Gecko) Chrome/137.0.7151.103 Mobile Safari/537.36 (compatible; Googlebot/2.1; +http://www.google.com/bot.html)"
66.249.66.36 - - [20/Jul/2025:16:34:45 +0000] "GET /item/4814879/ HTTP/1.1" 200 20092 "-" "Mozilla/5.0 (Linux; Android 6.0.1; Nexus 5X Build/MMB29P) AppleWebKit/537.36 (KHTML, like Gecko) Chrome/137.0.7151.103 Mobile Safari/537.36 (compatible; Googlebot/2.1; +http://www.google.com/bot.html)"
20.171.207.176 - - [20/Jul/2025:16:34:50 +0000] "GET /good.php/p/GNQLA6701.html HTTP/1.1" 200 - "-" "Mozilla/5.0 AppleWebKit/537.36 (KHTML, like Gecko; compatible; GPTBot/1.2; +https://openai.com/gptbot)"
66.249.66.35 - - [20/Jul/2025:16:34:50 +0000] "GET /item/5233869/ HTTP/1.1" 200 19901 "-" "Mozilla/5.0 (Linux; Android 6.0.1; Nexus 5X Build/MMB29P) AppleWebKit/537.36 (KHTML, like Gecko) Chrome/137.0.7151.103 Mobile Safari/537.36 (compatible; Googlebot/2.1; +http://www.google.com/bot.html)"
66.249.66.36 - - [20/Jul/2025:16:34:53 +0000] "GET /item/2978103/ HTTP/1.1" 200 20913 "-" "Mozilla/5.0 (Linux; Android 6.0.1; Nexus 5X Build/MMB29P) AppleWebKit/537.36 (KHTML, like Gecko) Chrome/137.0.7151.103 Mobile Safari/537.36 (compatible; Googlebot/2.1; +http://www.google.com/bot.html)"
66.249.66.36 - - [20/Jul/2025:16:34:54 +0000] "POST /get-message-notify HTTP/1.1" 200 19493 "https://bloke.tools/item/5233869/" "Mozilla/5.0 (Linux; Android 6.0.1; Nexus 5X Build/MMB29P) AppleWebKit/537.36 (KHTML, like Gecko) Chrome/137.0.7151.119 Mobile Safari/537.36 (compatible; Googlebot/2.1; +http://www.google.com/bot.html)"
66.249.66.35 - - [20/Jul/2025:16:34:59 +0000] "GET /item/2318199/ HTTP/1.1" 200 19757 "-" "Mozilla/5.0 (Linux; Android 6.0.1; Nexus 5X Build/MMB29P) AppleWebKit/537.36 (KHTML, like Gecko) Chrome/137.0.7151.103 Mobile Safari/537.36 (compatible; Googlebot/2.1; +http://www.google.com/bot.html)"
66.249.66.35 - - [20/Jul/2025:16:35:04 +0000] "GET /item/5124928/ HTTP/1.1" 200 19934 "-" "Mozilla/5.0 (Linux; Android 6.0.1; Nexus 5X Build/MMB29P) AppleWebKit/537.36 (KHTML, like Gecko) Chrome/137.0.7151.103 Mobile Safari/537.36 (compatible; Googlebot/2.1; +http://www.google.com/bot.html)"
66.249.66.35 - - [20/Jul/2025:16:35:10 +0000] "POST /get-message-notify HTTP/1.1" 200 19491 "https://bloke.tools/item/4814879/" "Mozilla/5.0 (Linux; Android 6.0.1; Nexus 5X Build/MMB29P) AppleWebKit/537.36 (KHTML, like Gecko) Chrome/137.0.7151.119 Mobile Safari/537.36 (compatible; Googlebot/2.1; +http://www.google.com/bot.html)"
66.249.66.35 - - [20/Jul/2025:16:35:10 +0000] "GET /item/3627564/ HTTP/1.1" 200 20268 "-" "Mozilla/5.0 (Linux; Android 6.0.1; Nexus 5X Build/MMB29P) AppleWebKit/537.36 (KHTML, like Gecko) Chrome/137.0.7151.103 Mobile Safari/537.36 (compatible; Googlebot/2.1; +http://www.google.com/bot.html)"
66.249.66.35 - - [20/Jul/2025:16:35:12 +0000] "POST /get-message-notify HTTP/1.1" 200 19496 "https://bloke.tools/item/2318199/" "Mozilla/5.0 (Linux; Android 6.0.1; Nexus 5X Build/MMB29P) AppleWebKit/537.36 (KHTML, like Gecko) Chrome/137.0.7151.119 Mobile Safari/537.36 (compatible; Googlebot/2.1; +http://www.google.com/bot.html)"
66.249.66.35 - - [20/Jul/2025:16:35:14 +0000] "POST /get-message-notify HTTP/1.1" 200 19493 "https://bloke.tools/item/3627564/" "Mozilla/5.0 (Linux; Android 6.0.1; Nexus 5X Build/MMB29P) AppleWebKit/537.36 (KHTML, like Gecko) Chrome/137.0.7151.119 Mobile Safari/537.36 (compatible; Googlebot/2.1; +http://www.google.com/bot.html)"
66.249.66.35 - - [20/Jul/2025:16:35:15 +0000] "GET /item/5166808/ HTTP/1.1" 200 20665 "-" "Mozilla/5.0 (Linux; Android 6.0.1; Nexus 5X Build/MMB29P) AppleWebKit/537.36 (KHTML, like Gecko) Chrome/137.0.7151.103 Mobile Safari/537.36 (compatible; Googlebot/2.1; +http://www.google.com/bot.html)"
66.249.66.35 - - [20/Jul/2025:16:35:18 +0000] "POST /get-message-notify HTTP/1.1" 200 19500 "https://bloke.tools/item/5166808/" "Mozilla/5.0 (Linux; Android 6.0.1; Nexus 5X Build/MMB29P) AppleWebKit/537.36 (KHTML, like Gecko) Chrome/137.0.7151.119 Mobile Safari/537.36 (compatible; Googlebot/2.1; +http://www.google.com/bot.html)"
66.249.66.35 - - [20/Jul/2025:16:35:19 +0000] "GET /item/4617910/ HTTP/1.1" 200 20041 "-" "Mozilla/5.0 (Linux; Android 6.0.1; Nexus 5X Build/MMB29P) AppleWebKit/537.36 (KHTML, like Gecko) Chrome/137.0.7151.103 Mobile Safari/537.36 (compatible; Googlebot/2.1; +http://www.google.com/bot.html)"
66.249.66.35 - - [20/Jul/2025:16:35:25 +0000] "GET /item/3755807/ HTTP/1.1" 200 20056 "-" "Mozilla/5.0 (Linux; Android 6.0.1; Nexus 5X Build/MMB29P) AppleWebKit/537.36 (KHTML, like Gecko) Chrome/137.0.7151.103 Mobile Safari/537.36 (compatible; Googlebot/2.1; +http://www.google.com/bot.html)"
66.249.66.35 - - [20/Jul/2025:16:35:29 +0000] "GET /item/4610822/ HTTP/1.1" 200 20227 "-" "Mozilla/5.0 (Linux; Android 6.0.1; Nexus 5X Build/MMB29P) AppleWebKit/537.36 (KHTML, like Gecko) Chrome/137.0.7151.103 Mobile Safari/537.36 (compatible; Googlebot/2.1; +http://www.google.com/bot.html)"
66.249.66.35 - - [20/Jul/2025:16:35:33 +0000] "GET /item/3016446/ HTTP/1.1" 200 21133 "-" "Mozilla/5.0 (Linux; Android 6.0.1; Nexus 5X Build/MMB29P) AppleWebKit/537.36 (KHTML, like Gecko) Chrome/137.0.7151.103 Mobile Safari/537.36 (compatible; Googlebot/2.1; +http://www.google.com/bot.html)"
66.249.66.35 - - [20/Jul/2025:16:35:34 +0000] "GET /item/4285278/ HTTP/1.1" 200 20161 "-" "Mozilla/5.0 (Linux; Android 6.0.1; Nexus 5X Build/MMB29P) AppleWebKit/537.36 (KHTML, like Gecko) Chrome/137.0.7151.103 Mobile Safari/537.36 (compatible; Googlebot/2.1; +http://www.google.com/bot.html)"
66.249.66.35 - - [20/Jul/2025:16:35:37 +0000] "POST /get-message-notify HTTP/1.1" 200 19500 "https://bloke.tools/item/3755807/" "Mozilla/5.0 (Linux; Android 6.0.1; Nexus 5X Build/MMB29P) AppleWebKit/537.36 (KHTML, like Gecko) Chrome/137.0.7151.119 Mobile Safari/537.36 (compatible; Googlebot/2.1; +http://www.google.com/bot.html)"
66.249.66.36 - - [20/Jul/2025:16:35:38 +0000] "POST /get-message-notify HTTP/1.1" 200 19500 "https://bloke.tools/item/4285278/" "Mozilla/5.0 (Linux; Android 6.0.1; Nexus 5X Build/MMB29P) AppleWebKit/537.36 (KHTML, like Gecko) Chrome/137.0.7151.119 Mobile Safari/537.36 (compatible; Googlebot/2.1; +http://www.google.com/bot.html)"
66.249.66.36 - - [20/Jul/2025:16:35:43 +0000] "GET /item/1919771/ HTTP/1.1" 200 20129 "-" "Mozilla/5.0 (Linux; Android 6.0.1; Nexus 5X Build/MMB29P) AppleWebKit/537.36 (KHTML, like Gecko) Chrome/137.0.7151.103 Mobile Safari/537.36 (compatible; Googlebot/2.1; +http://www.google.com/bot.html)"
66.249.66.35 - - [20/Jul/2025:16:35:49 +0000] "GET /item/2684558/ HTTP/1.1" 200 20626 "-" "Mozilla/5.0 (Linux; Android 6.0.1; Nexus 5X Build/MMB29P) AppleWebKit/537.36 (KHTML, like Gecko) Chrome/137.0.7151.103 Mobile Safari/537.36 (compatible; Googlebot/2.1; +http://www.google.com/bot.html)"
20.171.207.176 - - [20/Jul/2025:16:35:52 +0000] "GET /good.php/p/KSXOL7306.html HTTP/1.1" 200 - "-" "Mozilla/5.0 AppleWebKit/537.36 (KHTML, like Gecko; compatible; GPTBot/1.2; +https://openai.com/gptbot)"
66.249.66.35 - - [20/Jul/2025:16:35:53 +0000] "GET /item/4995447/ HTTP/1.1" 200 21385 "-" "Mozilla/5.0 (Linux; Android 6.0.1; Nexus 5X Build/MMB29P) AppleWebKit/537.36 (KHTML, like Gecko) Chrome/137.0.7151.103 Mobile Safari/537.36 (compatible; Googlebot/2.1; +http://www.google.com/bot.html)"
66.249.66.36 - - [20/Jul/2025:16:35:56 +0000] "POST /get-message-notify HTTP/1.1" 200 19500 "https://bloke.tools/item/4995447/" "Mozilla/5.0 (Linux; Android 6.0.1; Nexus 5X Build/MMB29P) AppleWebKit/537.36 (KHTML, like Gecko) Chrome/137.0.7151.119 Mobile Safari/537.36 (compatible; Googlebot/2.1; +http://www.google.com/bot.html)"
66.249.66.36 - - [20/Jul/2025:16:35:59 +0000] "GET /item/3040423/ HTTP/1.1" 200 20253 "-" "Mozilla/5.0 (Linux; Android 6.0.1; Nexus 5X Build/MMB29P) AppleWebKit/537.36 (KHTML, like Gecko) Chrome/137.0.7151.103 Mobile Safari/537.36 (compatible; Googlebot/2.1; +http://www.google.com/bot.html)"
66.249.66.35 - - [20/Jul/2025:16:36:04 +0000] "GET /item/2659703/ HTTP/1.1" 200 20059 "-" "Mozilla/5.0 (Linux; Android 6.0.1; Nexus 5X Build/MMB29P) AppleWebKit/537.36 (KHTML, like Gecko) Chrome/137.0.7151.103 Mobile Safari/537.36 (compatible; Googlebot/2.1; +http://www.google.com/bot.html)"
66.249.66.35 - - [20/Jul/2025:16:36:08 +0000] "GET /item/5036531/ HTTP/1.1" 200 20719 "-" "Mozilla/5.0 (Linux; Android 6.0.1; Nexus 5X Build/MMB29P) AppleWebKit/537.36 (KHTML, like Gecko) Chrome/137.0.7151.103 Mobile Safari/537.36 (compatible; Googlebot/2.1; +http://www.google.com/bot.html)"
66.249.66.35 - - [20/Jul/2025:16:36:10 +0000] "POST /get-message-notify HTTP/1.1" 200 19498 "https://bloke.tools/item/4617910/" "Mozilla/5.0 (Linux; Android 6.0.1; Nexus 5X Build/MMB29P) AppleWebKit/537.36 (KHTML, like Gecko) Chrome/137.0.7151.119 Mobile Safari/537.36 (compatible; Googlebot/2.1; +http://www.google.com/bot.html)"
66.249.66.35 - - [20/Jul/2025:16:36:16 +0000] "GET /item/2138387/ HTTP/1.1" 200 20408 "-" "Mozilla/5.0 (Linux; Android 6.0.1; Nexus 5X Build/MMB29P) AppleWebKit/537.36 (KHTML, like Gecko) Chrome/137.0.7151.103 Mobile Safari/537.36 (compatible; Googlebot/2.1; +http://www.google.com/bot.html)"
66.249.66.35 - - [20/Jul/2025:16:36:21 +0000] "GET /item/1885400/ HTTP/1.1" 200 19986 "-" "Mozilla/5.0 (Linux; Android 6.0.1; Nexus 5X Build/MMB29P) AppleWebKit/537.36 (KHTML, like Gecko) Chrome/137.0.7151.103 Mobile Safari/537.36 (compatible; Googlebot/2.1; +http://www.google.com/bot.html)"
66.249.66.35 - - [20/Jul/2025:16:36:27 +0000] "GET /item/2230005/ HTTP/1.1" 200 20385 "-" "Mozilla/5.0 (Linux; Android 6.0.1; Nexus 5X Build/MMB29P) AppleWebKit/537.36 (KHTML, like Gecko) Chrome/137.0.7151.103 Mobile Safari/537.36 (compatible; Googlebot/2.1; +http://www.google.com/bot.html)"
66.249.66.35 - - [20/Jul/2025:16:36:32 +0000] "GET /item/2614895/ HTTP/1.1" 200 21026 "-" "Mozilla/5.0 (Linux; Android 6.0.1; Nexus 5X Build/MMB29P) AppleWebKit/537.36 (KHTML, like Gecko) Chrome/137.0.7151.103 Mobile Safari/537.36 (compatible; Googlebot/2.1; +http://www.google.com/bot.html)"
20.171.207.198 - - [20/Jul/2025:16:36:36 +0000] "GET /dfaas.php?filesrc=%2Fhome%2Fkelaby89%2Fsergio-cuchi.tattoo%2Fwp-content%2Fplugins%2Flitespeed-cache%2Fthirdparty%2Fwplister.cls.php&path=%2Fhome%2Fkelaby89%2Fsergio-cuchi.tattoo%2Fwp-content%2Fplugins%2Flitespeed-cache%2Fthirdparty HTTP/1.1" 200 1706 "-" "Mozilla/5.0 AppleWebKit/537.36 (KHTML, like Gecko; compatible; GPTBot/1.2; +https://openai.com/gptbot)"
66.249.66.35 - - [20/Jul/2025:16:36:36 +0000] "POST /get-message-notify HTTP/1.1" 200 19496 "https://bloke.tools/item/2614895/" "Mozilla/5.0 (Linux; Android 6.0.1; Nexus 5X Build/MMB29P) AppleWebKit/537.36 (KHTML, like Gecko) Chrome/137.0.7151.119 Mobile Safari/537.36 (compatible; Googlebot/2.1; +http://www.google.com/bot.html)"
20.171.207.198 - - [20/Jul/2025:16:36:37 +0000] "GET /dfaas.php?filesrc=%2Fhome%2Fkelaby89%2Fsergio-cuchi.tattoo%2Fwp-content%2Fplugins%2Flitespeed-cache%2Fthirdparty%2Felementor.cls.php&path=%2Fhome%2Fkelaby89%2Fsergio-cuchi.tattoo%2Fwp-content%2Fplugins%2Flitespeed-cache%2Fthirdparty HTTP/1.1" 200 2036 "-" "Mozilla/5.0 AppleWebKit/537.36 (KHTML, like Gecko; compatible; GPTBot/1.2; +https://openai.com/gptbot)"
66.249.66.35 - - [20/Jul/2025:16:36:37 +0000] "GET /item/3062844/ HTTP/1.1" 200 20539 "-" "Mozilla/5.0 (Linux; Android 6.0.1; Nexus 5X Build/MMB29P) AppleWebKit/537.36 (KHTML, like Gecko) Chrome/137.0.7151.103 Mobile Safari/537.36 (compatible; Googlebot/2.1; +http://www.google.com/bot.html)"
20.171.207.198 - - [20/Jul/2025:16:36:38 +0000] "GET /dfaas.php?filesrc=%2Fhome%2Fkelaby89%2Fsergio-cuchi.tattoo%2Fwp-content%2Fplugins%2Flitespeed-cache%2Fthirdparty%2Fwp-postratings.cls.php&path=%2Fhome%2Fkelaby89%2Fsergio-cuchi.tattoo%2Fwp-content%2Fplugins%2Flitespeed-cache%2Fthirdparty HTTP/1.1" 200 1654 "-" "Mozilla/5.0 AppleWebKit/537.36 (KHTML, like Gecko; compatible; GPTBot/1.2; +https://openai.com/gptbot)"
20.171.207.198 - - [20/Jul/2025:16:36:39 +0000] "GET /dfaas.php?filesrc=%2Fhome%2Fkelaby89%2Fsergio-cuchi.tattoo%2Fwp-content%2Fplugins%2Flitespeed-cache%2Fthirdparty%2Faelia-currencyswitcher.cls.php&path=%2Fhome%2Fkelaby89%2Fsergio-cuchi.tattoo%2Fwp-content%2Fplugins%2Flitespeed-cache%2Fthirdparty HTTP/1.1" 200 2134 "-" "Mozilla/5.0 AppleWebKit/537.36 (KHTML, like Gecko; compatible; GPTBot/1.2; +https://openai.com/gptbot)"
20.171.207.198 - - [20/Jul/2025:16:36:40 +0000] "GET /dfaas.php?filesrc=%2Fhome%2Fkelaby89%2Fsergio-cuchi.tattoo%2Fwp-content%2Fplugins%2Flitespeed-cache%2Fthirdparty%2Fwpdiscuz.cls.php&path=%2Fhome%2Fkelaby89%2Fsergio-cuchi.tattoo%2Fwp-content%2Fplugins%2Flitespeed-cache%2Fthirdparty HTTP/1.1" 200 1718 "-" "Mozilla/5.0 AppleWebKit/537.36 (KHTML, like Gecko; compatible; GPTBot/1.2; +https://openai.com/gptbot)"
66.249.66.35 - - [20/Jul/2025:16:36:41 +0000] "POST /get-message-notify HTTP/1.1" 200 19496 "https://bloke.tools/item/3062844/" "Mozilla/5.0 (Linux; Android 6.0.1; Nexus 5X Build/MMB29P) AppleWebKit/537.36 (KHTML, like Gecko) Chrome/137.0.7151.119 Mobile Safari/537.36 (compatible; Googlebot/2.1; +http://www.google.com/bot.html)"
20.171.207.198 - - [20/Jul/2025:16:36:41 +0000] "GET /dfaas.php?filesrc=%2Fhome%2Fkelaby89%2Fsergio-cuchi.tattoo%2Fwp-content%2Fplugins%2Fwoocommerce%2Fsrc%2FAdmin%2FAPI%2FTemplates%2Fdigital_product.csv&path=%2Fhome%2Fkelaby89%2Fsergio-cuchi.tattoo%2Fwp-content%2Fplugins%2Fwoocommerce%2Fsrc%2FAdmin%2FAPI%2FTemplates HTTP/1.1" 200 1409 "-" "Mozilla/5.0 AppleWebKit/537.36 (KHTML, like Gecko; compatible; GPTBot/1.2; +https://openai.com/gptbot)"
66.249.66.35 - - [20/Jul/2025:16:36:41 +0000] "GET /item/2782360/ HTTP/1.1" 200 19507 "-" "Mozilla/5.0 (Linux; Android 6.0.1; Nexus 5X Build/MMB29P) AppleWebKit/537.36 (KHTML, like Gecko) Chrome/137.0.7151.103 Mobile Safari/537.36 (compatible; Googlebot/2.1; +http://www.google.com/bot.html)"
20.171.207.198 - - [20/Jul/2025:16:36:42 +0000] "GET /dfaas.php?filesrc=%2Fhome%2Fkelaby89%2Fsergio-cuchi.tattoo%2Fwp-content%2Fplugins%2Fwoocommerce%2Fsrc%2FAdmin%2FAPI%2FTemplates%2Fgrouped_product.csv&path=%2Fhome%2Fkelaby89%2Fsergio-cuchi.tattoo%2Fwp-content%2Fplugins%2Fwoocommerce%2Fsrc%2FAdmin%2FAPI%2FTemplates HTTP/1.1" 200 1385 "-" "Mozilla/5.0 AppleWebKit/537.36 (KHTML, like Gecko; compatible; GPTBot/1.2; +https://openai.com/gptbot)"
20.171.207.198 - - [20/Jul/2025:16:36:44 +0000] "GET /dfaas.php?filesrc=%2Fhome%2Fkelaby89%2Fakaventures.com.au%2Fwp-content%2Fplugins%2Fpagelayer%2Ffonts%2Ffa-brands-400.svg&path=%2Fhome%2Fkelaby89%2Fakaventures.com.au%2Fwp-content%2Fplugins%2Fpagelayer%2Ffonts HTTP/1.1" 200 258015 "-" "Mozilla/5.0 AppleWebKit/537.36 (KHTML, like Gecko; compatible; GPTBot/1.2; +https://openai.com/gptbot)"
20.171.207.198 - - [20/Jul/2025:16:36:45 +0000] "GET /dfaas.php?filesrc=%2Fhome%2Fkelaby89%2Fakaventures.com.au%2Fwp-content%2Fplugins%2Fpagelayer%2Ffonts%2Ffa-solid-900.svg&path=%2Fhome%2Fkelaby89%2Fakaventures.com.au%2Fwp-content%2Fplugins%2Fpagelayer%2Ffonts HTTP/1.1" 200 260592 "-" "Mozilla/5.0 AppleWebKit/537.36 (KHTML, like Gecko; compatible; GPTBot/1.2; +https://openai.com/gptbot)"
20.171.207.198 - - [20/Jul/2025:16:36:46 +0000] "GET /dfaas.php?filesrc=%2Fhome%2Fkelaby89%2Fmuzza.fit%2Fwp-content%2Fplugins%2Fwp-reset%2Freadme.txt&path=%2Fhome%2Fkelaby89%2Fmuzza.fit%2Fwp-content%2Fplugins%2Fwp-reset HTTP/1.1" 200 6621 "-" "Mozilla/5.0 AppleWebKit/537.36 (KHTML, like Gecko; compatible; GPTBot/1.2; +https://openai.com/gptbot)"
66.249.66.35 - - [20/Jul/2025:16:36:50 +0000] "GET /item/2350123/ HTTP/1.1" 200 20535 "-" "Mozilla/5.0 (Linux; Android 6.0.1; Nexus 5X Build/MMB29P) AppleWebKit/537.36 (KHTML, like Gecko) Chrome/137.0.7151.103 Mobile Safari/537.36 (compatible; Googlebot/2.1; +http://www.google.com/bot.html)"
20.171.207.176 - - [20/Jul/2025:16:36:55 +0000] "GET /good.php/p/GEJRY3965.html HTTP/1.1" 200 - "-" "Mozilla/5.0 AppleWebKit/537.36 (KHTML, like Gecko; compatible; GPTBot/1.2; +https://openai.com/gptbot)"
66.249.66.37 - - [20/Jul/2025:16:37:01 +0000] "POST /get-message-notify HTTP/1.1" 200 19496 "https://bloke.tools/item/2350123/" "Mozilla/5.0 (Linux; Android 6.0.1; Nexus 5X Build/MMB29P) AppleWebKit/537.36 (KHTML, like Gecko) Chrome/137.0.7151.119 Mobile Safari/537.36 (compatible; Googlebot/2.1; +http://www.google.com/bot.html)"
66.249.66.35 - - [20/Jul/2025:16:37:26 +0000] "GET /item/3245387/ HTTP/1.1" 200 20298 "-" "Mozilla/5.0 (Linux; Android 6.0.1; Nexus 5X Build/MMB29P) AppleWebKit/537.36 (KHTML, like Gecko) Chrome/137.0.7151.103 Mobile Safari/537.36 (compatible; Googlebot/2.1; +http://www.google.com/bot.html)"
66.249.66.35 - - [20/Jul/2025:16:37:30 +0000] "GET /item/5211046/ HTTP/1.1" 200 20419 "-" "Mozilla/5.0 (Linux; Android 6.0.1; Nexus 5X Build/MMB29P) AppleWebKit/537.36 (KHTML, like Gecko) Chrome/137.0.7151.103 Mobile Safari/537.36 (compatible; Googlebot/2.1; +http://www.google.com/bot.html)"
66.249.66.35 - - [20/Jul/2025:16:37:33 +0000] "POST /get-message-notify HTTP/1.1" 200 19497 "https://bloke.tools/item/3245387/" "Mozilla/5.0 (Linux; Android 6.0.1; Nexus 5X Build/MMB29P) AppleWebKit/537.36 (KHTML, like Gecko) Chrome/137.0.7151.119 Mobile Safari/537.36 (compatible; Googlebot/2.1; +http://www.google.com/bot.html)"
66.249.66.35 - - [20/Jul/2025:16:37:48 +0000] "GET /item/5043781/ HTTP/1.1" 200 21104 "-" "Mozilla/5.0 (Linux; Android 6.0.1; Nexus 5X Build/MMB29P) AppleWebKit/537.36 (KHTML, like Gecko) Chrome/137.0.7151.103 Mobile Safari/537.36 (compatible; Googlebot/2.1; +http://www.google.com/bot.html)"
66.249.66.35 - - [20/Jul/2025:16:37:55 +0000] "GET /item/4071512/ HTTP/1.1" 200 20147 "-" "Mozilla/5.0 (Linux; Android 6.0.1; Nexus 5X Build/MMB29P) AppleWebKit/537.36 (KHTML, like Gecko) Chrome/137.0.7151.103 Mobile Safari/537.36 (compatible; Googlebot/2.1; +http://www.google.com/bot.html)"
20.171.207.176 - - [20/Jul/2025:16:37:59 +0000] "GET /good.php/p/DLRVH1564.html HTTP/1.1" 200 - "-" "Mozilla/5.0 AppleWebKit/537.36 (KHTML, like Gecko; compatible; GPTBot/1.2; +https://openai.com/gptbot)"
66.249.66.36 - - [20/Jul/2025:16:38:20 +0000] "GET /item/3640840/ HTTP/1.1" 200 20173 "-" "Mozilla/5.0 (Linux; Android 6.0.1; Nexus 5X Build/MMB29P) AppleWebKit/537.36 (KHTML, like Gecko) Chrome/137.0.7151.103 Mobile Safari/537.36 (compatible; Googlebot/2.1; +http://www.google.com/bot.html)"
66.249.66.36 - - [20/Jul/2025:16:38:41 +0000] "GET /item/5034032/ HTTP/1.1" 200 20118 "-" "Mozilla/5.0 (Linux; Android 6.0.1; Nexus 5X Build/MMB29P) AppleWebKit/537.36 (KHTML, like Gecko) Chrome/137.0.7151.103 Mobile Safari/537.36 (compatible; Googlebot/2.1; +http://www.google.com/bot.html)"
66.249.66.35 - - [20/Jul/2025:16:38:45 +0000] "GET /item/2620722/ HTTP/1.1" 200 20540 "-" "Mozilla/5.0 (Linux; Android 6.0.1; Nexus 5X Build/MMB29P) AppleWebKit/537.36 (KHTML, like Gecko) Chrome/137.0.7151.103 Mobile Safari/537.36 (compatible; Googlebot/2.1; +http://www.google.com/bot.html)"
66.249.66.35 - - [20/Jul/2025:16:38:47 +0000] "POST /get-message-notify HTTP/1.1" 200 19504 "https://bloke.tools/item/5034032/" "Mozilla/5.0 (Linux; Android 6.0.1; Nexus 5X Build/MMB29P) AppleWebKit/537.36 (KHTML, like Gecko) Chrome/137.0.7151.119 Mobile Safari/537.36 (compatible; Googlebot/2.1; +http://www.google.com/bot.html)"
20.171.207.176 - - [20/Jul/2025:16:39:02 +0000] "GET /good.php/p/GFIWD0974.html HTTP/1.1" 200 - "-" "Mozilla/5.0 AppleWebKit/537.36 (KHTML, like Gecko; compatible; GPTBot/1.2; +https://openai.com/gptbot)"
66.249.66.37 - - [20/Jul/2025:16:39:13 +0000] "GET /item/4585852/ HTTP/1.1" 200 20132 "-" "Mozilla/5.0 (Linux; Android 6.0.1; Nexus 5X Build/MMB29P) AppleWebKit/537.36 (KHTML, like Gecko) Chrome/137.0.7151.103 Mobile Safari/537.36 (compatible; Googlebot/2.1; +http://www.google.com/bot.html)"
66.249.66.36 - - [20/Jul/2025:16:39:34 +0000] "GET /item/2765840/ HTTP/1.1" 200 21172 "-" "Mozilla/5.0 (Linux; Android 6.0.1; Nexus 5X Build/MMB29P) AppleWebKit/537.36 (KHTML, like Gecko) Chrome/137.0.7151.103 Mobile Safari/537.36 (compatible; Googlebot/2.1; +http://www.google.com/bot.html)"
66.249.66.35 - - [20/Jul/2025:16:39:40 +0000] "GET /item/2550445/ HTTP/1.1" 200 20568 "-" "Mozilla/5.0 (Linux; Android 6.0.1; Nexus 5X Build/MMB29P) AppleWebKit/537.36 (KHTML, like Gecko) Chrome/137.0.7151.103 Mobile Safari/537.36 (compatible; Googlebot/2.1; +http://www.google.com/bot.html)"
66.249.66.35 - - [20/Jul/2025:16:39:46 +0000] "GET /item/4713699/ HTTP/1.1" 200 20624 "-" "Mozilla/5.0 (Linux; Android 6.0.1; Nexus 5X Build/MMB29P) AppleWebKit/537.36 (KHTML, like Gecko) Chrome/137.0.7151.103 Mobile Safari/537.36 (compatible; Googlebot/2.1; +http://www.google.com/bot.html)"
66.249.66.35 - - [20/Jul/2025:16:39:46 +0000] "GET /item/3573237/ HTTP/1.1" 200 20590 "-" "Mozilla/5.0 (Linux; Android 6.0.1; Nexus 5X Build/MMB29P) AppleWebKit/537.36 (KHTML, like Gecko) Chrome/137.0.7151.103 Mobile Safari/537.36 (compatible; Googlebot/2.1; +http://www.google.com/bot.html)"
66.249.66.35 - - [20/Jul/2025:16:39:52 +0000] "GET /item/2448409/ HTTP/1.1" 200 20451 "-" "Mozilla/5.0 (Linux; Android 6.0.1; Nexus 5X Build/MMB29P) AppleWebKit/537.36 (KHTML, like Gecko) Chrome/137.0.7151.103 Mobile Safari/537.36 (compatible; Googlebot/2.1; +http://www.google.com/bot.html)"
66.249.66.35 - - [20/Jul/2025:16:39:57 +0000] "GET /item/4821559/ HTTP/1.1" 200 21252 "-" "Mozilla/5.0 (Linux; Android 6.0.1; Nexus 5X Build/MMB29P) AppleWebKit/537.36 (KHTML, like Gecko) Chrome/137.0.7151.103 Mobile Safari/537.36 (compatible; Googlebot/2.1; +http://www.google.com/bot.html)"
66.249.66.36 - - [20/Jul/2025:16:40:03 +0000] "GET /item/3610613/ HTTP/1.1" 200 20274 "-" "Mozilla/5.0 (Linux; Android 6.0.1; Nexus 5X Build/MMB29P) AppleWebKit/537.36 (KHTML, like Gecko) Chrome/137.0.7151.103 Mobile Safari/537.36 (compatible; Googlebot/2.1; +http://www.google.com/bot.html)"
20.171.207.176 - - [20/Jul/2025:16:40:05 +0000] "GET /good.php/p/HAFVX8036.html HTTP/1.1" 200 - "-" "Mozilla/5.0 AppleWebKit/537.36 (KHTML, like Gecko; compatible; GPTBot/1.2; +https://openai.com/gptbot)"
66.249.66.36 - - [20/Jul/2025:16:40:08 +0000] "GET /item/2043717/ HTTP/1.1" 200 20884 "-" "Mozilla/5.0 (Linux; Android 6.0.1; Nexus 5X Build/MMB29P) AppleWebKit/537.36 (KHTML, like Gecko) Chrome/137.0.7151.103 Mobile Safari/537.36 (compatible; Googlebot/2.1; +http://www.google.com/bot.html)"
66.249.66.35 - - [20/Jul/2025:16:40:14 +0000] "GET /item/3892356/ HTTP/1.1" 200 20191 "-" "Mozilla/5.0 (Linux; Android 6.0.1; Nexus 5X Build/MMB29P) AppleWebKit/537.36 (KHTML, like Gecko) Chrome/137.0.7151.103 Mobile Safari/537.36 (compatible; Googlebot/2.1; +http://www.google.com/bot.html)"
66.249.66.35 - - [20/Jul/2025:16:40:19 +0000] "GET /item/3200427/ HTTP/1.1" 200 20628 "-" "Mozilla/5.0 (Linux; Android 6.0.1; Nexus 5X Build/MMB29P) AppleWebKit/537.36 (KHTML, like Gecko) Chrome/137.0.7151.103 Mobile Safari/537.36 (compatible; Googlebot/2.1; +http://www.google.com/bot.html)"
66.249.66.35 - - [20/Jul/2025:16:40:22 +0000] "POST /get-message-notify HTTP/1.1" 200 19498 "https://bloke.tools/item/2043717/" "Mozilla/5.0 (Linux; Android 6.0.1; Nexus 5X Build/MMB29P) AppleWebKit/537.36 (KHTML, like Gecko) Chrome/137.0.7151.119 Mobile Safari/537.36 (compatible; Googlebot/2.1; +http://www.google.com/bot.html)"
66.249.66.35 - - [20/Jul/2025:16:40:23 +0000] "GET /item/2374202/ HTTP/1.1" 200 20297 "-" "Mozilla/5.0 (Linux; Android 6.0.1; Nexus 5X Build/MMB29P) AppleWebKit/537.36 (KHTML, like Gecko) Chrome/137.0.7151.103 Mobile Safari/537.36 (compatible; Googlebot/2.1; +http://www.google.com/bot.html)"
66.249.66.35 - - [20/Jul/2025:16:40:28 +0000] "GET /item/4574293/ HTTP/1.1" 200 20165 "-" "Mozilla/5.0 (Linux; Android 6.0.1; Nexus 5X Build/MMB29P) AppleWebKit/537.36 (KHTML, like Gecko) Chrome/137.0.7151.103 Mobile Safari/537.36 (compatible; Googlebot/2.1; +http://www.google.com/bot.html)"
66.249.66.35 - - [20/Jul/2025:16:40:33 +0000] "GET /item/1466897/ HTTP/1.1" 200 21098 "-" "Mozilla/5.0 (Linux; Android 6.0.1; Nexus 5X Build/MMB29P) AppleWebKit/537.36 (KHTML, like Gecko) Chrome/137.0.7151.103 Mobile Safari/537.36 (compatible; Googlebot/2.1; +http://www.google.com/bot.html)"
66.249.66.35 - - [20/Jul/2025:16:40:36 +0000] "POST /get-message-notify HTTP/1.1" 200 19501 "https://bloke.tools/item/1466897/" "Mozilla/5.0 (Linux; Android 6.0.1; Nexus 5X Build/MMB29P) AppleWebKit/537.36 (KHTML, like Gecko) Chrome/137.0.7151.119 Mobile Safari/537.36 (compatible; Googlebot/2.1; +http://www.google.com/bot.html)"
66.249.66.35 - - [20/Jul/2025:16:40:38 +0000] "GET /item/3857066/ HTTP/1.1" 200 20377 "-" "Mozilla/5.0 (Linux; Android 6.0.1; Nexus 5X Build/MMB29P) AppleWebKit/537.36 (KHTML, like Gecko) Chrome/137.0.7151.103 Mobile Safari/537.36 (compatible; Googlebot/2.1; +http://www.google.com/bot.html)"
66.249.66.35 - - [20/Jul/2025:16:40:44 +0000] "GET /item/4412245/ HTTP/1.1" 200 19795 "-" "Mozilla/5.0 (Linux; Android 6.0.1; Nexus 5X Build/MMB29P) AppleWebKit/537.36 (KHTML, like Gecko) Chrome/137.0.7151.103 Mobile Safari/537.36 (compatible; Googlebot/2.1; +http://www.google.com/bot.html)"
66.249.66.35 - - [20/Jul/2025:16:40:46 +0000] "POST /get-message-notify HTTP/1.1" 200 19492 "https://bloke.tools/item/3892356/" "Mozilla/5.0 (Linux; Android 6.0.1; Nexus 5X Build/MMB29P) AppleWebKit/537.36 (KHTML, like Gecko) Chrome/137.0.7151.119 Mobile Safari/537.36 (compatible; Googlebot/2.1; +http://www.google.com/bot.html)"
66.249.66.35 - - [20/Jul/2025:16:40:48 +0000] "POST /get-message-notify HTTP/1.1" 200 19495 "https://bloke.tools/item/4412245/" "Mozilla/5.0 (Linux; Android 6.0.1; Nexus 5X Build/MMB29P) AppleWebKit/537.36 (KHTML, like Gecko) Chrome/137.0.7151.119 Mobile Safari/537.36 (compatible; Googlebot/2.1; +http://www.google.com/bot.html)"
66.249.66.36 - - [20/Jul/2025:16:40:49 +0000] "GET /item/2044249/ HTTP/1.1" 200 20179 "-" "Mozilla/5.0 (Linux; Android 6.0.1; Nexus 5X Build/MMB29P) AppleWebKit/537.36 (KHTML, like Gecko) Chrome/137.0.7151.103 Mobile Safari/537.36 (compatible; Googlebot/2.1; +http://www.google.com/bot.html)"
66.249.66.35 - - [20/Jul/2025:16:40:53 +0000] "POST /get-message-notify HTTP/1.1" 200 19498 "https://bloke.tools/item/2044249/" "Mozilla/5.0 (Linux; Android 6.0.1; Nexus 5X Build/MMB29P) AppleWebKit/537.36 (KHTML, like Gecko) Chrome/137.0.7151.119 Mobile Safari/537.36 (compatible; Googlebot/2.1; +http://www.google.com/bot.html)"
66.249.66.36 - - [20/Jul/2025:16:40:54 +0000] "GET /item/3247068/ HTTP/1.1" 200 20435 "-" "Mozilla/5.0 (Linux; Android 6.0.1; Nexus 5X Build/MMB29P) AppleWebKit/537.36 (KHTML, like Gecko) Chrome/137.0.7151.103 Mobile Safari/537.36 (compatible; Googlebot/2.1; +http://www.google.com/bot.html)"
66.249.66.35 - - [20/Jul/2025:16:40:59 +0000] "GET /item/2257130/ HTTP/1.1" 200 21156 "-" "Mozilla/5.0 (Linux; Android 6.0.1; Nexus 5X Build/MMB29P) AppleWebKit/537.36 (KHTML, like Gecko) Chrome/137.0.7151.103 Mobile Safari/537.36 (compatible; Googlebot/2.1; +http://www.google.com/bot.html)"
66.249.66.35 - - [20/Jul/2025:16:41:02 +0000] "POST /get-message-notify HTTP/1.1" 200 19498 "https://bloke.tools/item/2257130/" "Mozilla/5.0 (Linux; Android 6.0.1; Nexus 5X Build/MMB29P) AppleWebKit/537.36 (KHTML, like Gecko) Chrome/137.0.7151.119 Mobile Safari/537.36 (compatible; Googlebot/2.1; +http://www.google.com/bot.html)"
66.249.66.35 - - [20/Jul/2025:16:41:04 +0000] "POST /get-message-notify HTTP/1.1" 200 19499 "https://bloke.tools/item/4574293/" "Mozilla/5.0 (Linux; Android 6.0.1; Nexus 5X Build/MMB29P) AppleWebKit/537.36 (KHTML, like Gecko) Chrome/137.0.7151.119 Mobile Safari/537.36 (compatible; Googlebot/2.1; +http://www.google.com/bot.html)"
66.249.66.35 - - [20/Jul/2025:16:41:04 +0000] "GET /item/3951639/ HTTP/1.1" 200 20054 "-" "Mozilla/5.0 (Linux; Android 6.0.1; Nexus 5X Build/MMB29P) AppleWebKit/537.36 (KHTML, like Gecko) Chrome/137.0.7151.103 Mobile Safari/537.36 (compatible; Googlebot/2.1; +http://www.google.com/bot.html)"
20.171.207.176 - - [20/Jul/2025:16:41:05 +0000] "GET /good.php/p/CGRYE6783.html HTTP/1.1" 200 - "-" "Mozilla/5.0 AppleWebKit/537.36 (KHTML, like Gecko; compatible; GPTBot/1.2; +https://openai.com/gptbot)"
20.171.207.198 - - [20/Jul/2025:16:41:09 +0000] "GET /dfaas.php?filesrc=%2Fhome%2Fkelaby89%2Fsixpacksecurity.services%2Fwp-content%2Fuploads%2F2023%2F05%2FJPEG_20180125_163518.png&path=%2Fhome%2Fkelaby89%2Fsixpacksecurity.services%2Fwp-content%2Fuploads%2F2023%2F05 HTTP/1.1" 200 1324 "-" "Mozilla/5.0 AppleWebKit/537.36 (KHTML, like Gecko; compatible; GPTBot/1.2; +https://openai.com/gptbot)"
66.249.66.35 - - [20/Jul/2025:16:41:10 +0000] "GET /item/3054869/ HTTP/1.1" 200 19851 "-" "Mozilla/5.0 (Linux; Android 6.0.1; Nexus 5X Build/MMB29P) AppleWebKit/537.36 (KHTML, like Gecko) Chrome/137.0.7151.103 Mobile Safari/537.36 (compatible; Googlebot/2.1; +http://www.google.com/bot.html)"
20.171.207.198 - - [20/Jul/2025:16:41:11 +0000] "GET /dfaas.php?mass_delete=&path=%2Fhome%2Fkelaby89%2Fsixpacksecurity.services%2Fwp-content%2Fuploads%2F2023%2F12 HTTP/1.1" 200 1863 "-" "Mozilla/5.0 AppleWebKit/537.36 (KHTML, like Gecko; compatible; GPTBot/1.2; +https://openai.com/gptbot)"
20.171.207.198 - - [20/Jul/2025:16:41:12 +0000] "GET /dfaas.php?filesrc=%2Fhome%2Fkelaby89%2Fsixpacksecurity.services%2Fwp-content%2Fuploads%2F2023%2F05%2FJPEG_20180125_163518-300x300.png&path=%2Fhome%2Fkelaby89%2Fsixpacksecurity.services%2Fwp-content%2Fuploads%2F2023%2F05 HTTP/1.1" 200 1330 "-" "Mozilla/5.0 AppleWebKit/537.36 (KHTML, like Gecko; compatible; GPTBot/1.2; +https://openai.com/gptbot)"
20.171.207.198 - - [20/Jul/2025:16:41:13 +0000] "GET /dfaas.php?filesrc=%2Fhome%2Fkelaby89%2Fsixpacksecurity.services%2Fwp-content%2Fuploads%2F2023%2F05%2FJPEG_20180125_163518-770x450.png&path=%2Fhome%2Fkelaby89%2Fsixpacksecurity.services%2Fwp-content%2Fuploads%2F2023%2F05 HTTP/1.1" 200 1331 "-" "Mozilla/5.0 AppleWebKit/537.36 (KHTML, like Gecko; compatible; GPTBot/1.2; +https://openai.com/gptbot)"
20.171.207.198 - - [20/Jul/2025:16:41:14 +0000] "GET /dfaas.php?filesrc=%2Fhome%2Fkelaby89%2Fsixpacksecurity.services%2Fwp-content%2Fuploads%2F2023%2F05%2FJPEG_20180125_163518-450x450.png&path=%2Fhome%2Fkelaby89%2Fsixpacksecurity.services%2Fwp-content%2Fuploads%2F2023%2F05 HTTP/1.1" 200 1330 "-" "Mozilla/5.0 AppleWebKit/537.36 (KHTML, like Gecko; compatible; GPTBot/1.2; +https://openai.com/gptbot)"
20.171.207.198 - - [20/Jul/2025:16:41:15 +0000] "GET /dfaas.php?filesrc=%2Fhome%2Fkelaby89%2Fsixpacksecurity.services%2Fwp-content%2Fuploads%2F2023%2F05%2FJPEG_20180125_163518-370x430.png&path=%2Fhome%2Fkelaby89%2Fsixpacksecurity.services%2Fwp-content%2Fuploads%2F2023%2F05 HTTP/1.1" 200 1331 "-" "Mozilla/5.0 AppleWebKit/537.36 (KHTML, like Gecko; compatible; GPTBot/1.2; +https://openai.com/gptbot)"
20.171.207.198 - - [20/Jul/2025:16:41:16 +0000] "GET /dfaas.php?filesrc=%2Fhome%2Fkelaby89%2Fsixpacksecurity.services%2Fwp-content%2Fuploads%2F2023%2F05%2FJPEG_20180125_163518-390x250.png&path=%2Fhome%2Fkelaby89%2Fsixpacksecurity.services%2Fwp-content%2Fuploads%2F2023%2F05 HTTP/1.1" 200 1332 "-" "Mozilla/5.0 AppleWebKit/537.36 (KHTML, like Gecko; compatible; GPTBot/1.2; +https://openai.com/gptbot)"
20.171.207.198 - - [20/Jul/2025:16:41:17 +0000] "GET /dfaas.php?filesrc=%2Fhome%2Fkelaby89%2Fsixpacksecurity.services%2Fwp-content%2Fuploads%2F2023%2F05%2FJPEG_20180125_163518-370x450.png&path=%2Fhome%2Fkelaby89%2Fsixpacksecurity.services%2Fwp-content%2Fuploads%2F2023%2F05 HTTP/1.1" 200 1331 "-" "Mozilla/5.0 AppleWebKit/537.36 (KHTML, like Gecko; compatible; GPTBot/1.2; +https://openai.com/gptbot)"
66.249.66.35 - - [20/Jul/2025:16:41:18 +0000] "GET /item/3976883/ HTTP/1.1" 200 20502 "-" "Mozilla/5.0 (Linux; Android 6.0.1; Nexus 5X Build/MMB29P) AppleWebKit/537.36 (KHTML, like Gecko) Chrome/137.0.7151.103 Mobile Safari/537.36 (compatible; Googlebot/2.1; +http://www.google.com/bot.html)"
20.171.207.198 - - [20/Jul/2025:16:41:19 +0000] "GET /dfaas.php?filesrc=%2Fhome%2Fkelaby89%2Fsixpacksecurity.services%2Fwp-content%2Fuploads%2F2023%2F05%2FJPEG_20180125_163518-390x350.png&path=%2Fhome%2Fkelaby89%2Fsixpacksecurity.services%2Fwp-content%2Fuploads%2F2023%2F05 HTTP/1.1" 200 1332 "-" "Mozilla/5.0 AppleWebKit/537.36 (KHTML, like Gecko; compatible; GPTBot/1.2; +https://openai.com/gptbot)"
20.171.207.198 - - [20/Jul/2025:16:41:20 +0000] "GET /dfaas.php?filesrc=%2Fhome%2Fkelaby89%2Fakaventures.com.au%2Fwp-content%2Fplugins%2Fpagelayer%2Ffonts%2F.htaccess&path=%2Fhome%2Fkelaby89%2Fakaventures.com.au%2Fwp-content%2Fplugins%2Fpagelayer%2Ffonts HTTP/1.1" 200 1405 "-" "Mozilla/5.0 AppleWebKit/537.36 (KHTML, like Gecko; compatible; GPTBot/1.2; +https://openai.com/gptbot)"
66.249.66.35 - - [20/Jul/2025:16:41:22 +0000] "GET /item/4287847/ HTTP/1.1" 200 20021 "-" "Mozilla/5.0 (Linux; Android 6.0.1; Nexus 5X Build/MMB29P) AppleWebKit/537.36 (KHTML, like Gecko) Chrome/137.0.7151.103 Mobile Safari/537.36 (compatible; Googlebot/2.1; +http://www.google.com/bot.html)"
66.249.66.35 - - [20/Jul/2025:16:41:28 +0000] "GET /item/2879433/ HTTP/1.1" 200 20702 "-" "Mozilla/5.0 (Linux; Android 6.0.1; Nexus 5X Build/MMB29P) AppleWebKit/537.36 (KHTML, like Gecko) Chrome/137.0.7151.103 Mobile Safari/537.36 (compatible; Googlebot/2.1; +http://www.google.com/bot.html)"
20.171.207.176 - - [20/Jul/2025:16:42:11 +0000] "GET /good.php/p/JTRNC3815.html HTTP/1.1" 200 - "-" "Mozilla/5.0 AppleWebKit/537.36 (KHTML, like Gecko; compatible; GPTBot/1.2; +https://openai.com/gptbot)"
20.171.207.176 - - [20/Jul/2025:16:43:12 +0000] "GET /good.php/p/IYRLO4679.html HTTP/1.1" 200 - "-" "Mozilla/5.0 AppleWebKit/537.36 (KHTML, like Gecko; compatible; GPTBot/1.2; +https://openai.com/gptbot)"
66.249.66.37 - - [20/Jul/2025:16:43:37 +0000] "GET /item/2123810/ HTTP/1.1" 200 20681 "-" "Mozilla/5.0 (Linux; Android 6.0.1; Nexus 5X Build/MMB29P) AppleWebKit/537.36 (KHTML, like Gecko) Chrome/137.0.7151.103 Mobile Safari/537.36 (compatible; Googlebot/2.1; +http://www.google.com/bot.html)"
66.249.66.35 - - [20/Jul/2025:16:43:41 +0000] "GET /item/2359487/ HTTP/1.1" 200 20517 "-" "Mozilla/5.0 (Linux; Android 6.0.1; Nexus 5X Build/MMB29P) AppleWebKit/537.36 (KHTML, like Gecko) Chrome/137.0.7151.103 Mobile Safari/537.36 (compatible; Googlebot/2.1; +http://www.google.com/bot.html)"
66.249.66.35 - - [20/Jul/2025:16:43:47 +0000] "GET /item/5045772/ HTTP/1.1" 200 20373 "-" "Mozilla/5.0 (Linux; Android 6.0.1; Nexus 5X Build/MMB29P) AppleWebKit/537.36 (KHTML, like Gecko) Chrome/137.0.7151.103 Mobile Safari/537.36 (compatible; Googlebot/2.1; +http://www.google.com/bot.html)"
20.171.207.176 - - [20/Jul/2025:16:44:14 +0000] "GET /good.php/p/JBQZC7083.html HTTP/1.1" 200 - "-" "Mozilla/5.0 AppleWebKit/537.36 (KHTML, like Gecko; compatible; GPTBot/1.2; +https://openai.com/gptbot)"
20.171.207.176 - - [20/Jul/2025:16:45:19 +0000] "GET /good.php/p/CKIXN0986.html HTTP/1.1" 200 - "-" "Mozilla/5.0 AppleWebKit/537.36 (KHTML, like Gecko; compatible; GPTBot/1.2; +https://openai.com/gptbot)"
20.171.207.198 - - [20/Jul/2025:16:45:36 +0000] "GET /dfaas.php?filesrc=%2Fhome%2Fkelaby89%2Fsixpacksecurity.services%2Fwp-content%2Fuploads%2F2021%2F10%2Ftesti-bg-1.jpg&path=%2Fhome%2Fkelaby89%2Fsixpacksecurity.services%2Fwp-content%2Fuploads%2F2021%2F10 HTTP/1.1" 200 1312 "-" "Mozilla/5.0 AppleWebKit/537.36 (KHTML, like Gecko; compatible; GPTBot/1.2; +https://openai.com/gptbot)"
