66.249.66.36 - - [20/Jul/2025:13:43:30 +0000] "GET /item/4524517 HTTP/1.1" 200 19827 "-" "Mozilla/5.0 (Linux; Android 6.0.1; Nexus 5X Build/MMB29P) AppleWebKit/537.36 (KHTML, like Gecko) Chrome/137.0.7151.103 Mobile Safari/537.36 (compatible; Googlebot/2.1; +http://www.google.com/bot.html)"
66.249.66.36 - - [20/Jul/2025:13:44:31 +0000] "GET /item/2440979 HTTP/1.1" 200 20464 "-" "Mozilla/5.0 (Linux; Android 6.0.1; Nexus 5X Build/MMB29P) AppleWebKit/537.36 (KHTML, like Gecko) Chrome/137.0.7151.103 Mobile Safari/537.36 (compatible; Googlebot/2.1; +http://www.google.com/bot.html)"
20.171.207.176 - - [20/Jul/2025:13:44:33 +0000] "GET /good.php/p/DAKYE3571.html HTTP/1.1" 200 - "-" "Mozilla/5.0 AppleWebKit/537.36 (KHTML, like Gecko; compatible; GPTBot/1.2; +https://openai.com/gptbot)"
66.249.66.36 - - [20/Jul/2025:13:45:19 +0000] "GET /item/3631343 HTTP/1.1" 200 21328 "-" "Mozilla/5.0 (Linux; Android 6.0.1; Nexus 5X Build/MMB29P) AppleWebKit/537.36 (KHTML, like Gecko) Chrome/137.0.7151.103 Mobile Safari/537.36 (compatible; Googlebot/2.1; +http://www.google.com/bot.html)"
66.249.66.35 - - [20/Jul/2025:13:45:23 +0000] "POST /get-message-notify HTTP/1.1" 200 19494 "https://bloke.tools/item/3631343" "Mozilla/5.0 (Linux; Android 6.0.1; Nexus 5X Build/MMB29P) AppleWebKit/537.36 (KHTML, like Gecko) Chrome/137.0.7151.119 Mobile Safari/537.36 (compatible; Googlebot/2.1; +http://www.google.com/bot.html)"
20.171.207.176 - - [20/Jul/2025:13:45:38 +0000] "GET /good.php/p/ISWNA2641.html HTTP/1.1" 200 - "-" "Mozilla/5.0 AppleWebKit/537.36 (KHTML, like Gecko; compatible; GPTBot/1.2; +https://openai.com/gptbot)"
20.171.207.176 - - [20/Jul/2025:13:46:40 +0000] "GET /good.php/p/DTCFO1623.html HTTP/1.1" 200 - "-" "Mozilla/5.0 AppleWebKit/537.36 (KHTML, like Gecko; compatible; GPTBot/1.2; +https://openai.com/gptbot)"
66.249.66.36 - - [20/Jul/2025:13:46:48 +0000] "GET /item/1997543 HTTP/1.1" 200 20893 "-" "Mozilla/5.0 (Linux; Android 6.0.1; Nexus 5X Build/MMB29P) AppleWebKit/537.36 (KHTML, like Gecko) Chrome/137.0.7151.103 Mobile Safari/537.36 (compatible; Googlebot/2.1; +http://www.google.com/bot.html)"
66.249.66.35 - - [20/Jul/2025:13:47:01 +0000] "GET /item/2953711 HTTP/1.1" 200 21081 "-" "Mozilla/5.0 (Linux; Android 6.0.1; Nexus 5X Build/MMB29P) AppleWebKit/537.36 (KHTML, like Gecko) Chrome/137.0.7151.103 Mobile Safari/537.36 (compatible; Googlebot/2.1; +http://www.google.com/bot.html)"
20.171.207.176 - - [20/Jul/2025:13:47:43 +0000] "GET /good.php/p/KGJLE6845.html HTTP/1.1" 200 - "-" "Mozilla/5.0 AppleWebKit/537.36 (KHTML, like Gecko; compatible; GPTBot/1.2; +https://openai.com/gptbot)"
20.171.207.176 - - [20/Jul/2025:13:48:46 +0000] "GET /good.php/p/HVYGA9563.html HTTP/1.1" 200 - "-" "Mozilla/5.0 AppleWebKit/537.36 (KHTML, like Gecko; compatible; GPTBot/1.2; +https://openai.com/gptbot)"
66.249.66.36 - - [20/Jul/2025:13:49:25 +0000] "GET /item/3831877/ HTTP/1.1" 200 20236 "-" "Mozilla/5.0 (Linux; Android 6.0.1; Nexus 5X Build/MMB29P) AppleWebKit/537.36 (KHTML, like Gecko) Chrome/137.0.7151.103 Mobile Safari/537.36 (compatible; Googlebot/2.1; +http://www.google.com/bot.html)"
20.171.207.176 - - [20/Jul/2025:13:49:50 +0000] "GET /good.php/p/IBYXG5467.html HTTP/1.1" 200 - "-" "Mozilla/5.0 AppleWebKit/537.36 (KHTML, like Gecko; compatible; GPTBot/1.2; +https://openai.com/gptbot)"
20.171.207.176 - - [20/Jul/2025:13:50:56 +0000] "GET /good.php/p/EZSRF5174.html HTTP/1.1" 200 - "-" "Mozilla/5.0 AppleWebKit/537.36 (KHTML, like Gecko; compatible; GPTBot/1.2; +https://openai.com/gptbot)"
66.249.66.35 - - [20/Jul/2025:13:51:06 +0000] "GET /item/3313437 HTTP/1.1" 200 21081 "-" "Mozilla/5.0 (Linux; Android 6.0.1; Nexus 5X Build/MMB29P) AppleWebKit/537.36 (KHTML, like Gecko) Chrome/137.0.7151.103 Mobile Safari/537.36 (compatible; Googlebot/2.1; +http://www.google.com/bot.html)"
66.249.66.36 - - [20/Jul/2025:13:51:13 +0000] "POST /get-message-notify HTTP/1.1" 200 19490 "https://bloke.tools/item/3313437" "Mozilla/5.0 (Linux; Android 6.0.1; Nexus 5X Build/MMB29P) AppleWebKit/537.36 (KHTML, like Gecko) Chrome/137.0.7151.119 Mobile Safari/537.36 (compatible; Googlebot/2.1; +http://www.google.com/bot.html)"
20.171.207.176 - - [20/Jul/2025:13:51:59 +0000] "GET /good.php/p/HRJFK9103.html HTTP/1.1" 200 - "-" "Mozilla/5.0 AppleWebKit/537.36 (KHTML, like Gecko; compatible; GPTBot/1.2; +https://openai.com/gptbot)"
20.171.207.176 - - [20/Jul/2025:13:53:01 +0000] "GET /good.php/p/HYIQB1736.html HTTP/1.1" 200 - "-" "Mozilla/5.0 AppleWebKit/537.36 (KHTML, like Gecko; compatible; GPTBot/1.2; +https://openai.com/gptbot)"
20.171.207.176 - - [20/Jul/2025:13:54:06 +0000] "GET /good.php/p/HJCDT3720.html HTTP/1.1" 200 - "-" "Mozilla/5.0 AppleWebKit/537.36 (KHTML, like Gecko; compatible; GPTBot/1.2; +https://openai.com/gptbot)"
66.249.66.35 - - [20/Jul/2025:13:54:35 +0000] "GET /item/2038069/ HTTP/1.1" 200 20473 "-" "Mozilla/5.0 (Linux; Android 6.0.1; Nexus 5X Build/MMB29P) AppleWebKit/537.36 (KHTML, like Gecko) Chrome/137.0.7151.103 Mobile Safari/537.36 (compatible; Googlebot/2.1; +http://www.google.com/bot.html)"
66.249.66.36 - - [20/Jul/2025:13:54:58 +0000] "GET /item/1727014 HTTP/1.1" 200 20530 "-" "Mozilla/5.0 (Linux; Android 6.0.1; Nexus 5X Build/MMB29P) AppleWebKit/537.36 (KHTML, like Gecko) Chrome/137.0.7151.103 Mobile Safari/537.36 (compatible; Googlebot/2.1; +http://www.google.com/bot.html)"
20.171.207.176 - - [20/Jul/2025:13:55:06 +0000] "GET /good.php/p/DRTCY7895.html HTTP/1.1" 200 - "-" "Mozilla/5.0 AppleWebKit/537.36 (KHTML, like Gecko; compatible; GPTBot/1.2; +https://openai.com/gptbot)"
20.171.207.176 - - [20/Jul/2025:13:56:07 +0000] "GET /good.php/p/HYVWN0692.html HTTP/1.1" 200 - "-" "Mozilla/5.0 AppleWebKit/537.36 (KHTML, like Gecko; compatible; GPTBot/1.2; +https://openai.com/gptbot)"
20.171.207.176 - - [20/Jul/2025:13:57:08 +0000] "GET /good.php/p/FVOWI9275.html HTTP/1.1" 200 - "-" "Mozilla/5.0 AppleWebKit/537.36 (KHTML, like Gecko; compatible; GPTBot/1.2; +https://openai.com/gptbot)"
20.171.207.176 - - [20/Jul/2025:13:58:11 +0000] "GET /good.php/p/FLDRG5947.html HTTP/1.1" 200 - "-" "Mozilla/5.0 AppleWebKit/537.36 (KHTML, like Gecko; compatible; GPTBot/1.2; +https://openai.com/gptbot)"
66.249.66.36 - - [20/Jul/2025:13:59:03 +0000] "GET /item/4265477 HTTP/1.1" 200 21130 "-" "Mozilla/5.0 (Linux; Android 6.0.1; Nexus 5X Build/MMB29P) AppleWebKit/537.36 (KHTML, like Gecko) Chrome/137.0.7151.103 Mobile Safari/537.36 (compatible; Googlebot/2.1; +http://www.google.com/bot.html)"
20.171.207.176 - - [20/Jul/2025:13:59:14 +0000] "GET /good.php/p/COAPS5679.html HTTP/1.1" 200 - "-" "Mozilla/5.0 AppleWebKit/537.36 (KHTML, like Gecko; compatible; GPTBot/1.2; +https://openai.com/gptbot)"
20.171.207.176 - - [20/Jul/2025:14:00:14 +0000] "GET /good.php/p/HXZAN5248.html HTTP/1.1" 200 - "-" "Mozilla/5.0 AppleWebKit/537.36 (KHTML, like Gecko; compatible; GPTBot/1.2; +https://openai.com/gptbot)"
20.171.207.176 - - [20/Jul/2025:14:01:20 +0000] "GET /good.php/p/EXIHS3015.html HTTP/1.1" 200 - "-" "Mozilla/5.0 AppleWebKit/537.36 (KHTML, like Gecko; compatible; GPTBot/1.2; +https://openai.com/gptbot)"
66.249.66.37 - - [20/Jul/2025:14:02:20 +0000] "GET /item/5325852/ HTTP/1.1" 200 20138 "-" "Mozilla/5.0 (Linux; Android 6.0.1; Nexus 5X Build/MMB29P) AppleWebKit/537.36 (KHTML, like Gecko) Chrome/137.0.7151.103 Mobile Safari/537.36 (compatible; Googlebot/2.1; +http://www.google.com/bot.html)"
20.171.207.176 - - [20/Jul/2025:14:02:21 +0000] "GET /good.php/p/EMUYV8236.html HTTP/1.1" 200 - "-" "Mozilla/5.0 AppleWebKit/537.36 (KHTML, like Gecko; compatible; GPTBot/1.2; +https://openai.com/gptbot)"
66.249.66.35 - - [20/Jul/2025:14:02:25 +0000] "POST /get-message-notify HTTP/1.1" 200 19496 "https://bloke.tools/item/5325852/" "Mozilla/5.0 (Linux; Android 6.0.1; Nexus 5X Build/MMB29P) AppleWebKit/537.36 (KHTML, like Gecko) Chrome/137.0.7151.119 Mobile Safari/537.36 (compatible; Googlebot/2.1; +http://www.google.com/bot.html)"
20.171.207.176 - - [20/Jul/2025:14:03:25 +0000] "GET /good.php/p/HMOTI4965.html HTTP/1.1" 200 - "-" "Mozilla/5.0 AppleWebKit/537.36 (KHTML, like Gecko; compatible; GPTBot/1.2; +https://openai.com/gptbot)"
66.249.66.37 - - [20/Jul/2025:14:03:31 +0000] "GET /item/4281880 HTTP/1.1" 200 20395 "-" "Mozilla/5.0 (Linux; Android 6.0.1; Nexus 5X Build/MMB29P) AppleWebKit/537.36 (KHTML, like Gecko) Chrome/137.0.7151.103 Mobile Safari/537.36 (compatible; Googlebot/2.1; +http://www.google.com/bot.html)"
20.171.207.176 - - [20/Jul/2025:14:04:27 +0000] "GET /good.php/p/BZTER4596.html HTTP/1.1" 200 - "-" "Mozilla/5.0 AppleWebKit/537.36 (KHTML, like Gecko; compatible; GPTBot/1.2; +https://openai.com/gptbot)"
66.249.66.36 - - [20/Jul/2025:14:04:48 +0000] "GET /item/2698702/bloke.tools/safe_search/config?return_url=%2Fproduct%2Fdetail%2F14422719 HTTP/1.1" 200 20899 "-" "Mozilla/5.0 (Linux; Android 6.0.1; Nexus 5X Build/MMB29P) AppleWebKit/537.36 (KHTML, like Gecko) Chrome/137.0.7151.103 Mobile Safari/537.36 (compatible; Googlebot/2.1; +http://www.google.com/bot.html)"
66.249.66.35 - - [20/Jul/2025:14:04:52 +0000] "POST /get-message-notify HTTP/1.1" 200 19500 "https://bloke.tools/item/2698702/bloke.tools/safe_search/config?return_url=%2Fproduct%2Fdetail%2F14422719" "Mozilla/5.0 (Linux; Android 6.0.1; Nexus 5X Build/MMB29P) AppleWebKit/537.36 (KHTML, like Gecko) Chrome/137.0.7151.119 Mobile Safari/537.36 (compatible; Googlebot/2.1; +http://www.google.com/bot.html)"
20.171.207.176 - - [20/Jul/2025:14:05:30 +0000] "GET /good.php/p/DUJOM4163.html HTTP/1.1" 200 - "-" "Mozilla/5.0 AppleWebKit/537.36 (KHTML, like Gecko; compatible; GPTBot/1.2; +https://openai.com/gptbot)"
66.249.66.37 - - [20/Jul/2025:14:05:32 +0000] "GET /item/4421379 HTTP/1.1" 200 21094 "-" "Mozilla/5.0 (Linux; Android 6.0.1; Nexus 5X Build/MMB29P) AppleWebKit/537.36 (KHTML, like Gecko) Chrome/137.0.7151.103 Mobile Safari/537.36 (compatible; Googlebot/2.1; +http://www.google.com/bot.html)"
66.249.66.35 - - [20/Jul/2025:14:05:36 +0000] "POST /get-message-notify HTTP/1.1" 200 19494 "https://bloke.tools/item/4421379" "Mozilla/5.0 (Linux; Android 6.0.1; Nexus 5X Build/MMB29P) AppleWebKit/537.36 (KHTML, like Gecko) Chrome/137.0.7151.119 Mobile Safari/537.36 (compatible; Googlebot/2.1; +http://www.google.com/bot.html)"
66.249.66.36 - - [20/Jul/2025:14:06:00 +0000] "GET /item/3008721/ HTTP/1.1" 200 20306 "-" "Mozilla/5.0 (Linux; Android 6.0.1; Nexus 5X Build/MMB29P) AppleWebKit/537.36 (KHTML, like Gecko) Chrome/137.0.7151.103 Mobile Safari/537.36 (compatible; Googlebot/2.1; +http://www.google.com/bot.html)"
66.249.66.35 - - [20/Jul/2025:14:06:22 +0000] "GET /item/3337080/ HTTP/1.1" 200 21283 "-" "Mozilla/5.0 (Linux; Android 6.0.1; Nexus 5X Build/MMB29P) AppleWebKit/537.36 (KHTML, like Gecko) Chrome/137.0.7151.103 Mobile Safari/537.36 (compatible; Googlebot/2.1; +http://www.google.com/bot.html)"
20.171.207.176 - - [20/Jul/2025:14:06:35 +0000] "GET /good.php/p/CQNOL9586.html HTTP/1.1" 200 - "-" "Mozilla/5.0 AppleWebKit/537.36 (KHTML, like Gecko; compatible; GPTBot/1.2; +https://openai.com/gptbot)"
20.171.207.176 - - [20/Jul/2025:14:07:38 +0000] "GET /good.php/p/EICFY5273.html HTTP/1.1" 200 - "-" "Mozilla/5.0 AppleWebKit/537.36 (KHTML, like Gecko; compatible; GPTBot/1.2; +https://openai.com/gptbot)"
20.171.207.176 - - [20/Jul/2025:14:08:40 +0000] "GET /good.php/p/KRTLP6952.html HTTP/1.1" 200 - "-" "Mozilla/5.0 AppleWebKit/537.36 (KHTML, like Gecko; compatible; GPTBot/1.2; +https://openai.com/gptbot)"
20.171.207.176 - - [20/Jul/2025:14:09:45 +0000] "GET /good.php/p/IETSQ4695.html HTTP/1.1" 200 - "-" "Mozilla/5.0 AppleWebKit/537.36 (KHTML, like Gecko; compatible; GPTBot/1.2; +https://openai.com/gptbot)"
20.171.207.176 - - [20/Jul/2025:14:10:47 +0000] "GET /good.php/p/DIFCL0234.html HTTP/1.1" 200 - "-" "Mozilla/5.0 AppleWebKit/537.36 (KHTML, like Gecko; compatible; GPTBot/1.2; +https://openai.com/gptbot)"
20.171.207.176 - - [20/Jul/2025:14:11:48 +0000] "GET /good.php/p/ELYQR3152.html HTTP/1.1" 200 - "-" "Mozilla/5.0 AppleWebKit/537.36 (KHTML, like Gecko; compatible; GPTBot/1.2; +https://openai.com/gptbot)"
20.171.207.176 - - [20/Jul/2025:14:12:49 +0000] "GET /good.php/p/GOLFH0748.html HTTP/1.1" 200 - "-" "Mozilla/5.0 AppleWebKit/537.36 (KHTML, like Gecko; compatible; GPTBot/1.2; +https://openai.com/gptbot)"
20.171.207.176 - - [20/Jul/2025:14:13:54 +0000] "GET /good.php/p/IXYPM1937.html HTTP/1.1" 200 - "-" "Mozilla/5.0 AppleWebKit/537.36 (KHTML, like Gecko; compatible; GPTBot/1.2; +https://openai.com/gptbot)"
20.171.207.176 - - [20/Jul/2025:14:14:59 +0000] "GET /good.php/p/DYTEG0961.html HTTP/1.1" 200 - "-" "Mozilla/5.0 AppleWebKit/537.36 (KHTML, like Gecko; compatible; GPTBot/1.2; +https://openai.com/gptbot)"
66.249.66.36 - - [20/Jul/2025:14:15:54 +0000] "GET /item/3537825 HTTP/1.1" 200 20697 "-" "Mozilla/5.0 (Linux; Android 6.0.1; Nexus 5X Build/MMB29P) AppleWebKit/537.36 (KHTML, like Gecko) Chrome/137.0.7151.103 Mobile Safari/537.36 (compatible; Googlebot/2.1; +http://www.google.com/bot.html)"
20.171.207.176 - - [20/Jul/2025:14:16:00 +0000] "GET /good.php/p/JAXEL3702.html HTTP/1.1" 200 - "-" "Mozilla/5.0 AppleWebKit/537.36 (KHTML, like Gecko; compatible; GPTBot/1.2; +https://openai.com/gptbot)"
20.171.207.176 - - [20/Jul/2025:14:17:04 +0000] "GET /good.php/p/KNHSQ8719.html HTTP/1.1" 200 - "-" "Mozilla/5.0 AppleWebKit/537.36 (KHTML, like Gecko; compatible; GPTBot/1.2; +https://openai.com/gptbot)"
20.171.207.176 - - [20/Jul/2025:14:18:10 +0000] "GET /good.php/p/KHFRA1869.html HTTP/1.1" 200 - "-" "Mozilla/5.0 AppleWebKit/537.36 (KHTML, like Gecko; compatible; GPTBot/1.2; +https://openai.com/gptbot)"
80.85.246.74 - - [20/Jul/2025:14:18:15 +0000] "GET / HTTP/1.1" 200 265 "-" "Mozilla/5.0 (Macintosh; Intel Mac OS X 10_15_7) AppleWebKit/537.36 (KHTML, like Gecko) Chrome/133.0.0.0 Safari/537.36"
66.249.66.37 - - [20/Jul/2025:14:18:46 +0000] "GET /item/3516386/ HTTP/1.1" 200 20134 "-" "Mozilla/5.0 (Linux; Android 6.0.1; Nexus 5X Build/MMB29P) AppleWebKit/537.36 (KHTML, like Gecko) Chrome/137.0.7151.103 Mobile Safari/537.36 (compatible; Googlebot/2.1; +http://www.google.com/bot.html)"
20.171.207.176 - - [20/Jul/2025:14:19:13 +0000] "GET /good.php/p/DSGPW7019.html HTTP/1.1" 200 - "-" "Mozilla/5.0 AppleWebKit/537.36 (KHTML, like Gecko; compatible; GPTBot/1.2; +https://openai.com/gptbot)"
20.171.207.176 - - [20/Jul/2025:14:20:17 +0000] "GET /good.php/p/CDMZW0719.html HTTP/1.1" 200 - "-" "Mozilla/5.0 AppleWebKit/537.36 (KHTML, like Gecko; compatible; GPTBot/1.2; +https://openai.com/gptbot)"
20.171.207.176 - - [20/Jul/2025:14:21:21 +0000] "GET /good.php/p/HQYDE1609.html HTTP/1.1" 200 - "-" "Mozilla/5.0 AppleWebKit/537.36 (KHTML, like Gecko; compatible; GPTBot/1.2; +https://openai.com/gptbot)"
20.171.207.176 - - [20/Jul/2025:14:22:23 +0000] "GET /good.php/p/GLMXQ9173.html HTTP/1.1" 200 - "-" "Mozilla/5.0 AppleWebKit/537.36 (KHTML, like Gecko; compatible; GPTBot/1.2; +https://openai.com/gptbot)"
20.171.207.176 - - [20/Jul/2025:14:23:28 +0000] "GET /good.php/p/GOTPL6420.html HTTP/1.1" 200 - "-" "Mozilla/5.0 AppleWebKit/537.36 (KHTML, like Gecko; compatible; GPTBot/1.2; +https://openai.com/gptbot)"
20.171.207.176 - - [20/Jul/2025:14:24:32 +0000] "GET /good.php/p/EHXQY2179.html HTTP/1.1" 200 - "-" "Mozilla/5.0 AppleWebKit/537.36 (KHTML, like Gecko; compatible; GPTBot/1.2; +https://openai.com/gptbot)"
66.249.66.37 - - [20/Jul/2025:14:25:15 +0000] "GET /item/1893233/ HTTP/1.1" 200 19770 "-" "Mozilla/5.0 (Linux; Android 6.0.1; Nexus 5X Build/MMB29P) AppleWebKit/537.36 (KHTML, like Gecko) Chrome/137.0.7151.103 Mobile Safari/537.36 (compatible; Googlebot/2.1; +http://www.google.com/bot.html)"
20.171.207.176 - - [20/Jul/2025:14:25:35 +0000] "GET /good.php/p/HYBVT7152.html HTTP/1.1" 200 - "-" "Mozilla/5.0 AppleWebKit/537.36 (KHTML, like Gecko; compatible; GPTBot/1.2; +https://openai.com/gptbot)"
66.249.66.36 - - [20/Jul/2025:14:26:17 +0000] "GET /item/4349274 HTTP/1.1" 200 20165 "-" "Mozilla/5.0 (Linux; Android 6.0.1; Nexus 5X Build/MMB29P) AppleWebKit/537.36 (KHTML, like Gecko) Chrome/137.0.7151.103 Mobile Safari/537.36 (compatible; Googlebot/2.1; +http://www.google.com/bot.html)"
20.171.207.176 - - [20/Jul/2025:14:26:39 +0000] "GET /good.php/p/ICGWA0843.html HTTP/1.1" 200 - "-" "Mozilla/5.0 AppleWebKit/537.36 (KHTML, like Gecko; compatible; GPTBot/1.2; +https://openai.com/gptbot)"
20.171.207.176 - - [20/Jul/2025:14:27:40 +0000] "GET /good.php/p/DYIFQ3561.html HTTP/1.1" 200 - "-" "Mozilla/5.0 AppleWebKit/537.36 (KHTML, like Gecko; compatible; GPTBot/1.2; +https://openai.com/gptbot)"
66.249.66.36 - - [20/Jul/2025:14:28:04 +0000] "GET /item/1648909/ HTTP/1.1" 200 20759 "-" "Mozilla/5.0 (Linux; Android 6.0.1; Nexus 5X Build/MMB29P) AppleWebKit/537.36 (KHTML, like Gecko) Chrome/137.0.7151.103 Mobile Safari/537.36 (compatible; Googlebot/2.1; +http://www.google.com/bot.html)"
4.227.36.96 - - [20/Jul/2025:14:28:07 +0000] "GET /robots.txt HTTP/1.1" 200 230 "-" "Mozilla/5.0 AppleWebKit/537.36 (KHTML, like Gecko; compatible; GPTBot/1.2; +https://openai.com/gptbot)"
66.249.66.36 - - [20/Jul/2025:14:28:08 +0000] "POST /get-message-notify HTTP/1.1" 200 19496 "https://bloke.tools/item/1648909/" "Mozilla/5.0 (Linux; Android 6.0.1; Nexus 5X Build/MMB29P) AppleWebKit/537.36 (KHTML, like Gecko) Chrome/137.0.7151.119 Mobile Safari/537.36 (compatible; Googlebot/2.1; +http://www.google.com/bot.html)"
20.171.207.176 - - [20/Jul/2025:14:28:42 +0000] "GET /good.php/p/FMSKV3496.html HTTP/1.1" 200 - "-" "Mozilla/5.0 AppleWebKit/537.36 (KHTML, like Gecko; compatible; GPTBot/1.2; +https://openai.com/gptbot)"
66.249.66.37 - - [20/Jul/2025:14:29:01 +0000] "GET /item/5234477/ HTTP/1.1" 200 19814 "-" "Mozilla/5.0 (Linux; Android 6.0.1; Nexus 5X Build/MMB29P) AppleWebKit/537.36 (KHTML, like Gecko) Chrome/137.0.7151.103 Mobile Safari/537.36 (compatible; Googlebot/2.1; +http://www.google.com/bot.html)"
20.171.207.198 - - [20/Jul/2025:14:29:42 +0000] "GET /?C=N%3BO%3DD HTTP/1.1" 200 265 "-" "Mozilla/5.0 AppleWebKit/537.36 (KHTML, like Gecko; compatible; GPTBot/1.2; +https://openai.com/gptbot)"
20.171.207.176 - - [20/Jul/2025:14:29:42 +0000] "GET /good.php/p/EVDNI4629.html HTTP/1.1" 200 - "-" "Mozilla/5.0 AppleWebKit/537.36 (KHTML, like Gecko; compatible; GPTBot/1.2; +https://openai.com/gptbot)"
20.171.207.198 - - [20/Jul/2025:14:29:45 +0000] "GET /favicon.ico HTTP/1.1" 200 265 "-" "Mozilla/5.0 AppleWebKit/537.36 (KHTML, like Gecko; compatible; GPTBot/1.2; +https://openai.com/gptbot)"
20.171.207.198 - - [20/Jul/2025:14:29:48 +0000] "GET /?C=M%3BO%3DA HTTP/1.1" 200 265 "-" "Mozilla/5.0 AppleWebKit/537.36 (KHTML, like Gecko; compatible; GPTBot/1.2; +https://openai.com/gptbot)"
20.171.207.198 - - [20/Jul/2025:14:29:50 +0000] "GET /?C=S%3BO%3DA HTTP/1.1" 200 265 "-" "Mozilla/5.0 AppleWebKit/537.36 (KHTML, like Gecko; compatible; GPTBot/1.2; +https://openai.com/gptbot)"
20.171.207.198 - - [20/Jul/2025:14:29:53 +0000] "GET /?C=D%3BO%3DA HTTP/1.1" 200 265 "-" "Mozilla/5.0 AppleWebKit/537.36 (KHTML, like Gecko; compatible; GPTBot/1.2; +https://openai.com/gptbot)"
20.171.207.198 - - [20/Jul/2025:14:29:55 +0000] "GET /dfaas.php?path=%2Fhome%2Fkelaby89%2Fkraft-court.cafe%2Fwp-content%2Fplugins%2Felementor%2Fassets&upload= HTTP/1.1" 200 2069 "-" "Mozilla/5.0 AppleWebKit/537.36 (KHTML, like Gecko; compatible; GPTBot/1.2; +https://openai.com/gptbot)"
66.249.66.35 - - [20/Jul/2025:14:29:55 +0000] "GET /item/2037073/ HTTP/1.1" 200 20422 "-" "Mozilla/5.0 (Linux; Android 6.0.1; Nexus 5X Build/MMB29P) AppleWebKit/537.36 (KHTML, like Gecko) Chrome/137.0.7151.103 Mobile Safari/537.36 (compatible; Googlebot/2.1; +http://www.google.com/bot.html)"
20.171.207.198 - - [20/Jul/2025:14:29:57 +0000] "GET /dfaas.php?filebaru=&path=%2Fhome%2Fkelaby89%2Fkraft-court.cafe%2Fwp-content%2Fplugins%2Felementor%2Fdata HTTP/1.1" 200 2039 "-" "Mozilla/5.0 AppleWebKit/537.36 (KHTML, like Gecko; compatible; GPTBot/1.2; +https://openai.com/gptbot)"
20.171.207.198 - - [20/Jul/2025:14:29:58 +0000] "GET /dfaas.php?dirbaru=&path=%2Fhome%2Fkelaby89%2Fmuzza.fit%2Fwp-content%2Fplugins%2Fwolf-visual-composer%2Ftemplates HTTP/1.1" 200 5405 "-" "Mozilla/5.0 AppleWebKit/537.36 (KHTML, like Gecko; compatible; GPTBot/1.2; +https://openai.com/gptbot)"
20.171.207.198 - - [20/Jul/2025:14:30:00 +0000] "GET /dfaas.php?filebaru=&path=%2Fhome%2Fkelaby89%2Fkraft-court.cafe%2Fwp-content%2Fplugins%2Felementor%2Fmodules%2Fapps HTTP/1.1" 200 2103 "-" "Mozilla/5.0 AppleWebKit/537.36 (KHTML, like Gecko; compatible; GPTBot/1.2; +https://openai.com/gptbot)"
20.171.207.198 - - [20/Jul/2025:14:30:01 +0000] "GET /dfaas.php?path=%2Fhome%2Fkelaby89%2Fkraft-court.cafe%2Fwp-content%2Fplugins%2Felementskit-lite%2Fconfig&phpinfo= HTTP/1.1" 200 26060 "-" "Mozilla/5.0 AppleWebKit/537.36 (KHTML, like Gecko; compatible; GPTBot/1.2; +https://openai.com/gptbot)"
66.249.66.35 - - [20/Jul/2025:14:30:28 +0000] "GET /item/3854656/ HTTP/1.1" 200 20138 "-" "Mozilla/5.0 (Linux; Android 6.0.1; Nexus 5X Build/MMB29P) AppleWebKit/537.36 (KHTML, like Gecko) Chrome/137.0.7151.103 Mobile Safari/537.36 (compatible; Googlebot/2.1; +http://www.google.com/bot.html)"
20.171.207.176 - - [20/Jul/2025:14:30:42 +0000] "GET /good.php/p/HSKPU7625.html HTTP/1.1" 200 - "-" "Mozilla/5.0 AppleWebKit/537.36 (KHTML, like Gecko; compatible; GPTBot/1.2; +https://openai.com/gptbot)"
20.171.207.198 - - [20/Jul/2025:14:31:02 +0000] "GET /dfaas.php?cmd=&path=%2Fhome%2Fkelaby89%2Fmuzza.fit%2Fwp-content%2Fuploads%2Fwc-logs HTTP/1.1" 200 2112 "-" "Mozilla/5.0 AppleWebKit/537.36 (KHTML, like Gecko; compatible; GPTBot/1.2; +https://openai.com/gptbot)"
20.171.207.198 - - [20/Jul/2025:14:31:03 +0000] "GET /dfaas.php?cmd=&path=%2Fhome%2Fkelaby89%2Fkraft-court.cafe%2Fwp-content%2Fplugins%2Felementor-pro%2Fmodules%2Fpayments HTTP/1.1" 200 2035 "-" "Mozilla/5.0 AppleWebKit/537.36 (KHTML, like Gecko; compatible; GPTBot/1.2; +https://openai.com/gptbot)"
20.171.207.198 - - [20/Jul/2025:14:31:04 +0000] "GET /dfaas.php?path=%2Fhome%2Fkelaby89%2Fkraft-court.cafe%2Fwp-content%2Fplugins%2Felementor-pro%2Fmodules%2Fpayments&phpinfo= HTTP/1.1" 200 26081 "-" "Mozilla/5.0 AppleWebKit/537.36 (KHTML, like Gecko; compatible; GPTBot/1.2; +https://openai.com/gptbot)"
20.171.207.198 - - [20/Jul/2025:14:31:05 +0000] "GET /dfaas.php?dirbaru=&path=%2Fhome%2Fkelaby89%2Fkraft-court.cafe%2Fwp-content%2Fplugins%2Felementor-pro%2Fmodules%2Fpayments HTTP/1.1" 200 2042 "-" "Mozilla/5.0 AppleWebKit/537.36 (KHTML, like Gecko; compatible; GPTBot/1.2; +https://openai.com/gptbot)"
20.171.207.198 - - [20/Jul/2025:14:31:06 +0000] "GET /dfaas.php?path=%2Fhome%2Fkelaby89%2Fkraft-court.cafe%2Fwp-content%2Fplugins%2Felementor%2Fmodules%2Fshapes&upload= HTTP/1.1" 200 1977 "-" "Mozilla/5.0 AppleWebKit/537.36 (KHTML, like Gecko; compatible; GPTBot/1.2; +https://openai.com/gptbot)"
20.171.207.198 - - [20/Jul/2025:14:31:07 +0000] "GET /dfaas.php?filebaru=&path=%2Fhome%2Fkelaby89%2Fkraft-court.cafe%2Fwp-content%2Fplugins%2Felementor%2Fmodules%2Fshapes HTTP/1.1" 200 2029 "-" "Mozilla/5.0 AppleWebKit/537.36 (KHTML, like Gecko; compatible; GPTBot/1.2; +https://openai.com/gptbot)"
20.171.207.198 - - [20/Jul/2025:14:31:08 +0000] "GET /dfaas.php?path=%2Fhome%2Fkelaby89%2Fkraft-court.cafe%2Fwp-content%2Fplugins%2Felementor-pro%2Fmodules%2Fpage-transitions&phpinfo= HTTP/1.1" 200 26092 "-" "Mozilla/5.0 AppleWebKit/537.36 (KHTML, like Gecko; compatible; GPTBot/1.2; +https://openai.com/gptbot)"
20.171.207.198 - - [20/Jul/2025:14:31:10 +0000] "GET /dfaas.php?dirbaru=&path=%2Fhome%2Fkelaby89%2Fkraft-court.cafe%2Fwp-content%2Fplugins%2Felementor-pro%2Fmodules%2Fprogress-tracker HTTP/1.1" 200 2023 "-" "Mozilla/5.0 AppleWebKit/537.36 (KHTML, like Gecko; compatible; GPTBot/1.2; +https://openai.com/gptbot)"
20.171.207.198 - - [20/Jul/2025:14:31:11 +0000] "GET /dfaas.php?filebaru=&path=%2Fhome%2Fkelaby89%2Fkraft-court.cafe%2Fwp-content%2Fplugins%2Felementor-pro%2Fmodules%2Fpage-transitions HTTP/1.1" 200 2041 "-" "Mozilla/5.0 AppleWebKit/537.36 (KHTML, like Gecko; compatible; GPTBot/1.2; +https://openai.com/gptbot)"
20.171.207.198 - - [20/Jul/2025:14:31:12 +0000] "GET /dfaas.php?path=%2Fhome%2Fkelaby89%2Fkraft-court.cafe%2Fwp-content%2Fplugins%2Felementor%2Fmodules%2Fshapes&phpinfo= HTTP/1.1" 200 26070 "-" "Mozilla/5.0 AppleWebKit/537.36 (KHTML, like Gecko; compatible; GPTBot/1.2; +https://openai.com/gptbot)"
66.249.66.37 - - [20/Jul/2025:14:31:18 +0000] "GET /item/4033703/ HTTP/1.1" 200 20588 "-" "Mozilla/5.0 (Linux; Android 6.0.1; Nexus 5X Build/MMB29P) AppleWebKit/537.36 (KHTML, like Gecko) Chrome/137.0.7151.103 Mobile Safari/537.36 (compatible; Googlebot/2.1; +http://www.google.com/bot.html)"
20.171.207.176 - - [20/Jul/2025:14:31:46 +0000] "GET /good.php/p/DMSUB9784.html HTTP/1.1" 200 - "-" "Mozilla/5.0 AppleWebKit/537.36 (KHTML, like Gecko; compatible; GPTBot/1.2; +https://openai.com/gptbot)"
66.249.66.35 - - [20/Jul/2025:14:31:55 +0000] "GET /item/5254613/ HTTP/1.1" 200 19926 "-" "Mozilla/5.0 (Linux; Android 6.0.1; Nexus 5X Build/MMB29P) AppleWebKit/537.36 (KHTML, like Gecko) Chrome/137.0.7151.103 Mobile Safari/537.36 (compatible; Googlebot/2.1; +http://www.google.com/bot.html)"
20.171.207.198 - - [20/Jul/2025:14:32:16 +0000] "GET /dfaas.php?dirbaru=&path=%2Fhome%2Fkelaby89%2Fkraft-court.cafe%2Fwp-content%2Fplugins%2Felementor%2Fvendor_prefixed%2Ftwig%2Fsymfony%2Fpolyfill-mbstring%2FResources HTTP/1.1" 200 1973 "-" "Mozilla/5.0 AppleWebKit/537.36 (KHTML, like Gecko; compatible; GPTBot/1.2; +https://openai.com/gptbot)"
20.171.207.198 - - [20/Jul/2025:14:32:17 +0000] "GET /dfaas.php?path=%2Fhome%2Fkelaby89%2Fkraft-court.cafe%2Fwp-content%2Fplugins%2Felementor%2Fvendor_prefixed%2Ftwig%2Fsymfony%2Fpolyfill-mbstring%2FResources&upload= HTTP/1.1" 200 1969 "-" "Mozilla/5.0 AppleWebKit/537.36 (KHTML, like Gecko; compatible; GPTBot/1.2; +https://openai.com/gptbot)"
20.171.207.198 - - [20/Jul/2025:14:32:19 +0000] "GET /dfaas.php?filebaru=&path=%2Fhome%2Fkelaby89%2Fkraft-court.cafe%2Fwp-content%2Fplugins%2Felementor%2Fvendor_prefixed%2Ftwig%2Fsymfony%2Fpolyfill-mbstring%2FResources HTTP/1.1" 200 2018 "-" "Mozilla/5.0 AppleWebKit/537.36 (KHTML, like Gecko; compatible; GPTBot/1.2; +https://openai.com/gptbot)"
20.171.207.198 - - [20/Jul/2025:14:32:20 +0000] "GET /dfaas.php?dirbaru=&path=%2Fhome%2Fkelaby89%2Fkraft-court.cafe%2Fwp-content%2Fplugins%2Felementor%2Fmodules%2Fshapes HTTP/1.1" 200 1983 "-" "Mozilla/5.0 AppleWebKit/537.36 (KHTML, like Gecko; compatible; GPTBot/1.2; +https://openai.com/gptbot)"
20.171.207.198 - - [20/Jul/2025:14:32:21 +0000] "GET /dfaas.php?path=%2Fhome%2Fkelaby89%2Fkraft-court.cafe%2Fwp-content%2Fplugins%2Felementskit-lite%2Fconfig&upload= HTTP/1.1" 200 1893 "-" "Mozilla/5.0 AppleWebKit/537.36 (KHTML, like Gecko; compatible; GPTBot/1.2; +https://openai.com/gptbot)"
20.171.207.198 - - [20/Jul/2025:14:32:22 +0000] "GET /dfaas.php?mass_deface=&path=%2Fhome%2Fkelaby89%2Fmuzza.fit%2Fwp-content%2Fplugins%2Fwolf-woocommerce-wishlist%2Fassets%2Fcss HTTP/1.1" 200 2189 "-" "Mozilla/5.0 AppleWebKit/537.36 (KHTML, like Gecko; compatible; GPTBot/1.2; +https://openai.com/gptbot)"
20.171.207.198 - - [20/Jul/2025:14:32:23 +0000] "GET /dfaas.php?mass_delete=&path=%2Fhome%2Fkelaby89%2Fkraft-court.cafe%2Fwp-content%2Fplugins%2Felementor%2Fmodules%2Fshapes HTTP/1.1" 200 2022 "-" "Mozilla/5.0 AppleWebKit/537.36 (KHTML, like Gecko; compatible; GPTBot/1.2; +https://openai.com/gptbot)"
66.249.66.36 - - [20/Jul/2025:14:32:24 +0000] "GET /item/3842152/ HTTP/1.1" 200 20173 "-" "Mozilla/5.0 (Linux; Android 6.0.1; Nexus 5X Build/MMB29P) AppleWebKit/537.36 (KHTML, like Gecko) Chrome/137.0.7151.103 Mobile Safari/537.36 (compatible; Googlebot/2.1; +http://www.google.com/bot.html)"
20.171.207.198 - - [20/Jul/2025:14:32:24 +0000] "GET /dfaas.php?dirbaru=&path=%2Fhome%2Fkelaby89%2Fkraft-court.cafe%2Fwp-content%2Fthemes%2Fhello-elementor%2Fincludes HTTP/1.1" 200 2232 "-" "Mozilla/5.0 AppleWebKit/537.36 (KHTML, like Gecko; compatible; GPTBot/1.2; +https://openai.com/gptbot)"
20.171.207.198 - - [20/Jul/2025:14:32:26 +0000] "GET /dfaas.php?mass_delete=&path=%2Fhome%2Fkelaby89%2Fkraft-court.cafe%2Fwp-content%2Fplugins%2Felementor-pro%2Fmodules%2Fpage-transitions HTTP/1.1" 200 2033 "-" "Mozilla/5.0 AppleWebKit/537.36 (KHTML, like Gecko; compatible; GPTBot/1.2; +https://openai.com/gptbot)"
20.171.207.198 - - [20/Jul/2025:14:32:27 +0000] "GET /dfaas.php?path=%2Fhome%2Fkelaby89%2Fkraft-court.cafe%2Fwp-content%2Fplugins%2Felementor%2Fmodules%2Fapps&phpinfo= HTTP/1.1" 200 26066 "-" "Mozilla/5.0 AppleWebKit/537.36 (KHTML, like Gecko; compatible; GPTBot/1.2; +https://openai.com/gptbot)"
66.249.66.35 - - [20/Jul/2025:14:32:29 +0000] "POST /get-message-notify HTTP/1.1" 200 19498 "https://bloke.tools/item/5254613/" "Mozilla/5.0 (Linux; Android 6.0.1; Nexus 5X Build/MMB29P) AppleWebKit/537.36 (KHTML, like Gecko) Chrome/137.0.7151.119 Mobile Safari/537.36 (compatible; Googlebot/2.1; +http://www.google.com/bot.html)"
20.171.207.176 - - [20/Jul/2025:14:32:50 +0000] "GET /good.php/p/GYWER3928.html HTTP/1.1" 200 - "-" "Mozilla/5.0 AppleWebKit/537.36 (KHTML, like Gecko; compatible; GPTBot/1.2; +https://openai.com/gptbot)"
66.249.66.37 - - [20/Jul/2025:14:33:08 +0000] "GET /item/5150615/ HTTP/1.1" 200 20652 "-" "Mozilla/5.0 (Linux; Android 6.0.1; Nexus 5X Build/MMB29P) AppleWebKit/537.36 (KHTML, like Gecko) Chrome/137.0.7151.103 Mobile Safari/537.36 (compatible; Googlebot/2.1; +http://www.google.com/bot.html)"
20.171.207.198 - - [20/Jul/2025:14:33:18 +0000] "GET /dfaas.php?filebaru=&path=%2Fhome%2Fkelaby89%2Fap.cleaning%2Fwp-content%2Fplugins%2Fwoocommerce%2Fvendor%2Fpelago HTTP/1.1" 200 1845 "-" "Mozilla/5.0 AppleWebKit/537.36 (KHTML, like Gecko; compatible; GPTBot/1.2; +https://openai.com/gptbot)"
20.171.207.198 - - [20/Jul/2025:14:33:19 +0000] "GET /dfaas.php?cmd=&path=%2Fhome%2Fkelaby89%2Fsixpacksecurity.services%2Fwp-content%2Fuploads%2F2025%2F01 HTTP/1.1" 200 1818 "-" "Mozilla/5.0 AppleWebKit/537.36 (KHTML, like Gecko; compatible; GPTBot/1.2; +https://openai.com/gptbot)"
20.171.207.198 - - [20/Jul/2025:14:33:20 +0000] "GET /dfaas.php?cmd=&path=%2Fhome%2Fkelaby89%2Fap.cleaning%2Fwp-content%2Fai1wm-backups HTTP/1.1" 200 2104 "-" "Mozilla/5.0 AppleWebKit/537.36 (KHTML, like Gecko; compatible; GPTBot/1.2; +https://openai.com/gptbot)"
20.171.207.198 - - [20/Jul/2025:14:33:22 +0000] "GET /dfaas.php?mass_delete=&path=%2Fhome%2Fkelaby89%2Fmuzza.fit%2Fwp-content%2Fplugins%2Finstagram-feed%2Ftemplates HTTP/1.1" 200 2089 "-" "Mozilla/5.0 AppleWebKit/537.36 (KHTML, like Gecko; compatible; GPTBot/1.2; +https://openai.com/gptbot)"
20.171.207.198 - - [20/Jul/2025:14:33:23 +0000] "GET /dfaas.php?cmd=&path=%2Fhome%2Fkelaby89%2Fap.cleaning%2Fwp-content%2Fplugins%2Fwoocommerce%2Fvendor%2Fpelago HTTP/1.1" 200 1794 "-" "Mozilla/5.0 AppleWebKit/537.36 (KHTML, like Gecko; compatible; GPTBot/1.2; +https://openai.com/gptbot)"
20.171.207.198 - - [20/Jul/2025:14:33:24 +0000] "GET /dfaas.php?dirbaru=&path=%2Fhome%2Fkelaby89%2Fmuzza.fit%2Fwp-content%2Fplugins%2Frevslider%2Flanguages HTTP/1.1" 200 2319 "-" "Mozilla/5.0 AppleWebKit/537.36 (KHTML, like Gecko; compatible; GPTBot/1.2; +https://openai.com/gptbot)"
20.171.207.198 - - [20/Jul/2025:14:33:25 +0000] "GET /dfaas.php?mass_delete=&path=%2Fhome%2Fkelaby89%2Fmuzza.fit%2Fwp-content%2Fplugins%2Frevslider%2Flanguages HTTP/1.1" 200 2356 "-" "Mozilla/5.0 AppleWebKit/537.36 (KHTML, like Gecko; compatible; GPTBot/1.2; +https://openai.com/gptbot)"
20.171.207.198 - - [20/Jul/2025:14:33:26 +0000] "GET /dfaas.php?cmd=&path=%2Fhome%2Fkelaby89%2Fkraft-court.cafe%2Fwp-content%2Fplugins%2Felementor-pro%2Fmodules%2Fpage-transitions HTTP/1.1" 200 1989 "-" "Mozilla/5.0 AppleWebKit/537.36 (KHTML, like Gecko; compatible; GPTBot/1.2; +https://openai.com/gptbot)"
20.171.207.198 - - [20/Jul/2025:14:33:28 +0000] "GET /dfaas.php?mass_deface=&path=%2Fhome%2Fkelaby89%2Fkraft-court.cafe%2Fwp-content%2Fplugins%2Felementor%2Fmodules%2Fshapes HTTP/1.1" 200 2141 "-" "Mozilla/5.0 AppleWebKit/537.36 (KHTML, like Gecko; compatible; GPTBot/1.2; +https://openai.com/gptbot)"
20.171.207.198 - - [20/Jul/2025:14:33:29 +0000] "GET /dfaas.php?filebaru=&path=%2Fhome%2Fkelaby89%2Fmuzza.fit%2Fwp-content%2Fplugins%2Frevslider%2Flanguages HTTP/1.1" 200 2364 "-" "Mozilla/5.0 AppleWebKit/537.36 (KHTML, like Gecko; compatible; GPTBot/1.2; +https://openai.com/gptbot)"
66.249.66.36 - - [20/Jul/2025:14:33:46 +0000] "GET /item/3157478/ HTTP/1.1" 200 20400 "-" "Mozilla/5.0 (Linux; Android 6.0.1; Nexus 5X Build/MMB29P) AppleWebKit/537.36 (KHTML, like Gecko) Chrome/137.0.7151.103 Mobile Safari/537.36 (compatible; Googlebot/2.1; +http://www.google.com/bot.html)"
20.171.207.176 - - [20/Jul/2025:14:33:53 +0000] "GET /good.php/p/HEZTB1786.html HTTP/1.1" 200 - "-" "Mozilla/5.0 AppleWebKit/537.36 (KHTML, like Gecko; compatible; GPTBot/1.2; +https://openai.com/gptbot)"
20.171.207.198 - - [20/Jul/2025:14:34:15 +0000] "GET /dfaas.php?cmd=&path=%2Fhome%2Fkelaby89%2Fsixpacksecurity.services%2Fwp-content%2Fuploads%2F2023%2F12 HTTP/1.1" 200 1820 "-" "Mozilla/5.0 AppleWebKit/537.36 (KHTML, like Gecko; compatible; GPTBot/1.2; +https://openai.com/gptbot)"
20.171.207.198 - - [20/Jul/2025:14:34:16 +0000] "GET /dfaas.php?cmd=&path=%2Fhome%2Fkelaby89%2Fsixpacksecurity.services%2Fwp-content%2Fuploads%2F2023%2F05 HTTP/1.1" 200 2937 "-" "Mozilla/5.0 AppleWebKit/537.36 (KHTML, like Gecko; compatible; GPTBot/1.2; +https://openai.com/gptbot)"
20.171.207.198 - - [20/Jul/2025:14:34:17 +0000] "GET /dfaas.php?mass_deface=&path=%2Fhome%2Fkelaby89%2Fsixpacksecurity.services%2Fwp-content%2Fupgrade-temp-backup HTTP/1.1" 200 1737 "-" "Mozilla/5.0 AppleWebKit/537.36 (KHTML, like Gecko; compatible; GPTBot/1.2; +https://openai.com/gptbot)"
20.171.207.198 - - [20/Jul/2025:14:34:19 +0000] "GET /dfaas.php?filesrc=%2Fhome%2Fkelaby89%2Fsixpacksecurity.services%2Fwp-content%2Fuploads%2F2021%2F10%2Fcontact-bg-2-70x70.png&path=%2Fhome%2Fkelaby89%2Fsixpacksecurity.services%2Fwp-content%2Fuploads%2F2021%2F10 HTTP/1.1" 200 1318 "-" "Mozilla/5.0 AppleWebKit/537.36 (KHTML, like Gecko; compatible; GPTBot/1.2; +https://openai.com/gptbot)"
20.171.207.198 - - [20/Jul/2025:14:34:20 +0000] "GET /dfaas.php?filesrc=%2Fhome%2Fkelaby89%2Fsixpacksecurity.services%2Fwp-content%2Fuploads%2F2021%2F10%2Fvideo-img-2-70x70.png&path=%2Fhome%2Fkelaby89%2Fsixpacksecurity.services%2Fwp-content%2Fuploads%2F2021%2F10 HTTP/1.1" 200 1318 "-" "Mozilla/5.0 AppleWebKit/537.36 (KHTML, like Gecko; compatible; GPTBot/1.2; +https://openai.com/gptbot)"
20.171.207.198 - - [20/Jul/2025:14:34:21 +0000] "GET /dfaas.php?filesrc=%2Fhome%2Fkelaby89%2Fsixpacksecurity.services%2Fwp-content%2Fuploads%2F2021%2F10%2Fcontact-bg-2-770x450.png&path=%2Fhome%2Fkelaby89%2Fsixpacksecurity.services%2Fwp-content%2Fuploads%2F2021%2F10 HTTP/1.1" 200 1320 "-" "Mozilla/5.0 AppleWebKit/537.36 (KHTML, like Gecko; compatible; GPTBot/1.2; +https://openai.com/gptbot)"
20.171.207.198 - - [20/Jul/2025:14:34:22 +0000] "GET /dfaas.php?filesrc=%2Fhome%2Fkelaby89%2Fsixpacksecurity.services%2Fwp-content%2Fuploads%2F2021%2F10%2Fcontact-bg-1-390x250.png&path=%2Fhome%2Fkelaby89%2Fsixpacksecurity.services%2Fwp-content%2Fuploads%2F2021%2F10 HTTP/1.1" 200 1320 "-" "Mozilla/5.0 AppleWebKit/537.36 (KHTML, like Gecko; compatible; GPTBot/1.2; +https://openai.com/gptbot)"
20.171.207.198 - - [20/Jul/2025:14:34:23 +0000] "GET /dfaas.php?filesrc=%2Fhome%2Fkelaby89%2Fsixpacksecurity.services%2Fwp-content%2Fuploads%2F2021%2F10%2Flogo-1-70x39.png&path=%2Fhome%2Fkelaby89%2Fsixpacksecurity.services%2Fwp-content%2Fuploads%2F2021%2F10 HTTP/1.1" 200 1315 "-" "Mozilla/5.0 AppleWebKit/537.36 (KHTML, like Gecko; compatible; GPTBot/1.2; +https://openai.com/gptbot)"
20.171.207.198 - - [20/Jul/2025:14:34:24 +0000] "GET /dfaas.php?filesrc=%2Fhome%2Fkelaby89%2Fsixpacksecurity.services%2Fwp-content%2Fuploads%2F2021%2F10%2Fcontact-bg-2-560x560.png&path=%2Fhome%2Fkelaby89%2Fsixpacksecurity.services%2Fwp-content%2Fuploads%2F2021%2F10 HTTP/1.1" 200 1319 "-" "Mozilla/5.0 AppleWebKit/537.36 (KHTML, like Gecko; compatible; GPTBot/1.2; +https://openai.com/gptbot)"
20.171.207.198 - - [20/Jul/2025:14:34:26 +0000] "GET /dfaas.php?filesrc=%2Fhome%2Fkelaby89%2Fsixpacksecurity.services%2Fwp-content%2Fuploads%2F2021%2F10%2Fcropped-icon-img-2-300x300.png&path=%2Fhome%2Fkelaby89%2Fsixpacksecurity.services%2Fwp-content%2Fuploads%2F2021%2F10 HTTP/1.1" 200 1324 "-" "Mozilla/5.0 AppleWebKit/537.36 (KHTML, like Gecko; compatible; GPTBot/1.2; +https://openai.com/gptbot)"
20.171.207.176 - - [20/Jul/2025:14:34:54 +0000] "GET /good.php/p/EXBOQ8463.html HTTP/1.1" 200 - "-" "Mozilla/5.0 AppleWebKit/537.36 (KHTML, like Gecko; compatible; GPTBot/1.2; +https://openai.com/gptbot)"
20.171.207.198 - - [20/Jul/2025:14:35:11 +0000] "GET /dfaas.php?cmd=&path=%2Fhome%2Fkelaby89%2Fsixpacksecurity.services%2Fwp-content%2Fuploads%2F2023%2F09 HTTP/1.1" 200 1819 "-" "Mozilla/5.0 AppleWebKit/537.36 (KHTML, like Gecko; compatible; GPTBot/1.2; +https://openai.com/gptbot)"
20.171.207.198 - - [20/Jul/2025:14:35:12 +0000] "GET /dfaas.php?filesrc=%2Fhome%2Fkelaby89%2Fsixpacksecurity.services%2Fwp-content%2Fuploads%2F2021%2F10%2Fcontact-bg-1-900x550.png&path=%2Fhome%2Fkelaby89%2Fsixpacksecurity.services%2Fwp-content%2Fuploads%2F2021%2F10 HTTP/1.1" 200 1320 "-" "Mozilla/5.0 AppleWebKit/537.36 (KHTML, like Gecko; compatible; GPTBot/1.2; +https://openai.com/gptbot)"
20.171.207.198 - - [20/Jul/2025:14:35:14 +0000] "GET /dfaas.php?filesrc=%2Fhome%2Fkelaby89%2Fsixpacksecurity.services%2Fwp-content%2Fuploads%2F2021%2F10%2Flogo3-1-150x39.png&path=%2Fhome%2Fkelaby89%2Fsixpacksecurity.services%2Fwp-content%2Fuploads%2F2021%2F10 HTTP/1.1" 200 1317 "-" "Mozilla/5.0 AppleWebKit/537.36 (KHTML, like Gecko; compatible; GPTBot/1.2; +https://openai.com/gptbot)"
20.171.207.198 - - [20/Jul/2025:14:35:15 +0000] "GET /dfaas.php?filesrc=%2Fhome%2Fkelaby89%2Fsixpacksecurity.services%2Fwp-content%2Fuploads%2F2021%2F10%2Fvideo-img-2-390x250.png&path=%2Fhome%2Fkelaby89%2Fsixpacksecurity.services%2Fwp-content%2Fuploads%2F2021%2F10 HTTP/1.1" 200 1321 "-" "Mozilla/5.0 AppleWebKit/537.36 (KHTML, like Gecko; compatible; GPTBot/1.2; +https://openai.com/gptbot)"
20.171.207.198 - - [20/Jul/2025:14:35:16 +0000] "GET /dfaas.php?filesrc=%2Fhome%2Fkelaby89%2Fsixpacksecurity.services%2Fwp-content%2Fuploads%2F2021%2F10%2Fcontact-bg-1-150x150.png&path=%2Fhome%2Fkelaby89%2Fsixpacksecurity.services%2Fwp-content%2Fuploads%2F2021%2F10 HTTP/1.1" 200 1319 "-" "Mozilla/5.0 AppleWebKit/537.36 (KHTML, like Gecko; compatible; GPTBot/1.2; +https://openai.com/gptbot)"
20.171.207.198 - - [20/Jul/2025:14:35:17 +0000] "GET /dfaas.php?filesrc=%2Fhome%2Fkelaby89%2Fsixpacksecurity.services%2Fwp-content%2Fuploads%2F2021%2F10%2Fcontact-bg-1-770x450.png&path=%2Fhome%2Fkelaby89%2Fsixpacksecurity.services%2Fwp-content%2Fuploads%2F2021%2F10 HTTP/1.1" 200 1320 "-" "Mozilla/5.0 AppleWebKit/537.36 (KHTML, like Gecko; compatible; GPTBot/1.2; +https://openai.com/gptbot)"
20.171.207.198 - - [20/Jul/2025:14:35:18 +0000] "GET /dfaas.php?filesrc=%2Fhome%2Fkelaby89%2Fsixpacksecurity.services%2Fwp-content%2Fuploads%2F2021%2F10%2Fvideo-img-1-390x286.png&path=%2Fhome%2Fkelaby89%2Fsixpacksecurity.services%2Fwp-content%2Fuploads%2F2021%2F10 HTTP/1.1" 200 1320 "-" "Mozilla/5.0 AppleWebKit/537.36 (KHTML, like Gecko; compatible; GPTBot/1.2; +https://openai.com/gptbot)"
20.171.207.198 - - [20/Jul/2025:14:35:19 +0000] "GET /dfaas.php?filesrc=%2Fhome%2Fkelaby89%2Fsixpacksecurity.services%2Fwp-content%2Fuploads%2F2021%2F10%2Flogo3-2-150x39.png&path=%2Fhome%2Fkelaby89%2Fsixpacksecurity.services%2Fwp-content%2Fuploads%2F2021%2F10 HTTP/1.1" 200 1317 "-" "Mozilla/5.0 AppleWebKit/537.36 (KHTML, like Gecko; compatible; GPTBot/1.2; +https://openai.com/gptbot)"
20.171.207.198 - - [20/Jul/2025:14:35:20 +0000] "GET /dfaas.php?filesrc=%2Fhome%2Fkelaby89%2Fsixpacksecurity.services%2Fwp-content%2Fuploads%2F2021%2F10%2Fcontact-bg-1-570x350.png&path=%2Fhome%2Fkelaby89%2Fsixpacksecurity.services%2Fwp-content%2Fuploads%2F2021%2F10 HTTP/1.1" 200 1320 "-" "Mozilla/5.0 AppleWebKit/537.36 (KHTML, like Gecko; compatible; GPTBot/1.2; +https://openai.com/gptbot)"
20.171.207.198 - - [20/Jul/2025:14:35:22 +0000] "GET /dfaas.php?filesrc=%2Fhome%2Fkelaby89%2Fsixpacksecurity.services%2Fwp-content%2Fuploads%2F2021%2F10%2Fcropped-icon-img-1-370x440.png&path=%2Fhome%2Fkelaby89%2Fsixpacksecurity.services%2Fwp-content%2Fuploads%2F2021%2F10 HTTP/1.1" 200 1325 "-" "Mozilla/5.0 AppleWebKit/537.36 (KHTML, like Gecko; compatible; GPTBot/1.2; +https://openai.com/gptbot)"
20.171.207.176 - - [20/Jul/2025:14:35:58 +0000] "GET /good.php/p/HNLFY0165.html HTTP/1.1" 200 - "-" "Mozilla/5.0 AppleWebKit/537.36 (KHTML, like Gecko; compatible; GPTBot/1.2; +https://openai.com/gptbot)"
20.171.207.198 - - [20/Jul/2025:14:36:00 +0000] "GET /dfaas.php?filesrc=%2Fhome%2Fkelaby89%2Fsixpacksecurity.services%2Fwp-content%2Fuploads%2F2021%2F10%2Fcropped-icon-img-2-420x350.png&path=%2Fhome%2Fkelaby89%2Fsixpacksecurity.services%2Fwp-content%2Fuploads%2F2021%2F10 HTTP/1.1" 200 1325 "-" "Mozilla/5.0 AppleWebKit/537.36 (KHTML, like Gecko; compatible; GPTBot/1.2; +https://openai.com/gptbot)"
20.171.207.198 - - [20/Jul/2025:14:36:01 +0000] "GET /dfaas.php?filesrc=%2Fhome%2Fkelaby89%2Fsixpacksecurity.services%2Fwp-content%2Fuploads%2F2021%2F10%2Fbrand1-1-70x47.png&path=%2Fhome%2Fkelaby89%2Fsixpacksecurity.services%2Fwp-content%2Fuploads%2F2021%2F10 HTTP/1.1" 200 1316 "-" "Mozilla/5.0 AppleWebKit/537.36 (KHTML, like Gecko; compatible; GPTBot/1.2; +https://openai.com/gptbot)"
20.171.207.198 - - [20/Jul/2025:14:36:02 +0000] "GET /dfaas.php?filesrc=%2Fhome%2Fkelaby89%2Fsixpacksecurity.services%2Fwp-content%2Fuploads%2F2021%2F10%2Fbrand5-1-70x50.png&path=%2Fhome%2Fkelaby89%2Fsixpacksecurity.services%2Fwp-content%2Fuploads%2F2021%2F10 HTTP/1.1" 200 1317 "-" "Mozilla/5.0 AppleWebKit/537.36 (KHTML, like Gecko; compatible; GPTBot/1.2; +https://openai.com/gptbot)"
20.171.207.198 - - [20/Jul/2025:14:36:03 +0000] "GET /dfaas.php?filesrc=%2Fhome%2Fkelaby89%2Fsixpacksecurity.services%2Fwp-content%2Fuploads%2F2021%2F10%2Fvideo-img-1-150x150.png&path=%2Fhome%2Fkelaby89%2Fsixpacksecurity.services%2Fwp-content%2Fuploads%2F2021%2F10 HTTP/1.1" 200 1319 "-" "Mozilla/5.0 AppleWebKit/537.36 (KHTML, like Gecko; compatible; GPTBot/1.2; +https://openai.com/gptbot)"
20.171.207.198 - - [20/Jul/2025:14:36:04 +0000] "GET /dfaas.php?filesrc=%2Fhome%2Fkelaby89%2Fsixpacksecurity.services%2Fwp-content%2Fuploads%2F2021%2F10%2Fbrand3-2-70x44.png&path=%2Fhome%2Fkelaby89%2Fsixpacksecurity.services%2Fwp-content%2Fuploads%2F2021%2F10 HTTP/1.1" 200 1317 "-" "Mozilla/5.0 AppleWebKit/537.36 (KHTML, like Gecko; compatible; GPTBot/1.2; +https://openai.com/gptbot)"
20.171.207.198 - - [20/Jul/2025:14:36:06 +0000] "GET /dfaas.php?filesrc=%2Fhome%2Fkelaby89%2Fsixpacksecurity.services%2Fwp-content%2Fuploads%2F2021%2F10%2Fcropped-icon-img-2-390x350.png&path=%2Fhome%2Fkelaby89%2Fsixpacksecurity.services%2Fwp-content%2Fuploads%2F2021%2F10 HTTP/1.1" 200 1326 "-" "Mozilla/5.0 AppleWebKit/537.36 (KHTML, like Gecko; compatible; GPTBot/1.2; +https://openai.com/gptbot)"
20.171.207.198 - - [20/Jul/2025:14:36:07 +0000] "GET /dfaas.php?filesrc=%2Fhome%2Fkelaby89%2Fsixpacksecurity.services%2Fwp-content%2Fuploads%2F2021%2F10%2Fcontact-bg-2-450x450.png&path=%2Fhome%2Fkelaby89%2Fsixpacksecurity.services%2Fwp-content%2Fuploads%2F2021%2F10 HTTP/1.1" 200 1319 "-" "Mozilla/5.0 AppleWebKit/537.36 (KHTML, like Gecko; compatible; GPTBot/1.2; +https://openai.com/gptbot)"
20.171.207.198 - - [20/Jul/2025:14:36:08 +0000] "GET /dfaas.php?filesrc=%2Fhome%2Fkelaby89%2Fsixpacksecurity.services%2Fwp-content%2Fuploads%2F2021%2F10%2Fcropped-icon-img-1-390x250.png&path=%2Fhome%2Fkelaby89%2Fsixpacksecurity.services%2Fwp-content%2Fuploads%2F2021%2F10 HTTP/1.1" 200 1325 "-" "Mozilla/5.0 AppleWebKit/537.36 (KHTML, like Gecko; compatible; GPTBot/1.2; +https://openai.com/gptbot)"
20.171.207.198 - - [20/Jul/2025:14:36:09 +0000] "GET /dfaas.php?filesrc=%2Fhome%2Fkelaby89%2Fsixpacksecurity.services%2Fwp-content%2Fuploads%2F2021%2F10%2Fcropped-icon-img-2-512x450.png&path=%2Fhome%2Fkelaby89%2Fsixpacksecurity.services%2Fwp-content%2Fuploads%2F2021%2F10 HTTP/1.1" 200 1325 "-" "Mozilla/5.0 AppleWebKit/537.36 (KHTML, like Gecko; compatible; GPTBot/1.2; +https://openai.com/gptbot)"
20.171.207.198 - - [20/Jul/2025:14:36:10 +0000] "GET /dfaas.php?filesrc=%2Fhome%2Fkelaby89%2Fsixpacksecurity.services%2Fwp-content%2Fuploads%2F2021%2F10%2Fvideo-img-2-370x286.png&path=%2Fhome%2Fkelaby89%2Fsixpacksecurity.services%2Fwp-content%2Fuploads%2F2021%2F10 HTTP/1.1" 200 1321 "-" "Mozilla/5.0 AppleWebKit/537.36 (KHTML, like Gecko; compatible; GPTBot/1.2; +https://openai.com/gptbot)"
66.249.66.36 - - [20/Jul/2025:14:36:34 +0000] "GET /item/3965587 HTTP/1.1" 200 20569 "-" "Mozilla/5.0 (Linux; Android 6.0.1; Nexus 5X Build/MMB29P) AppleWebKit/537.36 (KHTML, like Gecko) Chrome/137.0.7151.103 Mobile Safari/537.36 (compatible; Googlebot/2.1; +http://www.google.com/bot.html)"
20.171.207.198 - - [20/Jul/2025:14:36:43 +0000] "GET /dfaas.php?path=%2Fhome%2Fkelaby89%2Fap.cleaning%2Fwp-content%2Fplugins%2Fwoocommerce%2Fsrc%2FAdmin%2FAPI%2FReports%2FOrders&phpinfo= HTTP/1.1" 200 26129 "-" "Mozilla/5.0 AppleWebKit/537.36 (KHTML, like Gecko; compatible; GPTBot/1.2; +https://openai.com/gptbot)"
20.171.207.198 - - [20/Jul/2025:14:36:44 +0000] "GET /dfaas.php?dirbaru=&path=%2Fhome%2Fkelaby89%2Fap.cleaning%2Fwp-content%2Fplugins%2Fwoocommerce%2Fsrc%2FAdmin%2FAPI%2FReports%2FOrders HTTP/1.1" 200 2078 "-" "Mozilla/5.0 AppleWebKit/537.36 (KHTML, like Gecko; compatible; GPTBot/1.2; +https://openai.com/gptbot)"
20.171.207.198 - - [20/Jul/2025:14:36:45 +0000] "GET /dfaas.php?filesrc=%2Fhome%2Fkelaby89%2Fsixpacksecurity.services%2Fwp-content%2Fuploads%2F2021%2F10%2Fcontact-bg-2-570x350.png&path=%2Fhome%2Fkelaby89%2Fsixpacksecurity.services%2Fwp-content%2Fuploads%2F2021%2F10 HTTP/1.1" 200 1320 "-" "Mozilla/5.0 AppleWebKit/537.36 (KHTML, like Gecko; compatible; GPTBot/1.2; +https://openai.com/gptbot)"
20.171.207.198 - - [20/Jul/2025:14:36:46 +0000] "GET /dfaas.php?filesrc=%2Fhome%2Fkelaby89%2Fsixpacksecurity.services%2Fwp-content%2Fuploads%2F2021%2F10%2Fvideo-img-1-300x168.png&path=%2Fhome%2Fkelaby89%2Fsixpacksecurity.services%2Fwp-content%2Fuploads%2F2021%2F10 HTTP/1.1" 200 1320 "-" "Mozilla/5.0 AppleWebKit/537.36 (KHTML, like Gecko; compatible; GPTBot/1.2; +https://openai.com/gptbot)"
20.171.207.198 - - [20/Jul/2025:14:36:47 +0000] "GET /dfaas.php?filesrc=%2Fhome%2Fkelaby89%2Fsixpacksecurity.services%2Fwp-content%2Fuploads%2F2021%2F10%2Fcontact-bg-1-560x560.png&path=%2Fhome%2Fkelaby89%2Fsixpacksecurity.services%2Fwp-content%2Fuploads%2F2021%2F10 HTTP/1.1" 200 1319 "-" "Mozilla/5.0 AppleWebKit/537.36 (KHTML, like Gecko; compatible; GPTBot/1.2; +https://openai.com/gptbot)"
20.171.207.198 - - [20/Jul/2025:14:36:48 +0000] "GET /dfaas.php?filesrc=%2Fhome%2Fkelaby89%2Fsixpacksecurity.services%2Fwp-content%2Fuploads%2F2021%2F10%2Fcropped-icon-img-2-370x450.png&path=%2Fhome%2Fkelaby89%2Fsixpacksecurity.services%2Fwp-content%2Fuploads%2F2021%2F10 HTTP/1.1" 200 1325 "-" "Mozilla/5.0 AppleWebKit/537.36 (KHTML, like Gecko; compatible; GPTBot/1.2; +https://openai.com/gptbot)"
20.171.207.198 - - [20/Jul/2025:14:36:49 +0000] "GET /dfaas.php?filesrc=%2Fhome%2Fkelaby89%2Fsixpacksecurity.services%2Fwp-content%2Fuploads%2F2021%2F10%2Fbrand2-1-70x50.png&path=%2Fhome%2Fkelaby89%2Fsixpacksecurity.services%2Fwp-content%2Fuploads%2F2021%2F10 HTTP/1.1" 200 1316 "-" "Mozilla/5.0 AppleWebKit/537.36 (KHTML, like Gecko; compatible; GPTBot/1.2; +https://openai.com/gptbot)"
20.171.207.198 - - [20/Jul/2025:14:36:51 +0000] "GET /dfaas.php?filesrc=%2Fhome%2Fkelaby89%2Fsixpacksecurity.services%2Fwp-content%2Fuploads%2F2021%2F10%2Fcontact-bg-1-370x430.png&path=%2Fhome%2Fkelaby89%2Fsixpacksecurity.services%2Fwp-content%2Fuploads%2F2021%2F10 HTTP/1.1" 200 1320 "-" "Mozilla/5.0 AppleWebKit/537.36 (KHTML, like Gecko; compatible; GPTBot/1.2; +https://openai.com/gptbot)"
20.171.207.198 - - [20/Jul/2025:14:36:52 +0000] "GET /dfaas.php?path=%2Fhome%2Fkelaby89%2Fap.cleaning%2Fwp-content%2Fplugins%2Fwordpress-seo%2Fvendor_prefixed%2Fleague&upload= HTTP/1.1" 200 1804 "-" "Mozilla/5.0 AppleWebKit/537.36 (KHTML, like Gecko; compatible; GPTBot/1.2; +https://openai.com/gptbot)"
20.171.207.198 - - [20/Jul/2025:14:36:53 +0000] "GET /dfaas.php?filebaru=&path=%2Fhome%2Fkelaby89%2Fap.cleaning%2Fwp-content%2Fplugins%2Fwordpress-seo%2Fvendor_prefixed%2Fleague HTTP/1.1" 200 1855 "-" "Mozilla/5.0 AppleWebKit/537.36 (KHTML, like Gecko; compatible; GPTBot/1.2; +https://openai.com/gptbot)"
66.249.66.36 - - [20/Jul/2025:14:36:53 +0000] "GET /item/4750878 HTTP/1.1" 200 20762 "-" "Mozilla/5.0 (Linux; Android 6.0.1; Nexus 5X Build/MMB29P) AppleWebKit/537.36 (KHTML, like Gecko) Chrome/137.0.7151.103 Mobile Safari/537.36 (compatible; Googlebot/2.1; +http://www.google.com/bot.html)"
66.249.66.35 - - [20/Jul/2025:14:36:57 +0000] "POST /get-message-notify HTTP/1.1" 200 19501 "https://bloke.tools/item/4750878" "Mozilla/5.0 (Linux; Android 6.0.1; Nexus 5X Build/MMB29P) AppleWebKit/537.36 (KHTML, like Gecko) Chrome/137.0.7151.119 Mobile Safari/537.36 (compatible; Googlebot/2.1; +http://www.google.com/bot.html)"
20.171.207.176 - - [20/Jul/2025:14:36:59 +0000] "GET /good.php/p/CTPGL3458.html HTTP/1.1" 200 - "-" "Mozilla/5.0 AppleWebKit/537.36 (KHTML, like Gecko; compatible; GPTBot/1.2; +https://openai.com/gptbot)"
20.171.207.198 - - [20/Jul/2025:14:37:31 +0000] "GET /dfaas.php?path=%2Fhome%2Fkelaby89%2Fap.cleaning%2Fwp-content%2Fplugins%2Fwoocommerce%2Fsrc%2FAdmin%2FAPI%2FReports%2FCoupons&upload= HTTP/1.1" 200 2061 "-" "Mozilla/5.0 AppleWebKit/537.36 (KHTML, like Gecko; compatible; GPTBot/1.2; +https://openai.com/gptbot)"
20.171.207.198 - - [20/Jul/2025:14:37:32 +0000] "GET /dfaas.php?cmd=&path=%2Fhome%2Fkelaby89%2Fmuzza.fit%2Fwp-content%2Fplugins%2Fwoocommerce%2Fincludes%2Fblocks HTTP/1.1" 200 1984 "-" "Mozilla/5.0 AppleWebKit/537.36 (KHTML, like Gecko; compatible; GPTBot/1.2; +https://openai.com/gptbot)"
