20.171.207.198 - - [20/Jul/2025:15:58:10 +0000] "GET /dfaas.php?filesrc=%2Fhome%2Fkelaby89%2Fsixpacksecurity.services%2Fwp-content%2Fuploads%2F2021%2F10%2Fskill-img-70x70.jpg&path=%2Fhome%2Fkelaby89%2Fsixpacksecurity.services%2Fwp-content%2Fuploads%2F2021%2F10 HTTP/1.1" 200 1317 "-" "Mozilla/5.0 AppleWebKit/537.36 (KHTML, like Gecko; compatible; GPTBot/1.2; +https://openai.com/gptbot)"
20.171.207.198 - - [20/Jul/2025:15:58:11 +0000] "GET /dfaas.php?filesrc=%2Fhome%2Fkelaby89%2Fsixpacksecurity.services%2Fwp-content%2Fuploads%2F2021%2F10%2Fteam3-2-106x106.jpg&path=%2Fhome%2Fkelaby89%2Fsixpacksecurity.services%2Fwp-content%2Fuploads%2F2021%2F10 HTTP/1.1" 200 1317 "-" "Mozilla/5.0 AppleWebKit/537.36 (KHTML, like Gecko; compatible; GPTBot/1.2; +https://openai.com/gptbot)"
20.171.207.198 - - [20/Jul/2025:15:58:12 +0000] "GET /dfaas.php?filesrc=%2Fhome%2Fkelaby89%2Fsixpacksecurity.services%2Fwp-content%2Fuploads%2F2021%2F10%2Fabout-2-106x106.jpg&path=%2Fhome%2Fkelaby89%2Fsixpacksecurity.services%2Fwp-content%2Fuploads%2F2021%2F10 HTTP/1.1" 200 1316 "-" "Mozilla/5.0 AppleWebKit/537.36 (KHTML, like Gecko; compatible; GPTBot/1.2; +https://openai.com/gptbot)"
20.171.207.198 - - [20/Jul/2025:15:58:14 +0000] "GET /dfaas.php?filesrc=%2Fhome%2Fkelaby89%2Fsixpacksecurity.services%2Fwp-content%2Fuploads%2F2021%2F10%2Fabout-2-420x350.jpg&path=%2Fhome%2Fkelaby89%2Fsixpacksecurity.services%2Fwp-content%2Fuploads%2F2021%2F10 HTTP/1.1" 200 1317 "-" "Mozilla/5.0 AppleWebKit/537.36 (KHTML, like Gecko; compatible; GPTBot/1.2; +https://openai.com/gptbot)"
66.249.66.36 - - [20/Jul/2025:15:58:27 +0000] "GET /item/4312203/ HTTP/1.1" 200 19946 "-" "Mozilla/5.0 (Linux; Android 6.0.1; Nexus 5X Build/MMB29P) AppleWebKit/537.36 (KHTML, like Gecko) Chrome/137.0.7151.103 Mobile Safari/537.36 (compatible; Googlebot/2.1; +http://www.google.com/bot.html)"
66.249.66.35 - - [20/Jul/2025:15:58:30 +0000] "POST /get-message-notify HTTP/1.1" 200 19499 "https://bloke.tools/item/4312203/" "Mozilla/5.0 (Linux; Android 6.0.1; Nexus 5X Build/MMB29P) AppleWebKit/537.36 (KHTML, like Gecko) Chrome/137.0.7151.119 Mobile Safari/537.36 (compatible; Googlebot/2.1; +http://www.google.com/bot.html)"
66.249.66.35 - - [20/Jul/2025:15:58:51 +0000] "GET /item/2361484/ HTTP/1.1" 200 19573 "-" "Mozilla/5.0 (Linux; Android 6.0.1; Nexus 5X Build/MMB29P) AppleWebKit/537.36 (KHTML, like Gecko) Chrome/137.0.7151.103 Mobile Safari/537.36 (compatible; Googlebot/2.1; +http://www.google.com/bot.html)"
66.249.66.35 - - [20/Jul/2025:15:58:53 +0000] "POST /get-message-notify HTTP/1.1" 200 19499 "https://bloke.tools/item/2361484/" "Mozilla/5.0 (Linux; Android 6.0.1; Nexus 5X Build/MMB29P) AppleWebKit/537.36 (KHTML, like Gecko) Chrome/137.0.7151.119 Mobile Safari/537.36 (compatible; Googlebot/2.1; +http://www.google.com/bot.html)"
20.171.207.176 - - [20/Jul/2025:15:59:06 +0000] "GET /good.php/p/JPVNR6230.html HTTP/1.1" 200 - "-" "Mozilla/5.0 AppleWebKit/537.36 (KHTML, like Gecko; compatible; GPTBot/1.2; +https://openai.com/gptbot)"
66.249.66.35 - - [20/Jul/2025:15:59:10 +0000] "GET /item/2230768/ HTTP/1.1" 200 20245 "-" "Mozilla/5.0 (Linux; Android 6.0.1; Nexus 5X Build/MMB29P) AppleWebKit/537.36 (KHTML, like Gecko) Chrome/137.0.7151.103 Mobile Safari/537.36 (compatible; Googlebot/2.1; +http://www.google.com/bot.html)"
66.249.66.35 - - [20/Jul/2025:15:59:20 +0000] "POST /get-message-notify HTTP/1.1" 200 19497 "https://bloke.tools/item/2230768/" "Mozilla/5.0 (Linux; Android 6.0.1; Nexus 5X Build/MMB29P) AppleWebKit/537.36 (KHTML, like Gecko) Chrome/137.0.7151.119 Mobile Safari/537.36 (compatible; Googlebot/2.1; +http://www.google.com/bot.html)"
66.249.66.35 - - [20/Jul/2025:15:59:34 +0000] "GET /item/4689256/ HTTP/1.1" 200 20867 "-" "Mozilla/5.0 (Linux; Android 6.0.1; Nexus 5X Build/MMB29P) AppleWebKit/537.36 (KHTML, like Gecko) Chrome/137.0.7151.103 Mobile Safari/537.36 (compatible; Googlebot/2.1; +http://www.google.com/bot.html)"
66.249.66.35 - - [20/Jul/2025:15:59:59 +0000] "GET /item/4774334/ HTTP/1.1" 200 19705 "-" "Mozilla/5.0 (Linux; Android 6.0.1; Nexus 5X Build/MMB29P) AppleWebKit/537.36 (KHTML, like Gecko) Chrome/137.0.7151.103 Mobile Safari/537.36 (compatible; Googlebot/2.1; +http://www.google.com/bot.html)"
20.171.207.176 - - [20/Jul/2025:16:00:08 +0000] "GET /good.php/p/DJRCG5917.html HTTP/1.1" 200 - "-" "Mozilla/5.0 AppleWebKit/537.36 (KHTML, like Gecko; compatible; GPTBot/1.2; +https://openai.com/gptbot)"
66.249.66.35 - - [20/Jul/2025:16:00:26 +0000] "GET /item/2719074/ HTTP/1.1" 200 19876 "-" "Mozilla/5.0 (Linux; Android 6.0.1; Nexus 5X Build/MMB29P) AppleWebKit/537.36 (KHTML, like Gecko) Chrome/137.0.7151.103 Mobile Safari/537.36 (compatible; Googlebot/2.1; +http://www.google.com/bot.html)"
20.171.207.198 - - [20/Jul/2025:16:00:29 +0000] "GET /dfaas.php?filesrc=%2Fhome%2Fkelaby89%2Fsixpacksecurity.services%2Fwp-content%2Fuploads%2F2021%2F10%2Fteam1-1-267x300.jpg&path=%2Fhome%2Fkelaby89%2Fsixpacksecurity.services%2Fwp-content%2Fuploads%2F2021%2F10 HTTP/1.1" 200 1318 "-" "Mozilla/5.0 AppleWebKit/537.36 (KHTML, like Gecko; compatible; GPTBot/1.2; +https://openai.com/gptbot)"
20.171.207.198 - - [20/Jul/2025:16:00:30 +0000] "GET /dfaas.php?filesrc=%2Fhome%2Fkelaby89%2Fsixpacksecurity.services%2Fwp-content%2Fuploads%2F2021%2F10%2Fteam2-2-267x300.jpg&path=%2Fhome%2Fkelaby89%2Fsixpacksecurity.services%2Fwp-content%2Fuploads%2F2021%2F10 HTTP/1.1" 200 1317 "-" "Mozilla/5.0 AppleWebKit/537.36 (KHTML, like Gecko; compatible; GPTBot/1.2; +https://openai.com/gptbot)"
20.171.207.198 - - [20/Jul/2025:16:00:32 +0000] "GET /dfaas.php?filesrc=%2Fhome%2Fkelaby89%2Fkraft-court.cafe%2Fwp-content%2Fplugins%2Flitespeed-cache%2Fdata%2Fconst.default.json&path=%2Fhome%2Fkelaby89%2Fkraft-court.cafe%2Fwp-content%2Fplugins%2Flitespeed-cache%2Fdata HTTP/1.1" 200 3764 "-" "Mozilla/5.0 AppleWebKit/537.36 (KHTML, like Gecko; compatible; GPTBot/1.2; +https://openai.com/gptbot)"
20.171.207.198 - - [20/Jul/2025:16:00:33 +0000] "GET /dfaas.php?filesrc=%2Fhome%2Fkelaby89%2Fap.cleaning%2Fwp-content%2Fai1wm-backups%2Fap.cleaning-20240129-035757-uavy62.wpress&path=%2Fhome%2Fkelaby89%2Fap.cleaning%2Fwp-content%2Fai1wm-backups HTTP/1.1" 200 1310 "-" "Mozilla/5.0 AppleWebKit/537.36 (KHTML, like Gecko; compatible; GPTBot/1.2; +https://openai.com/gptbot)"
20.171.207.198 - - [20/Jul/2025:16:00:34 +0000] "GET /dfaas.php?filesrc=%2Fhome%2Fkelaby89%2Fsixpacksecurity.services%2Fwp-content%2Fuploads%2F2021%2F10%2Flogo-1-2.png&path=%2Fhome%2Fkelaby89%2Fsixpacksecurity.services%2Fwp-content%2Fuploads%2F2021%2F10 HTTP/1.1" 200 1311 "-" "Mozilla/5.0 AppleWebKit/537.36 (KHTML, like Gecko; compatible; GPTBot/1.2; +https://openai.com/gptbot)"
20.171.207.198 - - [20/Jul/2025:16:00:35 +0000] "GET /dfaas.php?filesrc=%2Fhome%2Fkelaby89%2Fsixpacksecurity.services%2Fwp-content%2Fuploads%2F2021%2F10%2Fbar-img-1.png&path=%2Fhome%2Fkelaby89%2Fsixpacksecurity.services%2Fwp-content%2Fuploads%2F2021%2F10 HTTP/1.1" 200 1312 "-" "Mozilla/5.0 AppleWebKit/537.36 (KHTML, like Gecko; compatible; GPTBot/1.2; +https://openai.com/gptbot)"
20.171.207.198 - - [20/Jul/2025:16:00:36 +0000] "GET /dfaas.php?filesrc=%2Fhome%2Fkelaby89%2Fabl.academy%2Fwp-content%2Findex.php&path=%2Fhome%2Fkelaby89%2Fabl.academy%2Fwp-content HTTP/1.1" 200 1294 "-" "Mozilla/5.0 AppleWebKit/537.36 (KHTML, like Gecko; compatible; GPTBot/1.2; +https://openai.com/gptbot)"
20.171.207.198 - - [20/Jul/2025:16:00:37 +0000] "GET /dfaas.php?filesrc=%2Fhome%2Fkelaby89%2Fkraft-court.cafe%2Fwp-content%2Fplugins%2Felementor%2Fdata%2F.htaccess&path=%2Fhome%2Fkelaby89%2Fkraft-court.cafe%2Fwp-content%2Fplugins%2Felementor%2Fdata HTTP/1.1" 200 1404 "-" "Mozilla/5.0 AppleWebKit/537.36 (KHTML, like Gecko; compatible; GPTBot/1.2; +https://openai.com/gptbot)"
20.171.207.198 - - [20/Jul/2025:16:00:39 +0000] "GET /dfaas.php?filesrc=%2Fhome%2Fkelaby89%2Fsixpacksecurity.services%2Fwp-content%2Fuploads%2F2021%2F10%2Fcall-to-img.png&path=%2Fhome%2Fkelaby89%2Fsixpacksecurity.services%2Fwp-content%2Fuploads%2F2021%2F10 HTTP/1.1" 200 1314 "-" "Mozilla/5.0 AppleWebKit/537.36 (KHTML, like Gecko; compatible; GPTBot/1.2; +https://openai.com/gptbot)"
20.171.207.198 - - [20/Jul/2025:16:00:40 +0000] "GET /dfaas.php?filesrc=%2Fhome%2Fkelaby89%2Fakaventures.com.au%2Fwp-content%2Fplugins%2Fpagelayer%2Ffonts%2Ffa-brands-400.woff2&path=%2Fhome%2Fkelaby89%2Fakaventures.com.au%2Fwp-content%2Fplugins%2Fpagelayer%2Ffonts HTTP/1.1" 200 1322 "-" "Mozilla/5.0 AppleWebKit/537.36 (KHTML, like Gecko; compatible; GPTBot/1.2; +https://openai.com/gptbot)"
66.249.66.35 - - [20/Jul/2025:16:00:49 +0000] "GET /item/3249087/ HTTP/1.1" 200 20242 "-" "Mozilla/5.0 (Linux; Android 6.0.1; Nexus 5X Build/MMB29P) AppleWebKit/537.36 (KHTML, like Gecko) Chrome/137.0.7151.103 Mobile Safari/537.36 (compatible; Googlebot/2.1; +http://www.google.com/bot.html)"
20.171.207.176 - - [20/Jul/2025:16:01:09 +0000] "GET /good.php/p/EYMCJ3156.html HTTP/1.1" 200 - "-" "Mozilla/5.0 AppleWebKit/537.36 (KHTML, like Gecko; compatible; GPTBot/1.2; +https://openai.com/gptbot)"
66.249.66.35 - - [20/Jul/2025:16:01:14 +0000] "GET /item/4018909/ HTTP/1.1" 200 20354 "-" "Mozilla/5.0 (Linux; Android 6.0.1; Nexus 5X Build/MMB29P) AppleWebKit/537.36 (KHTML, like Gecko) Chrome/137.0.7151.103 Mobile Safari/537.36 (compatible; Googlebot/2.1; +http://www.google.com/bot.html)"
66.249.66.35 - - [20/Jul/2025:16:01:32 +0000] "GET /item/1619832/ HTTP/1.1" 200 19762 "-" "Mozilla/5.0 (Linux; Android 6.0.1; Nexus 5X Build/MMB29P) AppleWebKit/537.36 (KHTML, like Gecko) Chrome/137.0.7151.103 Mobile Safari/537.36 (compatible; Googlebot/2.1; +http://www.google.com/bot.html)"
66.249.66.35 - - [20/Jul/2025:16:01:34 +0000] "GET /item/1410398/ HTTP/1.1" 200 20034 "-" "Mozilla/5.0 (Linux; Android 6.0.1; Nexus 5X Build/MMB29P) AppleWebKit/537.36 (KHTML, like Gecko) Chrome/137.0.7151.103 Mobile Safari/537.36 (compatible; Googlebot/2.1; +http://www.google.com/bot.html)"
66.249.66.35 - - [20/Jul/2025:16:01:51 +0000] "GET /item/3134999/ HTTP/1.1" 200 19832 "-" "Mozilla/5.0 (Linux; Android 6.0.1; Nexus 5X Build/MMB29P) AppleWebKit/537.36 (KHTML, like Gecko) Chrome/137.0.7151.103 Mobile Safari/537.36 (compatible; Googlebot/2.1; +http://www.google.com/bot.html)"
66.249.66.35 - - [20/Jul/2025:16:02:11 +0000] "GET /item/4919817/ HTTP/1.1" 200 20944 "-" "Mozilla/5.0 (Linux; Android 6.0.1; Nexus 5X Build/MMB29P) AppleWebKit/537.36 (KHTML, like Gecko) Chrome/137.0.7151.103 Mobile Safari/537.36 (compatible; Googlebot/2.1; +http://www.google.com/bot.html)"
20.171.207.176 - - [20/Jul/2025:16:02:12 +0000] "GET /good.php/p/EPFKX0462.html HTTP/1.1" 200 - "-" "Mozilla/5.0 AppleWebKit/537.36 (KHTML, like Gecko; compatible; GPTBot/1.2; +https://openai.com/gptbot)"
66.249.66.36 - - [20/Jul/2025:16:02:31 +0000] "GET /item/4397329/ HTTP/1.1" 200 20250 "-" "Mozilla/5.0 (Linux; Android 6.0.1; Nexus 5X Build/MMB29P) AppleWebKit/537.36 (KHTML, like Gecko) Chrome/137.0.7151.103 Mobile Safari/537.36 (compatible; Googlebot/2.1; +http://www.google.com/bot.html)"
20.171.207.198 - - [20/Jul/2025:16:02:35 +0000] "GET /dfaas.php?filesrc=%2Fhome%2Fkelaby89%2Fmuzza.fit%2Fwp-content%2Fplugins%2Finstagram-feed%2Fassets%2Fsvgs%2FclickSocialAd.svg&path=%2Fhome%2Fkelaby89%2Fmuzza.fit%2Fwp-content%2Fplugins%2Finstagram-feed%2Fassets%2Fsvgs HTTP/1.1" 200 458088 "-" "Mozilla/5.0 AppleWebKit/537.36 (KHTML, like Gecko; compatible; GPTBot/1.2; +https://openai.com/gptbot)"
20.171.207.198 - - [20/Jul/2025:16:02:36 +0000] "GET /dfaas.php?filesrc=%2Fhome%2Fkelaby89%2Fakaventures.com.au%2Fwp-content%2Fplugins%2Felementor-pro%2Fvendor_prefixed%2Fpsr%2F.htaccess&path=%2Fhome%2Fkelaby89%2Fakaventures.com.au%2Fwp-content%2Fplugins%2Felementor-pro%2Fvendor_prefixed%2Fpsr HTTP/1.1" 200 1429 "-" "Mozilla/5.0 AppleWebKit/537.36 (KHTML, like Gecko; compatible; GPTBot/1.2; +https://openai.com/gptbot)"
20.171.207.198 - - [20/Jul/2025:16:02:38 +0000] "GET /dfaas.php?filesrc=%2Fhome%2Fkelaby89%2Fmuzza.fit%2Fwp-content%2Fplugins%2Finstagram-feed%2Fassets%2Fsvgs%2FloaderSVG.svg&path=%2Fhome%2Fkelaby89%2Fmuzza.fit%2Fwp-content%2Fplugins%2Finstagram-feed%2Fassets%2Fsvgs HTTP/1.1" 200 1656 "-" "Mozilla/5.0 AppleWebKit/537.36 (KHTML, like Gecko; compatible; GPTBot/1.2; +https://openai.com/gptbot)"
20.171.207.198 - - [20/Jul/2025:16:02:39 +0000] "GET /dfaas.php?filesrc=%2Fhome%2Fkelaby89%2Fmuzza.fit%2Fwp-content%2Fplugins%2Frevslider%2Flanguages%2Frevsliderhelp.pot&path=%2Fhome%2Fkelaby89%2Fmuzza.fit%2Fwp-content%2Fplugins%2Frevslider%2Flanguages HTTP/1.1" 200 27788 "-" "Mozilla/5.0 AppleWebKit/537.36 (KHTML, like Gecko; compatible; GPTBot/1.2; +https://openai.com/gptbot)"
20.171.207.198 - - [20/Jul/2025:16:02:40 +0000] "GET /dfaas.php?filesrc=%2Fhome%2Fkelaby89%2Fmuzza.fit%2Fwp-content%2Fplugins%2Fone-click-demo-import%2Fvendor%2Fphar-io%2Fmanifest%2FCHANGELOG.md&path=%2Fhome%2Fkelaby89%2Fmuzza.fit%2Fwp-content%2Fplugins%2Fone-click-demo-import%2Fvendor%2Fphar-io%2Fmanifest HTTP/1.1" 200 1789 "-" "Mozilla/5.0 AppleWebKit/537.36 (KHTML, like Gecko; compatible; GPTBot/1.2; +https://openai.com/gptbot)"
20.171.207.198 - - [20/Jul/2025:16:02:41 +0000] "GET /dfaas.php?filesrc=%2Fhome%2Fkelaby89%2Fmuzza.fit%2Fwp-content%2Fplugins%2Fone-click-demo-import%2Fvendor%2Fnikic%2Fphp-parser%2FREADME.md&path=%2Fhome%2Fkelaby89%2Fmuzza.fit%2Fwp-content%2Fplugins%2Fone-click-demo-import%2Fvendor%2Fnikic%2Fphp-parser HTTP/1.1" 200 3461 "-" "Mozilla/5.0 AppleWebKit/537.36 (KHTML, like Gecko; compatible; GPTBot/1.2; +https://openai.com/gptbot)"
66.249.66.35 - - [20/Jul/2025:16:02:42 +0000] "POST /get-message-notify HTTP/1.1" 200 19498 "https://bloke.tools/item/3134999/" "Mozilla/5.0 (Linux; Android 6.0.1; Nexus 5X Build/MMB29P) AppleWebKit/537.36 (KHTML, like Gecko) Chrome/137.0.7151.119 Mobile Safari/537.36 (compatible; Googlebot/2.1; +http://www.google.com/bot.html)"
20.171.207.198 - - [20/Jul/2025:16:02:42 +0000] "GET /dfaas.php?filesrc=%2Fhome%2Fkelaby89%2Fsergio-cuchi.tattoo%2Fwp-content%2Fplugins%2Fone-click-demo-import%2Fvendor%2Fcomposer%2F.htaccess&path=%2Fhome%2Fkelaby89%2Fsergio-cuchi.tattoo%2Fwp-content%2Fplugins%2Fone-click-demo-import%2Fvendor%2Fcomposer HTTP/1.1" 200 1434 "-" "Mozilla/5.0 AppleWebKit/537.36 (KHTML, like Gecko; compatible; GPTBot/1.2; +https://openai.com/gptbot)"
20.171.207.198 - - [20/Jul/2025:16:02:43 +0000] "GET /dfaas.php?filesrc=%2Fhome%2Fkelaby89%2Fap.cleaning%2Fwp-content%2Fplugins%2Fone-click-demo-import%2Fvendor%2Fsebastian%2Fcode-unit%2FChangeLog.md&path=%2Fhome%2Fkelaby89%2Fap.cleaning%2Fwp-content%2Fplugins%2Fone-click-demo-import%2Fvendor%2Fsebastian%2Fcode-unit HTTP/1.1" 200 2071 "-" "Mozilla/5.0 AppleWebKit/537.36 (KHTML, like Gecko; compatible; GPTBot/1.2; +https://openai.com/gptbot)"
20.171.207.198 - - [20/Jul/2025:16:02:45 +0000] "GET /dfaas.php?filesrc=%2Fhome%2Fkelaby89%2Fsergio-cuchi.tattoo%2Fwp-content%2Fplugins%2Fwoocommerce%2Fassets%2Fjs%2Fsourcebuster%2FLICENSE&path=%2Fhome%2Fkelaby89%2Fsergio-cuchi.tattoo%2Fwp-content%2Fplugins%2Fwoocommerce%2Fassets%2Fjs%2Fsourcebuster HTTP/1.1" 200 1996 "-" "Mozilla/5.0 AppleWebKit/537.36 (KHTML, like Gecko; compatible; GPTBot/1.2; +https://openai.com/gptbot)"
20.171.207.198 - - [20/Jul/2025:16:02:46 +0000] "GET /dfaas.php?filesrc=%2Fhome%2Fkelaby89%2Fabl.academy%2Fwp-content%2Fplugins%2Fwoocommerce-payments%2Fdist%2F.htaccess&path=%2Fhome%2Fkelaby89%2Fabl.academy%2Fwp-content%2Fplugins%2Fwoocommerce-payments%2Fdist HTTP/1.1" 200 1407 "-" "Mozilla/5.0 AppleWebKit/537.36 (KHTML, like Gecko; compatible; GPTBot/1.2; +https://openai.com/gptbot)"
66.249.66.35 - - [20/Jul/2025:16:02:47 +0000] "GET /item/1962613/ HTTP/1.1" 200 21073 "-" "Mozilla/5.0 (Linux; Android 6.0.1; Nexus 5X Build/MMB29P) AppleWebKit/537.36 (KHTML, like Gecko) Chrome/137.0.7151.103 Mobile Safari/537.36 (compatible; Googlebot/2.1; +http://www.google.com/bot.html)"
66.249.66.37 - - [20/Jul/2025:16:03:13 +0000] "GET /item/2220299/ HTTP/1.1" 200 20370 "-" "Mozilla/5.0 (Linux; Android 6.0.1; Nexus 5X Build/MMB29P) AppleWebKit/537.36 (KHTML, like Gecko) Chrome/137.0.7151.103 Mobile Safari/537.36 (compatible; Googlebot/2.1; +http://www.google.com/bot.html)"
20.171.207.176 - - [20/Jul/2025:16:03:16 +0000] "GET /good.php/p/GBPQY5267.html HTTP/1.1" 200 - "-" "Mozilla/5.0 AppleWebKit/537.36 (KHTML, like Gecko; compatible; GPTBot/1.2; +https://openai.com/gptbot)"
66.249.66.36 - - [20/Jul/2025:16:03:20 +0000] "POST /get-message-notify HTTP/1.1" 200 19504 "https://bloke.tools/item/1962613/" "Mozilla/5.0 (Linux; Android 6.0.1; Nexus 5X Build/MMB29P) AppleWebKit/537.36 (KHTML, like Gecko) Chrome/137.0.7151.119 Mobile Safari/537.36 (compatible; Googlebot/2.1; +http://www.google.com/bot.html)"
66.249.66.35 - - [20/Jul/2025:16:03:31 +0000] "GET /item/3730533/ HTTP/1.1" 200 21214 "-" "Mozilla/5.0 (Linux; Android 6.0.1; Nexus 5X Build/MMB29P) AppleWebKit/537.36 (KHTML, like Gecko) Chrome/137.0.7151.103 Mobile Safari/537.36 (compatible; Googlebot/2.1; +http://www.google.com/bot.html)"
66.249.66.35 - - [20/Jul/2025:16:03:51 +0000] "GET /item/4594218/ HTTP/1.1" 200 19795 "-" "Mozilla/5.0 (Linux; Android 6.0.1; Nexus 5X Build/MMB29P) AppleWebKit/537.36 (KHTML, like Gecko) Chrome/137.0.7151.103 Mobile Safari/537.36 (compatible; Googlebot/2.1; +http://www.google.com/bot.html)"
20.171.207.176 - - [20/Jul/2025:16:04:16 +0000] "GET /good.php/p/GEABR7458.html HTTP/1.1" 200 - "-" "Mozilla/5.0 AppleWebKit/537.36 (KHTML, like Gecko; compatible; GPTBot/1.2; +https://openai.com/gptbot)"
66.249.66.35 - - [20/Jul/2025:16:04:22 +0000] "GET /item/3641843/ HTTP/1.1" 200 20432 "-" "Mozilla/5.0 (Linux; Android 6.0.1; Nexus 5X Build/MMB29P) AppleWebKit/537.36 (KHTML, like Gecko) Chrome/137.0.7151.103 Mobile Safari/537.36 (compatible; Googlebot/2.1; +http://www.google.com/bot.html)"
66.249.66.35 - - [20/Jul/2025:16:04:44 +0000] "POST /get-message-notify HTTP/1.1" 200 19498 "https://bloke.tools/item/3641843/" "Mozilla/5.0 (Linux; Android 6.0.1; Nexus 5X Build/MMB29P) AppleWebKit/537.36 (KHTML, like Gecko) Chrome/137.0.7151.119 Mobile Safari/537.36 (compatible; Googlebot/2.1; +http://www.google.com/bot.html)"
20.171.207.198 - - [20/Jul/2025:16:04:44 +0000] "GET /dfaas.php?filesrc=%2Fhome%2Fkelaby89%2Fsixpacksecurity.services%2Fwp-content%2Fuploads%2F2021%2F10%2Fvideo-img-370x286.png&path=%2Fhome%2Fkelaby89%2Fsixpacksecurity.services%2Fwp-content%2Fuploads%2F2021%2F10 HTTP/1.1" 200 1319 "-" "Mozilla/5.0 AppleWebKit/537.36 (KHTML, like Gecko; compatible; GPTBot/1.2; +https://openai.com/gptbot)"
20.171.207.198 - - [20/Jul/2025:16:04:45 +0000] "GET /dfaas.php?filesrc=%2Fhome%2Fkelaby89%2Fsixpacksecurity.services%2Fwp-content%2Fuploads%2F2021%2F10%2Fcropped-icon-img-106x106.png&path=%2Fhome%2Fkelaby89%2Fsixpacksecurity.services%2Fwp-content%2Fuploads%2F2021%2F10 HTTP/1.1" 200 1322 "-" "Mozilla/5.0 AppleWebKit/537.36 (KHTML, like Gecko; compatible; GPTBot/1.2; +https://openai.com/gptbot)"
20.171.207.198 - - [20/Jul/2025:16:04:47 +0000] "GET /dfaas.php?filesrc=%2Fhome%2Fkelaby89%2Fsixpacksecurity.services%2Fwp-content%2Fuploads%2F2021%2F10%2Fcropped-icon-img-420x350.png&path=%2Fhome%2Fkelaby89%2Fsixpacksecurity.services%2Fwp-content%2Fuploads%2F2021%2F10 HTTP/1.1" 200 1324 "-" "Mozilla/5.0 AppleWebKit/537.36 (KHTML, like Gecko; compatible; GPTBot/1.2; +https://openai.com/gptbot)"
20.171.207.198 - - [20/Jul/2025:16:04:48 +0000] "GET /dfaas.php?filesrc=%2Fhome%2Fkelaby89%2Fsixpacksecurity.services%2Fwp-content%2Fuploads%2F2021%2F10%2Ft1-70x70.png&path=%2Fhome%2Fkelaby89%2Fsixpacksecurity.services%2Fwp-content%2Fuploads%2F2021%2F10 HTTP/1.1" 200 1312 "-" "Mozilla/5.0 AppleWebKit/537.36 (KHTML, like Gecko; compatible; GPTBot/1.2; +https://openai.com/gptbot)"
20.171.207.198 - - [20/Jul/2025:16:04:49 +0000] "GET /dfaas.php?filesrc=%2Fhome%2Fkelaby89%2Fsixpacksecurity.services%2Fwp-content%2Fuploads%2F2021%2F10%2Fcontact-bg-768x318.png&path=%2Fhome%2Fkelaby89%2Fsixpacksecurity.services%2Fwp-content%2Fuploads%2F2021%2F10 HTTP/1.1" 200 1318 "-" "Mozilla/5.0 AppleWebKit/537.36 (KHTML, like Gecko; compatible; GPTBot/1.2; +https://openai.com/gptbot)"
20.171.207.198 - - [20/Jul/2025:16:04:50 +0000] "GET /dfaas.php?filesrc=%2Fhome%2Fkelaby89%2Fsixpacksecurity.services%2Fwp-content%2Fuploads%2F2021%2F10%2Ffeicon4-70x59.png&path=%2Fhome%2Fkelaby89%2Fsixpacksecurity.services%2Fwp-content%2Fuploads%2F2021%2F10 HTTP/1.1" 200 1315 "-" "Mozilla/5.0 AppleWebKit/537.36 (KHTML, like Gecko; compatible; GPTBot/1.2; +https://openai.com/gptbot)"
20.171.207.198 - - [20/Jul/2025:16:04:51 +0000] "GET /dfaas.php?filesrc=%2Fhome%2Fkelaby89%2Fsixpacksecurity.services%2Fwp-content%2Fuploads%2F2021%2F10%2Fcropped-icon-img-390x350.png&path=%2Fhome%2Fkelaby89%2Fsixpacksecurity.services%2Fwp-content%2Fuploads%2F2021%2F10 HTTP/1.1" 200 1324 "-" "Mozilla/5.0 AppleWebKit/537.36 (KHTML, like Gecko; compatible; GPTBot/1.2; +https://openai.com/gptbot)"
20.171.207.198 - - [20/Jul/2025:16:04:52 +0000] "GET /dfaas.php?filesrc=%2Fhome%2Fkelaby89%2Fsixpacksecurity.services%2Fwp-content%2Fuploads%2F2021%2F10%2Fbrand5-150x50.png&path=%2Fhome%2Fkelaby89%2Fsixpacksecurity.services%2Fwp-content%2Fuploads%2F2021%2F10 HTTP/1.1" 200 1316 "-" "Mozilla/5.0 AppleWebKit/537.36 (KHTML, like Gecko; compatible; GPTBot/1.2; +https://openai.com/gptbot)"
20.171.207.198 - - [20/Jul/2025:16:04:53 +0000] "GET /dfaas.php?filesrc=%2Fhome%2Fkelaby89%2Fsixpacksecurity.services%2Fwp-content%2Fuploads%2F2021%2F10%2Fcontact-bg-390x250.png&path=%2Fhome%2Fkelaby89%2Fsixpacksecurity.services%2Fwp-content%2Fuploads%2F2021%2F10 HTTP/1.1" 200 1318 "-" "Mozilla/5.0 AppleWebKit/537.36 (KHTML, like Gecko; compatible; GPTBot/1.2; +https://openai.com/gptbot)"
20.171.207.198 - - [20/Jul/2025:16:04:55 +0000] "GET /dfaas.php?filesrc=%2Fhome%2Fkelaby89%2Fsixpacksecurity.services%2Fwp-content%2Fuploads%2F2021%2F10%2Fvideo-img-390x250.png&path=%2Fhome%2Fkelaby89%2Fsixpacksecurity.services%2Fwp-content%2Fuploads%2F2021%2F10 HTTP/1.1" 200 1319 "-" "Mozilla/5.0 AppleWebKit/537.36 (KHTML, like Gecko; compatible; GPTBot/1.2; +https://openai.com/gptbot)"
20.171.207.176 - - [20/Jul/2025:16:05:21 +0000] "GET /good.php/p/CRLSF5908.html HTTP/1.1" 200 - "-" "Mozilla/5.0 AppleWebKit/537.36 (KHTML, like Gecko; compatible; GPTBot/1.2; +https://openai.com/gptbot)"
20.171.207.176 - - [20/Jul/2025:16:06:27 +0000] "GET /good.php/p/DWNGK1809.html HTTP/1.1" 200 - "-" "Mozilla/5.0 AppleWebKit/537.36 (KHTML, like Gecko; compatible; GPTBot/1.2; +https://openai.com/gptbot)"
20.171.207.198 - - [20/Jul/2025:16:07:17 +0000] "GET /dfaas.php?filesrc=%2Fhome%2Fkelaby89%2Fsixpacksecurity.services%2Fwp-content%2Fuploads%2F2021%2F10%2Fbrand4-106x41.png&path=%2Fhome%2Fkelaby89%2Fsixpacksecurity.services%2Fwp-content%2Fuploads%2F2021%2F10 HTTP/1.1" 200 1316 "-" "Mozilla/5.0 AppleWebKit/537.36 (KHTML, like Gecko; compatible; GPTBot/1.2; +https://openai.com/gptbot)"
20.171.207.198 - - [20/Jul/2025:16:07:18 +0000] "GET /dfaas.php?filesrc=%2Fhome%2Fkelaby89%2Fsixpacksecurity.services%2Fwp-content%2Fuploads%2F2021%2F10%2Fcontact-bg-390x350.png&path=%2Fhome%2Fkelaby89%2Fsixpacksecurity.services%2Fwp-content%2Fuploads%2F2021%2F10 HTTP/1.1" 200 1319 "-" "Mozilla/5.0 AppleWebKit/537.36 (KHTML, like Gecko; compatible; GPTBot/1.2; +https://openai.com/gptbot)"
20.171.207.198 - - [20/Jul/2025:16:07:19 +0000] "GET /dfaas.php?filesrc=%2Fhome%2Fkelaby89%2Fsixpacksecurity.services%2Fwp-content%2Fuploads%2F2021%2F10%2Fbrand1-106x47.png&path=%2Fhome%2Fkelaby89%2Fsixpacksecurity.services%2Fwp-content%2Fuploads%2F2021%2F10 HTTP/1.1" 200 1315 "-" "Mozilla/5.0 AppleWebKit/537.36 (KHTML, like Gecko; compatible; GPTBot/1.2; +https://openai.com/gptbot)"
20.171.207.198 - - [20/Jul/2025:16:07:20 +0000] "GET /dfaas.php?filesrc=%2Fhome%2Fkelaby89%2Fsixpacksecurity.services%2Fwp-content%2Fuploads%2F2021%2F10%2Fbrand2-70x50.png&path=%2Fhome%2Fkelaby89%2Fsixpacksecurity.services%2Fwp-content%2Fuploads%2F2021%2F10 HTTP/1.1" 200 1315 "-" "Mozilla/5.0 AppleWebKit/537.36 (KHTML, like Gecko; compatible; GPTBot/1.2; +https://openai.com/gptbot)"
20.171.207.198 - - [20/Jul/2025:16:07:22 +0000] "GET /dfaas.php?filesrc=%2Fhome%2Fkelaby89%2Fsixpacksecurity.services%2Fwp-content%2Fuploads%2F2021%2F10%2Fbrand3-106x44.png&path=%2Fhome%2Fkelaby89%2Fsixpacksecurity.services%2Fwp-content%2Fuploads%2F2021%2F10 HTTP/1.1" 200 1316 "-" "Mozilla/5.0 AppleWebKit/537.36 (KHTML, like Gecko; compatible; GPTBot/1.2; +https://openai.com/gptbot)"
20.171.207.198 - - [20/Jul/2025:16:07:23 +0000] "GET /dfaas.php?filesrc=%2Fhome%2Fkelaby89%2Fsixpacksecurity.services%2Fwp-content%2Fuploads%2F2021%2F10%2Fcontact-bg-370x450.png&path=%2Fhome%2Fkelaby89%2Fsixpacksecurity.services%2Fwp-content%2Fuploads%2F2021%2F10 HTTP/1.1" 200 1318 "-" "Mozilla/5.0 AppleWebKit/537.36 (KHTML, like Gecko; compatible; GPTBot/1.2; +https://openai.com/gptbot)"
20.171.207.198 - - [20/Jul/2025:16:07:24 +0000] "GET /dfaas.php?filesrc=%2Fhome%2Fkelaby89%2Fsixpacksecurity.services%2Fwp-content%2Fuploads%2F2021%2F10%2Fbrand1-150x47.png&path=%2Fhome%2Fkelaby89%2Fsixpacksecurity.services%2Fwp-content%2Fuploads%2F2021%2F10 HTTP/1.1" 200 1315 "-" "Mozilla/5.0 AppleWebKit/537.36 (KHTML, like Gecko; compatible; GPTBot/1.2; +https://openai.com/gptbot)"
20.171.207.198 - - [20/Jul/2025:16:07:25 +0000] "GET /dfaas.php?filesrc=%2Fhome%2Fkelaby89%2Fsixpacksecurity.services%2Fwp-content%2Fuploads%2F2021%2F10%2Fcropped-icon-img-150x150.png&path=%2Fhome%2Fkelaby89%2Fsixpacksecurity.services%2Fwp-content%2Fuploads%2F2021%2F10 HTTP/1.1" 200 1322 "-" "Mozilla/5.0 AppleWebKit/537.36 (KHTML, like Gecko; compatible; GPTBot/1.2; +https://openai.com/gptbot)"
20.171.207.198 - - [20/Jul/2025:16:07:26 +0000] "GET /dfaas.php?filesrc=%2Fhome%2Fkelaby89%2Fsixpacksecurity.services%2Fwp-content%2Fuploads%2F2021%2F10%2Fvideo-img-150x150.png&path=%2Fhome%2Fkelaby89%2Fsixpacksecurity.services%2Fwp-content%2Fuploads%2F2021%2F10 HTTP/1.1" 200 1318 "-" "Mozilla/5.0 AppleWebKit/537.36 (KHTML, like Gecko; compatible; GPTBot/1.2; +https://openai.com/gptbot)"
20.171.207.198 - - [20/Jul/2025:16:07:27 +0000] "GET /dfaas.php?filesrc=%2Fhome%2Fkelaby89%2Fmuzza.fit%2Fwp-content%2Fplugins%2Fwolf-visual-composer%2Fassets%2Flib%2Fjustwave%2Fjustwave.player.js&path=%2Fhome%2Fkelaby89%2Fmuzza.fit%2Fwp-content%2Fplugins%2Fwolf-visual-composer%2Fassets%2Flib%2Fjustwave HTTP/1.1" 200 6929 "-" "Mozilla/5.0 AppleWebKit/537.36 (KHTML, like Gecko; compatible; GPTBot/1.2; +https://openai.com/gptbot)"
20.171.207.176 - - [20/Jul/2025:16:07:30 +0000] "GET /good.php/p/ISCGD8942.html HTTP/1.1" 200 - "-" "Mozilla/5.0 AppleWebKit/537.36 (KHTML, like Gecko; compatible; GPTBot/1.2; +https://openai.com/gptbot)"
20.171.207.176 - - [20/Jul/2025:16:08:31 +0000] "GET /good.php/p/IKVBE1049.html HTTP/1.1" 200 - "-" "Mozilla/5.0 AppleWebKit/537.36 (KHTML, like Gecko; compatible; GPTBot/1.2; +https://openai.com/gptbot)"
20.171.207.176 - - [20/Jul/2025:16:09:36 +0000] "GET /good.php/p/GTDPI3481.html HTTP/1.1" 200 - "-" "Mozilla/5.0 AppleWebKit/537.36 (KHTML, like Gecko; compatible; GPTBot/1.2; +https://openai.com/gptbot)"
20.171.207.198 - - [20/Jul/2025:16:09:57 +0000] "GET /dfaas.php?filesrc=%2Fhome%2Fkelaby89%2Fsixpacksecurity.services%2Fwp-content%2Fuploads%2F2021%2F10%2Fportfolio-bg-1024x222.jpg&path=%2Fhome%2Fkelaby89%2Fsixpacksecurity.services%2Fwp-content%2Fuploads%2F2021%2F10 HTTP/1.1" 200 1322 "-" "Mozilla/5.0 AppleWebKit/537.36 (KHTML, like Gecko; compatible; GPTBot/1.2; +https://openai.com/gptbot)"
66.249.66.35 - - [20/Jul/2025:16:09:58 +0000] "GET /item/3951379/ HTTP/1.1" 200 20299 "-" "Mozilla/5.0 (Linux; Android 6.0.1; Nexus 5X Build/MMB29P) AppleWebKit/537.36 (KHTML, like Gecko) Chrome/137.0.7151.103 Mobile Safari/537.36 (compatible; Googlebot/2.1; +http://www.google.com/bot.html)"
20.171.207.198 - - [20/Jul/2025:16:09:58 +0000] "GET /dfaas.php?filesrc=%2Fhome%2Fkelaby89%2Fap.cleaning%2Fwp-content%2Fplugins%2Fwoocommerce%2Fincludes%2Fdata-stores%2Fclass-wc-product-grouped-data-store-cpt.php&path=%2Fhome%2Fkelaby89%2Fap.cleaning%2Fwp-content%2Fplugins%2Fwoocommerce%2Fincludes%2Fdata-stores HTTP/1.1" 200 2276 "-" "Mozilla/5.0 AppleWebKit/537.36 (KHTML, like Gecko; compatible; GPTBot/1.2; +https://openai.com/gptbot)"
20.171.207.198 - - [20/Jul/2025:16:10:00 +0000] "GET /dfaas.php?filesrc=%2Fhome%2Fkelaby89%2Fabl.academy%2Fwp-content%2Fplugins%2Fwoocommerce-payments%2Fdist%2Fproduct-details.js&path=%2Fhome%2Fkelaby89%2Fabl.academy%2Fwp-content%2Fplugins%2Fwoocommerce-payments%2Fdist HTTP/1.1" 200 14123 "-" "Mozilla/5.0 AppleWebKit/537.36 (KHTML, like Gecko; compatible; GPTBot/1.2; +https://openai.com/gptbot)"
20.171.207.198 - - [20/Jul/2025:16:10:01 +0000] "GET /dfaas.php?filesrc=%2Fhome%2Fkelaby89%2Fabl.academy%2Fwp-content%2Fplugins%2Fwoocommerce-payments%2Fdist%2Ffrontend-tracks.js&path=%2Fhome%2Fkelaby89%2Fabl.academy%2Fwp-content%2Fplugins%2Fwoocommerce-payments%2Fdist HTTP/1.1" 200 2162 "-" "Mozilla/5.0 AppleWebKit/537.36 (KHTML, like Gecko; compatible; GPTBot/1.2; +https://openai.com/gptbot)"
20.171.207.198 - - [20/Jul/2025:16:10:02 +0000] "GET /dfaas.php?filesrc=%2Fhome%2Fkelaby89%2Fabl.academy%2Fwp-content%2Fplugins%2Fwoocommerce-payments%2Fdist%2Fsettings.js&path=%2Fhome%2Fkelaby89%2Fabl.academy%2Fwp-content%2Fplugins%2Fwoocommerce-payments%2Fdist HTTP/1.1" 200 237512 "-" "Mozilla/5.0 AppleWebKit/537.36 (KHTML, like Gecko; compatible; GPTBot/1.2; +https://openai.com/gptbot)"
20.171.207.198 - - [20/Jul/2025:16:10:03 +0000] "GET /dfaas.php?filesrc=%2Fhome%2Fkelaby89%2Fabl.academy%2Fwp-content%2Fplugins%2Fwoocommerce-payments%2Fdist%2Fmulti-currency-switcher-block.js&path=%2Fhome%2Fkelaby89%2Fabl.academy%2Fwp-content%2Fplugins%2Fwoocommerce-payments%2Fdist HTTP/1.1" 200 64021 "-" "Mozilla/5.0 AppleWebKit/537.36 (KHTML, like Gecko; compatible; GPTBot/1.2; +https://openai.com/gptbot)"
20.171.207.198 - - [20/Jul/2025:16:10:04 +0000] "GET /dfaas.php?filesrc=%2Fhome%2Fkelaby89%2Fabl.academy%2Fwp-content%2Fplugins%2Flearnpress-wishlist%2Ftemplates%2F.htaccess&path=%2Fhome%2Fkelaby89%2Fabl.academy%2Fwp-content%2Fplugins%2Flearnpress-wishlist%2Ftemplates HTTP/1.1" 200 1411 "-" "Mozilla/5.0 AppleWebKit/537.36 (KHTML, like Gecko; compatible; GPTBot/1.2; +https://openai.com/gptbot)"
20.171.207.198 - - [20/Jul/2025:16:10:05 +0000] "GET /dfaas.php?filesrc=%2Fhome%2Fkelaby89%2Fabl.academy%2Fwp-content%2Fplugins%2Fwoocommerce-payments%2Fdist%2Fpayment-gateways.js&path=%2Fhome%2Fkelaby89%2Fabl.academy%2Fwp-content%2Fplugins%2Fwoocommerce-payments%2Fdist HTTP/1.1" 200 39726 "-" "Mozilla/5.0 AppleWebKit/537.36 (KHTML, like Gecko; compatible; GPTBot/1.2; +https://openai.com/gptbot)"
20.171.207.198 - - [20/Jul/2025:16:10:06 +0000] "GET /dfaas.php?filesrc=%2Fhome%2Fkelaby89%2Fap.cleaning%2Fwp-content%2Fuploads%2F2021%2F08%2Findex-service-house-bg-653x235.png&path=%2Fhome%2Fkelaby89%2Fap.cleaning%2Fwp-content%2Fuploads%2F2021%2F08 HTTP/1.1" 200 1321 "-" "Mozilla/5.0 AppleWebKit/537.36 (KHTML, like Gecko; compatible; GPTBot/1.2; +https://openai.com/gptbot)"
20.171.207.198 - - [20/Jul/2025:16:10:08 +0000] "GET /dfaas.php?filesrc=%2Fhome%2Fkelaby89%2Fap.cleaning%2Fwp-content%2Fuploads%2F2021%2F08%2Findex-service-house-bg-600x502.png&path=%2Fhome%2Fkelaby89%2Fap.cleaning%2Fwp-content%2Fuploads%2F2021%2F08 HTTP/1.1" 200 1321 "-" "Mozilla/5.0 AppleWebKit/537.36 (KHTML, like Gecko; compatible; GPTBot/1.2; +https://openai.com/gptbot)"
20.171.207.176 - - [20/Jul/2025:16:10:37 +0000] "GET /good.php/p/CZTBG1483.html HTTP/1.1" 200 - "-" "Mozilla/5.0 AppleWebKit/537.36 (KHTML, like Gecko; compatible; GPTBot/1.2; +https://openai.com/gptbot)"
66.249.66.35 - - [20/Jul/2025:16:10:46 +0000] "POST /get-message-notify HTTP/1.1" 200 19496 "https://bloke.tools/item/3951379/" "Mozilla/5.0 (Linux; Android 6.0.1; Nexus 5X Build/MMB29P) AppleWebKit/537.36 (KHTML, like Gecko) Chrome/137.0.7151.119 Mobile Safari/537.36 (compatible; Googlebot/2.1; +http://www.google.com/bot.html)"
20.171.207.176 - - [20/Jul/2025:16:11:39 +0000] "GET /good.php/p/FDZWK0345.html HTTP/1.1" 200 - "-" "Mozilla/5.0 AppleWebKit/537.36 (KHTML, like Gecko; compatible; GPTBot/1.2; +https://openai.com/gptbot)"
20.171.207.198 - - [20/Jul/2025:16:12:21 +0000] "GET /dfaas.php?filesrc=%2Fhome%2Fkelaby89%2Fap.cleaning%2Fwp-content%2Fuploads%2F2021%2F08%2Findex-service-house-bg-309x309.png&path=%2Fhome%2Fkelaby89%2Fap.cleaning%2Fwp-content%2Fuploads%2F2021%2F08 HTTP/1.1" 200 1320 "-" "Mozilla/5.0 AppleWebKit/537.36 (KHTML, like Gecko; compatible; GPTBot/1.2; +https://openai.com/gptbot)"
20.171.207.198 - - [20/Jul/2025:16:12:22 +0000] "GET /dfaas.php?filesrc=%2Fhome%2Fkelaby89%2Fap.cleaning%2Fwp-content%2Fuploads%2F2021%2F08%2Findex-service-house-bg-577x483.png&path=%2Fhome%2Fkelaby89%2Fap.cleaning%2Fwp-content%2Fuploads%2F2021%2F08 HTTP/1.1" 200 1321 "-" "Mozilla/5.0 AppleWebKit/537.36 (KHTML, like Gecko; compatible; GPTBot/1.2; +https://openai.com/gptbot)"
20.171.207.198 - - [20/Jul/2025:16:12:24 +0000] "GET /dfaas.php?filesrc=%2Fhome%2Fkelaby89%2Fap.cleaning%2Fwp-content%2Fuploads%2F2021%2F08%2Findex-service-house-bg-370x249.png&path=%2Fhome%2Fkelaby89%2Fap.cleaning%2Fwp-content%2Fuploads%2F2021%2F08 HTTP/1.1" 200 1321 "-" "Mozilla/5.0 AppleWebKit/537.36 (KHTML, like Gecko; compatible; GPTBot/1.2; +https://openai.com/gptbot)"
20.171.207.198 - - [20/Jul/2025:16:12:25 +0000] "GET /dfaas.php?filesrc=%2Fhome%2Fkelaby89%2Fap.cleaning%2Fwp-content%2Fuploads%2F2021%2F08%2Findex-service-house-bg-300x251.png&path=%2Fhome%2Fkelaby89%2Fap.cleaning%2Fwp-content%2Fuploads%2F2021%2F08 HTTP/1.1" 200 1320 "-" "Mozilla/5.0 AppleWebKit/537.36 (KHTML, like Gecko; compatible; GPTBot/1.2; +https://openai.com/gptbot)"
20.171.207.198 - - [20/Jul/2025:16:12:26 +0000] "GET /dfaas.php?filesrc=%2Fhome%2Fkelaby89%2Fap.cleaning%2Fwp-content%2Fuploads%2F2021%2F08%2Findex-service-house-bg-570x310.png&path=%2Fhome%2Fkelaby89%2Fap.cleaning%2Fwp-content%2Fuploads%2F2021%2F08 HTTP/1.1" 200 1320 "-" "Mozilla/5.0 AppleWebKit/537.36 (KHTML, like Gecko; compatible; GPTBot/1.2; +https://openai.com/gptbot)"
20.171.207.198 - - [20/Jul/2025:16:12:27 +0000] "GET /dfaas.php?filesrc=%2Fhome%2Fkelaby89%2Fap.cleaning%2Fwp-content%2Fuploads%2F2021%2F08%2Findex-service-house-bg-357x242.png&path=%2Fhome%2Fkelaby89%2Fap.cleaning%2Fwp-content%2Fuploads%2F2021%2F08 HTTP/1.1" 200 1321 "-" "Mozilla/5.0 AppleWebKit/537.36 (KHTML, like Gecko; compatible; GPTBot/1.2; +https://openai.com/gptbot)"
20.171.207.198 - - [20/Jul/2025:16:12:28 +0000] "GET /dfaas.php?filesrc=%2Fhome%2Fkelaby89%2Fkraft-court.cafe%2Fwp-content%2Fplugins%2Felementor-pro%2Fvendor_prefixed%2Fpsr%2Fcontainer%2FLICENSE&path=%2Fhome%2Fkelaby89%2Fkraft-court.cafe%2Fwp-content%2Fplugins%2Felementor-pro%2Fvendor_prefixed%2Fpsr%2Fcontainer HTTP/1.1" 200 2032 "-" "Mozilla/5.0 AppleWebKit/537.36 (KHTML, like Gecko; compatible; GPTBot/1.2; +https://openai.com/gptbot)"
20.171.207.198 - - [20/Jul/2025:16:12:29 +0000] "GET /dfaas.php?filesrc=%2Fhome%2Fkelaby89%2Fmuzza.fit%2Fwp-content%2Fplugins%2Fwolf-visual-composer%2Fscss%2Fwvc.scss&path=%2Fhome%2Fkelaby89%2Fmuzza.fit%2Fwp-content%2Fplugins%2Fwolf-visual-composer%2Fscss HTTP/1.1" 200 3108 "-" "Mozilla/5.0 AppleWebKit/537.36 (KHTML, like Gecko; compatible; GPTBot/1.2; +https://openai.com/gptbot)"
20.171.207.198 - - [20/Jul/2025:16:12:30 +0000] "GET /dfaas.php?filesrc=%2Fhome%2Fkelaby89%2Fakaventures.com.au%2Fwp-content%2Fplugins%2Felementor%2Fassets%2Flib%2Fshare-link%2Fshare-link.js&path=%2Fhome%2Fkelaby89%2Fakaventures.com.au%2Fwp-content%2Fplugins%2Felementor%2Fassets%2Flib%2Fshare-link HTTP/1.1" 200 2906 "-" "Mozilla/5.0 AppleWebKit/537.36 (KHTML, like Gecko; compatible; GPTBot/1.2; +https://openai.com/gptbot)"
20.171.207.198 - - [20/Jul/2025:16:12:32 +0000] "GET /dfaas.php?filesrc=%2Fhome%2Fkelaby89%2Fakaventures.com.au%2Fwp-content%2Fplugins%2Felementor%2Fassets%2Flib%2Fshare-link%2Fshare-link.min.js&path=%2Fhome%2Fkelaby89%2Fakaventures.com.au%2Fwp-content%2Fplugins%2Felementor%2Fassets%2Flib%2Fshare-link HTTP/1.1" 200 2531 "-" "Mozilla/5.0 AppleWebKit/537.36 (KHTML, like Gecko; compatible; GPTBot/1.2; +https://openai.com/gptbot)"
20.171.207.176 - - [20/Jul/2025:16:12:44 +0000] "GET /good.php/p/FNMJD6972.html HTTP/1.1" 200 - "-" "Mozilla/5.0 AppleWebKit/537.36 (KHTML, like Gecko; compatible; GPTBot/1.2; +https://openai.com/gptbot)"
20.171.207.176 - - [20/Jul/2025:16:13:47 +0000] "GET /good.php/p/KPVQA3267.html HTTP/1.1" 200 - "-" "Mozilla/5.0 AppleWebKit/537.36 (KHTML, like Gecko; compatible; GPTBot/1.2; +https://openai.com/gptbot)"
20.171.207.176 - - [20/Jul/2025:16:14:48 +0000] "GET /good.php/p/JVSHR9502.html HTTP/1.1" 200 - "-" "Mozilla/5.0 AppleWebKit/537.36 (KHTML, like Gecko; compatible; GPTBot/1.2; +https://openai.com/gptbot)"
20.171.207.198 - - [20/Jul/2025:16:15:09 +0000] "GET /dfaas.php?filesrc=%2F%2Flib64%2Fpython3.6%2Fsite-packages%2Frpm%2F_rpmb.cpython-36m-x86_64-linux-gnu.so&path=%2F%2Flib64%2Fpython3.6%2Fsite-packages%2Frpm HTTP/1.1" 200 1291 "-" "Mozilla/5.0 AppleWebKit/537.36 (KHTML, like Gecko; compatible; GPTBot/1.2; +https://openai.com/gptbot)"
20.171.207.198 - - [20/Jul/2025:16:15:10 +0000] "GET /dfaas.php?filesrc=%2F%2Flib64%2Fpython3.6%2Fsite-packages%2Frpm%2F_rpms.cpython-36m-x86_64-linux-gnu.so&path=%2F%2Flib64%2Fpython3.6%2Fsite-packages%2Frpm HTTP/1.1" 200 1291 "-" "Mozilla/5.0 AppleWebKit/537.36 (KHTML, like Gecko; compatible; GPTBot/1.2; +https://openai.com/gptbot)"
20.171.207.198 - - [20/Jul/2025:16:15:11 +0000] "GET /dfaas.php?filesrc=%2Fhome%2Fkelaby89%2Fsergio-cuchi.tattoo%2Fwp-content%2Fplugins%2Fwoocommerce%2Fsrc%2FAdmin%2FAPI%2FTemplates%2Fexternal_product.csv&path=%2Fhome%2Fkelaby89%2Fsergio-cuchi.tattoo%2Fwp-content%2Fplugins%2Fwoocommerce%2Fsrc%2FAdmin%2FAPI%2FTemplates HTTP/1.1" 200 1386 "-" "Mozilla/5.0 AppleWebKit/537.36 (KHTML, like Gecko; compatible; GPTBot/1.2; +https://openai.com/gptbot)"
20.171.207.198 - - [20/Jul/2025:16:15:12 +0000] "GET /dfaas.php?filesrc=%2Fhome%2Fkelaby89%2Flanguage-lounge.club%2Fwp-content%2Fplugins%2Fextendify%2Fsrc%2FAssist%2Ftasks%2Fimages%2FLaunchDemoSitesMarkup.jsx&path=%2Fhome%2Fkelaby89%2Flanguage-lounge.club%2Fwp-content%2Fplugins%2Fextendify%2Fsrc%2FAssist%2Ftasks%2Fimages HTTP/1.1" 200 4177 "-" "Mozilla/5.0 AppleWebKit/537.36 (KHTML, like Gecko; compatible; GPTBot/1.2; +https://openai.com/gptbot)"
20.171.207.198 - - [20/Jul/2025:16:15:13 +0000] "GET /dfaas.php?filesrc=%2Fhome%2Fkelaby89%2Fap.cleaning%2Fwp-content%2Fuploads%2F2021%2F08%2Fcoupon-ribbon-309x114.png&path=%2Fhome%2Fkelaby89%2Fap.cleaning%2Fwp-content%2Fuploads%2F2021%2F08 HTTP/1.1" 200 1312 "-" "Mozilla/5.0 AppleWebKit/537.36 (KHTML, like Gecko; compatible; GPTBot/1.2; +https://openai.com/gptbot)"
20.171.207.198 - - [20/Jul/2025:16:15:15 +0000] "GET /dfaas.php?filesrc=%2Fhome%2Fkelaby89%2Fap.cleaning%2Fwp-content%2Fuploads%2F2021%2F08%2Fcoupon-ribbon-357x114.png&path=%2Fhome%2Fkelaby89%2Fap.cleaning%2Fwp-content%2Fuploads%2F2021%2F08 HTTP/1.1" 200 1312 "-" "Mozilla/5.0 AppleWebKit/537.36 (KHTML, like Gecko; compatible; GPTBot/1.2; +https://openai.com/gptbot)"
20.171.207.198 - - [20/Jul/2025:16:15:16 +0000] "GET /dfaas.php?filesrc=%2Fhome%2Fkelaby89%2Fap.cleaning%2Fwp-content%2Fuploads%2F2021%2F08%2Ffooter-ribbon-150x150.png&path=%2Fhome%2Fkelaby89%2Fap.cleaning%2Fwp-content%2Fuploads%2F2021%2F08 HTTP/1.1" 200 1313 "-" "Mozilla/5.0 AppleWebKit/537.36 (KHTML, like Gecko; compatible; GPTBot/1.2; +https://openai.com/gptbot)"
20.171.207.198 - - [20/Jul/2025:16:15:17 +0000] "GET /dfaas.php?filesrc=%2F%2Flib64%2Fperl5%2Fbits%2Ftypes.ph&path=%2F%2Flib64%2Fperl5%2Fbits HTTP/1.1" 200 1720 "-" "Mozilla/5.0 AppleWebKit/537.36 (KHTML, like Gecko; compatible; GPTBot/1.2; +https://openai.com/gptbot)"
20.171.207.198 - - [20/Jul/2025:16:15:18 +0000] "GET /dfaas.php?filesrc=%2Fhome%2Fkelaby89%2Fsergio-cuchi.tattoo%2Fwp-content%2Fplugins%2Flitespeed-cache%2Fthirdparty%2Fentry.inc.php&path=%2Fhome%2Fkelaby89%2Fsergio-cuchi.tattoo%2Fwp-content%2Fplugins%2Flitespeed-cache%2Fthirdparty HTTP/1.1" 200 1926 "-" "Mozilla/5.0 AppleWebKit/537.36 (KHTML, like Gecko; compatible; GPTBot/1.2; +https://openai.com/gptbot)"
20.171.207.198 - - [20/Jul/2025:16:15:19 +0000] "GET /dfaas.php?filesrc=%2Fhome%2Fkelaby89%2F.cpanel%2Fducache&path=%2Fhome%2Fkelaby89%2F.cpanel HTTP/1.1" 200 2078087 "-" "Mozilla/5.0 AppleWebKit/537.36 (KHTML, like Gecko; compatible; GPTBot/1.2; +https://openai.com/gptbot)"
20.171.207.176 - - [20/Jul/2025:16:15:51 +0000] "GET /good.php/p/IJHFV4130.html HTTP/1.1" 200 - "-" "Mozilla/5.0 AppleWebKit/537.36 (KHTML, like Gecko; compatible; GPTBot/1.2; +https://openai.com/gptbot)"
66.249.66.36 - - [20/Jul/2025:16:15:59 +0000] "GET /item/3613179/ HTTP/1.1" 200 20375 "-" "Mozilla/5.0 (Linux; Android 6.0.1; Nexus 5X Build/MMB29P) AppleWebKit/537.36 (KHTML, like Gecko) Chrome/137.0.7151.103 Mobile Safari/537.36 (compatible; Googlebot/2.1; +http://www.google.com/bot.html)"
66.249.66.37 - - [20/Jul/2025:16:16:10 +0000] "GET /item/1536661/ HTTP/1.1" 200 20361 "-" "Mozilla/5.0 (Linux; Android 6.0.1; Nexus 5X Build/MMB29P) AppleWebKit/537.36 (KHTML, like Gecko) Chrome/137.0.7151.103 Mobile Safari/537.36 (compatible; Googlebot/2.1; +http://www.google.com/bot.html)"
66.249.66.35 - - [20/Jul/2025:16:16:19 +0000] "POST /get-message-notify HTTP/1.1" 200 19500 "https://bloke.tools/item/3613179/" "Mozilla/5.0 (Linux; Android 6.0.1; Nexus 5X Build/MMB29P) AppleWebKit/537.36 (KHTML, like Gecko) Chrome/137.0.7151.119 Mobile Safari/537.36 (compatible; Googlebot/2.1; +http://www.google.com/bot.html)"
66.249.66.36 - - [20/Jul/2025:16:16:21 +0000] "GET /item/2805256/ HTTP/1.1" 200 20367 "-" "Mozilla/5.0 (Linux; Android 6.0.1; Nexus 5X Build/MMB29P) AppleWebKit/537.36 (KHTML, like Gecko) Chrome/137.0.7151.103 Mobile Safari/537.36 (compatible; Googlebot/2.1; +http://www.google.com/bot.html)"
66.249.66.35 - - [20/Jul/2025:16:16:32 +0000] "GET /item/1700983/ HTTP/1.1" 200 20306 "-" "Mozilla/5.0 (Linux; Android 6.0.1; Nexus 5X Build/MMB29P) AppleWebKit/537.36 (KHTML, like Gecko) Chrome/137.0.7151.103 Mobile Safari/537.36 (compatible; Googlebot/2.1; +http://www.google.com/bot.html)"
66.249.66.35 - - [20/Jul/2025:16:16:39 +0000] "GET /item/1710019/ HTTP/1.1" 200 20306 "-" "Mozilla/5.0 (Linux; Android 6.0.1; Nexus 5X Build/MMB29P) AppleWebKit/537.36 (KHTML, like Gecko) Chrome/137.0.7151.103 Mobile Safari/537.36 (compatible; Googlebot/2.1; +http://www.google.com/bot.html)"
66.249.66.35 - - [20/Jul/2025:16:16:44 +0000] "POST /get-message-notify HTTP/1.1" 200 19498 "https://bloke.tools/item/1536661/" "Mozilla/5.0 (Linux; Android 6.0.1; Nexus 5X Build/MMB29P) AppleWebKit/537.36 (KHTML, like Gecko) Chrome/137.0.7151.119 Mobile Safari/537.36 (compatible; Googlebot/2.1; +http://www.google.com/bot.html)"
66.249.66.35 - - [20/Jul/2025:16:16:48 +0000] "GET /item/2089133/ HTTP/1.1" 200 20093 "-" "Mozilla/5.0 (Linux; Android 6.0.1; Nexus 5X Build/MMB29P) AppleWebKit/537.36 (KHTML, like Gecko) Chrome/137.0.7151.103 Mobile Safari/537.36 (compatible; Googlebot/2.1; +http://www.google.com/bot.html)"
66.249.66.35 - - [20/Jul/2025:16:16:49 +0000] "POST /get-message-notify HTTP/1.1" 200 19499 "https://bloke.tools/item/2805256/" "Mozilla/5.0 (Linux; Android 6.0.1; Nexus 5X Build/MMB29P) AppleWebKit/537.36 (KHTML, like Gecko) Chrome/137.0.7151.119 Mobile Safari/537.36 (compatible; Googlebot/2.1; +http://www.google.com/bot.html)"
20.171.207.176 - - [20/Jul/2025:16:16:53 +0000] "GET /good.php/p/EHGSD0718.html HTTP/1.1" 200 - "-" "Mozilla/5.0 AppleWebKit/537.36 (KHTML, like Gecko; compatible; GPTBot/1.2; +https://openai.com/gptbot)"
20.171.207.176 - - [20/Jul/2025:16:17:53 +0000] "GET /good.php/p/FNHJT3608.html HTTP/1.1" 200 - "-" "Mozilla/5.0 AppleWebKit/537.36 (KHTML, like Gecko; compatible; GPTBot/1.2; +https://openai.com/gptbot)"
20.171.207.198 - - [20/Jul/2025:16:18:22 +0000] "GET /dfaas.php?filesrc=%2Fhome%2Fkelaby89%2Fkraft-court.cafe%2F.htaccess.bk&path=%2Fhome%2Fkelaby89%2Fkraft-court.cafe HTTP/1.1" 200 1265 "-" "Mozilla/5.0 AppleWebKit/537.36 (KHTML, like Gecko; compatible; GPTBot/1.2; +https://openai.com/gptbot)"
20.171.207.198 - - [20/Jul/2025:16:18:23 +0000] "GET /dfaas.php?filesrc=%2Fhome%2Fkelaby89%2Fmuzza.fit%2Fwp-content%2Fplugins%2Fwolf-visual-composer%2Ftemplates%2Fwvc_embed_video.php&path=%2Fhome%2Fkelaby89%2Fmuzza.fit%2Fwp-content%2Fplugins%2Fwolf-visual-composer%2Ftemplates HTTP/1.1" 200 2340 "-" "Mozilla/5.0 AppleWebKit/537.36 (KHTML, like Gecko; compatible; GPTBot/1.2; +https://openai.com/gptbot)"
20.171.207.198 - - [20/Jul/2025:16:18:24 +0000] "GET /dfaas.php?filesrc=%2Fhome%2Fkelaby89%2Fmuzza.fit%2Fwp-content%2Fplugins%2Fwolf-visual-composer%2Ftemplates%2Fvc_tab.php&path=%2Fhome%2Fkelaby89%2Fmuzza.fit%2Fwp-content%2Fplugins%2Fwolf-visual-composer%2Ftemplates HTTP/1.1" 200 1714 "-" "Mozilla/5.0 AppleWebKit/537.36 (KHTML, like Gecko; compatible; GPTBot/1.2; +https://openai.com/gptbot)"
20.171.207.198 - - [20/Jul/2025:16:18:25 +0000] "GET /dfaas.php?filesrc=%2Fhome%2Fkelaby89%2Fmuzza.fit%2Fwp-content%2Fplugins%2Fwolf-visual-composer%2Ftemplates%2Fwvc_meal.php&path=%2Fhome%2Fkelaby89%2Fmuzza.fit%2Fwp-content%2Fplugins%2Fwolf-visual-composer%2Ftemplates HTTP/1.1" 200 2082 "-" "Mozilla/5.0 AppleWebKit/537.36 (KHTML, like Gecko; compatible; GPTBot/1.2; +https://openai.com/gptbot)"
20.171.207.198 - - [20/Jul/2025:16:18:27 +0000] "GET /dfaas.php?filesrc=%2Fhome%2Fkelaby89%2Fmuzza.fit%2Fwp-content%2Fplugins%2Fwolf-visual-composer%2Ftemplates%2Fwvc_admin_helper_text.php&path=%2Fhome%2Fkelaby89%2Fmuzza.fit%2Fwp-content%2Fplugins%2Fwolf-visual-composer%2Ftemplates HTTP/1.1" 200 1473 "-" "Mozilla/5.0 AppleWebKit/537.36 (KHTML, like Gecko; compatible; GPTBot/1.2; +https://openai.com/gptbot)"
20.171.207.198 - - [20/Jul/2025:16:18:28 +0000] "GET /dfaas.php?filesrc=%2Fhome%2Fkelaby89%2Fmuzza.fit%2Fwp-content%2Fplugins%2Fwolf-visual-composer%2Ftemplates%2Fvc_pie.php&path=%2Fhome%2Fkelaby89%2Fmuzza.fit%2Fwp-content%2Fplugins%2Fwolf-visual-composer%2Ftemplates HTTP/1.1" 200 2291 "-" "Mozilla/5.0 AppleWebKit/537.36 (KHTML, like Gecko; compatible; GPTBot/1.2; +https://openai.com/gptbot)"
20.171.207.198 - - [20/Jul/2025:16:18:29 +0000] "GET /dfaas.php?filesrc=%2Fhome%2Fkelaby89%2Fmuzza.fit%2Fwp-content%2Fplugins%2Fwolf-visual-composer%2Ftemplates%2Fvc_gmaps.php&path=%2Fhome%2Fkelaby89%2Fmuzza.fit%2Fwp-content%2Fplugins%2Fwolf-visual-composer%2Ftemplates HTTP/1.1" 200 2764 "-" "Mozilla/5.0 AppleWebKit/537.36 (KHTML, like Gecko; compatible; GPTBot/1.2; +https://openai.com/gptbot)"
20.171.207.198 - - [20/Jul/2025:16:18:30 +0000] "GET /dfaas.php?filesrc=%2Fhome%2Fkelaby89%2Fmuzza.fit%2Fwp-content%2Fplugins%2Fwolf-visual-composer%2Ftemplates%2Fwvc_last_posts.php&path=%2Fhome%2Fkelaby89%2Fmuzza.fit%2Fwp-content%2Fplugins%2Fwolf-visual-composer%2Ftemplates HTTP/1.1" 200 2657 "-" "Mozilla/5.0 AppleWebKit/537.36 (KHTML, like Gecko; compatible; GPTBot/1.2; +https://openai.com/gptbot)"
20.171.207.198 - - [20/Jul/2025:16:18:31 +0000] "GET /dfaas.php?filesrc=%2Fhome%2Fkelaby89%2Fmuzza.fit%2Fwp-content%2Fplugins%2Fwolf-visual-composer%2Ftemplates%2Fwvc_image_device_slider.php&path=%2Fhome%2Fkelaby89%2Fmuzza.fit%2Fwp-content%2Fplugins%2Fwolf-visual-composer%2Ftemplates HTTP/1.1" 200 2669 "-" "Mozilla/5.0 AppleWebKit/537.36 (KHTML, like Gecko; compatible; GPTBot/1.2; +https://openai.com/gptbot)"
20.171.207.198 - - [20/Jul/2025:16:18:32 +0000] "GET /dfaas.php?filesrc=%2Fhome%2Fkelaby89%2Fmuzza.fit%2Fwp-content%2Fplugins%2Fwolf-visual-composer%2Ftemplates%2Fvc_column.php&path=%2Fhome%2Fkelaby89%2Fmuzza.fit%2Fwp-content%2Fplugins%2Fwolf-visual-composer%2Ftemplates HTTP/1.1" 200 3808 "-" "Mozilla/5.0 AppleWebKit/537.36 (KHTML, like Gecko; compatible; GPTBot/1.2; +https://openai.com/gptbot)"
66.249.66.36 - - [20/Jul/2025:16:18:48 +0000] "GET /item/1862425/ HTTP/1.1" 200 20169 "-" "Mozilla/5.0 (Linux; Android 6.0.1; Nexus 5X Build/MMB29P) AppleWebKit/537.36 (KHTML, like Gecko) Chrome/137.0.7151.103 Mobile Safari/537.36 (compatible; Googlebot/2.1; +http://www.google.com/bot.html)"
20.171.207.176 - - [20/Jul/2025:16:18:57 +0000] "GET /good.php/p/EYNLM4069.html HTTP/1.1" 200 - "-" "Mozilla/5.0 AppleWebKit/537.36 (KHTML, like Gecko; compatible; GPTBot/1.2; +https://openai.com/gptbot)"
66.249.66.35 - - [20/Jul/2025:16:19:27 +0000] "GET /item/4682965/ HTTP/1.1" 200 20251 "-" "Mozilla/5.0 (Linux; Android 6.0.1; Nexus 5X Build/MMB29P) AppleWebKit/537.36 (KHTML, like Gecko) Chrome/137.0.7151.103 Mobile Safari/537.36 (compatible; Googlebot/2.1; +http://www.google.com/bot.html)"
20.171.207.176 - - [20/Jul/2025:16:20:03 +0000] "GET /good.php/p/CNHRZ2894.html HTTP/1.1" 200 - "-" "Mozilla/5.0 AppleWebKit/537.36 (KHTML, like Gecko; compatible; GPTBot/1.2; +https://openai.com/gptbot)"
66.249.66.37 - - [20/Jul/2025:16:20:40 +0000] "GET /item/3021428/ HTTP/1.1" 200 20120 "-" "Mozilla/5.0 (Linux; Android 6.0.1; Nexus 5X Build/MMB29P) AppleWebKit/537.36 (KHTML, like Gecko) Chrome/137.0.7151.103 Mobile Safari/537.36 (compatible; Googlebot/2.1; +http://www.google.com/bot.html)"
20.171.207.176 - - [20/Jul/2025:16:21:05 +0000] "GET /good.php/p/KFECU5671.html HTTP/1.1" 200 - "-" "Mozilla/5.0 AppleWebKit/537.36 (KHTML, like Gecko; compatible; GPTBot/1.2; +https://openai.com/gptbot)"
20.171.207.176 - - [20/Jul/2025:16:22:10 +0000] "GET /good.php/p/JYEWV3160.html HTTP/1.1" 200 - "-" "Mozilla/5.0 AppleWebKit/537.36 (KHTML, like Gecko; compatible; GPTBot/1.2; +https://openai.com/gptbot)"
66.249.66.36 - - [20/Jul/2025:16:22:23 +0000] "GET /item/4928012/ HTTP/1.1" 200 20396 "-" "Mozilla/5.0 (Linux; Android 6.0.1; Nexus 5X Build/MMB29P) AppleWebKit/537.36 (KHTML, like Gecko) Chrome/137.0.7151.103 Mobile Safari/537.36 (compatible; Googlebot/2.1; +http://www.google.com/bot.html)"
20.171.207.198 - - [20/Jul/2025:16:22:25 +0000] "GET /dfaas.php?filesrc=%2Fhome%2Fkelaby89%2Fmuzza.fit%2Fwp-content%2Fplugins%2Fwolf-visual-composer%2Ftemplates%2Fvc_section.php.bak&path=%2Fhome%2Fkelaby89%2Fmuzza.fit%2Fwp-content%2Fplugins%2Fwolf-visual-composer%2Ftemplates HTTP/1.1" 200 2667 "-" "Mozilla/5.0 AppleWebKit/537.36 (KHTML, like Gecko; compatible; GPTBot/1.2; +https://openai.com/gptbot)"
