66.249.68.33 - - [20/Jul/2025:12:32:50 +0000] "GET /shopdetail/505051990.shtml HTTP/1.1" 200 20287 "-" "Mozilla/5.0 (Linux; Android 6.0.1; Nexus 5X Build/MMB29P) AppleWebKit/537.36 (KHTML, like Gecko) Chrome/137.0.7151.103 Mobile Safari/537.36 (compatible; Googlebot/2.1; +http://www.google.com/bot.html)"
66.249.68.33 - - [20/Jul/2025:12:32:53 +0000] "GET /shopdetail/505058726.shtml HTTP/1.1" 200 17943 "-" "Mozilla/5.0 (Linux; Android 6.0.1; Nexus 5X Build/MMB29P) AppleWebKit/537.36 (KHTML, like Gecko) Chrome/137.0.7151.103 Mobile Safari/537.36 (compatible; Googlebot/2.1; +http://www.google.com/bot.html)"
66.249.68.33 - - [20/Jul/2025:12:32:56 +0000] "POST /get-message-notify HTTP/1.1" 200 18672 "https://cartel.express/shopdetail/505058726.shtml" "Mozilla/5.0 (Linux; Android 6.0.1; Nexus 5X Build/MMB29P) AppleWebKit/537.36 (KHTML, like Gecko) Chrome/137.0.7151.119 Mobile Safari/537.36 (compatible; Googlebot/2.1; +http://www.google.com/bot.html)"
66.249.68.33 - - [20/Jul/2025:12:32:58 +0000] "GET /shopdetail/505108882.shtml HTTP/1.1" 200 18211 "-" "Mozilla/5.0 (Linux; Android 6.0.1; Nexus 5X Build/MMB29P) AppleWebKit/537.36 (KHTML, like Gecko) Chrome/137.0.7151.103 Mobile Safari/537.36 (compatible; Googlebot/2.1; +http://www.google.com/bot.html)"
66.249.68.33 - - [20/Jul/2025:12:33:00 +0000] "POST /get-message-notify HTTP/1.1" 200 18672 "https://cartel.express/shopdetail/505108882.shtml" "Mozilla/5.0 (Linux; Android 6.0.1; Nexus 5X Build/MMB29P) AppleWebKit/537.36 (KHTML, like Gecko) Chrome/137.0.7151.119 Mobile Safari/537.36 (compatible; Googlebot/2.1; +http://www.google.com/bot.html)"
66.249.68.34 - - [20/Jul/2025:12:33:02 +0000] "GET /shopdetail/505085180.shtml HTTP/1.1" 200 18397 "-" "Mozilla/5.0 (Linux; Android 6.0.1; Nexus 5X Build/MMB29P) AppleWebKit/537.36 (KHTML, like Gecko) Chrome/137.0.7151.103 Mobile Safari/537.36 (compatible; Googlebot/2.1; +http://www.google.com/bot.html)"
66.249.68.34 - - [20/Jul/2025:12:33:07 +0000] "GET /shopdetail/505075880.shtml HTTP/1.1" 200 19256 "-" "Mozilla/5.0 (Linux; Android 6.0.1; Nexus 5X Build/MMB29P) AppleWebKit/537.36 (KHTML, like Gecko) Chrome/137.0.7151.103 Mobile Safari/537.36 (compatible; Googlebot/2.1; +http://www.google.com/bot.html)"
66.249.68.33 - - [20/Jul/2025:12:33:12 +0000] "GET /shopdetail/505082740.shtml HTTP/1.1" 200 19251 "-" "Mozilla/5.0 (Linux; Android 6.0.1; Nexus 5X Build/MMB29P) AppleWebKit/537.36 (KHTML, like Gecko) Chrome/137.0.7151.103 Mobile Safari/537.36 (compatible; Googlebot/2.1; +http://www.google.com/bot.html)"
66.249.68.33 - - [20/Jul/2025:12:33:14 +0000] "POST /get-message-notify HTTP/1.1" 200 18672 "https://cartel.express/shopdetail/505085180.shtml" "Mozilla/5.0 (Linux; Android 6.0.1; Nexus 5X Build/MMB29P) AppleWebKit/537.36 (KHTML, like Gecko) Chrome/137.0.7151.119 Mobile Safari/537.36 (compatible; Googlebot/2.1; +http://www.google.com/bot.html)"
66.249.68.33 - - [20/Jul/2025:12:33:15 +0000] "POST /get-message-notify HTTP/1.1" 200 18672 "https://cartel.express/shopdetail/505082740.shtml" "Mozilla/5.0 (Linux; Android 6.0.1; Nexus 5X Build/MMB29P) AppleWebKit/537.36 (KHTML, like Gecko) Chrome/137.0.7151.119 Mobile Safari/537.36 (compatible; Googlebot/2.1; +http://www.google.com/bot.html)"
66.249.68.33 - - [20/Jul/2025:12:33:21 +0000] "GET /shopdetail/505063214.shtml HTTP/1.1" 200 19959 "-" "Mozilla/5.0 (Linux; Android 6.0.1; Nexus 5X Build/MMB29P) AppleWebKit/537.36 (KHTML, like Gecko) Chrome/137.0.7151.103 Mobile Safari/537.36 (compatible; Googlebot/2.1; +http://www.google.com/bot.html)"
66.249.68.33 - - [20/Jul/2025:12:33:24 +0000] "GET /shopdetail/505115874.shtml HTTP/1.1" 200 18693 "-" "Mozilla/5.0 (Linux; Android 6.0.1; Nexus 5X Build/MMB29P) AppleWebKit/537.36 (KHTML, like Gecko) Chrome/137.0.7151.103 Mobile Safari/537.36 (compatible; Googlebot/2.1; +http://www.google.com/bot.html)"
66.249.68.33 - - [20/Jul/2025:12:33:26 +0000] "GET /shopdetail/505083934.shtml HTTP/1.1" 200 20492 "-" "Mozilla/5.0 (Linux; Android 6.0.1; Nexus 5X Build/MMB29P) AppleWebKit/537.36 (KHTML, like Gecko) Chrome/137.0.7151.103 Mobile Safari/537.36 (compatible; Googlebot/2.1; +http://www.google.com/bot.html)"
66.249.68.33 - - [20/Jul/2025:12:33:29 +0000] "POST /get-message-notify HTTP/1.1" 200 18672 "https://cartel.express/shopdetail/505083934.shtml" "Mozilla/5.0 (Linux; Android 6.0.1; Nexus 5X Build/MMB29P) AppleWebKit/537.36 (KHTML, like Gecko) Chrome/137.0.7151.119 Mobile Safari/537.36 (compatible; Googlebot/2.1; +http://www.google.com/bot.html)"
66.249.68.33 - - [20/Jul/2025:12:33:34 +0000] "GET /shopdetail/505057728.shtml HTTP/1.1" 200 18473 "-" "Mozilla/5.0 (Linux; Android 6.0.1; Nexus 5X Build/MMB29P) AppleWebKit/537.36 (KHTML, like Gecko) Chrome/137.0.7151.103 Mobile Safari/537.36 (compatible; Googlebot/2.1; +http://www.google.com/bot.html)"
66.249.68.33 - - [20/Jul/2025:12:33:37 +0000] "GET /shopdetail/505072450.shtml HTTP/1.1" 200 18322 "-" "Mozilla/5.0 (Linux; Android 6.0.1; Nexus 5X Build/MMB29P) AppleWebKit/537.36 (KHTML, like Gecko) Chrome/137.0.7151.103 Mobile Safari/537.36 (compatible; Googlebot/2.1; +http://www.google.com/bot.html)"
209.74.77.214 - - [20/Jul/2025:12:33:39 +0000] "POST /wp-cron.php?doing_wp_cron=1753014819.7654299736022949218750 HTTP/1.1" 200 - "-" "WordPress/6.8.2; https://cartel.express"
172.96.160.216 - - [20/Jul/2025:12:33:39 +0000] "GET / HTTP/1.1" 301 - "-" "Mozilla/5.0 (Debian; Linux x86_64) AppleWebKit/537.36 (KHTML, like Gecko) Chrome/128.0.0.0 Safari/537.36"
66.249.68.33 - - [20/Jul/2025:12:33:40 +0000] "POST /get-message-notify HTTP/1.1" 200 18672 "https://cartel.express/shopdetail/505072450.shtml" "Mozilla/5.0 (Linux; Android 6.0.1; Nexus 5X Build/MMB29P) AppleWebKit/537.36 (KHTML, like Gecko) Chrome/137.0.7151.119 Mobile Safari/537.36 (compatible; Googlebot/2.1; +http://www.google.com/bot.html)"
66.249.68.33 - - [20/Jul/2025:12:33:44 +0000] "GET /shopdetail/505111254.shtml HTTP/1.1" 200 18527 "-" "Mozilla/5.0 (Linux; Android 6.0.1; Nexus 5X Build/MMB29P) AppleWebKit/537.36 (KHTML, like Gecko) Chrome/137.0.7151.103 Mobile Safari/537.36 (compatible; Googlebot/2.1; +http://www.google.com/bot.html)"
66.249.68.33 - - [20/Jul/2025:12:33:50 +0000] "GET /shopdetail/505097530.shtml HTTP/1.1" 200 18304 "-" "Mozilla/5.0 (Linux; Android 6.0.1; Nexus 5X Build/MMB29P) AppleWebKit/537.36 (KHTML, like Gecko) Chrome/137.0.7151.103 Mobile Safari/537.36 (compatible; Googlebot/2.1; +http://www.google.com/bot.html)"
66.249.68.33 - - [20/Jul/2025:12:33:52 +0000] "GET /shopdetail/505052980.shtml HTTP/1.1" 200 18739 "-" "Mozilla/5.0 (Linux; Android 6.0.1; Nexus 5X Build/MMB29P) AppleWebKit/537.36 (KHTML, like Gecko) Chrome/137.0.7151.103 Mobile Safari/537.36 (compatible; Googlebot/2.1; +http://www.google.com/bot.html)"
66.249.68.34 - - [20/Jul/2025:12:33:55 +0000] "GET /shopdetail/505045130.shtml HTTP/1.1" 200 19977 "-" "Mozilla/5.0 (Linux; Android 6.0.1; Nexus 5X Build/MMB29P) AppleWebKit/537.36 (KHTML, like Gecko) Chrome/137.0.7151.103 Mobile Safari/537.36 (compatible; Googlebot/2.1; +http://www.google.com/bot.html)"
66.249.68.34 - - [20/Jul/2025:12:34:00 +0000] "GET /shopdetail/505091720.shtml HTTP/1.1" 200 18791 "-" "Mozilla/5.0 (Linux; Android 6.0.1; Nexus 5X Build/MMB29P) AppleWebKit/537.36 (KHTML, like Gecko) Chrome/137.0.7151.103 Mobile Safari/537.36 (compatible; Googlebot/2.1; +http://www.google.com/bot.html)"
66.249.68.34 - - [20/Jul/2025:12:34:08 +0000] "GET /shopdetail/505054430.shtml HTTP/1.1" 200 18020 "-" "Mozilla/5.0 (Linux; Android 6.0.1; Nexus 5X Build/MMB29P) AppleWebKit/537.36 (KHTML, like Gecko) Chrome/137.0.7151.103 Mobile Safari/537.36 (compatible; Googlebot/2.1; +http://www.google.com/bot.html)"
66.249.68.33 - - [20/Jul/2025:12:34:13 +0000] "GET /shopdetail/505099902.shtml HTTP/1.1" 200 18781 "-" "Mozilla/5.0 (Linux; Android 6.0.1; Nexus 5X Build/MMB29P) AppleWebKit/537.36 (KHTML, like Gecko) Chrome/137.0.7151.103 Mobile Safari/537.36 (compatible; Googlebot/2.1; +http://www.google.com/bot.html)"
66.249.68.33 - - [20/Jul/2025:12:34:16 +0000] "POST /get-message-notify HTTP/1.1" 200 18672 "https://cartel.express/shopdetail/505099902.shtml" "Mozilla/5.0 (Linux; Android 6.0.1; Nexus 5X Build/MMB29P) AppleWebKit/537.36 (KHTML, like Gecko) Chrome/137.0.7151.119 Mobile Safari/537.36 (compatible; Googlebot/2.1; +http://www.google.com/bot.html)"
66.249.68.33 - - [20/Jul/2025:12:34:16 +0000] "GET /shopdetail/505054106.shtml HTTP/1.1" 200 18117 "-" "Mozilla/5.0 (Linux; Android 6.0.1; Nexus 5X Build/MMB29P) AppleWebKit/537.36 (KHTML, like Gecko) Chrome/137.0.7151.103 Mobile Safari/537.36 (compatible; Googlebot/2.1; +http://www.google.com/bot.html)"
66.249.68.33 - - [20/Jul/2025:12:34:19 +0000] "GET /shopdetail/505014176.shtml HTTP/1.1" 200 18704 "-" "Mozilla/5.0 (Linux; Android 6.0.1; Nexus 5X Build/MMB29P) AppleWebKit/537.36 (KHTML, like Gecko) Chrome/137.0.7151.103 Mobile Safari/537.36 (compatible; Googlebot/2.1; +http://www.google.com/bot.html)"
66.249.68.33 - - [20/Jul/2025:12:34:24 +0000] "GET /shopdetail/505073764.shtml HTTP/1.1" 200 18373 "-" "Mozilla/5.0 (Linux; Android 6.0.1; Nexus 5X Build/MMB29P) AppleWebKit/537.36 (KHTML, like Gecko) Chrome/137.0.7151.103 Mobile Safari/537.36 (compatible; Googlebot/2.1; +http://www.google.com/bot.html)"
66.249.68.33 - - [20/Jul/2025:12:34:24 +0000] "POST /get-message-notify HTTP/1.1" 200 18672 "https://cartel.express/shopdetail/505054106.shtml" "Mozilla/5.0 (Linux; Android 6.0.1; Nexus 5X Build/MMB29P) AppleWebKit/537.36 (KHTML, like Gecko) Chrome/137.0.7151.119 Mobile Safari/537.36 (compatible; Googlebot/2.1; +http://www.google.com/bot.html)"
66.249.68.33 - - [20/Jul/2025:12:34:30 +0000] "GET /shopdetail/400669204.shtml HTTP/1.1" 200 19462 "-" "Mozilla/5.0 (Linux; Android 6.0.1; Nexus 5X Build/MMB29P) AppleWebKit/537.36 (KHTML, like Gecko) Chrome/137.0.7151.103 Mobile Safari/537.36 (compatible; Googlebot/2.1; +http://www.google.com/bot.html)"
66.249.68.33 - - [20/Jul/2025:12:34:33 +0000] "GET /safe_search/config?return_url=%2Fproduct%2Fdetail%2FC988950335 HTTP/1.1" 200 20996 "-" "Mozilla/5.0 (Linux; Android 6.0.1; Nexus 5X Build/MMB29P) AppleWebKit/537.36 (KHTML, like Gecko) Chrome/137.0.7151.103 Mobile Safari/537.36 (compatible; Googlebot/2.1; +http://www.google.com/bot.html)"
66.249.68.33 - - [20/Jul/2025:12:34:38 +0000] "GET /shopdetail/1697996858.shtml HTTP/1.1" 200 18374 "-" "Mozilla/5.0 (Linux; Android 6.0.1; Nexus 5X Build/MMB29P) AppleWebKit/537.36 (KHTML, like Gecko) Chrome/137.0.7151.103 Mobile Safari/537.36 (compatible; Googlebot/2.1; +http://www.google.com/bot.html)"
66.249.68.33 - - [20/Jul/2025:12:34:43 +0000] "GET /shopdetail/1698000348.shtml HTTP/1.1" 200 18415 "-" "Mozilla/5.0 (Linux; Android 6.0.1; Nexus 5X Build/MMB29P) AppleWebKit/537.36 (KHTML, like Gecko) Chrome/137.0.7151.103 Mobile Safari/537.36 (compatible; Googlebot/2.1; +http://www.google.com/bot.html)"
66.249.68.33 - - [20/Jul/2025:12:34:48 +0000] "GET /shopdetail/1697983194.shtml HTTP/1.1" 200 20657 "-" "Mozilla/5.0 (Linux; Android 6.0.1; Nexus 5X Build/MMB29P) AppleWebKit/537.36 (KHTML, like Gecko) Chrome/137.0.7151.103 Mobile Safari/537.36 (compatible; Googlebot/2.1; +http://www.google.com/bot.html)"
66.249.68.33 - - [20/Jul/2025:12:34:52 +0000] "GET /shopdetail/1697992302.shtml HTTP/1.1" 200 18318 "-" "Mozilla/5.0 (Linux; Android 6.0.1; Nexus 5X Build/MMB29P) AppleWebKit/537.36 (KHTML, like Gecko) Chrome/137.0.7151.103 Mobile Safari/537.36 (compatible; Googlebot/2.1; +http://www.google.com/bot.html)"
66.249.68.33 - - [20/Jul/2025:12:34:57 +0000] "GET /shopdetail/4661480.shtml HTTP/1.1" 200 19298 "-" "Mozilla/5.0 (Linux; Android 6.0.1; Nexus 5X Build/MMB29P) AppleWebKit/537.36 (KHTML, like Gecko) Chrome/137.0.7151.103 Mobile Safari/537.36 (compatible; Googlebot/2.1; +http://www.google.com/bot.html)"
66.249.68.33 - - [20/Jul/2025:12:35:02 +0000] "GET /shopdetail/4654488.shtml HTTP/1.1" 200 17984 "-" "Mozilla/5.0 (Linux; Android 6.0.1; Nexus 5X Build/MMB29P) AppleWebKit/537.36 (KHTML, like Gecko) Chrome/137.0.7151.103 Mobile Safari/537.36 (compatible; Googlebot/2.1; +http://www.google.com/bot.html)"
66.249.68.34 - - [20/Jul/2025:12:35:07 +0000] "GET /safe_search/config?return_url=%2Fproduct%2Fdetail%2FC3046600873 HTTP/1.1" 200 21000 "-" "Mozilla/5.0 (Linux; Android 6.0.1; Nexus 5X Build/MMB29P) AppleWebKit/537.36 (KHTML, like Gecko) Chrome/137.0.7151.103 Mobile Safari/537.36 (compatible; Googlebot/2.1; +http://www.google.com/bot.html)"
66.249.68.33 - - [20/Jul/2025:12:35:15 +0000] "GET /safe_search/config?return_url=%2Fproduct%2Fdetail%2FC2841568638 HTTP/1.1" 200 20995 "-" "Mozilla/5.0 (Linux; Android 6.0.1; Nexus 5X Build/MMB29P) AppleWebKit/537.36 (KHTML, like Gecko) Chrome/137.0.7151.103 Mobile Safari/537.36 (compatible; Googlebot/2.1; +http://www.google.com/bot.html)"
66.249.68.33 - - [20/Jul/2025:12:35:22 +0000] "GET /safe_search/config?return_url=%2Fproduct%2Fdetail%2FC193190957 HTTP/1.1" 200 20996 "-" "Mozilla/5.0 (Linux; Android 6.0.1; Nexus 5X Build/MMB29P) AppleWebKit/537.36 (KHTML, like Gecko) Chrome/137.0.7151.103 Mobile Safari/537.36 (compatible; Googlebot/2.1; +http://www.google.com/bot.html)"
66.249.68.33 - - [20/Jul/2025:12:35:24 +0000] "GET /safe_search/config?return_url=%2Fproduct%2Fdetail%2FC3214984198 HTTP/1.1" 200 20998 "-" "Mozilla/5.0 (Linux; Android 6.0.1; Nexus 5X Build/MMB29P) AppleWebKit/537.36 (KHTML, like Gecko) Chrome/137.0.7151.103 Mobile Safari/537.36 (compatible; Googlebot/2.1; +http://www.google.com/bot.html)"
66.249.68.33 - - [20/Jul/2025:12:35:24 +0000] "POST /get-message-notify HTTP/1.1" 200 18672 "https://cartel.express/safe_search/config?return_url=%2Fproduct%2Fdetail%2FC193190957" "Mozilla/5.0 (Linux; Android 6.0.1; Nexus 5X Build/MMB29P) AppleWebKit/537.36 (KHTML, like Gecko) Chrome/137.0.7151.119 Mobile Safari/537.36 (compatible; Googlebot/2.1; +http://www.google.com/bot.html)"
66.249.68.33 - - [20/Jul/2025:12:35:27 +0000] "GET /safe_search/config?return_url=%2Fproduct%2Fdetail%2FC3784060076 HTTP/1.1" 200 20998 "-" "Mozilla/5.0 (Linux; Android 6.0.1; Nexus 5X Build/MMB29P) AppleWebKit/537.36 (KHTML, like Gecko) Chrome/137.0.7151.103 Mobile Safari/537.36 (compatible; Googlebot/2.1; +http://www.google.com/bot.html)"
66.249.68.33 - - [20/Jul/2025:12:35:28 +0000] "POST /get-message-notify HTTP/1.1" 200 18672 "https://cartel.express/safe_search/config?return_url=%2Fproduct%2Fdetail%2FC3214984198" "Mozilla/5.0 (Linux; Android 6.0.1; Nexus 5X Build/MMB29P) AppleWebKit/537.36 (KHTML, like Gecko) Chrome/137.0.7151.119 Mobile Safari/537.36 (compatible; Googlebot/2.1; +http://www.google.com/bot.html)"
66.249.68.33 - - [20/Jul/2025:12:35:31 +0000] "GET /shopdetail/59485748.shtml HTTP/1.1" 200 19498 "-" "Mozilla/5.0 (Linux; Android 6.0.1; Nexus 5X Build/MMB29P) AppleWebKit/537.36 (KHTML, like Gecko) Chrome/137.0.7151.103 Mobile Safari/537.36 (compatible; Googlebot/2.1; +http://www.google.com/bot.html)"
66.249.68.33 - - [20/Jul/2025:12:35:31 +0000] "POST /get-message-notify HTTP/1.1" 200 18672 "https://cartel.express/shopdetail/4654488.shtml" "Mozilla/5.0 (Linux; Android 6.0.1; Nexus 5X Build/MMB29P) AppleWebKit/537.36 (KHTML, like Gecko) Chrome/137.0.7151.119 Mobile Safari/537.36 (compatible; Googlebot/2.1; +http://www.google.com/bot.html)"
66.249.68.33 - - [20/Jul/2025:12:35:35 +0000] "POST /get-message-notify HTTP/1.1" 200 18672 "https://cartel.express/safe_search/config?return_url=%2Fproduct%2Fdetail%2FC2841568638" "Mozilla/5.0 (Linux; Android 6.0.1; Nexus 5X Build/MMB29P) AppleWebKit/537.36 (KHTML, like Gecko) Chrome/137.0.7151.119 Mobile Safari/537.36 (compatible; Googlebot/2.1; +http://www.google.com/bot.html)"
66.249.68.33 - - [20/Jul/2025:12:35:36 +0000] "GET /safe_search/config?return_url=%2Fproduct%2Fdetail%2FC2829888396 HTTP/1.1" 200 20998 "-" "Mozilla/5.0 (Linux; Android 6.0.1; Nexus 5X Build/MMB29P) AppleWebKit/537.36 (KHTML, like Gecko) Chrome/137.0.7151.103 Mobile Safari/537.36 (compatible; Googlebot/2.1; +http://www.google.com/bot.html)"
66.249.68.33 - - [20/Jul/2025:12:35:43 +0000] "GET /shopdetail/5733454.shtml HTTP/1.1" 200 18341 "-" "Mozilla/5.0 (Linux; Android 6.0.1; Nexus 5X Build/MMB29P) AppleWebKit/537.36 (KHTML, like Gecko) Chrome/137.0.7151.103 Mobile Safari/537.36 (compatible; Googlebot/2.1; +http://www.google.com/bot.html)"
66.249.68.33 - - [20/Jul/2025:12:35:46 +0000] "GET /shopdetail/5734444.shtml HTTP/1.1" 200 18038 "-" "Mozilla/5.0 (Linux; Android 6.0.1; Nexus 5X Build/MMB29P) AppleWebKit/537.36 (KHTML, like Gecko) Chrome/137.0.7151.103 Mobile Safari/537.36 (compatible; Googlebot/2.1; +http://www.google.com/bot.html)"
66.249.68.33 - - [20/Jul/2025:12:35:50 +0000] "GET /shopdetail/5744678.shtml HTTP/1.1" 200 18518 "-" "Mozilla/5.0 (Linux; Android 6.0.1; Nexus 5X Build/MMB29P) AppleWebKit/537.36 (KHTML, like Gecko) Chrome/137.0.7151.103 Mobile Safari/537.36 (compatible; Googlebot/2.1; +http://www.google.com/bot.html)"
66.249.68.34 - - [20/Jul/2025:12:35:53 +0000] "POST /get-message-notify HTTP/1.1" 200 18672 "https://cartel.express/shopdetail/5744678.shtml" "Mozilla/5.0 (Linux; Android 6.0.1; Nexus 5X Build/MMB29P) AppleWebKit/537.36 (KHTML, like Gecko) Chrome/137.0.7151.119 Mobile Safari/537.36 (compatible; Googlebot/2.1; +http://www.google.com/bot.html)"
66.249.68.33 - - [20/Jul/2025:12:35:58 +0000] "GET /safe_search/config?return_url=%2Fproduct%2Fdetail%2FC393388228 HTTP/1.1" 200 20997 "-" "Mozilla/5.0 (Linux; Android 6.0.1; Nexus 5X Build/MMB29P) AppleWebKit/537.36 (KHTML, like Gecko) Chrome/137.0.7151.103 Mobile Safari/537.36 (compatible; Googlebot/2.1; +http://www.google.com/bot.html)"
66.249.68.33 - - [20/Jul/2025:12:36:01 +0000] "GET /shopdetail/5727708.shtml HTTP/1.1" 200 19200 "-" "Mozilla/5.0 (Linux; Android 6.0.1; Nexus 5X Build/MMB29P) AppleWebKit/537.36 (KHTML, like Gecko) Chrome/137.0.7151.103 Mobile Safari/537.36 (compatible; Googlebot/2.1; +http://www.google.com/bot.html)"
66.249.68.33 - - [20/Jul/2025:12:36:05 +0000] "POST /get-message-notify HTTP/1.1" 200 18672 "https://cartel.express/shopdetail/5727708.shtml" "Mozilla/5.0 (Linux; Android 6.0.1; Nexus 5X Build/MMB29P) AppleWebKit/537.36 (KHTML, like Gecko) Chrome/137.0.7151.119 Mobile Safari/537.36 (compatible; Googlebot/2.1; +http://www.google.com/bot.html)"
66.249.68.33 - - [20/Jul/2025:12:36:05 +0000] "GET /shopdetail/5726590.shtml HTTP/1.1" 200 18482 "-" "Mozilla/5.0 (Linux; Android 6.0.1; Nexus 5X Build/MMB29P) AppleWebKit/537.36 (KHTML, like Gecko) Chrome/137.0.7151.103 Mobile Safari/537.36 (compatible; Googlebot/2.1; +http://www.google.com/bot.html)"
66.249.68.33 - - [20/Jul/2025:12:36:05 +0000] "GET /shopdetail/502079932.shtml HTTP/1.1" 200 20525 "-" "Mozilla/5.0 (Linux; Android 6.0.1; Nexus 5X Build/MMB29P) AppleWebKit/537.36 (KHTML, like Gecko) Chrome/137.0.7151.103 Mobile Safari/537.36 (compatible; Googlebot/2.1; +http://www.google.com/bot.html)"
66.249.68.33 - - [20/Jul/2025:12:36:09 +0000] "GET /shopdetail/5721778.shtml HTTP/1.1" 200 17988 "-" "Mozilla/5.0 (Linux; Android 6.0.1; Nexus 5X Build/MMB29P) AppleWebKit/537.36 (KHTML, like Gecko) Chrome/137.0.7151.103 Mobile Safari/537.36 (compatible; Googlebot/2.1; +http://www.google.com/bot.html)"
66.249.68.33 - - [20/Jul/2025:12:36:10 +0000] "POST /get-message-notify HTTP/1.1" 200 18672 "https://cartel.express/safe_search/config?return_url=%2Fproduct%2Fdetail%2FC393388228" "Mozilla/5.0 (Linux; Android 6.0.1; Nexus 5X Build/MMB29P) AppleWebKit/537.36 (KHTML, like Gecko) Chrome/137.0.7151.119 Mobile Safari/537.36 (compatible; Googlebot/2.1; +http://www.google.com/bot.html)"
66.249.68.33 - - [20/Jul/2025:12:36:11 +0000] "POST /get-message-notify HTTP/1.1" 200 18672 "https://cartel.express/shopdetail/505043936.shtml" "Mozilla/5.0 (Linux; Android 6.0.1; Nexus 5X Build/MMB29P) AppleWebKit/537.36 (KHTML, like Gecko) Chrome/137.0.7151.119 Mobile Safari/537.36 (compatible; Googlebot/2.1; +http://www.google.com/bot.html)"
66.249.68.33 - - [20/Jul/2025:12:36:13 +0000] "POST /get-message-notify HTTP/1.1" 200 18672 "https://cartel.express/safe_search/config?return_url=%2Fproduct%2Fdetail%2FC3784060076" "Mozilla/5.0 (Linux; Android 6.0.1; Nexus 5X Build/MMB29P) AppleWebKit/537.36 (KHTML, like Gecko) Chrome/137.0.7151.119 Mobile Safari/537.36 (compatible; Googlebot/2.1; +http://www.google.com/bot.html)"
66.249.68.33 - - [20/Jul/2025:12:36:14 +0000] "GET /shopdetail/5728642.shtml HTTP/1.1" 200 18012 "-" "Mozilla/5.0 (Linux; Android 6.0.1; Nexus 5X Build/MMB29P) AppleWebKit/537.36 (KHTML, like Gecko) Chrome/137.0.7151.103 Mobile Safari/537.36 (compatible; Googlebot/2.1; +http://www.google.com/bot.html)"
66.249.68.33 - - [20/Jul/2025:12:36:17 +0000] "POST /get-message-notify HTTP/1.1" 200 18672 "https://cartel.express/shopdetail/5728642.shtml" "Mozilla/5.0 (Linux; Android 6.0.1; Nexus 5X Build/MMB29P) AppleWebKit/537.36 (KHTML, like Gecko) Chrome/137.0.7151.119 Mobile Safari/537.36 (compatible; Googlebot/2.1; +http://www.google.com/bot.html)"
66.249.68.33 - - [20/Jul/2025:12:36:19 +0000] "GET /shopdetail/5719662.shtml HTTP/1.1" 200 19658 "-" "Mozilla/5.0 (Linux; Android 6.0.1; Nexus 5X Build/MMB29P) AppleWebKit/537.36 (KHTML, like Gecko) Chrome/137.0.7151.103 Mobile Safari/537.36 (compatible; Googlebot/2.1; +http://www.google.com/bot.html)"
66.249.68.33 - - [20/Jul/2025:12:36:23 +0000] "GET /shopdetail/5740058.shtml HTTP/1.1" 200 18713 "-" "Mozilla/5.0 (Linux; Android 6.0.1; Nexus 5X Build/MMB29P) AppleWebKit/537.36 (KHTML, like Gecko) Chrome/137.0.7151.103 Mobile Safari/537.36 (compatible; Googlebot/2.1; +http://www.google.com/bot.html)"
66.249.68.33 - - [20/Jul/2025:12:36:26 +0000] "POST /get-message-notify HTTP/1.1" 200 18672 "https://cartel.express/shopdetail/5740058.shtml" "Mozilla/5.0 (Linux; Android 6.0.1; Nexus 5X Build/MMB29P) AppleWebKit/537.36 (KHTML, like Gecko) Chrome/137.0.7151.119 Mobile Safari/537.36 (compatible; Googlebot/2.1; +http://www.google.com/bot.html)"
209.74.77.214 - - [20/Jul/2025:12:36:27 +0000] "POST /wp-cron.php?doing_wp_cron=1753014987.4500110149383544921875 HTTP/1.1" 200 - "-" "WordPress/6.8.2; https://cartel.express"
57.141.2.25 - - [20/Jul/2025:12:36:27 +0000] "GET /shopdetail/2167555552.shtml HTTP/1.1" 404 146916 "-" "meta-externalagent/1.1 (+https://developers.facebook.com/docs/sharing/webmasters/crawler)"
66.249.68.33 - - [20/Jul/2025:12:36:28 +0000] "GET /shopdetail/5729888.shtml HTTP/1.1" 200 18795 "-" "Mozilla/5.0 (Linux; Android 6.0.1; Nexus 5X Build/MMB29P) AppleWebKit/537.36 (KHTML, like Gecko) Chrome/137.0.7151.103 Mobile Safari/537.36 (compatible; Googlebot/2.1; +http://www.google.com/bot.html)"
66.249.68.33 - - [20/Jul/2025:12:36:29 +0000] "GET /shopdetail/206297856.shtml HTTP/1.1" 200 18050 "-" "Mozilla/5.0 (Linux; Android 6.0.1; Nexus 5X Build/MMB29P) AppleWebKit/537.36 (KHTML, like Gecko) Chrome/137.0.7151.103 Mobile Safari/537.36 (compatible; Googlebot/2.1; +http://www.google.com/bot.html)"
66.249.68.33 - - [20/Jul/2025:12:36:33 +0000] "GET /shopdetail/5725336.shtml HTTP/1.1" 200 18524 "-" "Mozilla/5.0 (Linux; Android 6.0.1; Nexus 5X Build/MMB29P) AppleWebKit/537.36 (KHTML, like Gecko) Chrome/137.0.7151.103 Mobile Safari/537.36 (compatible; Googlebot/2.1; +http://www.google.com/bot.html)"
66.249.68.33 - - [20/Jul/2025:12:36:36 +0000] "POST /get-message-notify HTTP/1.1" 200 18672 "https://cartel.express/shopdetail/5725336.shtml" "Mozilla/5.0 (Linux; Android 6.0.1; Nexus 5X Build/MMB29P) AppleWebKit/537.36 (KHTML, like Gecko) Chrome/137.0.7151.119 Mobile Safari/537.36 (compatible; Googlebot/2.1; +http://www.google.com/bot.html)"
66.249.68.33 - - [20/Jul/2025:12:36:41 +0000] "GET /shopdetail/5713920.shtml HTTP/1.1" 200 17872 "-" "Mozilla/5.0 (Linux; Android 6.0.1; Nexus 5X Build/MMB29P) AppleWebKit/537.36 (KHTML, like Gecko) Chrome/137.0.7151.103 Mobile Safari/537.36 (compatible; Googlebot/2.1; +http://www.google.com/bot.html)"
66.249.68.33 - - [20/Jul/2025:12:36:46 +0000] "GET /shopdetail/5720780.shtml HTTP/1.1" 200 17908 "-" "Mozilla/5.0 (Linux; Android 6.0.1; Nexus 5X Build/MMB29P) AppleWebKit/537.36 (KHTML, like Gecko) Chrome/137.0.7151.103 Mobile Safari/537.36 (compatible; Googlebot/2.1; +http://www.google.com/bot.html)"
209.74.77.214 - - [20/Jul/2025:12:36:47 +0000] "POST /wp-cron.php?doing_wp_cron=1753015007.6250059604644775390625 HTTP/1.1" 200 - "-" "WordPress/6.8.2; https://cartel.express"
57.141.2.5 - - [20/Jul/2025:12:36:47 +0000] "GET /shopdetail/2387833172.shtml HTTP/1.1" 404 146917 "-" "meta-externalagent/1.1 (+https://developers.facebook.com/docs/sharing/webmasters/crawler)"
66.249.68.34 - - [20/Jul/2025:12:36:49 +0000] "GET /shopdetail/5736816.shtml HTTP/1.1" 200 18653 "-" "Mozilla/5.0 (Linux; Android 6.0.1; Nexus 5X Build/MMB29P) AppleWebKit/537.36 (KHTML, like Gecko) Chrome/137.0.7151.103 Mobile Safari/537.36 (compatible; Googlebot/2.1; +http://www.google.com/bot.html)"
66.249.68.33 - - [20/Jul/2025:12:36:49 +0000] "POST /get-message-notify HTTP/1.1" 200 18672 "https://cartel.express/shopdetail/5720780.shtml" "Mozilla/5.0 (Linux; Android 6.0.1; Nexus 5X Build/MMB29P) AppleWebKit/537.36 (KHTML, like Gecko) Chrome/137.0.7151.119 Mobile Safari/537.36 (compatible; Googlebot/2.1; +http://www.google.com/bot.html)"
66.249.68.34 - - [20/Jul/2025:12:36:52 +0000] "GET /shopdetail/2210973630.shtml HTTP/1.1" 200 22291 "-" "Mozilla/5.0 (Linux; Android 6.0.1; Nexus 5X Build/MMB29P) AppleWebKit/537.36 (KHTML, like Gecko) Chrome/137.0.7151.103 Mobile Safari/537.36 (compatible; Googlebot/2.1; +http://www.google.com/bot.html)"
66.249.68.33 - - [20/Jul/2025:12:36:55 +0000] "POST /get-message-notify HTTP/1.1" 200 18672 "https://cartel.express/shopdetail/2210973630.shtml" "Mozilla/5.0 (Linux; Android 6.0.1; Nexus 5X Build/MMB29P) AppleWebKit/537.36 (KHTML, like Gecko) Chrome/137.0.7151.119 Mobile Safari/537.36 (compatible; Googlebot/2.1; +http://www.google.com/bot.html)"
66.249.68.33 - - [20/Jul/2025:12:36:57 +0000] "GET /shopdetail/2211001018.shtml HTTP/1.1" 200 20622 "-" "Mozilla/5.0 (Linux; Android 6.0.1; Nexus 5X Build/MMB29P) AppleWebKit/537.36 (KHTML, like Gecko) Chrome/137.0.7151.103 Mobile Safari/537.36 (compatible; Googlebot/2.1; +http://www.google.com/bot.html)"
66.249.68.33 - - [20/Jul/2025:12:37:02 +0000] "GET /shopdetail/2210974880.shtml HTTP/1.1" 200 21002 "-" "Mozilla/5.0 (Linux; Android 6.0.1; Nexus 5X Build/MMB29P) AppleWebKit/537.36 (KHTML, like Gecko) Chrome/137.0.7151.103 Mobile Safari/537.36 (compatible; Googlebot/2.1; +http://www.google.com/bot.html)"
66.249.68.34 - - [20/Jul/2025:12:37:09 +0000] "GET /shopdetail/2210938384.shtml HTTP/1.1" 200 23107 "-" "Mozilla/5.0 (Linux; Android 6.0.1; Nexus 5X Build/MMB29P) AppleWebKit/537.36 (KHTML, like Gecko) Chrome/137.0.7151.103 Mobile Safari/537.36 (compatible; Googlebot/2.1; +http://www.google.com/bot.html)"
66.249.68.34 - - [20/Jul/2025:12:37:12 +0000] "POST /get-message-notify HTTP/1.1" 200 18672 "https://cartel.express/shopdetail/5726590.shtml" "Mozilla/5.0 (Linux; Android 6.0.1; Nexus 5X Build/MMB29P) AppleWebKit/537.36 (KHTML, like Gecko) Chrome/137.0.7151.119 Mobile Safari/537.36 (compatible; Googlebot/2.1; +http://www.google.com/bot.html)"
66.249.68.33 - - [20/Jul/2025:12:37:13 +0000] "GET /shopdetail/2210963332.shtml HTTP/1.1" 200 19638 "-" "Mozilla/5.0 (Linux; Android 6.0.1; Nexus 5X Build/MMB29P) AppleWebKit/537.36 (KHTML, like Gecko) Chrome/137.0.7151.103 Mobile Safari/537.36 (compatible; Googlebot/2.1; +http://www.google.com/bot.html)"
66.249.68.33 - - [20/Jul/2025:12:37:17 +0000] "GET /shopdetail/2210982934.shtml HTTP/1.1" 200 20176 "-" "Mozilla/5.0 (Linux; Android 6.0.1; Nexus 5X Build/MMB29P) AppleWebKit/537.36 (KHTML, like Gecko) Chrome/137.0.7151.103 Mobile Safari/537.36 (compatible; Googlebot/2.1; +http://www.google.com/bot.html)"
66.249.68.33 - - [20/Jul/2025:12:37:19 +0000] "POST /get-message-notify HTTP/1.1" 200 18672 "https://cartel.express/shopdetail/2210963332.shtml" "Mozilla/5.0 (Linux; Android 6.0.1; Nexus 5X Build/MMB29P) AppleWebKit/537.36 (KHTML, like Gecko) Chrome/137.0.7151.119 Mobile Safari/537.36 (compatible; Googlebot/2.1; +http://www.google.com/bot.html)"
66.249.68.33 - - [20/Jul/2025:12:37:24 +0000] "GET /shopdetail/2210996530.shtml HTTP/1.1" 200 22140 "-" "Mozilla/5.0 (Linux; Android 6.0.1; Nexus 5X Build/MMB29P) AppleWebKit/537.36 (KHTML, like Gecko) Chrome/137.0.7151.103 Mobile Safari/537.36 (compatible; Googlebot/2.1; +http://www.google.com/bot.html)"
66.249.68.33 - - [20/Jul/2025:12:37:27 +0000] "GET /shopdetail/2210929404.shtml HTTP/1.1" 200 20326 "-" "Mozilla/5.0 (Linux; Android 6.0.1; Nexus 5X Build/MMB29P) AppleWebKit/537.36 (KHTML, like Gecko) Chrome/137.0.7151.103 Mobile Safari/537.36 (compatible; Googlebot/2.1; +http://www.google.com/bot.html)"
66.249.68.33 - - [20/Jul/2025:12:37:30 +0000] "GET /shopdetail/2210957918.shtml HTTP/1.1" 200 21685 "-" "Mozilla/5.0 (Linux; Android 6.0.1; Nexus 5X Build/MMB29P) AppleWebKit/537.36 (KHTML, like Gecko) Chrome/137.0.7151.103 Mobile Safari/537.36 (compatible; Googlebot/2.1; +http://www.google.com/bot.html)"
66.249.68.33 - - [20/Jul/2025:12:37:35 +0000] "POST /get-message-notify HTTP/1.1" 200 18672 "https://cartel.express/shopdetail/2210982934.shtml" "Mozilla/5.0 (Linux; Android 6.0.1; Nexus 5X Build/MMB29P) AppleWebKit/537.36 (KHTML, like Gecko) Chrome/137.0.7151.119 Mobile Safari/537.36 (compatible; Googlebot/2.1; +http://www.google.com/bot.html)"
66.249.68.33 - - [20/Jul/2025:12:37:35 +0000] "GET /shopdetail/2210983856.shtml HTTP/1.1" 200 21185 "-" "Mozilla/5.0 (Linux; Android 6.0.1; Nexus 5X Build/MMB29P) AppleWebKit/537.36 (KHTML, like Gecko) Chrome/137.0.7151.103 Mobile Safari/537.36 (compatible; Googlebot/2.1; +http://www.google.com/bot.html)"
66.249.68.33 - - [20/Jul/2025:12:37:40 +0000] "GET /shopdetail/1694648948.shtml HTTP/1.1" 200 19818 "-" "Mozilla/5.0 (Linux; Android 6.0.1; Nexus 5X Build/MMB29P) AppleWebKit/537.36 (KHTML, like Gecko) Chrome/137.0.7151.103 Mobile Safari/537.36 (compatible; Googlebot/2.1; +http://www.google.com/bot.html)"
66.249.68.33 - - [20/Jul/2025:12:37:47 +0000] "POST /get-message-notify HTTP/1.1" 200 18672 "https://cartel.express/shopdetail/1694648948.shtml" "Mozilla/5.0 (Linux; Android 6.0.1; Nexus 5X Build/MMB29P) AppleWebKit/537.36 (KHTML, like Gecko) Chrome/137.0.7151.119 Mobile Safari/537.36 (compatible; Googlebot/2.1; +http://www.google.com/bot.html)"
66.249.68.33 - - [20/Jul/2025:12:38:21 +0000] "GET /shopdetail/1027552.shtml HTTP/1.1" 200 18351 "-" "Mozilla/5.0 (compatible; Googlebot/2.1; +http://www.google.com/bot.html)"
66.249.68.35 - - [20/Jul/2025:12:39:01 +0000] "GET /shopdetail/1696376990.shtml HTTP/1.1" 200 18131 "-" "Mozilla/5.0 (Linux; Android 6.0.1; Nexus 5X Build/MMB29P) AppleWebKit/537.36 (KHTML, like Gecko) Chrome/137.0.7151.103 Mobile Safari/537.36 (compatible; Googlebot/2.1; +http://www.google.com/bot.html)"
66.249.68.33 - - [20/Jul/2025:12:39:16 +0000] "GET /pcmypage?callback=product%2Fdetail%2FC193190957 HTTP/1.1" 200 20984 "-" "Mozilla/5.0 (Linux; Android 6.0.1; Nexus 5X Build/MMB29P) AppleWebKit/537.36 (KHTML, like Gecko) Chrome/137.0.7151.103 Mobile Safari/537.36 (compatible; Googlebot/2.1; +http://www.google.com/bot.html)"
66.249.68.34 - - [20/Jul/2025:12:39:16 +0000] "GET /shopdetail/1495602.shtml HTTP/1.1" 200 20830 "-" "Mozilla/5.0 (compatible; Googlebot/2.1; +http://www.google.com/bot.html)"
66.249.68.33 - - [20/Jul/2025:12:39:35 +0000] "POST /get-message-notify HTTP/1.1" 200 18672 "https://cartel.express/pcmypage?callback=product%2Fdetail%2FC193190957" "Mozilla/5.0 (Linux; Android 6.0.1; Nexus 5X Build/MMB29P) AppleWebKit/537.36 (KHTML, like Gecko) Chrome/137.0.7151.119 Mobile Safari/537.36 (compatible; Googlebot/2.1; +http://www.google.com/bot.html)"
66.249.68.34 - - [20/Jul/2025:12:40:49 +0000] "GET /shopdetail/49416834.shtml HTTP/1.1" 200 19507 "-" "Mozilla/5.0 (Linux; Android 6.0.1; Nexus 5X Build/MMB29P) AppleWebKit/537.36 (KHTML, like Gecko) Chrome/137.0.7151.103 Mobile Safari/537.36 (compatible; Googlebot/2.1; +http://www.google.com/bot.html)"
209.74.77.214 - - [20/Jul/2025:12:42:26 +0000] "POST /wp-cron.php?doing_wp_cron=1753015346.4990639686584472656250 HTTP/1.1" 200 - "-" "WordPress/6.8.2; https://cartel.express"
57.141.2.3 - - [20/Jul/2025:12:42:23 +0000] "GET /shopdetail/2168310746.shtml HTTP/1.1" 404 146918 "-" "meta-externalagent/1.1 (+https://developers.facebook.com/docs/sharing/webmasters/crawler)"
66.249.68.34 - - [20/Jul/2025:12:43:42 +0000] "POST /get-message-notify HTTP/1.1" 200 18672 "https://cartel.express/shopdetail/5734444.shtml" "Mozilla/5.0 (Linux; Android 6.0.1; Nexus 5X Build/MMB29P) AppleWebKit/537.36 (KHTML, like Gecko) Chrome/137.0.7151.119 Mobile Safari/537.36 (compatible; Googlebot/2.1; +http://www.google.com/bot.html)"
209.74.77.214 - - [20/Jul/2025:12:45:59 +0000] "POST /wp-cron.php?doing_wp_cron=1753015559.4790000915527343750000 HTTP/1.1" 200 - "-" "WordPress/6.8.2; https://cartel.express"
57.141.2.18 - - [20/Jul/2025:12:45:57 +0000] "GET /shopdetail/2388419490.shtml HTTP/1.1" 404 146918 "-" "meta-externalagent/1.1 (+https://developers.facebook.com/docs/sharing/webmasters/crawler)"
209.74.77.214 - - [20/Jul/2025:12:47:45 +0000] "POST /wp-cron.php?doing_wp_cron=1753015665.3391311168670654296875 HTTP/1.1" 200 - "-" "WordPress/6.8.2; https://cartel.express"
57.141.2.17 - - [20/Jul/2025:12:47:43 +0000] "GET /shopdetail/2167994098.shtml HTTP/1.1" 404 146913 "-" "meta-externalagent/1.1 (+https://developers.facebook.com/docs/sharing/webmasters/crawler)"
66.249.68.34 - - [20/Jul/2025:12:48:32 +0000] "GET /shopdetail/505029222.shtml HTTP/1.1" 200 20561 "-" "Mozilla/5.0 (Linux; Android 6.0.1; Nexus 5X Build/MMB29P) AppleWebKit/537.36 (KHTML, like Gecko) Chrome/137.0.7151.103 Mobile Safari/537.36 (compatible; Googlebot/2.1; +http://www.google.com/bot.html)"
60.188.57.0 - - [20/Jul/2025:12:49:35 +0000] "GET / HTTP/1.1" 200 40647 "http://cartel.express" "Mozilla/5.0 (iPhone; CPU iPhone OS 13_2_3 like Mac OS X) AppleWebKit/605.1.15 (KHTML, like Gecko) Version/13.0.3 Mobile/15E148 Safari/604.1"
66.249.68.33 - - [20/Jul/2025:12:49:46 +0000] "GET /shopdetail/266401192.shtml HTTP/1.1" 200 18655 "-" "Mozilla/5.0 (Linux; Android 6.0.1; Nexus 5X Build/MMB29P) AppleWebKit/537.36 (KHTML, like Gecko) Chrome/137.0.7151.103 Mobile Safari/537.36 (compatible; Googlebot/2.1; +http://www.google.com/bot.html)"
66.249.68.35 - - [20/Jul/2025:12:50:17 +0000] "GET /shopdetail/2505070.shtml HTTP/1.1" 200 19879 "-" "Mozilla/5.0 (compatible; Googlebot/2.1; +http://www.google.com/bot.html)"
209.74.77.214 - - [20/Jul/2025:12:50:29 +0000] "POST /wp-cron.php?doing_wp_cron=1753015829.9033710956573486328125 HTTP/1.1" 200 - "-" "WordPress/6.8.2; https://cartel.express"
57.141.2.20 - - [20/Jul/2025:12:50:28 +0000] "GET /shopdetail/2388322928.shtml HTTP/1.1" 404 146915 "-" "meta-externalagent/1.1 (+https://developers.facebook.com/docs/sharing/webmasters/crawler)"
66.249.68.33 - - [20/Jul/2025:12:50:36 +0000] "GET /shopdetail/1213074.shtml HTTP/1.1" 200 17923 "-" "Mozilla/5.0 (Linux; Android 6.0.1; Nexus 5X Build/MMB29P) AppleWebKit/537.36 (KHTML, like Gecko) Chrome/137.0.7151.103 Mobile Safari/537.36 (compatible; Googlebot/2.1; +http://www.google.com/bot.html)"
66.249.68.34 - - [20/Jul/2025:12:51:04 +0000] "GET /safe_search/config?return_url=%2Fproduct%2Fdetail%2FC373228924 HTTP/1.1" 200 20997 "-" "Mozilla/5.0 (Linux; Android 6.0.1; Nexus 5X Build/MMB29P) AppleWebKit/537.36 (KHTML, like Gecko) Chrome/137.0.7151.103 Mobile Safari/537.36 (compatible; Googlebot/2.1; +http://www.google.com/bot.html)"
66.249.68.35 - - [20/Jul/2025:12:52:13 +0000] "GET /shopdetail/4173772.shtml HTTP/1.1" 200 18810 "-" "Mozilla/5.0 (compatible; Googlebot/2.1; +http://www.google.com/bot.html)"
209.74.77.214 - - [20/Jul/2025:12:52:17 +0000] "POST /wp-cron.php?doing_wp_cron=1753015937.1366040706634521484375 HTTP/1.1" 200 - "-" "WordPress/6.8.2; https://cartel.express"
57.141.2.27 - - [20/Jul/2025:12:52:16 +0000] "GET /shopdetail/2388232914.shtml HTTP/1.1" 404 146918 "-" "meta-externalagent/1.1 (+https://developers.facebook.com/docs/sharing/webmasters/crawler)"
66.249.68.33 - - [20/Jul/2025:12:53:39 +0000] "GET /shopdetail/503547152.shtml HTTP/1.1" 200 19297 "-" "Mozilla/5.0 (Linux; Android 6.0.1; Nexus 5X Build/MMB29P) AppleWebKit/537.36 (KHTML, like Gecko) Chrome/137.0.7151.103 Mobile Safari/537.36 (compatible; Googlebot/2.1; +http://www.google.com/bot.html)"
66.249.68.33 - - [20/Jul/2025:12:53:44 +0000] "GET /shopdetail/4327614.shtml HTTP/1.1" 200 18353 "-" "Mozilla/5.0 (Linux; Android 6.0.1; Nexus 5X Build/MMB29P) AppleWebKit/537.36 (KHTML, like Gecko) Chrome/137.0.7151.103 Mobile Safari/537.36 (compatible; Googlebot/2.1; +http://www.google.com/bot.html)"
66.249.68.33 - - [20/Jul/2025:12:53:49 +0000] "POST /get-message-notify HTTP/1.1" 200 18672 "https://cartel.express/shopdetail/4327614.shtml" "Mozilla/5.0 (Linux; Android 6.0.1; Nexus 5X Build/MMB29P) AppleWebKit/537.36 (KHTML, like Gecko) Chrome/137.0.7151.119 Mobile Safari/537.36 (compatible; Googlebot/2.1; +http://www.google.com/bot.html)"
66.249.68.34 - - [20/Jul/2025:12:54:38 +0000] "GET /shopdetail/1657358.shtml HTTP/1.1" 200 20011 "-" "Mozilla/5.0 (compatible; Googlebot/2.1; +http://www.google.com/bot.html)"
66.249.68.34 - - [20/Jul/2025:12:54:41 +0000] "GET /shopdetail/1133414.shtml HTTP/1.1" 200 20230 "-" "Mozilla/5.0 (Linux; Android 6.0.1; Nexus 5X Build/MMB29P) AppleWebKit/537.36 (KHTML, like Gecko) Chrome/137.0.7151.103 Mobile Safari/537.36 (compatible; Googlebot/2.1; +http://www.google.com/bot.html)"
209.74.77.214 - - [20/Jul/2025:12:55:56 +0000] "POST /wp-cron.php?doing_wp_cron=1753016156.5931069850921630859375 HTTP/1.1" 200 - "-" "WordPress/6.8.2; https://cartel.express"
57.141.2.13 - - [20/Jul/2025:12:55:54 +0000] "GET /shopdetail/908750332.shtml HTTP/1.1" 404 146915 "-" "meta-externalagent/1.1 (+https://developers.facebook.com/docs/sharing/webmasters/crawler)"
66.249.68.35 - - [20/Jul/2025:12:56:23 +0000] "GET /shopdetail/1692920.shtml HTTP/1.1" 200 19256 "-" "Mozilla/5.0 (Linux; Android 6.0.1; Nexus 5X Build/MMB29P) AppleWebKit/537.36 (KHTML, like Gecko) Chrome/137.0.7151.103 Mobile Safari/537.36 (compatible; Googlebot/2.1; +http://www.google.com/bot.html)"
66.249.68.33 - - [20/Jul/2025:12:56:52 +0000] "GET /shopdetail/1687118.shtml HTTP/1.1" 200 17935 "-" "Mozilla/5.0 (compatible; Googlebot/2.1; +http://www.google.com/bot.html)"
209.74.77.214 - - [20/Jul/2025:12:57:43 +0000] "POST /wp-cron.php?doing_wp_cron=1753016263.1062090396881103515625 HTTP/1.1" 200 - "-" "WordPress/6.8.2; https://cartel.express"
57.141.2.14 - - [20/Jul/2025:12:57:40 +0000] "GET /shopdetail/2167695730.shtml HTTP/1.1" 404 146914 "-" "meta-externalagent/1.1 (+https://developers.facebook.com/docs/sharing/webmasters/crawler)"
66.249.68.34 - - [20/Jul/2025:12:58:00 +0000] "GET /shopdetail/5627268.shtml HTTP/1.1" 200 19149 "-" "Mozilla/5.0 (Linux; Android 6.0.1; Nexus 5X Build/MMB29P) AppleWebKit/537.36 (KHTML, like Gecko) Chrome/137.0.7151.103 Mobile Safari/537.36 (compatible; Googlebot/2.1; +http://www.google.com/bot.html)"
66.249.68.34 - - [20/Jul/2025:12:58:15 +0000] "GET /shopdetail/1165358.shtml HTTP/1.1" 200 19142 "-" "Mozilla/5.0 (Linux; Android 6.0.1; Nexus 5X Build/MMB29P) AppleWebKit/537.36 (KHTML, like Gecko) Chrome/137.0.7151.103 Mobile Safari/537.36 (compatible; Googlebot/2.1; +http://www.google.com/bot.html)"
66.249.68.34 - - [20/Jul/2025:13:01:15 +0000] "GET /shopdetail/56462672.shtml HTTP/1.1" 200 18535 "-" "Mozilla/5.0 (Linux; Android 6.0.1; Nexus 5X Build/MMB29P) AppleWebKit/537.36 (KHTML, like Gecko) Chrome/137.0.7151.103 Mobile Safari/537.36 (compatible; Googlebot/2.1; +http://www.google.com/bot.html)"
209.74.77.214 - - [20/Jul/2025:13:01:54 +0000] "POST /wp-cron.php?doing_wp_cron=1753016514.4510459899902343750000 HTTP/1.1" 200 - "-" "WordPress/6.8.2; https://cartel.express"
57.141.2.19 - - [20/Jul/2025:13:01:52 +0000] "GET /shopdetail/2388629158.shtml HTTP/1.1" 404 146916 "-" "meta-externalagent/1.1 (+https://developers.facebook.com/docs/sharing/webmasters/crawler)"
66.249.68.35 - - [20/Jul/2025:13:02:46 +0000] "GET /shopdetail/5622844.shtml HTTP/1.1" 200 18296 "-" "Mozilla/5.0 (Linux; Android 6.0.1; Nexus 5X Build/MMB29P) AppleWebKit/537.36 (KHTML, like Gecko) Chrome/137.0.7151.103 Mobile Safari/537.36 (compatible; Googlebot/2.1; +http://www.google.com/bot.html)"
52.167.144.159 - - [20/Jul/2025:13:05:36 +0000] "GET /portfolio/custom-headlights/ HTTP/1.1" 200 19521 "-" "Mozilla/5.0 AppleWebKit/537.36 (KHTML, like Gecko; compatible; bingbot/2.0; +http://www.bing.com/bingbot.htm) Chrome/116.0.1938.76 Safari/537.36"
66.249.68.34 - - [20/Jul/2025:13:06:17 +0000] "GET /shopdetail/1696050040.shtml HTTP/1.1" 200 19405 "-" "Mozilla/5.0 (Linux; Android 6.0.1; Nexus 5X Build/MMB29P) AppleWebKit/537.36 (KHTML, like Gecko) Chrome/137.0.7151.103 Mobile Safari/537.36 (compatible; Googlebot/2.1; +http://www.google.com/bot.html)"
209.74.77.214 - - [20/Jul/2025:13:06:24 +0000] "POST /wp-cron.php?doing_wp_cron=1753016784.6599490642547607421875 HTTP/1.1" 200 - "-" "WordPress/6.8.2; https://cartel.express"
57.141.2.14 - - [20/Jul/2025:13:06:22 +0000] "GET /shopdetail/908447152.shtml HTTP/1.1" 404 146913 "-" "meta-externalagent/1.1 (+https://developers.facebook.com/docs/sharing/webmasters/crawler)"
57.141.2.1 - - [20/Jul/2025:13:06:30 +0000] "GET /shopdetail/2388476574.shtml HTTP/1.1" 404 146914 "-" "meta-externalagent/1.1 (+https://developers.facebook.com/docs/sharing/webmasters/crawler)"
66.249.68.33 - - [20/Jul/2025:13:06:33 +0000] "GET /wp-content/uploads/2020/04/post32-copyright.jpg HTTP/1.1" 200 129272 "-" "Googlebot-Image/1.0"
66.249.68.33 - - [20/Jul/2025:13:06:47 +0000] "GET /shopdetail/53835580.shtml HTTP/1.1" 200 18116 "-" "Mozilla/5.0 (Linux; Android 6.0.1; Nexus 5X Build/MMB29P) AppleWebKit/537.36 (KHTML, like Gecko) Chrome/137.0.7151.103 Mobile Safari/537.36 (compatible; Googlebot/2.1; +http://www.google.com/bot.html)"
66.249.68.35 - - [20/Jul/2025:13:07:03 +0000] "POST /get-message-notify HTTP/1.1" 200 18672 "https://cartel.express/shopdetail/53835580.shtml" "Mozilla/5.0 (Linux; Android 6.0.1; Nexus 5X Build/MMB29P) AppleWebKit/537.36 (KHTML, like Gecko) Chrome/137.0.7151.119 Mobile Safari/537.36 (compatible; Googlebot/2.1; +http://www.google.com/bot.html)"
66.249.68.34 - - [20/Jul/2025:13:07:16 +0000] "GET /shopdetail/49443288.shtml HTTP/1.1" 200 18362 "-" "Mozilla/5.0 (Linux; Android 6.0.1; Nexus 5X Build/MMB29P) AppleWebKit/537.36 (KHTML, like Gecko) Chrome/137.0.7151.103 Mobile Safari/537.36 (compatible; Googlebot/2.1; +http://www.google.com/bot.html)"
209.74.77.214 - - [20/Jul/2025:13:08:16 +0000] "POST /wp-cron.php?doing_wp_cron=1753016896.1078729629516601562500 HTTP/1.1" 200 - "-" "WordPress/6.8.2; https://cartel.express"
57.141.2.23 - - [20/Jul/2025:13:08:13 +0000] "GET /shopdetail/2168141132.shtml HTTP/1.1" 404 146916 "-" "meta-externalagent/1.1 (+https://developers.facebook.com/docs/sharing/webmasters/crawler)"
66.249.73.227 - - [20/Jul/2025:13:08:36 +0000] "GET /?pcmypage?callback=product%2Fdetail%2FC2742455164 HTTP/1.1" 200 21008 "-" "Mozilla/5.0 (Linux; Android 6.0.1; Nexus 5X Build/MMB29P) AppleWebKit/537.36 (KHTML, like Gecko) Chrome/137.0.7151.103 Mobile Safari/537.36 (compatible; Googlebot/2.1; +http://www.google.com/bot.html)"
52.167.144.161 - - [20/Jul/2025:13:09:34 +0000] "GET /services/collision-repair/ HTTP/1.1" 200 18773 "-" "Mozilla/5.0 AppleWebKit/537.36 (KHTML, like Gecko; compatible; bingbot/2.0; +http://www.bing.com/bingbot.htm) Chrome/116.0.1938.76 Safari/537.36"
209.74.77.214 - - [20/Jul/2025:13:11:33 +0000] "POST /wp-cron.php?doing_wp_cron=1753017093.9245750904083251953125 HTTP/1.1" 200 - "-" "WordPress/6.8.2; https://cartel.express"
57.141.2.26 - - [20/Jul/2025:13:11:30 +0000] "GET /shopdetail/2167805150.shtml HTTP/1.1" 404 146915 "-" "meta-externalagent/1.1 (+https://developers.facebook.com/docs/sharing/webmasters/crawler)"
66.249.68.35 - - [20/Jul/2025:13:14:15 +0000] "GET /shopdetail/1442268.shtml HTTP/1.1" 200 19123 "-" "Mozilla/5.0 (Linux; Android 6.0.1; Nexus 5X Build/MMB29P) AppleWebKit/537.36 (KHTML, like Gecko) Chrome/137.0.7151.103 Mobile Safari/537.36 (compatible; Googlebot/2.1; +http://www.google.com/bot.html)"
66.249.68.34 - - [20/Jul/2025:13:17:06 +0000] "GET /shopdetail/4122694.shtml HTTP/1.1" 200 18040 "-" "Mozilla/5.0 (compatible; Googlebot/2.1; +http://www.google.com/bot.html)"
66.249.68.33 - - [20/Jul/2025:13:17:33 +0000] "GET /shopdetail/859571356.shtml HTTP/1.1" 200 18795 "-" "Mozilla/5.0 (Linux; Android 6.0.1; Nexus 5X Build/MMB29P) AppleWebKit/537.36 (KHTML, like Gecko) Chrome/137.0.7151.103 Mobile Safari/537.36 (compatible; Googlebot/2.1; +http://www.google.com/bot.html)"
84.239.52.15 - - [20/Jul/2025:13:18:00 +0000] "POST /wp-comments-post.php HTTP/1.1" 302 - "-" "Mozilla/5.0 (Windows NT 10.0; Win64; x64) AppleWebKit/537.36 (KHTML, like Gecko) Chrome/120.0.0.0 Safari/537.36"
57.141.2.13 - - [20/Jul/2025:13:18:03 +0000] "GET /shopdetail/2167545326.shtml HTTP/1.1" 404 146916 "-" "meta-externalagent/1.1 (+https://developers.facebook.com/docs/sharing/webmasters/crawler)"
84.239.52.15 - - [20/Jul/2025:13:18:07 +0000] "POST /wp-comments-post.php HTTP/1.1" 429 1107 "-" "Mozilla/5.0 (Windows NT 10.0; Win64; x64) AppleWebKit/537.36 (KHTML, like Gecko) Chrome/120.0.0.0 Safari/537.36"
84.239.52.15 - - [20/Jul/2025:13:18:08 +0000] "POST /wp-comments-post.php HTTP/1.1" 429 1107 "-" "Mozilla/5.0 (Windows NT 10.0; Win64; x64) AppleWebKit/537.36 (KHTML, like Gecko) Chrome/120.0.0.0 Safari/537.36"
84.239.52.15 - - [20/Jul/2025:13:18:11 +0000] "POST /wp-comments-post.php HTTP/1.1" 429 1107 "-" "Mozilla/5.0 (Windows NT 10.0; Win64; x64) AppleWebKit/537.36 (KHTML, like Gecko) Chrome/120.0.0.0 Safari/537.36"
209.74.77.214 - - [20/Jul/2025:13:18:13 +0000] "POST /wp-cron.php?doing_wp_cron=1753017493.5523829460144042968750 HTTP/1.1" 200 - "-" "WordPress/6.8.2; https://cartel.express"
84.239.52.15 - - [20/Jul/2025:13:18:13 +0000] "POST /wp-comments-post.php HTTP/1.1" 429 1107 "-" "Mozilla/5.0 (Windows NT 10.0; Win64; x64) AppleWebKit/537.36 (KHTML, like Gecko) Chrome/120.0.0.0 Safari/537.36"
84.239.52.15 - - [20/Jul/2025:13:18:14 +0000] "POST /wp-comments-post.php HTTP/1.1" 302 - "-" "Mozilla/5.0 (Windows NT 10.0; Win64; x64) AppleWebKit/537.36 (KHTML, like Gecko) Chrome/120.0.0.0 Safari/537.36"
84.239.52.15 - - [20/Jul/2025:13:18:16 +0000] "POST /wp-comments-post.php HTTP/1.1" 429 1107 "-" "Mozilla/5.0 (Windows NT 10.0; Win64; x64) AppleWebKit/537.36 (KHTML, like Gecko) Chrome/120.0.0.0 Safari/537.36"
84.239.52.15 - - [20/Jul/2025:13:18:18 +0000] "POST /wp-comments-post.php HTTP/1.1" 429 1107 "-" "Mozilla/5.0 (Windows NT 10.0; Win64; x64) AppleWebKit/537.36 (KHTML, like Gecko) Chrome/120.0.0.0 Safari/537.36"
84.239.52.15 - - [20/Jul/2025:13:18:19 +0000] "POST /wp-comments-post.php HTTP/1.1" 429 1107 "-" "Mozilla/5.0 (Windows NT 10.0; Win64; x64) AppleWebKit/537.36 (KHTML, like Gecko) Chrome/120.0.0.0 Safari/537.36"
84.239.52.15 - - [20/Jul/2025:13:18:20 +0000] "POST /wp-comments-post.php HTTP/1.1" 429 1107 "-" "Mozilla/5.0 (Windows NT 10.0; Win64; x64) AppleWebKit/537.36 (KHTML, like Gecko) Chrome/120.0.0.0 Safari/537.36"
209.74.77.214 - - [20/Jul/2025:13:19:07 +0000] "POST /wp-cron.php?doing_wp_cron=1753017547.3586568832397460937500 HTTP/1.1" 200 - "-" "WordPress/6.8.2; https://cartel.express"
57.141.2.26 - - [20/Jul/2025:13:19:04 +0000] "GET /shopdetail/2387858120.shtml HTTP/1.1" 404 146917 "-" "meta-externalagent/1.1 (+https://developers.facebook.com/docs/sharing/webmasters/crawler)"
66.249.68.33 - - [20/Jul/2025:13:20:50 +0000] "GET /shopdetail/53864094.shtml HTTP/1.1" 200 19405 "-" "Mozilla/5.0 (Linux; Android 6.0.1; Nexus 5X Build/MMB29P) AppleWebKit/537.36 (KHTML, like Gecko) Chrome/137.0.7151.103 Mobile Safari/537.36 (compatible; Googlebot/2.1; +http://www.google.com/bot.html)"
66.249.68.35 - - [20/Jul/2025:13:21:06 +0000] "POST /get-message-notify HTTP/1.1" 200 18672 "https://cartel.express/shopdetail/53864094.shtml" "Mozilla/5.0 (Linux; Android 6.0.1; Nexus 5X Build/MMB29P) AppleWebKit/537.36 (KHTML, like Gecko) Chrome/137.0.7151.119 Mobile Safari/537.36 (compatible; Googlebot/2.1; +http://www.google.com/bot.html)"
209.74.77.214 - - [20/Jul/2025:13:21:20 +0000] "POST /wp-cron.php?doing_wp_cron=1753017680.8943309783935546875000 HTTP/1.1" 200 - "-" "WordPress/6.8.2; https://cartel.express"
57.141.2.14 - - [20/Jul/2025:13:21:17 +0000] "GET /shopdetail/2388162298.shtml HTTP/1.1" 404 146916 "-" "meta-externalagent/1.1 (+https://developers.facebook.com/docs/sharing/webmasters/crawler)"
209.74.77.214 - - [20/Jul/2025:13:23:27 +0000] "POST /wp-cron.php?doing_wp_cron=1753017807.3025710582733154296875 HTTP/1.1" 200 - "-" "WordPress/6.8.2; https://cartel.express"
57.141.2.29 - - [20/Jul/2025:13:23:27 +0000] "GET /shopdetail/2388138276.shtml HTTP/1.1" 404 146916 "-" "meta-externalagent/1.1 (+https://developers.facebook.com/docs/sharing/webmasters/crawler)"
66.249.68.33 - - [20/Jul/2025:13:24:21 +0000] "GET /shopdetail/5579420.shtml HTTP/1.1" 200 18566 "-" "Mozilla/5.0 (Linux; Android 6.0.1; Nexus 5X Build/MMB29P) AppleWebKit/537.36 (KHTML, like Gecko) Chrome/137.0.7151.103 Mobile Safari/537.36 (compatible; Googlebot/2.1; +http://www.google.com/bot.html)"
66.249.68.33 - - [20/Jul/2025:13:24:36 +0000] "GET /wp-sitemap-taxonomies-category-1.xml HTTP/1.1" 200 4515 "-" "Mozilla/5.0 (compatible; Googlebot/2.1; +http://www.google.com/bot.html)"
66.249.68.33 - - [20/Jul/2025:13:27:09 +0000] "GET /shopdetail/56518378.shtml HTTP/1.1" 200 18418 "-" "Mozilla/5.0 (Linux; Android 6.0.1; Nexus 5X Build/MMB29P) AppleWebKit/537.36 (KHTML, like Gecko) Chrome/137.0.7151.103 Mobile Safari/537.36 (compatible; Googlebot/2.1; +http://www.google.com/bot.html)"
66.249.68.35 - - [20/Jul/2025:13:28:24 +0000] "GET /shopdetail/5581924.shtml HTTP/1.1" 200 20159 "-" "Mozilla/5.0 (Linux; Android 6.0.1; Nexus 5X Build/MMB29P) AppleWebKit/537.36 (KHTML, like Gecko) Chrome/137.0.7151.103 Mobile Safari/537.36 (compatible; Googlebot/2.1; +http://www.google.com/bot.html)"
209.74.77.214 - - [20/Jul/2025:13:30:01 +0000] "POST /wp-cron.php?doing_wp_cron=1753018201.0769910812377929687500 HTTP/1.1" 200 - "-" "WordPress/6.8.2; https://cartel.express"
