66.249.73.131 - - [20/Jul/2025:15:36:31 +0000] "GET /shopdetail/1091814420.shtml HTTP/1.1" 200 18694 "-" "Mozilla/5.0 (Linux; Android 6.0.1; Nexus 5X Build/MMB29P) AppleWebKit/537.36 (KHTML, like Gecko) Chrome/137.0.7151.103 Mobile Safari/537.36 (compatible; Googlebot/2.1; +http://www.google.com/bot.html)"
66.249.73.131 - - [20/Jul/2025:15:36:35 +0000] "GET /shopdetail/1091883850.shtml HTTP/1.1" 200 21003 "-" "Mozilla/5.0 (Linux; Android 6.0.1; Nexus 5X Build/MMB29P) AppleWebKit/537.36 (KHTML, like Gecko) Chrome/137.0.7151.103 Mobile Safari/537.36 (compatible; Googlebot/2.1; +http://www.google.com/bot.html)"
66.249.73.131 - - [20/Jul/2025:15:36:40 +0000] "GET /shopdetail/1091880352.shtml HTTP/1.1" 200 20262 "-" "Mozilla/5.0 (Linux; Android 6.0.1; Nexus 5X Build/MMB29P) AppleWebKit/537.36 (KHTML, like Gecko) Chrome/137.0.7151.103 Mobile Safari/537.36 (compatible; Googlebot/2.1; +http://www.google.com/bot.html)"
66.249.73.131 - - [20/Jul/2025:15:36:45 +0000] "GET /shopdetail/1092284906.shtml HTTP/1.1" 200 20178 "-" "Mozilla/5.0 (Linux; Android 6.0.1; Nexus 5X Build/MMB29P) AppleWebKit/537.36 (KHTML, like Gecko) Chrome/137.0.7151.103 Mobile Safari/537.36 (compatible; Googlebot/2.1; +http://www.google.com/bot.html)"
66.249.73.131 - - [20/Jul/2025:15:37:19 +0000] "GET /shopdetail/1092026136.shtml HTTP/1.1" 200 19676 "-" "Mozilla/5.0 (Linux; Android 6.0.1; Nexus 5X Build/MMB29P) AppleWebKit/537.36 (KHTML, like Gecko) Chrome/137.0.7151.103 Mobile Safari/537.36 (compatible; Googlebot/2.1; +http://www.google.com/bot.html)"
66.249.73.131 - - [20/Jul/2025:15:37:26 +0000] "POST /get-message-notify HTTP/1.1" 200 18672 "https://cartel.express/shopdetail/1092026136.shtml" "Mozilla/5.0 (Linux; Android 6.0.1; Nexus 5X Build/MMB29P) AppleWebKit/537.36 (KHTML, like Gecko) Chrome/137.0.7151.119 Mobile Safari/537.36 (compatible; Googlebot/2.1; +http://www.google.com/bot.html)"
209.74.77.214 - - [20/Jul/2025:15:37:43 +0000] "POST /wp-cron.php?doing_wp_cron=1753025863.8451390266418457031250 HTTP/1.1" 200 - "-" "WordPress/6.8.2; https://cartel.express"
216.73.216.247 - - [20/Jul/2025:15:37:40 +0000] "GET /services_group/car-detailing/feed HTTP/1.1" 301 - "-" "Mozilla/5.0 AppleWebKit/537.36 (KHTML, like Gecko; compatible; ClaudeBot/1.0; [email protected])"
216.73.216.247 - - [20/Jul/2025:15:37:43 +0000] "GET /services_group/car-detailing/feed/ HTTP/1.1" 200 439 "https://cartel.express/services_group/car-detailing/feed" "Mozilla/5.0 AppleWebKit/537.36 (KHTML, like Gecko; compatible; ClaudeBot/1.0; [email protected])"
209.74.77.214 - - [20/Jul/2025:15:40:25 +0000] "POST /wp-cron.php?doing_wp_cron=1753026025.6971518993377685546875 HTTP/1.1" 200 - "-" "WordPress/6.8.2; https://cartel.express"
85.215.154.81 - - [20/Jul/2025:15:40:25 +0000] "GET /style.php HTTP/1.1" 404 24819 "www.google.com" "Mozlila/5.0 (Linux; Android 7.0; SM-G892A Bulid/NRD90M; wv) AppleWebKit/537.36 (KHTML, like Gecko) Version/4.0 Chrome/60.0.3112.107 Moblie Safari/537.36"
66.249.73.128 - - [20/Jul/2025:15:40:28 +0000] "GET /shopdetail/56478384.shtml HTTP/1.1" 200 19186 "-" "Mozilla/5.0 (compatible; Googlebot/2.1; +http://www.google.com/bot.html)"
66.249.73.131 - - [20/Jul/2025:15:42:18 +0000] "GET /shopdetail/52842340.shtml HTTP/1.1" 200 17973 "-" "Mozilla/5.0 (Linux; Android 6.0.1; Nexus 5X Build/MMB29P) AppleWebKit/537.36 (KHTML, like Gecko) Chrome/137.0.7151.103 Mobile Safari/537.36 (compatible; Googlebot/2.1; +http://www.google.com/bot.html)"
209.74.77.214 - - [20/Jul/2025:15:42:37 +0000] "POST /wp-cron.php?doing_wp_cron=1753026157.7184069156646728515625 HTTP/1.1" 200 - "-" "WordPress/6.8.2; https://cartel.express"
216.73.216.247 - - [20/Jul/2025:15:42:35 +0000] "GET /product-tag/item/?quick-view=19249 HTTP/1.1" 200 38811 "-" "Mozilla/5.0 AppleWebKit/537.36 (KHTML, like Gecko; compatible; ClaudeBot/1.0; [email protected])"
209.74.77.214 - - [20/Jul/2025:15:43:32 +0000] "POST /wp-cron.php?doing_wp_cron=1753026212.0275340080261230468750 HTTP/1.1" 200 - "-" "WordPress/6.8.2; https://cartel.express"
57.141.2.5 - - [20/Jul/2025:15:43:30 +0000] "GET /shopdetail/2388377380.shtml HTTP/1.1" 404 146918 "-" "meta-externalagent/1.1 (+https://developers.facebook.com/docs/sharing/webmasters/crawler)"
66.249.73.132 - - [20/Jul/2025:15:43:57 +0000] "GET /shopdetail/1650754.shtml HTTP/1.1" 200 19430 "-" "Mozilla/5.0 (compatible; Googlebot/2.1; +http://www.google.com/bot.html)"
66.249.73.131 - - [20/Jul/2025:15:44:56 +0000] "GET /shopdetail/1092127510.shtml HTTP/1.1" 200 19214 "-" "Mozilla/5.0 (Linux; Android 6.0.1; Nexus 5X Build/MMB29P) AppleWebKit/537.36 (KHTML, like Gecko) Chrome/137.0.7151.103 Mobile Safari/537.36 (compatible; Googlebot/2.1; +http://www.google.com/bot.html)"
66.249.73.128 - - [20/Jul/2025:15:45:00 +0000] "POST /get-message-notify HTTP/1.1" 200 18672 "https://cartel.express/shopdetail/1092127510.shtml" "Mozilla/5.0 (Linux; Android 6.0.1; Nexus 5X Build/MMB29P) AppleWebKit/537.36 (KHTML, like Gecko) Chrome/137.0.7151.119 Mobile Safari/537.36 (compatible; Googlebot/2.1; +http://www.google.com/bot.html)"
216.73.216.247 - - [20/Jul/2025:15:47:25 +0000] "GET /sitemap.xml HTTP/1.1" 200 4484 "-" "Mozilla/5.0 AppleWebKit/537.36 (KHTML, like Gecko; compatible; ClaudeBot/1.0; [email protected])"
66.249.73.131 - - [20/Jul/2025:15:48:20 +0000] "GET /shopdetail/1693120220.shtml HTTP/1.1" 200 20570 "-" "Mozilla/5.0 (Linux; Android 6.0.1; Nexus 5X Build/MMB29P) AppleWebKit/537.36 (KHTML, like Gecko) Chrome/137.0.7151.103 Mobile Safari/537.36 (compatible; Googlebot/2.1; +http://www.google.com/bot.html)"
66.249.73.131 - - [20/Jul/2025:15:48:28 +0000] "GET /shopdetail/4186446.shtml HTTP/1.1" 200 18006 "-" "Mozilla/5.0 (Linux; Android 6.0.1; Nexus 5X Build/MMB29P) AppleWebKit/537.36 (KHTML, like Gecko) Chrome/137.0.7151.103 Mobile Safari/537.36 (compatible; Googlebot/2.1; +http://www.google.com/bot.html)"
66.249.73.131 - - [20/Jul/2025:15:48:32 +0000] "GET /shopdetail/506594186.shtml HTTP/1.1" 200 18750 "-" "Mozilla/5.0 (Linux; Android 6.0.1; Nexus 5X Build/MMB29P) AppleWebKit/537.36 (KHTML, like Gecko) Chrome/137.0.7151.103 Mobile Safari/537.36 (compatible; Googlebot/2.1; +http://www.google.com/bot.html)"
66.249.73.131 - - [20/Jul/2025:15:48:34 +0000] "POST /get-message-notify HTTP/1.1" 200 18672 "https://cartel.express/shopdetail/506594186.shtml" "Mozilla/5.0 (Linux; Android 6.0.1; Nexus 5X Build/MMB29P) AppleWebKit/537.36 (KHTML, like Gecko) Chrome/137.0.7151.119 Mobile Safari/537.36 (compatible; Googlebot/2.1; +http://www.google.com/bot.html)"
66.249.73.128 - - [20/Jul/2025:15:49:01 +0000] "GET /shopdetail/1092446662.shtml HTTP/1.1" 200 20353 "-" "Mozilla/5.0 (Linux; Android 6.0.1; Nexus 5X Build/MMB29P) AppleWebKit/537.36 (KHTML, like Gecko) Chrome/137.0.7151.103 Mobile Safari/537.36 (compatible; Googlebot/2.1; +http://www.google.com/bot.html)"
66.249.73.131 - - [20/Jul/2025:15:49:06 +0000] "POST /get-message-notify HTTP/1.1" 200 18672 "https://cartel.express/shopdetail/1092446662.shtml" "Mozilla/5.0 (Linux; Android 6.0.1; Nexus 5X Build/MMB29P) AppleWebKit/537.36 (KHTML, like Gecko) Chrome/137.0.7151.119 Mobile Safari/537.36 (compatible; Googlebot/2.1; +http://www.google.com/bot.html)"
209.74.77.214 - - [20/Jul/2025:15:49:08 +0000] "POST /wp-cron.php?doing_wp_cron=1753026548.6625609397888183593750 HTTP/1.1" 200 - "-" "WordPress/6.8.2; https://cartel.express"
57.141.2.14 - - [20/Jul/2025:15:49:06 +0000] "GET /shopdetail/2167550932.shtml HTTP/1.1" 404 146918 "-" "meta-externalagent/1.1 (+https://developers.facebook.com/docs/sharing/webmasters/crawler)"
66.249.73.128 - - [20/Jul/2025:15:50:47 +0000] "GET /shopdetail/57601568.shtml HTTP/1.1" 200 18107 "-" "Mozilla/5.0 (Linux; Android 6.0.1; Nexus 5X Build/MMB29P) AppleWebKit/537.36 (KHTML, like Gecko) Chrome/137.0.7151.103 Mobile Safari/537.36 (compatible; Googlebot/2.1; +http://www.google.com/bot.html)"
209.74.77.214 - - [20/Jul/2025:15:51:29 +0000] "POST /wp-cron.php?doing_wp_cron=1753026689.1095139980316162109375 HTTP/1.1" 200 - "-" "WordPress/6.8.2; https://cartel.express"
216.73.216.247 - - [20/Jul/2025:15:51:26 +0000] "GET /product-tag/item/feed HTTP/1.1" 301 - "-" "Mozilla/5.0 AppleWebKit/537.36 (KHTML, like Gecko; compatible; ClaudeBot/1.0; [email protected])"
216.73.216.247 - - [20/Jul/2025:15:51:29 +0000] "GET /product-tag/item/feed/ HTTP/1.1" 200 1064 "https://cartel.express/product-tag/item/feed" "Mozilla/5.0 AppleWebKit/537.36 (KHTML, like Gecko; compatible; ClaudeBot/1.0; [email protected])"
66.249.73.131 - - [20/Jul/2025:15:52:23 +0000] "GET /shopdetail/986568.shtml HTTP/1.1" 200 17910 "-" "Mozilla/5.0 (compatible; Googlebot/2.1; +http://www.google.com/bot.html)"
209.74.77.214 - - [20/Jul/2025:15:53:24 +0000] "POST /wp-cron.php?doing_wp_cron=1753026804.7377250194549560546875 HTTP/1.1" 200 - "-" "WordPress/6.8.2; https://cartel.express"
216.73.216.247 - - [20/Jul/2025:15:53:22 +0000] "GET /product-tag/item/?quick-view=19250 HTTP/1.1" 200 38808 "-" "Mozilla/5.0 AppleWebKit/537.36 (KHTML, like Gecko; compatible; ClaudeBot/1.0; [email protected])"
66.249.73.131 - - [20/Jul/2025:15:53:41 +0000] "GET /shopdetail/49368986.shtml HTTP/1.1" 200 18407 "-" "Mozilla/5.0 (compatible; Googlebot/2.1; +http://www.google.com/bot.html)"
66.249.73.131 - - [20/Jul/2025:15:59:13 +0000] "GET /shopdetail/1259870394.shtml HTTP/1.1" 200 18998 "-" "Mozilla/5.0 (compatible; Googlebot/2.1; +http://www.google.com/bot.html)"
66.249.73.131 - - [20/Jul/2025:16:00:22 +0000] "GET /shopdetail/1642636.shtml HTTP/1.1" 200 19679 "-" "Mozilla/5.0 (Linux; Android 6.0.1; Nexus 5X Build/MMB29P) AppleWebKit/537.36 (KHTML, like Gecko) Chrome/137.0.7151.103 Mobile Safari/537.36 (compatible; Googlebot/2.1; +http://www.google.com/bot.html)"
66.249.73.132 - - [20/Jul/2025:16:00:35 +0000] "GET /shopdetail/2473194.shtml HTTP/1.1" 200 18696 "-" "Mozilla/5.0 (Linux; Android 6.0.1; Nexus 5X Build/MMB29P) AppleWebKit/537.36 (KHTML, like Gecko) Chrome/137.0.7151.103 Mobile Safari/537.36 (compatible; Googlebot/2.1; +http://www.google.com/bot.html)"
40.77.167.78 - - [20/Jul/2025:16:01:33 +0000] "GET /tag/detailing/ HTTP/1.1" 200 18416 "-" "Mozilla/5.0 AppleWebKit/537.36 (KHTML, like Gecko; compatible; bingbot/2.0; +http://www.bing.com/bingbot.htm) Chrome/116.0.1938.76 Safari/537.36"
216.73.216.247 - - [20/Jul/2025:16:02:10 +0000] "GET /robots.txt HTTP/1.1" 200 94 "-" "Mozilla/5.0 AppleWebKit/537.36 (KHTML, like Gecko; compatible; ClaudeBot/1.0; [email protected])"
209.74.77.214 - - [20/Jul/2025:16:02:14 +0000] "POST /wp-cron.php?doing_wp_cron=1753027334.3761119842529296875000 HTTP/1.1" 200 - "-" "WordPress/6.8.2; https://cartel.express"
216.73.216.247 - - [20/Jul/2025:16:02:11 +0000] "GET /product-tag/item/?add-to-cart=19250 HTTP/1.1" 200 38848 "-" "Mozilla/5.0 AppleWebKit/537.36 (KHTML, like Gecko; compatible; ClaudeBot/1.0; [email protected])"
66.249.73.131 - - [20/Jul/2025:16:03:45 +0000] "GET /shopdetail/49428574.shtml HTTP/1.1" 200 18453 "-" "Mozilla/5.0 (Linux; Android 6.0.1; Nexus 5X Build/MMB29P) AppleWebKit/537.36 (KHTML, like Gecko) Chrome/137.0.7151.103 Mobile Safari/537.36 (compatible; Googlebot/2.1; +http://www.google.com/bot.html)"
66.249.73.132 - - [20/Jul/2025:16:03:48 +0000] "GET /shopdetail/249340346.shtml HTTP/1.1" 200 18080 "-" "Mozilla/5.0 (Linux; Android 6.0.1; Nexus 5X Build/MMB29P) AppleWebKit/537.36 (KHTML, like Gecko) Chrome/137.0.7151.103 Mobile Safari/537.36 (compatible; Googlebot/2.1; +http://www.google.com/bot.html)"
66.249.73.132 - - [20/Jul/2025:16:04:44 +0000] "GET /shopdetail/2704180.shtml HTTP/1.1" 200 20059 "-" "Mozilla/5.0 (Linux; Android 6.0.1; Nexus 5X Build/MMB29P) AppleWebKit/537.36 (KHTML, like Gecko) Chrome/137.0.7151.103 Mobile Safari/537.36 (compatible; Googlebot/2.1; +http://www.google.com/bot.html)"
170.106.163.48 - - [20/Jul/2025:16:05:02 +0000] "GET / HTTP/1.1" 200 40648 "http://cartel.express" "Mozilla/5.0 (iPhone; CPU iPhone OS 13_2_3 like Mac OS X) AppleWebKit/605.1.15 (KHTML, like Gecko) Version/13.0.3 Mobile/15E148 Safari/604.1"
66.249.73.132 - - [20/Jul/2025:16:05:29 +0000] "GET /shopdetail/1260986.shtml HTTP/1.1" 200 19425 "-" "Mozilla/5.0 (compatible; Googlebot/2.1; +http://www.google.com/bot.html)"
209.74.77.214 - - [20/Jul/2025:16:06:31 +0000] "POST /wp-cron.php?doing_wp_cron=1753027591.6458671092987060546875 HTTP/1.1" 200 - "-" "WordPress/6.8.2; https://cartel.express"
57.141.2.9 - - [20/Jul/2025:16:06:29 +0000] "GET /shopdetail/2388453806.shtml HTTP/1.1" 404 146916 "-" "meta-externalagent/1.1 (+https://developers.facebook.com/docs/sharing/webmasters/crawler)"
66.249.73.132 - - [20/Jul/2025:16:07:34 +0000] "GET /pcmypage?callback=/product%2Fdetail%2FC3153693945 HTTP/1.1" 200 20990 "-" "Mozilla/5.0 (Linux; Android 6.0.1; Nexus 5X Build/MMB29P) AppleWebKit/537.36 (KHTML, like Gecko) Chrome/137.0.7151.103 Mobile Safari/537.36 (compatible; Googlebot/2.1; +http://www.google.com/bot.html)"
66.249.73.132 - - [20/Jul/2025:16:10:21 +0000] "GET /shopdetail/4154246.shtml HTTP/1.1" 200 18719 "-" "Mozilla/5.0 (Linux; Android 6.0.1; Nexus 5X Build/MMB29P) AppleWebKit/537.36 (KHTML, like Gecko) Chrome/137.0.7151.103 Mobile Safari/537.36 (compatible; Googlebot/2.1; +http://www.google.com/bot.html)"
66.249.73.128 - - [20/Jul/2025:16:11:23 +0000] "GET /shopdetail/60645620.shtml HTTP/1.1" 200 19648 "-" "Mozilla/5.0 (Linux; Android 6.0.1; Nexus 5X Build/MMB29P) AppleWebKit/537.36 (KHTML, like Gecko) Chrome/137.0.7151.103 Mobile Safari/537.36 (compatible; Googlebot/2.1; +http://www.google.com/bot.html)"
182.40.104.255 - - [20/Jul/2025:16:11:23 +0000] "GET / HTTP/1.1" 200 40643 "http://www.cartel.express" "Mozilla/5.0 (iPhone; CPU iPhone OS 13_2_3 like Mac OS X) AppleWebKit/605.1.15 (KHTML, like Gecko) Version/13.0.3 Mobile/15E148 Safari/604.1"
66.249.73.132 - - [20/Jul/2025:16:11:41 +0000] "POST /get-message-notify HTTP/1.1" 200 18672 "https://cartel.express/shopdetail/60645620.shtml" "Mozilla/5.0 (Linux; Android 6.0.1; Nexus 5X Build/MMB29P) AppleWebKit/537.36 (KHTML, like Gecko) Chrome/137.0.7151.119 Mobile Safari/537.36 (compatible; Googlebot/2.1; +http://www.google.com/bot.html)"
40.77.167.8 - - [20/Jul/2025:16:13:27 +0000] "GET /product-tag/tires/ HTTP/1.1" 200 18737 "-" "Mozilla/5.0 AppleWebKit/537.36 (KHTML, like Gecko; compatible; bingbot/2.0; +http://www.bing.com/bingbot.htm) Chrome/116.0.1938.76 Safari/537.36"
66.249.73.131 - - [20/Jul/2025:16:13:36 +0000] "GET /shopdetail/1396600.shtml HTTP/1.1" 200 18240 "-" "Mozilla/5.0 (Linux; Android 6.0.1; Nexus 5X Build/MMB29P) AppleWebKit/537.36 (KHTML, like Gecko) Chrome/137.0.7151.103 Mobile Safari/537.36 (compatible; Googlebot/2.1; +http://www.google.com/bot.html)"
66.249.73.128 - - [20/Jul/2025:16:14:02 +0000] "GET /shopdetail/1428476.shtml HTTP/1.1" 200 18391 "-" "Mozilla/5.0 (Linux; Android 6.0.1; Nexus 5X Build/MMB29P) AppleWebKit/537.36 (KHTML, like Gecko) Chrome/137.0.7151.103 Mobile Safari/537.36 (compatible; Googlebot/2.1; +http://www.google.com/bot.html)"
66.249.73.128 - - [20/Jul/2025:16:15:13 +0000] "GET /shopdetail/2213945748.shtml HTTP/1.1" 200 22192 "-" "Mozilla/5.0 (Linux; Android 6.0.1; Nexus 5X Build/MMB29P) AppleWebKit/537.36 (KHTML, like Gecko) Chrome/137.0.7151.103 Mobile Safari/537.36 (compatible; Googlebot/2.1; +http://www.google.com/bot.html)"
66.249.73.131 - - [20/Jul/2025:16:17:04 +0000] "GET /shopdetail/60242192.shtml HTTP/1.1" 200 18624 "-" "Mozilla/5.0 (Linux; Android 6.0.1; Nexus 5X Build/MMB29P) AppleWebKit/537.36 (KHTML, like Gecko) Chrome/137.0.7151.103 Mobile Safari/537.36 (compatible; Googlebot/2.1; +http://www.google.com/bot.html)"
66.249.73.131 - - [20/Jul/2025:16:17:17 +0000] "POST /get-message-notify HTTP/1.1" 200 18672 "https://cartel.express/shopdetail/60242192.shtml" "Mozilla/5.0 (Linux; Android 6.0.1; Nexus 5X Build/MMB29P) AppleWebKit/537.36 (KHTML, like Gecko) Chrome/137.0.7151.119 Mobile Safari/537.36 (compatible; Googlebot/2.1; +http://www.google.com/bot.html)"
66.249.73.131 - - [20/Jul/2025:16:20:06 +0000] "GET /shopdetail/1438130704.shtml HTTP/1.1" 200 21504 "-" "Mozilla/5.0 (Linux; Android 6.0.1; Nexus 5X Build/MMB29P) AppleWebKit/537.36 (KHTML, like Gecko) Chrome/137.0.7151.103 Mobile Safari/537.36 (compatible; Googlebot/2.1; +http://www.google.com/bot.html)"
66.249.73.132 - - [20/Jul/2025:16:20:20 +0000] "POST /get-message-notify HTTP/1.1" 200 18672 "https://cartel.express/shopdetail/1438130704.shtml" "Mozilla/5.0 (Linux; Android 6.0.1; Nexus 5X Build/MMB29P) AppleWebKit/537.36 (KHTML, like Gecko) Chrome/137.0.7151.119 Mobile Safari/537.36 (compatible; Googlebot/2.1; +http://www.google.com/bot.html)"
66.249.73.132 - - [20/Jul/2025:16:20:23 +0000] "GET /shopdetail/5741304.shtml HTTP/1.1" 200 18562 "-" "Mozilla/5.0 (Linux; Android 6.0.1; Nexus 5X Build/MMB29P) AppleWebKit/537.36 (KHTML, like Gecko) Chrome/137.0.7151.103 Mobile Safari/537.36 (compatible; Googlebot/2.1; +http://www.google.com/bot.html)"
66.249.73.131 - - [20/Jul/2025:16:20:36 +0000] "POST /get-message-notify HTTP/1.1" 200 18672 "https://cartel.express/shopdetail/5741304.shtml" "Mozilla/5.0 (Linux; Android 6.0.1; Nexus 5X Build/MMB29P) AppleWebKit/537.36 (KHTML, like Gecko) Chrome/137.0.7151.119 Mobile Safari/537.36 (compatible; Googlebot/2.1; +http://www.google.com/bot.html)"
66.249.73.128 - - [20/Jul/2025:16:21:42 +0000] "GET /shopdetail/52336744.shtml HTTP/1.1" 200 19894 "-" "Mozilla/5.0 (Linux; Android 6.0.1; Nexus 5X Build/MMB29P) AppleWebKit/537.36 (KHTML, like Gecko) Chrome/137.0.7151.103 Mobile Safari/537.36 (compatible; Googlebot/2.1; +http://www.google.com/bot.html)"
209.74.77.214 - - [20/Jul/2025:16:22:20 +0000] "POST /wp-cron.php?doing_wp_cron=1753028540.4402630329132080078125 HTTP/1.1" 200 - "-" "WordPress/6.8.2; https://cartel.express"
57.141.2.11 - - [20/Jul/2025:16:22:17 +0000] "GET /shopdetail/2388201038.shtml HTTP/1.1" 404 146918 "-" "meta-externalagent/1.1 (+https://developers.facebook.com/docs/sharing/webmasters/crawler)"
57.141.2.7 - - [20/Jul/2025:16:22:26 +0000] "GET /shopdetail/2388196550.shtml HTTP/1.1" 404 146915 "-" "meta-externalagent/1.1 (+https://developers.facebook.com/docs/sharing/webmasters/crawler)"
85.208.96.193 - - [20/Jul/2025:16:26:20 +0000] "GET /robots.txt HTTP/1.1" 200 94 "-" "Mozilla/5.0 (compatible; SemrushBot/7~bl; +http://www.semrush.com/bot.html)"
209.74.77.214 - - [20/Jul/2025:16:26:21 +0000] "POST /wp-cron.php?doing_wp_cron=1753028781.3557879924774169921875 HTTP/1.1" 200 - "-" "WordPress/6.8.2; https://cartel.express"
57.141.2.7 - - [20/Jul/2025:16:26:17 +0000] "GET /shopdetail/2388104152.shtml HTTP/1.1" 404 146916 "-" "meta-externalagent/1.1 (+https://developers.facebook.com/docs/sharing/webmasters/crawler)"
85.208.96.202 - - [20/Jul/2025:16:26:20 +0000] "GET /product/brake-disc-pads/ HTTP/1.1" 200 40305 "-" "Mozilla/5.0 (compatible; SemrushBot/7~bl; +http://www.semrush.com/bot.html)"
45.227.253.15 - - [20/Jul/2025:16:26:39 +0000] "GET /index.php/jk HTTP/1.1" 200 59 "-" "Mozilla/5.0 (Macintosh; Intel Mac OS X 10.11; rv:103.0) Gecko/20100101 Firefox/102.0"
66.249.73.132 - - [20/Jul/2025:16:27:51 +0000] "GET /pcmypage?callback=product/review/C225280288 HTTP/1.1" 200 18656 "-" "Mozilla/5.0 (Linux; Android 6.0.1; Nexus 5X Build/MMB29P) AppleWebKit/537.36 (KHTML, like Gecko) Chrome/137.0.7151.103 Mobile Safari/537.36 (compatible; Googlebot/2.1; +http://www.google.com/bot.html)"
66.249.73.131 - - [20/Jul/2025:16:27:54 +0000] "GET /pcmypage?callback=product/review/C1892275461 HTTP/1.1" 200 20087 "-" "Mozilla/5.0 (Linux; Android 6.0.1; Nexus 5X Build/MMB29P) AppleWebKit/537.36 (KHTML, like Gecko) Chrome/137.0.7151.103 Mobile Safari/537.36 (compatible; Googlebot/2.1; +http://www.google.com/bot.html)"
66.249.73.131 - - [20/Jul/2025:16:27:57 +0000] "GET /pcmypage?callback=product%2Fdetail%2FC729162546 HTTP/1.1" 200 20984 "-" "Mozilla/5.0 (Linux; Android 6.0.1; Nexus 5X Build/MMB29P) AppleWebKit/537.36 (KHTML, like Gecko) Chrome/137.0.7151.103 Mobile Safari/537.36 (compatible; Googlebot/2.1; +http://www.google.com/bot.html)"
66.249.73.132 - - [20/Jul/2025:16:28:00 +0000] "GET /pcmypage?callback=/product%2Fdetail%2FC3190466092 HTTP/1.1" 200 20989 "-" "Mozilla/5.0 (Linux; Android 6.0.1; Nexus 5X Build/MMB29P) AppleWebKit/537.36 (KHTML, like Gecko) Chrome/137.0.7151.103 Mobile Safari/537.36 (compatible; Googlebot/2.1; +http://www.google.com/bot.html)"
66.249.73.131 - - [20/Jul/2025:16:28:03 +0000] "GET /pcmypage?callback=product%2Fdetail%2FC1456615416 HTTP/1.1" 200 20985 "-" "Mozilla/5.0 (Linux; Android 6.0.1; Nexus 5X Build/MMB29P) AppleWebKit/537.36 (KHTML, like Gecko) Chrome/137.0.7151.103 Mobile Safari/537.36 (compatible; Googlebot/2.1; +http://www.google.com/bot.html)"
66.249.73.131 - - [20/Jul/2025:16:28:05 +0000] "GET /pcmypage?callback=/product%2Fdetail%2FC3411580086 HTTP/1.1" 200 20985 "-" "Mozilla/5.0 (Linux; Android 6.0.1; Nexus 5X Build/MMB29P) AppleWebKit/537.36 (KHTML, like Gecko) Chrome/137.0.7151.103 Mobile Safari/537.36 (compatible; Googlebot/2.1; +http://www.google.com/bot.html)"
66.249.73.131 - - [20/Jul/2025:16:28:09 +0000] "GET /pcmypage?callback=product%2Fdetail%2FC817153209 HTTP/1.1" 200 20984 "-" "Mozilla/5.0 (Linux; Android 6.0.1; Nexus 5X Build/MMB29P) AppleWebKit/537.36 (KHTML, like Gecko) Chrome/137.0.7151.103 Mobile Safari/537.36 (compatible; Googlebot/2.1; +http://www.google.com/bot.html)"
66.249.73.131 - - [20/Jul/2025:16:28:17 +0000] "GET /pcmypage?callback=product%2Fdetail%2FC217423017 HTTP/1.1" 200 20982 "-" "Mozilla/5.0 (Linux; Android 6.0.1; Nexus 5X Build/MMB29P) AppleWebKit/537.36 (KHTML, like Gecko) Chrome/137.0.7151.103 Mobile Safari/537.36 (compatible; Googlebot/2.1; +http://www.google.com/bot.html)"
66.249.73.131 - - [20/Jul/2025:16:28:18 +0000] "GET /pcmypage?callback=/product%2Fdetail%2FC2510216021 HTTP/1.1" 200 20984 "-" "Mozilla/5.0 (Linux; Android 6.0.1; Nexus 5X Build/MMB29P) AppleWebKit/537.36 (KHTML, like Gecko) Chrome/137.0.7151.103 Mobile Safari/537.36 (compatible; Googlebot/2.1; +http://www.google.com/bot.html)"
66.249.73.131 - - [20/Jul/2025:16:28:20 +0000] "GET /pcmypage?callback=product%2Fdetail%2FC2510216021 HTTP/1.1" 200 20983 "-" "Mozilla/5.0 (Linux; Android 6.0.1; Nexus 5X Build/MMB29P) AppleWebKit/537.36 (KHTML, like Gecko) Chrome/137.0.7151.103 Mobile Safari/537.36 (compatible; Googlebot/2.1; +http://www.google.com/bot.html)"
66.249.73.131 - - [20/Jul/2025:16:28:23 +0000] "GET /pcmypage?callback=product%2Fdetail%2FC1548876145 HTTP/1.1" 200 20988 "-" "Mozilla/5.0 (Linux; Android 6.0.1; Nexus 5X Build/MMB29P) AppleWebKit/537.36 (KHTML, like Gecko) Chrome/137.0.7151.103 Mobile Safari/537.36 (compatible; Googlebot/2.1; +http://www.google.com/bot.html)"
66.249.73.131 - - [20/Jul/2025:16:28:44 +0000] "POST /get-message-notify HTTP/1.1" 200 18672 "https://cartel.express/pcmypage?callback=/product%2Fdetail%2FC3190466092" "Mozilla/5.0 (Linux; Android 6.0.1; Nexus 5X Build/MMB29P) AppleWebKit/537.36 (KHTML, like Gecko) Chrome/137.0.7151.119 Mobile Safari/537.36 (compatible; Googlebot/2.1; +http://www.google.com/bot.html)"
66.249.73.128 - - [20/Jul/2025:16:29:12 +0000] "GET /shopdetail/1664286.shtml HTTP/1.1" 200 18334 "-" "Mozilla/5.0 (compatible; Googlebot/2.1; +http://www.google.com/bot.html)"
51.255.51.138 - - [20/Jul/2025:16:30:04 +0000] "GET / HTTP/1.1" 200 40555 "http://cartel.express" "Mozilla/5.0 (Windows NT 10.0; Win64; x64) AppleWebKit/537.36 (KHTML, like Gecko) Chrome/112.0.5615.138 Safari/537.36"
51.255.51.138 - - [20/Jul/2025:16:30:07 +0000] "GET /index.php?rest_route=/wp/v2/users HTTP/1.1" 200 403 "https://cartel.express" "Mozilla/5.0 (Macintosh; Intel Mac OS X 10_15_7; rv:126.0) Gecko/20100101 Firefox/126.0"
66.249.73.128 - - [20/Jul/2025:16:30:48 +0000] "GET /shopdetail/1434222.shtml HTTP/1.1" 200 19358 "-" "Mozilla/5.0 (compatible; Googlebot/2.1; +http://www.google.com/bot.html)"
66.249.73.132 - - [20/Jul/2025:16:31:20 +0000] "GET /product/edit/C2603138693 HTTP/1.1" 200 21038 "-" "Mozilla/5.0 (Linux; Android 6.0.1; Nexus 5X Build/MMB29P) AppleWebKit/537.36 (KHTML, like Gecko) Chrome/137.0.7151.103 Mobile Safari/537.36 (compatible; Googlebot/2.1; +http://www.google.com/bot.html)"
66.249.73.132 - - [20/Jul/2025:16:31:31 +0000] "GET /shopdetail/1093575516.shtml HTTP/1.1" 200 19064 "-" "Mozilla/5.0 (Linux; Android 6.0.1; Nexus 5X Build/MMB29P) AppleWebKit/537.36 (KHTML, like Gecko) Chrome/137.0.7151.103 Mobile Safari/537.36 (compatible; Googlebot/2.1; +http://www.google.com/bot.html)"
66.249.73.131 - - [20/Jul/2025:16:31:34 +0000] "GET /shopdetail/1093572026.shtml HTTP/1.1" 200 19015 "-" "Mozilla/5.0 (Linux; Android 6.0.1; Nexus 5X Build/MMB29P) AppleWebKit/537.36 (KHTML, like Gecko) Chrome/137.0.7151.103 Mobile Safari/537.36 (compatible; Googlebot/2.1; +http://www.google.com/bot.html)"
66.249.73.131 - - [20/Jul/2025:16:31:37 +0000] "GET /shopdetail/1093573144.shtml HTTP/1.1" 200 19276 "-" "Mozilla/5.0 (Linux; Android 6.0.1; Nexus 5X Build/MMB29P) AppleWebKit/537.36 (KHTML, like Gecko) Chrome/137.0.7151.103 Mobile Safari/537.36 (compatible; Googlebot/2.1; +http://www.google.com/bot.html)"
66.249.73.131 - - [20/Jul/2025:16:31:40 +0000] "GET /shopdetail/1093557304.shtml HTTP/1.1" 200 19476 "-" "Mozilla/5.0 (Linux; Android 6.0.1; Nexus 5X Build/MMB29P) AppleWebKit/537.36 (KHTML, like Gecko) Chrome/137.0.7151.103 Mobile Safari/537.36 (compatible; Googlebot/2.1; +http://www.google.com/bot.html)"
66.249.73.131 - - [20/Jul/2025:16:31:43 +0000] "GET /shopdetail/1093315760.shtml HTTP/1.1" 200 18625 "-" "Mozilla/5.0 (Linux; Android 6.0.1; Nexus 5X Build/MMB29P) AppleWebKit/537.36 (KHTML, like Gecko) Chrome/137.0.7151.103 Mobile Safari/537.36 (compatible; Googlebot/2.1; +http://www.google.com/bot.html)"
66.249.73.131 - - [20/Jul/2025:16:31:46 +0000] "GET /shopdetail/1093312330.shtml HTTP/1.1" 200 20253 "-" "Mozilla/5.0 (Linux; Android 6.0.1; Nexus 5X Build/MMB29P) AppleWebKit/537.36 (KHTML, like Gecko) Chrome/137.0.7151.103 Mobile Safari/537.36 (compatible; Googlebot/2.1; +http://www.google.com/bot.html)"
66.249.73.131 - - [20/Jul/2025:16:31:49 +0000] "GET /shopdetail/1093291870.shtml HTTP/1.1" 200 19171 "-" "Mozilla/5.0 (Linux; Android 6.0.1; Nexus 5X Build/MMB29P) AppleWebKit/537.36 (KHTML, like Gecko) Chrome/137.0.7151.103 Mobile Safari/537.36 (compatible; Googlebot/2.1; +http://www.google.com/bot.html)"
66.249.73.131 - - [20/Jul/2025:16:31:52 +0000] "GET /shopdetail/1093266730.shtml HTTP/1.1" 200 21464 "-" "Mozilla/5.0 (Linux; Android 6.0.1; Nexus 5X Build/MMB29P) AppleWebKit/537.36 (KHTML, like Gecko) Chrome/137.0.7151.103 Mobile Safari/537.36 (compatible; Googlebot/2.1; +http://www.google.com/bot.html)"
66.249.73.131 - - [20/Jul/2025:16:31:55 +0000] "GET /shopdetail/2215416338.shtml HTTP/1.1" 200 20817 "-" "Mozilla/5.0 (Linux; Android 6.0.1; Nexus 5X Build/MMB29P) AppleWebKit/537.36 (KHTML, like Gecko) Chrome/137.0.7151.103 Mobile Safari/537.36 (compatible; Googlebot/2.1; +http://www.google.com/bot.html)"
66.249.73.131 - - [20/Jul/2025:16:31:58 +0000] "GET /shopdetail/2215401616.shtml HTTP/1.1" 200 22573 "-" "Mozilla/5.0 (Linux; Android 6.0.1; Nexus 5X Build/MMB29P) AppleWebKit/537.36 (KHTML, like Gecko) Chrome/137.0.7151.103 Mobile Safari/537.36 (compatible; Googlebot/2.1; +http://www.google.com/bot.html)"
66.249.73.128 - - [20/Jul/2025:16:32:01 +0000] "GET /shopdetail/2215400498.shtml HTTP/1.1" 200 20302 "-" "Mozilla/5.0 (Linux; Android 6.0.1; Nexus 5X Build/MMB29P) AppleWebKit/537.36 (KHTML, like Gecko) Chrome/137.0.7151.103 Mobile Safari/537.36 (compatible; Googlebot/2.1; +http://www.google.com/bot.html)"
66.249.73.132 - - [20/Jul/2025:16:32:02 +0000] "POST /get-message-notify HTTP/1.1" 200 18672 "https://cartel.express/shopdetail/1093572026.shtml" "Mozilla/5.0 (Linux; Android 6.0.1; Nexus 5X Build/MMB29P) AppleWebKit/537.36 (KHTML, like Gecko) Chrome/137.0.7151.119 Mobile Safari/537.36 (compatible; Googlebot/2.1; +http://www.google.com/bot.html)"
66.249.73.131 - - [20/Jul/2025:16:32:04 +0000] "GET /shopdetail/2215399500.shtml HTTP/1.1" 200 21685 "-" "Mozilla/5.0 (Linux; Android 6.0.1; Nexus 5X Build/MMB29P) AppleWebKit/537.36 (KHTML, like Gecko) Chrome/137.0.7151.103 Mobile Safari/537.36 (compatible; Googlebot/2.1; +http://www.google.com/bot.html)"
66.249.73.132 - - [20/Jul/2025:16:32:06 +0000] "POST /get-message-notify HTTP/1.1" 200 18672 "https://cartel.express/shopdetail/2215399500.shtml" "Mozilla/5.0 (Linux; Android 6.0.1; Nexus 5X Build/MMB29P) AppleWebKit/537.36 (KHTML, like Gecko) Chrome/137.0.7151.119 Mobile Safari/537.36 (compatible; Googlebot/2.1; +http://www.google.com/bot.html)"
66.249.73.132 - - [20/Jul/2025:16:32:09 +0000] "GET /safe_search/config?return_url=%2Fproduct%2Fdetail%2FC4269652881 HTTP/1.1" 200 21001 "-" "Mozilla/5.0 (Linux; Android 6.0.1; Nexus 5X Build/MMB29P) AppleWebKit/537.36 (KHTML, like Gecko) Chrome/137.0.7151.103 Mobile Safari/537.36 (compatible; Googlebot/2.1; +http://www.google.com/bot.html)"
66.249.73.131 - - [20/Jul/2025:16:32:11 +0000] "GET /shopdetail/1420726940.shtml HTTP/1.1" 200 22912 "-" "Mozilla/5.0 (Linux; Android 6.0.1; Nexus 5X Build/MMB29P) AppleWebKit/537.36 (KHTML, like Gecko) Chrome/137.0.7151.103 Mobile Safari/537.36 (compatible; Googlebot/2.1; +http://www.google.com/bot.html)"
66.249.73.131 - - [20/Jul/2025:16:32:14 +0000] "GET /shopdetail/1420733932.shtml HTTP/1.1" 200 18688 "-" "Mozilla/5.0 (Linux; Android 6.0.1; Nexus 5X Build/MMB29P) AppleWebKit/537.36 (KHTML, like Gecko) Chrome/137.0.7151.103 Mobile Safari/537.36 (compatible; Googlebot/2.1; +http://www.google.com/bot.html)"
66.249.73.131 - - [20/Jul/2025:16:32:16 +0000] "POST /get-message-notify HTTP/1.1" 200 18672 "https://cartel.express/shopdetail/1420726940.shtml" "Mozilla/5.0 (Linux; Android 6.0.1; Nexus 5X Build/MMB29P) AppleWebKit/537.36 (KHTML, like Gecko) Chrome/137.0.7151.119 Mobile Safari/537.36 (compatible; Googlebot/2.1; +http://www.google.com/bot.html)"
66.249.73.131 - - [20/Jul/2025:16:32:18 +0000] "GET /shopdetail/1420675794.shtml HTTP/1.1" 200 18675 "-" "Mozilla/5.0 (Linux; Android 6.0.1; Nexus 5X Build/MMB29P) AppleWebKit/537.36 (KHTML, like Gecko) Chrome/137.0.7151.103 Mobile Safari/537.36 (compatible; Googlebot/2.1; +http://www.google.com/bot.html)"
66.249.73.131 - - [20/Jul/2025:16:32:19 +0000] "GET /shopdetail/506602360.shtml HTTP/1.1" 200 18522 "-" "Mozilla/5.0 (Linux; Android 6.0.1; Nexus 5X Build/MMB29P) AppleWebKit/537.36 (KHTML, like Gecko) Chrome/137.0.7151.103 Mobile Safari/537.36 (compatible; Googlebot/2.1; +http://www.google.com/bot.html)"
66.249.73.131 - - [20/Jul/2025:16:32:21 +0000] "GET /shopdetail/859568916.shtml HTTP/1.1" 200 19914 "-" "Mozilla/5.0 (Linux; Android 6.0.1; Nexus 5X Build/MMB29P) AppleWebKit/537.36 (KHTML, like Gecko) Chrome/137.0.7151.103 Mobile Safari/537.36 (compatible; Googlebot/2.1; +http://www.google.com/bot.html)"
66.249.73.131 - - [20/Jul/2025:16:32:22 +0000] "POST /get-message-notify HTTP/1.1" 200 18672 "https://cartel.express/shopdetail/506602360.shtml" "Mozilla/5.0 (Linux; Android 6.0.1; Nexus 5X Build/MMB29P) AppleWebKit/537.36 (KHTML, like Gecko) Chrome/137.0.7151.119 Mobile Safari/537.36 (compatible; Googlebot/2.1; +http://www.google.com/bot.html)"
66.249.73.131 - - [20/Jul/2025:16:32:24 +0000] "GET /shopdetail/859572546.shtml HTTP/1.1" 200 19200 "-" "Mozilla/5.0 (Linux; Android 6.0.1; Nexus 5X Build/MMB29P) AppleWebKit/537.36 (KHTML, like Gecko) Chrome/137.0.7151.103 Mobile Safari/537.36 (compatible; Googlebot/2.1; +http://www.google.com/bot.html)"
66.249.73.131 - - [20/Jul/2025:16:32:27 +0000] "POST /get-message-notify HTTP/1.1" 200 18672 "https://cartel.express/shopdetail/859572546.shtml" "Mozilla/5.0 (Linux; Android 6.0.1; Nexus 5X Build/MMB29P) AppleWebKit/537.36 (KHTML, like Gecko) Chrome/137.0.7151.119 Mobile Safari/537.36 (compatible; Googlebot/2.1; +http://www.google.com/bot.html)"
66.249.73.131 - - [20/Jul/2025:16:32:27 +0000] "GET /shopdetail/859580396.shtml HTTP/1.1" 200 19855 "-" "Mozilla/5.0 (Linux; Android 6.0.1; Nexus 5X Build/MMB29P) AppleWebKit/537.36 (KHTML, like Gecko) Chrome/137.0.7151.103 Mobile Safari/537.36 (compatible; Googlebot/2.1; +http://www.google.com/bot.html)"
66.249.73.131 - - [20/Jul/2025:16:32:33 +0000] "GET /shopdetail/506624014.shtml HTTP/1.1" 200 19698 "-" "Mozilla/5.0 (Linux; Android 6.0.1; Nexus 5X Build/MMB29P) AppleWebKit/537.36 (KHTML, like Gecko) Chrome/137.0.7151.103 Mobile Safari/537.36 (compatible; Googlebot/2.1; +http://www.google.com/bot.html)"
66.249.73.131 - - [20/Jul/2025:16:32:35 +0000] "GET /shopdetail/506608106.shtml HTTP/1.1" 200 19892 "-" "Mozilla/5.0 (Linux; Android 6.0.1; Nexus 5X Build/MMB29P) AppleWebKit/537.36 (KHTML, like Gecko) Chrome/137.0.7151.103 Mobile Safari/537.36 (compatible; Googlebot/2.1; +http://www.google.com/bot.html)"
66.249.73.132 - - [20/Jul/2025:16:32:36 +0000] "POST /get-message-notify HTTP/1.1" 200 18672 "https://cartel.express/shopdetail/506624014.shtml" "Mozilla/5.0 (Linux; Android 6.0.1; Nexus 5X Build/MMB29P) AppleWebKit/537.36 (KHTML, like Gecko) Chrome/137.0.7151.119 Mobile Safari/537.36 (compatible; Googlebot/2.1; +http://www.google.com/bot.html)"
66.249.73.131 - - [20/Jul/2025:16:32:38 +0000] "POST /get-message-notify HTTP/1.1" 200 18672 "https://cartel.express/shopdetail/1420675794.shtml" "Mozilla/5.0 (Linux; Android 6.0.1; Nexus 5X Build/MMB29P) AppleWebKit/537.36 (KHTML, like Gecko) Chrome/137.0.7151.119 Mobile Safari/537.36 (compatible; Googlebot/2.1; +http://www.google.com/bot.html)"
66.249.73.131 - - [20/Jul/2025:16:32:38 +0000] "GET /shopdetail/859579150.shtml HTTP/1.1" 200 19365 "-" "Mozilla/5.0 (Linux; Android 6.0.1; Nexus 5X Build/MMB29P) AppleWebKit/537.36 (KHTML, like Gecko) Chrome/137.0.7151.103 Mobile Safari/537.36 (compatible; Googlebot/2.1; +http://www.google.com/bot.html)"
66.249.73.132 - - [20/Jul/2025:16:32:39 +0000] "GET /shopdetail/506572924.shtml HTTP/1.1" 200 18616 "-" "Mozilla/5.0 (Linux; Android 6.0.1; Nexus 5X Build/MMB29P) AppleWebKit/537.36 (KHTML, like Gecko) Chrome/137.0.7151.103 Mobile Safari/537.36 (compatible; Googlebot/2.1; +http://www.google.com/bot.html)"
66.249.73.131 - - [20/Jul/2025:16:32:42 +0000] "GET /shopdetail/506617150.shtml HTTP/1.1" 200 18282 "-" "Mozilla/5.0 (Linux; Android 6.0.1; Nexus 5X Build/MMB29P) AppleWebKit/537.36 (KHTML, like Gecko) Chrome/137.0.7151.103 Mobile Safari/537.36 (compatible; Googlebot/2.1; +http://www.google.com/bot.html)"
66.249.73.131 - - [20/Jul/2025:16:32:48 +0000] "GET /shopdetail/506605734.shtml HTTP/1.1" 200 18378 "-" "Mozilla/5.0 (Linux; Android 6.0.1; Nexus 5X Build/MMB29P) AppleWebKit/537.36 (KHTML, like Gecko) Chrome/137.0.7151.103 Mobile Safari/537.36 (compatible; Googlebot/2.1; +http://www.google.com/bot.html)"
66.249.73.132 - - [20/Jul/2025:16:32:50 +0000] "POST /get-message-notify HTTP/1.1" 200 18672 "https://cartel.express/shopdetail/506605734.shtml" "Mozilla/5.0 (Linux; Android 6.0.1; Nexus 5X Build/MMB29P) AppleWebKit/537.36 (KHTML, like Gecko) Chrome/137.0.7151.119 Mobile Safari/537.36 (compatible; Googlebot/2.1; +http://www.google.com/bot.html)"
66.249.73.132 - - [20/Jul/2025:16:32:50 +0000] "GET /shopdetail/506619458.shtml HTTP/1.1" 200 19713 "-" "Mozilla/5.0 (Linux; Android 6.0.1; Nexus 5X Build/MMB29P) AppleWebKit/537.36 (KHTML, like Gecko) Chrome/137.0.7151.103 Mobile Safari/537.36 (compatible; Googlebot/2.1; +http://www.google.com/bot.html)"
66.249.73.131 - - [20/Jul/2025:16:32:53 +0000] "GET /shopdetail/859562312.shtml HTTP/1.1" 200 20393 "-" "Mozilla/5.0 (Linux; Android 6.0.1; Nexus 5X Build/MMB29P) AppleWebKit/537.36 (KHTML, like Gecko) Chrome/137.0.7151.103 Mobile Safari/537.36 (compatible; Googlebot/2.1; +http://www.google.com/bot.html)"
66.249.73.132 - - [20/Jul/2025:16:32:56 +0000] "GET /shopdetail/506578346.shtml HTTP/1.1" 200 18539 "-" "Mozilla/5.0 (Linux; Android 6.0.1; Nexus 5X Build/MMB29P) AppleWebKit/537.36 (KHTML, like Gecko) Chrome/137.0.7151.103 Mobile Safari/537.36 (compatible; Googlebot/2.1; +http://www.google.com/bot.html)"
66.249.73.131 - - [20/Jul/2025:16:32:59 +0000] "GET /shopdetail/506573726.shtml HTTP/1.1" 200 18444 "-" "Mozilla/5.0 (Linux; Android 6.0.1; Nexus 5X Build/MMB29P) AppleWebKit/537.36 (KHTML, like Gecko) Chrome/137.0.7151.103 Mobile Safari/537.36 (compatible; Googlebot/2.1; +http://www.google.com/bot.html)"
66.249.73.131 - - [20/Jul/2025:16:33:02 +0000] "GET /shopdetail/506582834.shtml HTTP/1.1" 200 18773 "-" "Mozilla/5.0 (Linux; Android 6.0.1; Nexus 5X Build/MMB29P) AppleWebKit/537.36 (KHTML, like Gecko) Chrome/137.0.7151.103 Mobile Safari/537.36 (compatible; Googlebot/2.1; +http://www.google.com/bot.html)"
66.249.73.131 - - [20/Jul/2025:16:33:04 +0000] "GET /shopdetail/506588764.shtml HTTP/1.1" 200 19863 "-" "Mozilla/5.0 (Linux; Android 6.0.1; Nexus 5X Build/MMB29P) AppleWebKit/537.36 (KHTML, like Gecko) Chrome/137.0.7151.103 Mobile Safari/537.36 (compatible; Googlebot/2.1; +http://www.google.com/bot.html)"
66.249.73.131 - - [20/Jul/2025:16:33:07 +0000] "GET /shopdetail/859570238.shtml HTTP/1.1" 200 19986 "-" "Mozilla/5.0 (Linux; Android 6.0.1; Nexus 5X Build/MMB29P) AppleWebKit/537.36 (KHTML, like Gecko) Chrome/137.0.7151.103 Mobile Safari/537.36 (compatible; Googlebot/2.1; +http://www.google.com/bot.html)"
66.249.73.131 - - [20/Jul/2025:16:33:10 +0000] "GET /shopdetail/859564428.shtml HTTP/1.1" 200 20068 "-" "Mozilla/5.0 (Linux; Android 6.0.1; Nexus 5X Build/MMB29P) AppleWebKit/537.36 (KHTML, like Gecko) Chrome/137.0.7151.103 Mobile Safari/537.36 (compatible; Googlebot/2.1; +http://www.google.com/bot.html)"
66.249.73.131 - - [20/Jul/2025:16:33:13 +0000] "GET /shopdetail/506611340.shtml HTTP/1.1" 200 19381 "-" "Mozilla/5.0 (Linux; Android 6.0.1; Nexus 5X Build/MMB29P) AppleWebKit/537.36 (KHTML, like Gecko) Chrome/137.0.7151.103 Mobile Safari/537.36 (compatible; Googlebot/2.1; +http://www.google.com/bot.html)"
66.249.73.131 - - [20/Jul/2025:16:33:17 +0000] "GET /shopdetail/859570170.shtml HTTP/1.1" 200 18487 "-" "Mozilla/5.0 (Linux; Android 6.0.1; Nexus 5X Build/MMB29P) AppleWebKit/537.36 (KHTML, like Gecko) Chrome/137.0.7151.103 Mobile Safari/537.36 (compatible; Googlebot/2.1; +http://www.google.com/bot.html)"
66.249.73.131 - - [20/Jul/2025:16:33:20 +0000] "GET /shopdetail/859560870.shtml HTTP/1.1" 200 21083 "-" "Mozilla/5.0 (Linux; Android 6.0.1; Nexus 5X Build/MMB29P) AppleWebKit/537.36 (KHTML, like Gecko) Chrome/137.0.7151.103 Mobile Safari/537.36 (compatible; Googlebot/2.1; +http://www.google.com/bot.html)"
66.249.73.131 - - [20/Jul/2025:16:33:21 +0000] "POST /get-message-notify HTTP/1.1" 200 18672 "https://cartel.express/shopdetail/859579150.shtml" "Mozilla/5.0 (Linux; Android 6.0.1; Nexus 5X Build/MMB29P) AppleWebKit/537.36 (KHTML, like Gecko) Chrome/137.0.7151.119 Mobile Safari/537.36 (compatible; Googlebot/2.1; +http://www.google.com/bot.html)"
66.249.73.131 - - [20/Jul/2025:16:33:21 +0000] "GET /shopdetail/506579464.shtml HTTP/1.1" 200 18756 "-" "Mozilla/5.0 (Linux; Android 6.0.1; Nexus 5X Build/MMB29P) AppleWebKit/537.36 (KHTML, like Gecko) Chrome/137.0.7151.103 Mobile Safari/537.36 (compatible; Googlebot/2.1; +http://www.google.com/bot.html)"
66.249.73.131 - - [20/Jul/2025:16:33:24 +0000] "GET /shopdetail/859563310.shtml HTTP/1.1" 200 19430 "-" "Mozilla/5.0 (Linux; Android 6.0.1; Nexus 5X Build/MMB29P) AppleWebKit/537.36 (KHTML, like Gecko) Chrome/137.0.7151.103 Mobile Safari/537.36 (compatible; Googlebot/2.1; +http://www.google.com/bot.html)"
66.249.73.131 - - [20/Jul/2025:16:33:29 +0000] "GET /shopdetail/859559940.shtml HTTP/1.1" 200 21400 "-" "Mozilla/5.0 (Linux; Android 6.0.1; Nexus 5X Build/MMB29P) AppleWebKit/537.36 (KHTML, like Gecko) Chrome/137.0.7151.103 Mobile Safari/537.36 (compatible; Googlebot/2.1; +http://www.google.com/bot.html)"
66.249.73.131 - - [20/Jul/2025:16:33:30 +0000] "GET /shopdetail/506624936.shtml HTTP/1.1" 200 18004 "-" "Mozilla/5.0 (Linux; Android 6.0.1; Nexus 5X Build/MMB29P) AppleWebKit/537.36 (KHTML, like Gecko) Chrome/137.0.7151.103 Mobile Safari/537.36 (compatible; Googlebot/2.1; +http://www.google.com/bot.html)"
66.249.73.131 - - [20/Jul/2025:16:33:33 +0000] "GET /shopdetail/506568112.shtml HTTP/1.1" 200 18400 "-" "Mozilla/5.0 (Linux; Android 6.0.1; Nexus 5X Build/MMB29P) AppleWebKit/537.36 (KHTML, like Gecko) Chrome/137.0.7151.103 Mobile Safari/537.36 (compatible; Googlebot/2.1; +http://www.google.com/bot.html)"
66.249.73.131 - - [20/Jul/2025:16:33:36 +0000] "GET /shopdetail/859559872.shtml HTTP/1.1" 200 18995 "-" "Mozilla/5.0 (Linux; Android 6.0.1; Nexus 5X Build/MMB29P) AppleWebKit/537.36 (KHTML, like Gecko) Chrome/137.0.7151.103 Mobile Safari/537.36 (compatible; Googlebot/2.1; +http://www.google.com/bot.html)"
66.249.73.131 - - [20/Jul/2025:16:33:39 +0000] "GET /shopdetail/859558754.shtml HTTP/1.1" 200 19477 "-" "Mozilla/5.0 (Linux; Android 6.0.1; Nexus 5X Build/MMB29P) AppleWebKit/537.36 (KHTML, like Gecko) Chrome/137.0.7151.103 Mobile Safari/537.36 (compatible; Googlebot/2.1; +http://www.google.com/bot.html)"
66.249.73.131 - - [20/Jul/2025:16:33:42 +0000] "GET /shopdetail/506621574.shtml HTTP/1.1" 200 18665 "-" "Mozilla/5.0 (Linux; Android 6.0.1; Nexus 5X Build/MMB29P) AppleWebKit/537.36 (KHTML, like Gecko) Chrome/137.0.7151.103 Mobile Safari/537.36 (compatible; Googlebot/2.1; +http://www.google.com/bot.html)"
66.249.73.132 - - [20/Jul/2025:16:33:45 +0000] "GET /shopdetail/859569240.shtml HTTP/1.1" 200 18934 "-" "Mozilla/5.0 (Linux; Android 6.0.1; Nexus 5X Build/MMB29P) AppleWebKit/537.36 (KHTML, like Gecko) Chrome/137.0.7151.103 Mobile Safari/537.36 (compatible; Googlebot/2.1; +http://www.google.com/bot.html)"
66.249.73.131 - - [20/Jul/2025:16:33:48 +0000] "GET /shopdetail/506643216.shtml HTTP/1.1" 200 18749 "-" "Mozilla/5.0 (Linux; Android 6.0.1; Nexus 5X Build/MMB29P) AppleWebKit/537.36 (KHTML, like Gecko) Chrome/137.0.7151.103 Mobile Safari/537.36 (compatible; Googlebot/2.1; +http://www.google.com/bot.html)"
66.249.73.132 - - [20/Jul/2025:16:33:48 +0000] "POST /get-message-notify HTTP/1.1" 200 18672 "https://cartel.express/shopdetail/859569240.shtml" "Mozilla/5.0 (Linux; Android 6.0.1; Nexus 5X Build/MMB29P) AppleWebKit/537.36 (KHTML, like Gecko) Chrome/137.0.7151.119 Mobile Safari/537.36 (compatible; Googlebot/2.1; +http://www.google.com/bot.html)"
66.249.73.132 - - [20/Jul/2025:16:33:51 +0000] "GET /shopdetail/859579474.shtml HTTP/1.1" 200 20136 "-" "Mozilla/5.0 (Linux; Android 6.0.1; Nexus 5X Build/MMB29P) AppleWebKit/537.36 (KHTML, like Gecko) Chrome/137.0.7151.103 Mobile Safari/537.36 (compatible; Googlebot/2.1; +http://www.google.com/bot.html)"
66.249.73.131 - - [20/Jul/2025:16:33:51 +0000] "POST /get-message-notify HTTP/1.1" 200 18672 "https://cartel.express/shopdetail/506611340.shtml" "Mozilla/5.0 (Linux; Android 6.0.1; Nexus 5X Build/MMB29P) AppleWebKit/537.36 (KHTML, like Gecko) Chrome/137.0.7151.119 Mobile Safari/537.36 (compatible; Googlebot/2.1; +http://www.google.com/bot.html)"
66.249.73.132 - - [20/Jul/2025:16:33:54 +0000] "GET /shopdetail/859566800.shtml HTTP/1.1" 200 18584 "-" "Mozilla/5.0 (Linux; Android 6.0.1; Nexus 5X Build/MMB29P) AppleWebKit/537.36 (KHTML, like Gecko) Chrome/137.0.7151.103 Mobile Safari/537.36 (compatible; Googlebot/2.1; +http://www.google.com/bot.html)"
66.249.73.131 - - [20/Jul/2025:16:33:57 +0000] "GET /shopdetail/859573536.shtml HTTP/1.1" 200 21241 "-" "Mozilla/5.0 (Linux; Android 6.0.1; Nexus 5X Build/MMB29P) AppleWebKit/537.36 (KHTML, like Gecko) Chrome/137.0.7151.103 Mobile Safari/537.36 (compatible; Googlebot/2.1; +http://www.google.com/bot.html)"
66.249.73.132 - - [20/Jul/2025:16:33:59 +0000] "POST /get-message-notify HTTP/1.1" 200 18672 "https://cartel.express/shopdetail/859573536.shtml" "Mozilla/5.0 (Linux; Android 6.0.1; Nexus 5X Build/MMB29P) AppleWebKit/537.36 (KHTML, like Gecko) Chrome/137.0.7151.119 Mobile Safari/537.36 (compatible; Googlebot/2.1; +http://www.google.com/bot.html)"
66.249.73.132 - - [20/Jul/2025:16:34:00 +0000] "GET /shopdetail/859567798.shtml HTTP/1.1" 200 18338 "-" "Mozilla/5.0 (Linux; Android 6.0.1; Nexus 5X Build/MMB29P) AppleWebKit/537.36 (KHTML, like Gecko) Chrome/137.0.7151.103 Mobile Safari/537.36 (compatible; Googlebot/2.1; +http://www.google.com/bot.html)"
66.249.73.131 - - [20/Jul/2025:16:34:03 +0000] "GET /shopdetail/53916754.shtml HTTP/1.1" 200 17970 "-" "Mozilla/5.0 (Linux; Android 6.0.1; Nexus 5X Build/MMB29P) AppleWebKit/537.36 (KHTML, like Gecko) Chrome/137.0.7151.103 Mobile Safari/537.36 (compatible; Googlebot/2.1; +http://www.google.com/bot.html)"
66.249.73.131 - - [20/Jul/2025:16:34:06 +0000] "GET /shopdetail/53906520.shtml HTTP/1.1" 200 18270 "-" "Mozilla/5.0 (Linux; Android 6.0.1; Nexus 5X Build/MMB29P) AppleWebKit/537.36 (KHTML, like Gecko) Chrome/137.0.7151.103 Mobile Safari/537.36 (compatible; Googlebot/2.1; +http://www.google.com/bot.html)"
66.249.73.131 - - [20/Jul/2025:16:34:11 +0000] "GET /shopdetail/53913188.shtml HTTP/1.1" 200 18741 "-" "Mozilla/5.0 (Linux; Android 6.0.1; Nexus 5X Build/MMB29P) AppleWebKit/537.36 (KHTML, like Gecko) Chrome/137.0.7151.103 Mobile Safari/537.36 (compatible; Googlebot/2.1; +http://www.google.com/bot.html)"
66.249.73.131 - - [20/Jul/2025:16:34:12 +0000] "GET /shopdetail/53907518.shtml HTTP/1.1" 200 19386 "-" "Mozilla/5.0 (Linux; Android 6.0.1; Nexus 5X Build/MMB29P) AppleWebKit/537.36 (KHTML, like Gecko) Chrome/137.0.7151.103 Mobile Safari/537.36 (compatible; Googlebot/2.1; +http://www.google.com/bot.html)"
66.249.73.131 - - [20/Jul/2025:16:34:15 +0000] "GET /shopdetail/53915304.shtml HTTP/1.1" 200 18377 "-" "Mozilla/5.0 (Linux; Android 6.0.1; Nexus 5X Build/MMB29P) AppleWebKit/537.36 (KHTML, like Gecko) Chrome/137.0.7151.103 Mobile Safari/537.36 (compatible; Googlebot/2.1; +http://www.google.com/bot.html)"
66.249.73.131 - - [20/Jul/2025:16:34:17 +0000] "GET /shopdetail/53917744.shtml HTTP/1.1" 200 18647 "-" "Mozilla/5.0 (Linux; Android 6.0.1; Nexus 5X Build/MMB29P) AppleWebKit/537.36 (KHTML, like Gecko) Chrome/137.0.7151.103 Mobile Safari/537.36 (compatible; Googlebot/2.1; +http://www.google.com/bot.html)"
66.249.73.131 - - [20/Jul/2025:16:34:20 +0000] "GET /shopdetail/53909826.shtml HTTP/1.1" 200 18756 "-" "Mozilla/5.0 (Linux; Android 6.0.1; Nexus 5X Build/MMB29P) AppleWebKit/537.36 (KHTML, like Gecko) Chrome/137.0.7151.103 Mobile Safari/537.36 (compatible; Googlebot/2.1; +http://www.google.com/bot.html)"
66.249.73.131 - - [20/Jul/2025:16:34:21 +0000] "POST /get-message-notify HTTP/1.1" 200 18672 "https://cartel.express/shopdetail/53917744.shtml" "Mozilla/5.0 (Linux; Android 6.0.1; Nexus 5X Build/MMB29P) AppleWebKit/537.36 (KHTML, like Gecko) Chrome/137.0.7151.119 Mobile Safari/537.36 (compatible; Googlebot/2.1; +http://www.google.com/bot.html)"
66.249.73.131 - - [20/Jul/2025:16:34:23 +0000] "GET /shopdetail/2590284266.shtml HTTP/1.1" 200 21500 "-" "Mozilla/5.0 (Linux; Android 6.0.1; Nexus 5X Build/MMB29P) AppleWebKit/537.36 (KHTML, like Gecko) Chrome/137.0.7151.103 Mobile Safari/537.36 (compatible; Googlebot/2.1; +http://www.google.com/bot.html)"
66.249.73.131 - - [20/Jul/2025:16:34:24 +0000] "POST /get-message-notify HTTP/1.1" 200 18672 "https://cartel.express/shopdetail/53909826.shtml" "Mozilla/5.0 (Linux; Android 6.0.1; Nexus 5X Build/MMB29P) AppleWebKit/537.36 (KHTML, like Gecko) Chrome/137.0.7151.119 Mobile Safari/537.36 (compatible; Googlebot/2.1; +http://www.google.com/bot.html)"
66.249.73.131 - - [20/Jul/2025:16:34:26 +0000] "GET /shopdetail/2590276148.shtml HTTP/1.1" 200 21472 "-" "Mozilla/5.0 (Linux; Android 6.0.1; Nexus 5X Build/MMB29P) AppleWebKit/537.36 (KHTML, like Gecko) Chrome/137.0.7151.103 Mobile Safari/537.36 (compatible; Googlebot/2.1; +http://www.google.com/bot.html)"
66.249.73.131 - - [20/Jul/2025:16:34:29 +0000] "GET /shopdetail/2590275158.shtml HTTP/1.1" 200 21554 "-" "Mozilla/5.0 (Linux; Android 6.0.1; Nexus 5X Build/MMB29P) AppleWebKit/537.36 (KHTML, like Gecko) Chrome/137.0.7151.103 Mobile Safari/537.36 (compatible; Googlebot/2.1; +http://www.google.com/bot.html)"
66.249.73.131 - - [20/Jul/2025:16:34:32 +0000] "POST /get-message-notify HTTP/1.1" 200 18672 "https://cartel.express/shopdetail/2590275158.shtml" "Mozilla/5.0 (Linux; Android 6.0.1; Nexus 5X Build/MMB29P) AppleWebKit/537.36 (KHTML, like Gecko) Chrome/137.0.7151.119 Mobile Safari/537.36 (compatible; Googlebot/2.1; +http://www.google.com/bot.html)"
66.249.73.131 - - [20/Jul/2025:16:34:32 +0000] "GET /shopdetail/2590320698.shtml HTTP/1.1" 200 19963 "-" "Mozilla/5.0 (Linux; Android 6.0.1; Nexus 5X Build/MMB29P) AppleWebKit/537.36 (KHTML, like Gecko) Chrome/137.0.7151.103 Mobile Safari/537.36 (compatible; Googlebot/2.1; +http://www.google.com/bot.html)"
66.249.73.131 - - [20/Jul/2025:16:34:33 +0000] "GET /shopdetail/1218876.shtml HTTP/1.1" 200 19159 "-" "Mozilla/5.0 (compatible; Googlebot/2.1; +http://www.google.com/bot.html)"
66.249.73.131 - - [20/Jul/2025:16:34:35 +0000] "GET /shopdetail/2590309150.shtml HTTP/1.1" 200 20839 "-" "Mozilla/5.0 (Linux; Android 6.0.1; Nexus 5X Build/MMB29P) AppleWebKit/537.36 (KHTML, like Gecko) Chrome/137.0.7151.103 Mobile Safari/537.36 (compatible; Googlebot/2.1; +http://www.google.com/bot.html)"
66.249.73.132 - - [20/Jul/2025:16:34:37 +0000] "POST /get-message-notify HTTP/1.1" 200 18672 "https://cartel.express/shopdetail/2590276148.shtml" "Mozilla/5.0 (Linux; Android 6.0.1; Nexus 5X Build/MMB29P) AppleWebKit/537.36 (KHTML, like Gecko) Chrome/137.0.7151.119 Mobile Safari/537.36 (compatible; Googlebot/2.1; +http://www.google.com/bot.html)"
66.249.73.131 - - [20/Jul/2025:16:34:38 +0000] "GET /shopdetail/2590289872.shtml HTTP/1.1" 200 21749 "-" "Mozilla/5.0 (Linux; Android 6.0.1; Nexus 5X Build/MMB29P) AppleWebKit/537.36 (KHTML, like Gecko) Chrome/137.0.7151.103 Mobile Safari/537.36 (compatible; Googlebot/2.1; +http://www.google.com/bot.html)"
66.249.73.132 - - [20/Jul/2025:16:34:41 +0000] "POST /get-message-notify HTTP/1.1" 200 18672 "https://cartel.express/shopdetail/53907518.shtml" "Mozilla/5.0 (Linux; Android 6.0.1; Nexus 5X Build/MMB29P) AppleWebKit/537.36 (KHTML, like Gecko) Chrome/137.0.7151.119 Mobile Safari/537.36 (compatible; Googlebot/2.1; +http://www.google.com/bot.html)"
