Current File : /home/kelaby89/access-logs/game-gainz.com.sixpack.studio
66.249.79.64 - - [20/Jul/2025:12:10:55 +0000] "GET /?f=5132096001370&mod=e6e9099e&uri=itm.php?item/2848004.shtml HTTP/1.1" 200 20117 "-" "Mozilla/5.0 (compatible; Googlebot/2.1; +http://www.google.com/bot.html)"
66.249.79.66 - - [20/Jul/2025:12:13:31 +0000] "GET /?f=5344599011370&mod=aebb462e&uri=form.php?item/1350250534.shtml HTTP/1.1" 200 20271 "-" "Mozilla/5.0 (compatible; Googlebot/2.1; +http://www.google.com/bot.html)"
66.249.79.65 - - [20/Jul/2025:12:13:31 +0000] "GET /?f=5518564051370&mod=6f39194d&uri=us.php?item/52395720.shtml HTTP/1.1" 200 20132 "-" "Mozilla/5.0 (Linux; Android 6.0.1; Nexus 5X Build/MMB29P) AppleWebKit/537.36 (KHTML, like Gecko) Chrome/137.0.7151.103 Mobile Safari/537.36 (compatible; Googlebot/2.1; +http://www.google.com/bot.html)"
66.249.79.64 - - [20/Jul/2025:12:17:04 +0000] "GET /index.php/item/4326013/ HTTP/1.1" 200 20036 "-" "Mozilla/5.0 (compatible; Googlebot/2.1; +http://www.google.com/bot.html)"
66.249.79.64 - - [20/Jul/2025:12:17:09 +0000] "GET /index.php/item/1875540/ HTTP/1.1" 200 20328 "-" "Mozilla/5.0 (Linux; Android 6.0.1; Nexus 5X Build/MMB29P) AppleWebKit/537.36 (KHTML, like Gecko) Chrome/137.0.7151.103 Mobile Safari/537.36 (compatible; Googlebot/2.1; +http://www.google.com/bot.html)"
66.249.79.65 - - [20/Jul/2025:12:22:05 +0000] "GET /index.php/item/4488255/ HTTP/1.1" 200 19774 "-" "Mozilla/5.0 (compatible; Googlebot/2.1; +http://www.google.com/bot.html)"
66.249.79.64 - - [20/Jul/2025:12:22:49 +0000] "GET /?f=5330409061370&mod=f3a3d61b&uri=info.php?item/1252361746.shtml HTTP/1.1" 200 20974 "-" "Mozilla/5.0 (compatible; Googlebot/2.1; +http://www.google.com/bot.html)"
66.249.75.201 - - [20/Jul/2025:12:23:56 +0000] "GET /index.php/item/5001394/ HTTP/1.1" 200 20393 "-" "Mozilla/5.0 (Linux; Android 6.0.1; Nexus 5X Build/MMB29P) AppleWebKit/537.36 (KHTML, like Gecko) Chrome/137.0.7151.103 Mobile Safari/537.36 (compatible; Googlebot/2.1; +http://www.google.com/bot.html)"
66.249.79.66 - - [20/Jul/2025:12:24:57 +0000] "GET /?f=5361162021370&mod=b3b0b34e&uri=pin.php?item/674867690.shtml HTTP/1.1" 200 20368 "-" "Mozilla/5.0 (compatible; Googlebot/2.1; +http://www.google.com/bot.html)"
66.249.79.66 - - [20/Jul/2025:12:29:13 +0000] "GET /index.php/item/1225037/ HTTP/1.1" 200 19647 "-" "Mozilla/5.0 (compatible; Googlebot/2.1; +http://www.google.com/bot.html)"
66.249.79.66 - - [20/Jul/2025:12:30:17 +0000] "GET /?f=5025587031370&mod=67a4b0f5&uri=info.php?item/52393380.shtml HTTP/1.1" 200 20544 "-" "Mozilla/5.0 (compatible; Googlebot/2.1; +http://www.google.com/bot.html)"
101.33.55.204 - - [20/Jul/2025:12:31:51 +0000] "GET / HTTP/1.1" 200 265 "-" "Mozilla/5.0 (iPhone; CPU iPhone OS 13_2_3 like Mac OS X) AppleWebKit/605.1.15 (KHTML, like Gecko) Version/13.0.3 Mobile/15E148 Safari/604.1"
115.72.5.128 - - [20/Jul/2025:12:33:08 +0000] "GET /wp-json/wp/v2/posts HTTP/1.1" 200 265 "-" "Mozilla/5.0 (Windows NT 10.0; Win64; x64) AppleWebKit/537.36 (KHTML, like Gecko) Chrome/120.0.0.0 Safari/537.36"
66.249.79.65 - - [20/Jul/2025:12:34:04 +0000] "GET /?f=5344599011370&mod=aebb462e&uri=form.php?item/6819890.shtml HTTP/1.1" 200 20270 "-" "Mozilla/5.0 (Linux; Android 6.0.1; Nexus 5X Build/MMB29P) AppleWebKit/537.36 (KHTML, like Gecko) Chrome/137.0.7151.103 Mobile Safari/537.36 (compatible; Googlebot/2.1; +http://www.google.com/bot.html)"
57.141.2.12 - - [20/Jul/2025:12:34:51 +0000] "GET /item/1069016772.shtml HTTP/1.1" 200 417 "-" "meta-externalagent/1.1 (+https://developers.facebook.com/docs/sharing/webmasters/crawler)"
66.249.79.65 - - [20/Jul/2025:12:41:36 +0000] "GET /index.php/item/1692668/ HTTP/1.1" 200 20461 "-" "Mozilla/5.0 (Linux; Android 6.0.1; Nexus 5X Build/MMB29P) AppleWebKit/537.36 (KHTML, like Gecko) Chrome/137.0.7151.103 Mobile Safari/537.36 (compatible; Googlebot/2.1; +http://www.google.com/bot.html)"
66.249.79.66 - - [20/Jul/2025:12:43:18 +0000] "GET /?f=5361162021370&mod=b3b0b34e&uri=pin.php?item/573759858.shtml HTTP/1.1" 200 19983 "-" "Mozilla/5.0 (compatible; Googlebot/2.1; +http://www.google.com/bot.html)"
66.249.79.66 - - [20/Jul/2025:12:44:15 +0000] "GET /index.php/item/3962304/ HTTP/1.1" 200 20346 "-" "Mozilla/5.0 (Linux; Android 6.0.1; Nexus 5X Build/MMB29P) AppleWebKit/537.36 (KHTML, like Gecko) Chrome/137.0.7151.103 Mobile Safari/537.36 (compatible; Googlebot/2.1; +http://www.google.com/bot.html)"
66.249.79.64 - - [20/Jul/2025:12:44:39 +0000] "GET /?f=5329779031370&mod=f3a3d61b&uri=blog.php?item/54453930.shtml HTTP/1.1" 200 20959 "-" "Mozilla/5.0 (compatible; Googlebot/2.1; +http://www.google.com/bot.html)"
57.141.2.15 - - [20/Jul/2025:12:45:09 +0000] "GET /item/1069273600.shtml HTTP/1.1" 200 417 "-" "meta-externalagent/1.1 (+https://developers.facebook.com/docs/sharing/webmasters/crawler)"
66.249.79.64 - - [20/Jul/2025:12:49:05 +0000] "GET /index.php/item/4257415/ HTTP/1.1" 200 20688 "-" "Mozilla/5.0 (compatible; Googlebot/2.1; +http://www.google.com/bot.html)"
66.249.79.64 - - [20/Jul/2025:12:49:52 +0000] "GET /index.php/item/2870526/ HTTP/1.1" 200 20178 "-" "Mozilla/5.0 (compatible; Googlebot/2.1; +http://www.google.com/bot.html)"
66.249.79.65 - - [20/Jul/2025:12:50:39 +0000] "GET /?f=5361162021370&mod=b3b0b34e&uri=pin.php?item/5381896.shtml HTTP/1.1" 200 20187 "-" "Mozilla/5.0 (compatible; Googlebot/2.1; +http://www.google.com/bot.html)"
66.249.79.64 - - [20/Jul/2025:12:53:41 +0000] "GET /?f=5344599011370&mod=aebb462e&uri=form.php?item/10767036.shtml HTTP/1.1" 200 20220 "-" "Mozilla/5.0 (Linux; Android 6.0.1; Nexus 5X Build/MMB29P) AppleWebKit/537.36 (KHTML, like Gecko) Chrome/137.0.7151.103 Mobile Safari/537.36 (compatible; Googlebot/2.1; +http://www.google.com/bot.html)"
66.249.79.66 - - [20/Jul/2025:12:59:38 +0000] "GET /?f=5361162021370&mod=b3b0b34e&uri=pin.php?item/673579334.shtml HTTP/1.1" 200 20594 "-" "Mozilla/5.0 (compatible; Googlebot/2.1; +http://www.google.com/bot.html)"
66.249.79.66 - - [20/Jul/2025:13:01:25 +0000] "GET /index.php?id=184620-310&name=dellgeforcertx/feature/idol/gradol.html HTTP/1.1" 200 20182 "-" "Mozilla/5.0 (Linux; Android 6.0.1; Nexus 5X Build/MMB29P) AppleWebKit/537.36 (KHTML, like Gecko) Chrome/137.0.7151.103 Mobile Safari/537.36 (compatible; Googlebot/2.1; +http://www.google.com/bot.html)"
66.249.79.66 - - [20/Jul/2025:13:03:37 +0000] "GET /?f=4644499061370&mod=e41df6e7&uri=itm.php?item/2846554.shtml HTTP/1.1" 200 21293 "-" "Mozilla/5.0 (compatible; Googlebot/2.1; +http://www.google.com/bot.html)"
44.203.211.184 - - [20/Jul/2025:13:06:31 +0000] "GET /wp-json/wp/v2/posts HTTP/1.1" 200 265 "-" "Mozilla/5.0 (Windows NT 10.0; Win64; x64) AppleWebKit/537.36 (KHTML, like Gecko) Chrome/120.0.0.0 Safari/537.36"
66.249.79.64 - - [20/Jul/2025:13:13:52 +0000] "GET /index.php/item/3389044/ HTTP/1.1" 200 20375 "-" "Mozilla/5.0 (Linux; Android 6.0.1; Nexus 5X Build/MMB29P) AppleWebKit/537.36 (KHTML, like Gecko) Chrome/137.0.7151.103 Mobile Safari/537.36 (compatible; Googlebot/2.1; +http://www.google.com/bot.html)"
66.249.79.64 - - [20/Jul/2025:13:14:01 +0000] "GET /index.php/item/2973347/ HTTP/1.1" 200 20437 "-" "Mozilla/5.0 (Linux; Android 6.0.1; Nexus 5X Build/MMB29P) AppleWebKit/537.36 (KHTML, like Gecko) Chrome/137.0.7151.103 Mobile Safari/537.36 (compatible; Googlebot/2.1; +http://www.google.com/bot.html)"
66.249.79.65 - - [20/Jul/2025:13:16:20 +0000] "GET /?f=5025587031370&mod=67a4b0f5&uri=info.php?item/1502229596.shtml HTTP/1.1" 200 20933 "-" "Mozilla/5.0 (compatible; Googlebot/2.1; +http://www.google.com/bot.html)"
66.249.79.64 - - [20/Jul/2025:13:19:11 +0000] "GET /game-gainz.com/safe_search/config?return_url=%2Fproduct%2Fdetail%2F75741202 HTTP/1.1" 200 19942 "-" "Mozilla/5.0 (compatible; Googlebot/2.1; +http://www.google.com/bot.html)"
159.89.187.20 - - [20/Jul/2025:13:22:31 +0000] "GET /wp-admin/css/ HTTP/1.1" 403 265 "binance.com" "Mozilla/5.0 (Windows NT 10.0; Win64; x64) AppleWebKit/537.36 (KHTML, like Gecko) Chrome/90.0.4430.85 Safari/537.36"
101.42.117.179 - - [20/Jul/2025:13:23:59 +0000] "GET / HTTP/1.1" 200 265 "-" "Mozilla/5.0 (iPhone; CPU iPhone OS 13_2_3 like Mac OS X) AppleWebKit/605.1.15 (KHTML, like Gecko) Version/13.0.3 Mobile/15E148 Safari/604.1"
66.249.79.65 - - [20/Jul/2025:13:25:24 +0000] "GET /?f=5330409061370&mod=f3a3d61b&uri=info.php?item/6813684.shtml HTTP/1.1" 200 20342 "-" "Mozilla/5.0 (compatible; Googlebot/2.1; +http://www.google.com/bot.html)"
154.194.114.145 - - [20/Jul/2025:13:27:18 +0000] "GET / HTTP/1.0" 200 417 "http://game-gainz.com/" "Mozilla/5.0 (Windows NT 10.0; Win64; x64) AppleWebKit/537.36 (KHTML, like Gecko) Chrome/131.0.0.0 Safari/537.36 Avast/131.0.0.0"
66.249.79.66 - - [20/Jul/2025:13:29:08 +0000] "GET /index.php/item/3703432/ HTTP/1.1" 200 20297 "-" "Mozilla/5.0 (compatible; Googlebot/2.1; +http://www.google.com/bot.html)"
66.249.79.65 - - [20/Jul/2025:13:34:43 +0000] "GET /?f=5164767031370&mod=ebbb5ccb&uri=info.php%3Fid%3D172416-155%26name%3Dimagine+x2t+tower HTTP/1.1" 200 20223 "-" "Mozilla/5.0 (Linux; Android 6.0.1; Nexus 5X Build/MMB29P) AppleWebKit/537.36 (KHTML, like Gecko) Chrome/137.0.7151.103 Mobile Safari/537.36 (compatible; Googlebot/2.1; +http://www.google.com/bot.html)"
3.112.190.219 - - [20/Jul/2025:13:36:57 +0000] "GET /?f=4763610061370&mod=9ce3d416&uri=news.php%3Fid%3D158989-92%26name%3Dvallavanukku+pullum+aayudham+comedy+scenes HTTP/1.1" 200 417 "-" "Mozilla/5.0 (Windows NT 6.1) AppleWebKit/537.36 (KHTML, like Gecko) Chrome/28.0.1500.63 Safari/537.36 TACT-SEO/1.0"
3.112.200.182 - - [20/Jul/2025:13:37:02 +0000] "GET /?f=4763610061370&mod=9ce3d416&uri=news.php%3Fid%3D158989-92%26name%3Dvallavanukku+pullum+aayudham+comedy+scenes HTTP/1.1" 200 265 "-" "Mozilla/5.0 (Windows NT 6.1) AppleWebKit/537.36 (KHTML, like Gecko) Chrome/28.0.1500.63 Safari/537.36 TACT-SEO/1.0"
3.112.200.182 - - [20/Jul/2025:13:37:03 +0000] "GET /?f=4763610061370&mod=9ce3d416&uri=news.php%3Fid%3D158989-92%26name%3Dvallavanukku+pullum+aayudham+comedy+scenes HTTP/1.1" 200 265 "-" "Mozilla/5.0 (Windows NT 6.1) AppleWebKit/537.36 (KHTML, like Gecko) Chrome/28.0.1500.63 Safari/537.36 TACT-SEO/1.0"
66.249.79.65 - - [20/Jul/2025:13:39:08 +0000] "GET /index.php/item/2319021/ HTTP/1.1" 200 19865 "-" "Mozilla/5.0 (compatible; Googlebot/2.1; +http://www.google.com/bot.html)"
66.249.79.65 - - [20/Jul/2025:13:42:27 +0000] "GET /?f=5361162021370&mod=b3b0b34e&uri=pin.php?item/879940370.shtml HTTP/1.1" 200 20223 "-" "Mozilla/5.0 (compatible; Googlebot/2.1; +http://www.google.com/bot.html)"
66.249.79.65 - - [20/Jul/2025:13:42:34 +0000] "GET /?f=119736223111370&mod=cc710398&uri=products.php?item/54487436.shtml HTTP/1.1" 200 20368 "-" "Mozilla/5.0 (Linux; Android 6.0.1; Nexus 5X Build/MMB29P) AppleWebKit/537.36 (KHTML, like Gecko) Chrome/137.0.7151.103 Mobile Safari/537.36 (compatible; Googlebot/2.1; +http://www.google.com/bot.html)"
66.249.79.66 - - [20/Jul/2025:13:43:07 +0000] "GET /?f=5344599011370&mod=aebb462e&uri=form.php?item/49244826.shtml HTTP/1.1" 200 19981 "-" "Mozilla/5.0 (Linux; Android 6.0.1; Nexus 5X Build/MMB29P) AppleWebKit/537.36 (KHTML, like Gecko) Chrome/137.0.7151.103 Mobile Safari/537.36 (compatible; Googlebot/2.1; +http://www.google.com/bot.html)"
66.249.79.64 - - [20/Jul/2025:13:43:50 +0000] "GET /?f=5344599011370&mod=aebb462e&uri=form.php?item/6815158.shtml HTTP/1.1" 200 20385 "-" "Mozilla/5.0 (Linux; Android 6.0.1; Nexus 5X Build/MMB29P) AppleWebKit/537.36 (KHTML, like Gecko) Chrome/137.0.7151.103 Mobile Safari/537.36 (compatible; Googlebot/2.1; +http://www.google.com/bot.html)"
66.249.79.64 - - [20/Jul/2025:13:45:10 +0000] "GET /index.php/item/1518527/ HTTP/1.1" 200 19932 "-" "Mozilla/5.0 (Linux; Android 6.0.1; Nexus 5X Build/MMB29P) AppleWebKit/537.36 (KHTML, like Gecko) Chrome/137.0.7151.103 Mobile Safari/537.36 (compatible; Googlebot/2.1; +http://www.google.com/bot.html)"
66.249.79.64 - - [20/Jul/2025:13:46:15 +0000] "GET /?f=5361162021370&mod=b3b0b34e&uri=pin.php?item/673562254.shtml HTTP/1.1" 200 20285 "-" "Mozilla/5.0 (Linux; Android 6.0.1; Nexus 5X Build/MMB29P) AppleWebKit/537.36 (KHTML, like Gecko) Chrome/137.0.7151.103 Mobile Safari/537.36 (compatible; Googlebot/2.1; +http://www.google.com/bot.html)"
66.249.79.65 - - [20/Jul/2025:13:47:09 +0000] "GET /index.php/item/3842423/ HTTP/1.1" 200 20133 "-" "Mozilla/5.0 (Linux; Android 6.0.1; Nexus 5X Build/MMB29P) AppleWebKit/537.36 (KHTML, like Gecko) Chrome/137.0.7151.103 Mobile Safari/537.36 (compatible; Googlebot/2.1; +http://www.google.com/bot.html)"
66.249.79.65 - - [20/Jul/2025:13:49:14 +0000] "GET /game-gainz.com/safe_search/config?return_url=%2Fproduct%2Fdetail%2F79881790 HTTP/1.1" 200 20674 "-" "Mozilla/5.0 (Linux; Android 6.0.1; Nexus 5X Build/MMB29P) AppleWebKit/537.36 (KHTML, like Gecko) Chrome/137.0.7151.103 Mobile Safari/537.36 (compatible; Googlebot/2.1; +http://www.google.com/bot.html)"
66.249.79.64 - - [20/Jul/2025:13:49:16 +0000] "GET /?f=5361162021370&mod=b3b0b34e&uri=pin.php?item/673611906.shtml HTTP/1.1" 200 20296 "-" "Mozilla/5.0 (compatible; Googlebot/2.1; +http://www.google.com/bot.html)"
66.249.79.66 - - [20/Jul/2025:13:51:34 +0000] "GET /?f=5344599011370&mod=aebb462e&uri=form.php?item/6865436.shtml HTTP/1.1" 200 21269 "-" "Mozilla/5.0 (Linux; Android 6.0.1; Nexus 5X Build/MMB29P) AppleWebKit/537.36 (KHTML, like Gecko) Chrome/137.0.7151.103 Mobile Safari/537.36 (compatible; Googlebot/2.1; +http://www.google.com/bot.html)"
113.192.31.34 - - [20/Jul/2025:13:53:43 +0000] "GET /wp-json/wp/v2/posts HTTP/1.1" 200 265 "-" "Mozilla/5.0 (Windows NT 10.0; Win64; x64) AppleWebKit/537.36 (KHTML, like Gecko) Chrome/120.0.0.0 Safari/537.36"
216.244.66.245 - - [20/Jul/2025:13:54:46 +0000] "GET /robots.txt HTTP/1.1" 200 2322 "-" "Mozilla/5.0 (compatible; DotBot/1.2; +https://opensiteexplorer.org/dotbot; [email protected])"
66.249.79.65 - - [20/Jul/2025:13:55:08 +0000] "GET /index.php/item/1154063/ HTTP/1.1" 200 20332 "-" "Mozilla/5.0 (compatible; Googlebot/2.1; +http://www.google.com/bot.html)"
66.249.79.66 - - [20/Jul/2025:13:58:07 +0000] "GET /?f=5361162021370&mod=b3b0b34e&uri=pin.php?item/1273131562.shtml HTTP/1.1" 200 19647 "-" "Mozilla/5.0 (compatible; Googlebot/2.1; +http://www.google.com/bot.html)"
57.141.2.8 - - [20/Jul/2025:14:00:37 +0000] "GET /item/1069134334.shtml HTTP/1.1" 200 417 "-" "meta-externalagent/1.1 (+https://developers.facebook.com/docs/sharing/webmasters/crawler)"
66.249.79.66 - - [20/Jul/2025:14:00:54 +0000] "GET /?f=5330409061370&mod=f3a3d61b&uri=info.php?item/1252354370.shtml HTTP/1.1" 200 21354 "-" "Mozilla/5.0 (Linux; Android 6.0.1; Nexus 5X Build/MMB29P) AppleWebKit/537.36 (KHTML, like Gecko) Chrome/137.0.7151.103 Mobile Safari/537.36 (compatible; Googlebot/2.1; +http://www.google.com/bot.html)"
216.244.66.245 - - [20/Jul/2025:14:01:39 +0000] "GET / HTTP/1.1" 200 417 "-" "Mozilla/5.0 (compatible; DotBot/1.2; +https://opensiteexplorer.org/dotbot; [email protected])"
66.249.79.66 - - [20/Jul/2025:14:06:33 +0000] "GET /182___.jpg HTTP/1.1" 200 19755 "-" "Googlebot-Image/1.0"
124.156.179.141 - - [20/Jul/2025:14:10:29 +0000] "GET / HTTP/1.1" 200 265 "-" "Mozilla/5.0 (iPhone; CPU iPhone OS 13_2_3 like Mac OS X) AppleWebKit/605.1.15 (KHTML, like Gecko) Version/13.0.3 Mobile/15E148 Safari/604.1"
66.249.79.66 - - [20/Jul/2025:14:15:12 +0000] "GET /?f=5128856051370&mod=14b7367a&uri=dp.php?item/4116684.shtml HTTP/1.1" 200 20927 "-" "Mozilla/5.0 (compatible; Googlebot/2.1; +http://www.google.com/bot.html)"
66.249.79.66 - - [20/Jul/2025:14:16:14 +0000] "GET /?f=5025587031370&mod=67a4b0f5&uri=info.php?item/55452698.shtml HTTP/1.1" 200 20447 "-" "Mozilla/5.0 (Linux; Android 6.0.1; Nexus 5X Build/MMB29P) AppleWebKit/537.36 (KHTML, like Gecko) Chrome/137.0.7151.103 Mobile Safari/537.36 (compatible; Googlebot/2.1; +http://www.google.com/bot.html)"
66.249.79.64 - - [20/Jul/2025:14:18:45 +0000] "GET /index.php/item/4668230/ HTTP/1.1" 200 20259 "-" "Mozilla/5.0 (Linux; Android 6.0.1; Nexus 5X Build/MMB29P) AppleWebKit/537.36 (KHTML, like Gecko) Chrome/137.0.7151.103 Mobile Safari/537.36 (compatible; Googlebot/2.1; +http://www.google.com/bot.html)"
66.249.79.66 - - [20/Jul/2025:14:22:12 +0000] "GET /index.php/item/2233854 HTTP/1.1" 200 21016 "-" "Mozilla/5.0 (Linux; Android 6.0.1; Nexus 5X Build/MMB29P) AppleWebKit/537.36 (KHTML, like Gecko) Chrome/137.0.7151.103 Mobile Safari/537.36 (compatible; Googlebot/2.1; +http://www.google.com/bot.html)"
66.249.79.65 - - [20/Jul/2025:14:22:52 +0000] "GET /?f=5361162021370&mod=b3b0b34e&uri=pin.php?item/879970314.shtml HTTP/1.1" 200 20285 "-" "Mozilla/5.0 (compatible; Googlebot/2.1; +http://www.google.com/bot.html)"
57.141.2.11 - - [20/Jul/2025:14:25:02 +0000] "GET /item/1069458082.shtml HTTP/1.1" 200 417 "-" "meta-externalagent/1.1 (+https://developers.facebook.com/docs/sharing/webmasters/crawler)"
66.249.79.66 - - [20/Jul/2025:14:25:01 +0000] "GET /index.php/item/4566832/ HTTP/1.1" 200 20044 "-" "Mozilla/5.0 (compatible; Googlebot/2.1; +http://www.google.com/bot.html)"
66.249.79.66 - - [20/Jul/2025:14:26:09 +0000] "GET /?f=4652599061370&mod=e41df6e7&uri=blog.php%3Fid%3D155287-285%26name%3Dnew+york+mets+jersey+cheap HTTP/1.1" 200 20278 "-" "Mozilla/5.0 (compatible; Googlebot/2.1; +http://www.google.com/bot.html)"
66.249.79.64 - - [20/Jul/2025:14:32:32 +0000] "GET /game-gainz.com/zhHant/product/surugaya/48267780?campaign_uid=f64d716db5e979ed2f947dbaf4296895b951ae7f HTTP/1.1" 200 20610 "-" "Mozilla/5.0 (compatible; Googlebot/2.1; +http://www.google.com/bot.html)"
66.249.79.65 - - [20/Jul/2025:14:32:36 +0000] "GET /?f=5186126041370&mod=bf453f26&uri=info.php%3Fid%3D173129-139%26name%3Dacqua+di+paris+venezia+perfume HTTP/1.1" 200 21335 "-" "Mozilla/5.0 (compatible; Googlebot/2.1; +http://www.google.com/bot.html)"
66.249.79.66 - - [20/Jul/2025:14:34:06 +0000] "GET /?f=5025587031370&mod=67a4b0f5&uri=info.php?item/500672116.shtml HTTP/1.1" 200 21429 "-" "Mozilla/5.0 (compatible; Googlebot/2.1; +http://www.google.com/bot.html)"
66.249.79.65 - - [20/Jul/2025:14:37:41 +0000] "GET /index.php/item/2778562/ HTTP/1.1" 200 20485 "-" "Mozilla/5.0 (compatible; Googlebot/2.1; +http://www.google.com/bot.html)"
66.249.79.66 - - [20/Jul/2025:14:40:56 +0000] "GET /index.php/item/1413612/ HTTP/1.1" 200 20221 "-" "Mozilla/5.0 (compatible; Googlebot/2.1; +http://www.google.com/bot.html)"
66.249.79.66 - - [20/Jul/2025:14:44:32 +0000] "GET /?f=5361162021370&mod=b3b0b34e&uri=pin.php?item/673598132.shtml HTTP/1.1" 200 20645 "-" "Mozilla/5.0 (Linux; Android 6.0.1; Nexus 5X Build/MMB29P) AppleWebKit/537.36 (KHTML, like Gecko) Chrome/137.0.7151.103 Mobile Safari/537.36 (compatible; Googlebot/2.1; +http://www.google.com/bot.html)"
66.249.79.65 - - [20/Jul/2025:14:45:04 +0000] "GET /?f=5025587031370&mod=67a4b0f5&uri=info.php?item/1502243078.shtml HTTP/1.1" 200 19645 "-" "Mozilla/5.0 (Linux; Android 6.0.1; Nexus 5X Build/MMB29P) AppleWebKit/537.36 (KHTML, like Gecko) Chrome/137.0.7151.103 Mobile Safari/537.36 (compatible; Googlebot/2.1; +http://www.google.com/bot.html)"
66.249.79.64 - - [20/Jul/2025:14:48:57 +0000] "GET /?f=5361162021370&mod=b3b0b34e&uri=pin.php?item/673612856.shtml HTTP/1.1" 200 20157 "-" "Mozilla/5.0 (Linux; Android 6.0.1; Nexus 5X Build/MMB29P) AppleWebKit/537.36 (KHTML, like Gecko) Chrome/137.0.7151.103 Mobile Safari/537.36 (compatible; Googlebot/2.1; +http://www.google.com/bot.html)"
66.249.79.65 - - [20/Jul/2025:14:50:12 +0000] "GET /?f=5344599011370&mod=aebb462e&uri=form.php?item/10763506.shtml HTTP/1.1" 200 21021 "-" "Mozilla/5.0 (Linux; Android 6.0.1; Nexus 5X Build/MMB29P) AppleWebKit/537.36 (KHTML, like Gecko) Chrome/137.0.7151.103 Mobile Safari/537.36 (compatible; Googlebot/2.1; +http://www.google.com/bot.html)"
57.141.2.23 - - [20/Jul/2025:14:50:52 +0000] "GET /item/1069520114.shtml HTTP/1.1" 200 417 "-" "meta-externalagent/1.1 (+https://developers.facebook.com/docs/sharing/webmasters/crawler)"
66.249.79.66 - - [20/Jul/2025:14:54:41 +0000] "GET /?f=4980977011370&mod=337f9ed6&uri=category-info.php%3Fid%3D166288-304%26name%3Dlb+sterling+silver+value HTTP/1.1" 200 19825 "-" "Mozilla/5.0 (Linux; Android 6.0.1; Nexus 5X Build/MMB29P) AppleWebKit/537.36 (KHTML, like Gecko) Chrome/137.0.7151.103 Mobile Safari/537.36 (compatible; Googlebot/2.1; +http://www.google.com/bot.html)"
66.249.79.66 - - [20/Jul/2025:14:57:53 +0000] "GET /?f=5361162021370&mod=b3b0b34e&uri=pin.php?item/673574618.shtml HTTP/1.1" 200 20640 "-" "Mozilla/5.0 (Linux; Android 6.0.1; Nexus 5X Build/MMB29P) AppleWebKit/537.36 (KHTML, like Gecko) Chrome/137.0.7151.103 Mobile Safari/537.36 (compatible; Googlebot/2.1; +http://www.google.com/bot.html)"
66.249.79.64 - - [20/Jul/2025:14:58:43 +0000] "GET /?f=4610924061370&mod=214f9424&uri=product.php%3Fid%3D153897-282%26name%3Dskechers+men%27s+go+walk+5-qualify+sneaker HTTP/1.1" 200 20874 "-" "Mozilla/5.0 (Linux; Android 6.0.1; Nexus 5X Build/MMB29P) AppleWebKit/537.36 (KHTML, like Gecko) Chrome/137.0.7151.103 Mobile Safari/537.36 (compatible; Googlebot/2.1; +http://www.google.com/bot.html)"
66.249.65.98 - - [20/Jul/2025:15:03:56 +0000] "GET /?f=5344599011370&mod=aebb462e&uri=form.php?item/53584808.shtml HTTP/1.1" 200 19404 "-" "Mozilla/5.0 (compatible; Googlebot/2.1; +http://www.google.com/bot.html)"
66.249.65.99 - - [20/Jul/2025:15:06:16 +0000] "GET /index.php/item/2453512/ HTTP/1.1" 200 20012 "-" "Mozilla/5.0 (compatible; Googlebot/2.1; +http://www.google.com/bot.html)"
66.249.65.97 - - [20/Jul/2025:15:08:00 +0000] "GET /index.php/item/4989092 HTTP/1.1" 200 19773 "-" "Mozilla/5.0 (Linux; Android 6.0.1; Nexus 5X Build/MMB29P) AppleWebKit/537.36 (KHTML, like Gecko) Chrome/137.0.7151.103 Mobile Safari/537.36 (compatible; Googlebot/2.1; +http://www.google.com/bot.html)"
66.249.65.97 - - [20/Jul/2025:15:08:41 +0000] "GET /?f=5361162021370&mod=b3b0b34e&uri=pin.php?item/879965582.shtml HTTP/1.1" 200 21171 "-" "Mozilla/5.0 (compatible; Googlebot/2.1; +http://www.google.com/bot.html)"
165.232.157.0 - - [20/Jul/2025:15:12:05 +0000] "GET /files.php HTTP/1.1" 200 265 "https://www.google.com" "Mozilla/5.0 (Linux; Android 7.0; SM-G892A Build/NRD90M; wv) AppleWebKit/537.36 (KHTML, like Gecko) Version/4.0 Chrome/60.0.3112.107 Mobile Safari/537.36"
66.249.65.99 - - [20/Jul/2025:15:12:26 +0000] "GET /index.php/item/1204347/ HTTP/1.1" 200 20405 "-" "Mozilla/5.0 (Linux; Android 6.0.1; Nexus 5X Build/MMB29P) AppleWebKit/537.36 (KHTML, like Gecko) Chrome/137.0.7151.103 Mobile Safari/537.36 (compatible; Googlebot/2.1; +http://www.google.com/bot.html)"
66.249.65.99 - - [20/Jul/2025:15:13:01 +0000] "GET /index.php/item/1059161/ HTTP/1.1" 200 20420 "-" "Mozilla/5.0 (Linux; Android 6.0.1; Nexus 5X Build/MMB29P) AppleWebKit/537.36 (KHTML, like Gecko) Chrome/137.0.7151.103 Mobile Safari/537.36 (compatible; Googlebot/2.1; +http://www.google.com/bot.html)"
66.249.65.98 - - [20/Jul/2025:15:14:03 +0000] "GET /?f=5330409061370&mod=f3a3d61b&uri=info.php?item/1252352062.shtml HTTP/1.1" 200 20234 "-" "Mozilla/5.0 (Linux; Android 6.0.1; Nexus 5X Build/MMB29P) AppleWebKit/537.36 (KHTML, like Gecko) Chrome/137.0.7151.103 Mobile Safari/537.36 (compatible; Googlebot/2.1; +http://www.google.com/bot.html)"
66.249.65.99 - - [20/Jul/2025:15:16:09 +0000] "GET /?f=5344599011370&mod=aebb462e&uri=form.php?item/9476548.shtml HTTP/1.1" 200 20392 "-" "Mozilla/5.0 (compatible; Googlebot/2.1; +http://www.google.com/bot.html)"
66.249.65.98 - - [20/Jul/2025:15:18:01 +0000] "GET /index.php/item/1352589/ HTTP/1.1" 200 20594 "-" "Mozilla/5.0 (Linux; Android 6.0.1; Nexus 5X Build/MMB29P) AppleWebKit/537.36 (KHTML, like Gecko) Chrome/137.0.7151.103 Mobile Safari/537.36 (compatible; Googlebot/2.1; +http://www.google.com/bot.html)"
66.249.65.97 - - [20/Jul/2025:15:21:46 +0000] "GET /index.php/item/2889602/ HTTP/1.1" 200 20037 "-" "Mozilla/5.0 (Linux; Android 6.0.1; Nexus 5X Build/MMB29P) AppleWebKit/537.36 (KHTML, like Gecko) Chrome/137.0.7151.103 Mobile Safari/537.36 (compatible; Googlebot/2.1; +http://www.google.com/bot.html)"
66.249.65.97 - - [20/Jul/2025:15:23:34 +0000] "GET /?f=5361162021370&mod=b3b0b34e&uri=pin.php?item/879875156.shtml HTTP/1.1" 200 20658 "-" "Mozilla/5.0 (Linux; Android 6.0.1; Nexus 5X Build/MMB29P) AppleWebKit/537.36 (KHTML, like Gecko) Chrome/137.0.7151.103 Mobile Safari/537.36 (compatible; Googlebot/2.1; +http://www.google.com/bot.html)"
57.141.2.26 - - [20/Jul/2025:15:25:17 +0000] "GET /item/1069217152.shtml HTTP/1.1" 200 417 "-" "meta-externalagent/1.1 (+https://developers.facebook.com/docs/sharing/webmasters/crawler)"
57.141.2.20 - - [20/Jul/2025:15:25:46 +0000] "GET /item/1069319478.shtml HTTP/1.1" 200 417 "-" "meta-externalagent/1.1 (+https://developers.facebook.com/docs/sharing/webmasters/crawler)"
66.249.65.99 - - [20/Jul/2025:15:26:51 +0000] "GET /?f=5361162021370&mod=b3b0b34e&uri=pin.php?item/573711672.shtml HTTP/1.1" 200 20509 "-" "Mozilla/5.0 (compatible; Googlebot/2.1; +http://www.google.com/bot.html)"
66.249.65.96 - - [20/Jul/2025:15:27:55 +0000] "GET /?f=4922380141370&mod=9ce60c64&uri=shop.php?item/52457460.shtml HTTP/1.1" 200 20437 "-" "Mozilla/5.0 (compatible; Googlebot/2.1; +http://www.google.com/bot.html)"
66.249.65.96 - - [20/Jul/2025:15:32:35 +0000] "GET /?f=5488356021370&mod=48f27972&uri=dp.php?item/56148724.shtml HTTP/1.1" 200 20198 "-" "Mozilla/5.0 (compatible; Googlebot/2.1; +http://www.google.com/bot.html)"
66.249.65.98 - - [20/Jul/2025:15:33:04 +0000] "GET /index.php?item/5458872.shtml/vintagegame.html HTTP/1.1" 200 20859 "-" "Mozilla/5.0 (Linux; Android 6.0.1; Nexus 5X Build/MMB29P) AppleWebKit/537.36 (KHTML, like Gecko) Chrome/137.0.7151.103 Mobile Safari/537.36 (compatible; Googlebot/2.1; +http://www.google.com/bot.html)"
66.249.65.97 - - [20/Jul/2025:15:36:26 +0000] "GET /?f=5361162021370&mod=b3b0b34e&uri=pin.php?item/6775482.shtml HTTP/1.1" 200 20181 "-" "Mozilla/5.0 (compatible; Googlebot/2.1; +http://www.google.com/bot.html)"
66.249.65.96 - - [20/Jul/2025:15:36:31 +0000] "GET /?f=4581349021370&mod=5f7733de&uri=blog.php?item/49694638.shtml HTTP/1.1" 200 20323 "-" "Mozilla/5.0 (Linux; Android 6.0.1; Nexus 5X Build/MMB29P) AppleWebKit/537.36 (KHTML, like Gecko) Chrome/137.0.7151.103 Mobile Safari/537.36 (compatible; Googlebot/2.1; +http://www.google.com/bot.html)"
66.249.65.97 - - [20/Jul/2025:15:36:33 +0000] "GET /?f=5361162021370&mod=b3b0b34e&uri=pin.php?item/573730158.shtml HTTP/1.1" 200 20372 "-" "Mozilla/5.0 (Linux; Android 6.0.1; Nexus 5X Build/MMB29P) AppleWebKit/537.36 (KHTML, like Gecko) Chrome/137.0.7151.103 Mobile Safari/537.36 (compatible; Googlebot/2.1; +http://www.google.com/bot.html)"
66.249.65.97 - - [20/Jul/2025:15:38:41 +0000] "GET /?f=5025587031370&mod=67a4b0f5&uri=info.php?item/56136376.shtml HTTP/1.1" 200 20113 "-" "Mozilla/5.0 (compatible; Googlebot/2.1; +http://www.google.com/bot.html)"
66.249.65.96 - - [20/Jul/2025:15:42:05 +0000] "GET /index.php/item/4607752/ HTTP/1.1" 200 20627 "-" "Mozilla/5.0 (compatible; Googlebot/2.1; +http://www.google.com/bot.html)"
66.249.65.97 - - [20/Jul/2025:15:43:00 +0000] "GET /?f=5344599011370&mod=aebb462e&uri=form.php?item/52453642.shtml HTTP/1.1" 200 20636 "-" "Mozilla/5.0 (compatible; Googlebot/2.1; +http://www.google.com/bot.html)"
66.249.65.96 - - [20/Jul/2025:15:43:11 +0000] "GET /?f=5361162021370&mod=b3b0b34e&uri=pin.php?item/573761256.shtml HTTP/1.1" 200 20318 "-" "Mozilla/5.0 (Linux; Android 6.0.1; Nexus 5X Build/MMB29P) AppleWebKit/537.36 (KHTML, like Gecko) Chrome/137.0.7151.103 Mobile Safari/537.36 (compatible; Googlebot/2.1; +http://www.google.com/bot.html)"
66.249.65.96 - - [20/Jul/2025:15:43:50 +0000] "GET /?f=5361162021370&mod=b3b0b34e&uri=pin.php?item/573723102.shtml HTTP/1.1" 200 20058 "-" "Mozilla/5.0 (Linux; Android 6.0.1; Nexus 5X Build/MMB29P) AppleWebKit/537.36 (KHTML, like Gecko) Chrome/137.0.7151.103 Mobile Safari/537.36 (compatible; Googlebot/2.1; +http://www.google.com/bot.html)"
66.249.65.97 - - [20/Jul/2025:15:45:07 +0000] "GET /index.php/item/3806958/ HTTP/1.1" 200 20261 "-" "Mozilla/5.0 (compatible; Googlebot/2.1; +http://www.google.com/bot.html)"
66.249.65.96 - - [20/Jul/2025:15:45:50 +0000] "GET /?f=5361162021370&mod=b3b0b34e&uri=pin.php?item/674878308.shtml HTTP/1.1" 200 20918 "-" "Mozilla/5.0 (compatible; Googlebot/2.1; +http://www.google.com/bot.html)"
66.249.65.96 - - [20/Jul/2025:15:50:38 +0000] "GET /index.php/item/3181197/ HTTP/1.1" 200 20762 "-" "Mozilla/5.0 (compatible; Googlebot/2.1; +http://www.google.com/bot.html)"
66.249.65.98 - - [20/Jul/2025:15:51:28 +0000] "GET /game-gainz.com/pcmypage?callback=/product%2Fdetail%2F53780771 HTTP/1.1" 200 20475 "-" "Mozilla/5.0 (Linux; Android 6.0.1; Nexus 5X Build/MMB29P) AppleWebKit/537.36 (KHTML, like Gecko) Chrome/137.0.7151.103 Mobile Safari/537.36 (compatible; Googlebot/2.1; +http://www.google.com/bot.html)"
66.249.65.98 - - [20/Jul/2025:15:57:30 +0000] "GET /?f=5361162021370&mod=b3b0b34e&uri=pin.php?item/674924138.shtml HTTP/1.1" 200 19868 "-" "Mozilla/5.0 (compatible; Googlebot/2.1; +http://www.google.com/bot.html)"
66.249.65.97 - - [20/Jul/2025:15:58:27 +0000] "GET /?f=5361162021370&mod=b3b0b34e&uri=pin.php?item/584991946.shtml HTTP/1.1" 200 19950 "-" "Mozilla/5.0 (Linux; Android 6.0.1; Nexus 5X Build/MMB29P) AppleWebKit/537.36 (KHTML, like Gecko) Chrome/137.0.7151.103 Mobile Safari/537.36 (compatible; Googlebot/2.1; +http://www.google.com/bot.html)"
66.249.65.96 - - [20/Jul/2025:16:00:39 +0000] "GET /index.php/item/3299908/ HTTP/1.1" 200 20396 "-" "Mozilla/5.0 (Linux; Android 6.0.1; Nexus 5X Build/MMB29P) AppleWebKit/537.36 (KHTML, like Gecko) Chrome/137.0.7151.103 Mobile Safari/537.36 (compatible; Googlebot/2.1; +http://www.google.com/bot.html)"
66.249.65.98 - - [20/Jul/2025:16:03:21 +0000] "GET /?f=4644499061370&mod=e41df6e7&uri=itm.php?feature/osu_main/index.html HTTP/1.1" 200 20106 "-" "Mozilla/5.0 (Linux; Android 6.0.1; Nexus 5X Build/MMB29P) AppleWebKit/537.36 (KHTML, like Gecko) Chrome/137.0.7151.103 Mobile Safari/537.36 (compatible; Googlebot/2.1; +http://www.google.com/bot.html)"
66.249.65.98 - - [20/Jul/2025:16:04:12 +0000] "GET /?f=5488356021370&mod=48f27972&uri=dp.php?item/49957050.shtml HTTP/1.1" 200 20287 "-" "Mozilla/5.0 (compatible; Googlebot/2.1; +http://www.google.com/bot.html)"
66.249.65.97 - - [20/Jul/2025:16:04:37 +0000] "GET /index.php/item/4638449/ HTTP/1.1" 200 19619 "-" "Mozilla/5.0 (Linux; Android 6.0.1; Nexus 5X Build/MMB29P) AppleWebKit/537.36 (KHTML, like Gecko) Chrome/137.0.7151.103 Mobile Safari/537.36 (compatible; Googlebot/2.1; +http://www.google.com/bot.html)"
66.249.65.98 - - [20/Jul/2025:16:06:33 +0000] "GET /300_PT0_SX300_V1___.jpg HTTP/1.1" 200 20160 "-" "Googlebot-Image/1.0"
198.46.234.28 - - [20/Jul/2025:16:08:12 +0000] "POST /index.php/wp-json/litespeed/v1/cdn_status HTTP/1.1" 200 265 "https://game-gainz.com/wp-admin/update.php?action=upload-plugin" "Mozilla/5.0 (Windows NT 10.0; Win64; x64; rv:128.0) Gecko/20100101 Firefox/128.0"
66.249.65.98 - - [20/Jul/2025:16:10:51 +0000] "GET /index.php/item/3873345/ HTTP/1.1" 200 20280 "-" "Mozilla/5.0 (compatible; Googlebot/2.1; +http://www.google.com/bot.html)"
66.249.65.98 - - [20/Jul/2025:16:14:47 +0000] "GET /?f=4861088071370&mod=656a0310&uri=search.php?item/52136056.shtml HTTP/1.1" 200 20294 "-" "Mozilla/5.0 (Linux; Android 6.0.1; Nexus 5X Build/MMB29P) AppleWebKit/537.36 (KHTML, like Gecko) Chrome/137.0.7151.103 Mobile Safari/537.36 (compatible; Googlebot/2.1; +http://www.google.com/bot.html)"
66.249.65.98 - - [20/Jul/2025:16:15:35 +0000] "GET /index.php/item/3923708/ HTTP/1.1" 200 20458 "-" "Mozilla/5.0 (compatible; Googlebot/2.1; +http://www.google.com/bot.html)"
66.249.65.97 - - [20/Jul/2025:16:19:14 +0000] "GET /?f=4982807011370&mod=dbfff4b2&uri=info.php?item/53819876.shtml HTTP/1.1" 200 20540 "-" "Mozilla/5.0 (compatible; Googlebot/2.1; +http://www.google.com/bot.html)"
66.249.65.97 - - [20/Jul/2025:16:22:41 +0000] "GET /?f=5361162021370&mod=b3b0b34e&uri=pin.php?item/674914742.shtml HTTP/1.1" 200 20836 "-" "Mozilla/5.0 (Linux; Android 6.0.1; Nexus 5X Build/MMB29P) AppleWebKit/537.36 (KHTML, like Gecko) Chrome/137.0.7151.103 Mobile Safari/537.36 (compatible; Googlebot/2.1; +http://www.google.com/bot.html)"
66.249.65.97 - - [20/Jul/2025:16:23:01 +0000] "GET /index.php/item/1320206/ HTTP/1.1" 200 20482 "-" "Mozilla/5.0 (Linux; Android 6.0.1; Nexus 5X Build/MMB29P) AppleWebKit/537.36 (KHTML, like Gecko) Chrome/137.0.7151.103 Mobile Safari/537.36 (compatible; Googlebot/2.1; +http://www.google.com/bot.html)"
103.191.76.181 - - [20/Jul/2025:16:25:44 +0000] "GET / HTTP/1.1" 200 265 "-" "Mozilla/5.0 (Windows NT 10.0; Win64; x64) AppleWebKit/537.36 (KHTML, like Gecko) Chrome/112.0.5615.138 Safari/537.36"
66.249.65.96 - - [20/Jul/2025:16:26:13 +0000] "GET /?f=5344599011370&mod=aebb462e&uri=form.php?item/52522950.shtml HTTP/1.1" 200 20555 "-" "Mozilla/5.0 (Linux; Android 6.0.1; Nexus 5X Build/MMB29P) AppleWebKit/537.36 (KHTML, like Gecko) Chrome/137.0.7151.103 Mobile Safari/537.36 (compatible; Googlebot/2.1; +http://www.google.com/bot.html)"
66.249.65.96 - - [20/Jul/2025:16:26:24 +0000] "GET /index.php/item/3869408/ HTTP/1.1" 200 20400 "-" "Mozilla/5.0 (Linux; Android 6.0.1; Nexus 5X Build/MMB29P) AppleWebKit/537.36 (KHTML, like Gecko) Chrome/137.0.7151.103 Mobile Safari/537.36 (compatible; Googlebot/2.1; +http://www.google.com/bot.html)"
66.249.65.98 - - [20/Jul/2025:16:27:06 +0000] "GET /?f=5361162021370&mod=b3b0b34e&uri=pin.php?item/673573164.shtml HTTP/1.1" 200 20414 "-" "Mozilla/5.0 (Linux; Android 6.0.1; Nexus 5X Build/MMB29P) AppleWebKit/537.36 (KHTML, like Gecko) Chrome/137.0.7151.103 Mobile Safari/537.36 (compatible; Googlebot/2.1; +http://www.google.com/bot.html)"
66.249.65.96 - - [20/Jul/2025:16:27:57 +0000] "GET /?f=5361162021370&mod=b3b0b34e&uri=pin.php?item/4087032.shtml HTTP/1.1" 200 20859 "-" "Mozilla/5.0 (compatible; Googlebot/2.1; +http://www.google.com/bot.html)"
66.249.65.97 - - [20/Jul/2025:16:29:12 +0000] "GET /?f=5361162021370&mod=b3b0b34e&uri=pin.php?item/878596708.shtml HTTP/1.1" 200 21034 "-" "Mozilla/5.0 (compatible; Googlebot/2.1; +http://www.google.com/bot.html)"
172.192.53.124 - - [20/Jul/2025:16:31:41 +0000] "GET /wp-content/plugins/hellopress/wp_filemanager.php HTTP/1.1" 200 417 "-" "-"
172.192.53.124 - - [20/Jul/2025:16:31:41 +0000] "GET /atomlib.php HTTP/1.1" 200 417 "-" "-"
172.192.53.124 - - [20/Jul/2025:16:31:41 +0000] "GET /wp-content/themes/aahana/json.php HTTP/1.1" 200 417 "-" "-"
172.192.53.124 - - [20/Jul/2025:16:31:42 +0000] "GET /cgi-bin/cgi-bin/about.php7 HTTP/1.1" 200 417 "-" "-"
172.192.53.124 - - [20/Jul/2025:16:31:42 +0000] "GET /wp-content/plugins/hellopress/wp_filemanager.php HTTP/1.1" 200 417 "-" "-"
172.192.53.124 - - [20/Jul/2025:16:31:42 +0000] "GET /themes.php HTTP/1.1" 200 417 "-" "-"
172.192.53.124 - - [20/Jul/2025:16:31:42 +0000] "GET /goat1.php HTTP/1.1" 200 417 "-" "-"
172.192.53.124 - - [20/Jul/2025:16:31:42 +0000] "GET /bless.php HTTP/1.1" 200 417 "-" "-"
172.192.53.124 - - [20/Jul/2025:16:31:42 +0000] "GET /wp-configs.php HTTP/1.1" 200 417 "-" "-"
172.192.53.124 - - [20/Jul/2025:16:31:42 +0000] "GET /wp-content/upgrade/index.php HTTP/1.1" 200 417 "-" "-"
172.192.53.124 - - [20/Jul/2025:16:31:42 +0000] "GET /wp-content/plugins/wp-conflg.php HTTP/1.1" 403 417 "-" "-"
172.192.53.124 - - [20/Jul/2025:16:31:42 +0000] "GET /02.php HTTP/1.1" 200 417 "-" "-"
172.192.53.124 - - [20/Jul/2025:16:31:43 +0000] "GET /wp-includes/IXR/index.php HTTP/1.1" 403 417 "-" "-"
172.192.53.124 - - [20/Jul/2025:16:31:43 +0000] "GET /up.php HTTP/1.1" 200 417 "-" "-"
172.192.53.124 - - [20/Jul/2025:16:31:43 +0000] "GET /mail.php HTTP/1.1" 200 417 "-" "-"
172.192.53.124 - - [20/Jul/2025:16:31:43 +0000] "GET /jp.php HTTP/1.1" 200 417 "-" "-"
172.192.53.124 - - [20/Jul/2025:16:31:43 +0000] "GET /media.php HTTP/1.1" 200 417 "-" "-"
172.192.53.124 - - [20/Jul/2025:16:31:43 +0000] "GET /wp-content/themes/about.php HTTP/1.1" 403 417 "-" "-"
172.192.53.124 - - [20/Jul/2025:16:31:43 +0000] "GET /worksec.php HTTP/1.1" 200 417 "-" "-"
172.192.53.124 - - [20/Jul/2025:16:31:43 +0000] "GET /.well-known/pki-validation/dropdown.php HTTP/1.1" 404 - "-" "-"
172.192.53.124 - - [20/Jul/2025:16:31:44 +0000] "GET /menu.php HTTP/1.1" 200 417 "-" "-"
172.192.53.124 - - [20/Jul/2025:16:31:44 +0000] "GET /log.php HTTP/1.1" 200 417 "-" "-"
172.192.53.124 - - [20/Jul/2025:16:31:44 +0000] "GET /class.php HTTP/1.1" 200 417 "-" "-"
172.192.53.124 - - [20/Jul/2025:16:31:44 +0000] "GET /.well-known/pki-validation/index.php HTTP/1.1" 404 - "-" "-"
172.192.53.124 - - [20/Jul/2025:16:31:44 +0000] "GET /wp-includes/SimplePie/index.php HTTP/1.1" 403 417 "-" "-"
172.192.53.124 - - [20/Jul/2025:16:31:44 +0000] "GET /wp-content/plugins/wp-help/index.php HTTP/1.1" 200 417 "-" "-"
172.192.53.124 - - [20/Jul/2025:16:31:44 +0000] "GET /wp-conflg.php HTTP/1.1" 200 417 "-" "-"
172.192.53.124 - - [20/Jul/2025:16:31:44 +0000] "GET /wp-content/themes/twentytwentytwo/index.php HTTP/1.1" 403 417 "-" "-"
172.192.53.124 - - [20/Jul/2025:16:31:44 +0000] "GET /wp-includes/block-patterns/index.php HTTP/1.1" 403 417 "-" "-"
172.192.53.124 - - [20/Jul/2025:16:31:45 +0000] "GET /wp-includes/Text/Diff/Engine/about.php HTTP/1.1" 403 417 "-" "-"
172.192.53.124 - - [20/Jul/2025:16:31:45 +0000] "GET /wp-admin/images/file.php HTTP/1.1" 403 417 "-" "-"
172.192.53.124 - - [20/Jul/2025:16:31:45 +0000] "GET /wp-includes/pomo/about.php HTTP/1.1" 403 417 "-" "-"
172.192.53.124 - - [20/Jul/2025:16:31:45 +0000] "GET /wp-content/uploads/wp.php HTTP/1.1" 403 417 "-" "-"
172.192.53.124 - - [20/Jul/2025:16:31:45 +0000] "GET /wp-content/themes/cay-van-phong/filemanager.php HTTP/1.1" 200 417 "-" "-"
172.192.53.124 - - [20/Jul/2025:16:31:45 +0000] "GET /wp-content/cong.php HTTP/1.1" 403 417 "-" "-"
172.192.53.124 - - [20/Jul/2025:16:31:45 +0000] "GET /wp-includes/js/about.php HTTP/1.1" 403 417 "-" "-"
172.192.53.124 - - [20/Jul/2025:16:31:45 +0000] "GET /cc.php HTTP/1.1" 200 417 "-" "-"
172.192.53.124 - - [20/Jul/2025:16:31:46 +0000] "GET /wp-includes/IXR/about.php HTTP/1.1" 403 417 "-" "-"
209.74.77.214 - - [20/Jul/2025:16:31:47 +0000] "POST /wp-cron.php?doing_wp_cron=1753029107.4301710128784179687500 HTTP/1.1" 200 - "-" "WordPress/6.8.2; https://game-gainz.com"
172.192.53.124 - - [20/Jul/2025:16:31:46 +0000] "GET /wp-mail.php/wp-includes/ID3/getid3s.php HTTP/1.1" 403 2520 "-" "-"
172.192.53.124 - - [20/Jul/2025:16:31:47 +0000] "GET /wp-admin/function.php HTTP/1.1" 403 417 "-" "-"
172.192.53.124 - - [20/Jul/2025:16:31:47 +0000] "GET /wp-admin/css/colors/blue/atomlib.php HTTP/1.1" 403 417 "-" "-"
172.192.53.124 - - [20/Jul/2025:16:31:47 +0000] "GET /wp-content/themes.php HTTP/1.1" 200 417 "-" "-"
172.192.53.124 - - [20/Jul/2025:16:31:47 +0000] "GET /wp-content/packed.php HTTP/1.1" 403 417 "-" "-"
172.192.53.124 - - [20/Jul/2025:16:31:48 +0000] "GET /wp-includes/js/codemirror/index.php HTTP/1.1" 403 417 "-" "-"
172.192.53.124 - - [20/Jul/2025:16:31:48 +0000] "GET /wp-admin/includes/xmrlpc.php HTTP/1.1" 403 417 "-" "-"
172.192.53.124 - - [20/Jul/2025:16:31:48 +0000] "GET /wp-content/themes/admin.php HTTP/1.1" 403 417 "-" "-"
172.192.53.124 - - [20/Jul/2025:16:31:48 +0000] "GET /wp-admin/css/wp-conflg.php HTTP/1.1" 403 417 "-" "-"
172.192.53.124 - - [20/Jul/2025:16:31:48 +0000] "GET /wp-includes/Text/Diff/about.php HTTP/1.1" 403 417 "-" "-"
172.192.53.124 - - [20/Jul/2025:16:31:48 +0000] "GET /wp-includes/block-supports/about.php HTTP/1.1" 403 417 "-" "-"
172.192.53.124 - - [20/Jul/2025:16:31:48 +0000] "GET /wp-admin/chosen.php HTTP/1.1" 403 417 "-" "-"
172.192.53.124 - - [20/Jul/2025:16:31:48 +0000] "GET /wp-content/themes/file.php HTTP/1.1" 403 417 "-" "-"
172.192.53.124 - - [20/Jul/2025:16:31:49 +0000] "GET /wp-includes/fonts/admin.php HTTP/1.1" 403 417 "-" "-"
172.192.53.124 - - [20/Jul/2025:16:31:49 +0000] "GET /wp-admin/classwithtostring.php HTTP/1.1" 403 417 "-" "-"
172.192.53.124 - - [20/Jul/2025:16:31:49 +0000] "GET /wp-content/upgrade/admin.php HTTP/1.1" 200 417 "-" "-"
172.192.53.124 - - [20/Jul/2025:16:31:49 +0000] "GET /wp-admin/log.php HTTP/1.1" 403 417 "-" "-"
172.192.53.124 - - [20/Jul/2025:16:31:49 +0000] "GET /wp-content/uploads/2024/index.php HTTP/1.1" 403 417 "-" "-"
172.192.53.124 - - [20/Jul/2025:16:31:49 +0000] "GET /wp-admin/js/wp-conflg.php HTTP/1.1" 403 417 "-" "-"
172.192.53.124 - - [20/Jul/2025:16:31:49 +0000] "GET /wp-content/themes/twentytwentytwo/alfa-rex.php HTTP/1.1" 403 417 "-" "-"
172.192.53.124 - - [20/Jul/2025:16:31:49 +0000] "GET /wp-includes/style-engine/index.php HTTP/1.1" 403 417 "-" "-"
172.192.53.124 - - [20/Jul/2025:16:31:49 +0000] "GET /wp-includes/Text/wp-conflg.php HTTP/1.1" 403 417 "-" "-"
172.192.53.124 - - [20/Jul/2025:16:31:50 +0000] "GET /wp-content/languages/chosen.php HTTP/1.1" 200 417 "-" "-"
172.192.53.124 - - [20/Jul/2025:16:31:50 +0000] "GET /wp-admin/network/chosen.php HTTP/1.1" 403 417 "-" "-"
172.192.53.124 - - [20/Jul/2025:16:31:50 +0000] "GET /wp-includes/html-api/index.php HTTP/1.1" 403 417 "-" "-"
172.192.53.124 - - [20/Jul/2025:16:31:50 +0000] "GET /wp-content/plugins/linkpreview/db.php?u HTTP/1.1" 200 417 "-" "-"
172.192.53.124 - - [20/Jul/2025:16:31:50 +0000] "GET /02.php HTTP/1.1" 200 417 "-" "-"
172.192.53.124 - - [20/Jul/2025:16:31:50 +0000] "GET /jp.php HTTP/1.1" 200 417 "-" "-"
172.192.53.124 - - [20/Jul/2025:16:31:50 +0000] "GET /wp-admin/chosen.php HTTP/1.1" 403 417 "-" "-"
172.192.53.124 - - [20/Jul/2025:16:31:50 +0000] "GET /wp-admin/js/wp-conflg.php HTTP/1.1" 403 417 "-" "-"
172.192.53.124 - - [20/Jul/2025:16:31:51 +0000] "GET /wp-includes/block-supports/about.php HTTP/1.1" 403 417 "-" "-"
172.192.53.124 - - [20/Jul/2025:16:31:51 +0000] "GET /wp-content/plugins/wp-conflg.php HTTP/1.1" 403 417 "-" "-"
172.192.53.124 - - [20/Jul/2025:16:31:51 +0000] "GET /wp-includes/js/about.php HTTP/1.1" 403 417 "-" "-"
172.192.53.124 - - [20/Jul/2025:16:31:51 +0000] "GET /wp-content/upgrade/admin.php HTTP/1.1" 200 417 "-" "-"
172.192.53.124 - - [20/Jul/2025:16:31:51 +0000] "GET /wp-content/themes/about.php HTTP/1.1" 403 417 "-" "-"
172.192.53.124 - - [20/Jul/2025:16:31:51 +0000] "GET /wp-content/upgrade/index.php HTTP/1.1" 200 417 "-" "-"
172.192.53.124 - - [20/Jul/2025:16:31:51 +0000] "GET /wp-includes/IXR/index.php HTTP/1.1" 403 417 "-" "-"
172.192.53.124 - - [20/Jul/2025:16:31:51 +0000] "GET /wp-includes/fonts/admin.php HTTP/1.1" 403 417 "-" "-"
172.192.53.124 - - [20/Jul/2025:16:31:51 +0000] "GET /wp-admin/function.php HTTP/1.1" 403 417 "-" "-"
172.192.53.124 - - [20/Jul/2025:16:31:52 +0000] "GET /themes.php HTTP/1.1" 200 417 "-" "-"
172.192.53.124 - - [20/Jul/2025:16:31:52 +0000] "GET /wp-includes/Text/wp-conflg.php HTTP/1.1" 403 417 "-" "-"
172.192.53.124 - - [20/Jul/2025:16:31:52 +0000] "GET /wp-content/languages/chosen.php HTTP/1.1" 200 417 "-" "-"
172.192.53.124 - - [20/Jul/2025:16:31:52 +0000] "GET /wp-includes/html-api/index.php HTTP/1.1" 403 417 "-" "-"
172.192.53.124 - - [20/Jul/2025:16:31:52 +0000] "GET /mail.php HTTP/1.1" 200 417 "-" "-"
172.192.53.124 - - [20/Jul/2025:16:31:52 +0000] "GET /wp-admin/log.php HTTP/1.1" 403 417 "-" "-"
172.192.53.124 - - [20/Jul/2025:16:31:52 +0000] "GET /wp-includes/js/codemirror/index.php HTTP/1.1" 403 417 "-" "-"
172.192.53.124 - - [20/Jul/2025:16:31:52 +0000] "GET /wp-includes/SimplePie/index.php HTTP/1.1" 403 417 "-" "-"
172.192.53.124 - - [20/Jul/2025:16:31:53 +0000] "GET /wp-includes/block-patterns/index.php HTTP/1.1" 403 417 "-" "-"
172.192.53.124 - - [20/Jul/2025:16:31:53 +0000] "GET /.well-known/pki-validation/index.php HTTP/1.1" 404 - "-" "-"
172.192.53.124 - - [20/Jul/2025:16:31:53 +0000] "GET /wp-admin/classwithtostring.php HTTP/1.1" 403 417 "-" "-"
172.192.53.124 - - [20/Jul/2025:16:31:53 +0000] "GET /atomlib.php HTTP/1.1" 200 417 "-" "-"
172.192.53.124 - - [20/Jul/2025:16:31:53 +0000] "GET /wp-includes/Text/Diff/about.php HTTP/1.1" 403 417 "-" "-"
172.192.53.124 - - [20/Jul/2025:16:31:53 +0000] "GET /bless.php HTTP/1.1" 200 417 "-" "-"
172.192.53.124 - - [20/Jul/2025:16:31:53 +0000] "GET /wp-conflg.php HTTP/1.1" 200 417 "-" "-"
172.192.53.124 - - [20/Jul/2025:16:31:53 +0000] "GET /class.php HTTP/1.1" 200 417 "-" "-"
172.192.53.124 - - [20/Jul/2025:16:31:54 +0000] "GET /wp-content/plugins/wp-help/index.php HTTP/1.1" 200 417 "-" "-"
172.192.53.124 - - [20/Jul/2025:16:31:54 +0000] "GET /wp-admin/includes/xmrlpc.php HTTP/1.1" 403 417 "-" "-"
172.192.53.124 - - [20/Jul/2025:16:31:54 +0000] "GET /wp-content/themes/twentytwentytwo/index.php HTTP/1.1" 403 417 "-" "-"
172.192.53.124 - - [20/Jul/2025:16:31:54 +0000] "GET /cgi-bin/cgi-bin/about.php7 HTTP/1.1" 200 417 "-" "-"
172.192.53.124 - - [20/Jul/2025:16:31:54 +0000] "GET /wp-content/cong.php HTTP/1.1" 403 417 "-" "-"
172.192.53.124 - - [20/Jul/2025:16:31:54 +0000] "GET /wp-includes/style-engine/index.php HTTP/1.1" 403 417 "-" "-"
172.192.53.124 - - [20/Jul/2025:16:31:55 +0000] "GET /wp-mail.php/wp-includes/ID3/getid3s.php HTTP/1.1" 403 2520 "-" "-"
172.192.53.124 - - [20/Jul/2025:16:31:55 +0000] "GET /wp-includes/Text/Diff/Engine/about.php HTTP/1.1" 403 417 "-" "-"
172.192.53.124 - - [20/Jul/2025:16:31:55 +0000] "GET /wp-content/plugins/hellopress/wp_filemanager.php HTTP/1.1" 200 417 "-" "-"
172.192.53.124 - - [20/Jul/2025:16:31:56 +0000] "GET /cc.php HTTP/1.1" 200 417 "-" "-"
66.249.65.96 - - [20/Jul/2025:16:39:42 +0000] "GET /?f=5330409061370&mod=f3a3d61b&uri=info.php?item/5477426.shtml HTTP/1.1" 200 20336 "-" "Mozilla/5.0 (Linux; Android 6.0.1; Nexus 5X Build/MMB29P) AppleWebKit/537.36 (KHTML, like Gecko) Chrome/137.0.7151.103 Mobile Safari/537.36 (compatible; Googlebot/2.1; +http://www.google.com/bot.html)"