209.74.77.214 - - [20/Jul/2025:13:30:29 +0000] "POST /wp-cron.php?doing_wp_cron=1753018229.9091019630432128906250 HTTP/1.1" 200 - "-" "WordPress/6.8.2; https://gardenify.com.au"
20.171.207.73 - - [20/Jul/2025:13:30:28 +0000] "GET /goodscode/56664281.shtm HTTP/1.1" 404 11743 "-" "Mozilla/5.0 AppleWebKit/537.36 (KHTML, like Gecko; compatible; GPTBot/1.2; +https://openai.com/gptbot)"
209.74.77.214 - - [20/Jul/2025:13:30:29 +0000] "POST /wp-admin/admin-ajax.php?action=async_litespeed&nonce=TaA9HLSB5jEv6BA8GRY4BspXBUDSyLy1&litespeed_type=imgoptm HTTP/1.1" 200 21 "-" "WordPress/6.8.2; https://gardenify.com.au"
209.74.77.214 - - [20/Jul/2025:13:31:13 +0000] "POST /wp-cron.php?doing_wp_cron=1753018273.3427519798278808593750 HTTP/1.1" 200 - "-" "WordPress/6.8.2; https://gardenify.com.au"
57.141.2.27 - - [20/Jul/2025:13:31:12 +0000] "GET /?s=5353782021490& HTTP/1.1" 200 50568 "-" "meta-externalagent/1.1 (+https://developers.facebook.com/docs/sharing/webmasters/crawler)"
209.74.77.214 - - [20/Jul/2025:13:31:13 +0000] "POST /wp-admin/admin-ajax.php?action=async_litespeed&nonce=L60rEBeC96DzQPcZUOMaQvGm3L0AuEwt&litespeed_type=imgoptm HTTP/1.1" 200 21 "-" "WordPress/6.8.2; https://gardenify.com.au"
57.141.2.23 - - [20/Jul/2025:13:31:19 +0000] "GET /goodscode/862478.shtm HTTP/1.1" 301 - "-" "meta-externalagent/1.1 (+https://developers.facebook.com/docs/sharing/webmasters/crawler)"
209.74.77.214 - - [20/Jul/2025:13:31:34 +0000] "POST /wp-cron.php?doing_wp_cron=1753018293.9385759830474853515625 HTTP/1.1" 200 - "-" "WordPress/6.8.2; https://gardenify.com.au"
20.171.207.73 - - [20/Jul/2025:13:31:33 +0000] "GET /goodscode/56664141.shtm HTTP/1.1" 404 11743 "-" "Mozilla/5.0 AppleWebKit/537.36 (KHTML, like Gecko; compatible; GPTBot/1.2; +https://openai.com/gptbot)"
57.141.2.30 - - [20/Jul/2025:13:31:37 +0000] "GET /goodscode/862478.shtm HTTP/1.1" 404 50359 "-" "meta-externalagent/1.1 (+https://developers.facebook.com/docs/sharing/webmasters/crawler)"
209.74.77.214 - - [20/Jul/2025:13:32:40 +0000] "POST /wp-cron.php?doing_wp_cron=1753018360.3428120613098144531250 HTTP/1.1" 200 - "-" "WordPress/6.8.2; https://gardenify.com.au"
20.171.207.73 - - [20/Jul/2025:13:32:38 +0000] "GET /goodscode/56668951.shtm HTTP/1.1" 404 11744 "-" "Mozilla/5.0 AppleWebKit/537.36 (KHTML, like Gecko; compatible; GPTBot/1.2; +https://openai.com/gptbot)"
209.74.77.214 - - [20/Jul/2025:13:32:40 +0000] "POST /wp-admin/admin-ajax.php?action=async_litespeed&nonce=abt3VMaI9GzfBLPvhWTaBb7o25OXsPSZ&litespeed_type=imgoptm HTTP/1.1" 200 21 "-" "WordPress/6.8.2; https://gardenify.com.au"
209.74.77.214 - - [20/Jul/2025:13:33:24 +0000] "POST /wp-cron.php?doing_wp_cron=1753018404.3098030090332031250000 HTTP/1.1" 200 - "-" "WordPress/6.8.2; https://gardenify.com.au"
57.141.2.28 - - [20/Jul/2025:13:33:23 +0000] "GET /?s=118522187021490& HTTP/1.1" 200 50578 "-" "meta-externalagent/1.1 (+https://developers.facebook.com/docs/sharing/webmasters/crawler)"
209.74.77.214 - - [20/Jul/2025:13:33:24 +0000] "POST /wp-admin/admin-ajax.php?action=async_litespeed&nonce=Kwv20Djv61A2326JIZCqxReYtGJJPUoR&litespeed_type=imgoptm HTTP/1.1" 200 21 "-" "WordPress/6.8.2; https://gardenify.com.au"
20.171.207.73 - - [20/Jul/2025:13:33:41 +0000] "GET /goodscode/56664684.shtm HTTP/1.1" 404 11744 "-" "Mozilla/5.0 AppleWebKit/537.36 (KHTML, like Gecko; compatible; GPTBot/1.2; +https://openai.com/gptbot)"
216.73.216.41 - - [20/Jul/2025:13:34:01 +0000] "GET /sitemap-1.xml HTTP/1.1" 200 3761 "-" "Mozilla/5.0 AppleWebKit/537.36 (KHTML, like Gecko; compatible; ClaudeBot/1.0; [email protected])"
209.74.77.214 - - [20/Jul/2025:13:34:21 +0000] "POST /wp-cron.php?doing_wp_cron=1753018460.9966809749603271484375 HTTP/1.1" 200 - "-" "WordPress/6.8.2; https://gardenify.com.au"
57.141.2.21 - - [20/Jul/2025:13:34:20 +0000] "GET /?s=8074243011490& HTTP/1.1" 200 50568 "-" "meta-externalagent/1.1 (+https://developers.facebook.com/docs/sharing/webmasters/crawler)"
209.74.77.214 - - [20/Jul/2025:13:34:21 +0000] "POST /wp-admin/admin-ajax.php?action=async_litespeed&nonce=C6eQQLqXK6g9mNOaIEfcrCjFnswYfZgQ&litespeed_type=imgoptm HTTP/1.1" 200 21 "-" "WordPress/6.8.2; https://gardenify.com.au"
209.74.77.214 - - [20/Jul/2025:13:34:47 +0000] "POST /wp-cron.php?doing_wp_cron=1753018487.1084609031677246093750 HTTP/1.1" 200 - "-" "WordPress/6.8.2; https://gardenify.com.au"
20.171.207.73 - - [20/Jul/2025:13:34:46 +0000] "GET /goodscode/56667611.shtm HTTP/1.1" 404 11744 "-" "Mozilla/5.0 AppleWebKit/537.36 (KHTML, like Gecko; compatible; GPTBot/1.2; +https://openai.com/gptbot)"
209.74.77.214 - - [20/Jul/2025:13:35:50 +0000] "POST /wp-cron.php?doing_wp_cron=1753018550.3863179683685302734375 HTTP/1.1" 200 - "-" "WordPress/6.8.2; https://gardenify.com.au"
20.171.207.73 - - [20/Jul/2025:13:35:49 +0000] "GET /goodscode/56694999.shtm HTTP/1.1" 404 11744 "-" "Mozilla/5.0 AppleWebKit/537.36 (KHTML, like Gecko; compatible; GPTBot/1.2; +https://openai.com/gptbot)"
209.74.77.214 - - [20/Jul/2025:13:35:50 +0000] "POST /wp-admin/admin-ajax.php?action=async_litespeed&nonce=KI8aE53sgHcV5rU0k0wxkGHzI25kRbZy&litespeed_type=imgoptm HTTP/1.1" 200 21 "-" "WordPress/6.8.2; https://gardenify.com.au"
209.74.77.214 - - [20/Jul/2025:13:36:14 +0000] "POST /wp-cron.php?doing_wp_cron=1753018574.5586359500885009765625 HTTP/1.1" 200 - "-" "WordPress/6.8.2; https://gardenify.com.au"
57.141.2.20 - - [20/Jul/2025:13:36:14 +0000] "GET /goodscode/848410.shtm HTTP/1.1" 301 - "-" "meta-externalagent/1.1 (+https://developers.facebook.com/docs/sharing/webmasters/crawler)"
209.74.77.214 - - [20/Jul/2025:13:36:14 +0000] "POST /wp-admin/admin-ajax.php?action=async_litespeed&nonce=oIgdektZxbziRJsvmd6jnvyetLRs06IY&litespeed_type=imgoptm HTTP/1.1" 200 21 "-" "WordPress/6.8.2; https://gardenify.com.au"
57.141.2.5 - - [20/Jul/2025:13:36:15 +0000] "GET /goodscode/848410.shtm HTTP/1.1" 404 50359 "-" "meta-externalagent/1.1 (+https://developers.facebook.com/docs/sharing/webmasters/crawler)"
209.74.77.214 - - [20/Jul/2025:13:36:53 +0000] "POST /wp-cron.php?doing_wp_cron=1753018613.7650270462036132812500 HTTP/1.1" 200 - "-" "WordPress/6.8.2; https://gardenify.com.au"
20.171.207.73 - - [20/Jul/2025:13:36:51 +0000] "GET /goodscode/56667654.shtm HTTP/1.1" 404 11744 "-" "Mozilla/5.0 AppleWebKit/537.36 (KHTML, like Gecko; compatible; GPTBot/1.2; +https://openai.com/gptbot)"
209.74.77.214 - - [20/Jul/2025:13:36:53 +0000] "POST /wp-admin/admin-ajax.php?action=async_litespeed&nonce=kv6XOSc8bYm5FaoGFSHb7h46twBtIODW&litespeed_type=imgoptm HTTP/1.1" 200 21 "-" "WordPress/6.8.2; https://gardenify.com.au"
209.74.77.214 - - [20/Jul/2025:13:37:25 +0000] "POST /wp-cron.php?doing_wp_cron=1753018645.7642490863800048828125 HTTP/1.1" 200 - "-" "WordPress/6.8.2; https://gardenify.com.au"
57.141.2.7 - - [20/Jul/2025:13:37:24 +0000] "GET /goodscode/15935929.shtm HTTP/1.1" 404 50359 "-" "meta-externalagent/1.1 (+https://developers.facebook.com/docs/sharing/webmasters/crawler)"
209.74.77.214 - - [20/Jul/2025:13:37:56 +0000] "POST /wp-cron.php?doing_wp_cron=1753018675.2872419357299804687500 HTTP/1.1" 200 - "-" "WordPress/6.8.2; https://gardenify.com.au"
20.171.207.73 - - [20/Jul/2025:13:37:55 +0000] "GET /goodscode/56674666.shtm HTTP/1.1" 404 11744 "-" "Mozilla/5.0 AppleWebKit/537.36 (KHTML, like Gecko; compatible; GPTBot/1.2; +https://openai.com/gptbot)"
209.74.77.214 - - [20/Jul/2025:13:37:56 +0000] "POST /wp-admin/admin-ajax.php?action=async_litespeed&nonce=1ADMWvsAUJFu0NXSolBXisDYbY7oqOps&litespeed_type=imgoptm HTTP/1.1" 200 21 "-" "WordPress/6.8.2; https://gardenify.com.au"
209.74.77.214 - - [20/Jul/2025:13:39:03 +0000] "POST /wp-cron.php?doing_wp_cron=1753018741.6400740146636962890625 HTTP/1.1" 200 - "-" "WordPress/6.8.2; https://gardenify.com.au"
20.171.207.73 - - [20/Jul/2025:13:39:00 +0000] "GET /goodscode/56664937.shtm HTTP/1.1" 404 11744 "-" "Mozilla/5.0 AppleWebKit/537.36 (KHTML, like Gecko; compatible; GPTBot/1.2; +https://openai.com/gptbot)"
209.74.77.214 - - [20/Jul/2025:13:39:04 +0000] "POST /wp-admin/admin-ajax.php?action=async_litespeed&nonce=haKgREbpRFDJq4YRYD0E2fgNsHArrNiD&litespeed_type=imgoptm HTTP/1.1" 200 21 "-" "WordPress/6.8.2; https://gardenify.com.au"
216.73.216.41 - - [20/Jul/2025:13:39:57 +0000] "GET /db.php/sitemap-8.xml HTTP/1.1" 200 13863 "-" "Mozilla/5.0 AppleWebKit/537.36 (KHTML, like Gecko; compatible; ClaudeBot/1.0; [email protected])"
209.74.77.214 - - [20/Jul/2025:13:40:01 +0000] "POST /wp-cron.php?doing_wp_cron=1753018801.6135649681091308593750 HTTP/1.1" 200 - "-" "WordPress/6.8.2; https://gardenify.com.au"
20.171.207.73 - - [20/Jul/2025:13:40:00 +0000] "GET /goodscode/56667907.shtm HTTP/1.1" 404 11744 "-" "Mozilla/5.0 AppleWebKit/537.36 (KHTML, like Gecko; compatible; GPTBot/1.2; +https://openai.com/gptbot)"
209.74.77.214 - - [20/Jul/2025:13:40:02 +0000] "POST /wp-admin/admin-ajax.php?action=async_litespeed&nonce=6v1ASV2cgAfidG7C9mx4xRMB0uT7JXIx&litespeed_type=imgoptm HTTP/1.1" 200 21 "-" "WordPress/6.8.2; https://gardenify.com.au"
209.74.77.214 - - [20/Jul/2025:13:40:37 +0000] "POST /wp-cron.php?doing_wp_cron=1753018837.8049740791320800781250 HTTP/1.1" 200 - "-" "WordPress/6.8.2; https://gardenify.com.au"
57.141.2.15 - - [20/Jul/2025:13:40:36 +0000] "GET /?s=57820956081490& HTTP/1.1" 200 50573 "-" "meta-externalagent/1.1 (+https://developers.facebook.com/docs/sharing/webmasters/crawler)"
209.74.77.214 - - [20/Jul/2025:13:41:04 +0000] "POST /wp-cron.php?doing_wp_cron=1753018864.1220450401306152343750 HTTP/1.1" 200 - "-" "WordPress/6.8.2; https://gardenify.com.au"
20.171.207.73 - - [20/Jul/2025:13:41:03 +0000] "GET /goodscode/56665389.shtm HTTP/1.1" 404 11744 "-" "Mozilla/5.0 AppleWebKit/537.36 (KHTML, like Gecko; compatible; GPTBot/1.2; +https://openai.com/gptbot)"
209.74.77.214 - - [20/Jul/2025:13:41:04 +0000] "POST /wp-admin/admin-ajax.php?action=async_litespeed&nonce=Sop5VIhMUnI29RDQOcp0bl2hYnCEtuL9&litespeed_type=imgoptm HTTP/1.1" 200 21 "-" "WordPress/6.8.2; https://gardenify.com.au"
209.74.77.214 - - [20/Jul/2025:13:41:39 +0000] "POST /wp-cron.php?doing_wp_cron=1753018899.9773840904235839843750 HTTP/1.1" 200 - "-" "WordPress/6.8.2; https://gardenify.com.au"
57.141.2.25 - - [20/Jul/2025:13:41:39 +0000] "GET /?s=3530172021490& HTTP/1.1" 200 50568 "-" "meta-externalagent/1.1 (+https://developers.facebook.com/docs/sharing/webmasters/crawler)"
57.141.2.14 - - [20/Jul/2025:13:41:47 +0000] "GET /search/57352165111490/feed/rss2/ HTTP/1.1" 200 1209 "-" "meta-externalagent/1.1 (+https://developers.facebook.com/docs/sharing/webmasters/crawler)"
209.74.77.214 - - [20/Jul/2025:13:42:09 +0000] "POST /wp-cron.php?doing_wp_cron=1753018929.0342988967895507812500 HTTP/1.1" 200 - "-" "WordPress/6.8.2; https://gardenify.com.au"
20.171.207.73 - - [20/Jul/2025:13:42:08 +0000] "GET /goodscode/56664232.shtm HTTP/1.1" 404 11744 "-" "Mozilla/5.0 AppleWebKit/537.36 (KHTML, like Gecko; compatible; GPTBot/1.2; +https://openai.com/gptbot)"
209.74.77.214 - - [20/Jul/2025:13:42:09 +0000] "POST /wp-admin/admin-ajax.php?action=async_litespeed&nonce=NqO3dsKNbjjFvpU8m4BtOK4UDc3M5Rsu&litespeed_type=imgoptm HTTP/1.1" 200 21 "-" "WordPress/6.8.2; https://gardenify.com.au"
209.74.77.214 - - [20/Jul/2025:13:42:38 +0000] "POST /wp-cron.php?doing_wp_cron=1753018958.2894759178161621093750 HTTP/1.1" 200 - "-" "WordPress/6.8.2; https://gardenify.com.au"
57.141.2.15 - - [20/Jul/2025:13:42:38 +0000] "GET /?s=6525685011490& HTTP/1.1" 200 50568 "-" "meta-externalagent/1.1 (+https://developers.facebook.com/docs/sharing/webmasters/crawler)"
57.141.2.27 - - [20/Jul/2025:13:42:38 +0000] "GET /?s=93164539011490& HTTP/1.1" 200 50573 "-" "meta-externalagent/1.1 (+https://developers.facebook.com/docs/sharing/webmasters/crawler)"
209.74.77.214 - - [20/Jul/2025:13:43:10 +0000] "POST /wp-cron.php?doing_wp_cron=1753018990.8418920040130615234375 HTTP/1.1" 200 - "-" "WordPress/6.8.2; https://gardenify.com.au"
20.171.207.73 - - [20/Jul/2025:13:43:09 +0000] "GET /goodscode/56665120.shtm HTTP/1.1" 404 11744 "-" "Mozilla/5.0 AppleWebKit/537.36 (KHTML, like Gecko; compatible; GPTBot/1.2; +https://openai.com/gptbot)"
209.74.77.214 - - [20/Jul/2025:13:43:10 +0000] "POST /wp-admin/admin-ajax.php?action=async_litespeed&nonce=HALKCUlQr1hxIF6EpyhwIebL0NzvPLjb&litespeed_type=imgoptm HTTP/1.1" 200 21 "-" "WordPress/6.8.2; https://gardenify.com.au"
209.74.77.214 - - [20/Jul/2025:13:44:14 +0000] "POST /wp-cron.php?doing_wp_cron=1753019054.0522439479827880859375 HTTP/1.1" 200 - "-" "WordPress/6.8.2; https://gardenify.com.au"
20.171.207.73 - - [20/Jul/2025:13:44:12 +0000] "GET /goodscode/56665981.shtm HTTP/1.1" 404 11744 "-" "Mozilla/5.0 AppleWebKit/537.36 (KHTML, like Gecko; compatible; GPTBot/1.2; +https://openai.com/gptbot)"
209.74.77.214 - - [20/Jul/2025:13:44:14 +0000] "POST /wp-admin/admin-ajax.php?action=async_litespeed&nonce=tzlRB7OlThrR6XNsc1vYoZPLqOlcce7D&litespeed_type=imgoptm HTTP/1.1" 200 21 "-" "WordPress/6.8.2; https://gardenify.com.au"
216.73.216.41 - - [20/Jul/2025:13:44:24 +0000] "GET /robots.txt HTTP/1.1" 200 229 "-" "Mozilla/5.0 AppleWebKit/537.36 (KHTML, like Gecko; compatible; ClaudeBot/1.0; [email protected])"
216.73.216.41 - - [20/Jul/2025:13:44:24 +0000] "GET /db.php/sitemap-1.xml HTTP/1.1" 200 13888 "-" "Mozilla/5.0 AppleWebKit/537.36 (KHTML, like Gecko; compatible; ClaudeBot/1.0; [email protected])"
216.73.216.41 - - [20/Jul/2025:13:44:24 +0000] "GET /sitemap.xml HTTP/1.1" 200 3805 "-" "Mozilla/5.0 AppleWebKit/537.36 (KHTML, like Gecko; compatible; ClaudeBot/1.0; [email protected])"
216.73.216.41 - - [20/Jul/2025:13:44:25 +0000] "GET /sitemap-12.xml HTTP/1.1" 200 3762 "-" "Mozilla/5.0 AppleWebKit/537.36 (KHTML, like Gecko; compatible; ClaudeBot/1.0; [email protected])"
209.74.77.214 - - [20/Jul/2025:13:45:14 +0000] "POST /wp-cron.php?doing_wp_cron=1753019114.1480510234832763671875 HTTP/1.1" 200 - "-" "WordPress/6.8.2; https://gardenify.com.au"
20.171.207.73 - - [20/Jul/2025:13:45:12 +0000] "GET /goodscode/56667644.shtm HTTP/1.1" 404 11744 "-" "Mozilla/5.0 AppleWebKit/537.36 (KHTML, like Gecko; compatible; GPTBot/1.2; +https://openai.com/gptbot)"
209.74.77.214 - - [20/Jul/2025:13:45:14 +0000] "POST /wp-admin/admin-ajax.php?action=async_litespeed&nonce=uOpr5sfTlOyA3ruoKLCtjNxqhAF8XhXa&litespeed_type=imgoptm HTTP/1.1" 200 21 "-" "WordPress/6.8.2; https://gardenify.com.au"
209.74.77.214 - - [20/Jul/2025:13:46:14 +0000] "POST /wp-cron.php?doing_wp_cron=1753019174.7580690383911132812500 HTTP/1.1" 200 - "-" "WordPress/6.8.2; https://gardenify.com.au"
20.171.207.73 - - [20/Jul/2025:13:46:13 +0000] "GET /goodscode/56667794.shtm HTTP/1.1" 404 11744 "-" "Mozilla/5.0 AppleWebKit/537.36 (KHTML, like Gecko; compatible; GPTBot/1.2; +https://openai.com/gptbot)"
209.74.77.214 - - [20/Jul/2025:13:46:14 +0000] "POST /wp-admin/admin-ajax.php?action=async_litespeed&nonce=OK2p5dk4kuMmcFa61QsTGlDc7gUbSl90&litespeed_type=imgoptm HTTP/1.1" 200 21 "-" "WordPress/6.8.2; https://gardenify.com.au"
209.74.77.214 - - [20/Jul/2025:13:46:34 +0000] "POST /wp-cron.php?doing_wp_cron=1753019194.4519200325012207031250 HTTP/1.1" 200 - "-" "WordPress/6.8.2; https://gardenify.com.au"
57.141.2.26 - - [20/Jul/2025:13:46:34 +0000] "GET /goodscode/15945863.shtm HTTP/1.1" 404 50359 "-" "meta-externalagent/1.1 (+https://developers.facebook.com/docs/sharing/webmasters/crawler)"
57.141.2.13 - - [20/Jul/2025:13:46:41 +0000] "GET /?s=93975840001490& HTTP/1.1" 200 50573 "-" "meta-externalagent/1.1 (+https://developers.facebook.com/docs/sharing/webmasters/crawler)"
57.141.2.29 - - [20/Jul/2025:13:46:42 +0000] "GET /goodscode/15919955.shtm HTTP/1.1" 404 50359 "-" "meta-externalagent/1.1 (+https://developers.facebook.com/docs/sharing/webmasters/crawler)"
209.74.77.214 - - [20/Jul/2025:13:47:05 +0000] "POST /wp-cron.php?doing_wp_cron=1753019225.0949199199676513671875 HTTP/1.1" 200 - "-" "WordPress/6.8.2; https://gardenify.com.au"
57.141.2.13 - - [20/Jul/2025:13:47:04 +0000] "GET /goodscode/15946268.shtm HTTP/1.1" 404 50359 "-" "meta-externalagent/1.1 (+https://developers.facebook.com/docs/sharing/webmasters/crawler)"
209.74.77.214 - - [20/Jul/2025:13:47:05 +0000] "POST /wp-admin/admin-ajax.php?action=async_litespeed&nonce=5cp5qWE1DGdBp60es2rXb0yS9VMLjkCU&litespeed_type=imgoptm HTTP/1.1" 200 21 "-" "WordPress/6.8.2; https://gardenify.com.au"
20.171.207.73 - - [20/Jul/2025:13:47:15 +0000] "GET /goodscode/56665539.shtm HTTP/1.1" 404 11744 "-" "Mozilla/5.0 AppleWebKit/537.36 (KHTML, like Gecko; compatible; GPTBot/1.2; +https://openai.com/gptbot)"
209.74.77.214 - - [20/Jul/2025:13:48:18 +0000] "POST /wp-cron.php?doing_wp_cron=1753019298.4952900409698486328125 HTTP/1.1" 200 - "-" "WordPress/6.8.2; https://gardenify.com.au"
20.171.207.73 - - [20/Jul/2025:13:48:17 +0000] "GET /goodscode/56677784.shtm HTTP/1.1" 404 11744 "-" "Mozilla/5.0 AppleWebKit/537.36 (KHTML, like Gecko; compatible; GPTBot/1.2; +https://openai.com/gptbot)"
209.74.77.214 - - [20/Jul/2025:13:48:18 +0000] "POST /wp-admin/admin-ajax.php?action=async_litespeed&nonce=tjg4HmKueRvWk13aFmBwAuUMEV14JjFX&litespeed_type=imgoptm HTTP/1.1" 200 21 "-" "WordPress/6.8.2; https://gardenify.com.au"
216.73.216.41 - - [20/Jul/2025:13:49:03 +0000] "GET /db.php/sitemap-9.xml HTTP/1.1" 200 13891 "-" "Mozilla/5.0 AppleWebKit/537.36 (KHTML, like Gecko; compatible; ClaudeBot/1.0; [email protected])"
209.74.77.214 - - [20/Jul/2025:13:49:06 +0000] "POST /wp-cron.php?doing_wp_cron=1753019346.9512009620666503906250 HTTP/1.1" 200 - "-" "WordPress/6.8.2; https://gardenify.com.au"
57.141.2.30 - - [20/Jul/2025:13:49:06 +0000] "GET /?s=118054533051490& HTTP/1.1" 200 50578 "-" "meta-externalagent/1.1 (+https://developers.facebook.com/docs/sharing/webmasters/crawler)"
209.74.77.214 - - [20/Jul/2025:13:49:07 +0000] "POST /wp-admin/admin-ajax.php?action=async_litespeed&nonce=L98XoeRvykHD6AbPgnR9eizBEVxXj4lo&litespeed_type=imgoptm HTTP/1.1" 200 21 "-" "WordPress/6.8.2; https://gardenify.com.au"
20.171.207.73 - - [20/Jul/2025:13:49:19 +0000] "GET /goodscode/56665899.shtm HTTP/1.1" 404 11744 "-" "Mozilla/5.0 AppleWebKit/537.36 (KHTML, like Gecko; compatible; GPTBot/1.2; +https://openai.com/gptbot)"
209.74.77.214 - - [20/Jul/2025:13:50:11 +0000] "POST /wp-cron.php?doing_wp_cron=1753019410.7245988845825195312500 HTTP/1.1" 200 - "-" "WordPress/6.8.2; https://gardenify.com.au"
57.141.2.21 - - [20/Jul/2025:13:50:09 +0000] "GET /goodscode/67228564.shtm HTTP/1.1" 404 50359 "-" "meta-externalagent/1.1 (+https://developers.facebook.com/docs/sharing/webmasters/crawler)"
209.74.77.214 - - [20/Jul/2025:13:50:11 +0000] "POST /wp-admin/admin-ajax.php?action=async_litespeed&nonce=UKA4bb3X32D5iuObQXgki2WrgZnJ35k1&litespeed_type=imgoptm HTTP/1.1" 200 21 "-" "WordPress/6.8.2; https://gardenify.com.au"
216.73.216.41 - - [20/Jul/2025:13:50:11 +0000] "GET /goodscode/34505090.shtm HTTP/1.1" 404 11744 "-" "Mozilla/5.0 AppleWebKit/537.36 (KHTML, like Gecko; compatible; ClaudeBot/1.0; [email protected])"
216.73.216.41 - - [20/Jul/2025:13:50:12 +0000] "GET /sitemap-15.xml HTTP/1.1" 200 3763 "-" "Mozilla/5.0 AppleWebKit/537.36 (KHTML, like Gecko; compatible; ClaudeBot/1.0; [email protected])"
216.73.216.41 - - [20/Jul/2025:13:50:12 +0000] "GET /goodscode/34514266.shtm HTTP/1.1" 404 11744 "-" "Mozilla/5.0 AppleWebKit/537.36 (KHTML, like Gecko; compatible; ClaudeBot/1.0; [email protected])"
216.73.216.41 - - [20/Jul/2025:13:50:12 +0000] "GET /goodscode/34505877.shtm HTTP/1.1" 404 11744 "-" "Mozilla/5.0 AppleWebKit/537.36 (KHTML, like Gecko; compatible; ClaudeBot/1.0; [email protected])"
216.73.216.41 - - [20/Jul/2025:13:50:12 +0000] "GET /sitemap-18.xml HTTP/1.1" 200 3763 "-" "Mozilla/5.0 AppleWebKit/537.36 (KHTML, like Gecko; compatible; ClaudeBot/1.0; [email protected])"
216.73.216.41 - - [20/Jul/2025:13:50:12 +0000] "GET /goodscode/34520003.shtm HTTP/1.1" 404 11744 "-" "Mozilla/5.0 AppleWebKit/537.36 (KHTML, like Gecko; compatible; ClaudeBot/1.0; [email protected])"
216.73.216.41 - - [20/Jul/2025:13:50:13 +0000] "GET /goodscode/34516145.shtm HTTP/1.1" 404 11744 "-" "Mozilla/5.0 AppleWebKit/537.36 (KHTML, like Gecko; compatible; ClaudeBot/1.0; [email protected])"
216.73.216.41 - - [20/Jul/2025:13:50:13 +0000] "GET /goodscode/34514897.shtm HTTP/1.1" 404 11744 "-" "Mozilla/5.0 AppleWebKit/537.36 (KHTML, like Gecko; compatible; ClaudeBot/1.0; [email protected])"
216.73.216.41 - - [20/Jul/2025:13:50:13 +0000] "GET /goodscode/34526145.shtm HTTP/1.1" 404 11744 "-" "Mozilla/5.0 AppleWebKit/537.36 (KHTML, like Gecko; compatible; ClaudeBot/1.0; [email protected])"
216.73.216.41 - - [20/Jul/2025:13:50:13 +0000] "GET /sitemap-20.xml HTTP/1.1" 200 3763 "-" "Mozilla/5.0 AppleWebKit/537.36 (KHTML, like Gecko; compatible; ClaudeBot/1.0; [email protected])"
216.73.216.41 - - [20/Jul/2025:13:50:13 +0000] "GET /goodscode/34520998.shtm HTTP/1.1" 404 11744 "-" "Mozilla/5.0 AppleWebKit/537.36 (KHTML, like Gecko; compatible; ClaudeBot/1.0; [email protected])"
216.73.216.41 - - [20/Jul/2025:13:50:14 +0000] "GET /sitemap-11.xml HTTP/1.1" 200 3764 "-" "Mozilla/5.0 AppleWebKit/537.36 (KHTML, like Gecko; compatible; ClaudeBot/1.0; [email protected])"
216.73.216.41 - - [20/Jul/2025:13:50:14 +0000] "GET /sitemap-10.xml HTTP/1.1" 200 3763 "-" "Mozilla/5.0 AppleWebKit/537.36 (KHTML, like Gecko; compatible; ClaudeBot/1.0; [email protected])"
216.73.216.41 - - [20/Jul/2025:13:50:14 +0000] "GET /sitemap-7.xml HTTP/1.1" 200 3763 "-" "Mozilla/5.0 AppleWebKit/537.36 (KHTML, like Gecko; compatible; ClaudeBot/1.0; [email protected])"
216.73.216.41 - - [20/Jul/2025:13:50:14 +0000] "GET /goodscode/34515672.shtm HTTP/1.1" 404 11744 "-" "Mozilla/5.0 AppleWebKit/537.36 (KHTML, like Gecko; compatible; ClaudeBot/1.0; [email protected])"
216.73.216.41 - - [20/Jul/2025:13:50:14 +0000] "GET /goodscode/34532016.shtm HTTP/1.1" 404 11744 "-" "Mozilla/5.0 AppleWebKit/537.36 (KHTML, like Gecko; compatible; ClaudeBot/1.0; [email protected])"
216.73.216.41 - - [20/Jul/2025:13:50:14 +0000] "GET /goodscode/34509643.shtm HTTP/1.1" 404 11744 "-" "Mozilla/5.0 AppleWebKit/537.36 (KHTML, like Gecko; compatible; ClaudeBot/1.0; [email protected])"
216.73.216.41 - - [20/Jul/2025:13:50:14 +0000] "GET /sitemap-4.xml HTTP/1.1" 200 3761 "-" "Mozilla/5.0 AppleWebKit/537.36 (KHTML, like Gecko; compatible; ClaudeBot/1.0; [email protected])"
216.73.216.41 - - [20/Jul/2025:13:50:14 +0000] "GET /goodscode/34505246.shtm HTTP/1.1" 404 11744 "-" "Mozilla/5.0 AppleWebKit/537.36 (KHTML, like Gecko; compatible; ClaudeBot/1.0; [email protected])"
216.73.216.41 - - [20/Jul/2025:13:50:15 +0000] "GET /sitemap.xml HTTP/1.1" 200 3790 "-" "Mozilla/5.0 AppleWebKit/537.36 (KHTML, like Gecko; compatible; ClaudeBot/1.0; [email protected])"
216.73.216.41 - - [20/Jul/2025:13:50:15 +0000] "GET /sitemap-12.xml HTTP/1.1" 200 3762 "-" "Mozilla/5.0 AppleWebKit/537.36 (KHTML, like Gecko; compatible; ClaudeBot/1.0; [email protected])"
216.73.216.41 - - [20/Jul/2025:13:50:15 +0000] "GET /goodscode/34504562.shtm HTTP/1.1" 404 11744 "-" "Mozilla/5.0 AppleWebKit/537.36 (KHTML, like Gecko; compatible; ClaudeBot/1.0; [email protected])"
216.73.216.41 - - [20/Jul/2025:13:50:15 +0000] "GET /sitemap-3.xml HTTP/1.1" 200 3761 "-" "Mozilla/5.0 AppleWebKit/537.36 (KHTML, like Gecko; compatible; ClaudeBot/1.0; [email protected])"
216.73.216.41 - - [20/Jul/2025:13:50:15 +0000] "GET /sitemap-1.xml HTTP/1.1" 200 3761 "-" "Mozilla/5.0 AppleWebKit/537.36 (KHTML, like Gecko; compatible; ClaudeBot/1.0; [email protected])"
216.73.216.41 - - [20/Jul/2025:13:50:15 +0000] "GET /goodscode/34507910.shtm HTTP/1.1" 404 11744 "-" "Mozilla/5.0 AppleWebKit/537.36 (KHTML, like Gecko; compatible; ClaudeBot/1.0; [email protected])"
216.73.216.41 - - [20/Jul/2025:13:50:15 +0000] "GET /goodscode/34506200.shtm HTTP/1.1" 404 11744 "-" "Mozilla/5.0 AppleWebKit/537.36 (KHTML, like Gecko; compatible; ClaudeBot/1.0; [email protected])"
216.73.216.41 - - [20/Jul/2025:13:50:15 +0000] "GET /goodscode/34508788.shtm HTTP/1.1" 404 11744 "-" "Mozilla/5.0 AppleWebKit/537.36 (KHTML, like Gecko; compatible; ClaudeBot/1.0; [email protected])"
209.74.77.214 - - [20/Jul/2025:13:50:26 +0000] "POST /wp-cron.php?doing_wp_cron=1753019426.1906230449676513671875 HTTP/1.1" 200 - "-" "WordPress/6.8.2; https://gardenify.com.au"
20.171.207.73 - - [20/Jul/2025:13:50:25 +0000] "GET /goodscode/56669673.shtm HTTP/1.1" 404 11744 "-" "Mozilla/5.0 AppleWebKit/537.36 (KHTML, like Gecko; compatible; GPTBot/1.2; +https://openai.com/gptbot)"
216.73.216.41 - - [20/Jul/2025:13:50:12 +0000] "GET /sitemap-6.xml HTTP/1.1" 200 66966 "-" "Mozilla/5.0 AppleWebKit/537.36 (KHTML, like Gecko; compatible; ClaudeBot/1.0; [email protected])"
209.74.77.214 - - [20/Jul/2025:13:51:27 +0000] "POST /wp-cron.php?doing_wp_cron=1753019487.6258270740509033203125 HTTP/1.1" 200 - "-" "WordPress/6.8.2; https://gardenify.com.au"
20.171.207.73 - - [20/Jul/2025:13:51:26 +0000] "GET /goodscode/56664166.shtm HTTP/1.1" 404 11744 "-" "Mozilla/5.0 AppleWebKit/537.36 (KHTML, like Gecko; compatible; GPTBot/1.2; +https://openai.com/gptbot)"
209.74.77.214 - - [20/Jul/2025:13:51:27 +0000] "POST /wp-admin/admin-ajax.php?action=async_litespeed&nonce=6PMXlvERNHcJxMICk30VRoxDxv0oqDFD&litespeed_type=imgoptm HTTP/1.1" 200 21 "-" "WordPress/6.8.2; https://gardenify.com.au"
209.74.77.214 - - [20/Jul/2025:13:52:24 +0000] "POST /wp-cron.php?doing_wp_cron=1753019544.0924770832061767578125 HTTP/1.1" 200 - "-" "WordPress/6.8.2; https://gardenify.com.au"
57.141.2.20 - - [20/Jul/2025:13:52:23 +0000] "GET /?s=98851950031490& HTTP/1.1" 200 50573 "-" "meta-externalagent/1.1 (+https://developers.facebook.com/docs/sharing/webmasters/crawler)"
216.73.216.41 - - [20/Jul/2025:13:52:23 +0000] "GET /goodscode/34508615.shtm HTTP/1.1" 404 11744 "-" "Mozilla/5.0 AppleWebKit/537.36 (KHTML, like Gecko; compatible; ClaudeBot/1.0; [email protected])"
216.73.216.41 - - [20/Jul/2025:13:52:23 +0000] "GET /goodscode/34522963.shtm HTTP/1.1" 404 11744 "-" "Mozilla/5.0 AppleWebKit/537.36 (KHTML, like Gecko; compatible; ClaudeBot/1.0; [email protected])"
216.73.216.41 - - [20/Jul/2025:13:52:23 +0000] "GET /goodscode/34504907.shtm HTTP/1.1" 404 11744 "-" "Mozilla/5.0 AppleWebKit/537.36 (KHTML, like Gecko; compatible; ClaudeBot/1.0; [email protected])"
216.73.216.41 - - [20/Jul/2025:13:52:23 +0000] "GET /goodscode/34505532.shtm HTTP/1.1" 404 11744 "-" "Mozilla/5.0 AppleWebKit/537.36 (KHTML, like Gecko; compatible; ClaudeBot/1.0; [email protected])"
209.74.77.214 - - [20/Jul/2025:13:52:24 +0000] "POST /wp-admin/admin-ajax.php?action=async_litespeed&nonce=HML63CbuwaTxnvMPgO4tv7nruPdhubfk&litespeed_type=imgoptm HTTP/1.1" 200 21 "-" "WordPress/6.8.2; https://gardenify.com.au"
216.73.216.41 - - [20/Jul/2025:13:52:24 +0000] "GET /goodscode/34509569.shtm HTTP/1.1" 404 11744 "-" "Mozilla/5.0 AppleWebKit/537.36 (KHTML, like Gecko; compatible; ClaudeBot/1.0; [email protected])"
216.73.216.41 - - [20/Jul/2025:13:52:24 +0000] "GET /goodscode/34523701.shtm HTTP/1.1" 404 11744 "-" "Mozilla/5.0 AppleWebKit/537.36 (KHTML, like Gecko; compatible; ClaudeBot/1.0; [email protected])"
216.73.216.41 - - [20/Jul/2025:13:52:24 +0000] "GET /goodscode/34528400.shtm HTTP/1.1" 404 11744 "-" "Mozilla/5.0 AppleWebKit/537.36 (KHTML, like Gecko; compatible; ClaudeBot/1.0; [email protected])"
216.73.216.41 - - [20/Jul/2025:13:52:24 +0000] "GET /goodscode/34532904.shtm HTTP/1.1" 404 11744 "-" "Mozilla/5.0 AppleWebKit/537.36 (KHTML, like Gecko; compatible; ClaudeBot/1.0; [email protected])"
216.73.216.41 - - [20/Jul/2025:13:52:24 +0000] "GET /goodscode/34524986.shtm HTTP/1.1" 404 11744 "-" "Mozilla/5.0 AppleWebKit/537.36 (KHTML, like Gecko; compatible; ClaudeBot/1.0; [email protected])"
216.73.216.41 - - [20/Jul/2025:13:52:24 +0000] "GET /goodscode/34507201.shtm HTTP/1.1" 404 11744 "-" "Mozilla/5.0 AppleWebKit/537.36 (KHTML, like Gecko; compatible; ClaudeBot/1.0; [email protected])"
216.73.216.41 - - [20/Jul/2025:13:52:24 +0000] "GET /goodscode/34504537.shtm HTTP/1.1" 404 11744 "-" "Mozilla/5.0 AppleWebKit/537.36 (KHTML, like Gecko; compatible; ClaudeBot/1.0; [email protected])"
216.73.216.41 - - [20/Jul/2025:13:52:25 +0000] "GET /goodscode/34508864.shtm HTTP/1.1" 404 11744 "-" "Mozilla/5.0 AppleWebKit/537.36 (KHTML, like Gecko; compatible; ClaudeBot/1.0; [email protected])"
216.73.216.41 - - [20/Jul/2025:13:52:25 +0000] "GET /goodscode/34507614.shtm HTTP/1.1" 404 11744 "-" "Mozilla/5.0 AppleWebKit/537.36 (KHTML, like Gecko; compatible; ClaudeBot/1.0; [email protected])"
216.73.216.41 - - [20/Jul/2025:13:52:25 +0000] "GET /goodscode/34508901.shtm HTTP/1.1" 404 11744 "-" "Mozilla/5.0 AppleWebKit/537.36 (KHTML, like Gecko; compatible; ClaudeBot/1.0; [email protected])"
216.73.216.41 - - [20/Jul/2025:13:52:25 +0000] "GET /goodscode/34509207.shtm HTTP/1.1" 404 11744 "-" "Mozilla/5.0 AppleWebKit/537.36 (KHTML, like Gecko; compatible; ClaudeBot/1.0; [email protected])"
216.73.216.41 - - [20/Jul/2025:13:52:25 +0000] "GET /goodscode/34536612.shtm HTTP/1.1" 404 11744 "-" "Mozilla/5.0 AppleWebKit/537.36 (KHTML, like Gecko; compatible; ClaudeBot/1.0; [email protected])"
216.73.216.41 - - [20/Jul/2025:13:52:25 +0000] "GET /goodscode/34517216.shtm HTTP/1.1" 404 11744 "-" "Mozilla/5.0 AppleWebKit/537.36 (KHTML, like Gecko; compatible; ClaudeBot/1.0; [email protected])"
216.73.216.41 - - [20/Jul/2025:13:52:25 +0000] "GET /goodscode/34523323.shtm HTTP/1.1" 404 11744 "-" "Mozilla/5.0 AppleWebKit/537.36 (KHTML, like Gecko; compatible; ClaudeBot/1.0; [email protected])"
216.73.216.41 - - [20/Jul/2025:13:52:25 +0000] "GET /goodscode/34536234.shtm HTTP/1.1" 404 11744 "-" "Mozilla/5.0 AppleWebKit/537.36 (KHTML, like Gecko; compatible; ClaudeBot/1.0; [email protected])"
216.73.216.41 - - [20/Jul/2025:13:52:25 +0000] "GET /goodscode/34508163.shtm HTTP/1.1" 404 11744 "-" "Mozilla/5.0 AppleWebKit/537.36 (KHTML, like Gecko; compatible; ClaudeBot/1.0; [email protected])"
216.73.216.41 - - [20/Jul/2025:13:52:25 +0000] "GET /goodscode/34512276.shtm HTTP/1.1" 404 11744 "-" "Mozilla/5.0 AppleWebKit/537.36 (KHTML, like Gecko; compatible; ClaudeBot/1.0; [email protected])"
216.73.216.41 - - [20/Jul/2025:13:52:25 +0000] "GET /goodscode/34520363.shtm HTTP/1.1" 404 11744 "-" "Mozilla/5.0 AppleWebKit/537.36 (KHTML, like Gecko; compatible; ClaudeBot/1.0; [email protected])"
57.141.2.3 - - [20/Jul/2025:13:52:25 +0000] "GET /goodscode/67228585.shtm HTTP/1.1" 404 50359 "-" "meta-externalagent/1.1 (+https://developers.facebook.com/docs/sharing/webmasters/crawler)"
216.73.216.41 - - [20/Jul/2025:13:52:25 +0000] "GET /goodscode/34529399.shtm HTTP/1.1" 404 11744 "-" "Mozilla/5.0 AppleWebKit/537.36 (KHTML, like Gecko; compatible; ClaudeBot/1.0; [email protected])"
216.73.216.41 - - [20/Jul/2025:13:52:26 +0000] "GET /goodscode/34528334.shtm HTTP/1.1" 404 11744 "-" "Mozilla/5.0 AppleWebKit/537.36 (KHTML, like Gecko; compatible; ClaudeBot/1.0; [email protected])"
216.73.216.41 - - [20/Jul/2025:13:52:26 +0000] "GET /goodscode/34507125.shtm HTTP/1.1" 404 11744 "-" "Mozilla/5.0 AppleWebKit/537.36 (KHTML, like Gecko; compatible; ClaudeBot/1.0; [email protected])"
216.73.216.41 - - [20/Jul/2025:13:52:26 +0000] "GET /goodscode/34504940.shtm HTTP/1.1" 404 11744 "-" "Mozilla/5.0 AppleWebKit/537.36 (KHTML, like Gecko; compatible; ClaudeBot/1.0; [email protected])"
216.73.216.41 - - [20/Jul/2025:13:52:26 +0000] "GET /goodscode/34531999.shtm HTTP/1.1" 404 11744 "-" "Mozilla/5.0 AppleWebKit/537.36 (KHTML, like Gecko; compatible; ClaudeBot/1.0; [email protected])"
216.73.216.41 - - [20/Jul/2025:13:52:26 +0000] "GET /goodscode/34526579.shtm HTTP/1.1" 404 11744 "-" "Mozilla/5.0 AppleWebKit/537.36 (KHTML, like Gecko; compatible; ClaudeBot/1.0; [email protected])"
20.171.207.73 - - [20/Jul/2025:13:52:31 +0000] "GET /goodscode/56664990.shtm HTTP/1.1" 404 11744 "-" "Mozilla/5.0 AppleWebKit/537.36 (KHTML, like Gecko; compatible; GPTBot/1.2; +https://openai.com/gptbot)"
209.74.77.214 - - [20/Jul/2025:13:53:33 +0000] "POST /wp-cron.php?doing_wp_cron=1753019613.9401049613952636718750 HTTP/1.1" 200 - "-" "WordPress/6.8.2; https://gardenify.com.au"
20.171.207.73 - - [20/Jul/2025:13:53:32 +0000] "GET /goodscode/56668608.shtm HTTP/1.1" 404 11744 "-" "Mozilla/5.0 AppleWebKit/537.36 (KHTML, like Gecko; compatible; GPTBot/1.2; +https://openai.com/gptbot)"
209.74.77.214 - - [20/Jul/2025:13:53:34 +0000] "POST /wp-admin/admin-ajax.php?action=async_litespeed&nonce=c6hy3tDwbnSIcSQjmcM4EcZ5mBbi0kx5&litespeed_type=imgoptm HTTP/1.1" 200 21 "-" "WordPress/6.8.2; https://gardenify.com.au"
216.73.216.41 - - [20/Jul/2025:13:53:34 +0000] "GET /goodscode/34512231.shtm HTTP/1.1" 404 11744 "-" "Mozilla/5.0 AppleWebKit/537.36 (KHTML, like Gecko; compatible; ClaudeBot/1.0; [email protected])"
216.73.216.41 - - [20/Jul/2025:13:53:34 +0000] "GET /goodscode/34526688.shtm HTTP/1.1" 404 11744 "-" "Mozilla/5.0 AppleWebKit/537.36 (KHTML, like Gecko; compatible; ClaudeBot/1.0; [email protected])"
216.73.216.41 - - [20/Jul/2025:13:53:34 +0000] "GET /goodscode/34524211.shtm HTTP/1.1" 404 11744 "-" "Mozilla/5.0 AppleWebKit/537.36 (KHTML, like Gecko; compatible; ClaudeBot/1.0; [email protected])"
216.73.216.41 - - [20/Jul/2025:13:53:35 +0000] "GET /goodscode/34527097.shtm HTTP/1.1" 404 11744 "-" "Mozilla/5.0 AppleWebKit/537.36 (KHTML, like Gecko; compatible; ClaudeBot/1.0; [email protected])"
216.73.216.41 - - [20/Jul/2025:13:53:35 +0000] "GET /goodscode/34504580.shtm HTTP/1.1" 404 11744 "-" "Mozilla/5.0 AppleWebKit/537.36 (KHTML, like Gecko; compatible; ClaudeBot/1.0; [email protected])"
216.73.216.41 - - [20/Jul/2025:13:53:35 +0000] "GET /goodscode/34506790.shtm HTTP/1.1" 404 11744 "-" "Mozilla/5.0 AppleWebKit/537.36 (KHTML, like Gecko; compatible; ClaudeBot/1.0; [email protected])"
216.73.216.41 - - [20/Jul/2025:13:53:35 +0000] "GET /goodscode/34524190.shtm HTTP/1.1" 404 11744 "-" "Mozilla/5.0 AppleWebKit/537.36 (KHTML, like Gecko; compatible; ClaudeBot/1.0; [email protected])"
216.73.216.41 - - [20/Jul/2025:13:53:35 +0000] "GET /goodscode/34535163.shtm HTTP/1.1" 404 11744 "-" "Mozilla/5.0 AppleWebKit/537.36 (KHTML, like Gecko; compatible; ClaudeBot/1.0; [email protected])"
216.73.216.41 - - [20/Jul/2025:13:53:36 +0000] "GET /goodscode/34504165.shtm HTTP/1.1" 404 11744 "-" "Mozilla/5.0 AppleWebKit/537.36 (KHTML, like Gecko; compatible; ClaudeBot/1.0; [email protected])"
216.73.216.41 - - [20/Jul/2025:13:53:36 +0000] "GET /goodscode/34507900.shtm HTTP/1.1" 404 11744 "-" "Mozilla/5.0 AppleWebKit/537.36 (KHTML, like Gecko; compatible; ClaudeBot/1.0; [email protected])"
216.73.216.41 - - [20/Jul/2025:13:53:36 +0000] "GET /goodscode/34506042.shtm HTTP/1.1" 404 11744 "-" "Mozilla/5.0 AppleWebKit/537.36 (KHTML, like Gecko; compatible; ClaudeBot/1.0; [email protected])"
216.73.216.41 - - [20/Jul/2025:13:53:36 +0000] "GET /goodscode/34515117.shtm HTTP/1.1" 404 11744 "-" "Mozilla/5.0 AppleWebKit/537.36 (KHTML, like Gecko; compatible; ClaudeBot/1.0; [email protected])"
216.73.216.41 - - [20/Jul/2025:13:53:36 +0000] "GET /goodscode/34507744.shtm HTTP/1.1" 404 11744 "-" "Mozilla/5.0 AppleWebKit/537.36 (KHTML, like Gecko; compatible; ClaudeBot/1.0; [email protected])"
216.73.216.41 - - [20/Jul/2025:13:53:36 +0000] "GET /goodscode/34520455.shtm HTTP/1.1" 404 11744 "-" "Mozilla/5.0 AppleWebKit/537.36 (KHTML, like Gecko; compatible; ClaudeBot/1.0; [email protected])"
216.73.216.41 - - [20/Jul/2025:13:53:36 +0000] "GET /goodscode/34505951.shtm HTTP/1.1" 404 11744 "-" "Mozilla/5.0 AppleWebKit/537.36 (KHTML, like Gecko; compatible; ClaudeBot/1.0; [email protected])"
216.73.216.41 - - [20/Jul/2025:13:53:36 +0000] "GET /goodscode/34505719.shtm HTTP/1.1" 404 11744 "-" "Mozilla/5.0 AppleWebKit/537.36 (KHTML, like Gecko; compatible; ClaudeBot/1.0; [email protected])"
216.73.216.41 - - [20/Jul/2025:13:53:36 +0000] "GET /goodscode/34514052.shtm HTTP/1.1" 404 11744 "-" "Mozilla/5.0 AppleWebKit/537.36 (KHTML, like Gecko; compatible; ClaudeBot/1.0; [email protected])"
216.73.216.41 - - [20/Jul/2025:13:53:36 +0000] "GET /goodscode/34509456.shtm HTTP/1.1" 404 11744 "-" "Mozilla/5.0 AppleWebKit/537.36 (KHTML, like Gecko; compatible; ClaudeBot/1.0; [email protected])"
216.73.216.41 - - [20/Jul/2025:13:53:36 +0000] "GET /goodscode/34533136.shtm HTTP/1.1" 404 11744 "-" "Mozilla/5.0 AppleWebKit/537.36 (KHTML, like Gecko; compatible; ClaudeBot/1.0; [email protected])"
216.73.216.41 - - [20/Jul/2025:13:53:36 +0000] "GET /goodscode/34509750.shtm HTTP/1.1" 404 11744 "-" "Mozilla/5.0 AppleWebKit/537.36 (KHTML, like Gecko; compatible; ClaudeBot/1.0; [email protected])"
216.73.216.41 - - [20/Jul/2025:13:53:36 +0000] "GET /goodscode/34532090.shtm HTTP/1.1" 404 11744 "-" "Mozilla/5.0 AppleWebKit/537.36 (KHTML, like Gecko; compatible; ClaudeBot/1.0; [email protected])"
216.73.216.41 - - [20/Jul/2025:13:53:36 +0000] "GET /goodscode/34534986.shtm HTTP/1.1" 404 11744 "-" "Mozilla/5.0 AppleWebKit/537.36 (KHTML, like Gecko; compatible; ClaudeBot/1.0; [email protected])"
216.73.216.41 - - [20/Jul/2025:13:53:36 +0000] "GET /goodscode/34509908.shtm HTTP/1.1" 404 11744 "-" "Mozilla/5.0 AppleWebKit/537.36 (KHTML, like Gecko; compatible; ClaudeBot/1.0; [email protected])"
216.73.216.41 - - [20/Jul/2025:13:53:36 +0000] "GET /goodscode/34509929.shtm HTTP/1.1" 404 11744 "-" "Mozilla/5.0 AppleWebKit/537.36 (KHTML, like Gecko; compatible; ClaudeBot/1.0; [email protected])"
216.73.216.41 - - [20/Jul/2025:13:53:36 +0000] "GET /goodscode/34520778.shtm HTTP/1.1" 404 11744 "-" "Mozilla/5.0 AppleWebKit/537.36 (KHTML, like Gecko; compatible; ClaudeBot/1.0; [email protected])"
216.73.216.41 - - [20/Jul/2025:13:53:37 +0000] "GET /goodscode/34518087.shtm HTTP/1.1" 404 11744 "-" "Mozilla/5.0 AppleWebKit/537.36 (KHTML, like Gecko; compatible; ClaudeBot/1.0; [email protected])"
216.73.216.41 - - [20/Jul/2025:13:53:37 +0000] "GET /goodscode/34522404.shtm HTTP/1.1" 404 11744 "-" "Mozilla/5.0 AppleWebKit/537.36 (KHTML, like Gecko; compatible; ClaudeBot/1.0; [email protected])"
216.73.216.41 - - [20/Jul/2025:13:53:37 +0000] "GET /goodscode/34508568.shtm HTTP/1.1" 404 11744 "-" "Mozilla/5.0 AppleWebKit/537.36 (KHTML, like Gecko; compatible; ClaudeBot/1.0; [email protected])"
209.74.77.214 - - [20/Jul/2025:13:54:40 +0000] "POST /wp-cron.php?doing_wp_cron=1753019680.0232911109924316406250 HTTP/1.1" 200 - "-" "WordPress/6.8.2; https://gardenify.com.au"
20.171.207.73 - - [20/Jul/2025:13:54:38 +0000] "GET /goodscode/56694111.shtm HTTP/1.1" 404 11744 "-" "Mozilla/5.0 AppleWebKit/537.36 (KHTML, like Gecko; compatible; GPTBot/1.2; +https://openai.com/gptbot)"
209.74.77.214 - - [20/Jul/2025:13:54:40 +0000] "POST /wp-admin/admin-ajax.php?action=async_litespeed&nonce=Om7ceXrGjePVj7LeSqQUgs4Og0uBTgMJ&litespeed_type=imgoptm HTTP/1.1" 200 21 "-" "WordPress/6.8.2; https://gardenify.com.au"
209.74.77.214 - - [20/Jul/2025:13:55:26 +0000] "POST /wp-cron.php?doing_wp_cron=1753019726.3891630172729492187500 HTTP/1.1" 200 - "-" "WordPress/6.8.2; https://gardenify.com.au"
57.141.2.12 - - [20/Jul/2025:13:55:25 +0000] "GET /?s=43196653051490& HTTP/1.1" 200 50573 "-" "meta-externalagent/1.1 (+https://developers.facebook.com/docs/sharing/webmasters/crawler)"
209.74.77.214 - - [20/Jul/2025:13:55:26 +0000] "POST /wp-admin/admin-ajax.php?action=async_litespeed&nonce=GypgtpJUWWAJZDhY8YvxpyIlIzz5WV7y&litespeed_type=imgoptm HTTP/1.1" 200 21 "-" "WordPress/6.8.2; https://gardenify.com.au"
216.73.216.41 - - [20/Jul/2025:13:55:33 +0000] "GET /goodscode/34511666.shtm HTTP/1.1" 404 11744 "-" "Mozilla/5.0 AppleWebKit/537.36 (KHTML, like Gecko; compatible; ClaudeBot/1.0; [email protected])"
216.73.216.41 - - [20/Jul/2025:13:55:33 +0000] "GET /goodscode/34509530.shtm HTTP/1.1" 404 11744 "-" "Mozilla/5.0 AppleWebKit/537.36 (KHTML, like Gecko; compatible; ClaudeBot/1.0; [email protected])"
216.73.216.41 - - [20/Jul/2025:13:55:33 +0000] "GET /goodscode/34524729.shtm HTTP/1.1" 404 11744 "-" "Mozilla/5.0 AppleWebKit/537.36 (KHTML, like Gecko; compatible; ClaudeBot/1.0; [email protected])"
216.73.216.41 - - [20/Jul/2025:13:55:33 +0000] "GET /goodscode/34509676.shtm HTTP/1.1" 404 11744 "-" "Mozilla/5.0 AppleWebKit/537.36 (KHTML, like Gecko; compatible; ClaudeBot/1.0; [email protected])"
216.73.216.41 - - [20/Jul/2025:13:55:33 +0000] "GET /goodscode/34528511.shtm HTTP/1.1" 404 11744 "-" "Mozilla/5.0 AppleWebKit/537.36 (KHTML, like Gecko; compatible; ClaudeBot/1.0; [email protected])"
216.73.216.41 - - [20/Jul/2025:13:55:34 +0000] "GET /goodscode/34516079.shtm HTTP/1.1" 404 11744 "-" "Mozilla/5.0 AppleWebKit/537.36 (KHTML, like Gecko; compatible; ClaudeBot/1.0; [email protected])"
216.73.216.41 - - [20/Jul/2025:13:55:34 +0000] "GET /goodscode/34506747.shtm HTTP/1.1" 404 11744 "-" "Mozilla/5.0 AppleWebKit/537.36 (KHTML, like Gecko; compatible; ClaudeBot/1.0; [email protected])"
216.73.216.41 - - [20/Jul/2025:13:55:34 +0000] "GET /goodscode/34520881.shtm HTTP/1.1" 404 11744 "-" "Mozilla/5.0 AppleWebKit/537.36 (KHTML, like Gecko; compatible; ClaudeBot/1.0; [email protected])"
216.73.216.41 - - [20/Jul/2025:13:55:34 +0000] "GET /goodscode/34509567.shtm HTTP/1.1" 404 11744 "-" "Mozilla/5.0 AppleWebKit/537.36 (KHTML, like Gecko; compatible; ClaudeBot/1.0; [email protected])"
216.73.216.41 - - [20/Jul/2025:13:55:34 +0000] "GET /goodscode/34532203.shtm HTTP/1.1" 404 11744 "-" "Mozilla/5.0 AppleWebKit/537.36 (KHTML, like Gecko; compatible; ClaudeBot/1.0; [email protected])"
216.73.216.41 - - [20/Jul/2025:13:55:34 +0000] "GET /goodscode/34509133.shtm HTTP/1.1" 404 11744 "-" "Mozilla/5.0 AppleWebKit/537.36 (KHTML, like Gecko; compatible; ClaudeBot/1.0; [email protected])"
216.73.216.41 - - [20/Jul/2025:13:55:34 +0000] "GET /goodscode/34505902.shtm HTTP/1.1" 404 11744 "-" "Mozilla/5.0 AppleWebKit/537.36 (KHTML, like Gecko; compatible; ClaudeBot/1.0; [email protected])"
216.73.216.41 - - [20/Jul/2025:13:55:34 +0000] "GET /goodscode/34531407.shtm HTTP/1.1" 404 11744 "-" "Mozilla/5.0 AppleWebKit/537.36 (KHTML, like Gecko; compatible; ClaudeBot/1.0; [email protected])"
216.73.216.41 - - [20/Jul/2025:13:55:34 +0000] "GET /goodscode/34524116.shtm HTTP/1.1" 404 11744 "-" "Mozilla/5.0 AppleWebKit/537.36 (KHTML, like Gecko; compatible; ClaudeBot/1.0; [email protected])"
216.73.216.41 - - [20/Jul/2025:13:55:34 +0000] "GET /goodscode/34533701.shtm HTTP/1.1" 404 11744 "-" "Mozilla/5.0 AppleWebKit/537.36 (KHTML, like Gecko; compatible; ClaudeBot/1.0; [email protected])"
216.73.216.41 - - [20/Jul/2025:13:55:34 +0000] "GET /goodscode/34506570.shtm HTTP/1.1" 404 11744 "-" "Mozilla/5.0 AppleWebKit/537.36 (KHTML, like Gecko; compatible; ClaudeBot/1.0; [email protected])"
216.73.216.41 - - [20/Jul/2025:13:55:34 +0000] "GET /goodscode/34509390.shtm HTTP/1.1" 404 11744 "-" "Mozilla/5.0 AppleWebKit/537.36 (KHTML, like Gecko; compatible; ClaudeBot/1.0; [email protected])"
216.73.216.41 - - [20/Jul/2025:13:55:35 +0000] "GET /goodscode/34515300.shtm HTTP/1.1" 404 11744 "-" "Mozilla/5.0 AppleWebKit/537.36 (KHTML, like Gecko; compatible; ClaudeBot/1.0; [email protected])"
216.73.216.41 - - [20/Jul/2025:13:55:35 +0000] "GET /goodscode/34534135.shtm HTTP/1.1" 404 11744 "-" "Mozilla/5.0 AppleWebKit/537.36 (KHTML, like Gecko; compatible; ClaudeBot/1.0; [email protected])"
216.73.216.41 - - [20/Jul/2025:13:55:35 +0000] "GET /goodscode/34515004.shtm HTTP/1.1" 404 11744 "-" "Mozilla/5.0 AppleWebKit/537.36 (KHTML, like Gecko; compatible; ClaudeBot/1.0; [email protected])"
216.73.216.41 - - [20/Jul/2025:13:55:35 +0000] "GET /goodscode/34506533.shtm HTTP/1.1" 404 11744 "-" "Mozilla/5.0 AppleWebKit/537.36 (KHTML, like Gecko; compatible; ClaudeBot/1.0; [email protected])"
216.73.216.41 - - [20/Jul/2025:13:55:35 +0000] "GET /goodscode/34507540.shtm HTTP/1.1" 404 11744 "-" "Mozilla/5.0 AppleWebKit/537.36 (KHTML, like Gecko; compatible; ClaudeBot/1.0; [email protected])"
216.73.216.41 - - [20/Jul/2025:13:55:35 +0000] "GET /goodscode/34503879.shtm HTTP/1.1" 404 11744 "-" "Mozilla/5.0 AppleWebKit/537.36 (KHTML, like Gecko; compatible; ClaudeBot/1.0; [email protected])"
216.73.216.41 - - [20/Jul/2025:13:55:35 +0000] "GET /goodscode/34509115.shtm HTTP/1.1" 404 11744 "-" "Mozilla/5.0 AppleWebKit/537.36 (KHTML, like Gecko; compatible; ClaudeBot/1.0; [email protected])"
216.73.216.41 - - [20/Jul/2025:13:55:35 +0000] "GET /goodscode/34514009.shtm HTTP/1.1" 404 11744 "-" "Mozilla/5.0 AppleWebKit/537.36 (KHTML, like Gecko; compatible; ClaudeBot/1.0; [email protected])"
216.73.216.41 - - [20/Jul/2025:13:55:35 +0000] "GET /goodscode/34533496.shtm HTTP/1.1" 404 11744 "-" "Mozilla/5.0 AppleWebKit/537.36 (KHTML, like Gecko; compatible; ClaudeBot/1.0; [email protected])"
216.73.216.41 - - [20/Jul/2025:13:55:35 +0000] "GET /goodscode/34509020.shtm HTTP/1.1" 404 11744 "-" "Mozilla/5.0 AppleWebKit/537.36 (KHTML, like Gecko; compatible; ClaudeBot/1.0; [email protected])"
216.73.216.41 - - [20/Jul/2025:13:55:35 +0000] "GET /goodscode/34508410.shtm HTTP/1.1" 404 11744 "-" "Mozilla/5.0 AppleWebKit/537.36 (KHTML, like Gecko; compatible; ClaudeBot/1.0; [email protected])"
20.171.207.73 - - [20/Jul/2025:13:55:44 +0000] "GET /goodscode/56668425.shtm HTTP/1.1" 404 11744 "-" "Mozilla/5.0 AppleWebKit/537.36 (KHTML, like Gecko; compatible; GPTBot/1.2; +https://openai.com/gptbot)"
209.74.77.214 - - [20/Jul/2025:13:56:49 +0000] "POST /wp-cron.php?doing_wp_cron=1753019809.1016619205474853515625 HTTP/1.1" 200 - "-" "WordPress/6.8.2; https://gardenify.com.au"
20.171.207.73 - - [20/Jul/2025:13:56:47 +0000] "GET /goodscode/56669237.shtm HTTP/1.1" 404 11744 "-" "Mozilla/5.0 AppleWebKit/537.36 (KHTML, like Gecko; compatible; GPTBot/1.2; +https://openai.com/gptbot)"
209.74.77.214 - - [20/Jul/2025:13:56:49 +0000] "POST /wp-admin/admin-ajax.php?action=async_litespeed&nonce=MOXdgL1a9182NsHQRKxY2J9p9vCQAkRk&litespeed_type=imgoptm HTTP/1.1" 200 21 "-" "WordPress/6.8.2; https://gardenify.com.au"
209.74.77.214 - - [20/Jul/2025:13:57:00 +0000] "POST /wp-cron.php?doing_wp_cron=1753019820.4933168888092041015625 HTTP/1.1" 200 - "-" "WordPress/6.8.2; https://gardenify.com.au"
216.73.216.41 - - [20/Jul/2025:13:57:00 +0000] "GET /goodscode/34510564.shtm HTTP/1.1" 404 11744 "-" "Mozilla/5.0 AppleWebKit/537.36 (KHTML, like Gecko; compatible; ClaudeBot/1.0; [email protected])"
209.74.77.214 - - [20/Jul/2025:13:57:00 +0000] "POST /wp-admin/admin-ajax.php?action=async_litespeed&nonce=syowzWKnMbL0ofiFe6ly10TVc6VusiSu&litespeed_type=imgoptm HTTP/1.1" 200 21 "-" "WordPress/6.8.2; https://gardenify.com.au"
216.73.216.41 - - [20/Jul/2025:13:57:00 +0000] "GET /goodscode/34509273.shtm HTTP/1.1" 404 11744 "-" "Mozilla/5.0 AppleWebKit/537.36 (KHTML, like Gecko; compatible; ClaudeBot/1.0; [email protected])"
216.73.216.41 - - [20/Jul/2025:13:57:00 +0000] "GET /goodscode/34526301.shtm HTTP/1.1" 404 11744 "-" "Mozilla/5.0 AppleWebKit/537.36 (KHTML, like Gecko; compatible; ClaudeBot/1.0; [email protected])"
216.73.216.41 - - [20/Jul/2025:13:57:00 +0000] "GET /goodscode/34507635.shtm HTTP/1.1" 404 11744 "-" "Mozilla/5.0 AppleWebKit/537.36 (KHTML, like Gecko; compatible; ClaudeBot/1.0; [email protected])"
216.73.216.41 - - [20/Jul/2025:13:57:00 +0000] "GET /goodscode/34537122.shtm HTTP/1.1" 404 11744 "-" "Mozilla/5.0 AppleWebKit/537.36 (KHTML, like Gecko; compatible; ClaudeBot/1.0; [email protected])"
216.73.216.41 - - [20/Jul/2025:13:57:01 +0000] "GET /goodscode/34504422.shtm HTTP/1.1" 404 11744 "-" "Mozilla/5.0 AppleWebKit/537.36 (KHTML, like Gecko; compatible; ClaudeBot/1.0; [email protected])"
216.73.216.41 - - [20/Jul/2025:13:57:01 +0000] "GET /goodscode/34509224.shtm HTTP/1.1" 404 11744 "-" "Mozilla/5.0 AppleWebKit/537.36 (KHTML, like Gecko; compatible; ClaudeBot/1.0; [email protected])"
216.73.216.41 - - [20/Jul/2025:13:57:01 +0000] "GET /goodscode/34521590.shtm HTTP/1.1" 404 11744 "-" "Mozilla/5.0 AppleWebKit/537.36 (KHTML, like Gecko; compatible; ClaudeBot/1.0; [email protected])"
216.73.216.41 - - [20/Jul/2025:13:57:01 +0000] "GET /goodscode/34534211.shtm HTTP/1.1" 404 11744 "-" "Mozilla/5.0 AppleWebKit/537.36 (KHTML, like Gecko; compatible; ClaudeBot/1.0; [email protected])"
216.73.216.41 - - [20/Jul/2025:13:57:01 +0000] "GET /goodscode/34520408.shtm HTTP/1.1" 404 11744 "-" "Mozilla/5.0 AppleWebKit/537.36 (KHTML, like Gecko; compatible; ClaudeBot/1.0; [email protected])"
216.73.216.41 - - [20/Jul/2025:13:57:01 +0000] "GET /goodscode/34513600.shtm HTTP/1.1" 404 11744 "-" "Mozilla/5.0 AppleWebKit/537.36 (KHTML, like Gecko; compatible; ClaudeBot/1.0; [email protected])"
216.73.216.41 - - [20/Jul/2025:13:57:01 +0000] "GET /goodscode/34507458.shtm HTTP/1.1" 404 11744 "-" "Mozilla/5.0 AppleWebKit/537.36 (KHTML, like Gecko; compatible; ClaudeBot/1.0; [email protected])"
216.73.216.41 - - [20/Jul/2025:13:57:01 +0000] "GET /goodscode/34509041.shtm HTTP/1.1" 404 11744 "-" "Mozilla/5.0 AppleWebKit/537.36 (KHTML, like Gecko; compatible; ClaudeBot/1.0; [email protected])"
216.73.216.41 - - [20/Jul/2025:13:57:01 +0000] "GET /goodscode/34505425.shtm HTTP/1.1" 404 11744 "-" "Mozilla/5.0 AppleWebKit/537.36 (KHTML, like Gecko; compatible; ClaudeBot/1.0; [email protected])"
216.73.216.41 - - [20/Jul/2025:13:57:01 +0000] "GET /goodscode/34504831.shtm HTTP/1.1" 404 11744 "-" "Mozilla/5.0 AppleWebKit/537.36 (KHTML, like Gecko; compatible; ClaudeBot/1.0; [email protected])"
216.73.216.41 - - [20/Jul/2025:13:57:01 +0000] "GET /goodscode/34509725.shtm HTTP/1.1" 404 11744 "-" "Mozilla/5.0 AppleWebKit/537.36 (KHTML, like Gecko; compatible; ClaudeBot/1.0; [email protected])"
216.73.216.41 - - [20/Jul/2025:13:57:01 +0000] "GET /goodscode/34515532.shtm HTTP/1.1" 404 11744 "-" "Mozilla/5.0 AppleWebKit/537.36 (KHTML, like Gecko; compatible; ClaudeBot/1.0; [email protected])"
216.73.216.41 - - [20/Jul/2025:13:57:01 +0000] "GET /goodscode/34508755.shtm HTTP/1.1" 404 11744 "-" "Mozilla/5.0 AppleWebKit/537.36 (KHTML, like Gecko; compatible; ClaudeBot/1.0; [email protected])"
216.73.216.41 - - [20/Jul/2025:13:57:01 +0000] "GET /goodscode/34510112.shtm HTTP/1.1" 404 11744 "-" "Mozilla/5.0 AppleWebKit/537.36 (KHTML, like Gecko; compatible; ClaudeBot/1.0; [email protected])"
216.73.216.41 - - [20/Jul/2025:13:57:02 +0000] "GET /goodscode/34520110.shtm HTTP/1.1" 404 11744 "-" "Mozilla/5.0 AppleWebKit/537.36 (KHTML, like Gecko; compatible; ClaudeBot/1.0; [email protected])"
