209.74.77.214 - - [20/Jul/2025:14:53:08 +0000] "POST /wp-cron.php?doing_wp_cron=1753023188.9351720809936523437500 HTTP/1.1" 200 - "-" "WordPress/6.8.2; https://gardenify.com.au"
57.141.2.8 - - [20/Jul/2025:14:53:07 +0000] "GET /?s=43532815001490& HTTP/1.1" 200 50573 "-" "meta-externalagent/1.1 (+https://developers.facebook.com/docs/sharing/webmasters/crawler)"
209.74.77.214 - - [20/Jul/2025:14:53:09 +0000] "POST /wp-admin/admin-ajax.php?action=async_litespeed&nonce=KmSWIoxd53B6LCsf1FWXLtCvXIvkFNIF&litespeed_type=imgoptm HTTP/1.1" 200 21 "-" "WordPress/6.8.2; https://gardenify.com.au"
216.73.216.41 - - [20/Jul/2025:14:53:16 +0000] "GET /sitemap-17.xml HTTP/1.1" 200 3764 "-" "Mozilla/5.0 AppleWebKit/537.36 (KHTML, like Gecko; compatible; ClaudeBot/1.0; [email protected])"
209.74.77.214 - - [20/Jul/2025:14:53:37 +0000] "POST /wp-cron.php?doing_wp_cron=1753023217.3013050556182861328125 HTTP/1.1" 200 - "-" "WordPress/6.8.2; https://gardenify.com.au"
20.171.207.73 - - [20/Jul/2025:14:53:37 +0000] "GET /goodscode/56668645.shtm HTTP/1.1" 404 11744 "-" "Mozilla/5.0 AppleWebKit/537.36 (KHTML, like Gecko; compatible; GPTBot/1.2; +https://openai.com/gptbot)"
216.73.216.41 - - [20/Jul/2025:14:54:25 +0000] "GET /db.php/sitemap-19.xml HTTP/1.1" 200 13886 "-" "Mozilla/5.0 AppleWebKit/537.36 (KHTML, like Gecko; compatible; ClaudeBot/1.0; [email protected])"
216.73.216.41 - - [20/Jul/2025:14:54:26 +0000] "GET /db.php/sitemap-12.xml HTTP/1.1" 200 13866 "-" "Mozilla/5.0 AppleWebKit/537.36 (KHTML, like Gecko; compatible; ClaudeBot/1.0; [email protected])"
209.74.77.214 - - [20/Jul/2025:14:54:40 +0000] "POST /wp-cron.php?doing_wp_cron=1753023280.8915870189666748046875 HTTP/1.1" 200 - "-" "WordPress/6.8.2; https://gardenify.com.au"
20.171.207.73 - - [20/Jul/2025:14:54:40 +0000] "GET /goodscode/56669420.shtm HTTP/1.1" 404 11744 "-" "Mozilla/5.0 AppleWebKit/537.36 (KHTML, like Gecko; compatible; GPTBot/1.2; +https://openai.com/gptbot)"
209.74.77.214 - - [20/Jul/2025:14:54:41 +0000] "POST /wp-admin/admin-ajax.php?action=async_litespeed&nonce=O5sG5DbVK0A7sKTCeVpshtCflsS99545&litespeed_type=imgoptm HTTP/1.1" 200 21 "-" "WordPress/6.8.2; https://gardenify.com.au"
209.74.77.214 - - [20/Jul/2025:14:55:47 +0000] "POST /wp-cron.php?doing_wp_cron=1753023347.1850810050964355468750 HTTP/1.1" 200 - "-" "WordPress/6.8.2; https://gardenify.com.au"
20.171.207.73 - - [20/Jul/2025:14:55:45 +0000] "GET /goodscode/56667397.shtm HTTP/1.1" 404 11744 "-" "Mozilla/5.0 AppleWebKit/537.36 (KHTML, like Gecko; compatible; GPTBot/1.2; +https://openai.com/gptbot)"
209.74.77.214 - - [20/Jul/2025:14:55:47 +0000] "POST /wp-admin/admin-ajax.php?action=async_litespeed&nonce=jmxYnpJEHGw7vJyrTTJd6uALhjt6GOr9&litespeed_type=imgoptm HTTP/1.1" 200 21 "-" "WordPress/6.8.2; https://gardenify.com.au"
209.74.77.214 - - [20/Jul/2025:14:56:50 +0000] "POST /wp-cron.php?doing_wp_cron=1753023410.5728681087493896484375 HTTP/1.1" 200 - "-" "WordPress/6.8.2; https://gardenify.com.au"
20.171.207.73 - - [20/Jul/2025:14:56:49 +0000] "GET /goodscode/56668450.shtm HTTP/1.1" 404 11744 "-" "Mozilla/5.0 AppleWebKit/537.36 (KHTML, like Gecko; compatible; GPTBot/1.2; +https://openai.com/gptbot)"
209.74.77.214 - - [20/Jul/2025:14:56:50 +0000] "POST /wp-admin/admin-ajax.php?action=async_litespeed&nonce=K4qLfodEpAA003yf1NXr5paYbFE4eoRC&litespeed_type=imgoptm HTTP/1.1" 200 21 "-" "WordPress/6.8.2; https://gardenify.com.au"
209.74.77.214 - - [20/Jul/2025:14:57:54 +0000] "POST /wp-cron.php?doing_wp_cron=1753023474.7079970836639404296875 HTTP/1.1" 200 - "-" "WordPress/6.8.2; https://gardenify.com.au"
20.171.207.73 - - [20/Jul/2025:14:57:53 +0000] "GET /goodscode/56667126.shtm HTTP/1.1" 404 11744 "-" "Mozilla/5.0 AppleWebKit/537.36 (KHTML, like Gecko; compatible; GPTBot/1.2; +https://openai.com/gptbot)"
209.74.77.214 - - [20/Jul/2025:14:57:54 +0000] "POST /wp-admin/admin-ajax.php?action=async_litespeed&nonce=1z7P4vUUrO1S8utE3mp4MYyKDWaDyEod&litespeed_type=imgoptm HTTP/1.1" 200 21 "-" "WordPress/6.8.2; https://gardenify.com.au"
216.73.216.41 - - [20/Jul/2025:14:58:39 +0000] "GET /db.php/sitemap-3.xml HTTP/1.1" 200 13866 "-" "Mozilla/5.0 AppleWebKit/537.36 (KHTML, like Gecko; compatible; ClaudeBot/1.0; [email protected])"
209.74.77.214 - - [20/Jul/2025:14:58:59 +0000] "POST /wp-cron.php?doing_wp_cron=1753023539.5955150127410888671875 HTTP/1.1" 200 - "-" "WordPress/6.8.2; https://gardenify.com.au"
20.171.207.73 - - [20/Jul/2025:14:58:58 +0000] "GET /goodscode/56664398.shtm HTTP/1.1" 404 11744 "-" "Mozilla/5.0 AppleWebKit/537.36 (KHTML, like Gecko; compatible; GPTBot/1.2; +https://openai.com/gptbot)"
209.74.77.214 - - [20/Jul/2025:14:58:59 +0000] "POST /wp-admin/admin-ajax.php?action=async_litespeed&nonce=RQ9t5Ye0ZKt1h7xMprytwHk6ibLOZW2M&litespeed_type=imgoptm HTTP/1.1" 200 21 "-" "WordPress/6.8.2; https://gardenify.com.au"
209.74.77.214 - - [20/Jul/2025:15:00:02 +0000] "POST /wp-cron.php?doing_wp_cron=1753023602.5589869022369384765625 HTTP/1.1" 200 - "-" "WordPress/6.8.2; https://gardenify.com.au"
20.171.207.73 - - [20/Jul/2025:15:00:00 +0000] "GET /goodscode/56668682.shtm HTTP/1.1" 404 11743 "-" "Mozilla/5.0 AppleWebKit/537.36 (KHTML, like Gecko; compatible; GPTBot/1.2; +https://openai.com/gptbot)"
209.74.77.214 - - [20/Jul/2025:15:00:02 +0000] "POST /wp-admin/admin-ajax.php?action=async_litespeed&nonce=qTbFzj5un76D5MKreWYHMC1KVVAl6Uqx&litespeed_type=imgoptm HTTP/1.1" 200 21 "-" "WordPress/6.8.2; https://gardenify.com.au"
209.74.77.214 - - [20/Jul/2025:15:01:04 +0000] "POST /wp-cron.php?doing_wp_cron=1753023664.6371140480041503906250 HTTP/1.1" 200 - "-" "WordPress/6.8.2; https://gardenify.com.au"
209.74.77.214 - - [20/Jul/2025:15:01:04 +0000] "POST /wp-admin/admin-ajax.php?action=async_litespeed&nonce=dBKvS1LciAViRNAsZkM65bAtjj3o4CAt&litespeed_type=imgoptm HTTP/1.1" 200 21 "-" "WordPress/6.8.2; https://gardenify.com.au"
20.171.207.73 - - [20/Jul/2025:15:01:02 +0000] "GET /goodscode/56668877.shtm HTTP/1.1" 404 11744 "-" "Mozilla/5.0 AppleWebKit/537.36 (KHTML, like Gecko; compatible; GPTBot/1.2; +https://openai.com/gptbot)"
216.73.216.41 - - [20/Jul/2025:15:01:59 +0000] "GET /db.php/sitemap-7.xml HTTP/1.1" 200 13872 "-" "Mozilla/5.0 AppleWebKit/537.36 (KHTML, like Gecko; compatible; ClaudeBot/1.0; [email protected])"
216.73.216.41 - - [20/Jul/2025:15:02:00 +0000] "GET /sitemap-13.xml HTTP/1.1" 200 3763 "-" "Mozilla/5.0 AppleWebKit/537.36 (KHTML, like Gecko; compatible; ClaudeBot/1.0; [email protected])"
209.74.77.214 - - [20/Jul/2025:15:02:06 +0000] "POST /wp-cron.php?doing_wp_cron=1753023726.4539890289306640625000 HTTP/1.1" 200 - "-" "WordPress/6.8.2; https://gardenify.com.au"
20.171.207.73 - - [20/Jul/2025:15:02:05 +0000] "GET /goodscode/56667720.shtm HTTP/1.1" 404 11743 "-" "Mozilla/5.0 AppleWebKit/537.36 (KHTML, like Gecko; compatible; GPTBot/1.2; +https://openai.com/gptbot)"
209.74.77.214 - - [20/Jul/2025:15:02:06 +0000] "POST /wp-admin/admin-ajax.php?action=async_litespeed&nonce=LCTYPVeuSGGxoDqdsrAN78JKd8ZtckLa&litespeed_type=imgoptm HTTP/1.1" 200 21 "-" "WordPress/6.8.2; https://gardenify.com.au"
45.227.253.15 - - [20/Jul/2025:15:03:07 +0000] "GET /wp-admin/includes/includes/index.php?ARRAY=7o2230223n313735333032373439352p2231223n22687474703n5p2s5p2s7n7334383376313373752r746s6566612r626p6s675p2s3s6p633q78696164616r5s72616r645s7061746826743q313735333032333839352q3165343464643032363639666662303565383038633137363739313930616165222p2232223n223434383866373765666430663236643663383065366431353365616531303934222p2233223n223739356665343238326538306539353539353835323737623233313331633532222p2262696r675s70617373223n2232302q33382q35382q36312q38302q38352q3131227q HTTP/1.1" 200 - "-" "Mozilla/5.0 (Windows NT 10.0; Win64; x64) AppleWebKit/537.36 (KHTML, like Gecko) Chrome/78.0.3790 Safari/537.36 Edg/78.0.142.6"
209.74.77.214 - - [20/Jul/2025:15:03:11 +0000] "POST /wp-cron.php?doing_wp_cron=1753023791.5692639350891113281250 HTTP/1.1" 200 - "-" "WordPress/6.8.2; https://gardenify.com.au"
20.171.207.73 - - [20/Jul/2025:15:03:11 +0000] "GET /goodscode/56664651.shtm HTTP/1.1" 404 11744 "-" "Mozilla/5.0 AppleWebKit/537.36 (KHTML, like Gecko; compatible; GPTBot/1.2; +https://openai.com/gptbot)"
57.141.2.17 - - [20/Jul/2025:15:03:10 +0000] "GET /?s=109613436031490& HTTP/1.1" 200 50578 "-" "meta-externalagent/1.1 (+https://developers.facebook.com/docs/sharing/webmasters/crawler)"
209.74.77.214 - - [20/Jul/2025:15:03:11 +0000] "POST /wp-admin/admin-ajax.php?action=async_litespeed&nonce=uIQNAJ805cVEjGRnXnY5MMWT1VfO8RgR&litespeed_type=imgoptm HTTP/1.1" 200 21 "-" "WordPress/6.8.2; https://gardenify.com.au"
209.74.77.214 - - [20/Jul/2025:15:03:38 +0000] "POST /wp-cron.php?doing_wp_cron=1753023818.8996250629425048828125 HTTP/1.1" 200 - "-" "WordPress/6.8.2; https://gardenify.com.au"
57.141.2.20 - - [20/Jul/2025:15:03:38 +0000] "GET /?s=67269428031490& HTTP/1.1" 200 50573 "-" "meta-externalagent/1.1 (+https://developers.facebook.com/docs/sharing/webmasters/crawler)"
57.141.2.1 - - [20/Jul/2025:15:03:46 +0000] "GET /?s=74702655131490& HTTP/1.1" 200 50573 "-" "meta-externalagent/1.1 (+https://developers.facebook.com/docs/sharing/webmasters/crawler)"
209.74.77.214 - - [20/Jul/2025:15:04:09 +0000] "POST /wp-cron.php?doing_wp_cron=1753023849.1872849464416503906250 HTTP/1.1" 200 - "-" "WordPress/6.8.2; https://gardenify.com.au"
57.141.2.18 - - [20/Jul/2025:15:04:08 +0000] "GET /goodscode/74137796.shtm HTTP/1.1" 301 - "-" "meta-externalagent/1.1 (+https://developers.facebook.com/docs/sharing/webmasters/crawler)"
209.74.77.214 - - [20/Jul/2025:15:04:09 +0000] "POST /wp-admin/admin-ajax.php?action=async_litespeed&nonce=cMnZle0e0gR0DmUsqa5d6eYh553N0pyT&litespeed_type=imgoptm HTTP/1.1" 200 21 "-" "WordPress/6.8.2; https://gardenify.com.au"
57.141.2.30 - - [20/Jul/2025:15:04:10 +0000] "GET /goodscode/74137796.shtm HTTP/1.1" 404 50359 "-" "meta-externalagent/1.1 (+https://developers.facebook.com/docs/sharing/webmasters/crawler)"
20.171.207.73 - - [20/Jul/2025:15:04:16 +0000] "GET /goodscode/56684333.shtm HTTP/1.1" 404 11744 "-" "Mozilla/5.0 AppleWebKit/537.36 (KHTML, like Gecko; compatible; GPTBot/1.2; +https://openai.com/gptbot)"
209.74.77.214 - - [20/Jul/2025:15:04:31 +0000] "POST /wp-cron.php?doing_wp_cron=1753023871.8530139923095703125000 HTTP/1.1" 200 - "-" "WordPress/6.8.2; https://gardenify.com.au"
57.141.2.25 - - [20/Jul/2025:15:04:31 +0000] "GET /?s=82085327051490& HTTP/1.1" 200 50573 "-" "meta-externalagent/1.1 (+https://developers.facebook.com/docs/sharing/webmasters/crawler)"
209.74.77.214 - - [20/Jul/2025:15:05:22 +0000] "POST /wp-cron.php?doing_wp_cron=1753023922.2077639102935791015625 HTTP/1.1" 200 - "-" "WordPress/6.8.2; https://gardenify.com.au"
20.171.207.73 - - [20/Jul/2025:15:05:20 +0000] "GET /goodscode/56669856.shtm HTTP/1.1" 404 11743 "-" "Mozilla/5.0 AppleWebKit/537.36 (KHTML, like Gecko; compatible; GPTBot/1.2; +https://openai.com/gptbot)"
209.74.77.214 - - [20/Jul/2025:15:05:22 +0000] "POST /wp-admin/admin-ajax.php?action=async_litespeed&nonce=icw9XHiqSKrT9Lc4ZrrhGCeCIWmAZRej&litespeed_type=imgoptm HTTP/1.1" 200 21 "-" "WordPress/6.8.2; https://gardenify.com.au"
209.74.77.214 - - [20/Jul/2025:15:06:24 +0000] "POST /wp-cron.php?doing_wp_cron=1753023984.1005740165710449218750 HTTP/1.1" 200 - "-" "WordPress/6.8.2; https://gardenify.com.au"
20.171.207.73 - - [20/Jul/2025:15:06:22 +0000] "GET /goodscode/56667831.shtm HTTP/1.1" 404 11744 "-" "Mozilla/5.0 AppleWebKit/537.36 (KHTML, like Gecko; compatible; GPTBot/1.2; +https://openai.com/gptbot)"
209.74.77.214 - - [20/Jul/2025:15:06:24 +0000] "POST /wp-admin/admin-ajax.php?action=async_litespeed&nonce=0I52PFdU3py2b0XcRWw5iZ8SiGmYC8gF&litespeed_type=imgoptm HTTP/1.1" 200 21 "-" "WordPress/6.8.2; https://gardenify.com.au"
209.74.77.214 - - [20/Jul/2025:15:07:28 +0000] "POST /wp-cron.php?doing_wp_cron=1753024048.6574869155883789062500 HTTP/1.1" 200 - "-" "WordPress/6.8.2; https://gardenify.com.au"
20.171.207.73 - - [20/Jul/2025:15:07:27 +0000] "GET /goodscode/56669134.shtm HTTP/1.1" 404 11744 "-" "Mozilla/5.0 AppleWebKit/537.36 (KHTML, like Gecko; compatible; GPTBot/1.2; +https://openai.com/gptbot)"
209.74.77.214 - - [20/Jul/2025:15:07:28 +0000] "POST /wp-admin/admin-ajax.php?action=async_litespeed&nonce=XllNviefZ9r1xVc6F1bZg50BAwksFEDt&litespeed_type=imgoptm HTTP/1.1" 200 21 "-" "WordPress/6.8.2; https://gardenify.com.au"
216.73.216.41 - - [20/Jul/2025:15:07:39 +0000] "GET /sitemap-7.xml HTTP/1.1" 200 3763 "-" "Mozilla/5.0 AppleWebKit/537.36 (KHTML, like Gecko; compatible; ClaudeBot/1.0; [email protected])"
209.74.77.214 - - [20/Jul/2025:15:08:30 +0000] "POST /wp-cron.php?doing_wp_cron=1753024109.9974191188812255859375 HTTP/1.1" 200 - "-" "WordPress/6.8.2; https://gardenify.com.au"
20.171.207.73 - - [20/Jul/2025:15:08:29 +0000] "GET /goodscode/56664834.shtm HTTP/1.1" 404 11744 "-" "Mozilla/5.0 AppleWebKit/537.36 (KHTML, like Gecko; compatible; GPTBot/1.2; +https://openai.com/gptbot)"
209.74.77.214 - - [20/Jul/2025:15:08:30 +0000] "POST /wp-admin/admin-ajax.php?action=async_litespeed&nonce=hz0hFOgr8i1nkPky4Xyw3AX1ovqYeDLM&litespeed_type=imgoptm HTTP/1.1" 200 21 "-" "WordPress/6.8.2; https://gardenify.com.au"
209.74.77.214 - - [20/Jul/2025:15:09:17 +0000] "POST /wp-cron.php?doing_wp_cron=1753024157.0576550960540771484375 HTTP/1.1" 200 - "-" "WordPress/6.8.2; https://gardenify.com.au"
57.141.2.20 - - [20/Jul/2025:15:09:15 +0000] "GET /?s=31056599081490& HTTP/1.1" 200 50573 "-" "meta-externalagent/1.1 (+https://developers.facebook.com/docs/sharing/webmasters/crawler)"
209.74.77.214 - - [20/Jul/2025:15:09:17 +0000] "POST /wp-admin/admin-ajax.php?action=async_litespeed&nonce=HJtLtW6BwrEPfBrNabybxdUzkKOukkaB&litespeed_type=imgoptm HTTP/1.1" 200 21 "-" "WordPress/6.8.2; https://gardenify.com.au"
209.74.77.214 - - [20/Jul/2025:15:09:32 +0000] "POST /wp-cron.php?doing_wp_cron=1753024172.8441209793090820312500 HTTP/1.1" 200 - "-" "WordPress/6.8.2; https://gardenify.com.au"
20.171.207.73 - - [20/Jul/2025:15:09:32 +0000] "GET /goodscode/56668080.shtm HTTP/1.1" 404 11744 "-" "Mozilla/5.0 AppleWebKit/537.36 (KHTML, like Gecko; compatible; GPTBot/1.2; +https://openai.com/gptbot)"
209.74.77.214 - - [20/Jul/2025:15:10:37 +0000] "POST /wp-cron.php?doing_wp_cron=1753024237.8443899154663085937500 HTTP/1.1" 200 - "-" "WordPress/6.8.2; https://gardenify.com.au"
20.171.207.73 - - [20/Jul/2025:15:10:36 +0000] "GET /goodscode/56669930.shtm HTTP/1.1" 404 11744 "-" "Mozilla/5.0 AppleWebKit/537.36 (KHTML, like Gecko; compatible; GPTBot/1.2; +https://openai.com/gptbot)"
209.74.77.214 - - [20/Jul/2025:15:10:38 +0000] "POST /wp-admin/admin-ajax.php?action=async_litespeed&nonce=kVKWj8CdLRLwSbHAgrMndAEMPTHBAM6d&litespeed_type=imgoptm HTTP/1.1" 200 21 "-" "WordPress/6.8.2; https://gardenify.com.au"
209.74.77.214 - - [20/Jul/2025:15:11:38 +0000] "POST /wp-cron.php?doing_wp_cron=1753024298.1812279224395751953125 HTTP/1.1" 200 - "-" "WordPress/6.8.2; https://gardenify.com.au"
20.171.207.73 - - [20/Jul/2025:15:11:36 +0000] "GET /goodscode/56669311.shtm HTTP/1.1" 404 11744 "-" "Mozilla/5.0 AppleWebKit/537.36 (KHTML, like Gecko; compatible; GPTBot/1.2; +https://openai.com/gptbot)"
209.74.77.214 - - [20/Jul/2025:15:11:38 +0000] "POST /wp-admin/admin-ajax.php?action=async_litespeed&nonce=zSKuF7eafngdy4Ix32BvTzdAYATQ5amZ&litespeed_type=imgoptm HTTP/1.1" 200 21 "-" "WordPress/6.8.2; https://gardenify.com.au"
209.74.77.214 - - [20/Jul/2025:15:12:41 +0000] "POST /wp-cron.php?doing_wp_cron=1753024361.8752169609069824218750 HTTP/1.1" 200 - "-" "WordPress/6.8.2; https://gardenify.com.au"
20.171.207.73 - - [20/Jul/2025:15:12:40 +0000] "GET /goodscode/56667897.shtm HTTP/1.1" 404 11744 "-" "Mozilla/5.0 AppleWebKit/537.36 (KHTML, like Gecko; compatible; GPTBot/1.2; +https://openai.com/gptbot)"
209.74.77.214 - - [20/Jul/2025:15:12:41 +0000] "POST /wp-admin/admin-ajax.php?action=async_litespeed&nonce=3GznE1HFsZ3C0S5f4ixFyX10EznZBRGR&litespeed_type=imgoptm HTTP/1.1" 200 21 "-" "WordPress/6.8.2; https://gardenify.com.au"
216.73.216.41 - - [20/Jul/2025:15:13:24 +0000] "GET /db.php/sitemap-16.xml HTTP/1.1" 200 13871 "-" "Mozilla/5.0 AppleWebKit/537.36 (KHTML, like Gecko; compatible; ClaudeBot/1.0; [email protected])"
209.74.77.214 - - [20/Jul/2025:15:13:42 +0000] "POST /wp-cron.php?doing_wp_cron=1753024422.4652740955352783203125 HTTP/1.1" 200 - "-" "WordPress/6.8.2; https://gardenify.com.au"
20.171.207.73 - - [20/Jul/2025:15:13:41 +0000] "GET /goodscode/56667239.shtm HTTP/1.1" 404 11744 "-" "Mozilla/5.0 AppleWebKit/537.36 (KHTML, like Gecko; compatible; GPTBot/1.2; +https://openai.com/gptbot)"
209.74.77.214 - - [20/Jul/2025:15:13:42 +0000] "POST /wp-admin/admin-ajax.php?action=async_litespeed&nonce=VdGhcdwWkWfHO8KJdaLYLP6yzRxFPMVO&litespeed_type=imgoptm HTTP/1.1" 200 21 "-" "WordPress/6.8.2; https://gardenify.com.au"
216.73.216.41 - - [20/Jul/2025:15:14:23 +0000] "GET /sitemap-10.xml HTTP/1.1" 200 3763 "-" "Mozilla/5.0 AppleWebKit/537.36 (KHTML, like Gecko; compatible; ClaudeBot/1.0; [email protected])"
216.73.216.41 - - [20/Jul/2025:15:14:23 +0000] "GET /sitemap-16.xml HTTP/1.1" 200 3764 "-" "Mozilla/5.0 AppleWebKit/537.36 (KHTML, like Gecko; compatible; ClaudeBot/1.0; [email protected])"
209.74.77.214 - - [20/Jul/2025:15:14:45 +0000] "POST /wp-cron.php?doing_wp_cron=1753024485.1913321018218994140625 HTTP/1.1" 200 - "-" "WordPress/6.8.2; https://gardenify.com.au"
20.171.207.73 - - [20/Jul/2025:15:14:44 +0000] "GET /goodscode/56669494.shtm HTTP/1.1" 404 11744 "-" "Mozilla/5.0 AppleWebKit/537.36 (KHTML, like Gecko; compatible; GPTBot/1.2; +https://openai.com/gptbot)"
209.74.77.214 - - [20/Jul/2025:15:14:45 +0000] "POST /wp-admin/admin-ajax.php?action=async_litespeed&nonce=fLNBIzVFGNh5xzT04nCLtX1EBcSLcuIw&litespeed_type=imgoptm HTTP/1.1" 200 21 "-" "WordPress/6.8.2; https://gardenify.com.au"
209.74.77.214 - - [20/Jul/2025:15:15:07 +0000] "POST /wp-cron.php?doing_wp_cron=1753024507.0119459629058837890625 HTTP/1.1" 200 - "-" "WordPress/6.8.2; https://gardenify.com.au"
57.141.2.1 - - [20/Jul/2025:15:15:06 +0000] "GET /search/63662262021490/feed/rss2/ HTTP/1.1" 200 1209 "-" "meta-externalagent/1.1 (+https://developers.facebook.com/docs/sharing/webmasters/crawler)"
209.74.77.214 - - [20/Jul/2025:15:15:07 +0000] "POST /wp-admin/admin-ajax.php?action=async_litespeed&nonce=0vTkQYKEaRKFkITaFtlpGzcTusTAX7f4&litespeed_type=imgoptm HTTP/1.1" 200 21 "-" "WordPress/6.8.2; https://gardenify.com.au"
209.74.77.214 - - [20/Jul/2025:15:15:45 +0000] "POST /wp-cron.php?doing_wp_cron=1753024545.9157209396362304687500 HTTP/1.1" 200 - "-" "WordPress/6.8.2; https://gardenify.com.au"
20.171.207.73 - - [20/Jul/2025:15:15:44 +0000] "GET /goodscode/56667358.shtm HTTP/1.1" 404 11744 "-" "Mozilla/5.0 AppleWebKit/537.36 (KHTML, like Gecko; compatible; GPTBot/1.2; +https://openai.com/gptbot)"
209.74.77.214 - - [20/Jul/2025:15:16:51 +0000] "POST /wp-cron.php?doing_wp_cron=1753024611.2833659648895263671875 HTTP/1.1" 200 - "-" "WordPress/6.8.2; https://gardenify.com.au"
20.171.207.73 - - [20/Jul/2025:15:16:49 +0000] "GET /goodscode/56697384.shtm HTTP/1.1" 404 11744 "-" "Mozilla/5.0 AppleWebKit/537.36 (KHTML, like Gecko; compatible; GPTBot/1.2; +https://openai.com/gptbot)"
209.74.77.214 - - [20/Jul/2025:15:16:51 +0000] "POST /wp-admin/admin-ajax.php?action=async_litespeed&nonce=WFpxE6KTgy5psoFwxl3YFKaf6Jv5MqEq&litespeed_type=imgoptm HTTP/1.1" 200 21 "-" "WordPress/6.8.2; https://gardenify.com.au"
216.73.216.41 - - [20/Jul/2025:15:17:16 +0000] "GET /db.php/sitemap-1.xml HTTP/1.1" 200 13860 "-" "Mozilla/5.0 AppleWebKit/537.36 (KHTML, like Gecko; compatible; ClaudeBot/1.0; [email protected])"
216.73.216.41 - - [20/Jul/2025:15:17:16 +0000] "GET /sitemap-14.xml HTTP/1.1" 200 3763 "-" "Mozilla/5.0 AppleWebKit/537.36 (KHTML, like Gecko; compatible; ClaudeBot/1.0; [email protected])"
209.74.77.214 - - [20/Jul/2025:15:17:56 +0000] "POST /wp-cron.php?doing_wp_cron=1753024676.4975130558013916015625 HTTP/1.1" 200 - "-" "WordPress/6.8.2; https://gardenify.com.au"
20.171.207.73 - - [20/Jul/2025:15:17:55 +0000] "GET /goodscode/56680791.shtm HTTP/1.1" 404 11744 "-" "Mozilla/5.0 AppleWebKit/537.36 (KHTML, like Gecko; compatible; GPTBot/1.2; +https://openai.com/gptbot)"
209.74.77.214 - - [20/Jul/2025:15:17:56 +0000] "POST /wp-admin/admin-ajax.php?action=async_litespeed&nonce=ssayIg9RFthUmNh2eK4CWKlSIDwFErVZ&litespeed_type=imgoptm HTTP/1.1" 200 21 "-" "WordPress/6.8.2; https://gardenify.com.au"
209.74.77.214 - - [20/Jul/2025:15:18:31 +0000] "POST /wp-cron.php?doing_wp_cron=1753024711.8784921169281005859375 HTTP/1.1" 200 - "-" "WordPress/6.8.2; https://gardenify.com.au"
57.141.2.16 - - [20/Jul/2025:15:18:31 +0000] "GET /?s=99157829001490& HTTP/1.1" 200 50573 "-" "meta-externalagent/1.1 (+https://developers.facebook.com/docs/sharing/webmasters/crawler)"
216.73.216.41 - - [20/Jul/2025:15:18:57 +0000] "GET /db.php/sitemap-15.xml HTTP/1.1" 200 13839 "-" "Mozilla/5.0 AppleWebKit/537.36 (KHTML, like Gecko; compatible; ClaudeBot/1.0; [email protected])"
216.73.216.41 - - [20/Jul/2025:15:18:57 +0000] "GET /sitemap-12.xml HTTP/1.1" 200 3762 "-" "Mozilla/5.0 AppleWebKit/537.36 (KHTML, like Gecko; compatible; ClaudeBot/1.0; [email protected])"
209.74.77.214 - - [20/Jul/2025:15:18:58 +0000] "POST /wp-cron.php?doing_wp_cron=1753024738.3763890266418457031250 HTTP/1.1" 200 - "-" "WordPress/6.8.2; https://gardenify.com.au"
20.171.207.73 - - [20/Jul/2025:15:18:58 +0000] "GET /goodscode/56678349.shtm HTTP/1.1" 404 11744 "-" "Mozilla/5.0 AppleWebKit/537.36 (KHTML, like Gecko; compatible; GPTBot/1.2; +https://openai.com/gptbot)"
209.74.77.214 - - [20/Jul/2025:15:18:58 +0000] "POST /wp-admin/admin-ajax.php?action=async_litespeed&nonce=dZKabvuCHVp3O7VTTTfavg1xAcIwoAfe&litespeed_type=imgoptm HTTP/1.1" 200 21 "-" "WordPress/6.8.2; https://gardenify.com.au"
209.74.77.214 - - [20/Jul/2025:15:19:52 +0000] "POST /wp-cron.php?doing_wp_cron=1753024792.6829490661621093750000 HTTP/1.1" 200 - "-" "WordPress/6.8.2; https://gardenify.com.au"
57.141.2.9 - - [20/Jul/2025:15:19:51 +0000] "GET /search/58951639031490/feed/rss2/ HTTP/1.1" 200 1209 "-" "meta-externalagent/1.1 (+https://developers.facebook.com/docs/sharing/webmasters/crawler)"
209.74.77.214 - - [20/Jul/2025:15:19:52 +0000] "POST /wp-admin/admin-ajax.php?action=async_litespeed&nonce=0q4vgqebIzEDdvL4MyDKW2XjjPropt4J&litespeed_type=imgoptm HTTP/1.1" 200 21 "-" "WordPress/6.8.2; https://gardenify.com.au"
20.171.207.73 - - [20/Jul/2025:15:20:02 +0000] "GET /goodscode/56678423.shtm HTTP/1.1" 404 11743 "-" "Mozilla/5.0 AppleWebKit/537.36 (KHTML, like Gecko; compatible; GPTBot/1.2; +https://openai.com/gptbot)"
209.74.77.214 - - [20/Jul/2025:15:20:56 +0000] "POST /wp-cron.php?doing_wp_cron=1753024856.3081150054931640625000 HTTP/1.1" 200 - "-" "WordPress/6.8.2; https://gardenify.com.au"
57.141.2.21 - - [20/Jul/2025:15:20:55 +0000] "GET /?s=106723668081490& HTTP/1.1" 200 50578 "-" "meta-externalagent/1.1 (+https://developers.facebook.com/docs/sharing/webmasters/crawler)"
209.74.77.214 - - [20/Jul/2025:15:20:56 +0000] "POST /wp-admin/admin-ajax.php?action=async_litespeed&nonce=mWtAqZoyoQ0IWjSB3MVDZnh0Kkk9LKBS&litespeed_type=imgoptm HTTP/1.1" 200 21 "-" "WordPress/6.8.2; https://gardenify.com.au"
57.141.2.13 - - [20/Jul/2025:15:21:00 +0000] "GET /goodscode/62713158.shtm HTTP/1.1" 404 50359 "-" "meta-externalagent/1.1 (+https://developers.facebook.com/docs/sharing/webmasters/crawler)"
20.171.207.73 - - [20/Jul/2025:15:21:07 +0000] "GET /goodscode/56693287.shtm HTTP/1.1" 404 11744 "-" "Mozilla/5.0 AppleWebKit/537.36 (KHTML, like Gecko; compatible; GPTBot/1.2; +https://openai.com/gptbot)"
216.73.216.41 - - [20/Jul/2025:15:22:02 +0000] "GET /db.php/sitemap-2.xml HTTP/1.1" 200 13899 "-" "Mozilla/5.0 AppleWebKit/537.36 (KHTML, like Gecko; compatible; ClaudeBot/1.0; [email protected])"
209.74.77.214 - - [20/Jul/2025:15:22:13 +0000] "POST /wp-cron.php?doing_wp_cron=1753024933.2014191150665283203125 HTTP/1.1" 200 - "-" "WordPress/6.8.2; https://gardenify.com.au"
20.171.207.73 - - [20/Jul/2025:15:22:12 +0000] "GET /goodscode/56683702.shtm HTTP/1.1" 404 11744 "-" "Mozilla/5.0 AppleWebKit/537.36 (KHTML, like Gecko; compatible; GPTBot/1.2; +https://openai.com/gptbot)"
209.74.77.214 - - [20/Jul/2025:15:22:13 +0000] "POST /wp-admin/admin-ajax.php?action=async_litespeed&nonce=IweYcqBQ6bhmiaDOVFbntIxbSYQXpQUm&litespeed_type=imgoptm HTTP/1.1" 200 21 "-" "WordPress/6.8.2; https://gardenify.com.au"
209.74.77.214 - - [20/Jul/2025:15:22:23 +0000] "POST /wp-cron.php?doing_wp_cron=1753024943.8843710422515869140625 HTTP/1.1" 200 - "-" "WordPress/6.8.2; https://gardenify.com.au"
57.141.2.27 - - [20/Jul/2025:15:22:23 +0000] "GET /?s=15321242051490& HTTP/1.1" 200 50573 "-" "meta-externalagent/1.1 (+https://developers.facebook.com/docs/sharing/webmasters/crawler)"
104.210.140.129 - - [20/Jul/2025:15:22:44 +0000] "GET /robots.txt HTTP/1.1" 200 229 "-" "Mozilla/5.0 (Macintosh; Intel Mac OS X 10_15_7) AppleWebKit/537.36 (KHTML, like Gecko) Chrome/131.0.0.0 Safari/537.36; compatible; OAI-SearchBot/1.0; +https://openai.com/searchbot"
209.74.77.214 - - [20/Jul/2025:15:23:17 +0000] "POST /wp-cron.php?doing_wp_cron=1753024997.6006300449371337890625 HTTP/1.1" 200 - "-" "WordPress/6.8.2; https://gardenify.com.au"
20.171.207.73 - - [20/Jul/2025:15:23:16 +0000] "GET /goodscode/56693427.shtm HTTP/1.1" 404 11743 "-" "Mozilla/5.0 AppleWebKit/537.36 (KHTML, like Gecko; compatible; GPTBot/1.2; +https://openai.com/gptbot)"
209.74.77.214 - - [20/Jul/2025:15:23:17 +0000] "POST /wp-admin/admin-ajax.php?action=async_litespeed&nonce=5n0olqjQv4rGYONuFpGQ2rd5vzyJMZHY&litespeed_type=imgoptm HTTP/1.1" 200 21 "-" "WordPress/6.8.2; https://gardenify.com.au"
209.74.77.214 - - [20/Jul/2025:15:24:21 +0000] "POST /wp-cron.php?doing_wp_cron=1753025061.5151820182800292968750 HTTP/1.1" 200 - "-" "WordPress/6.8.2; https://gardenify.com.au"
20.171.207.73 - - [20/Jul/2025:15:24:20 +0000] "GET /goodscode/56672908.shtm HTTP/1.1" 404 11744 "-" "Mozilla/5.0 AppleWebKit/537.36 (KHTML, like Gecko; compatible; GPTBot/1.2; +https://openai.com/gptbot)"
209.74.77.214 - - [20/Jul/2025:15:24:21 +0000] "POST /wp-admin/admin-ajax.php?action=async_litespeed&nonce=Y9Pbu8PZSWWpsl3ekaBmeZC7ukcSblz0&litespeed_type=imgoptm HTTP/1.1" 200 21 "-" "WordPress/6.8.2; https://gardenify.com.au"
209.74.77.214 - - [20/Jul/2025:15:24:43 +0000] "POST /wp-cron.php?doing_wp_cron=1753025083.8954200744628906250000 HTTP/1.1" 200 - "-" "WordPress/6.8.2; https://gardenify.com.au"
57.141.2.17 - - [20/Jul/2025:15:24:43 +0000] "GET /goodscode/15934864.shtm HTTP/1.1" 404 50359 "-" "meta-externalagent/1.1 (+https://developers.facebook.com/docs/sharing/webmasters/crawler)"
216.73.216.41 - - [20/Jul/2025:15:24:58 +0000] "GET /sitemap-18.xml HTTP/1.1" 200 3763 "-" "Mozilla/5.0 AppleWebKit/537.36 (KHTML, like Gecko; compatible; ClaudeBot/1.0; [email protected])"
209.74.77.214 - - [20/Jul/2025:15:25:03 +0000] "POST /wp-cron.php?doing_wp_cron=1753025103.6144220829010009765625 HTTP/1.1" 200 - "-" "WordPress/6.8.2; https://gardenify.com.au"
57.141.2.10 - - [20/Jul/2025:15:25:03 +0000] "GET /goodscode/15939185.shtm HTTP/1.1" 404 50359 "-" "meta-externalagent/1.1 (+https://developers.facebook.com/docs/sharing/webmasters/crawler)"
209.74.77.214 - - [20/Jul/2025:15:25:03 +0000] "POST /wp-admin/admin-ajax.php?action=async_litespeed&nonce=8PyIYm0wzjn0MzPt35npQGbkLHAN4F0V&litespeed_type=imgoptm HTTP/1.1" 200 21 "-" "WordPress/6.8.2; https://gardenify.com.au"
57.141.2.28 - - [20/Jul/2025:15:25:06 +0000] "GET /goodscode/15948221.shtm HTTP/1.1" 404 50359 "-" "meta-externalagent/1.1 (+https://developers.facebook.com/docs/sharing/webmasters/crawler)"
20.171.207.73 - - [20/Jul/2025:15:25:22 +0000] "GET /goodscode/56687293.shtm HTTP/1.1" 404 11743 "-" "Mozilla/5.0 AppleWebKit/537.36 (KHTML, like Gecko; compatible; GPTBot/1.2; +https://openai.com/gptbot)"
4.227.36.58 - - [20/Jul/2025:15:25:40 +0000] "GET /robots.txt HTTP/1.1" 200 229 "-" "Mozilla/5.0 AppleWebKit/537.36 (KHTML, like Gecko; compatible; GPTBot/1.2; +https://openai.com/gptbot)"
209.74.77.214 - - [20/Jul/2025:15:26:03 +0000] "POST /wp-cron.php?doing_wp_cron=1753025163.6506578922271728515625 HTTP/1.1" 200 - "-" "WordPress/6.8.2; https://gardenify.com.au"
57.141.2.4 - - [20/Jul/2025:15:26:02 +0000] "GET /goodscode/51065466.shtm HTTP/1.1" 404 50359 "-" "meta-externalagent/1.1 (+https://developers.facebook.com/docs/sharing/webmasters/crawler)"
209.74.77.214 - - [20/Jul/2025:15:26:03 +0000] "POST /wp-admin/admin-ajax.php?action=async_litespeed&nonce=MmU8VPILGt0IVz72ZEyG0mjTuRnCyHQ4&litespeed_type=imgoptm HTTP/1.1" 200 21 "-" "WordPress/6.8.2; https://gardenify.com.au"
209.74.77.214 - - [20/Jul/2025:15:26:23 +0000] "POST /wp-cron.php?doing_wp_cron=1753025183.6263139247894287109375 HTTP/1.1" 200 - "-" "WordPress/6.8.2; https://gardenify.com.au"
20.171.207.73 - - [20/Jul/2025:15:26:23 +0000] "GET /goodscode/56691437.shtm HTTP/1.1" 404 11744 "-" "Mozilla/5.0 AppleWebKit/537.36 (KHTML, like Gecko; compatible; GPTBot/1.2; +https://openai.com/gptbot)"
209.74.77.214 - - [20/Jul/2025:15:27:14 +0000] "POST /wp-cron.php?doing_wp_cron=1753025234.0482079982757568359375 HTTP/1.1" 200 - "-" "WordPress/6.8.2; https://gardenify.com.au"
57.141.2.30 - - [20/Jul/2025:15:27:12 +0000] "GET /search/6935375001490/feed/rss2/ HTTP/1.1" 200 1206 "-" "meta-externalagent/1.1 (+https://developers.facebook.com/docs/sharing/webmasters/crawler)"
209.74.77.214 - - [20/Jul/2025:15:27:14 +0000] "POST /wp-admin/admin-ajax.php?action=async_litespeed&nonce=8u53Y9CyEVE8TUtmNRcBptZ50qlzerhM&litespeed_type=imgoptm HTTP/1.1" 200 21 "-" "WordPress/6.8.2; https://gardenify.com.au"
209.74.77.214 - - [20/Jul/2025:15:27:27 +0000] "POST /wp-cron.php?doing_wp_cron=1753025247.9824869632720947265625 HTTP/1.1" 200 - "-" "WordPress/6.8.2; https://gardenify.com.au"
20.171.207.73 - - [20/Jul/2025:15:27:27 +0000] "GET /goodscode/56690732.shtm HTTP/1.1" 404 11744 "-" "Mozilla/5.0 AppleWebKit/537.36 (KHTML, like Gecko; compatible; GPTBot/1.2; +https://openai.com/gptbot)"
209.74.77.214 - - [20/Jul/2025:15:28:16 +0000] "POST /wp-cron.php?doing_wp_cron=1753025296.0335299968719482421875 HTTP/1.1" 200 - "-" "WordPress/6.8.2; https://gardenify.com.au"
57.141.2.13 - - [20/Jul/2025:15:28:14 +0000] "GET /?s=26341006011490& HTTP/1.1" 200 50573 "-" "meta-externalagent/1.1 (+https://developers.facebook.com/docs/sharing/webmasters/crawler)"
209.74.77.214 - - [20/Jul/2025:15:28:16 +0000] "POST /wp-admin/admin-ajax.php?action=async_litespeed&nonce=Qzr7zi2Vh8ycHSMR6lNSRPrrdSCfJPWE&litespeed_type=imgoptm HTTP/1.1" 200 21 "-" "WordPress/6.8.2; https://gardenify.com.au"
209.74.77.214 - - [20/Jul/2025:15:28:31 +0000] "POST /wp-cron.php?doing_wp_cron=1753025311.7757060527801513671875 HTTP/1.1" 200 - "-" "WordPress/6.8.2; https://gardenify.com.au"
20.171.207.73 - - [20/Jul/2025:15:28:31 +0000] "GET /goodscode/56674230.shtm HTTP/1.1" 404 11744 "-" "Mozilla/5.0 AppleWebKit/537.36 (KHTML, like Gecko; compatible; GPTBot/1.2; +https://openai.com/gptbot)"
209.74.77.214 - - [20/Jul/2025:15:29:06 +0000] "POST /wp-cron.php?doing_wp_cron=1753025346.9507451057434082031250 HTTP/1.1" 200 - "-" "WordPress/6.8.2; https://gardenify.com.au"
57.141.2.10 - - [20/Jul/2025:15:29:06 +0000] "GET /?s=30963346051490& HTTP/1.1" 200 50573 "-" "meta-externalagent/1.1 (+https://developers.facebook.com/docs/sharing/webmasters/crawler)"
209.74.77.214 - - [20/Jul/2025:15:29:07 +0000] "POST /wp-admin/admin-ajax.php?action=async_litespeed&nonce=gTKA0ZfmmvZWRBpTxdUAVoL3i9sn2v9R&litespeed_type=imgoptm HTTP/1.1" 200 21 "-" "WordPress/6.8.2; https://gardenify.com.au"
209.74.77.214 - - [20/Jul/2025:15:29:26 +0000] "POST /wp-cron.php?doing_wp_cron=1753025366.3716909885406494140625 HTTP/1.1" 200 - "-" "WordPress/6.8.2; https://gardenify.com.au"
57.141.2.21 - - [20/Jul/2025:15:29:26 +0000] "GET /goodscode/15929692.shtm HTTP/1.1" 404 50359 "-" "meta-externalagent/1.1 (+https://developers.facebook.com/docs/sharing/webmasters/crawler)"
20.171.207.73 - - [20/Jul/2025:15:29:33 +0000] "GET /goodscode/56690214.shtm HTTP/1.1" 404 11744 "-" "Mozilla/5.0 AppleWebKit/537.36 (KHTML, like Gecko; compatible; GPTBot/1.2; +https://openai.com/gptbot)"
57.141.2.18 - - [20/Jul/2025:15:29:37 +0000] "GET /goodscode/15931904.shtm HTTP/1.1" 404 50359 "-" "meta-externalagent/1.1 (+https://developers.facebook.com/docs/sharing/webmasters/crawler)"
209.74.77.214 - - [20/Jul/2025:15:30:35 +0000] "POST /wp-cron.php?doing_wp_cron=1753025435.8417570590972900390625 HTTP/1.1" 200 - "-" "WordPress/6.8.2; https://gardenify.com.au"
20.171.207.73 - - [20/Jul/2025:15:30:34 +0000] "GET /goodscode/56678941.shtm HTTP/1.1" 404 11744 "-" "Mozilla/5.0 AppleWebKit/537.36 (KHTML, like Gecko; compatible; GPTBot/1.2; +https://openai.com/gptbot)"
209.74.77.214 - - [20/Jul/2025:15:30:35 +0000] "POST /wp-admin/admin-ajax.php?action=async_litespeed&nonce=eDxqku2Hk2Ca3xHpClBORTEYS07CN1sK&litespeed_type=imgoptm HTTP/1.1" 200 21 "-" "WordPress/6.8.2; https://gardenify.com.au"
216.73.216.41 - - [20/Jul/2025:15:30:39 +0000] "GET /sitemap-15.xml HTTP/1.1" 200 3763 "-" "Mozilla/5.0 AppleWebKit/537.36 (KHTML, like Gecko; compatible; ClaudeBot/1.0; [email protected])"
209.74.77.214 - - [20/Jul/2025:15:31:09 +0000] "POST /wp-cron.php?doing_wp_cron=1753025469.3008139133453369140625 HTTP/1.1" 200 - "-" "WordPress/6.8.2; https://gardenify.com.au"
57.141.2.23 - - [20/Jul/2025:15:31:09 +0000] "GET /search/34327160021490/feed/rss2/ HTTP/1.1" 200 1209 "-" "meta-externalagent/1.1 (+https://developers.facebook.com/docs/sharing/webmasters/crawler)"
209.74.77.214 - - [20/Jul/2025:15:31:09 +0000] "POST /wp-admin/admin-ajax.php?action=async_litespeed&nonce=GTBhEI3668Bp18slbT8KmOKQcclI7qgz&litespeed_type=imgoptm HTTP/1.1" 200 21 "-" "WordPress/6.8.2; https://gardenify.com.au"
209.74.77.214 - - [20/Jul/2025:15:31:36 +0000] "POST /wp-cron.php?doing_wp_cron=1753025496.6032059192657470703125 HTTP/1.1" 200 - "-" "WordPress/6.8.2; https://gardenify.com.au"
20.171.207.73 - - [20/Jul/2025:15:31:36 +0000] "GET /goodscode/56694812.shtm HTTP/1.1" 404 11744 "-" "Mozilla/5.0 AppleWebKit/537.36 (KHTML, like Gecko; compatible; GPTBot/1.2; +https://openai.com/gptbot)"
209.74.77.214 - - [20/Jul/2025:15:32:43 +0000] "POST /wp-cron.php?doing_wp_cron=1753025563.2009479999542236328125 HTTP/1.1" 200 - "-" "WordPress/6.8.2; https://gardenify.com.au"
20.171.207.73 - - [20/Jul/2025:15:32:41 +0000] "GET /goodscode/56691834.shtm HTTP/1.1" 404 11744 "-" "Mozilla/5.0 AppleWebKit/537.36 (KHTML, like Gecko; compatible; GPTBot/1.2; +https://openai.com/gptbot)"
209.74.77.214 - - [20/Jul/2025:15:32:43 +0000] "POST /wp-admin/admin-ajax.php?action=async_litespeed&nonce=1ZYRdA9HA6dN1oVSB92fnuHbEnTrkptz&litespeed_type=imgoptm HTTP/1.1" 200 21 "-" "WordPress/6.8.2; https://gardenify.com.au"
209.74.77.214 - - [20/Jul/2025:15:33:46 +0000] "POST /wp-cron.php?doing_wp_cron=1753025626.4268379211425781250000 HTTP/1.1" 200 - "-" "WordPress/6.8.2; https://gardenify.com.au"
20.171.207.73 - - [20/Jul/2025:15:33:45 +0000] "GET /goodscode/56672390.shtm HTTP/1.1" 404 11744 "-" "Mozilla/5.0 AppleWebKit/537.36 (KHTML, like Gecko; compatible; GPTBot/1.2; +https://openai.com/gptbot)"
209.74.77.214 - - [20/Jul/2025:15:33:46 +0000] "POST /wp-admin/admin-ajax.php?action=async_litespeed&nonce=a3eUs58N9qLNwmX11gV4t7RCv67Girc7&litespeed_type=imgoptm HTTP/1.1" 200 21 "-" "WordPress/6.8.2; https://gardenify.com.au"
209.74.77.214 - - [20/Jul/2025:15:34:50 +0000] "POST /wp-cron.php?doing_wp_cron=1753025690.1103990077972412109375 HTTP/1.1" 200 - "-" "WordPress/6.8.2; https://gardenify.com.au"
20.171.207.73 - - [20/Jul/2025:15:34:48 +0000] "GET /goodscode/56687394.shtm HTTP/1.1" 404 11744 "-" "Mozilla/5.0 AppleWebKit/537.36 (KHTML, like Gecko; compatible; GPTBot/1.2; +https://openai.com/gptbot)"
209.74.77.214 - - [20/Jul/2025:15:34:50 +0000] "POST /wp-admin/admin-ajax.php?action=async_litespeed&nonce=8Nfj6qWxSBf1OZTh8L0tlBZmA4Y04hL1&litespeed_type=imgoptm HTTP/1.1" 200 21 "-" "WordPress/6.8.2; https://gardenify.com.au"
209.74.77.214 - - [20/Jul/2025:15:35:53 +0000] "POST /wp-cron.php?doing_wp_cron=1753025753.8451170921325683593750 HTTP/1.1" 200 - "-" "WordPress/6.8.2; https://gardenify.com.au"
20.171.207.73 - - [20/Jul/2025:15:35:52 +0000] "GET /goodscode/56694128.shtm HTTP/1.1" 404 11744 "-" "Mozilla/5.0 AppleWebKit/537.36 (KHTML, like Gecko; compatible; GPTBot/1.2; +https://openai.com/gptbot)"
209.74.77.214 - - [20/Jul/2025:15:35:53 +0000] "POST /wp-admin/admin-ajax.php?action=async_litespeed&nonce=oCpYTBJuCGgQglOJIpVxJsJV0Xj4CrzA&litespeed_type=imgoptm HTTP/1.1" 200 21 "-" "WordPress/6.8.2; https://gardenify.com.au"
209.74.77.214 - - [20/Jul/2025:15:36:54 +0000] "POST /wp-cron.php?doing_wp_cron=1753025814.1769490242004394531250 HTTP/1.1" 200 - "-" "WordPress/6.8.2; https://gardenify.com.au"
20.171.207.73 - - [20/Jul/2025:15:36:52 +0000] "GET /goodscode/56671938.shtm HTTP/1.1" 404 11744 "-" "Mozilla/5.0 AppleWebKit/537.36 (KHTML, like Gecko; compatible; GPTBot/1.2; +https://openai.com/gptbot)"
209.74.77.214 - - [20/Jul/2025:15:36:54 +0000] "POST /wp-admin/admin-ajax.php?action=async_litespeed&nonce=IcTdk0cndXwOsJNey7TlrxfJ5zwYlsuo&litespeed_type=imgoptm HTTP/1.1" 200 21 "-" "WordPress/6.8.2; https://gardenify.com.au"
209.74.77.214 - - [20/Jul/2025:15:37:32 +0000] "POST /wp-cron.php?doing_wp_cron=1753025852.6943900585174560546875 HTTP/1.1" 200 - "-" "WordPress/6.8.2; https://gardenify.com.au"
57.141.2.22 - - [20/Jul/2025:15:37:32 +0000] "GET /?s=58960368031490& HTTP/1.1" 200 50573 "-" "meta-externalagent/1.1 (+https://developers.facebook.com/docs/sharing/webmasters/crawler)"
209.74.77.214 - - [20/Jul/2025:15:37:53 +0000] "POST /wp-cron.php?doing_wp_cron=1753025873.9064729213714599609375 HTTP/1.1" 200 - "-" "WordPress/6.8.2; https://gardenify.com.au"
20.171.207.73 - - [20/Jul/2025:15:37:53 +0000] "GET /goodscode/56691324.shtm HTTP/1.1" 404 11744 "-" "Mozilla/5.0 AppleWebKit/537.36 (KHTML, like Gecko; compatible; GPTBot/1.2; +https://openai.com/gptbot)"
209.74.77.214 - - [20/Jul/2025:15:37:53 +0000] "POST /wp-admin/admin-ajax.php?action=async_litespeed&nonce=yLW3im91EwNDjEN9lskHEbWcv7mgnbYe&litespeed_type=imgoptm HTTP/1.1" 200 21 "-" "WordPress/6.8.2; https://gardenify.com.au"
209.74.77.214 - - [20/Jul/2025:15:38:57 +0000] "POST /wp-cron.php?doing_wp_cron=1753025937.3846690654754638671875 HTTP/1.1" 200 - "-" "WordPress/6.8.2; https://gardenify.com.au"
20.171.207.73 - - [20/Jul/2025:15:38:55 +0000] "GET /goodscode/56681309.shtm HTTP/1.1" 404 11744 "-" "Mozilla/5.0 AppleWebKit/537.36 (KHTML, like Gecko; compatible; GPTBot/1.2; +https://openai.com/gptbot)"
209.74.77.214 - - [20/Jul/2025:15:38:57 +0000] "POST /wp-admin/admin-ajax.php?action=async_litespeed&nonce=FdZt7YUwDN9J3HwzlY0gwt1SGjpQPBj9&litespeed_type=imgoptm HTTP/1.1" 200 21 "-" "WordPress/6.8.2; https://gardenify.com.au"
57.141.2.29 - - [20/Jul/2025:15:39:12 +0000] "GET /?s=95930235091490& HTTP/1.1" 200 50573 "-" "meta-externalagent/1.1 (+https://developers.facebook.com/docs/sharing/webmasters/crawler)"
209.74.77.214 - - [20/Jul/2025:15:40:00 +0000] "POST /wp-cron.php?doing_wp_cron=1753026000.5914258956909179687500 HTTP/1.1" 200 - "-" "WordPress/6.8.2; https://gardenify.com.au"
20.171.207.73 - - [20/Jul/2025:15:39:59 +0000] "GET /goodscode/56670382.shtm HTTP/1.1" 404 11743 "-" "Mozilla/5.0 AppleWebKit/537.36 (KHTML, like Gecko; compatible; GPTBot/1.2; +https://openai.com/gptbot)"
209.74.77.214 - - [20/Jul/2025:15:40:00 +0000] "POST /wp-admin/admin-ajax.php?action=async_litespeed&nonce=j0IrrSeC2mWzVgNJAuNfXaOV8Pppeygd&litespeed_type=imgoptm HTTP/1.1" 200 21 "-" "WordPress/6.8.2; https://gardenify.com.au"
216.73.216.41 - - [20/Jul/2025:15:40:51 +0000] "GET /sitemap-18.xml HTTP/1.1" 200 3763 "-" "Mozilla/5.0 AppleWebKit/537.36 (KHTML, like Gecko; compatible; ClaudeBot/1.0; [email protected])"
209.74.77.214 - - [20/Jul/2025:15:41:05 +0000] "POST /wp-cron.php?doing_wp_cron=1753026065.6934258937835693359375 HTTP/1.1" 200 - "-" "WordPress/6.8.2; https://gardenify.com.au"
20.171.207.73 - - [20/Jul/2025:15:41:04 +0000] "GET /goodscode/56684230.shtm HTTP/1.1" 404 11744 "-" "Mozilla/5.0 AppleWebKit/537.36 (KHTML, like Gecko; compatible; GPTBot/1.2; +https://openai.com/gptbot)"
209.74.77.214 - - [20/Jul/2025:15:41:05 +0000] "POST /wp-admin/admin-ajax.php?action=async_litespeed&nonce=4YhMKn398WJhp3afuv4HHJoL93SX7ApH&litespeed_type=imgoptm HTTP/1.1" 200 21 "-" "WordPress/6.8.2; https://gardenify.com.au"
209.74.77.214 - - [20/Jul/2025:15:42:10 +0000] "POST /wp-cron.php?doing_wp_cron=1753026129.9597949981689453125000 HTTP/1.1" 200 - "-" "WordPress/6.8.2; https://gardenify.com.au"
20.171.207.73 - - [20/Jul/2025:15:42:08 +0000] "GET /goodscode/56674123.shtm HTTP/1.1" 404 11744 "-" "Mozilla/5.0 AppleWebKit/537.36 (KHTML, like Gecko; compatible; GPTBot/1.2; +https://openai.com/gptbot)"
209.74.77.214 - - [20/Jul/2025:15:42:10 +0000] "POST /wp-admin/admin-ajax.php?action=async_litespeed&nonce=YmCtq09ZjxAeXIIxFS0cYLnFhT1keDrd&litespeed_type=imgoptm HTTP/1.1" 200 21 "-" "WordPress/6.8.2; https://gardenify.com.au"
216.73.216.41 - - [20/Jul/2025:15:42:13 +0000] "GET /db.php/sitemap-16.xml HTTP/1.1" 200 13815 "-" "Mozilla/5.0 AppleWebKit/537.36 (KHTML, like Gecko; compatible; ClaudeBot/1.0; [email protected])"
209.74.77.214 - - [20/Jul/2025:15:43:10 +0000] "POST /wp-cron.php?doing_wp_cron=1753026190.2942368984222412109375 HTTP/1.1" 200 - "-" "WordPress/6.8.2; https://gardenify.com.au"
20.171.207.73 - - [20/Jul/2025:15:43:09 +0000] "GET /goodscode/56682740.shtm HTTP/1.1" 404 11744 "-" "Mozilla/5.0 AppleWebKit/537.36 (KHTML, like Gecko; compatible; GPTBot/1.2; +https://openai.com/gptbot)"
209.74.77.214 - - [20/Jul/2025:15:43:10 +0000] "POST /wp-admin/admin-ajax.php?action=async_litespeed&nonce=99GBinlxRlGpvTyUFspLCCBdUwSvcIn5&litespeed_type=imgoptm HTTP/1.1" 200 21 "-" "WordPress/6.8.2; https://gardenify.com.au"
209.74.77.214 - - [20/Jul/2025:15:44:12 +0000] "POST /wp-cron.php?doing_wp_cron=1753026252.5757451057434082031250 HTTP/1.1" 200 - "-" "WordPress/6.8.2; https://gardenify.com.au"
20.171.207.73 - - [20/Jul/2025:15:44:11 +0000] "GET /goodscode/56693240.shtm HTTP/1.1" 404 11744 "-" "Mozilla/5.0 AppleWebKit/537.36 (KHTML, like Gecko; compatible; GPTBot/1.2; +https://openai.com/gptbot)"
209.74.77.214 - - [20/Jul/2025:15:44:12 +0000] "POST /wp-admin/admin-ajax.php?action=async_litespeed&nonce=nLqNymPFX04w6UCKmwGuieZdg9qGb2Qy&litespeed_type=imgoptm HTTP/1.1" 200 21 "-" "WordPress/6.8.2; https://gardenify.com.au"
209.74.77.214 - - [20/Jul/2025:15:45:18 +0000] "POST /wp-cron.php?doing_wp_cron=1753026318.3542580604553222656250 HTTP/1.1" 200 - "-" "WordPress/6.8.2; https://gardenify.com.au"
20.171.207.73 - - [20/Jul/2025:15:45:17 +0000] "GET /goodscode/56672493.shtm HTTP/1.1" 404 11744 "-" "Mozilla/5.0 AppleWebKit/537.36 (KHTML, like Gecko; compatible; GPTBot/1.2; +https://openai.com/gptbot)"
209.74.77.214 - - [20/Jul/2025:15:45:18 +0000] "POST /wp-admin/admin-ajax.php?action=async_litespeed&nonce=GJSQ2AK62C8ew1pVyZ5s8P9YerURQAnD&litespeed_type=imgoptm HTTP/1.1" 200 21 "-" "WordPress/6.8.2; https://gardenify.com.au"
209.74.77.214 - - [20/Jul/2025:15:46:22 +0000] "POST /wp-cron.php?doing_wp_cron=1753026382.6835820674896240234375 HTTP/1.1" 200 - "-" "WordPress/6.8.2; https://gardenify.com.au"
20.171.207.73 - - [20/Jul/2025:15:46:21 +0000] "GET /goodscode/56680742.shtm HTTP/1.1" 404 11744 "-" "Mozilla/5.0 AppleWebKit/537.36 (KHTML, like Gecko; compatible; GPTBot/1.2; +https://openai.com/gptbot)"
209.74.77.214 - - [20/Jul/2025:15:46:22 +0000] "POST /wp-admin/admin-ajax.php?action=async_litespeed&nonce=Fzp2nSaa8WKYioKBAjMcy9Pcf2DSMlf9&litespeed_type=imgoptm HTTP/1.1" 200 21 "-" "WordPress/6.8.2; https://gardenify.com.au"
209.74.77.214 - - [20/Jul/2025:15:47:03 +0000] "POST /wp-cron.php?doing_wp_cron=1753026423.2031719684600830078125 HTTP/1.1" 200 - "-" "WordPress/6.8.2; https://gardenify.com.au"
57.141.2.15 - - [20/Jul/2025:15:47:01 +0000] "GET /search/67809232031490/feed/rss2/ HTTP/1.1" 200 1209 "-" "meta-externalagent/1.1 (+https://developers.facebook.com/docs/sharing/webmasters/crawler)"
209.74.77.214 - - [20/Jul/2025:15:47:03 +0000] "POST /wp-admin/admin-ajax.php?action=async_litespeed&nonce=XB7PXsBUt9LAZqVr09tN1WJVq3lbSIAY&litespeed_type=imgoptm HTTP/1.1" 200 21 "-" "WordPress/6.8.2; https://gardenify.com.au"
57.141.2.22 - - [20/Jul/2025:15:47:12 +0000] "GET /?s=58411417041490& HTTP/1.1" 200 50573 "-" "meta-externalagent/1.1 (+https://developers.facebook.com/docs/sharing/webmasters/crawler)"
209.74.77.214 - - [20/Jul/2025:15:47:25 +0000] "POST /wp-cron.php?doing_wp_cron=1753026445.0650420188903808593750 HTTP/1.1" 200 - "-" "WordPress/6.8.2; https://gardenify.com.au"
20.171.207.73 - - [20/Jul/2025:15:47:24 +0000] "GET /goodscode/56694037.shtm HTTP/1.1" 404 11744 "-" "Mozilla/5.0 AppleWebKit/537.36 (KHTML, like Gecko; compatible; GPTBot/1.2; +https://openai.com/gptbot)"
209.74.77.214 - - [20/Jul/2025:15:48:29 +0000] "POST /wp-cron.php?doing_wp_cron=1753026509.1284189224243164062500 HTTP/1.1" 200 - "-" "WordPress/6.8.2; https://gardenify.com.au"
20.171.207.73 - - [20/Jul/2025:15:48:27 +0000] "GET /goodscode/56692740.shtm HTTP/1.1" 404 11744 "-" "Mozilla/5.0 AppleWebKit/537.36 (KHTML, like Gecko; compatible; GPTBot/1.2; +https://openai.com/gptbot)"
209.74.77.214 - - [20/Jul/2025:15:48:29 +0000] "POST /wp-admin/admin-ajax.php?action=async_litespeed&nonce=dKfCWKHPPMapNdIK5UjKIBFDo1RCc0XP&litespeed_type=imgoptm HTTP/1.1" 200 21 "-" "WordPress/6.8.2; https://gardenify.com.au"
216.73.216.41 - - [20/Jul/2025:15:49:20 +0000] "GET /robots.txt HTTP/1.1" 200 229 "-" "Mozilla/5.0 AppleWebKit/537.36 (KHTML, like Gecko; compatible; ClaudeBot/1.0; [email protected])"
216.73.216.41 - - [20/Jul/2025:15:49:20 +0000] "GET /db.php/sitemap-2.xml HTTP/1.1" 200 13820 "-" "Mozilla/5.0 AppleWebKit/537.36 (KHTML, like Gecko; compatible; ClaudeBot/1.0; [email protected])"
209.74.77.214 - - [20/Jul/2025:15:49:33 +0000] "POST /wp-cron.php?doing_wp_cron=1753026573.2999520301818847656250 HTTP/1.1" 200 - "-" "WordPress/6.8.2; https://gardenify.com.au"
20.171.207.73 - - [20/Jul/2025:15:49:32 +0000] "GET /goodscode/56687912.shtm HTTP/1.1" 404 11744 "-" "Mozilla/5.0 AppleWebKit/537.36 (KHTML, like Gecko; compatible; GPTBot/1.2; +https://openai.com/gptbot)"
209.74.77.214 - - [20/Jul/2025:15:49:33 +0000] "POST /wp-admin/admin-ajax.php?action=async_litespeed&nonce=j61GjGkt4NRWBJOZEidtsVW0s8WNuVUj&litespeed_type=imgoptm HTTP/1.1" 200 21 "-" "WordPress/6.8.2; https://gardenify.com.au"
209.74.77.214 - - [20/Jul/2025:15:50:33 +0000] "POST /wp-cron.php?doing_wp_cron=1753026633.6689031124114990234375 HTTP/1.1" 200 - "-" "WordPress/6.8.2; https://gardenify.com.au"
209.74.77.214 - - [20/Jul/2025:15:50:33 +0000] "POST /wp-admin/admin-ajax.php?action=async_litespeed&nonce=Oy1GVI9dYqztiLRG6xiEEJaRfDrATulR&litespeed_type=imgoptm HTTP/1.1" 200 21 "-" "WordPress/6.8.2; https://gardenify.com.au"
20.171.207.73 - - [20/Jul/2025:15:50:32 +0000] "GET /goodscode/56693842.shtm HTTP/1.1" 404 11744 "-" "Mozilla/5.0 AppleWebKit/537.36 (KHTML, like Gecko; compatible; GPTBot/1.2; +https://openai.com/gptbot)"
209.74.77.214 - - [20/Jul/2025:15:51:38 +0000] "POST /wp-cron.php?doing_wp_cron=1753026698.7472660541534423828125 HTTP/1.1" 200 - "-" "WordPress/6.8.2; https://gardenify.com.au"
20.171.207.73 - - [20/Jul/2025:15:51:37 +0000] "GET /goodscode/56694730.shtm HTTP/1.1" 404 11744 "-" "Mozilla/5.0 AppleWebKit/537.36 (KHTML, like Gecko; compatible; GPTBot/1.2; +https://openai.com/gptbot)"
209.74.77.214 - - [20/Jul/2025:15:51:38 +0000] "POST /wp-admin/admin-ajax.php?action=async_litespeed&nonce=XY1fUOunAU9gTVy3FKmmc2oBD6P2iESo&litespeed_type=imgoptm HTTP/1.1" 200 21 "-" "WordPress/6.8.2; https://gardenify.com.au"
209.74.77.214 - - [20/Jul/2025:15:52:43 +0000] "POST /wp-cron.php?doing_wp_cron=1753026763.4409830570220947265625 HTTP/1.1" 200 - "-" "WordPress/6.8.2; https://gardenify.com.au"
20.171.207.73 - - [20/Jul/2025:15:52:42 +0000] "GET /goodscode/56679402.shtm HTTP/1.1" 404 11744 "-" "Mozilla/5.0 AppleWebKit/537.36 (KHTML, like Gecko; compatible; GPTBot/1.2; +https://openai.com/gptbot)"
209.74.77.214 - - [20/Jul/2025:15:52:43 +0000] "POST /wp-admin/admin-ajax.php?action=async_litespeed&nonce=9WBdac0PvDa8fch7iINGqnfHlvgdnaWr&litespeed_type=imgoptm HTTP/1.1" 200 21 "-" "WordPress/6.8.2; https://gardenify.com.au"
209.74.77.214 - - [20/Jul/2025:15:53:44 +0000] "POST /wp-cron.php?doing_wp_cron=1753026824.9476299285888671875000 HTTP/1.1" 200 - "-" "WordPress/6.8.2; https://gardenify.com.au"
20.171.207.73 - - [20/Jul/2025:15:53:43 +0000] "GET /goodscode/56692130.shtm HTTP/1.1" 404 11744 "-" "Mozilla/5.0 AppleWebKit/537.36 (KHTML, like Gecko; compatible; GPTBot/1.2; +https://openai.com/gptbot)"
209.74.77.214 - - [20/Jul/2025:15:53:45 +0000] "POST /wp-admin/admin-ajax.php?action=async_litespeed&nonce=EbTRRPC8SophCC0vxMXy84OEL7ACYriR&litespeed_type=imgoptm HTTP/1.1" 200 21 "-" "WordPress/6.8.2; https://gardenify.com.au"
209.74.77.214 - - [20/Jul/2025:15:54:48 +0000] "POST /wp-cron.php?doing_wp_cron=1753026888.6528849601745605468750 HTTP/1.1" 200 - "-" "WordPress/6.8.2; https://gardenify.com.au"
20.171.207.73 - - [20/Jul/2025:15:54:47 +0000] "GET /goodscode/56682197.shtm HTTP/1.1" 404 11744 "-" "Mozilla/5.0 AppleWebKit/537.36 (KHTML, like Gecko; compatible; GPTBot/1.2; +https://openai.com/gptbot)"
209.74.77.214 - - [20/Jul/2025:15:54:48 +0000] "POST /wp-admin/admin-ajax.php?action=async_litespeed&nonce=cVJQ4OiYK7rb2YKb1YDE06YDMbZnutzi&litespeed_type=imgoptm HTTP/1.1" 200 21 "-" "WordPress/6.8.2; https://gardenify.com.au"
209.74.77.214 - - [20/Jul/2025:15:55:09 +0000] "POST /wp-cron.php?doing_wp_cron=1753026909.1710479259490966796875 HTTP/1.1" 200 - "-" "WordPress/6.8.2; https://gardenify.com.au"
57.141.2.19 - - [20/Jul/2025:15:55:08 +0000] "GET /goodscode/15943561.shtm HTTP/1.1" 404 50359 "-" "meta-externalagent/1.1 (+https://developers.facebook.com/docs/sharing/webmasters/crawler)"
209.74.77.214 - - [20/Jul/2025:15:55:09 +0000] "POST /wp-admin/admin-ajax.php?action=async_litespeed&nonce=k0g0f25fQyqa4AzMn6bYt1yAFxFeB2pE&litespeed_type=imgoptm HTTP/1.1" 200 21 "-" "WordPress/6.8.2; https://gardenify.com.au"
