57.141.2.1 - - [20/Jul/2025:14:02:40 +0000] "GET /?x=7342819041800& HTTP/1.1" 301 - "-" "meta-externalagent/1.1 (+https://developers.facebook.com/docs/sharing/webmasters/crawler)"
209.74.77.214 - - [20/Jul/2025:14:03:01 +0000] "POST /wp-cron.php?doing_wp_cron=1753020181.8393630981445312500000 HTTP/1.1" 200 - "-" "WordPress/6.8.2; https://kraft-court.cafe"
57.141.2.22 - - [20/Jul/2025:14:03:01 +0000] "GET /?x=7342819041800 HTTP/1.1" 200 5467 "-" "meta-externalagent/1.1 (+https://developers.facebook.com/docs/sharing/webmasters/crawler)"
57.141.2.20 - - [20/Jul/2025:14:03:29 +0000] "GET /?x=23389394021800& HTTP/1.1" 301 - "-" "meta-externalagent/1.1 (+https://developers.facebook.com/docs/sharing/webmasters/crawler)"
57.141.2.23 - - [20/Jul/2025:14:03:30 +0000] "GET /?x=38861525041800& HTTP/1.1" 301 - "-" "meta-externalagent/1.1 (+https://developers.facebook.com/docs/sharing/webmasters/crawler)"
209.74.77.214 - - [20/Jul/2025:14:04:09 +0000] "POST /wp-cron.php?doing_wp_cron=1753020249.0357871055603027343750 HTTP/1.1" 200 - "-" "WordPress/6.8.2; https://kraft-court.cafe"
57.141.2.29 - - [20/Jul/2025:14:04:07 +0000] "GET /?x=38861525041800 HTTP/1.1" 200 5469 "-" "meta-externalagent/1.1 (+https://developers.facebook.com/docs/sharing/webmasters/crawler)"
57.141.2.29 - - [20/Jul/2025:14:04:47 +0000] "GET /detail/1297192914.htm HTTP/1.1" 404 - "-" "meta-externalagent/1.1 (+https://developers.facebook.com/docs/sharing/webmasters/crawler)"
209.74.77.214 - - [20/Jul/2025:14:06:20 +0000] "POST /wp-cron.php?doing_wp_cron=1753020380.2503681182861328125000 HTTP/1.1" 200 - "-" "WordPress/6.8.2; https://kraft-court.cafe"
57.141.2.17 - - [20/Jul/2025:14:06:18 +0000] "GET /?x=112584844061800& HTTP/1.1" 301 - "-" "meta-externalagent/1.1 (+https://developers.facebook.com/docs/sharing/webmasters/crawler)"
57.141.2.14 - - [20/Jul/2025:14:06:29 +0000] "GET /?x=112584844061800 HTTP/1.1" 200 5471 "-" "meta-externalagent/1.1 (+https://developers.facebook.com/docs/sharing/webmasters/crawler)"
209.74.77.214 - - [20/Jul/2025:14:06:36 +0000] "POST /wp-cron.php?doing_wp_cron=1753020396.1505520343780517578125 HTTP/1.1" 200 - "-" "WordPress/6.8.2; https://kraft-court.cafe"
57.141.2.29 - - [20/Jul/2025:14:06:35 +0000] "GET /?x=51141069041800& HTTP/1.1" 301 - "-" "meta-externalagent/1.1 (+https://developers.facebook.com/docs/sharing/webmasters/crawler)"
57.141.2.23 - - [20/Jul/2025:14:06:36 +0000] "GET /?x=89531937081800& HTTP/1.1" 301 - "-" "meta-externalagent/1.1 (+https://developers.facebook.com/docs/sharing/webmasters/crawler)"
209.74.77.214 - - [20/Jul/2025:14:06:46 +0000] "POST /wp-cron.php?doing_wp_cron=1753020406.1241600513458251953125 HTTP/1.1" 200 - "-" "WordPress/6.8.2; https://kraft-court.cafe"
57.141.2.13 - - [20/Jul/2025:14:06:45 +0000] "GET /?x=51141069041800 HTTP/1.1" 200 5469 "-" "meta-externalagent/1.1 (+https://developers.facebook.com/docs/sharing/webmasters/crawler)"
57.141.2.9 - - [20/Jul/2025:14:07:29 +0000] "GET /?x=89531937081800 HTTP/1.1" 200 5469 "-" "meta-externalagent/1.1 (+https://developers.facebook.com/docs/sharing/webmasters/crawler)"
57.141.2.9 - - [20/Jul/2025:14:10:01 +0000] "GET /detail/1296668570.htm HTTP/1.1" 404 - "-" "meta-externalagent/1.1 (+https://developers.facebook.com/docs/sharing/webmasters/crawler)"
57.141.2.6 - - [20/Jul/2025:14:10:38 +0000] "GET /detail/2212035115.htm HTTP/1.1" 404 - "-" "meta-externalagent/1.1 (+https://developers.facebook.com/docs/sharing/webmasters/crawler)"
57.141.2.21 - - [20/Jul/2025:14:10:41 +0000] "GET /detail/2211610108.htm HTTP/1.1" 404 - "-" "meta-externalagent/1.1 (+https://developers.facebook.com/docs/sharing/webmasters/crawler)"
57.141.2.17 - - [20/Jul/2025:14:11:02 +0000] "GET /detail/2211927501.htm HTTP/1.1" 404 - "-" "meta-externalagent/1.1 (+https://developers.facebook.com/docs/sharing/webmasters/crawler)"
66.249.79.7 - - [20/Jul/2025:14:12:15 +0000] "GET /?x=47301348031800&mod=48584348&uri=itm.php?detail/2908541.htm HTTP/1.1" 200 19389 "-" "Mozilla/5.0 (Linux; Android 6.0.1; Nexus 5X Build/MMB29P) AppleWebKit/537.36 (KHTML, like Gecko) Chrome/137.0.7151.103 Mobile Safari/537.36 (compatible; Googlebot/2.1; +http://www.google.com/bot.html)"
66.249.79.8 - - [20/Jul/2025:14:12:18 +0000] "POST /get-message-notify HTTP/1.1" 404 - "https://kraft-court.cafe/?x=47301348031800&mod=48584348&uri=itm.php?detail/2908541.htm" "Mozilla/5.0 (Linux; Android 6.0.1; Nexus 5X Build/MMB29P) AppleWebKit/537.36 (KHTML, like Gecko) Chrome/137.0.7151.119 Mobile Safari/537.36 (compatible; Googlebot/2.1; +http://www.google.com/bot.html)"
209.74.77.214 - - [20/Jul/2025:14:13:00 +0000] "POST /wp-cron.php?doing_wp_cron=1753020780.1513659954071044921875 HTTP/1.1" 200 - "-" "WordPress/6.8.2; https://kraft-court.cafe"
57.141.2.21 - - [20/Jul/2025:14:12:58 +0000] "GET /?x=72656477101800& HTTP/1.1" 301 - "-" "meta-externalagent/1.1 (+https://developers.facebook.com/docs/sharing/webmasters/crawler)"
66.249.79.7 - - [20/Jul/2025:14:13:34 +0000] "GET /?x=59761006021800&mod=5c376f6d&uri=search.php?detail/2891862.htm HTTP/1.1" 200 18802 "-" "Mozilla/5.0 (Linux; Android 6.0.1; Nexus 5X Build/MMB29P) AppleWebKit/537.36 (KHTML, like Gecko) Chrome/137.0.7151.103 Mobile Safari/537.36 (compatible; Googlebot/2.1; +http://www.google.com/bot.html)"
209.74.77.214 - - [20/Jul/2025:14:13:38 +0000] "POST /wp-cron.php?doing_wp_cron=1753020818.8725600242614746093750 HTTP/1.1" 200 - "-" "WordPress/6.8.2; https://kraft-court.cafe"
57.141.2.13 - - [20/Jul/2025:14:13:37 +0000] "GET /?x=20442545031800& HTTP/1.1" 301 - "-" "meta-externalagent/1.1 (+https://developers.facebook.com/docs/sharing/webmasters/crawler)"
209.74.77.214 - - [20/Jul/2025:14:14:32 +0000] "POST /wp-cron.php?doing_wp_cron=1753020872.2598900794982910156250 HTTP/1.1" 200 - "-" "WordPress/6.8.2; https://kraft-court.cafe"
57.141.2.24 - - [20/Jul/2025:14:14:30 +0000] "GET /?x=97413293021800& HTTP/1.1" 301 - "-" "meta-externalagent/1.1 (+https://developers.facebook.com/docs/sharing/webmasters/crawler)"
57.141.2.8 - - [20/Jul/2025:14:14:40 +0000] "GET /detail/2212045327.htm HTTP/1.1" 404 - "-" "meta-externalagent/1.1 (+https://developers.facebook.com/docs/sharing/webmasters/crawler)"
209.74.77.214 - - [20/Jul/2025:14:14:43 +0000] "POST /wp-cron.php?doing_wp_cron=1753020883.9125308990478515625000 HTTP/1.1" 200 - "-" "WordPress/6.8.2; https://kraft-court.cafe"
57.141.2.11 - - [20/Jul/2025:14:14:43 +0000] "GET /?x=97413293021800 HTTP/1.1" 200 5469 "-" "meta-externalagent/1.1 (+https://developers.facebook.com/docs/sharing/webmasters/crawler)"
57.141.2.26 - - [20/Jul/2025:14:15:18 +0000] "GET /?x=47918716041800& HTTP/1.1" 301 - "-" "meta-externalagent/1.1 (+https://developers.facebook.com/docs/sharing/webmasters/crawler)"
209.74.77.214 - - [20/Jul/2025:14:15:34 +0000] "POST /wp-cron.php?doing_wp_cron=1753020934.1975789070129394531250 HTTP/1.1" 200 - "-" "WordPress/6.8.2; https://kraft-court.cafe"
57.141.2.30 - - [20/Jul/2025:14:15:34 +0000] "GET /?x=75389686021800& HTTP/1.1" 301 - "-" "meta-externalagent/1.1 (+https://developers.facebook.com/docs/sharing/webmasters/crawler)"
57.141.2.5 - - [20/Jul/2025:14:15:39 +0000] "GET /?x=75389686021800 HTTP/1.1" 200 5469 "-" "meta-externalagent/1.1 (+https://developers.facebook.com/docs/sharing/webmasters/crawler)"
209.74.77.214 - - [20/Jul/2025:14:16:29 +0000] "POST /wp-cron.php?doing_wp_cron=1753020989.7418990135192871093750 HTTP/1.1" 200 - "-" "WordPress/6.8.2; https://kraft-court.cafe"
57.141.2.20 - - [20/Jul/2025:14:16:28 +0000] "GET /?x=75796116011800& HTTP/1.1" 301 - "-" "meta-externalagent/1.1 (+https://developers.facebook.com/docs/sharing/webmasters/crawler)"
209.74.77.214 - - [20/Jul/2025:14:18:35 +0000] "POST /wp-cron.php?doing_wp_cron=1753021115.3181259632110595703125 HTTP/1.1" 200 - "-" "WordPress/6.8.2; https://kraft-court.cafe"
57.141.2.23 - - [20/Jul/2025:14:18:33 +0000] "GET /?x=51379659041800& HTTP/1.1" 301 - "-" "meta-externalagent/1.1 (+https://developers.facebook.com/docs/sharing/webmasters/crawler)"
57.141.2.13 - - [20/Jul/2025:14:18:38 +0000] "GET /?x=51379659041800 HTTP/1.1" 200 5469 "-" "meta-externalagent/1.1 (+https://developers.facebook.com/docs/sharing/webmasters/crawler)"
209.74.77.214 - - [20/Jul/2025:14:19:35 +0000] "POST /wp-cron.php?doing_wp_cron=1753021175.2779750823974609375000 HTTP/1.1" 200 - "-" "WordPress/6.8.2; https://kraft-court.cafe"
57.141.2.15 - - [20/Jul/2025:14:19:33 +0000] "GET /?x=8767835071800& HTTP/1.1" 301 - "-" "meta-externalagent/1.1 (+https://developers.facebook.com/docs/sharing/webmasters/crawler)"
209.74.77.214 - - [20/Jul/2025:14:24:06 +0000] "POST /wp-cron.php?doing_wp_cron=1753021446.6040310859680175781250 HTTP/1.1" 200 - "-" "WordPress/6.8.2; https://kraft-court.cafe"
57.141.2.5 - - [20/Jul/2025:14:24:05 +0000] "GET /?x=6821971051800& HTTP/1.1" 301 - "-" "meta-externalagent/1.1 (+https://developers.facebook.com/docs/sharing/webmasters/crawler)"
57.141.2.25 - - [20/Jul/2025:14:24:11 +0000] "GET /?x=6821971051800 HTTP/1.1" 200 5467 "-" "meta-externalagent/1.1 (+https://developers.facebook.com/docs/sharing/webmasters/crawler)"
209.74.77.214 - - [20/Jul/2025:14:24:47 +0000] "POST /wp-cron.php?doing_wp_cron=1753021487.0845921039581298828125 HTTP/1.1" 200 - "-" "WordPress/6.8.2; https://kraft-court.cafe"
57.141.2.9 - - [20/Jul/2025:14:24:45 +0000] "GET /?x=107144801041800& HTTP/1.1" 301 - "-" "meta-externalagent/1.1 (+https://developers.facebook.com/docs/sharing/webmasters/crawler)"
57.141.2.29 - - [20/Jul/2025:14:24:53 +0000] "GET /?x=107144801041800 HTTP/1.1" 200 5471 "-" "meta-externalagent/1.1 (+https://developers.facebook.com/docs/sharing/webmasters/crawler)"
209.74.77.214 - - [20/Jul/2025:14:29:57 +0000] "POST /wp-cron.php?doing_wp_cron=1753021797.7665679454803466796875 HTTP/1.1" 200 - "-" "WordPress/6.8.2; https://kraft-court.cafe"
57.141.2.25 - - [20/Jul/2025:14:29:56 +0000] "GET /?x=98575629031800& HTTP/1.1" 301 - "-" "meta-externalagent/1.1 (+https://developers.facebook.com/docs/sharing/webmasters/crawler)"
57.141.2.13 - - [20/Jul/2025:14:30:01 +0000] "GET /detail/2211664719.htm HTTP/1.1" 404 - "-" "meta-externalagent/1.1 (+https://developers.facebook.com/docs/sharing/webmasters/crawler)"
57.141.2.8 - - [20/Jul/2025:14:30:10 +0000] "GET /detail/2212091789.htm HTTP/1.1" 404 - "-" "meta-externalagent/1.1 (+https://developers.facebook.com/docs/sharing/webmasters/crawler)"
57.141.2.8 - - [20/Jul/2025:14:30:26 +0000] "GET /?x=90137060021800& HTTP/1.1" 301 - "-" "meta-externalagent/1.1 (+https://developers.facebook.com/docs/sharing/webmasters/crawler)"
209.74.77.214 - - [20/Jul/2025:14:31:41 +0000] "POST /wp-cron.php?doing_wp_cron=1753021901.6725161075592041015625 HTTP/1.1" 200 - "-" "WordPress/6.8.2; https://kraft-court.cafe"
57.141.2.17 - - [20/Jul/2025:14:31:40 +0000] "GET /?x=83224228011800& HTTP/1.1" 301 - "-" "meta-externalagent/1.1 (+https://developers.facebook.com/docs/sharing/webmasters/crawler)"
209.74.77.214 - - [20/Jul/2025:14:31:54 +0000] "POST /wp-cron.php?doing_wp_cron=1753021914.2184839248657226562500 HTTP/1.1" 200 - "-" "WordPress/6.8.2; https://kraft-court.cafe"
57.141.2.23 - - [20/Jul/2025:14:31:54 +0000] "GET /?x=74432282091800& HTTP/1.1" 301 - "-" "meta-externalagent/1.1 (+https://developers.facebook.com/docs/sharing/webmasters/crawler)"
57.141.2.1 - - [20/Jul/2025:14:31:58 +0000] "GET /?x=74432282091800 HTTP/1.1" 200 5469 "-" "meta-externalagent/1.1 (+https://developers.facebook.com/docs/sharing/webmasters/crawler)"
57.141.2.10 - - [20/Jul/2025:14:32:08 +0000] "GET /?x=52625037021800& HTTP/1.1" 301 - "-" "meta-externalagent/1.1 (+https://developers.facebook.com/docs/sharing/webmasters/crawler)"
57.141.2.10 - - [20/Jul/2025:14:32:14 +0000] "GET /?x=52625037021800 HTTP/1.1" 200 5469 "-" "meta-externalagent/1.1 (+https://developers.facebook.com/docs/sharing/webmasters/crawler)"
209.74.77.214 - - [20/Jul/2025:14:34:10 +0000] "POST /wp-cron.php?doing_wp_cron=1753022050.3775589466094970703125 HTTP/1.1" 200 - "-" "WordPress/6.8.2; https://kraft-court.cafe"
57.141.2.21 - - [20/Jul/2025:14:34:08 +0000] "GET /?x=101025130031800& HTTP/1.1" 301 - "-" "meta-externalagent/1.1 (+https://developers.facebook.com/docs/sharing/webmasters/crawler)"
66.249.73.100 - - [20/Jul/2025:14:34:36 +0000] "GET /detail/2901189.htm HTTP/1.1" 404 - "-" "Mozilla/5.0 (Linux; Android 6.0.1; Nexus 5X Build/MMB29P) AppleWebKit/537.36 (KHTML, like Gecko) Chrome/137.0.7151.103 Mobile Safari/537.36 (compatible; GoogleOther)"
209.74.77.214 - - [20/Jul/2025:14:34:41 +0000] "POST /wp-cron.php?doing_wp_cron=1753022081.5900890827178955078125 HTTP/1.1" 200 - "-" "WordPress/6.8.2; https://kraft-court.cafe"
57.141.2.2 - - [20/Jul/2025:14:34:41 +0000] "GET /?x=101025130031800 HTTP/1.1" 200 5471 "-" "meta-externalagent/1.1 (+https://developers.facebook.com/docs/sharing/webmasters/crawler)"
209.74.77.214 - - [20/Jul/2025:14:37:46 +0000] "POST /wp-cron.php?doing_wp_cron=1753022266.4232931137084960937500 HTTP/1.1" 200 - "-" "WordPress/6.8.2; https://kraft-court.cafe"
57.141.2.27 - - [20/Jul/2025:14:37:43 +0000] "GET /?x=3987895001800& HTTP/1.1" 301 - "-" "meta-externalagent/1.1 (+https://developers.facebook.com/docs/sharing/webmasters/crawler)"
57.141.2.26 - - [20/Jul/2025:14:37:47 +0000] "GET /detail/2211693723.htm HTTP/1.1" 404 - "-" "meta-externalagent/1.1 (+https://developers.facebook.com/docs/sharing/webmasters/crawler)"
57.141.2.29 - - [20/Jul/2025:14:37:51 +0000] "GET /?x=3987895001800 HTTP/1.1" 200 5467 "-" "meta-externalagent/1.1 (+https://developers.facebook.com/docs/sharing/webmasters/crawler)"
57.141.2.14 - - [20/Jul/2025:14:38:10 +0000] "GET /detail/2211739673.htm HTTP/1.1" 404 - "-" "meta-externalagent/1.1 (+https://developers.facebook.com/docs/sharing/webmasters/crawler)"
104.248.32.99 - - [20/Jul/2025:14:38:47 +0000] "GET / HTTP/1.1" 200 12370 "-" "Mozilla/5.0 (X11; Linux x86_64; rv:137.0) Gecko/20100101 Firefox/137.0"
209.74.77.214 - - [20/Jul/2025:14:41:15 +0000] "POST /wp-cron.php?doing_wp_cron=1753022475.7162349224090576171875 HTTP/1.1" 200 - "-" "WordPress/6.8.2; https://kraft-court.cafe"
57.141.2.8 - - [20/Jul/2025:14:41:14 +0000] "GET /?x=58158933021800& HTTP/1.1" 301 - "-" "meta-externalagent/1.1 (+https://developers.facebook.com/docs/sharing/webmasters/crawler)"
57.141.2.20 - - [20/Jul/2025:14:41:20 +0000] "GET /?x=58158933021800 HTTP/1.1" 200 5469 "-" "meta-externalagent/1.1 (+https://developers.facebook.com/docs/sharing/webmasters/crawler)"
209.74.77.214 - - [20/Jul/2025:14:46:23 +0000] "POST /wp-cron.php?doing_wp_cron=1753022783.1380200386047363281250 HTTP/1.1" 200 - "-" "WordPress/6.8.2; https://kraft-court.cafe"
57.141.2.29 - - [20/Jul/2025:14:46:21 +0000] "GET /?x=64345622011800& HTTP/1.1" 301 - "-" "meta-externalagent/1.1 (+https://developers.facebook.com/docs/sharing/webmasters/crawler)"
57.141.2.29 - - [20/Jul/2025:14:46:23 +0000] "GET /detail/1297092460.htm HTTP/1.1" 404 - "-" "meta-externalagent/1.1 (+https://developers.facebook.com/docs/sharing/webmasters/crawler)"
57.141.2.10 - - [20/Jul/2025:14:46:53 +0000] "GET /detail/1297004169.htm HTTP/1.1" 404 - "-" "meta-externalagent/1.1 (+https://developers.facebook.com/docs/sharing/webmasters/crawler)"
66.249.79.1 - - [20/Jul/2025:14:48:08 +0000] "GET /?x=55302044071800&mod=decc2e06&uri=form.php?game.html HTTP/1.1" 200 18743 "-" "Mozilla/5.0 (Linux; Android 6.0.1; Nexus 5X Build/MMB29P) AppleWebKit/537.36 (KHTML, like Gecko) Chrome/137.0.7151.103 Mobile Safari/537.36 (compatible; Googlebot/2.1; +http://www.google.com/bot.html)"
209.74.77.214 - - [20/Jul/2025:14:48:09 +0000] "POST /wp-cron.php?doing_wp_cron=1753022889.9220459461212158203125 HTTP/1.1" 200 - "-" "WordPress/6.8.2; https://kraft-court.cafe"
57.141.2.9 - - [20/Jul/2025:14:48:09 +0000] "GET /?x=27170397011800& HTTP/1.1" 301 - "-" "meta-externalagent/1.1 (+https://developers.facebook.com/docs/sharing/webmasters/crawler)"
209.74.77.214 - - [20/Jul/2025:14:48:51 +0000] "POST /wp-cron.php?doing_wp_cron=1753022931.1394000053405761718750 HTTP/1.1" 200 - "-" "WordPress/6.8.2; https://kraft-court.cafe"
57.141.2.24 - - [20/Jul/2025:14:48:49 +0000] "GET /?x=83444303011800& HTTP/1.1" 301 - "-" "meta-externalagent/1.1 (+https://developers.facebook.com/docs/sharing/webmasters/crawler)"
57.141.2.9 - - [20/Jul/2025:14:51:58 +0000] "GET /detail/2211870827.htm HTTP/1.1" 404 - "-" "meta-externalagent/1.1 (+https://developers.facebook.com/docs/sharing/webmasters/crawler)"
209.74.77.214 - - [20/Jul/2025:14:53:31 +0000] "POST /wp-cron.php?doing_wp_cron=1753023211.3488729000091552734375 HTTP/1.1" 200 - "-" "WordPress/6.8.2; https://kraft-court.cafe"
57.141.2.25 - - [20/Jul/2025:14:53:29 +0000] "GET /?x=58098418041800& HTTP/1.1" 301 - "-" "meta-externalagent/1.1 (+https://developers.facebook.com/docs/sharing/webmasters/crawler)"
209.74.77.214 - - [20/Jul/2025:14:55:36 +0000] "POST /wp-cron.php?doing_wp_cron=1753023336.7357709407806396484375 HTTP/1.1" 200 - "-" "WordPress/6.8.2; https://kraft-court.cafe"
57.141.2.4 - - [20/Jul/2025:14:55:35 +0000] "GET /?x=83511865021800& HTTP/1.1" 301 - "-" "meta-externalagent/1.1 (+https://developers.facebook.com/docs/sharing/webmasters/crawler)"
57.141.2.26 - - [20/Jul/2025:14:55:40 +0000] "GET /?x=83511865021800 HTTP/1.1" 200 5469 "-" "meta-externalagent/1.1 (+https://developers.facebook.com/docs/sharing/webmasters/crawler)"
209.74.77.214 - - [20/Jul/2025:14:56:15 +0000] "POST /wp-cron.php?doing_wp_cron=1753023375.3836710453033447265625 HTTP/1.1" 200 - "-" "WordPress/6.8.2; https://kraft-court.cafe"
57.141.2.18 - - [20/Jul/2025:14:56:14 +0000] "GET /?x=8915503081800& HTTP/1.1" 301 - "-" "meta-externalagent/1.1 (+https://developers.facebook.com/docs/sharing/webmasters/crawler)"
57.141.2.10 - - [20/Jul/2025:14:56:19 +0000] "GET /?x=8915503081800 HTTP/1.1" 200 5467 "-" "meta-externalagent/1.1 (+https://developers.facebook.com/docs/sharing/webmasters/crawler)"
57.141.2.14 - - [20/Jul/2025:14:56:21 +0000] "GET /?x=20849227021800& HTTP/1.1" 301 - "-" "meta-externalagent/1.1 (+https://developers.facebook.com/docs/sharing/webmasters/crawler)"
57.141.2.18 - - [20/Jul/2025:14:56:23 +0000] "GET /?x=20849227021800 HTTP/1.1" 200 5469 "-" "meta-externalagent/1.1 (+https://developers.facebook.com/docs/sharing/webmasters/crawler)"
57.141.2.25 - - [20/Jul/2025:15:00:27 +0000] "GET /detail/2211633955.htm HTTP/1.1" 404 - "-" "meta-externalagent/1.1 (+https://developers.facebook.com/docs/sharing/webmasters/crawler)"
20.171.207.72 - - [20/Jul/2025:15:00:40 +0000] "GET /sitemap.xml HTTP/1.1" 404 - "-" "Mozilla/5.0 AppleWebKit/537.36 (KHTML, like Gecko; compatible; GPTBot/1.2; +https://openai.com/gptbot)"
209.74.77.214 - - [20/Jul/2025:15:00:44 +0000] "POST /wp-cron.php?doing_wp_cron=1753023644.8573150634765625000000 HTTP/1.1" 200 - "-" "WordPress/6.8.2; https://kraft-court.cafe"
57.141.2.14 - - [20/Jul/2025:15:00:42 +0000] "GET /?x=106454392051800& HTTP/1.1" 301 - "-" "meta-externalagent/1.1 (+https://developers.facebook.com/docs/sharing/webmasters/crawler)"
45.227.253.15 - - [20/Jul/2025:15:03:12 +0000] "GET /04c133af/04c133af/04c133af/index.php?ARRAY=7o2230223n313735333032373530302p2231223n22687474703n5p2s5p2s7n7334383376313373752r746s6566612r626p6s675p2s3s6p633q78696164616r5s72616r645s7061746826743q313735333032333930302q3662363765353462633933363934633464613930303862363564363465653936222p2232223n223938373866316531383962643233376335303032336339313931633136643137222p2233223n226230376262633334336536623734656638363437613834613434343538353437222p2262696r675s70617373223n2231312q34302q35352q36362q37332q38312q3136227q HTTP/1.1" 200 474 "-" "Mozilla/5.0 (Windows NT 10.0; Win64; x64; rv:80.0) Gecko/20100101 Firefox/80.0"
66.249.65.37 - - [20/Jul/2025:15:04:37 +0000] "GET /?x=47301468071800&mod=48584348&uri=us.php?detail/51146636.htm HTTP/1.1" 200 19613 "-" "Mozilla/5.0 (Linux; Android 6.0.1; Nexus 5X Build/MMB29P) AppleWebKit/537.36 (KHTML, like Gecko) Chrome/137.0.7151.103 Mobile Safari/537.36 (compatible; Googlebot/2.1; +http://www.google.com/bot.html)"
66.249.65.36 - - [20/Jul/2025:15:06:29 +0000] "GET /?x=6309795041800&mod=0d0fd7c6&uri=shared.php?detail/51776546.htm HTTP/1.1" 200 19502 "-" "Mozilla/5.0 (Linux; Android 6.0.1; Nexus 5X Build/MMB29P) AppleWebKit/537.36 (KHTML, like Gecko) Chrome/137.0.7151.103 Mobile Safari/537.36 (compatible; Googlebot/2.1; +http://www.google.com/bot.html)"
209.74.77.214 - - [20/Jul/2025:15:06:49 +0000] "POST /wp-cron.php?doing_wp_cron=1753024009.5520598888397216796875 HTTP/1.1" 200 - "-" "WordPress/6.8.2; https://kraft-court.cafe"
57.141.2.11 - - [20/Jul/2025:15:06:48 +0000] "GET /?x=2518599141800& HTTP/1.1" 301 - "-" "meta-externalagent/1.1 (+https://developers.facebook.com/docs/sharing/webmasters/crawler)"
209.74.77.214 - - [20/Jul/2025:15:08:29 +0000] "POST /wp-cron.php?doing_wp_cron=1753024109.1288321018218994140625 HTTP/1.1" 200 - "-" "WordPress/6.8.2; https://kraft-court.cafe"
57.141.2.27 - - [20/Jul/2025:15:08:27 +0000] "GET /?x=32243088001800& HTTP/1.1" 301 - "-" "meta-externalagent/1.1 (+https://developers.facebook.com/docs/sharing/webmasters/crawler)"
57.141.2.1 - - [20/Jul/2025:15:08:32 +0000] "GET /?x=32243088001800 HTTP/1.1" 200 5469 "-" "meta-externalagent/1.1 (+https://developers.facebook.com/docs/sharing/webmasters/crawler)"
209.74.77.214 - - [20/Jul/2025:15:08:56 +0000] "POST /wp-cron.php?doing_wp_cron=1753024136.6545560359954833984375 HTTP/1.1" 200 - "-" "WordPress/6.8.2; https://kraft-court.cafe"
57.141.2.21 - - [20/Jul/2025:15:08:56 +0000] "GET /?x=37059984031800& HTTP/1.1" 301 - "-" "meta-externalagent/1.1 (+https://developers.facebook.com/docs/sharing/webmasters/crawler)"
209.74.77.214 - - [20/Jul/2025:15:10:19 +0000] "POST /wp-cron.php?doing_wp_cron=1753024219.0279059410095214843750 HTTP/1.1" 200 - "-" "WordPress/6.8.2; https://kraft-court.cafe"
57.141.2.19 - - [20/Jul/2025:15:10:18 +0000] "GET /?x=60064841031800& HTTP/1.1" 301 - "-" "meta-externalagent/1.1 (+https://developers.facebook.com/docs/sharing/webmasters/crawler)"
57.141.2.8 - - [20/Jul/2025:15:10:22 +0000] "GET /?x=60064841031800 HTTP/1.1" 200 5469 "-" "meta-externalagent/1.1 (+https://developers.facebook.com/docs/sharing/webmasters/crawler)"
66.249.65.36 - - [20/Jul/2025:15:12:26 +0000] "GET /?x=6309795041800&mod=0d0fd7c6&uri=shared.php?detail/50255086.htm HTTP/1.1" 200 18847 "-" "Mozilla/5.0 (Linux; Android 6.0.1; Nexus 5X Build/MMB29P) AppleWebKit/537.36 (KHTML, like Gecko) Chrome/137.0.7151.103 Mobile Safari/537.36 (compatible; Googlebot/2.1; +http://www.google.com/bot.html)"
66.249.65.35 - - [20/Jul/2025:15:13:49 +0000] "GET /?x=79058022051800&mod=9edcc139&uri=brands.php?detail/2950722.htm HTTP/1.1" 200 19535 "-" "Mozilla/5.0 (Linux; Android 6.0.1; Nexus 5X Build/MMB29P) AppleWebKit/537.36 (KHTML, like Gecko) Chrome/137.0.7151.103 Mobile Safari/537.36 (compatible; Googlebot/2.1; +http://www.google.com/bot.html)"
209.74.77.214 - - [20/Jul/2025:15:14:13 +0000] "POST /wp-cron.php?doing_wp_cron=1753024453.8044829368591308593750 HTTP/1.1" 200 - "-" "WordPress/6.8.2; https://kraft-court.cafe"
57.141.2.21 - - [20/Jul/2025:15:14:12 +0000] "GET /?x=97941378131800& HTTP/1.1" 301 - "-" "meta-externalagent/1.1 (+https://developers.facebook.com/docs/sharing/webmasters/crawler)"
66.249.65.35 - - [20/Jul/2025:15:15:26 +0000] "GET /?x=47570710041800&mod=798fa73d&uri=shared.php?detail/2881320.htm HTTP/1.1" 200 19617 "-" "Mozilla/5.0 (Linux; Android 6.0.1; Nexus 5X Build/MMB29P) AppleWebKit/537.36 (KHTML, like Gecko) Chrome/137.0.7151.103 Mobile Safari/537.36 (compatible; Googlebot/2.1; +http://www.google.com/bot.html)"
209.74.77.214 - - [20/Jul/2025:15:15:31 +0000] "POST /wp-cron.php?doing_wp_cron=1753024531.3329761028289794921875 HTTP/1.1" 200 - "-" "WordPress/6.8.2; https://kraft-court.cafe"
57.141.2.22 - - [20/Jul/2025:15:15:30 +0000] "GET /?x=16261196021800& HTTP/1.1" 301 - "-" "meta-externalagent/1.1 (+https://developers.facebook.com/docs/sharing/webmasters/crawler)"
165.232.157.0 - - [20/Jul/2025:15:15:35 +0000] "GET /files.php HTTP/1.1" 404 - "https://www.google.com" "Mozilla/5.0 (Linux; Android 7.0; SM-G892A Build/NRD90M; wv) AppleWebKit/537.36 (KHTML, like Gecko) Version/4.0 Chrome/60.0.3112.107 Mobile Safari/537.36"
209.74.77.214 - - [20/Jul/2025:15:15:36 +0000] "POST /wp-cron.php?doing_wp_cron=1753024536.4400479793548583984375 HTTP/1.1" 200 - "-" "WordPress/6.8.2; https://kraft-court.cafe"
57.141.2.27 - - [20/Jul/2025:15:15:36 +0000] "GET /?x=16261196021800 HTTP/1.1" 200 5469 "-" "meta-externalagent/1.1 (+https://developers.facebook.com/docs/sharing/webmasters/crawler)"
209.74.77.214 - - [20/Jul/2025:15:17:20 +0000] "POST /wp-cron.php?doing_wp_cron=1753024640.8594610691070556640625 HTTP/1.1" 200 - "-" "WordPress/6.8.2; https://kraft-court.cafe"
57.141.2.20 - - [20/Jul/2025:15:17:19 +0000] "GET /?x=9628976011800& HTTP/1.1" 301 - "-" "meta-externalagent/1.1 (+https://developers.facebook.com/docs/sharing/webmasters/crawler)"
209.74.77.214 - - [20/Jul/2025:15:17:57 +0000] "POST /wp-cron.php?doing_wp_cron=1753024677.7184810638427734375000 HTTP/1.1" 200 - "-" "WordPress/6.8.2; https://kraft-court.cafe"
57.141.2.4 - - [20/Jul/2025:15:17:56 +0000] "GET /?x=6146765061800& HTTP/1.1" 301 - "-" "meta-externalagent/1.1 (+https://developers.facebook.com/docs/sharing/webmasters/crawler)"
57.141.2.25 - - [20/Jul/2025:15:18:31 +0000] "GET /detail/2211502214.htm HTTP/1.1" 404 - "-" "meta-externalagent/1.1 (+https://developers.facebook.com/docs/sharing/webmasters/crawler)"
209.74.77.214 - - [20/Jul/2025:15:19:41 +0000] "POST /wp-cron.php?doing_wp_cron=1753024781.6242771148681640625000 HTTP/1.1" 200 - "-" "WordPress/6.8.2; https://kraft-court.cafe"
57.141.2.30 - - [20/Jul/2025:15:19:40 +0000] "GET /?x=74915844061800& HTTP/1.1" 301 - "-" "meta-externalagent/1.1 (+https://developers.facebook.com/docs/sharing/webmasters/crawler)"
209.74.77.214 - - [20/Jul/2025:15:23:33 +0000] "POST /wp-cron.php?doing_wp_cron=1753025013.6760160923004150390625 HTTP/1.1" 200 - "-" "WordPress/6.8.2; https://kraft-court.cafe"
57.141.2.21 - - [20/Jul/2025:15:23:31 +0000] "GET /?x=55623946051800& HTTP/1.1" 301 - "-" "meta-externalagent/1.1 (+https://developers.facebook.com/docs/sharing/webmasters/crawler)"
57.141.2.7 - - [20/Jul/2025:15:23:35 +0000] "GET /?x=13873944061800& HTTP/1.1" 301 - "-" "meta-externalagent/1.1 (+https://developers.facebook.com/docs/sharing/webmasters/crawler)"
57.141.2.12 - - [20/Jul/2025:15:23:40 +0000] "GET /?x=13873944061800 HTTP/1.1" 200 5469 "-" "meta-externalagent/1.1 (+https://developers.facebook.com/docs/sharing/webmasters/crawler)"
66.249.65.36 - - [20/Jul/2025:15:24:32 +0000] "GET /?x=74660701091800&mod=03fa2f75&uri=info.php%3Fid%3D2491477-270%26name%3Dcs322ak0b HTTP/1.1" 200 18408 "-" "Mozilla/5.0 (Linux; Android 6.0.1; Nexus 5X Build/MMB29P) AppleWebKit/537.36 (KHTML, like Gecko) Chrome/137.0.7151.103 Mobile Safari/537.36 (compatible; Googlebot/2.1; +http://www.google.com/bot.html)"
66.249.65.37 - - [20/Jul/2025:15:25:02 +0000] "GET /?x=99480579061800&mod=1068bceb&uri=products.php?detail/1161232726.htm HTTP/1.1" 200 19480 "-" "Mozilla/5.0 (Linux; Android 6.0.1; Nexus 5X Build/MMB29P) AppleWebKit/537.36 (KHTML, like Gecko) Chrome/137.0.7151.103 Mobile Safari/537.36 (compatible; Googlebot/2.1; +http://www.google.com/bot.html)"
209.74.77.214 - - [20/Jul/2025:15:26:10 +0000] "POST /wp-cron.php?doing_wp_cron=1753025169.9962229728698730468750 HTTP/1.1" 200 - "-" "WordPress/6.8.2; https://kraft-court.cafe"
57.141.2.22 - - [20/Jul/2025:15:26:08 +0000] "GET /?x=90699431121800& HTTP/1.1" 301 - "-" "meta-externalagent/1.1 (+https://developers.facebook.com/docs/sharing/webmasters/crawler)"
66.249.65.37 - - [20/Jul/2025:15:26:10 +0000] "GET /?x=99475179001800&mod=48584348&uri=goods.php?detail/54858896.htm HTTP/1.1" 200 19156 "-" "Mozilla/5.0 (Linux; Android 6.0.1; Nexus 5X Build/MMB29P) AppleWebKit/537.36 (KHTML, like Gecko) Chrome/137.0.7151.103 Mobile Safari/537.36 (compatible; Googlebot/2.1; +http://www.google.com/bot.html)"
57.141.2.27 - - [20/Jul/2025:15:26:12 +0000] "GET /?x=90699431121800 HTTP/1.1" 200 5469 "-" "meta-externalagent/1.1 (+https://developers.facebook.com/docs/sharing/webmasters/crawler)"
57.141.2.5 - - [20/Jul/2025:15:26:57 +0000] "GET /detail/2211990042.htm HTTP/1.1" 404 - "-" "meta-externalagent/1.1 (+https://developers.facebook.com/docs/sharing/webmasters/crawler)"
57.141.2.11 - - [20/Jul/2025:15:26:59 +0000] "GET /detail/2211563476.htm HTTP/1.1" 404 - "-" "meta-externalagent/1.1 (+https://developers.facebook.com/docs/sharing/webmasters/crawler)"
66.249.65.35 - - [20/Jul/2025:15:27:00 +0000] "POST /get-message-notify HTTP/1.1" 404 - "https://kraft-court.cafe/?x=99475179001800&mod=48584348&uri=goods.php?detail/54858896.htm" "Mozilla/5.0 (Linux; Android 6.0.1; Nexus 5X Build/MMB29P) AppleWebKit/537.36 (KHTML, like Gecko) Chrome/137.0.7151.119 Mobile Safari/537.36 (compatible; Googlebot/2.1; +http://www.google.com/bot.html)"
209.74.77.214 - - [20/Jul/2025:15:27:38 +0000] "POST /wp-cron.php?doing_wp_cron=1753025258.7760200500488281250000 HTTP/1.1" 200 - "-" "WordPress/6.8.2; https://kraft-court.cafe"
57.141.2.22 - - [20/Jul/2025:15:27:37 +0000] "GET /?x=70990873051800& HTTP/1.1" 301 - "-" "meta-externalagent/1.1 (+https://developers.facebook.com/docs/sharing/webmasters/crawler)"
209.74.77.214 - - [20/Jul/2025:15:29:09 +0000] "POST /wp-cron.php?doing_wp_cron=1753025349.7002799510955810546875 HTTP/1.1" 200 - "-" "WordPress/6.8.2; https://kraft-court.cafe"
57.141.2.3 - - [20/Jul/2025:15:29:08 +0000] "GET /?x=89261559021800& HTTP/1.1" 301 - "-" "meta-externalagent/1.1 (+https://developers.facebook.com/docs/sharing/webmasters/crawler)"
57.141.2.8 - - [20/Jul/2025:15:29:13 +0000] "GET /?x=89261559021800 HTTP/1.1" 200 5469 "-" "meta-externalagent/1.1 (+https://developers.facebook.com/docs/sharing/webmasters/crawler)"
57.141.2.15 - - [20/Jul/2025:15:31:10 +0000] "GET /detail/2211666246.htm HTTP/1.1" 404 - "-" "meta-externalagent/1.1 (+https://developers.facebook.com/docs/sharing/webmasters/crawler)"
57.141.2.2 - - [20/Jul/2025:15:31:11 +0000] "GET /detail/2211721595.htm HTTP/1.1" 404 - "-" "meta-externalagent/1.1 (+https://developers.facebook.com/docs/sharing/webmasters/crawler)"
57.141.2.26 - - [20/Jul/2025:15:31:51 +0000] "GET /detail/1297374309.htm HTTP/1.1" 404 - "-" "meta-externalagent/1.1 (+https://developers.facebook.com/docs/sharing/webmasters/crawler)"
57.141.2.4 - - [20/Jul/2025:15:31:54 +0000] "GET /detail/2212208410.htm HTTP/1.1" 404 - "-" "meta-externalagent/1.1 (+https://developers.facebook.com/docs/sharing/webmasters/crawler)"
66.249.65.37 - - [20/Jul/2025:15:32:26 +0000] "GET /?x=119722543071800&mod=faefec47&uri=pin.php?detail/2923863.htm HTTP/1.1" 200 19385 "-" "Mozilla/5.0 (Linux; Android 6.0.1; Nexus 5X Build/MMB29P) AppleWebKit/537.36 (KHTML, like Gecko) Chrome/137.0.7151.103 Mobile Safari/537.36 (compatible; Googlebot/2.1; +http://www.google.com/bot.html)"
66.249.65.37 - - [20/Jul/2025:15:32:27 +0000] "GET /?x=70385525021800&mod=29b2cd4a&uri=shop.php?detail/3681462.htm HTTP/1.1" 200 19429 "-" "Mozilla/5.0 (Linux; Android 6.0.1; Nexus 5X Build/MMB29P) AppleWebKit/537.36 (KHTML, like Gecko) Chrome/137.0.7151.103 Mobile Safari/537.36 (compatible; Googlebot/2.1; +http://www.google.com/bot.html)"
66.249.65.36 - - [20/Jul/2025:15:32:31 +0000] "POST /get-message-notify HTTP/1.1" 404 - "https://kraft-court.cafe/?x=70385525021800&mod=29b2cd4a&uri=shop.php?detail/3681462.htm" "Mozilla/5.0 (Linux; Android 6.0.1; Nexus 5X Build/MMB29P) AppleWebKit/537.36 (KHTML, like Gecko) Chrome/137.0.7151.119 Mobile Safari/537.36 (compatible; Googlebot/2.1; +http://www.google.com/bot.html)"
66.249.65.35 - - [20/Jul/2025:15:32:53 +0000] "POST /get-message-notify HTTP/1.1" 404 - "https://kraft-court.cafe/?x=119722543071800&mod=faefec47&uri=pin.php?detail/2923863.htm" "Mozilla/5.0 (Linux; Android 6.0.1; Nexus 5X Build/MMB29P) AppleWebKit/537.36 (KHTML, like Gecko) Chrome/137.0.7151.119 Mobile Safari/537.36 (compatible; Googlebot/2.1; +http://www.google.com/bot.html)"
66.249.65.35 - - [20/Jul/2025:15:33:47 +0000] "GET /?x=31845749091800&mod=42e77b63&uri=products.php?detail/2889450.htm HTTP/1.1" 200 19165 "-" "Mozilla/5.0 (Linux; Android 6.0.1; Nexus 5X Build/MMB29P) AppleWebKit/537.36 (KHTML, like Gecko) Chrome/137.0.7151.103 Mobile Safari/537.36 (compatible; Googlebot/2.1; +http://www.google.com/bot.html)"
209.74.77.214 - - [20/Jul/2025:15:35:09 +0000] "POST /wp-cron.php?doing_wp_cron=1753025709.1183619499206542968750 HTTP/1.1" 200 - "-" "WordPress/6.8.2; https://kraft-court.cafe"
57.141.2.21 - - [20/Jul/2025:15:35:07 +0000] "GET /?x=5239565021800& HTTP/1.1" 301 - "-" "meta-externalagent/1.1 (+https://developers.facebook.com/docs/sharing/webmasters/crawler)"
57.141.2.30 - - [20/Jul/2025:15:35:06 +0000] "GET /?x=15097766051800& HTTP/1.1" 301 - "-" "meta-externalagent/1.1 (+https://developers.facebook.com/docs/sharing/webmasters/crawler)"
80.85.246.217 - - [20/Jul/2025:15:35:17 +0000] "GET / HTTP/1.1" 301 - "-" "Mozilla/5.0 (Macintosh; Intel Mac OS X 10_15_7) AppleWebKit/537.36 (KHTML, like Gecko) Chrome/133.0.0.0 Safari/537.36"
57.141.2.8 - - [20/Jul/2025:15:35:18 +0000] "GET /?x=52087596041800& HTTP/1.1" 301 - "-" "meta-externalagent/1.1 (+https://developers.facebook.com/docs/sharing/webmasters/crawler)"
80.85.246.217 - - [20/Jul/2025:15:35:21 +0000] "GET / HTTP/1.1" 200 1850 "https://KRAFT-COURT.CAFE" "Mozilla/5.0 (Macintosh; Intel Mac OS X 10_15_7) AppleWebKit/537.36 (KHTML, like Gecko) Chrome/133.0.0.0 Safari/537.36"
57.141.2.3 - - [20/Jul/2025:15:35:22 +0000] "GET /?x=52087596041800 HTTP/1.1" 200 5469 "-" "meta-externalagent/1.1 (+https://developers.facebook.com/docs/sharing/webmasters/crawler)"
80.85.246.217 - - [20/Jul/2025:15:35:32 +0000] "GET /wp-login.php?action=lostpassword HTTP/1.1" 200 1070 "-" "Mozilla/5.0 (Macintosh; Intel Mac OS X 10_15_7) AppleWebKit/537.36 (KHTML, like Gecko) Chrome/133.0.0.0 Safari/537.36"
209.74.77.214 - - [20/Jul/2025:15:35:35 +0000] "POST /wp-cron.php?doing_wp_cron=1753025735.9608530998229980468750 HTTP/1.1" 200 - "-" "WordPress/6.8.2; https://kraft-court.cafe"
103.47.95.6 - - [20/Jul/2025:15:35:35 +0000] "POST /wp-login.php?action=lostpassword HTTP/1.1" 200 1168 "-" "Mozilla/5.0 (Macintosh; Intel Mac OS X 10_15_7) AppleWebKit/537.36 (KHTML, like Gecko) Chrome/133.0.0.0 Safari/537.36"
103.47.95.6 - - [20/Jul/2025:15:35:38 +0000] "POST /wp-login.php?action=lostpassword HTTP/1.1" 200 1139 "-" "Mozilla/5.0 (Windows NT 10.0; Win64; x64) AppleWebKit/537.36 (KHTML, like Gecko) Chrome/120.0.0.0 Safari/537.36"
80.85.246.217 - - [20/Jul/2025:15:35:42 +0000] "GET /wp-login.php HTTP/1.1" 200 1835 "-" "Mozilla/5.0 (Macintosh; Intel Mac OS X 10_15_7) AppleWebKit/537.36 (KHTML, like Gecko) Chrome/133.0.0.0 Safari/537.36"
66.249.73.100 - - [20/Jul/2025:15:38:56 +0000] "GET /detail/1295136354.htm HTTP/1.1" 404 - "-" "Mozilla/5.0 (Linux; Android 6.0.1; Nexus 5X Build/MMB29P) AppleWebKit/537.36 (KHTML, like Gecko) Chrome/137.0.7151.103 Mobile Safari/537.36 (compatible; GoogleOther)"
209.74.77.214 - - [20/Jul/2025:15:40:02 +0000] "POST /wp-cron.php?doing_wp_cron=1753026002.5222120285034179687500 HTTP/1.1" 200 - "-" "WordPress/6.8.2; https://kraft-court.cafe"
57.141.2.5 - - [20/Jul/2025:15:40:00 +0000] "GET /?x=116401764001800& HTTP/1.1" 301 - "-" "meta-externalagent/1.1 (+https://developers.facebook.com/docs/sharing/webmasters/crawler)"
57.141.2.3 - - [20/Jul/2025:15:40:06 +0000] "GET /?x=116401764001800 HTTP/1.1" 200 5471 "-" "meta-externalagent/1.1 (+https://developers.facebook.com/docs/sharing/webmasters/crawler)"
209.74.77.214 - - [20/Jul/2025:15:42:09 +0000] "POST /wp-cron.php?doing_wp_cron=1753026129.6172399520874023437500 HTTP/1.1" 200 - "-" "WordPress/6.8.2; https://kraft-court.cafe"
57.141.2.2 - - [20/Jul/2025:15:42:07 +0000] "GET /?x=23813906041800& HTTP/1.1" 301 - "-" "meta-externalagent/1.1 (+https://developers.facebook.com/docs/sharing/webmasters/crawler)"
66.249.65.36 - - [20/Jul/2025:15:42:59 +0000] "GET /dozin.html HTTP/1.1" 404 - "-" "Mozilla/5.0 (Linux; Android 6.0.1; Nexus 5X Build/MMB29P) AppleWebKit/537.36 (KHTML, like Gecko) Chrome/137.0.7151.103 Mobile Safari/537.36 (compatible; Googlebot/2.1; +http://www.google.com/bot.html)"
57.141.2.4 - - [20/Jul/2025:15:44:59 +0000] "GET /detail/1297291811.htm HTTP/1.1" 404 - "-" "meta-externalagent/1.1 (+https://developers.facebook.com/docs/sharing/webmasters/crawler)"
209.74.77.214 - - [20/Jul/2025:15:46:24 +0000] "POST /wp-cron.php?doing_wp_cron=1753026384.6902630329132080078125 HTTP/1.1" 200 - "-" "WordPress/6.8.2; https://kraft-court.cafe"
57.141.2.22 - - [20/Jul/2025:15:46:23 +0000] "GET /?x=72650387041800& HTTP/1.1" 301 - "-" "meta-externalagent/1.1 (+https://developers.facebook.com/docs/sharing/webmasters/crawler)"
209.74.77.214 - - [20/Jul/2025:15:48:43 +0000] "POST /wp-cron.php?doing_wp_cron=1753026523.3251469135284423828125 HTTP/1.1" 200 - "-" "WordPress/6.8.2; https://kraft-court.cafe"
57.141.2.25 - - [20/Jul/2025:15:48:42 +0000] "GET /?x=10428500011800& HTTP/1.1" 301 - "-" "meta-externalagent/1.1 (+https://developers.facebook.com/docs/sharing/webmasters/crawler)"
209.74.77.214 - - [20/Jul/2025:15:48:49 +0000] "POST /wp-cron.php?doing_wp_cron=1753026529.4274399280548095703125 HTTP/1.1" 200 - "-" "WordPress/6.8.2; https://kraft-court.cafe"
57.141.2.18 - - [20/Jul/2025:15:48:49 +0000] "GET /?x=10428500011800 HTTP/1.1" 200 5469 "-" "meta-externalagent/1.1 (+https://developers.facebook.com/docs/sharing/webmasters/crawler)"
57.141.2.22 - - [20/Jul/2025:15:48:51 +0000] "GET /?x=44795048021800& HTTP/1.1" 301 - "-" "meta-externalagent/1.1 (+https://developers.facebook.com/docs/sharing/webmasters/crawler)"
57.141.2.30 - - [20/Jul/2025:15:48:54 +0000] "GET /?x=44795048021800 HTTP/1.1" 200 5469 "-" "meta-externalagent/1.1 (+https://developers.facebook.com/docs/sharing/webmasters/crawler)"
209.74.77.214 - - [20/Jul/2025:15:50:05 +0000] "POST /wp-cron.php?doing_wp_cron=1753026605.4901700019836425781250 HTTP/1.1" 200 - "-" "WordPress/6.8.2; https://kraft-court.cafe"
57.141.2.13 - - [20/Jul/2025:15:50:04 +0000] "GET /?x=77327964011800& HTTP/1.1" 301 - "-" "meta-externalagent/1.1 (+https://developers.facebook.com/docs/sharing/webmasters/crawler)"
57.141.2.17 - - [20/Jul/2025:15:50:09 +0000] "GET /?x=77327964011800 HTTP/1.1" 200 5469 "-" "meta-externalagent/1.1 (+https://developers.facebook.com/docs/sharing/webmasters/crawler)"
209.74.77.214 - - [20/Jul/2025:15:51:05 +0000] "POST /wp-cron.php?doing_wp_cron=1753026665.4539670944213867187500 HTTP/1.1" 200 - "-" "WordPress/6.8.2; https://kraft-court.cafe"
57.141.2.21 - - [20/Jul/2025:15:51:04 +0000] "GET /?x=86814210051800& HTTP/1.1" 301 - "-" "meta-externalagent/1.1 (+https://developers.facebook.com/docs/sharing/webmasters/crawler)"
66.249.73.100 - - [20/Jul/2025:15:51:16 +0000] "GET /detail/46962949.htm HTTP/1.1" 404 - "-" "Mozilla/5.0 (Linux; Android 6.0.1; Nexus 5X Build/MMB29P) AppleWebKit/537.36 (KHTML, like Gecko) Chrome/137.0.7151.103 Mobile Safari/537.36 (compatible; GoogleOther)"
57.141.2.14 - - [20/Jul/2025:15:51:19 +0000] "GET /?x=72202257041800& HTTP/1.1" 301 - "-" "meta-externalagent/1.1 (+https://developers.facebook.com/docs/sharing/webmasters/crawler)"
66.249.65.37 - - [20/Jul/2025:15:51:35 +0000] "GET /?x=6319646031800&mod=8f121ce0&uri=blog.php?detail/50859196.htm HTTP/1.1" 200 19495 "-" "Mozilla/5.0 (Linux; Android 6.0.1; Nexus 5X Build/MMB29P) AppleWebKit/537.36 (KHTML, like Gecko) Chrome/137.0.7151.103 Mobile Safari/537.36 (compatible; Googlebot/2.1; +http://www.google.com/bot.html)"
209.74.77.214 - - [20/Jul/2025:15:54:22 +0000] "POST /wp-cron.php?doing_wp_cron=1753026862.4456729888916015625000 HTTP/1.1" 200 - "-" "WordPress/6.8.2; https://kraft-court.cafe"
57.141.2.2 - - [20/Jul/2025:15:54:21 +0000] "GET /?x=77311559121800& HTTP/1.1" 301 - "-" "meta-externalagent/1.1 (+https://developers.facebook.com/docs/sharing/webmasters/crawler)"
57.141.2.11 - - [20/Jul/2025:15:54:25 +0000] "GET /detail/1296704606.htm HTTP/1.1" 404 - "-" "meta-externalagent/1.1 (+https://developers.facebook.com/docs/sharing/webmasters/crawler)"
57.141.2.6 - - [20/Jul/2025:15:54:26 +0000] "GET /detail/1297164658.htm HTTP/1.1" 404 - "-" "meta-externalagent/1.1 (+https://developers.facebook.com/docs/sharing/webmasters/crawler)"
209.74.77.214 - - [20/Jul/2025:15:54:39 +0000] "POST /wp-cron.php?doing_wp_cron=1753026879.6466410160064697265625 HTTP/1.1" 200 - "-" "WordPress/6.8.2; https://kraft-court.cafe"
57.141.2.21 - - [20/Jul/2025:15:54:39 +0000] "GET /?x=96555207011800& HTTP/1.1" 301 - "-" "meta-externalagent/1.1 (+https://developers.facebook.com/docs/sharing/webmasters/crawler)"
209.74.77.214 - - [20/Jul/2025:15:54:58 +0000] "POST /wp-cron.php?doing_wp_cron=1753026898.6269140243530273437500 HTTP/1.1" 200 - "-" "WordPress/6.8.2; https://kraft-court.cafe"
57.141.2.21 - - [20/Jul/2025:15:54:58 +0000] "GET /?x=14483962031800& HTTP/1.1" 301 - "-" "meta-externalagent/1.1 (+https://developers.facebook.com/docs/sharing/webmasters/crawler)"
66.249.65.35 - - [20/Jul/2025:15:55:00 +0000] "GET /?x=31718714141800&mod=a4982cba&uri=goods.php?product/edit/K1087080352 HTTP/1.1" 200 19353 "-" "Mozilla/5.0 (Linux; Android 6.0.1; Nexus 5X Build/MMB29P) AppleWebKit/537.36 (KHTML, like Gecko) Chrome/137.0.7151.103 Mobile Safari/537.36 (compatible; Googlebot/2.1; +http://www.google.com/bot.html)"
57.141.2.29 - - [20/Jul/2025:15:55:03 +0000] "GET /?x=14483962031800 HTTP/1.1" 200 5469 "-" "meta-externalagent/1.1 (+https://developers.facebook.com/docs/sharing/webmasters/crawler)"
66.249.65.35 - - [20/Jul/2025:15:56:48 +0000] "GET /?x=59724743071800&mod=9854d7af&uri=news.php?books.html HTTP/1.1" 200 19370 "-" "Mozilla/5.0 (Linux; Android 6.0.1; Nexus 5X Build/MMB29P) AppleWebKit/537.36 (KHTML, like Gecko) Chrome/137.0.7151.103 Mobile Safari/537.36 (compatible; Googlebot/2.1; +http://www.google.com/bot.html)"
66.249.65.36 - - [20/Jul/2025:15:57:42 +0000] "GET /?x=47301468071800&mod=48584348&uri=us.php?detail/2951396.htm HTTP/1.1" 200 18850 "-" "Mozilla/5.0 (Linux; Android 6.0.1; Nexus 5X Build/MMB29P) AppleWebKit/537.36 (KHTML, like Gecko) Chrome/137.0.7151.103 Mobile Safari/537.36 (compatible; Googlebot/2.1; +http://www.google.com/bot.html)"
66.249.65.35 - - [20/Jul/2025:15:57:46 +0000] "POST /get-message-notify HTTP/1.1" 404 - "https://kraft-court.cafe/?x=47301468071800&mod=48584348&uri=us.php?detail/2951396.htm" "Mozilla/5.0 (Linux; Android 6.0.1; Nexus 5X Build/MMB29P) AppleWebKit/537.36 (KHTML, like Gecko) Chrome/137.0.7151.119 Mobile Safari/537.36 (compatible; Googlebot/2.1; +http://www.google.com/bot.html)"
66.249.65.36 - - [20/Jul/2025:15:57:48 +0000] "GET /?x=99461379041800&mod=48584348&uri=pin.php?detail/4373807.htm HTTP/1.1" 200 19446 "-" "Mozilla/5.0 (Linux; Android 6.0.1; Nexus 5X Build/MMB29P) AppleWebKit/537.36 (KHTML, like Gecko) Chrome/137.0.7151.103 Mobile Safari/537.36 (compatible; Googlebot/2.1; +http://www.google.com/bot.html)"
66.249.65.35 - - [20/Jul/2025:15:58:37 +0000] "GET /?x=47301348031800&mod=48584348&uri=itm.php?feature/osu_main/index.html HTTP/1.1" 200 18666 "-" "Mozilla/5.0 (Linux; Android 6.0.1; Nexus 5X Build/MMB29P) AppleWebKit/537.36 (KHTML, like Gecko) Chrome/137.0.7151.103 Mobile Safari/537.36 (compatible; Googlebot/2.1; +http://www.google.com/bot.html)"
66.249.65.36 - - [20/Jul/2025:15:58:49 +0000] "GET /?x=6022475001800&mod=322f6246&uri=pin.php?detail/51198378.htm HTTP/1.1" 200 19430 "-" "Mozilla/5.0 (Linux; Android 6.0.1; Nexus 5X Build/MMB29P) AppleWebKit/537.36 (KHTML, like Gecko) Chrome/137.0.7151.103 Mobile Safari/537.36 (compatible; Googlebot/2.1; +http://www.google.com/bot.html)"
66.249.65.37 - - [20/Jul/2025:15:59:31 +0000] "GET /?x=47301348031800&mod=48584348&uri=itm.php?vintagegame.html HTTP/1.1" 200 19299 "-" "Mozilla/5.0 (Linux; Android 6.0.1; Nexus 5X Build/MMB29P) AppleWebKit/537.36 (KHTML, like Gecko) Chrome/137.0.7151.103 Mobile Safari/537.36 (compatible; Googlebot/2.1; +http://www.google.com/bot.html)"
66.249.65.35 - - [20/Jul/2025:15:59:49 +0000] "GET / HTTP/1.1" 200 19234 "-" "Mozilla/5.0 (Linux; Android 6.0.1; Nexus 5X Build/MMB29P) AppleWebKit/537.36 (KHTML, like Gecko) Chrome/137.0.7151.103 Mobile Safari/537.36 (compatible; Googlebot/2.1; +http://www.google.com/bot.html)"
57.141.2.20 - - [20/Jul/2025:16:00:11 +0000] "GET /detail/2211896095.htm HTTP/1.1" 404 - "-" "meta-externalagent/1.1 (+https://developers.facebook.com/docs/sharing/webmasters/crawler)"
209.74.77.214 - - [20/Jul/2025:16:04:09 +0000] "POST /wp-cron.php?doing_wp_cron=1753027449.1988790035247802734375 HTTP/1.1" 200 - "-" "WordPress/6.8.2; https://kraft-court.cafe"
57.141.2.22 - - [20/Jul/2025:16:04:07 +0000] "GET /?x=13795038041800& HTTP/1.1" 301 - "-" "meta-externalagent/1.1 (+https://developers.facebook.com/docs/sharing/webmasters/crawler)"
57.141.2.22 - - [20/Jul/2025:16:04:16 +0000] "GET /?x=13795038041800 HTTP/1.1" 200 5469 "-" "meta-externalagent/1.1 (+https://developers.facebook.com/docs/sharing/webmasters/crawler)"
209.74.77.214 - - [20/Jul/2025:16:04:40 +0000] "POST /wp-cron.php?doing_wp_cron=1753027480.0723440647125244140625 HTTP/1.1" 200 - "-" "WordPress/6.8.2; https://kraft-court.cafe"
57.141.2.24 - - [20/Jul/2025:16:04:39 +0000] "GET /?x=8153308001800& HTTP/1.1" 301 - "-" "meta-externalagent/1.1 (+https://developers.facebook.com/docs/sharing/webmasters/crawler)"
66.249.65.35 - - [20/Jul/2025:16:05:30 +0000] "GET /books.html HTTP/1.1" 404 - "-" "Mozilla/5.0 (Linux; Android 6.0.1; Nexus 5X Build/MMB29P) AppleWebKit/537.36 (KHTML, like Gecko) Chrome/137.0.7151.103 Mobile Safari/537.36 (compatible; Googlebot/2.1; +http://www.google.com/bot.html)"
66.249.65.35 - - [20/Jul/2025:16:06:58 +0000] "GET /?x=34617409031800&mod=f17a7558&uri=form.php%3Fid%3D1155411-1079%26name%3Dair+max+93+shoes HTTP/1.1" 200 18427 "-" "Mozilla/5.0 (Linux; Android 6.0.1; Nexus 5X Build/MMB29P) AppleWebKit/537.36 (KHTML, like Gecko) Chrome/137.0.7151.103 Mobile Safari/537.36 (compatible; Googlebot/2.1; +http://www.google.com/bot.html)"
57.141.2.11 - - [20/Jul/2025:16:10:38 +0000] "GET /detail/2211883665.htm HTTP/1.1" 404 - "-" "meta-externalagent/1.1 (+https://developers.facebook.com/docs/sharing/webmasters/crawler)"
57.141.2.14 - - [20/Jul/2025:16:10:41 +0000] "GET /detail/2211760193.htm HTTP/1.1" 404 - "-" "meta-externalagent/1.1 (+https://developers.facebook.com/docs/sharing/webmasters/crawler)"
216.73.216.45 - - [20/Jul/2025:16:14:33 +0000] "GET /robots.txt HTTP/1.1" 200 107 "-" "Mozilla/5.0 AppleWebKit/537.36 (KHTML, like Gecko; compatible; ClaudeBot/1.0; [email protected])"
209.74.77.214 - - [20/Jul/2025:16:14:34 +0000] "POST /wp-cron.php?doing_wp_cron=1753028074.6699581146240234375000 HTTP/1.1" 200 - "-" "WordPress/6.8.2; https://kraft-court.cafe"
216.73.216.45 - - [20/Jul/2025:16:14:33 +0000] "GET /xmlrpc.php HTTP/1.1" 405 60 "-" "Mozilla/5.0 AppleWebKit/537.36 (KHTML, like Gecko; compatible; ClaudeBot/1.0; [email protected])"
209.74.77.214 - - [20/Jul/2025:16:15:16 +0000] "POST /wp-cron.php?doing_wp_cron=1753028116.5465009212493896484375 HTTP/1.1" 200 - "-" "WordPress/6.8.2; https://kraft-court.cafe"
57.141.2.11 - - [20/Jul/2025:16:15:15 +0000] "GET /?x=37305191041800& HTTP/1.1" 301 - "-" "meta-externalagent/1.1 (+https://developers.facebook.com/docs/sharing/webmasters/crawler)"
66.249.65.35 - - [20/Jul/2025:16:16:49 +0000] "GET /?x=6022475001800&mod=322f6246&uri=pin.php?detail/51204461.htm HTTP/1.1" 200 19540 "-" "Mozilla/5.0 (Linux; Android 6.0.1; Nexus 5X Build/MMB29P) AppleWebKit/537.36 (KHTML, like Gecko) Chrome/137.0.7151.103 Mobile Safari/537.36 (compatible; Googlebot/2.1; +http://www.google.com/bot.html)"
66.249.65.37 - - [20/Jul/2025:16:17:00 +0000] "POST /get-message-notify HTTP/1.1" 404 - "https://kraft-court.cafe/?x=6022475001800&mod=322f6246&uri=pin.php?detail/51204461.htm" "Mozilla/5.0 (Linux; Android 6.0.1; Nexus 5X Build/MMB29P) AppleWebKit/537.36 (KHTML, like Gecko) Chrome/137.0.7151.119 Mobile Safari/537.36 (compatible; Googlebot/2.1; +http://www.google.com/bot.html)"
209.74.77.214 - - [20/Jul/2025:16:19:06 +0000] "POST /wp-cron.php?doing_wp_cron=1753028346.5352210998535156250000 HTTP/1.1" 200 - "-" "WordPress/6.8.2; https://kraft-court.cafe"
57.141.2.6 - - [20/Jul/2025:16:19:05 +0000] "GET /?x=8707383061800& HTTP/1.1" 301 - "-" "meta-externalagent/1.1 (+https://developers.facebook.com/docs/sharing/webmasters/crawler)"
209.74.77.214 - - [20/Jul/2025:16:20:02 +0000] "POST /wp-cron.php?doing_wp_cron=1753028402.9549200534820556640625 HTTP/1.1" 200 - "-" "WordPress/6.8.2; https://kraft-court.cafe"
57.141.2.24 - - [20/Jul/2025:16:20:00 +0000] "GET /?x=8707383061800 HTTP/1.1" 200 5467 "-" "meta-externalagent/1.1 (+https://developers.facebook.com/docs/sharing/webmasters/crawler)"
66.249.73.101 - - [20/Jul/2025:16:20:38 +0000] "GET /detail/49747069.htm HTTP/1.1" 404 - "-" "Mozilla/5.0 (Linux; Android 6.0.1; Nexus 5X Build/MMB29P) AppleWebKit/537.36 (KHTML, like Gecko) Chrome/137.0.7151.103 Mobile Safari/537.36 (compatible; GoogleOther)"
57.141.2.23 - - [20/Jul/2025:16:22:15 +0000] "GET /?x=6837181041800& HTTP/1.1" 301 - "-" "meta-externalagent/1.1 (+https://developers.facebook.com/docs/sharing/webmasters/crawler)"
209.74.77.214 - - [20/Jul/2025:16:22:17 +0000] "POST /wp-cron.php?doing_wp_cron=1753028537.2355360984802246093750 HTTP/1.1" 200 - "-" "WordPress/6.8.2; https://kraft-court.cafe"
57.141.2.7 - - [20/Jul/2025:16:22:16 +0000] "GET /?x=51380769041800& HTTP/1.1" 301 - "-" "meta-externalagent/1.1 (+https://developers.facebook.com/docs/sharing/webmasters/crawler)"
57.141.2.27 - - [20/Jul/2025:16:28:23 +0000] "GET /detail/2211956482.htm HTTP/1.1" 404 - "-" "meta-externalagent/1.1 (+https://developers.facebook.com/docs/sharing/webmasters/crawler)"
57.141.2.21 - - [20/Jul/2025:16:28:32 +0000] "GET /detail/2211912091.htm HTTP/1.1" 404 - "-" "meta-externalagent/1.1 (+https://developers.facebook.com/docs/sharing/webmasters/crawler)"
57.141.2.27 - - [20/Jul/2025:16:28:38 +0000] "GET /detail/2211609434.htm HTTP/1.1" 404 - "-" "meta-externalagent/1.1 (+https://developers.facebook.com/docs/sharing/webmasters/crawler)"
