Current File : /home/kelaby89/access-logs/kraft-court.cafe.sixpack.studio-ssl_log |
209.74.77.214 - - [20/Jul/2025:12:08:17 +0000] "POST /wp-cron.php?doing_wp_cron=1753013297.1800060272216796875000 HTTP/1.1" 200 - "-" "WordPress/6.8.2; https://kraft-court.cafe"
57.141.2.4 - - [20/Jul/2025:12:08:15 +0000] "GET /?x=78121314001800& HTTP/1.1" 301 - "-" "meta-externalagent/1.1 (+https://developers.facebook.com/docs/sharing/webmasters/crawler)"
57.141.2.9 - - [20/Jul/2025:12:08:26 +0000] "GET /?x=78121314001800 HTTP/1.1" 200 5469 "-" "meta-externalagent/1.1 (+https://developers.facebook.com/docs/sharing/webmasters/crawler)"
57.141.2.27 - - [20/Jul/2025:12:08:27 +0000] "GET /?x=90207957031800& HTTP/1.1" 301 - "-" "meta-externalagent/1.1 (+https://developers.facebook.com/docs/sharing/webmasters/crawler)"
209.74.77.214 - - [20/Jul/2025:12:08:39 +0000] "POST /wp-cron.php?doing_wp_cron=1753013319.0831890106201171875000 HTTP/1.1" 200 - "-" "WordPress/6.8.2; https://kraft-court.cafe"
57.141.2.20 - - [20/Jul/2025:12:08:38 +0000] "GET /?x=90207957031800 HTTP/1.1" 200 5469 "-" "meta-externalagent/1.1 (+https://developers.facebook.com/docs/sharing/webmasters/crawler)"
209.74.77.214 - - [20/Jul/2025:12:09:00 +0000] "POST /wp-cron.php?doing_wp_cron=1753013340.4380149841308593750000 HTTP/1.1" 200 - "-" "WordPress/6.8.2; https://kraft-court.cafe"
57.141.2.15 - - [20/Jul/2025:12:09:00 +0000] "GET /?x=43472673051800& HTTP/1.1" 301 - "-" "meta-externalagent/1.1 (+https://developers.facebook.com/docs/sharing/webmasters/crawler)"
57.141.2.14 - - [20/Jul/2025:12:09:27 +0000] "GET /?x=98976912011800& HTTP/1.1" 301 - "-" "meta-externalagent/1.1 (+https://developers.facebook.com/docs/sharing/webmasters/crawler)"
209.74.77.214 - - [20/Jul/2025:12:09:33 +0000] "POST /wp-cron.php?doing_wp_cron=1753013373.8645839691162109375000 HTTP/1.1" 200 - "-" "WordPress/6.8.2; https://kraft-court.cafe"
57.141.2.16 - - [20/Jul/2025:12:09:33 +0000] "GET /?x=98976912011800 HTTP/1.1" 200 5469 "-" "meta-externalagent/1.1 (+https://developers.facebook.com/docs/sharing/webmasters/crawler)"
209.74.77.214 - - [20/Jul/2025:12:14:09 +0000] "POST /wp-cron.php?doing_wp_cron=1753013649.4202930927276611328125 HTTP/1.1" 200 - "-" "WordPress/6.8.2; https://kraft-court.cafe"
57.141.2.1 - - [20/Jul/2025:12:14:07 +0000] "GET /?x=16329656101800& HTTP/1.1" 301 - "-" "meta-externalagent/1.1 (+https://developers.facebook.com/docs/sharing/webmasters/crawler)"
209.74.77.214 - - [20/Jul/2025:12:15:42 +0000] "POST /wp-cron.php?doing_wp_cron=1753013742.7424950599670410156250 HTTP/1.1" 200 - "-" "WordPress/6.8.2; https://kraft-court.cafe"
57.141.2.14 - - [20/Jul/2025:12:15:41 +0000] "GET /?x=67836731041800& HTTP/1.1" 301 - "-" "meta-externalagent/1.1 (+https://developers.facebook.com/docs/sharing/webmasters/crawler)"
209.74.77.214 - - [20/Jul/2025:12:15:51 +0000] "POST /wp-cron.php?doing_wp_cron=1753013751.7677190303802490234375 HTTP/1.1" 200 - "-" "WordPress/6.8.2; https://kraft-court.cafe"
57.141.2.24 - - [20/Jul/2025:12:15:51 +0000] "GET /?x=67836731041800 HTTP/1.1" 200 5469 "-" "meta-externalagent/1.1 (+https://developers.facebook.com/docs/sharing/webmasters/crawler)"
209.74.77.214 - - [20/Jul/2025:12:17:09 +0000] "POST /wp-cron.php?doing_wp_cron=1753013829.3724060058593750000000 HTTP/1.1" 200 - "-" "WordPress/6.8.2; https://kraft-court.cafe"
57.141.2.5 - - [20/Jul/2025:12:17:07 +0000] "GET /?x=94683567001800& HTTP/1.1" 301 - "-" "meta-externalagent/1.1 (+https://developers.facebook.com/docs/sharing/webmasters/crawler)"
57.141.2.9 - - [20/Jul/2025:12:17:24 +0000] "GET /?x=94683567001800 HTTP/1.1" 200 5469 "-" "meta-externalagent/1.1 (+https://developers.facebook.com/docs/sharing/webmasters/crawler)"
209.74.77.214 - - [20/Jul/2025:12:18:49 +0000] "POST /wp-cron.php?doing_wp_cron=1753013929.7322480678558349609375 HTTP/1.1" 200 - "-" "WordPress/6.8.2; https://kraft-court.cafe"
57.141.2.1 - - [20/Jul/2025:12:18:48 +0000] "GET /?x=20018217101800& HTTP/1.1" 301 - "-" "meta-externalagent/1.1 (+https://developers.facebook.com/docs/sharing/webmasters/crawler)"
57.141.2.27 - - [20/Jul/2025:12:19:08 +0000] "GET /?x=20018217101800 HTTP/1.1" 200 5469 "-" "meta-externalagent/1.1 (+https://developers.facebook.com/docs/sharing/webmasters/crawler)"
209.74.77.214 - - [20/Jul/2025:12:21:05 +0000] "POST /wp-cron.php?doing_wp_cron=1753014065.0715920925140380859375 HTTP/1.1" 200 - "-" "WordPress/6.8.2; https://kraft-court.cafe"
57.141.2.16 - - [20/Jul/2025:12:21:01 +0000] "GET /?x=73076679031800& HTTP/1.1" 301 - "-" "meta-externalagent/1.1 (+https://developers.facebook.com/docs/sharing/webmasters/crawler)"
209.74.77.214 - - [20/Jul/2025:12:22:53 +0000] "POST /wp-cron.php?doing_wp_cron=1753014173.4010159969329833984375 HTTP/1.1" 200 - "-" "WordPress/6.8.2; https://kraft-court.cafe"
57.141.2.4 - - [20/Jul/2025:12:22:52 +0000] "GET /?x=26309770021800& HTTP/1.1" 301 - "-" "meta-externalagent/1.1 (+https://developers.facebook.com/docs/sharing/webmasters/crawler)"
57.141.2.18 - - [20/Jul/2025:12:23:18 +0000] "GET /?x=26309770021800 HTTP/1.1" 200 5469 "-" "meta-externalagent/1.1 (+https://developers.facebook.com/docs/sharing/webmasters/crawler)"
57.141.2.1 - - [20/Jul/2025:12:23:30 +0000] "GET /?x=93802725041800& HTTP/1.1" 301 - "-" "meta-externalagent/1.1 (+https://developers.facebook.com/docs/sharing/webmasters/crawler)"
209.74.77.214 - - [20/Jul/2025:12:23:38 +0000] "POST /wp-cron.php?doing_wp_cron=1753014218.0259408950805664062500 HTTP/1.1" 200 - "-" "WordPress/6.8.2; https://kraft-court.cafe"
57.141.2.6 - - [20/Jul/2025:12:23:37 +0000] "GET /?x=93802725041800 HTTP/1.1" 200 5469 "-" "meta-externalagent/1.1 (+https://developers.facebook.com/docs/sharing/webmasters/crawler)"
209.74.77.214 - - [20/Jul/2025:12:28:49 +0000] "POST /wp-cron.php?doing_wp_cron=1753014529.6194601058959960937500 HTTP/1.1" 200 - "-" "WordPress/6.8.2; https://kraft-court.cafe"
57.141.2.22 - - [20/Jul/2025:12:28:47 +0000] "GET /?x=88751095031800& HTTP/1.1" 301 - "-" "meta-externalagent/1.1 (+https://developers.facebook.com/docs/sharing/webmasters/crawler)"
209.74.77.214 - - [20/Jul/2025:12:32:28 +0000] "POST /wp-cron.php?doing_wp_cron=1753014748.2515709400177001953125 HTTP/1.1" 200 - "-" "WordPress/6.8.2; https://kraft-court.cafe"
57.141.2.1 - - [20/Jul/2025:12:32:26 +0000] "GET /?x=20456105031800& HTTP/1.1" 301 - "-" "meta-externalagent/1.1 (+https://developers.facebook.com/docs/sharing/webmasters/crawler)"
43.159.145.149 - - [20/Jul/2025:12:32:49 +0000] "GET / HTTP/1.1" 200 1850 "http://kraft-court.cafe" "Mozilla/5.0 (iPhone; CPU iPhone OS 13_2_3 like Mac OS X) AppleWebKit/605.1.15 (KHTML, like Gecko) Version/13.0.3 Mobile/15E148 Safari/604.1"
209.74.77.214 - - [20/Jul/2025:12:36:58 +0000] "POST /wp-cron.php?doing_wp_cron=1753015018.0817060470581054687500 HTTP/1.1" 200 - "-" "WordPress/6.8.2; https://kraft-court.cafe"
57.141.2.2 - - [20/Jul/2025:12:36:56 +0000] "GET /?x=62851131001800& HTTP/1.1" 301 - "-" "meta-externalagent/1.1 (+https://developers.facebook.com/docs/sharing/webmasters/crawler)"
57.141.2.14 - - [20/Jul/2025:12:37:17 +0000] "GET /?x=62851131001800 HTTP/1.1" 200 5469 "-" "meta-externalagent/1.1 (+https://developers.facebook.com/docs/sharing/webmasters/crawler)"
57.141.2.2 - - [20/Jul/2025:12:37:30 +0000] "GET /?x=4331063071800& HTTP/1.1" 301 - "-" "meta-externalagent/1.1 (+https://developers.facebook.com/docs/sharing/webmasters/crawler)"
209.74.77.214 - - [20/Jul/2025:12:37:47 +0000] "POST /wp-cron.php?doing_wp_cron=1753015067.1564140319824218750000 HTTP/1.1" 200 - "-" "WordPress/6.8.2; https://kraft-court.cafe"
57.141.2.26 - - [20/Jul/2025:12:37:46 +0000] "GET /?x=118306738051800& HTTP/1.1" 301 - "-" "meta-externalagent/1.1 (+https://developers.facebook.com/docs/sharing/webmasters/crawler)"
66.249.79.1 - - [20/Jul/2025:12:38:16 +0000] "GET /?x=6315517051800&mod=07cdfd23&uri=blog.php?detail/56147485.htm HTTP/1.1" 200 19189 "-" "Mozilla/5.0 (Linux; Android 6.0.1; Nexus 5X Build/MMB29P) AppleWebKit/537.36 (KHTML, like Gecko) Chrome/137.0.7151.103 Mobile Safari/537.36 (compatible; Googlebot/2.1; +http://www.google.com/bot.html)"
209.74.77.214 - - [20/Jul/2025:12:38:44 +0000] "POST /wp-cron.php?doing_wp_cron=1753015124.4169120788574218750000 HTTP/1.1" 200 - "-" "WordPress/6.8.2; https://kraft-court.cafe"
57.141.2.3 - - [20/Jul/2025:12:38:44 +0000] "GET /?x=56861724001800& HTTP/1.1" 301 - "-" "meta-externalagent/1.1 (+https://developers.facebook.com/docs/sharing/webmasters/crawler)"
57.141.2.2 - - [20/Jul/2025:12:39:02 +0000] "GET /?x=56861724001800 HTTP/1.1" 200 5469 "-" "meta-externalagent/1.1 (+https://developers.facebook.com/docs/sharing/webmasters/crawler)"
4.227.36.34 - - [20/Jul/2025:12:40:18 +0000] "GET /robots.txt HTTP/1.1" 200 107 "-" "Mozilla/5.0 AppleWebKit/537.36 (KHTML, like Gecko; compatible; GPTBot/1.2; +https://openai.com/gptbot)"
209.74.77.214 - - [20/Jul/2025:12:40:19 +0000] "POST /wp-cron.php?doing_wp_cron=1753015219.9318809509277343750000 HTTP/1.1" 200 - "-" "WordPress/6.8.2; https://kraft-court.cafe"
172.182.213.204 - - [20/Jul/2025:12:40:18 +0000] "GET /?mod=e94fe9ac&uri=brands.php%3Fid%3D187143-332%26name%3Dgoogle+play+store+pedometer+app&x=5605536011800 HTTP/1.1" 301 - "-" "Mozilla/5.0 (Macintosh; Intel Mac OS X 10_15_7) AppleWebKit/537.36 (KHTML, like Gecko) Chrome/131.0.0.0 Safari/537.36; compatible; OAI-SearchBot/1.0; +https://openai.com/searchbot"
172.182.213.204 - - [20/Jul/2025:12:40:19 +0000] "GET /?mod=e94fe9ac&uri=brands.php%3Fid%3D187143-332%26name%3Dgoogle%20play%20store%20pedometer%20app&x=5605536011800 HTTP/1.1" 200 1942 "-" "Mozilla/5.0 (Macintosh; Intel Mac OS X 10_15_7) AppleWebKit/537.36 (KHTML, like Gecko) Chrome/131.0.0.0 Safari/537.36; compatible; OAI-SearchBot/1.0; +https://openai.com/searchbot"
57.141.2.12 - - [20/Jul/2025:12:40:27 +0000] "GET /?x=57275021031800& HTTP/1.1" 301 - "-" "meta-externalagent/1.1 (+https://developers.facebook.com/docs/sharing/webmasters/crawler)"
209.74.77.214 - - [20/Jul/2025:12:40:56 +0000] "POST /wp-cron.php?doing_wp_cron=1753015256.4632890224456787109375 HTTP/1.1" 200 - "-" "WordPress/6.8.2; https://kraft-court.cafe"
57.141.2.29 - - [20/Jul/2025:12:40:56 +0000] "GET /?x=57275021031800 HTTP/1.1" 200 5469 "-" "meta-externalagent/1.1 (+https://developers.facebook.com/docs/sharing/webmasters/crawler)"
209.74.77.214 - - [20/Jul/2025:12:42:34 +0000] "POST /wp-cron.php?doing_wp_cron=1753015354.7447218894958496093750 HTTP/1.1" 200 - "-" "WordPress/6.8.2; https://kraft-court.cafe"
57.141.2.11 - - [20/Jul/2025:12:42:33 +0000] "GET /?x=55170688141800& HTTP/1.1" 301 - "-" "meta-externalagent/1.1 (+https://developers.facebook.com/docs/sharing/webmasters/crawler)"
209.74.77.214 - - [20/Jul/2025:12:43:28 +0000] "POST /wp-cron.php?doing_wp_cron=1753015408.4449889659881591796875 HTTP/1.1" 200 - "-" "WordPress/6.8.2; https://kraft-court.cafe"
57.141.2.9 - - [20/Jul/2025:12:43:27 +0000] "GET /?x=71554671071800& HTTP/1.1" 301 - "-" "meta-externalagent/1.1 (+https://developers.facebook.com/docs/sharing/webmasters/crawler)"
209.74.77.214 - - [20/Jul/2025:12:48:08 +0000] "POST /wp-cron.php?doing_wp_cron=1753015688.6149020195007324218750 HTTP/1.1" 200 - "-" "WordPress/6.8.2; https://kraft-court.cafe"
57.141.2.22 - - [20/Jul/2025:12:48:07 +0000] "GET /?x=26710735001800& HTTP/1.1" 301 - "-" "meta-externalagent/1.1 (+https://developers.facebook.com/docs/sharing/webmasters/crawler)"
57.141.2.22 - - [20/Jul/2025:12:48:27 +0000] "GET /?x=86981259021800& HTTP/1.1" 301 - "-" "meta-externalagent/1.1 (+https://developers.facebook.com/docs/sharing/webmasters/crawler)"
209.74.77.214 - - [20/Jul/2025:12:48:42 +0000] "POST /wp-cron.php?doing_wp_cron=1753015722.6118180751800537109375 HTTP/1.1" 200 - "-" "WordPress/6.8.2; https://kraft-court.cafe"
57.141.2.6 - - [20/Jul/2025:12:48:42 +0000] "GET /?x=86981259021800 HTTP/1.1" 200 5469 "-" "meta-externalagent/1.1 (+https://developers.facebook.com/docs/sharing/webmasters/crawler)"
57.141.2.2 - - [20/Jul/2025:12:48:43 +0000] "GET /?x=26710735001800 HTTP/1.1" 200 5469 "-" "meta-externalagent/1.1 (+https://developers.facebook.com/docs/sharing/webmasters/crawler)"
57.141.2.7 - - [20/Jul/2025:12:52:26 +0000] "GET /detail/2211522766.htm HTTP/1.1" 404 - "-" "meta-externalagent/1.1 (+https://developers.facebook.com/docs/sharing/webmasters/crawler)"
57.141.2.4 - - [20/Jul/2025:12:52:28 +0000] "GET /detail/2211693169.htm HTTP/1.1" 404 - "-" "meta-externalagent/1.1 (+https://developers.facebook.com/docs/sharing/webmasters/crawler)"
57.141.2.27 - - [20/Jul/2025:12:52:38 +0000] "GET /detail/2211569953.htm HTTP/1.1" 404 - "-" "meta-externalagent/1.1 (+https://developers.facebook.com/docs/sharing/webmasters/crawler)"
57.141.2.24 - - [20/Jul/2025:12:52:42 +0000] "GET /detail/2211594080.htm HTTP/1.1" 404 - "-" "meta-externalagent/1.1 (+https://developers.facebook.com/docs/sharing/webmasters/crawler)"
66.249.79.1 - - [20/Jul/2025:12:57:51 +0000] "GET /?x=31718714141800&mod=a4982cba&uri=goods.php?detail/1544047558.htm HTTP/1.1" 200 18937 "-" "Mozilla/5.0 (Linux; Android 6.0.1; Nexus 5X Build/MMB29P) AppleWebKit/537.36 (KHTML, like Gecko) Chrome/137.0.7151.103 Mobile Safari/537.36 (compatible; Googlebot/2.1; +http://www.google.com/bot.html)"
57.141.2.4 - - [20/Jul/2025:12:58:21 +0000] "GET /detail/1297172458.htm HTTP/1.1" 404 - "-" "meta-externalagent/1.1 (+https://developers.facebook.com/docs/sharing/webmasters/crawler)"
209.74.77.214 - - [20/Jul/2025:12:58:51 +0000] "POST /wp-cron.php?doing_wp_cron=1753016331.2651669979095458984375 HTTP/1.1" 200 - "-" "WordPress/6.8.2; https://kraft-court.cafe"
57.141.2.7 - - [20/Jul/2025:12:58:49 +0000] "GET /?x=39226243011800& HTTP/1.1" 301 - "-" "meta-externalagent/1.1 (+https://developers.facebook.com/docs/sharing/webmasters/crawler)"
57.141.2.18 - - [20/Jul/2025:12:59:11 +0000] "GET /?x=39226243011800 HTTP/1.1" 200 5469 "-" "meta-externalagent/1.1 (+https://developers.facebook.com/docs/sharing/webmasters/crawler)"
57.141.2.24 - - [20/Jul/2025:12:59:14 +0000] "GET /?x=47335398031800& HTTP/1.1" 301 - "-" "meta-externalagent/1.1 (+https://developers.facebook.com/docs/sharing/webmasters/crawler)"
57.141.2.8 - - [20/Jul/2025:12:59:14 +0000] "GET /?x=104197695061800& HTTP/1.1" 301 - "-" "meta-externalagent/1.1 (+https://developers.facebook.com/docs/sharing/webmasters/crawler)"
209.74.77.214 - - [20/Jul/2025:13:01:14 +0000] "POST /wp-cron.php?doing_wp_cron=1753016474.1143460273742675781250 HTTP/1.1" 200 - "-" "WordPress/6.8.2; https://kraft-court.cafe"
57.141.2.21 - - [20/Jul/2025:13:01:12 +0000] "GET /?x=92968883071800& HTTP/1.1" 301 - "-" "meta-externalagent/1.1 (+https://developers.facebook.com/docs/sharing/webmasters/crawler)"
209.74.77.214 - - [20/Jul/2025:13:01:39 +0000] "POST /wp-cron.php?doing_wp_cron=1753016499.8528320789337158203125 HTTP/1.1" 200 - "-" "WordPress/6.8.2; https://kraft-court.cafe"
57.141.2.12 - - [20/Jul/2025:13:01:39 +0000] "GET /?x=85776221041800& HTTP/1.1" 301 - "-" "meta-externalagent/1.1 (+https://developers.facebook.com/docs/sharing/webmasters/crawler)"
209.74.77.214 - - [20/Jul/2025:13:02:57 +0000] "POST /wp-cron.php?doing_wp_cron=1753016577.5354130268096923828125 HTTP/1.1" 200 - "-" "WordPress/6.8.2; https://kraft-court.cafe"
57.141.2.17 - - [20/Jul/2025:13:02:56 +0000] "GET /?x=44814188001800& HTTP/1.1" 301 - "-" "meta-externalagent/1.1 (+https://developers.facebook.com/docs/sharing/webmasters/crawler)"
57.141.2.21 - - [20/Jul/2025:13:03:12 +0000] "GET /?x=44814188001800 HTTP/1.1" 200 5469 "-" "meta-externalagent/1.1 (+https://developers.facebook.com/docs/sharing/webmasters/crawler)"
209.74.77.214 - - [20/Jul/2025:13:03:45 +0000] "POST /wp-cron.php?doing_wp_cron=1753016625.4899370670318603515625 HTTP/1.1" 200 - "-" "WordPress/6.8.2; https://kraft-court.cafe"
57.141.2.29 - - [20/Jul/2025:13:03:43 +0000] "GET /?x=96936027021800& HTTP/1.1" 301 - "-" "meta-externalagent/1.1 (+https://developers.facebook.com/docs/sharing/webmasters/crawler)"
57.141.2.7 - - [20/Jul/2025:13:03:52 +0000] "GET /?x=96936027021800 HTTP/1.1" 200 5469 "-" "meta-externalagent/1.1 (+https://developers.facebook.com/docs/sharing/webmasters/crawler)"
66.249.79.7 - - [20/Jul/2025:13:05:47 +0000] "GET /?x=5543284001800&mod=a92c274b&uri=dp.php%3Fid%3D185056-303%26name%3Dhollister+app HTTP/1.1" 200 18401 "-" "Mozilla/5.0 (Linux; Android 6.0.1; Nexus 5X Build/MMB29P) AppleWebKit/537.36 (KHTML, like Gecko) Chrome/137.0.7151.103 Mobile Safari/537.36 (compatible; Googlebot/2.1; +http://www.google.com/bot.html)"
66.249.79.7 - - [20/Jul/2025:13:05:50 +0000] "GET /?x=5540104041800&mod=ffbd6cbb&uri=dp.php%3Fid%3D184950-310%26name%3Dgtx+1660+super+starting+price HTTP/1.1" 200 18430 "-" "Mozilla/5.0 (Linux; Android 6.0.1; Nexus 5X Build/MMB29P) AppleWebKit/537.36 (KHTML, like Gecko) Chrome/137.0.7151.103 Mobile Safari/537.36 (compatible; Googlebot/2.1; +http://www.google.com/bot.html)"
66.249.79.7 - - [20/Jul/2025:13:05:57 +0000] "GET /?x=5508034101800&mod=b98249b3&uri=pin.php%3Fid%3D183881-328%26name%3Dpaul+green+leder+sandalen HTTP/1.1" 200 18430 "-" "Mozilla/5.0 (Linux; Android 6.0.1; Nexus 5X Build/MMB29P) AppleWebKit/537.36 (KHTML, like Gecko) Chrome/137.0.7151.103 Mobile Safari/537.36 (compatible; Googlebot/2.1; +http://www.google.com/bot.html)"
66.249.79.8 - - [20/Jul/2025:13:05:58 +0000] "GET /?x=5541124001800&mod=ffbd6cbb&uri=category-info.php%3Fid%3D184984-310%26name%3Dr7850+twin+frozr HTTP/1.1" 200 18447 "-" "Mozilla/5.0 (Linux; Android 6.0.1; Nexus 5X Build/MMB29P) AppleWebKit/537.36 (KHTML, like Gecko) Chrome/137.0.7151.103 Mobile Safari/537.36 (compatible; Googlebot/2.1; +http://www.google.com/bot.html)"
66.249.79.7 - - [20/Jul/2025:13:06:00 +0000] "GET /?x=5543344021800&mod=ffbd6cbb&uri=products.php%3Fid%3D185058-310%26name%3D2080+ti+market+price HTTP/1.1" 200 18430 "-" "Mozilla/5.0 (Linux; Android 6.0.1; Nexus 5X Build/MMB29P) AppleWebKit/537.36 (KHTML, like Gecko) Chrome/137.0.7151.103 Mobile Safari/537.36 (compatible; Googlebot/2.1; +http://www.google.com/bot.html)"
66.249.79.7 - - [20/Jul/2025:13:06:02 +0000] "GET /?x=5539924021800&mod=ffbd6cbb&uri=us.php%3Fid%3D184944-310%26name%3Dgeforce+1660+super+msrp HTTP/1.1" 200 18428 "-" "Mozilla/5.0 (Linux; Android 6.0.1; Nexus 5X Build/MMB29P) AppleWebKit/537.36 (KHTML, like Gecko) Chrome/137.0.7151.103 Mobile Safari/537.36 (compatible; Googlebot/2.1; +http://www.google.com/bot.html)"
66.249.79.7 - - [20/Jul/2025:13:06:05 +0000] "GET /?x=5540224081800&mod=ffbd6cbb&uri=pin.php%3Fid%3D184954-310%26name%3Ddell+latitude+with+nvidia+graphics+card HTTP/1.1" 200 18450 "-" "Mozilla/5.0 (Linux; Android 6.0.1; Nexus 5X Build/MMB29P) AppleWebKit/537.36 (KHTML, like Gecko) Chrome/137.0.7151.103 Mobile Safari/537.36 (compatible; Googlebot/2.1; +http://www.google.com/bot.html)"
66.249.79.7 - - [20/Jul/2025:13:06:08 +0000] "GET /?x=5540284051800&mod=ffbd6cbb&uri=shop.php%3Fid%3D184956-310%26name%3Dlaptop+nvidia+gtx HTTP/1.1" 200 18420 "-" "Mozilla/5.0 (Linux; Android 6.0.1; Nexus 5X Build/MMB29P) AppleWebKit/537.36 (KHTML, like Gecko) Chrome/137.0.7151.103 Mobile Safari/537.36 (compatible; Googlebot/2.1; +http://www.google.com/bot.html)"
66.249.79.7 - - [20/Jul/2025:13:06:10 +0000] "GET /?x=5539804041800&mod=ffbd6cbb&uri=shop.php%3Fid%3D184940-310%26name%3Dnvidia+geforce+6600+laptop HTTP/1.1" 200 18432 "-" "Mozilla/5.0 (Linux; Android 6.0.1; Nexus 5X Build/MMB29P) AppleWebKit/537.36 (KHTML, like Gecko) Chrome/137.0.7151.103 Mobile Safari/537.36 (compatible; Googlebot/2.1; +http://www.google.com/bot.html)"
66.249.79.7 - - [20/Jul/2025:13:06:14 +0000] "GET /?x=70038235041800&mod=b98249b3&uri=product.php%3Fid%3D2337255-328%26name%3Dstressless+schuhe+damen HTTP/1.1" 200 18438 "-" "Mozilla/5.0 (Linux; Android 6.0.1; Nexus 5X Build/MMB29P) AppleWebKit/537.36 (KHTML, like Gecko) Chrome/137.0.7151.103 Mobile Safari/537.36 (compatible; Googlebot/2.1; +http://www.google.com/bot.html)"
66.249.79.7 - - [20/Jul/2025:13:06:18 +0000] "GET /?x=5539684001800&mod=ffbd6cbb&uri=blog.php%3Fid%3D184936-310%26name%3Damd+radeon+hd+6950+series HTTP/1.1" 200 18433 "-" "Mozilla/5.0 (Linux; Android 6.0.1; Nexus 5X Build/MMB29P) AppleWebKit/537.36 (KHTML, like Gecko) Chrome/137.0.7151.103 Mobile Safari/537.36 (compatible; Googlebot/2.1; +http://www.google.com/bot.html)"
66.249.79.7 - - [20/Jul/2025:13:06:22 +0000] "GET /?x=5542384001800&mod=dfa92d8f&uri=products.php%3Fid%3D185026-156%26name%3Dcan+babies+use+regular+orajel HTTP/1.1" 200 18450 "-" "Mozilla/5.0 (Linux; Android 6.0.1; Nexus 5X Build/MMB29P) AppleWebKit/537.36 (KHTML, like Gecko) Chrome/137.0.7151.103 Mobile Safari/537.36 (compatible; Googlebot/2.1; +http://www.google.com/bot.html)"
66.249.79.7 - - [20/Jul/2025:13:06:23 +0000] "POST /get-message-notify HTTP/1.1" 404 - "https://kraft-court.cafe/?x=5539684001800&mod=ffbd6cbb&uri=blog.php%3Fid%3D184936-310%26name%3Damd+radeon+hd+6950+series" "Mozilla/5.0 (Linux; Android 6.0.1; Nexus 5X Build/MMB29P) AppleWebKit/537.36 (KHTML, like Gecko) Chrome/137.0.7151.119 Mobile Safari/537.36 (compatible; Googlebot/2.1; +http://www.google.com/bot.html)"
66.249.79.7 - - [20/Jul/2025:13:06:26 +0000] "GET /?x=5540404041800&mod=ffbd6cbb&uri=search.php%3Fid%3D184960-310%26name%3Dnvidia+geforce+840m+laptop HTTP/1.1" 200 18428 "-" "Mozilla/5.0 (Linux; Android 6.0.1; Nexus 5X Build/MMB29P) AppleWebKit/537.36 (KHTML, like Gecko) Chrome/137.0.7151.103 Mobile Safari/537.36 (compatible; Googlebot/2.1; +http://www.google.com/bot.html)"
66.249.79.7 - - [20/Jul/2025:13:06:28 +0000] "GET /?x=5541964061800&mod=ffbd6cbb&uri=category-info.php%3Fid%3D185012-310%26name%3Dlenovo+laptop+with+nvidia+graphics+card HTTP/1.1" 200 18480 "-" "Mozilla/5.0 (Linux; Android 6.0.1; Nexus 5X Build/MMB29P) AppleWebKit/537.36 (KHTML, like Gecko) Chrome/137.0.7151.103 Mobile Safari/537.36 (compatible; Googlebot/2.1; +http://www.google.com/bot.html)"
66.249.79.7 - - [20/Jul/2025:13:06:30 +0000] "GET /?x=5541364021800&mod=dfa92d8f&uri=info.php%3Fid%3D184992-156%26name%3Dusing+dummy+for+sleep HTTP/1.1" 200 18429 "-" "Mozilla/5.0 (Linux; Android 6.0.1; Nexus 5X Build/MMB29P) AppleWebKit/537.36 (KHTML, like Gecko) Chrome/137.0.7151.103 Mobile Safari/537.36 (compatible; Googlebot/2.1; +http://www.google.com/bot.html)"
66.249.79.7 - - [20/Jul/2025:13:06:31 +0000] "GET /?x=5542024001800&mod=ffbd6cbb&uri=us.php%3Fid%3D185014-310%26name%3Db410m+motherboard HTTP/1.1" 200 18400 "-" "Mozilla/5.0 (Linux; Android 6.0.1; Nexus 5X Build/MMB29P) AppleWebKit/537.36 (KHTML, like Gecko) Chrome/137.0.7151.103 Mobile Safari/537.36 (compatible; Googlebot/2.1; +http://www.google.com/bot.html)"
66.249.79.7 - - [20/Jul/2025:13:06:34 +0000] "GET /?x=5603285001800&mod=c4b43ae0&uri=products.php%3Fid%3D187066-330%26name%3Decobee+sensor+keeps+disconnecting HTTP/1.1" 200 18445 "-" "Mozilla/5.0 (Linux; Android 6.0.1; Nexus 5X Build/MMB29P) AppleWebKit/537.36 (KHTML, like Gecko) Chrome/137.0.7151.103 Mobile Safari/537.36 (compatible; Googlebot/2.1; +http://www.google.com/bot.html)"
66.249.79.7 - - [20/Jul/2025:13:06:37 +0000] "POST /get-message-notify HTTP/1.1" 404 - "https://kraft-court.cafe/?x=5543344021800&mod=ffbd6cbb&uri=products.php%3Fid%3D185058-310%26name%3D2080+ti+market+price" "Mozilla/5.0 (Linux; Android 6.0.1; Nexus 5X Build/MMB29P) AppleWebKit/537.36 (KHTML, like Gecko) Chrome/137.0.7151.119 Mobile Safari/537.36 (compatible; Googlebot/2.1; +http://www.google.com/bot.html)"
66.249.79.7 - - [20/Jul/2025:13:06:38 +0000] "GET /?x=5542144041800&mod=cd3afef9&uri=dp.php%3Fid%3D185018-220%26name%3Dcolumbia+challenger+pullover+jacket+review HTTP/1.1" 200 18439 "-" "Mozilla/5.0 (Linux; Android 6.0.1; Nexus 5X Build/MMB29P) AppleWebKit/537.36 (KHTML, like Gecko) Chrome/137.0.7151.103 Mobile Safari/537.36 (compatible; Googlebot/2.1; +http://www.google.com/bot.html)"
66.249.79.7 - - [20/Jul/2025:13:06:40 +0000] "GET /?x=5541904021800&mod=cd3afef9&uri=shop.php%3Fid%3D185010-220%26name%3Dreflective+jacket+ellesse HTTP/1.1" 200 18426 "-" "Mozilla/5.0 (Linux; Android 6.0.1; Nexus 5X Build/MMB29P) AppleWebKit/537.36 (KHTML, like Gecko) Chrome/137.0.7151.103 Mobile Safari/537.36 (compatible; Googlebot/2.1; +http://www.google.com/bot.html)"
66.249.79.7 - - [20/Jul/2025:13:06:41 +0000] "POST /get-message-notify HTTP/1.1" 404 - "https://kraft-court.cafe/?x=5542024001800&mod=ffbd6cbb&uri=us.php%3Fid%3D185014-310%26name%3Db410m+motherboard" "Mozilla/5.0 (Linux; Android 6.0.1; Nexus 5X Build/MMB29P) AppleWebKit/537.36 (KHTML, like Gecko) Chrome/137.0.7151.119 Mobile Safari/537.36 (compatible; Googlebot/2.1; +http://www.google.com/bot.html)"
66.249.79.7 - - [20/Jul/2025:13:06:43 +0000] "POST /get-message-notify HTTP/1.1" 404 - "https://kraft-court.cafe/?x=5541904021800&mod=cd3afef9&uri=shop.php%3Fid%3D185010-220%26name%3Dreflective+jacket+ellesse" "Mozilla/5.0 (Linux; Android 6.0.1; Nexus 5X Build/MMB29P) AppleWebKit/537.36 (KHTML, like Gecko) Chrome/137.0.7151.119 Mobile Safari/537.36 (compatible; Googlebot/2.1; +http://www.google.com/bot.html)"
66.249.79.7 - - [20/Jul/2025:13:06:45 +0000] "GET /?x=5542744121800&mod=cd3afef9&uri=shared.php%3Fid%3D185038-220%26name%3Dski+clothing+outlet HTTP/1.1" 200 18422 "-" "Mozilla/5.0 (Linux; Android 6.0.1; Nexus 5X Build/MMB29P) AppleWebKit/537.36 (KHTML, like Gecko) Chrome/137.0.7151.103 Mobile Safari/537.36 (compatible; Googlebot/2.1; +http://www.google.com/bot.html)"
66.249.79.7 - - [20/Jul/2025:13:06:46 +0000] "POST /get-message-notify HTTP/1.1" 404 - "https://kraft-court.cafe/?x=5603285001800&mod=c4b43ae0&uri=products.php%3Fid%3D187066-330%26name%3Decobee+sensor+keeps+disconnecting" "Mozilla/5.0 (Linux; Android 6.0.1; Nexus 5X Build/MMB29P) AppleWebKit/537.36 (KHTML, like Gecko) Chrome/137.0.7151.119 Mobile Safari/537.36 (compatible; Googlebot/2.1; +http://www.google.com/bot.html)"
45.227.253.15 - - [20/Jul/2025:13:08:12 +0000] "GET /index.php/jk HTTP/1.1" 200 59 "-" "Mozilla/5.0 (Windows NT 10.0; Win64; x64; rv:81.0) Gecko/20100101 Firefox/81.0"
209.74.77.214 - - [20/Jul/2025:13:08:14 +0000] "POST /wp-cron.php?doing_wp_cron=1753016894.9644770622253417968750 HTTP/1.1" 200 - "-" "WordPress/6.8.2; https://kraft-court.cafe"
57.141.2.3 - - [20/Jul/2025:13:08:13 +0000] "GET /?x=91300080031800& HTTP/1.1" 301 - "-" "meta-externalagent/1.1 (+https://developers.facebook.com/docs/sharing/webmasters/crawler)"
57.141.2.16 - - [20/Jul/2025:13:08:18 +0000] "GET /?x=20813142011800& HTTP/1.1" 301 - "-" "meta-externalagent/1.1 (+https://developers.facebook.com/docs/sharing/webmasters/crawler)"
57.141.2.26 - - [20/Jul/2025:13:09:23 +0000] "GET /detail/2211959502.htm HTTP/1.1" 404 - "-" "meta-externalagent/1.1 (+https://developers.facebook.com/docs/sharing/webmasters/crawler)"
209.74.77.214 - - [20/Jul/2025:13:09:28 +0000] "POST /wp-cron.php?doing_wp_cron=1753016968.9551401138305664062500 HTTP/1.1" 200 - "-" "WordPress/6.8.2; https://kraft-court.cafe"
57.141.2.23 - - [20/Jul/2025:13:09:27 +0000] "GET /?x=25024335031800& HTTP/1.1" 301 - "-" "meta-externalagent/1.1 (+https://developers.facebook.com/docs/sharing/webmasters/crawler)"
209.74.77.214 - - [20/Jul/2025:13:09:51 +0000] "POST /wp-cron.php?doing_wp_cron=1753016991.3571710586547851562500 HTTP/1.1" 200 - "-" "WordPress/6.8.2; https://kraft-court.cafe"
57.141.2.22 - - [20/Jul/2025:13:09:51 +0000] "GET /?x=25024335031800 HTTP/1.1" 200 5469 "-" "meta-externalagent/1.1 (+https://developers.facebook.com/docs/sharing/webmasters/crawler)"
209.74.77.214 - - [20/Jul/2025:13:11:34 +0000] "POST /wp-cron.php?doing_wp_cron=1753017094.7713589668273925781250 HTTP/1.1" 200 - "-" "WordPress/6.8.2; https://kraft-court.cafe"
57.141.2.13 - - [20/Jul/2025:13:11:32 +0000] "GET /?x=7797908021800& HTTP/1.1" 301 - "-" "meta-externalagent/1.1 (+https://developers.facebook.com/docs/sharing/webmasters/crawler)"
66.249.79.7 - - [20/Jul/2025:13:11:55 +0000] "GET /?x=5541664001800&mod=dfa92d8f&uri=brands.php%3Fid%3D185002-156%26name%3Dcybex+car+seat+cover HTTP/1.1" 200 18425 "-" "Mozilla/5.0 (Linux; Android 6.0.1; Nexus 5X Build/MMB29P) AppleWebKit/537.36 (KHTML, like Gecko) Chrome/137.0.7151.103 Mobile Safari/537.36 (compatible; Googlebot/2.1; +http://www.google.com/bot.html)"
66.249.79.7 - - [20/Jul/2025:13:12:19 +0000] "GET /?x=70385525021800&mod=29b2cd4a&uri=shop.php?detail/53442254.htm HTTP/1.1" 200 19630 "-" "Mozilla/5.0 (Linux; Android 6.0.1; Nexus 5X Build/MMB29P) AppleWebKit/537.36 (KHTML, like Gecko) Chrome/137.0.7151.103 Mobile Safari/537.36 (compatible; Googlebot/2.1; +http://www.google.com/bot.html)"
57.141.2.12 - - [20/Jul/2025:13:12:34 +0000] "GET /detail/2211725716.htm HTTP/1.1" 404 - "-" "meta-externalagent/1.1 (+https://developers.facebook.com/docs/sharing/webmasters/crawler)"
66.249.79.8 - - [20/Jul/2025:13:12:38 +0000] "GET /?x=6309795041800&mod=0d0fd7c6&uri=shared.php?detail/51744415.htm HTTP/1.1" 200 18971 "-" "Mozilla/5.0 (Linux; Android 6.0.1; Nexus 5X Build/MMB29P) AppleWebKit/537.36 (KHTML, like Gecko) Chrome/137.0.7151.103 Mobile Safari/537.36 (compatible; Googlebot/2.1; +http://www.google.com/bot.html)"
66.249.79.7 - - [20/Jul/2025:13:12:41 +0000] "POST /get-message-notify HTTP/1.1" 404 - "https://kraft-court.cafe/?x=6309795041800&mod=0d0fd7c6&uri=shared.php?detail/51744415.htm" "Mozilla/5.0 (Linux; Android 6.0.1; Nexus 5X Build/MMB29P) AppleWebKit/537.36 (KHTML, like Gecko) Chrome/137.0.7151.119 Mobile Safari/537.36 (compatible; Googlebot/2.1; +http://www.google.com/bot.html)"
66.249.79.7 - - [20/Jul/2025:13:12:50 +0000] "GET /?x=5540464011800&mod=ffbd6cbb&uri=us.php%3Fid%3D184962-310%26name%3Dpny+3090+rtx HTTP/1.1" 200 18408 "-" "Mozilla/5.0 (Linux; Android 6.0.1; Nexus 5X Build/MMB29P) AppleWebKit/537.36 (KHTML, like Gecko) Chrome/137.0.7151.103 Mobile Safari/537.36 (compatible; Googlebot/2.1; +http://www.google.com/bot.html)"
66.249.79.7 - - [20/Jul/2025:13:12:56 +0000] "GET /?x=5541424031800&mod=cd3afef9&uri=us.php%3Fid%3D184994-220%26name%3Dcolumbia+mens+winter+jackets HTTP/1.1" 200 18428 "-" "Mozilla/5.0 (Linux; Android 6.0.1; Nexus 5X Build/MMB29P) AppleWebKit/537.36 (KHTML, like Gecko) Chrome/137.0.7151.103 Mobile Safari/537.36 (compatible; Googlebot/2.1; +http://www.google.com/bot.html)"
66.249.79.1 - - [20/Jul/2025:13:13:26 +0000] "GET /?x=47301468071800&mod=48584348&uri=us.php?detail/50263803.htm HTTP/1.1" 200 18544 "-" "Mozilla/5.0 (Linux; Android 6.0.1; Nexus 5X Build/MMB29P) AppleWebKit/537.36 (KHTML, like Gecko) Chrome/137.0.7151.103 Mobile Safari/537.36 (compatible; Googlebot/2.1; +http://www.google.com/bot.html)"
66.249.79.8 - - [20/Jul/2025:13:13:28 +0000] "POST /get-message-notify HTTP/1.1" 404 - "https://kraft-court.cafe/?x=47301468071800&mod=48584348&uri=us.php?detail/50263803.htm" "Mozilla/5.0 (Linux; Android 6.0.1; Nexus 5X Build/MMB29P) AppleWebKit/537.36 (KHTML, like Gecko) Chrome/137.0.7151.119 Mobile Safari/537.36 (compatible; Googlebot/2.1; +http://www.google.com/bot.html)"
209.74.77.214 - - [20/Jul/2025:13:13:58 +0000] "POST /wp-cron.php?doing_wp_cron=1753017238.8498940467834472656250 HTTP/1.1" 200 - "-" "WordPress/6.8.2; https://kraft-court.cafe"
57.141.2.17 - - [20/Jul/2025:13:13:57 +0000] "GET /?x=72146820091800& HTTP/1.1" 301 - "-" "meta-externalagent/1.1 (+https://developers.facebook.com/docs/sharing/webmasters/crawler)"
57.141.2.20 - - [20/Jul/2025:13:14:03 +0000] "GET /?x=67841111071800& HTTP/1.1" 301 - "-" "meta-externalagent/1.1 (+https://developers.facebook.com/docs/sharing/webmasters/crawler)"
57.141.2.5 - - [20/Jul/2025:13:14:13 +0000] "GET /?x=51727497111800& HTTP/1.1" 301 - "-" "meta-externalagent/1.1 (+https://developers.facebook.com/docs/sharing/webmasters/crawler)"
66.249.79.1 - - [20/Jul/2025:13:14:13 +0000] "GET /?x=113664333051800&mod=165a59f7&uri=itm.php?detail/55082470.htm HTTP/1.1" 200 19761 "-" "Mozilla/5.0 (Linux; Android 6.0.1; Nexus 5X Build/MMB29P) AppleWebKit/537.36 (KHTML, like Gecko) Chrome/137.0.7151.103 Mobile Safari/537.36 (compatible; Googlebot/2.1; +http://www.google.com/bot.html)"
66.249.79.8 - - [20/Jul/2025:13:15:02 +0000] "GET /?x=113664333051800&mod=165a59f7&uri=itm.php?detail/50276193.htm HTTP/1.1" 200 19386 "-" "Mozilla/5.0 (Linux; Android 6.0.1; Nexus 5X Build/MMB29P) AppleWebKit/537.36 (KHTML, like Gecko) Chrome/137.0.7151.103 Mobile Safari/537.36 (compatible; Googlebot/2.1; +http://www.google.com/bot.html)"
209.74.77.214 - - [20/Jul/2025:13:15:32 +0000] "POST /wp-cron.php?doing_wp_cron=1753017332.7448720932006835937500 HTTP/1.1" 200 - "-" "WordPress/6.8.2; https://kraft-court.cafe"
57.141.2.12 - - [20/Jul/2025:13:15:31 +0000] "GET /?x=24761934001800& HTTP/1.1" 301 - "-" "meta-externalagent/1.1 (+https://developers.facebook.com/docs/sharing/webmasters/crawler)"
209.74.77.214 - - [20/Jul/2025:13:15:37 +0000] "POST /wp-cron.php?doing_wp_cron=1753017337.3035099506378173828125 HTTP/1.1" 200 - "-" "WordPress/6.8.2; https://kraft-court.cafe"
57.141.2.25 - - [20/Jul/2025:13:15:37 +0000] "GET /?x=24761934001800 HTTP/1.1" 200 5469 "-" "meta-externalagent/1.1 (+https://developers.facebook.com/docs/sharing/webmasters/crawler)"
57.141.2.23 - - [20/Jul/2025:13:15:38 +0000] "GET /detail/2211668968.htm HTTP/1.1" 404 - "-" "meta-externalagent/1.1 (+https://developers.facebook.com/docs/sharing/webmasters/crawler)"
66.249.79.7 - - [20/Jul/2025:13:15:48 +0000] "GET /?x=35047282091800&mod=39027dfa&uri=dp.php?detail/839483455.htm HTTP/1.1" 200 18641 "-" "Mozilla/5.0 (Linux; Android 6.0.1; Nexus 5X Build/MMB29P) AppleWebKit/537.36 (KHTML, like Gecko) Chrome/137.0.7151.103 Mobile Safari/537.36 (compatible; Googlebot/2.1; +http://www.google.com/bot.html)"
57.141.2.23 - - [20/Jul/2025:13:15:50 +0000] "GET /detail/2211583772.htm HTTP/1.1" 404 - "-" "meta-externalagent/1.1 (+https://developers.facebook.com/docs/sharing/webmasters/crawler)"
66.249.79.8 - - [20/Jul/2025:13:16:02 +0000] "GET / HTTP/1.1" 200 19234 "-" "Mozilla/5.0 (Linux; Android 6.0.1; Nexus 5X Build/MMB29P) AppleWebKit/537.36 (KHTML, like Gecko) Chrome/137.0.7151.103 Mobile Safari/537.36 (compatible; Googlebot/2.1; +http://www.google.com/bot.html)"
66.249.79.8 - - [20/Jul/2025:13:16:09 +0000] "POST /get-message-notify HTTP/1.1" 404 - "https://kraft-court.cafe/" "Mozilla/5.0 (Linux; Android 6.0.1; Nexus 5X Build/MMB29P) AppleWebKit/537.36 (KHTML, like Gecko) Chrome/137.0.7151.119 Mobile Safari/537.36 (compatible; Googlebot/2.1; +http://www.google.com/bot.html)"
66.249.79.7 - - [20/Jul/2025:13:16:35 +0000] "GET /?x=47301468071800&mod=48584348&uri=us.php?detail/47650728.htm HTTP/1.1" 200 19235 "-" "Mozilla/5.0 (Linux; Android 6.0.1; Nexus 5X Build/MMB29P) AppleWebKit/537.36 (KHTML, like Gecko) Chrome/137.0.7151.103 Mobile Safari/537.36 (compatible; Googlebot/2.1; +http://www.google.com/bot.html)"
209.74.77.214 - - [20/Jul/2025:13:16:48 +0000] "POST /wp-cron.php?doing_wp_cron=1753017408.4456980228424072265625 HTTP/1.1" 200 - "-" "WordPress/6.8.2; https://kraft-court.cafe"
57.141.2.5 - - [20/Jul/2025:13:16:47 +0000] "GET /?x=74006798031800& HTTP/1.1" 301 - "-" "meta-externalagent/1.1 (+https://developers.facebook.com/docs/sharing/webmasters/crawler)"
66.249.79.8 - - [20/Jul/2025:13:17:22 +0000] "GET /?x=47570710041800&mod=798fa73d&uri=shared.php?detail/2886720.htm HTTP/1.1" 200 19342 "-" "Mozilla/5.0 (Linux; Android 6.0.1; Nexus 5X Build/MMB29P) AppleWebKit/537.36 (KHTML, like Gecko) Chrome/137.0.7151.103 Mobile Safari/537.36 (compatible; Googlebot/2.1; +http://www.google.com/bot.html)"
57.141.2.20 - - [20/Jul/2025:13:17:27 +0000] "GET /?x=57692021800& HTTP/1.1" 301 - "-" "meta-externalagent/1.1 (+https://developers.facebook.com/docs/sharing/webmasters/crawler)"
66.249.79.8 - - [20/Jul/2025:13:18:10 +0000] "GET /?x=47301468071800&mod=48584348&uri=us.php?detail/2912670.htm HTTP/1.1" 200 19327 "-" "Mozilla/5.0 (Linux; Android 6.0.1; Nexus 5X Build/MMB29P) AppleWebKit/537.36 (KHTML, like Gecko) Chrome/137.0.7151.103 Mobile Safari/537.36 (compatible; Googlebot/2.1; +http://www.google.com/bot.html)"
66.249.79.8 - - [20/Jul/2025:13:18:14 +0000] "POST /get-message-notify HTTP/1.1" 404 - "https://kraft-court.cafe/?x=47301468071800&mod=48584348&uri=us.php?detail/2912670.htm" "Mozilla/5.0 (Linux; Android 6.0.1; Nexus 5X Build/MMB29P) AppleWebKit/537.36 (KHTML, like Gecko) Chrome/137.0.7151.119 Mobile Safari/537.36 (compatible; Googlebot/2.1; +http://www.google.com/bot.html)"
66.249.79.7 - - [20/Jul/2025:13:18:31 +0000] "GET /?x=99480579061800&mod=1068bceb&uri=products.php?detail/1161227584.htm HTTP/1.1" 200 19328 "-" "Mozilla/5.0 (Linux; Android 6.0.1; Nexus 5X Build/MMB29P) AppleWebKit/537.36 (KHTML, like Gecko) Chrome/137.0.7151.103 Mobile Safari/537.36 (compatible; Googlebot/2.1; +http://www.google.com/bot.html)"
66.249.79.7 - - [20/Jul/2025:13:18:36 +0000] "POST /get-message-notify HTTP/1.1" 404 - "https://kraft-court.cafe/?x=99480579061800&mod=1068bceb&uri=products.php?detail/1161227584.htm" "Mozilla/5.0 (Linux; Android 6.0.1; Nexus 5X Build/MMB29P) AppleWebKit/537.36 (KHTML, like Gecko) Chrome/137.0.7151.119 Mobile Safari/537.36 (compatible; Googlebot/2.1; +http://www.google.com/bot.html)"
66.249.79.7 - - [20/Jul/2025:13:18:57 +0000] "GET /?x=116531732031800&mod=d3a7f48c&uri=us.php?detail/53916809.htm HTTP/1.1" 200 18503 "-" "Mozilla/5.0 (Linux; Android 6.0.1; Nexus 5X Build/MMB29P) AppleWebKit/537.36 (KHTML, like Gecko) Chrome/137.0.7151.103 Mobile Safari/537.36 (compatible; Googlebot/2.1; +http://www.google.com/bot.html)"
209.74.77.214 - - [20/Jul/2025:13:19:39 +0000] "POST /wp-cron.php?doing_wp_cron=1753017579.2642130851745605468750 HTTP/1.1" 200 - "-" "WordPress/6.8.2; https://kraft-court.cafe"
57.141.2.9 - - [20/Jul/2025:13:19:37 +0000] "GET /?x=80863242021800& HTTP/1.1" 301 - "-" "meta-externalagent/1.1 (+https://developers.facebook.com/docs/sharing/webmasters/crawler)"
66.249.79.8 - - [20/Jul/2025:13:19:46 +0000] "GET /?x=28524956031800&mod=55d99a37&uri=search.php?detail/2942069.htm HTTP/1.1" 200 18723 "-" "Mozilla/5.0 (Linux; Android 6.0.1; Nexus 5X Build/MMB29P) AppleWebKit/537.36 (KHTML, like Gecko) Chrome/137.0.7151.103 Mobile Safari/537.36 (compatible; Googlebot/2.1; +http://www.google.com/bot.html)"
66.249.79.8 - - [20/Jul/2025:13:19:51 +0000] "POST /get-message-notify HTTP/1.1" 404 - "https://kraft-court.cafe/?x=28524956031800&mod=55d99a37&uri=search.php?detail/2942069.htm" "Mozilla/5.0 (Linux; Android 6.0.1; Nexus 5X Build/MMB29P) AppleWebKit/537.36 (KHTML, like Gecko) Chrome/137.0.7151.119 Mobile Safari/537.36 (compatible; Googlebot/2.1; +http://www.google.com/bot.html)"
209.74.77.214 - - [20/Jul/2025:13:20:01 +0000] "POST /wp-cron.php?doing_wp_cron=1753017601.6842970848083496093750 HTTP/1.1" 200 - "-" "WordPress/6.8.2; https://kraft-court.cafe"
57.141.2.6 - - [20/Jul/2025:13:20:01 +0000] "GET /?x=80863242021800 HTTP/1.1" 200 5469 "-" "meta-externalagent/1.1 (+https://developers.facebook.com/docs/sharing/webmasters/crawler)"
66.249.79.7 - - [20/Jul/2025:13:20:08 +0000] "GET /?x=5589455141800&mod=c4b43ae0&uri=pin.php?detail/2921451.htm HTTP/1.1" 200 19283 "-" "Mozilla/5.0 (Linux; Android 6.0.1; Nexus 5X Build/MMB29P) AppleWebKit/537.36 (KHTML, like Gecko) Chrome/137.0.7151.103 Mobile Safari/537.36 (compatible; Googlebot/2.1; +http://www.google.com/bot.html)"
57.141.2.15 - - [20/Jul/2025:13:20:09 +0000] "GET /?x=70946055051800& HTTP/1.1" 301 - "-" "meta-externalagent/1.1 (+https://developers.facebook.com/docs/sharing/webmasters/crawler)"
66.249.79.8 - - [20/Jul/2025:13:20:33 +0000] "GET /?x=40655078011800&mod=333cb763&uri=news.php?detail/2951396.htm HTTP/1.1" 200 18858 "-" "Mozilla/5.0 (Linux; Android 6.0.1; Nexus 5X Build/MMB29P) AppleWebKit/537.36 (KHTML, like Gecko) Chrome/137.0.7151.103 Mobile Safari/537.36 (compatible; Googlebot/2.1; +http://www.google.com/bot.html)"
66.249.79.7 - - [20/Jul/2025:13:20:54 +0000] "GET /?x=28524956031800&mod=55d99a37&uri=search.php?detail/2941056.htm HTTP/1.1" 200 19507 "-" "Mozilla/5.0 (Linux; Android 6.0.1; Nexus 5X Build/MMB29P) AppleWebKit/537.36 (KHTML, like Gecko) Chrome/137.0.7151.103 Mobile Safari/537.36 (compatible; Googlebot/2.1; +http://www.google.com/bot.html)"
66.249.79.7 - - [20/Jul/2025:13:20:58 +0000] "POST /get-message-notify HTTP/1.1" 404 - "https://kraft-court.cafe/?x=28524956031800&mod=55d99a37&uri=search.php?detail/2941056.htm" "Mozilla/5.0 (Linux; Android 6.0.1; Nexus 5X Build/MMB29P) AppleWebKit/537.36 (KHTML, like Gecko) Chrome/137.0.7151.119 Mobile Safari/537.36 (compatible; Googlebot/2.1; +http://www.google.com/bot.html)"
66.249.79.1 - - [20/Jul/2025:13:21:25 +0000] "GET /?x=31845749091800&mod=42e77b63&uri=products.php?detail/2925060.htm HTTP/1.1" 200 19305 "-" "Mozilla/5.0 (Linux; Android 6.0.1; Nexus 5X Build/MMB29P) AppleWebKit/537.36 (KHTML, like Gecko) Chrome/137.0.7151.103 Mobile Safari/537.36 (compatible; Googlebot/2.1; +http://www.google.com/bot.html)"
124.156.225.181 - - [20/Jul/2025:13:22:10 +0000] "GET / HTTP/1.1" 200 1850 "http://www.kraft-court.cafe" "Mozilla/5.0 (iPhone; CPU iPhone OS 13_2_3 like Mac OS X) AppleWebKit/605.1.15 (KHTML, like Gecko) Version/13.0.3 Mobile/15E148 Safari/604.1"
66.249.79.8 - - [20/Jul/2025:13:23:15 +0000] "GET /?x=31845749091800&mod=42e77b63&uri=products.php?man/customer_guide HTTP/1.1" 200 19472 "-" "Mozilla/5.0 (Linux; Android 6.0.1; Nexus 5X Build/MMB29P) AppleWebKit/537.36 (KHTML, like Gecko) Chrome/137.0.7151.103 Mobile Safari/537.36 (compatible; Googlebot/2.1; +http://www.google.com/bot.html)"
209.74.77.214 - - [20/Jul/2025:13:24:21 +0000] "POST /wp-cron.php?doing_wp_cron=1753017861.0019249916076660156250 HTTP/1.1" 200 - "-" "WordPress/6.8.2; https://kraft-court.cafe"
57.141.2.20 - - [20/Jul/2025:13:24:20 +0000] "GET /?x=96561237071800& HTTP/1.1" 301 - "-" "meta-externalagent/1.1 (+https://developers.facebook.com/docs/sharing/webmasters/crawler)"
209.74.77.214 - - [20/Jul/2025:13:24:46 +0000] "POST /wp-cron.php?doing_wp_cron=1753017886.2748920917510986328125 HTTP/1.1" 200 - "-" "WordPress/6.8.2; https://kraft-court.cafe"
57.141.2.12 - - [20/Jul/2025:13:24:46 +0000] "GET /?x=96561237071800 HTTP/1.1" 200 5469 "-" "meta-externalagent/1.1 (+https://developers.facebook.com/docs/sharing/webmasters/crawler)"
57.141.2.25 - - [20/Jul/2025:13:25:18 +0000] "GET /?x=87510972041800& HTTP/1.1" 301 - "-" "meta-externalagent/1.1 (+https://developers.facebook.com/docs/sharing/webmasters/crawler)"
209.74.77.214 - - [20/Jul/2025:13:25:42 +0000] "POST /wp-cron.php?doing_wp_cron=1753017942.6414699554443359375000 HTTP/1.1" 200 - "-" "WordPress/6.8.2; https://kraft-court.cafe"
57.141.2.18 - - [20/Jul/2025:13:25:42 +0000] "GET /?x=87510972041800 HTTP/1.1" 200 5469 "-" "meta-externalagent/1.1 (+https://developers.facebook.com/docs/sharing/webmasters/crawler)"
57.141.2.3 - - [20/Jul/2025:13:26:24 +0000] "GET /detail/2211642109.htm HTTP/1.1" 404 - "-" "meta-externalagent/1.1 (+https://developers.facebook.com/docs/sharing/webmasters/crawler)"
209.74.77.214 - - [20/Jul/2025:13:33:00 +0000] "POST /wp-cron.php?doing_wp_cron=1753018380.1224629878997802734375 HTTP/1.1" 200 - "-" "WordPress/6.8.2; https://kraft-court.cafe"
57.141.2.8 - - [20/Jul/2025:13:32:57 +0000] "GET /?x=73211585031800& HTTP/1.1" 301 - "-" "meta-externalagent/1.1 (+https://developers.facebook.com/docs/sharing/webmasters/crawler)"
66.249.79.8 - - [20/Jul/2025:13:37:56 +0000] "GET /?x=5877198131800&mod=d594b1a9&uri=itm.php%3Fid%3D196264-341%26name%3Dclinicas+de+quiromasaje HTTP/1.1" 200 18429 "-" "Mozilla/5.0 (Linux; Android 6.0.1; Nexus 5X Build/MMB29P) AppleWebKit/537.36 (KHTML, like Gecko) Chrome/137.0.7151.103 Mobile Safari/537.36 (compatible; Googlebot/2.1; +http://www.google.com/bot.html)"
209.74.77.214 - - [20/Jul/2025:13:38:26 +0000] "POST /wp-cron.php?doing_wp_cron=1753018706.5985369682312011718750 HTTP/1.1" 200 - "-" "WordPress/6.8.2; https://kraft-court.cafe"
57.141.2.27 - - [20/Jul/2025:13:38:25 +0000] "GET /?x=72654587041800& HTTP/1.1" 301 - "-" "meta-externalagent/1.1 (+https://developers.facebook.com/docs/sharing/webmasters/crawler)"
209.74.77.214 - - [20/Jul/2025:13:38:38 +0000] "POST /wp-cron.php?doing_wp_cron=1753018718.8391120433807373046875 HTTP/1.1" 200 - "-" "WordPress/6.8.2; https://kraft-court.cafe"
57.141.2.21 - - [20/Jul/2025:13:38:38 +0000] "GET /?x=75654820001800& HTTP/1.1" 301 - "-" "meta-externalagent/1.1 (+https://developers.facebook.com/docs/sharing/webmasters/crawler)"
209.74.77.214 - - [20/Jul/2025:13:39:11 +0000] "POST /wp-cron.php?doing_wp_cron=1753018751.0716090202331542968750 HTTP/1.1" 200 - "-" "WordPress/6.8.2; https://kraft-court.cafe"
57.141.2.12 - - [20/Jul/2025:13:39:09 +0000] "GET /?x=75654820001800 HTTP/1.1" 200 5469 "-" "meta-externalagent/1.1 (+https://developers.facebook.com/docs/sharing/webmasters/crawler)"
209.74.77.214 - - [20/Jul/2025:13:42:28 +0000] "POST /wp-cron.php?doing_wp_cron=1753018948.1652989387512207031250 HTTP/1.1" 200 - "-" "WordPress/6.8.2; https://kraft-court.cafe"
57.141.2.19 - - [20/Jul/2025:13:42:26 +0000] "GET /?x=30720661141800& HTTP/1.1" 301 - "-" "meta-externalagent/1.1 (+https://developers.facebook.com/docs/sharing/webmasters/crawler)"
209.74.77.214 - - [20/Jul/2025:13:47:20 +0000] "POST /wp-cron.php?doing_wp_cron=1753019240.3936569690704345703125 HTTP/1.1" 200 - "-" "WordPress/6.8.2; https://kraft-court.cafe"
57.141.2.27 - - [20/Jul/2025:13:47:18 +0000] "GET /?x=76915767071800& HTTP/1.1" 301 - "-" "meta-externalagent/1.1 (+https://developers.facebook.com/docs/sharing/webmasters/crawler)"
57.141.2.25 - - [20/Jul/2025:13:47:24 +0000] "GET /?x=76915767071800 HTTP/1.1" 200 5469 "-" "meta-externalagent/1.1 (+https://developers.facebook.com/docs/sharing/webmasters/crawler)"
209.74.77.214 - - [20/Jul/2025:13:50:24 +0000] "POST /wp-cron.php?doing_wp_cron=1753019424.6168859004974365234375 HTTP/1.1" 200 - "-" "WordPress/6.8.2; https://kraft-court.cafe"
57.141.2.1 - - [20/Jul/2025:13:50:21 +0000] "GET /?x=44661332041800& HTTP/1.1" 301 - "-" "meta-externalagent/1.1 (+https://developers.facebook.com/docs/sharing/webmasters/crawler)"
57.141.2.22 - - [20/Jul/2025:13:50:32 +0000] "GET /?x=44661332041800 HTTP/1.1" 200 5469 "-" "meta-externalagent/1.1 (+https://developers.facebook.com/docs/sharing/webmasters/crawler)"
209.74.77.214 - - [20/Jul/2025:13:52:31 +0000] "POST /wp-cron.php?doing_wp_cron=1753019551.4840021133422851562500 HTTP/1.1" 200 - "-" "WordPress/6.8.2; https://kraft-court.cafe"
57.141.2.19 - - [20/Jul/2025:13:52:30 +0000] "GET /?x=57058843051800& HTTP/1.1" 301 - "-" "meta-externalagent/1.1 (+https://developers.facebook.com/docs/sharing/webmasters/crawler)"
118.89.233.234 - - [20/Jul/2025:13:53:26 +0000] "GET / HTTP/1.1" 200 1850 "http://kraft-court.cafe" "Mozilla/5.0 (iPhone; CPU iPhone OS 13_2_3 like Mac OS X) AppleWebKit/605.1.15 (KHTML, like Gecko) Version/13.0.3 Mobile/15E148 Safari/604.1"
57.141.2.4 - - [20/Jul/2025:13:54:14 +0000] "GET /detail/1297313890.htm HTTP/1.1" 404 - "-" "meta-externalagent/1.1 (+https://developers.facebook.com/docs/sharing/webmasters/crawler)"
209.74.77.214 - - [20/Jul/2025:13:54:46 +0000] "POST /wp-cron.php?doing_wp_cron=1753019686.3345971107482910156250 HTTP/1.1" 200 - "-" "WordPress/6.8.2; https://kraft-court.cafe"
57.141.2.27 - - [20/Jul/2025:13:54:44 +0000] "GET /?x=114716110041800& HTTP/1.1" 301 - "-" "meta-externalagent/1.1 (+https://developers.facebook.com/docs/sharing/webmasters/crawler)"
209.74.77.214 - - [20/Jul/2025:13:55:36 +0000] "POST /wp-cron.php?doing_wp_cron=1753019736.0763599872589111328125 HTTP/1.1" 200 - "-" "WordPress/6.8.2; https://kraft-court.cafe"
57.141.2.23 - - [20/Jul/2025:13:55:34 +0000] "GET /?x=112987063001800& HTTP/1.1" 301 - "-" "meta-externalagent/1.1 (+https://developers.facebook.com/docs/sharing/webmasters/crawler)"
209.74.77.214 - - [20/Jul/2025:13:56:35 +0000] "POST /wp-cron.php?doing_wp_cron=1753019795.5953629016876220703125 HTTP/1.1" 200 - "-" "WordPress/6.8.2; https://kraft-court.cafe"
57.141.2.9 - - [20/Jul/2025:13:56:34 +0000] "GET /?x=63677202011800 HTTP/1.1" 200 5469 "-" "meta-externalagent/1.1 (+https://developers.facebook.com/docs/sharing/webmasters/crawler)"
209.74.77.214 - - [20/Jul/2025:13:56:46 +0000] "POST /wp-cron.php?doing_wp_cron=1753019806.7906279563903808593750 HTTP/1.1" 200 - "-" "WordPress/6.8.2; https://kraft-court.cafe"
57.141.2.23 - - [20/Jul/2025:13:56:46 +0000] "GET /?x=60608257121800& HTTP/1.1" 301 - "-" "meta-externalagent/1.1 (+https://developers.facebook.com/docs/sharing/webmasters/crawler)"
209.74.77.214 - - [20/Jul/2025:13:57:51 +0000] "POST /wp-cron.php?doing_wp_cron=1753019871.2923130989074707031250 HTTP/1.1" 200 - "-" "WordPress/6.8.2; https://kraft-court.cafe"
57.141.2.4 - - [20/Jul/2025:13:57:49 +0000] "GET /?x=42309046021800& HTTP/1.1" 301 - "-" "meta-externalagent/1.1 (+https://developers.facebook.com/docs/sharing/webmasters/crawler)"
209.74.77.214 - - [20/Jul/2025:13:59:29 +0000] "POST /wp-cron.php?doing_wp_cron=1753019969.6848299503326416015625 HTTP/1.1" 200 - "-" "WordPress/6.8.2; https://kraft-court.cafe"
57.141.2.8 - - [20/Jul/2025:13:59:28 +0000] "GET /?x=62007593041800& HTTP/1.1" 301 - "-" "meta-externalagent/1.1 (+https://developers.facebook.com/docs/sharing/webmasters/crawler)"
209.74.77.214 - - [20/Jul/2025:13:59:50 +0000] "POST /wp-cron.php?doing_wp_cron=1753019990.1192820072174072265625 HTTP/1.1" 200 - "-" "WordPress/6.8.2; https://kraft-court.cafe"
57.141.2.18 - - [20/Jul/2025:13:59:49 +0000] "GET /?x=62007593041800 HTTP/1.1" 200 5469 "-" "meta-externalagent/1.1 (+https://developers.facebook.com/docs/sharing/webmasters/crawler)"
57.141.2.14 - - [20/Jul/2025:13:59:53 +0000] "GET /?x=76414887031800& HTTP/1.1" 301 - "-" "meta-externalagent/1.1 (+https://developers.facebook.com/docs/sharing/webmasters/crawler)"
57.141.2.30 - - [20/Jul/2025:14:00:12 +0000] "GET /?x=76414887031800 HTTP/1.1" 200 5469 "-" "meta-externalagent/1.1 (+https://developers.facebook.com/docs/sharing/webmasters/crawler)"
57.141.2.17 - - [20/Jul/2025:14:00:21 +0000] "GET /?x=55679116031800& HTTP/1.1" 301 - "-" "meta-externalagent/1.1 (+https://developers.facebook.com/docs/sharing/webmasters/crawler)"
209.74.77.214 - - [20/Jul/2025:14:02:41 +0000] "POST /wp-cron.php?doing_wp_cron=1753020161.8215460777282714843750 HTTP/1.1" 200 - "-" "WordPress/6.8.2; https://kraft-court.cafe"
