66.249.73.165 - - [20/Jul/2025:15:37:08 +0000] "GET /p/navy72679462?id=2695720 HTTP/1.1" 200 40263 "-" "Mozilla/5.0 (Linux; Android 6.0.1; Nexus 5X Build/MMB29P) AppleWebKit/537.36 (KHTML, like Gecko) Chrome/137.0.7151.103 Mobile Safari/537.36 (compatible; Googlebot/2.1; +http://www.google.com/bot.html)"
66.249.73.164 - - [20/Jul/2025:15:39:37 +0000] "GET /p/forgi82743175?id=2759433 HTTP/1.1" 200 39946 "-" "Mozilla/5.0 (Linux; Android 6.0.1; Nexus 5X Build/MMB29P) AppleWebKit/537.36 (KHTML, like Gecko) Chrome/137.0.7151.103 Mobile Safari/537.36 (compatible; Googlebot/2.1; +http://www.google.com/bot.html)"
66.249.73.163 - - [20/Jul/2025:15:41:40 +0000] "GET /p/mater11385464?id=1401722 HTTP/1.1" 200 40861 "-" "Mozilla/5.0 (compatible; Googlebot/2.1; +http://www.google.com/bot.html)"
66.249.73.163 - - [20/Jul/2025:15:42:26 +0000] "GET /p/brack60751701?id=767959 HTTP/1.1" 200 40047 "-" "Mozilla/5.0 (Linux; Android 6.0.1; Nexus 5X Build/MMB29P) AppleWebKit/537.36 (KHTML, like Gecko) Chrome/137.0.7151.103 Mobile Safari/537.36 (compatible; Googlebot/2.1; +http://www.google.com/bot.html)"
66.249.73.164 - - [20/Jul/2025:15:42:32 +0000] "GET /p/heart22588793?id=2605051 HTTP/1.1" 200 40311 "-" "Mozilla/5.0 (Linux; Android 6.0.1; Nexus 5X Build/MMB29P) AppleWebKit/537.36 (KHTML, like Gecko) Chrome/137.0.7151.103 Mobile Safari/537.36 (compatible; Googlebot/2.1; +http://www.google.com/bot.html)"
66.249.73.164 - - [20/Jul/2025:15:44:45 +0000] "GET /p/shoe72712326?id=2728584 HTTP/1.1" 200 39963 "-" "Mozilla/5.0 (Linux; Android 6.0.1; Nexus 5X Build/MMB29P) AppleWebKit/537.36 (KHTML, like Gecko) Chrome/137.0.7151.103 Mobile Safari/537.36 (compatible; Googlebot/2.1; +http://www.google.com/bot.html)"
66.249.73.164 - - [20/Jul/2025:15:44:54 +0000] "GET /p/force72796710?id=2812968 HTTP/1.1" 200 40149 "-" "Mozilla/5.0 (compatible; Googlebot/2.1; +http://www.google.com/bot.html)"
66.249.73.164 - - [20/Jul/2025:15:45:31 +0000] "GET /p/acqua82119607?id=2135865 HTTP/1.1" 200 40237 "-" "Mozilla/5.0 (Linux; Android 6.0.1; Nexus 5X Build/MMB29P) AppleWebKit/537.36 (KHTML, like Gecko) Chrome/137.0.7151.103 Mobile Safari/537.36 (compatible; Googlebot/2.1; +http://www.google.com/bot.html)"
66.249.73.164 - - [20/Jul/2025:15:47:17 +0000] "GET /p/same62672405?id=2688663 HTTP/1.1" 200 40057 "-" "Mozilla/5.0 (Linux; Android 6.0.1; Nexus 5X Build/MMB29P) AppleWebKit/537.36 (KHTML, like Gecko) Chrome/137.0.7151.103 Mobile Safari/537.36 (compatible; Googlebot/2.1; +http://www.google.com/bot.html)"
66.249.73.164 - - [20/Jul/2025:15:47:20 +0000] "POST /get-message-notify HTTP/1.1" 200 40006 "https://muzza.fit/p/same62672405?id=2688663" "Mozilla/5.0 (Linux; Android 6.0.1; Nexus 5X Build/MMB29P) AppleWebKit/537.36 (KHTML, like Gecko) Chrome/137.0.7151.119 Mobile Safari/537.36 (compatible; Googlebot/2.1; +http://www.google.com/bot.html)"
66.249.73.164 - - [20/Jul/2025:15:48:20 +0000] "GET /p/fairy81767735?id=1783993 HTTP/1.1" 200 40295 "-" "Mozilla/5.0 (Linux; Android 6.0.1; Nexus 5X Build/MMB29P) AppleWebKit/537.36 (KHTML, like Gecko) Chrome/137.0.7151.103 Mobile Safari/537.36 (compatible; Googlebot/2.1; +http://www.google.com/bot.html)"
66.249.73.163 - - [20/Jul/2025:15:49:49 +0000] "GET /p/frame81738039?id=1754297 HTTP/1.1" 200 40021 "-" "Mozilla/5.0 (Linux; Android 6.0.1; Nexus 5X Build/MMB29P) AppleWebKit/537.36 (KHTML, like Gecko) Chrome/137.0.7151.103 Mobile Safari/537.36 (compatible; Googlebot/2.1; +http://www.google.com/bot.html)"
66.249.73.164 - - [20/Jul/2025:15:50:08 +0000] "POST /get-message-notify HTTP/1.1" 200 40124 "https://muzza.fit/p/frame81738039?id=1754297" "Mozilla/5.0 (Linux; Android 6.0.1; Nexus 5X Build/MMB29P) AppleWebKit/537.36 (KHTML, like Gecko) Chrome/137.0.7151.119 Mobile Safari/537.36 (compatible; Googlebot/2.1; +http://www.google.com/bot.html)"
66.249.73.164 - - [20/Jul/2025:15:51:12 +0000] "GET /p/fond22859241?id=2875499 HTTP/1.1" 200 39992 "-" "Mozilla/5.0 (compatible; Googlebot/2.1; +http://www.google.com/bot.html)"
66.249.73.163 - - [20/Jul/2025:15:52:23 +0000] "GET /p/uncle30564226?id=580484 HTTP/1.1" 200 40176 "-" "Mozilla/5.0 (Linux; Android 6.0.1; Nexus 5X Build/MMB29P) AppleWebKit/537.36 (KHTML, like Gecko) Chrome/137.0.7151.103 Mobile Safari/537.36 (compatible; Googlebot/2.1; +http://www.google.com/bot.html)"
66.249.73.164 - - [20/Jul/2025:15:52:36 +0000] "GET /p/jew11949392?id=1965650 HTTP/1.1" 200 40907 "-" "Mozilla/5.0 (Linux; Android 6.0.1; Nexus 5X Build/MMB29P) AppleWebKit/537.36 (KHTML, like Gecko) Chrome/137.0.7151.103 Mobile Safari/537.36 (compatible; Googlebot/2.1; +http://www.google.com/bot.html)"
66.249.73.163 - - [20/Jul/2025:15:53:24 +0000] "GET /p/yell12063912?id=2080170 HTTP/1.1" 200 40309 "-" "Mozilla/5.0 (Linux; Android 6.0.1; Nexus 5X Build/MMB29P) AppleWebKit/537.36 (KHTML, like Gecko) Chrome/137.0.7151.103 Mobile Safari/537.36 (compatible; Googlebot/2.1; +http://www.google.com/bot.html)"
209.74.77.214 - - [20/Jul/2025:15:54:42 +0000] "POST /wp-cron.php?doing_wp_cron=1753026881.9760398864746093750000 HTTP/1.1" 200 - "-" "WordPress/6.8.2; https://muzza.fit"
156.228.124.26 - - [20/Jul/2025:15:54:38 +0000] "GET /pages/contact-us/ HTTP/1.1" 200 28478 "-" "Mozilla/5.0 (X11; Linux x86_64) AppleWebKit/537.36 (KHTML, like Gecko) Chrome/114.0.0.0 Safari/537.36 Vivaldi/5.3.2679.68"
156.228.124.26 - - [20/Jul/2025:15:54:43 +0000] "GET /wp-content/plugins/contact-form-7/includes/js/index.js?ver=6.1 HTTP/1.1" 200 4265 "https://muzza.fit/pages/contact-us/" "Mozilla/5.0 (X11; Linux x86_64) AppleWebKit/537.36 (KHTML, like Gecko) Chrome/114.0.0.0 Safari/537.36 Vivaldi/5.3.2679.68"
156.228.124.26 - - [20/Jul/2025:15:54:44 +0000] "POST /wp-json/contact-form-7/v1/contact-forms/7320/feedback HTTP/1.1" 200 299 "https://muzza.fit/pages/contact-us/" "Mozilla/5.0 (X11; Linux x86_64) AppleWebKit/537.36 (KHTML, like Gecko) Chrome/114.0.0.0 Safari/537.36 Vivaldi/5.3.2679.68"
66.249.73.163 - - [20/Jul/2025:15:54:53 +0000] "GET /p/evalu12370168?id=2386426 HTTP/1.1" 200 39838 "-" "Mozilla/5.0 (Linux; Android 6.0.1; Nexus 5X Build/MMB29P) AppleWebKit/537.36 (KHTML, like Gecko) Chrome/137.0.7151.103 Mobile Safari/537.36 (compatible; Googlebot/2.1; +http://www.google.com/bot.html)"
66.249.73.163 - - [20/Jul/2025:15:55:22 +0000] "GET /p/fool12929696?id=2945954 HTTP/1.1" 200 40330 "-" "Mozilla/5.0 (compatible; Googlebot/2.1; +http://www.google.com/bot.html)"
66.249.73.164 - - [20/Jul/2025:15:55:56 +0000] "GET /p/shape10848752?id=865010 HTTP/1.1" 200 40258 "-" "Mozilla/5.0 (Linux; Android 6.0.1; Nexus 5X Build/MMB29P) AppleWebKit/537.36 (KHTML, like Gecko) Chrome/137.0.7151.103 Mobile Safari/537.36 (compatible; Googlebot/2.1; +http://www.google.com/bot.html)"
66.249.73.165 - - [20/Jul/2025:15:56:07 +0000] "POST /get-message-notify HTTP/1.1" 200 40087 "https://muzza.fit/p/shape10848752?id=865010" "Mozilla/5.0 (Linux; Android 6.0.1; Nexus 5X Build/MMB29P) AppleWebKit/537.36 (KHTML, like Gecko) Chrome/137.0.7151.119 Mobile Safari/537.36 (compatible; Googlebot/2.1; +http://www.google.com/bot.html)"
66.249.73.164 - - [20/Jul/2025:15:57:25 +0000] "GET /p/relat42300755?id=2317013 HTTP/1.1" 200 40172 "-" "Mozilla/5.0 (Linux; Android 6.0.1; Nexus 5X Build/MMB29P) AppleWebKit/537.36 (KHTML, like Gecko) Chrome/137.0.7151.103 Mobile Safari/537.36 (compatible; Googlebot/2.1; +http://www.google.com/bot.html)"
66.249.73.163 - - [20/Jul/2025:15:57:31 +0000] "POST /get-message-notify HTTP/1.1" 200 40000 "https://muzza.fit/p/relat42300755?id=2317013" "Mozilla/5.0 (Linux; Android 6.0.1; Nexus 5X Build/MMB29P) AppleWebKit/537.36 (KHTML, like Gecko) Chrome/137.0.7151.119 Mobile Safari/537.36 (compatible; Googlebot/2.1; +http://www.google.com/bot.html)"
66.249.73.164 - - [20/Jul/2025:15:58:28 +0000] "GET /p/flesh42502667?id=2518925 HTTP/1.1" 200 40073 "-" "Mozilla/5.0 (Linux; Android 6.0.1; Nexus 5X Build/MMB29P) AppleWebKit/537.36 (KHTML, like Gecko) Chrome/137.0.7151.103 Mobile Safari/537.36 (compatible; Googlebot/2.1; +http://www.google.com/bot.html)"
66.249.73.165 - - [20/Jul/2025:15:59:07 +0000] "GET /p/novem31944490?id=1960748 HTTP/1.1" 200 40281 "-" "Mozilla/5.0 (Linux; Android 6.0.1; Nexus 5X Build/MMB29P) AppleWebKit/537.36 (KHTML, like Gecko) Chrome/137.0.7151.103 Mobile Safari/537.36 (compatible; Googlebot/2.1; +http://www.google.com/bot.html)"
66.249.73.164 - - [20/Jul/2025:15:59:12 +0000] "POST /get-message-notify HTTP/1.1" 200 40186 "https://muzza.fit/p/novem31944490?id=1960748" "Mozilla/5.0 (Linux; Android 6.0.1; Nexus 5X Build/MMB29P) AppleWebKit/537.36 (KHTML, like Gecko) Chrome/137.0.7151.119 Mobile Safari/537.36 (compatible; Googlebot/2.1; +http://www.google.com/bot.html)"
66.249.73.163 - - [20/Jul/2025:15:59:15 +0000] "GET /p/knob51155244?id=1171502 HTTP/1.1" 200 39960 "-" "Mozilla/5.0 (Linux; Android 6.0.1; Nexus 5X Build/MMB29P) AppleWebKit/537.36 (KHTML, like Gecko) Chrome/137.0.7151.103 Mobile Safari/537.36 (compatible; Googlebot/2.1; +http://www.google.com/bot.html)"
66.249.73.163 - - [20/Jul/2025:15:59:58 +0000] "GET /p/disci81586895?id=1603153 HTTP/1.1" 200 40150 "-" "Mozilla/5.0 (Linux; Android 6.0.1; Nexus 5X Build/MMB29P) AppleWebKit/537.36 (KHTML, like Gecko) Chrome/137.0.7151.103 Mobile Safari/537.36 (compatible; Googlebot/2.1; +http://www.google.com/bot.html)"
66.249.73.165 - - [20/Jul/2025:16:01:35 +0000] "GET /p/niece30427546?id=443804 HTTP/1.1" 200 40138 "-" "Mozilla/5.0 (Linux; Android 6.0.1; Nexus 5X Build/MMB29P) AppleWebKit/537.36 (KHTML, like Gecko) Chrome/137.0.7151.103 Mobile Safari/537.36 (compatible; Googlebot/2.1; +http://www.google.com/bot.html)"
66.249.73.164 - - [20/Jul/2025:16:01:43 +0000] "GET /p/cough71632158?id=1648416 HTTP/1.1" 200 40393 "-" "Mozilla/5.0 (Linux; Android 6.0.1; Nexus 5X Build/MMB29P) AppleWebKit/537.36 (KHTML, like Gecko) Chrome/137.0.7151.103 Mobile Safari/537.36 (compatible; Googlebot/2.1; +http://www.google.com/bot.html)"
66.249.73.164 - - [20/Jul/2025:16:01:45 +0000] "GET /p/hotel21248673?id=1264931 HTTP/1.1" 200 40428 "-" "Mozilla/5.0 (Linux; Android 6.0.1; Nexus 5X Build/MMB29P) AppleWebKit/537.36 (KHTML, like Gecko) Chrome/137.0.7151.103 Mobile Safari/537.36 (compatible; Googlebot/2.1; +http://www.google.com/bot.html)"
66.249.73.163 - - [20/Jul/2025:16:01:48 +0000] "GET /p/tower70485182?id=501440 HTTP/1.1" 200 40276 "-" "Mozilla/5.0 (Linux; Android 6.0.1; Nexus 5X Build/MMB29P) AppleWebKit/537.36 (KHTML, like Gecko) Chrome/137.0.7151.103 Mobile Safari/537.36 (compatible; Googlebot/2.1; +http://www.google.com/bot.html)"
66.249.73.163 - - [20/Jul/2025:16:01:52 +0000] "GET /p/mind82369287?id=2385545 HTTP/1.1" 200 41163 "-" "Mozilla/5.0 (Linux; Android 6.0.1; Nexus 5X Build/MMB29P) AppleWebKit/537.36 (KHTML, like Gecko) Chrome/137.0.7151.103 Mobile Safari/537.36 (compatible; Googlebot/2.1; +http://www.google.com/bot.html)"
66.249.73.163 - - [20/Jul/2025:16:01:55 +0000] "POST /get-message-notify HTTP/1.1" 200 40141 "https://muzza.fit/p/mind82369287?id=2385545" "Mozilla/5.0 (Linux; Android 6.0.1; Nexus 5X Build/MMB29P) AppleWebKit/537.36 (KHTML, like Gecko) Chrome/137.0.7151.119 Mobile Safari/537.36 (compatible; Googlebot/2.1; +http://www.google.com/bot.html)"
66.249.73.163 - - [20/Jul/2025:16:01:56 +0000] "GET /p/occur71518678?id=1534936 HTTP/1.1" 200 40190 "-" "Mozilla/5.0 (Linux; Android 6.0.1; Nexus 5X Build/MMB29P) AppleWebKit/537.36 (KHTML, like Gecko) Chrome/137.0.7151.103 Mobile Safari/537.36 (compatible; Googlebot/2.1; +http://www.google.com/bot.html)"
66.249.73.164 - - [20/Jul/2025:16:02:00 +0000] "GET /p/voice21620161?id=1636419 HTTP/1.1" 200 40918 "-" "Mozilla/5.0 (Linux; Android 6.0.1; Nexus 5X Build/MMB29P) AppleWebKit/537.36 (KHTML, like Gecko) Chrome/137.0.7151.103 Mobile Safari/537.36 (compatible; Googlebot/2.1; +http://www.google.com/bot.html)"
66.249.73.163 - - [20/Jul/2025:16:02:05 +0000] "GET /p/input40502715?id=518973 HTTP/1.1" 200 40170 "-" "Mozilla/5.0 (Linux; Android 6.0.1; Nexus 5X Build/MMB29P) AppleWebKit/537.36 (KHTML, like Gecko) Chrome/137.0.7151.103 Mobile Safari/537.36 (compatible; Googlebot/2.1; +http://www.google.com/bot.html)"
66.249.73.163 - - [20/Jul/2025:16:02:08 +0000] "GET /p/ensur31934050?id=1950308 HTTP/1.1" 200 40179 "-" "Mozilla/5.0 (compatible; Googlebot/2.1; +http://www.google.com/bot.html)"
66.249.73.163 - - [20/Jul/2025:16:02:09 +0000] "GET /p/adapt51585988?id=1602246 HTTP/1.1" 200 41202 "-" "Mozilla/5.0 (Linux; Android 6.0.1; Nexus 5X Build/MMB29P) AppleWebKit/537.36 (KHTML, like Gecko) Chrome/137.0.7151.103 Mobile Safari/537.36 (compatible; Googlebot/2.1; +http://www.google.com/bot.html)"
66.249.73.163 - - [20/Jul/2025:16:02:13 +0000] "GET /p/ease60034325?id=50583 HTTP/1.1" 200 40240 "-" "Mozilla/5.0 (Linux; Android 6.0.1; Nexus 5X Build/MMB29P) AppleWebKit/537.36 (KHTML, like Gecko) Chrome/137.0.7151.103 Mobile Safari/537.36 (compatible; Googlebot/2.1; +http://www.google.com/bot.html)"
66.249.73.163 - - [20/Jul/2025:16:02:17 +0000] "GET /p/muddy30378738?id=394996 HTTP/1.1" 200 39952 "-" "Mozilla/5.0 (Linux; Android 6.0.1; Nexus 5X Build/MMB29P) AppleWebKit/537.36 (KHTML, like Gecko) Chrome/137.0.7151.103 Mobile Safari/537.36 (compatible; Googlebot/2.1; +http://www.google.com/bot.html)"
66.249.73.163 - - [20/Jul/2025:16:02:21 +0000] "GET /p/could72532406?id=2548664 HTTP/1.1" 200 40191 "-" "Mozilla/5.0 (Linux; Android 6.0.1; Nexus 5X Build/MMB29P) AppleWebKit/537.36 (KHTML, like Gecko) Chrome/137.0.7151.103 Mobile Safari/537.36 (compatible; Googlebot/2.1; +http://www.google.com/bot.html)"
66.249.73.163 - - [20/Jul/2025:16:02:26 +0000] "GET /p/ridge71783014?id=1799272 HTTP/1.1" 200 40209 "-" "Mozilla/5.0 (Linux; Android 6.0.1; Nexus 5X Build/MMB29P) AppleWebKit/537.36 (KHTML, like Gecko) Chrome/137.0.7151.103 Mobile Safari/537.36 (compatible; Googlebot/2.1; +http://www.google.com/bot.html)"
66.249.73.163 - - [20/Jul/2025:16:02:30 +0000] "GET /p/mediu72817334?id=2833592 HTTP/1.1" 200 40008 "-" "Mozilla/5.0 (Linux; Android 6.0.1; Nexus 5X Build/MMB29P) AppleWebKit/537.36 (KHTML, like Gecko) Chrome/137.0.7151.103 Mobile Safari/537.36 (compatible; Googlebot/2.1; +http://www.google.com/bot.html)"
66.249.73.163 - - [20/Jul/2025:16:02:34 +0000] "GET /p/awry72863822?id=2880080 HTTP/1.1" 200 40188 "-" "Mozilla/5.0 (Linux; Android 6.0.1; Nexus 5X Build/MMB29P) AppleWebKit/537.36 (KHTML, like Gecko) Chrome/137.0.7151.103 Mobile Safari/537.36 (compatible; Googlebot/2.1; +http://www.google.com/bot.html)"
66.249.73.163 - - [20/Jul/2025:16:02:34 +0000] "POST /get-message-notify HTTP/1.1" 200 40056 "https://muzza.fit/p/adapt51585988?id=1602246" "Mozilla/5.0 (Linux; Android 6.0.1; Nexus 5X Build/MMB29P) AppleWebKit/537.36 (KHTML, like Gecko) Chrome/137.0.7151.119 Mobile Safari/537.36 (compatible; Googlebot/2.1; +http://www.google.com/bot.html)"
66.249.73.164 - - [20/Jul/2025:16:02:38 +0000] "GET /p/syste50806700?id=822958 HTTP/1.1" 200 40391 "-" "Mozilla/5.0 (Linux; Android 6.0.1; Nexus 5X Build/MMB29P) AppleWebKit/537.36 (KHTML, like Gecko) Chrome/137.0.7151.103 Mobile Safari/537.36 (compatible; Googlebot/2.1; +http://www.google.com/bot.html)"
66.249.73.163 - - [20/Jul/2025:16:02:42 +0000] "GET /p/espec42668955?id=2685213 HTTP/1.1" 200 40109 "-" "Mozilla/5.0 (Linux; Android 6.0.1; Nexus 5X Build/MMB29P) AppleWebKit/537.36 (KHTML, like Gecko) Chrome/137.0.7151.103 Mobile Safari/537.36 (compatible; Googlebot/2.1; +http://www.google.com/bot.html)"
66.249.73.163 - - [20/Jul/2025:16:02:44 +0000] "POST /get-message-notify HTTP/1.1" 200 40089 "https://muzza.fit/p/syste50806700?id=822958" "Mozilla/5.0 (Linux; Android 6.0.1; Nexus 5X Build/MMB29P) AppleWebKit/537.36 (KHTML, like Gecko) Chrome/137.0.7151.119 Mobile Safari/537.36 (compatible; Googlebot/2.1; +http://www.google.com/bot.html)"
66.249.73.163 - - [20/Jul/2025:16:02:46 +0000] "POST /get-message-notify HTTP/1.1" 200 40034 "https://muzza.fit/p/ridge71783014?id=1799272" "Mozilla/5.0 (Linux; Android 6.0.1; Nexus 5X Build/MMB29P) AppleWebKit/537.36 (KHTML, like Gecko) Chrome/137.0.7151.119 Mobile Safari/537.36 (compatible; Googlebot/2.1; +http://www.google.com/bot.html)"
66.249.73.163 - - [20/Jul/2025:16:02:47 +0000] "GET /p/telep50120940?id=137198 HTTP/1.1" 200 40143 "-" "Mozilla/5.0 (Linux; Android 6.0.1; Nexus 5X Build/MMB29P) AppleWebKit/537.36 (KHTML, like Gecko) Chrome/137.0.7151.103 Mobile Safari/537.36 (compatible; Googlebot/2.1; +http://www.google.com/bot.html)"
66.249.73.164 - - [20/Jul/2025:16:02:50 +0000] "GET /p/crawl62431357?id=2447615 HTTP/1.1" 200 40102 "-" "Mozilla/5.0 (Linux; Android 6.0.1; Nexus 5X Build/MMB29P) AppleWebKit/537.36 (KHTML, like Gecko) Chrome/137.0.7151.103 Mobile Safari/537.36 (compatible; Googlebot/2.1; +http://www.google.com/bot.html)"
66.249.73.163 - - [20/Jul/2025:16:02:52 +0000] "GET /p/workm61274629?id=1290887 HTTP/1.1" 200 40202 "-" "Mozilla/5.0 (Linux; Android 6.0.1; Nexus 5X Build/MMB29P) AppleWebKit/537.36 (KHTML, like Gecko) Chrome/137.0.7151.103 Mobile Safari/537.36 (compatible; Googlebot/2.1; +http://www.google.com/bot.html)"
66.249.73.164 - - [20/Jul/2025:16:02:55 +0000] "GET /p/flush61230797?id=1247055 HTTP/1.1" 200 40514 "-" "Mozilla/5.0 (Linux; Android 6.0.1; Nexus 5X Build/MMB29P) AppleWebKit/537.36 (KHTML, like Gecko) Chrome/137.0.7151.103 Mobile Safari/537.36 (compatible; Googlebot/2.1; +http://www.google.com/bot.html)"
66.249.73.164 - - [20/Jul/2025:16:02:55 +0000] "GET /p/start50564396?id=580654 HTTP/1.1" 200 40932 "-" "Mozilla/5.0 (Linux; Android 6.0.1; Nexus 5X Build/MMB29P) AppleWebKit/537.36 (KHTML, like Gecko) Chrome/137.0.7151.103 Mobile Safari/537.36 (compatible; Googlebot/2.1; +http://www.google.com/bot.html)"
66.249.73.165 - - [20/Jul/2025:16:02:59 +0000] "GET /p/wagon70295694?id=311952 HTTP/1.1" 200 40040 "-" "Mozilla/5.0 (Linux; Android 6.0.1; Nexus 5X Build/MMB29P) AppleWebKit/537.36 (KHTML, like Gecko) Chrome/137.0.7151.103 Mobile Safari/537.36 (compatible; Googlebot/2.1; +http://www.google.com/bot.html)"
66.249.73.164 - - [20/Jul/2025:16:03:03 +0000] "GET /p/refor60243037?id=259295 HTTP/1.1" 200 40026 "-" "Mozilla/5.0 (Linux; Android 6.0.1; Nexus 5X Build/MMB29P) AppleWebKit/537.36 (KHTML, like Gecko) Chrome/137.0.7151.103 Mobile Safari/537.36 (compatible; Googlebot/2.1; +http://www.google.com/bot.html)"
66.249.73.163 - - [20/Jul/2025:16:03:08 +0000] "POST /get-message-notify HTTP/1.1" 200 40073 "https://muzza.fit/p/crawl62431357?id=2447615" "Mozilla/5.0 (Linux; Android 6.0.1; Nexus 5X Build/MMB29P) AppleWebKit/537.36 (KHTML, like Gecko) Chrome/137.0.7151.119 Mobile Safari/537.36 (compatible; Googlebot/2.1; +http://www.google.com/bot.html)"
66.249.73.163 - - [20/Jul/2025:16:03:11 +0000] "GET /p/home62372173?id=2388431 HTTP/1.1" 200 40532 "-" "Mozilla/5.0 (Linux; Android 6.0.1; Nexus 5X Build/MMB29P) AppleWebKit/537.36 (KHTML, like Gecko) Chrome/137.0.7151.103 Mobile Safari/537.36 (compatible; Googlebot/2.1; +http://www.google.com/bot.html)"
66.249.73.163 - - [20/Jul/2025:16:03:13 +0000] "GET /p/neckl32047290?id=2063548 HTTP/1.1" 200 40320 "-" "Mozilla/5.0 (Linux; Android 6.0.1; Nexus 5X Build/MMB29P) AppleWebKit/537.36 (KHTML, like Gecko) Chrome/137.0.7151.103 Mobile Safari/537.36 (compatible; Googlebot/2.1; +http://www.google.com/bot.html)"
66.249.73.163 - - [20/Jul/2025:16:03:16 +0000] "GET /p/delib81342303?id=1358561 HTTP/1.1" 200 40115 "-" "Mozilla/5.0 (Linux; Android 6.0.1; Nexus 5X Build/MMB29P) AppleWebKit/537.36 (KHTML, like Gecko) Chrome/137.0.7151.103 Mobile Safari/537.36 (compatible; Googlebot/2.1; +http://www.google.com/bot.html)"
66.249.73.163 - - [20/Jul/2025:16:03:19 +0000] "POST /get-message-notify HTTP/1.1" 200 40026 "https://muzza.fit/p/workm61274629?id=1290887" "Mozilla/5.0 (Linux; Android 6.0.1; Nexus 5X Build/MMB29P) AppleWebKit/537.36 (KHTML, like Gecko) Chrome/137.0.7151.119 Mobile Safari/537.36 (compatible; Googlebot/2.1; +http://www.google.com/bot.html)"
66.249.73.163 - - [20/Jul/2025:16:03:24 +0000] "GET /p/pair60784221?id=800479 HTTP/1.1" 200 40231 "-" "Mozilla/5.0 (Linux; Android 6.0.1; Nexus 5X Build/MMB29P) AppleWebKit/537.36 (KHTML, like Gecko) Chrome/137.0.7151.103 Mobile Safari/537.36 (compatible; Googlebot/2.1; +http://www.google.com/bot.html)"
66.249.73.163 - - [20/Jul/2025:16:03:33 +0000] "POST /get-message-notify HTTP/1.1" 200 40065 "https://muzza.fit/p/refor60243037?id=259295" "Mozilla/5.0 (Linux; Android 6.0.1; Nexus 5X Build/MMB29P) AppleWebKit/537.36 (KHTML, like Gecko) Chrome/137.0.7151.119 Mobile Safari/537.36 (compatible; Googlebot/2.1; +http://www.google.com/bot.html)"
66.249.73.163 - - [20/Jul/2025:16:03:40 +0000] "GET /p/indis22542321?id=2558579 HTTP/1.1" 200 39795 "-" "Mozilla/5.0 (Linux; Android 6.0.1; Nexus 5X Build/MMB29P) AppleWebKit/537.36 (KHTML, like Gecko) Chrome/137.0.7151.103 Mobile Safari/537.36 (compatible; Googlebot/2.1; +http://www.google.com/bot.html)"
66.249.73.164 - - [20/Jul/2025:16:04:45 +0000] "GET /p/inspi20938033?id=954291 HTTP/1.1" 200 40421 "-" "Mozilla/5.0 (compatible; Googlebot/2.1; +http://www.google.com/bot.html)"
66.249.73.164 - - [20/Jul/2025:16:05:02 +0000] "GET /p/cunni52227156?id=2243414 HTTP/1.1" 200 40068 "-" "Mozilla/5.0 (Linux; Android 6.0.1; Nexus 5X Build/MMB29P) AppleWebKit/537.36 (KHTML, like Gecko) Chrome/137.0.7151.103 Mobile Safari/537.36 (compatible; Googlebot/2.1; +http://www.google.com/bot.html)"
66.249.73.164 - - [20/Jul/2025:16:05:07 +0000] "POST /get-message-notify HTTP/1.1" 200 40133 "https://muzza.fit/p/cunni52227156?id=2243414" "Mozilla/5.0 (Linux; Android 6.0.1; Nexus 5X Build/MMB29P) AppleWebKit/537.36 (KHTML, like Gecko) Chrome/137.0.7151.119 Mobile Safari/537.36 (compatible; Googlebot/2.1; +http://www.google.com/bot.html)"
66.249.73.163 - - [20/Jul/2025:16:08:18 +0000] "GET /p/desir80449967?id=466225 HTTP/1.1" 200 40094 "-" "Mozilla/5.0 (Linux; Android 6.0.1; Nexus 5X Build/MMB29P) AppleWebKit/537.36 (KHTML, like Gecko) Chrome/137.0.7151.103 Mobile Safari/537.36 (compatible; Googlebot/2.1; +http://www.google.com/bot.html)"
66.249.73.165 - - [20/Jul/2025:16:09:37 +0000] "GET /p/bruis22526689?id=2542947 HTTP/1.1" 200 40063 "-" "Mozilla/5.0 (compatible; Googlebot/2.1; +http://www.google.com/bot.html)"
66.249.73.165 - - [20/Jul/2025:16:11:48 +0000] "GET /p/thumb71891726?id=1907984 HTTP/1.1" 200 41555 "-" "Mozilla/5.0 (Linux; Android 6.0.1; Nexus 5X Build/MMB29P) AppleWebKit/537.36 (KHTML, like Gecko) Chrome/137.0.7151.103 Mobile Safari/537.36 (compatible; Googlebot/2.1; +http://www.google.com/bot.html)"
66.249.73.163 - - [20/Jul/2025:16:12:21 +0000] "GET /p/stren20639425?id=655683 HTTP/1.1" 200 40458 "-" "Mozilla/5.0 (Linux; Android 6.0.1; Nexus 5X Build/MMB29P) AppleWebKit/537.36 (KHTML, like Gecko) Chrome/137.0.7151.103 Mobile Safari/537.36 (compatible; Googlebot/2.1; +http://www.google.com/bot.html)"
66.249.73.165 - - [20/Jul/2025:16:13:34 +0000] "GET /p/secti30138914?id=155172 HTTP/1.1" 200 40452 "-" "Mozilla/5.0 (Linux; Android 6.0.1; Nexus 5X Build/MMB29P) AppleWebKit/537.36 (KHTML, like Gecko) Chrome/137.0.7151.103 Mobile Safari/537.36 (compatible; Googlebot/2.1; +http://www.google.com/bot.html)"
66.249.73.165 - - [20/Jul/2025:16:14:20 +0000] "GET /p/pride50428348?id=444606 HTTP/1.1" 200 40429 "-" "Mozilla/5.0 (compatible; Googlebot/2.1; +http://www.google.com/bot.html)"
66.249.73.163 - - [20/Jul/2025:16:14:31 +0000] "GET /p/websi72456918?id=2473176 HTTP/1.1" 200 40434 "-" "Mozilla/5.0 (Linux; Android 6.0.1; Nexus 5X Build/MMB29P) AppleWebKit/537.36 (KHTML, like Gecko) Chrome/137.0.7151.103 Mobile Safari/537.36 (compatible; Googlebot/2.1; +http://www.google.com/bot.html)"
66.249.73.163 - - [20/Jul/2025:16:14:34 +0000] "GET /p/occup32241842?id=2258100 HTTP/1.1" 200 40224 "-" "Mozilla/5.0 (Linux; Android 6.0.1; Nexus 5X Build/MMB29P) AppleWebKit/537.36 (KHTML, like Gecko) Chrome/137.0.7151.103 Mobile Safari/537.36 (compatible; Googlebot/2.1; +http://www.google.com/bot.html)"
66.249.73.163 - - [20/Jul/2025:16:14:37 +0000] "GET /p/festi51856052?id=1872310 HTTP/1.1" 200 40118 "-" "Mozilla/5.0 (Linux; Android 6.0.1; Nexus 5X Build/MMB29P) AppleWebKit/537.36 (KHTML, like Gecko) Chrome/137.0.7151.103 Mobile Safari/537.36 (compatible; Googlebot/2.1; +http://www.google.com/bot.html)"
66.249.73.163 - - [20/Jul/2025:16:14:40 +0000] "GET /p/socks42476915?id=2493173 HTTP/1.1" 200 40201 "-" "Mozilla/5.0 (Linux; Android 6.0.1; Nexus 5X Build/MMB29P) AppleWebKit/537.36 (KHTML, like Gecko) Chrome/137.0.7151.103 Mobile Safari/537.36 (compatible; Googlebot/2.1; +http://www.google.com/bot.html)"
66.249.73.163 - - [20/Jul/2025:16:14:44 +0000] "GET /p/inser60875101?id=891359 HTTP/1.1" 200 40973 "-" "Mozilla/5.0 (Linux; Android 6.0.1; Nexus 5X Build/MMB29P) AppleWebKit/537.36 (KHTML, like Gecko) Chrome/137.0.7151.103 Mobile Safari/537.36 (compatible; Googlebot/2.1; +http://www.google.com/bot.html)"
66.249.73.163 - - [20/Jul/2025:16:14:47 +0000] "GET /p/psych81833831?id=1850089 HTTP/1.1" 200 40483 "-" "Mozilla/5.0 (Linux; Android 6.0.1; Nexus 5X Build/MMB29P) AppleWebKit/537.36 (KHTML, like Gecko) Chrome/137.0.7151.103 Mobile Safari/537.36 (compatible; Googlebot/2.1; +http://www.google.com/bot.html)"
66.249.73.163 - - [20/Jul/2025:16:14:50 +0000] "GET /p/almos72196614?id=2212872 HTTP/1.1" 200 40331 "-" "Mozilla/5.0 (Linux; Android 6.0.1; Nexus 5X Build/MMB29P) AppleWebKit/537.36 (KHTML, like Gecko) Chrome/137.0.7151.103 Mobile Safari/537.36 (compatible; Googlebot/2.1; +http://www.google.com/bot.html)"
66.249.73.163 - - [20/Jul/2025:16:14:51 +0000] "GET /p/word20912905?id=929163 HTTP/1.1" 200 40147 "-" "Mozilla/5.0 (Linux; Android 6.0.1; Nexus 5X Build/MMB29P) AppleWebKit/537.36 (KHTML, like Gecko) Chrome/137.0.7151.103 Mobile Safari/537.36 (compatible; Googlebot/2.1; +http://www.google.com/bot.html)"
66.249.73.163 - - [20/Jul/2025:16:14:54 +0000] "GET /p/symph61385565?id=1401823 HTTP/1.1" 200 41030 "-" "Mozilla/5.0 (Linux; Android 6.0.1; Nexus 5X Build/MMB29P) AppleWebKit/537.36 (KHTML, like Gecko) Chrome/137.0.7151.103 Mobile Safari/537.36 (compatible; Googlebot/2.1; +http://www.google.com/bot.html)"
66.249.73.163 - - [20/Jul/2025:16:14:57 +0000] "GET /p/plagu72573830?id=2590088 HTTP/1.1" 200 39908 "-" "Mozilla/5.0 (Linux; Android 6.0.1; Nexus 5X Build/MMB29P) AppleWebKit/537.36 (KHTML, like Gecko) Chrome/137.0.7151.103 Mobile Safari/537.36 (compatible; Googlebot/2.1; +http://www.google.com/bot.html)"
66.249.73.165 - - [20/Jul/2025:16:15:00 +0000] "GET /p/gulf10759352?id=775610 HTTP/1.1" 200 40319 "-" "Mozilla/5.0 (Linux; Android 6.0.1; Nexus 5X Build/MMB29P) AppleWebKit/537.36 (KHTML, like Gecko) Chrome/137.0.7151.103 Mobile Safari/537.36 (compatible; Googlebot/2.1; +http://www.google.com/bot.html)"
66.249.73.164 - - [20/Jul/2025:16:15:04 +0000] "GET /p/more31077594?id=1093852 HTTP/1.1" 200 40333 "-" "Mozilla/5.0 (Linux; Android 6.0.1; Nexus 5X Build/MMB29P) AppleWebKit/537.36 (KHTML, like Gecko) Chrome/137.0.7151.103 Mobile Safari/537.36 (compatible; Googlebot/2.1; +http://www.google.com/bot.html)"
66.249.73.164 - - [20/Jul/2025:16:15:07 +0000] "GET /p/cherr31359594?id=1375852 HTTP/1.1" 200 41013 "-" "Mozilla/5.0 (Linux; Android 6.0.1; Nexus 5X Build/MMB29P) AppleWebKit/537.36 (KHTML, like Gecko) Chrome/137.0.7151.103 Mobile Safari/537.36 (compatible; Googlebot/2.1; +http://www.google.com/bot.html)"
66.249.73.163 - - [20/Jul/2025:16:15:07 +0000] "GET /p/son70328574?id=344832 HTTP/1.1" 200 40087 "-" "Mozilla/5.0 (Linux; Android 6.0.1; Nexus 5X Build/MMB29P) AppleWebKit/537.36 (KHTML, like Gecko) Chrome/137.0.7151.103 Mobile Safari/537.36 (compatible; Googlebot/2.1; +http://www.google.com/bot.html)"
66.249.73.164 - - [20/Jul/2025:16:15:07 +0000] "POST /get-message-notify HTTP/1.1" 200 40021 "https://muzza.fit/p/word20912905?id=929163" "Mozilla/5.0 (Linux; Android 6.0.1; Nexus 5X Build/MMB29P) AppleWebKit/537.36 (KHTML, like Gecko) Chrome/137.0.7151.119 Mobile Safari/537.36 (compatible; Googlebot/2.1; +http://www.google.com/bot.html)"
66.249.73.163 - - [20/Jul/2025:16:15:09 +0000] "GET /p/india52512892?id=2529150 HTTP/1.1" 200 40269 "-" "Mozilla/5.0 (Linux; Android 6.0.1; Nexus 5X Build/MMB29P) AppleWebKit/537.36 (KHTML, like Gecko) Chrome/137.0.7151.103 Mobile Safari/537.36 (compatible; Googlebot/2.1; +http://www.google.com/bot.html)"
66.249.73.163 - - [20/Jul/2025:16:15:11 +0000] "POST /get-message-notify HTTP/1.1" 200 40042 "https://muzza.fit/p/websi72456918?id=2473176" "Mozilla/5.0 (Linux; Android 6.0.1; Nexus 5X Build/MMB29P) AppleWebKit/537.36 (KHTML, like Gecko) Chrome/137.0.7151.119 Mobile Safari/537.36 (compatible; Googlebot/2.1; +http://www.google.com/bot.html)"
66.249.73.163 - - [20/Jul/2025:16:15:12 +0000] "GET /p/islan20084329?id=100587 HTTP/1.1" 200 40104 "-" "Mozilla/5.0 (Linux; Android 6.0.1; Nexus 5X Build/MMB29P) AppleWebKit/537.36 (KHTML, like Gecko) Chrome/137.0.7151.103 Mobile Safari/537.36 (compatible; Googlebot/2.1; +http://www.google.com/bot.html)"
66.249.73.163 - - [20/Jul/2025:16:15:19 +0000] "POST /get-message-notify HTTP/1.1" 200 40013 "https://muzza.fit/p/islan20084329?id=100587" "Mozilla/5.0 (Linux; Android 6.0.1; Nexus 5X Build/MMB29P) AppleWebKit/537.36 (KHTML, like Gecko) Chrome/137.0.7151.119 Mobile Safari/537.36 (compatible; Googlebot/2.1; +http://www.google.com/bot.html)"
66.249.73.163 - - [20/Jul/2025:16:15:44 +0000] "POST /get-message-notify HTTP/1.1" 200 40058 "https://muzza.fit/p/plagu72573830?id=2590088" "Mozilla/5.0 (Linux; Android 6.0.1; Nexus 5X Build/MMB29P) AppleWebKit/537.36 (KHTML, like Gecko) Chrome/137.0.7151.119 Mobile Safari/537.36 (compatible; Googlebot/2.1; +http://www.google.com/bot.html)"
66.249.73.165 - - [20/Jul/2025:16:16:22 +0000] "GET /p/defen30186834?id=203092 HTTP/1.1" 200 40118 "-" "Mozilla/5.0 (Linux; Android 6.0.1; Nexus 5X Build/MMB29P) AppleWebKit/537.36 (KHTML, like Gecko) Chrome/137.0.7151.103 Mobile Safari/537.36 (compatible; Googlebot/2.1; +http://www.google.com/bot.html)"
66.249.73.163 - - [20/Jul/2025:16:18:35 +0000] "GET /p/medit82302471?id=2318729 HTTP/1.1" 200 40323 "-" "Mozilla/5.0 (Linux; Android 6.0.1; Nexus 5X Build/MMB29P) AppleWebKit/537.36 (KHTML, like Gecko) Chrome/137.0.7151.103 Mobile Safari/537.36 (compatible; Googlebot/2.1; +http://www.google.com/bot.html)"
66.249.73.164 - - [20/Jul/2025:16:20:10 +0000] "GET /p/nervo52025268?id=2041526 HTTP/1.1" 200 40442 "-" "Mozilla/5.0 (Linux; Android 6.0.1; Nexus 5X Build/MMB29P) AppleWebKit/537.36 (KHTML, like Gecko) Chrome/137.0.7151.103 Mobile Safari/537.36 (compatible; Googlebot/2.1; +http://www.google.com/bot.html)"
66.249.73.164 - - [20/Jul/2025:16:20:28 +0000] "POST /get-message-notify HTTP/1.1" 200 40117 "https://muzza.fit/p/nervo52025268?id=2041526" "Mozilla/5.0 (Linux; Android 6.0.1; Nexus 5X Build/MMB29P) AppleWebKit/537.36 (KHTML, like Gecko) Chrome/137.0.7151.119 Mobile Safari/537.36 (compatible; Googlebot/2.1; +http://www.google.com/bot.html)"
66.249.73.164 - - [20/Jul/2025:16:21:54 +0000] "GET /p/clue61090069?id=1106327 HTTP/1.1" 200 40691 "-" "Mozilla/5.0 (Linux; Android 6.0.1; Nexus 5X Build/MMB29P) AppleWebKit/537.36 (KHTML, like Gecko) Chrome/137.0.7151.103 Mobile Safari/537.36 (compatible; Googlebot/2.1; +http://www.google.com/bot.html)"
66.249.73.165 - - [20/Jul/2025:16:22:31 +0000] "GET /p/cloud31288938?id=1305196 HTTP/1.1" 200 39993 "-" "Mozilla/5.0 (Linux; Android 6.0.1; Nexus 5X Build/MMB29P) AppleWebKit/537.36 (KHTML, like Gecko) Chrome/137.0.7151.103 Mobile Safari/537.36 (compatible; Googlebot/2.1; +http://www.google.com/bot.html)"
66.249.73.164 - - [20/Jul/2025:16:22:33 +0000] "GET /p/throa51517564?id=1533822 HTTP/1.1" 200 39939 "-" "Mozilla/5.0 (compatible; Googlebot/2.1; +http://www.google.com/bot.html)"
66.249.73.163 - - [20/Jul/2025:16:23:23 +0000] "GET /pages/meet-the-team/joey-demaio/ HTTP/1.1" 200 40734 "-" "Mozilla/5.0 (Linux; Android 6.0.1; Nexus 5X Build/MMB29P) AppleWebKit/537.36 (KHTML, like Gecko) Chrome/137.0.7151.103 Mobile Safari/537.36 (compatible; Googlebot/2.1; +http://www.google.com/bot.html)"
66.249.73.164 - - [20/Jul/2025:16:23:35 +0000] "POST /get-message-notify HTTP/1.1" 200 40006 "https://muzza.fit/pages/meet-the-team/joey-demaio/" "Mozilla/5.0 (Linux; Android 6.0.1; Nexus 5X Build/MMB29P) AppleWebKit/537.36 (KHTML, like Gecko) Chrome/137.0.7151.119 Mobile Safari/537.36 (compatible; Googlebot/2.1; +http://www.google.com/bot.html)"
66.249.73.165 - - [20/Jul/2025:16:24:10 +0000] "GET /p/headi31767298?id=1783556 HTTP/1.1" 200 39941 "-" "Mozilla/5.0 (compatible; Googlebot/2.1; +http://www.google.com/bot.html)"
66.249.73.165 - - [20/Jul/2025:16:25:49 +0000] "GET /p/sympa32894098?id=2910356 HTTP/1.1" 200 40411 "-" "Mozilla/5.0 (Linux; Android 6.0.1; Nexus 5X Build/MMB29P) AppleWebKit/537.36 (KHTML, like Gecko) Chrome/137.0.7151.103 Mobile Safari/537.36 (compatible; Googlebot/2.1; +http://www.google.com/bot.html)"
66.249.73.164 - - [20/Jul/2025:16:26:50 +0000] "GET /p/affai32483250?id=2499508 HTTP/1.1" 200 39945 "-" "Mozilla/5.0 (compatible; Googlebot/2.1; +http://www.google.com/bot.html)"
66.249.73.163 - - [20/Jul/2025:16:26:52 +0000] "GET /p/choco22092977?id=2109235 HTTP/1.1" 200 41007 "-" "Mozilla/5.0 (compatible; Googlebot/2.1; +http://www.google.com/bot.html)"
66.249.73.165 - - [20/Jul/2025:16:27:00 +0000] "GET /p/typew32175042?id=2191300 HTTP/1.1" 200 40383 "-" "Mozilla/5.0 (Linux; Android 6.0.1; Nexus 5X Build/MMB29P) AppleWebKit/537.36 (KHTML, like Gecko) Chrome/137.0.7151.103 Mobile Safari/537.36 (compatible; Googlebot/2.1; +http://www.google.com/bot.html)"
66.249.73.164 - - [20/Jul/2025:16:27:09 +0000] "GET /p/meet12377448?id=2393706 HTTP/1.1" 200 40154 "-" "Mozilla/5.0 (compatible; Googlebot/2.1; +http://www.google.com/bot.html)"
66.249.73.165 - - [20/Jul/2025:16:28:06 +0000] "GET /p/half31972506?id=1988764 HTTP/1.1" 200 40369 "-" "Mozilla/5.0 (Linux; Android 6.0.1; Nexus 5X Build/MMB29P) AppleWebKit/537.36 (KHTML, like Gecko) Chrome/137.0.7151.103 Mobile Safari/537.36 (compatible; Googlebot/2.1; +http://www.google.com/bot.html)"
66.249.73.164 - - [20/Jul/2025:16:28:24 +0000] "GET /p/behin80437167?id=453425 HTTP/1.1" 200 39930 "-" "Mozilla/5.0 (compatible; Googlebot/2.1; +http://www.google.com/bot.html)"
66.249.73.163 - - [20/Jul/2025:16:28:50 +0000] "GET /p/maxim82094207?id=2110465 HTTP/1.1" 200 40517 "-" "Mozilla/5.0 (Linux; Android 6.0.1; Nexus 5X Build/MMB29P) AppleWebKit/537.36 (KHTML, like Gecko) Chrome/137.0.7151.103 Mobile Safari/537.36 (compatible; Googlebot/2.1; +http://www.google.com/bot.html)"
66.249.73.164 - - [20/Jul/2025:16:29:26 +0000] "GET /p/gain50399252?id=415510 HTTP/1.1" 200 40210 "-" "Mozilla/5.0 (compatible; Googlebot/2.1; +http://www.google.com/bot.html)"
45.227.253.15 - - [20/Jul/2025:16:30:18 +0000] "GET /index.php/jk HTTP/1.1" 200 59 "-" "Mozilla/5.0 (Windows NT 6.3; Win64; x64) AppleWebKit/537.36 (KHTML, like Gecko) Chrome/86.0.4240.111 Safari/537.36"
66.249.73.164 - - [20/Jul/2025:16:30:23 +0000] "GET /p/crush62650709?id=2666967 HTTP/1.1" 200 40339 "-" "Mozilla/5.0 (Linux; Android 6.0.1; Nexus 5X Build/MMB29P) AppleWebKit/537.36 (KHTML, like Gecko) Chrome/137.0.7151.103 Mobile Safari/537.36 (compatible; Googlebot/2.1; +http://www.google.com/bot.html)"
66.249.73.165 - - [20/Jul/2025:16:31:59 +0000] "GET /p/unint80394127?id=410385 HTTP/1.1" 200 40137 "-" "Mozilla/5.0 (compatible; Googlebot/2.1; +http://www.google.com/bot.html)"
66.249.73.164 - - [20/Jul/2025:16:32:15 +0000] "GET /p/south12728376?id=2744634 HTTP/1.1" 200 40634 "-" "Mozilla/5.0 (Linux; Android 6.0.1; Nexus 5X Build/MMB29P) AppleWebKit/537.36 (KHTML, like Gecko) Chrome/137.0.7151.103 Mobile Safari/537.36 (compatible; Googlebot/2.1; +http://www.google.com/bot.html)"
66.249.73.163 - - [20/Jul/2025:16:32:39 +0000] "GET /p/mouth80292991?id=309249 HTTP/1.1" 200 40264 "-" "Mozilla/5.0 (Linux; Android 6.0.1; Nexus 5X Build/MMB29P) AppleWebKit/537.36 (KHTML, like Gecko) Chrome/137.0.7151.103 Mobile Safari/537.36 (compatible; Googlebot/2.1; +http://www.google.com/bot.html)"
209.74.77.214 - - [20/Jul/2025:16:32:54 +0000] "POST /wp-cron.php?doing_wp_cron=1753029173.9495100975036621093750 HTTP/1.1" 200 - "-" "WordPress/6.8.2; https://muzza.fit"
144.126.131.113 - - [20/Jul/2025:16:32:52 +0000] "GET /.env HTTP/1.1" 200 23182 "-" "python-requests/2.32.4"
64.124.8.166 - - [20/Jul/2025:16:33:36 +0000] "GET /robots.txt HTTP/1.1" 200 123 "-" "Mozilla/5.0 (compatible; ImagesiftBot; +imagesift.com)"
209.74.77.214 - - [20/Jul/2025:16:33:38 +0000] "POST /wp-cron.php?doing_wp_cron=1753029218.9132180213928222656250 HTTP/1.1" 200 - "-" "WordPress/6.8.2; https://muzza.fit"
64.124.8.166 - - [20/Jul/2025:16:33:36 +0000] "GET /videos/videos-lightbox/ HTTP/1.1" 200 28642 "-" "Mozilla/5.0 (compatible; ImagesiftBot; +imagesift.com)"
66.249.73.163 - - [20/Jul/2025:16:35:19 +0000] "GET /p/veer80115903?id=132161 HTTP/1.1" 200 40125 "-" "Mozilla/5.0 (Linux; Android 6.0.1; Nexus 5X Build/MMB29P) AppleWebKit/537.36 (KHTML, like Gecko) Chrome/137.0.7151.103 Mobile Safari/537.36 (compatible; Googlebot/2.1; +http://www.google.com/bot.html)"
66.249.73.163 - - [20/Jul/2025:16:35:38 +0000] "GET /p/scarc81555095?id=1571353 HTTP/1.1" 200 39849 "-" "Mozilla/5.0 (Linux; Android 6.0.1; Nexus 5X Build/MMB29P) AppleWebKit/537.36 (KHTML, like Gecko) Chrome/137.0.7151.103 Mobile Safari/537.36 (compatible; Googlebot/2.1; +http://www.google.com/bot.html)"
66.249.73.165 - - [20/Jul/2025:16:36:49 +0000] "GET /p/erron52859772?id=2876030 HTTP/1.1" 200 40067 "-" "Mozilla/5.0 (Linux; Android 6.0.1; Nexus 5X Build/MMB29P) AppleWebKit/537.36 (KHTML, like Gecko) Chrome/137.0.7151.103 Mobile Safari/537.36 (compatible; Googlebot/2.1; +http://www.google.com/bot.html)"
66.249.73.164 - - [20/Jul/2025:16:37:46 +0000] "GET /p/bike52940644?id=2956902 HTTP/1.1" 200 40756 "-" "Mozilla/5.0 (Linux; Android 6.0.1; Nexus 5X Build/MMB29P) AppleWebKit/537.36 (KHTML, like Gecko) Chrome/137.0.7151.103 Mobile Safari/537.36 (compatible; Googlebot/2.1; +http://www.google.com/bot.html)"
66.249.73.163 - - [20/Jul/2025:16:38:15 +0000] "GET /p/pint11883064?id=1899322 HTTP/1.1" 200 40244 "-" "Mozilla/5.0 (Linux; Android 6.0.1; Nexus 5X Build/MMB29P) AppleWebKit/537.36 (KHTML, like Gecko) Chrome/137.0.7151.103 Mobile Safari/537.36 (compatible; Googlebot/2.1; +http://www.google.com/bot.html)"
66.249.73.164 - - [20/Jul/2025:16:39:22 +0000] "GET /p/drag40559171?id=575429 HTTP/1.1" 200 40001 "-" "Mozilla/5.0 (Linux; Android 6.0.1; Nexus 5X Build/MMB29P) AppleWebKit/537.36 (KHTML, like Gecko) Chrome/137.0.7151.103 Mobile Safari/537.36 (compatible; Googlebot/2.1; +http://www.google.com/bot.html)"
66.249.73.164 - - [20/Jul/2025:16:39:32 +0000] "GET /p/join32712378?id=2728636 HTTP/1.1" 200 40424 "-" "Mozilla/5.0 (compatible; Googlebot/2.1; +http://www.google.com/bot.html)"
66.249.73.165 - - [20/Jul/2025:16:40:53 +0000] "GET /p/host12569488?id=2585746 HTTP/1.1" 200 40126 "-" "Mozilla/5.0 (Linux; Android 6.0.1; Nexus 5X Build/MMB29P) AppleWebKit/537.36 (KHTML, like Gecko) Chrome/137.0.7151.103 Mobile Safari/537.36 (compatible; Googlebot/2.1; +http://www.google.com/bot.html)"
66.249.73.163 - - [20/Jul/2025:16:40:56 +0000] "GET /p/defy11191832?id=1208090 HTTP/1.1" 200 39948 "-" "Mozilla/5.0 (Linux; Android 6.0.1; Nexus 5X Build/MMB29P) AppleWebKit/537.36 (KHTML, like Gecko) Chrome/137.0.7151.103 Mobile Safari/537.36 (compatible; Googlebot/2.1; +http://www.google.com/bot.html)"
66.249.73.164 - - [20/Jul/2025:16:41:14 +0000] "GET /p/curse21215473?id=1231731 HTTP/1.1" 200 39999 "-" "Mozilla/5.0 (Linux; Android 6.0.1; Nexus 5X Build/MMB29P) AppleWebKit/537.36 (KHTML, like Gecko) Chrome/137.0.7151.103 Mobile Safari/537.36 (compatible; Googlebot/2.1; +http://www.google.com/bot.html)"
66.249.73.163 - - [20/Jul/2025:16:41:25 +0000] "GET /p/whale60245157?id=261415 HTTP/1.1" 200 40268 "-" "Mozilla/5.0 (compatible; Googlebot/2.1; +http://www.google.com/bot.html)"
66.249.73.163 - - [20/Jul/2025:16:41:41 +0000] "GET /p/fail31296810?id=1313068 HTTP/1.1" 200 41367 "-" "Mozilla/5.0 (Linux; Android 6.0.1; Nexus 5X Build/MMB29P) AppleWebKit/537.36 (KHTML, like Gecko) Chrome/137.0.7151.103 Mobile Safari/537.36 (compatible; Googlebot/2.1; +http://www.google.com/bot.html)"