Current File : /home/kelaby89/access-logs/sergio-cuchi.tattoo.sixpack.studio-ssl_log |
66.249.79.170 - - [20/Jul/2025:12:07:58 +0000] "GET /?h=5201839051600&mod=570f6ff5&uri=search.php?goods/36435364.shtml HTTP/1.1" 200 19109 "-" "Mozilla/5.0 (Linux; Android 6.0.1; Nexus 5X Build/MMB29P) AppleWebKit/537.36 (KHTML, like Gecko) Chrome/137.0.7151.103 Mobile Safari/537.36 (compatible; Googlebot/2.1; +http://www.google.com/bot.html)"
66.249.79.170 - - [20/Jul/2025:12:08:01 +0000] "GET /?h=5201839051600&mod=570f6ff5&uri=search.php?goods/36422298.shtml HTTP/1.1" 200 19410 "-" "Mozilla/5.0 (Linux; Android 6.0.1; Nexus 5X Build/MMB29P) AppleWebKit/537.36 (KHTML, like Gecko) Chrome/137.0.7151.103 Mobile Safari/537.36 (compatible; Googlebot/2.1; +http://www.google.com/bot.html)"
66.249.79.170 - - [20/Jul/2025:12:08:05 +0000] "GET /?h=6237004041600&mod=70bd89ab&uri=shop.php?goods/37147780.shtml HTTP/1.1" 200 18524 "-" "Mozilla/5.0 (Linux; Android 6.0.1; Nexus 5X Build/MMB29P) AppleWebKit/537.36 (KHTML, like Gecko) Chrome/137.0.7151.103 Mobile Safari/537.36 (compatible; Googlebot/2.1; +http://www.google.com/bot.html)"
66.249.79.170 - - [20/Jul/2025:12:08:05 +0000] "POST /get-message-notify HTTP/1.1" 200 18154 "https://sergio-cuchi.tattoo/?h=6237004041600&mod=70bd89ab&uri=shop.php?goods/37113552.shtml" "Mozilla/5.0 (Linux; Android 6.0.1; Nexus 5X Build/MMB29P) AppleWebKit/537.36 (KHTML, like Gecko) Chrome/137.0.7151.119 Mobile Safari/537.36 (compatible; Googlebot/2.1; +http://www.google.com/bot.html)"
66.249.79.170 - - [20/Jul/2025:12:08:10 +0000] "GET /?h=6237004041600&mod=70bd89ab&uri=shop.php?goods/37128388.shtml HTTP/1.1" 200 19745 "-" "Mozilla/5.0 (Linux; Android 6.0.1; Nexus 5X Build/MMB29P) AppleWebKit/537.36 (KHTML, like Gecko) Chrome/137.0.7151.103 Mobile Safari/537.36 (compatible; Googlebot/2.1; +http://www.google.com/bot.html)"
66.249.79.170 - - [20/Jul/2025:12:08:10 +0000] "POST /get-message-notify HTTP/1.1" 200 18154 "https://sergio-cuchi.tattoo/?h=6237004041600&mod=70bd89ab&uri=shop.php?goods/37147780.shtml" "Mozilla/5.0 (Linux; Android 6.0.1; Nexus 5X Build/MMB29P) AppleWebKit/537.36 (KHTML, like Gecko) Chrome/137.0.7151.119 Mobile Safari/537.36 (compatible; Googlebot/2.1; +http://www.google.com/bot.html)"
66.249.79.170 - - [20/Jul/2025:12:08:14 +0000] "GET /?h=5201839051600&mod=570f6ff5&uri=search.php?goods/36403644.shtml HTTP/1.1" 200 18882 "-" "Mozilla/5.0 (Linux; Android 6.0.1; Nexus 5X Build/MMB29P) AppleWebKit/537.36 (KHTML, like Gecko) Chrome/137.0.7151.103 Mobile Safari/537.36 (compatible; Googlebot/2.1; +http://www.google.com/bot.html)"
66.249.79.170 - - [20/Jul/2025:12:08:18 +0000] "POST /get-message-notify HTTP/1.1" 200 18154 "https://sergio-cuchi.tattoo/?h=5201839051600&mod=570f6ff5&uri=search.php?goods/36403644.shtml" "Mozilla/5.0 (Linux; Android 6.0.1; Nexus 5X Build/MMB29P) AppleWebKit/537.36 (KHTML, like Gecko) Chrome/137.0.7151.119 Mobile Safari/537.36 (compatible; Googlebot/2.1; +http://www.google.com/bot.html)"
66.249.79.170 - - [20/Jul/2025:12:08:19 +0000] "GET /?h=5201839051600&mod=570f6ff5&uri=search.php?goods/36423906.shtml HTTP/1.1" 200 18988 "-" "Mozilla/5.0 (Linux; Android 6.0.1; Nexus 5X Build/MMB29P) AppleWebKit/537.36 (KHTML, like Gecko) Chrome/137.0.7151.103 Mobile Safari/537.36 (compatible; Googlebot/2.1; +http://www.google.com/bot.html)"
209.74.77.214 - - [20/Jul/2025:12:08:27 +0000] "POST /wp-cron.php?doing_wp_cron=1753013307.7694420814514160156250 HTTP/1.1" 200 - "-" "WordPress/6.8.2; https://sergio-cuchi.tattoo"
57.141.2.23 - - [20/Jul/2025:12:08:26 +0000] "GET /?h=98061708061600& HTTP/1.1" 301 - "-" "meta-externalagent/1.1 (+https://developers.facebook.com/docs/sharing/webmasters/crawler)"
66.249.79.170 - - [20/Jul/2025:12:08:28 +0000] "GET /?h=5201839051600&mod=570f6ff5&uri=search.php?goods/39203066.shtml HTTP/1.1" 200 18868 "-" "Mozilla/5.0 (Linux; Android 6.0.1; Nexus 5X Build/MMB29P) AppleWebKit/537.36 (KHTML, like Gecko) Chrome/137.0.7151.103 Mobile Safari/537.36 (compatible; Googlebot/2.1; +http://www.google.com/bot.html)"
66.249.79.170 - - [20/Jul/2025:12:08:30 +0000] "GET /?h=6237004041600&mod=70bd89ab&uri=shop.php?goods/37126626.shtml HTTP/1.1" 200 18246 "-" "Mozilla/5.0 (Linux; Android 6.0.1; Nexus 5X Build/MMB29P) AppleWebKit/537.36 (KHTML, like Gecko) Chrome/137.0.7151.103 Mobile Safari/537.36 (compatible; Googlebot/2.1; +http://www.google.com/bot.html)"
66.249.79.170 - - [20/Jul/2025:12:08:31 +0000] "POST /get-message-notify HTTP/1.1" 200 18154 "https://sergio-cuchi.tattoo/?h=5201839051600&mod=570f6ff5&uri=search.php?goods/39203066.shtml" "Mozilla/5.0 (Linux; Android 6.0.1; Nexus 5X Build/MMB29P) AppleWebKit/537.36 (KHTML, like Gecko) Chrome/137.0.7151.119 Mobile Safari/537.36 (compatible; Googlebot/2.1; +http://www.google.com/bot.html)"
66.249.79.170 - - [20/Jul/2025:12:08:34 +0000] "GET /?h=6237004041600&mod=70bd89ab&uri=shop.php?goods/37123572.shtml HTTP/1.1" 200 19365 "-" "Mozilla/5.0 (Linux; Android 6.0.1; Nexus 5X Build/MMB29P) AppleWebKit/537.36 (KHTML, like Gecko) Chrome/137.0.7151.103 Mobile Safari/537.36 (compatible; Googlebot/2.1; +http://www.google.com/bot.html)"
57.141.2.4 - - [20/Jul/2025:12:08:35 +0000] "GET /?h=98061708061600 HTTP/1.1" 200 97956 "-" "meta-externalagent/1.1 (+https://developers.facebook.com/docs/sharing/webmasters/crawler)"
66.249.79.170 - - [20/Jul/2025:12:08:36 +0000] "GET /?h=116554989011600&mod=a4cd5806&uri=article.php?%3Fid%3D3889849-208%26name%3Dnikon+4200 HTTP/1.1" 200 18377 "-" "Mozilla/5.0 (Linux; Android 6.0.1; Nexus 5X Build/MMB29P) AppleWebKit/537.36 (KHTML, like Gecko) Chrome/137.0.7151.103 Mobile Safari/537.36 (compatible; Googlebot/2.1; +http://www.google.com/bot.html)"
66.249.79.170 - - [20/Jul/2025:12:08:38 +0000] "GET /?h=5201839051600&mod=570f6ff5&uri=search.php?goods/36401204.shtml HTTP/1.1" 200 19366 "-" "Mozilla/5.0 (Linux; Android 6.0.1; Nexus 5X Build/MMB29P) AppleWebKit/537.36 (KHTML, like Gecko) Chrome/137.0.7151.103 Mobile Safari/537.36 (compatible; Googlebot/2.1; +http://www.google.com/bot.html)"
66.249.79.170 - - [20/Jul/2025:12:08:43 +0000] "GET /?h=5201839051600&mod=570f6ff5&uri=search.php?goods/39208906.shtml HTTP/1.1" 200 19445 "-" "Mozilla/5.0 (Linux; Android 6.0.1; Nexus 5X Build/MMB29P) AppleWebKit/537.36 (KHTML, like Gecko) Chrome/137.0.7151.103 Mobile Safari/537.36 (compatible; Googlebot/2.1; +http://www.google.com/bot.html)"
66.249.79.170 - - [20/Jul/2025:12:08:48 +0000] "GET /?h=6237004041600&mod=70bd89ab&uri=shop.php?goods/37107388.shtml HTTP/1.1" 200 18210 "-" "Mozilla/5.0 (Linux; Android 6.0.1; Nexus 5X Build/MMB29P) AppleWebKit/537.36 (KHTML, like Gecko) Chrome/137.0.7151.103 Mobile Safari/537.36 (compatible; Googlebot/2.1; +http://www.google.com/bot.html)"
66.249.79.171 - - [20/Jul/2025:12:08:49 +0000] "POST /get-message-notify HTTP/1.1" 200 18154 "https://sergio-cuchi.tattoo/?h=6237004041600&mod=70bd89ab&uri=shop.php?goods/37126626.shtml" "Mozilla/5.0 (Linux; Android 6.0.1; Nexus 5X Build/MMB29P) AppleWebKit/537.36 (KHTML, like Gecko) Chrome/137.0.7151.119 Mobile Safari/537.36 (compatible; Googlebot/2.1; +http://www.google.com/bot.html)"
66.249.79.171 - - [20/Jul/2025:12:08:52 +0000] "POST /get-message-notify HTTP/1.1" 200 18154 "https://sergio-cuchi.tattoo/?h=6237004041600&mod=70bd89ab&uri=shop.php?goods/37107388.shtml" "Mozilla/5.0 (Linux; Android 6.0.1; Nexus 5X Build/MMB29P) AppleWebKit/537.36 (KHTML, like Gecko) Chrome/137.0.7151.119 Mobile Safari/537.36 (compatible; Googlebot/2.1; +http://www.google.com/bot.html)"
66.249.79.171 - - [20/Jul/2025:12:08:53 +0000] "GET /?h=5201839051600&mod=570f6ff5&uri=search.php?goods/36399788.shtml HTTP/1.1" 200 19440 "-" "Mozilla/5.0 (Linux; Android 6.0.1; Nexus 5X Build/MMB29P) AppleWebKit/537.36 (KHTML, like Gecko) Chrome/137.0.7151.103 Mobile Safari/537.36 (compatible; Googlebot/2.1; +http://www.google.com/bot.html)"
66.249.79.170 - - [20/Jul/2025:12:08:54 +0000] "POST /get-message-notify HTTP/1.1" 200 18154 "https://sergio-cuchi.tattoo/?h=5201839051600&mod=570f6ff5&uri=search.php?goods/39208906.shtml" "Mozilla/5.0 (Linux; Android 6.0.1; Nexus 5X Build/MMB29P) AppleWebKit/537.36 (KHTML, like Gecko) Chrome/137.0.7151.119 Mobile Safari/537.36 (compatible; Googlebot/2.1; +http://www.google.com/bot.html)"
66.249.79.171 - - [20/Jul/2025:12:08:58 +0000] "GET /?h=6237004041600&mod=70bd89ab&uri=shop.php?goods/37121132.shtml HTTP/1.1" 200 18553 "-" "Mozilla/5.0 (Linux; Android 6.0.1; Nexus 5X Build/MMB29P) AppleWebKit/537.36 (KHTML, like Gecko) Chrome/137.0.7151.103 Mobile Safari/537.36 (compatible; Googlebot/2.1; +http://www.google.com/bot.html)"
66.249.79.170 - - [20/Jul/2025:12:08:59 +0000] "POST /get-message-notify HTTP/1.1" 200 18154 "https://sergio-cuchi.tattoo/?h=6237004041600&mod=70bd89ab&uri=shop.php?goods/37123572.shtml" "Mozilla/5.0 (Linux; Android 6.0.1; Nexus 5X Build/MMB29P) AppleWebKit/537.36 (KHTML, like Gecko) Chrome/137.0.7151.119 Mobile Safari/537.36 (compatible; Googlebot/2.1; +http://www.google.com/bot.html)"
66.249.79.170 - - [20/Jul/2025:12:09:02 +0000] "GET /?h=6237004041600&mod=70bd89ab&uri=shop.php?goods/37143642.shtml HTTP/1.1" 200 18792 "-" "Mozilla/5.0 (Linux; Android 6.0.1; Nexus 5X Build/MMB29P) AppleWebKit/537.36 (KHTML, like Gecko) Chrome/137.0.7151.103 Mobile Safari/537.36 (compatible; Googlebot/2.1; +http://www.google.com/bot.html)"
66.249.79.171 - - [20/Jul/2025:12:09:09 +0000] "GET /?h=6237004041600&mod=70bd89ab&uri=shop.php?goods/37110442.shtml HTTP/1.1" 200 19492 "-" "Mozilla/5.0 (Linux; Android 6.0.1; Nexus 5X Build/MMB29P) AppleWebKit/537.36 (KHTML, like Gecko) Chrome/137.0.7151.103 Mobile Safari/537.36 (compatible; Googlebot/2.1; +http://www.google.com/bot.html)"
66.249.79.171 - - [20/Jul/2025:12:09:12 +0000] "GET /?h=5954231011600&mod=dc825398&uri=us.php?goods/36486540.shtml HTTP/1.1" 200 19477 "-" "Mozilla/5.0 (Linux; Android 6.0.1; Nexus 5X Build/MMB29P) AppleWebKit/537.36 (KHTML, like Gecko) Chrome/137.0.7151.103 Mobile Safari/537.36 (compatible; Googlebot/2.1; +http://www.google.com/bot.html)"
66.249.79.170 - - [20/Jul/2025:12:09:16 +0000] "GET /?h=6105335071600&mod=ab2481c9&uri=news.php?goods/34833372.shtml HTTP/1.1" 200 19261 "-" "Mozilla/5.0 (Linux; Android 6.0.1; Nexus 5X Build/MMB29P) AppleWebKit/537.36 (KHTML, like Gecko) Chrome/137.0.7151.103 Mobile Safari/537.36 (compatible; Googlebot/2.1; +http://www.google.com/bot.html)"
66.249.79.170 - - [20/Jul/2025:12:09:17 +0000] "GET /?h=5954231011600&mod=dc825398&uri=us.php?goods/36511068.shtml HTTP/1.1" 200 18756 "-" "Mozilla/5.0 (Linux; Android 6.0.1; Nexus 5X Build/MMB29P) AppleWebKit/537.36 (KHTML, like Gecko) Chrome/137.0.7151.103 Mobile Safari/537.36 (compatible; Googlebot/2.1; +http://www.google.com/bot.html)"
66.249.79.170 - - [20/Jul/2025:12:09:21 +0000] "GET /?h=5954231011600&mod=dc825398&uri=us.php?product/edit/S1645353384 HTTP/1.1" 200 18599 "-" "Mozilla/5.0 (Linux; Android 6.0.1; Nexus 5X Build/MMB29P) AppleWebKit/537.36 (KHTML, like Gecko) Chrome/137.0.7151.103 Mobile Safari/537.36 (compatible; Googlebot/2.1; +http://www.google.com/bot.html)"
66.249.79.170 - - [20/Jul/2025:12:09:29 +0000] "GET /?h=5954231011600&mod=dc825398&uri=us.php?goods/36488566.shtml HTTP/1.1" 200 19026 "-" "Mozilla/5.0 (Linux; Android 6.0.1; Nexus 5X Build/MMB29P) AppleWebKit/537.36 (KHTML, like Gecko) Chrome/137.0.7151.103 Mobile Safari/537.36 (compatible; Googlebot/2.1; +http://www.google.com/bot.html)"
66.249.79.170 - - [20/Jul/2025:12:09:30 +0000] "POST /get-message-notify HTTP/1.1" 200 18154 "https://sergio-cuchi.tattoo/?h=6237004041600&mod=70bd89ab&uri=shop.php?goods/37110442.shtml" "Mozilla/5.0 (Linux; Android 6.0.1; Nexus 5X Build/MMB29P) AppleWebKit/537.36 (KHTML, like Gecko) Chrome/137.0.7151.119 Mobile Safari/537.36 (compatible; Googlebot/2.1; +http://www.google.com/bot.html)"
66.249.79.170 - - [20/Jul/2025:12:09:57 +0000] "POST /get-message-notify HTTP/1.1" 200 18154 "https://sergio-cuchi.tattoo/?h=6105335071600&mod=ab2481c9&uri=news.php?goods/34833372.shtml" "Mozilla/5.0 (Linux; Android 6.0.1; Nexus 5X Build/MMB29P) AppleWebKit/537.36 (KHTML, like Gecko) Chrome/137.0.7151.119 Mobile Safari/537.36 (compatible; Googlebot/2.1; +http://www.google.com/bot.html)"
209.74.77.214 - - [20/Jul/2025:12:10:10 +0000] "POST /wp-cron.php?doing_wp_cron=1753013410.3540771007537841796875 HTTP/1.1" 200 - "-" "WordPress/6.8.2; https://sergio-cuchi.tattoo"
57.141.2.28 - - [20/Jul/2025:12:10:09 +0000] "GET /?h=98973432011600 HTTP/1.1" 200 97956 "-" "meta-externalagent/1.1 (+https://developers.facebook.com/docs/sharing/webmasters/crawler)"
66.249.79.172 - - [20/Jul/2025:12:10:16 +0000] "POST /get-message-notify HTTP/1.1" 200 18154 "https://sergio-cuchi.tattoo/?h=4872938081600&mod=45af559f&uri=info.php?goods/35711234.shtml" "Mozilla/5.0 (Linux; Android 6.0.1; Nexus 5X Build/MMB29P) AppleWebKit/537.36 (KHTML, like Gecko) Chrome/137.0.7151.119 Mobile Safari/537.36 (compatible; Googlebot/2.1; +http://www.google.com/bot.html)"
66.249.79.171 - - [20/Jul/2025:12:10:24 +0000] "POST /get-message-notify HTTP/1.1" 200 18154 "https://sergio-cuchi.tattoo/?h=5954231011600&mod=dc825398&uri=us.php?product/edit/S1645353384" "Mozilla/5.0 (Linux; Android 6.0.1; Nexus 5X Build/MMB29P) AppleWebKit/537.36 (KHTML, like Gecko) Chrome/137.0.7151.119 Mobile Safari/537.36 (compatible; Googlebot/2.1; +http://www.google.com/bot.html)"
125.27.36.21 - - [20/Jul/2025:12:11:29 +0000] "POST /wp-comments-post.php HTTP/1.1" 302 - "-" "Mozilla/5.0 (Windows NT 10.0; Win64; x64) AppleWebKit/537.36 (KHTML, like Gecko) Chrome/120.0.0.0 Safari/537.36"
209.74.77.214 - - [20/Jul/2025:12:12:29 +0000] "POST /wp-cron.php?doing_wp_cron=1753013549.5995581150054931640625 HTTP/1.1" 200 - "-" "WordPress/6.8.2; https://sergio-cuchi.tattoo"
125.27.36.21 - - [20/Jul/2025:12:12:28 +0000] "POST /wp-comments-post.php HTTP/1.1" 302 - "-" "Mozilla/5.0 (Windows NT 10.0; Win64; x64) AppleWebKit/537.36 (KHTML, like Gecko) Chrome/120.0.0.0 Safari/537.36"
66.249.79.171 - - [20/Jul/2025:12:12:42 +0000] "POST /get-message-notify HTTP/1.1" 200 18154 "https://sergio-cuchi.tattoo/?h=4872938081600&mod=45af559f&uri=info.php?goods/35711234.shtml" "Mozilla/5.0 (Linux; Android 6.0.1; Nexus 5X Build/MMB29P) AppleWebKit/537.36 (KHTML, like Gecko) Chrome/137.0.7151.119 Mobile Safari/537.36 (compatible; Googlebot/2.1; +http://www.google.com/bot.html)"
125.27.36.21 - - [20/Jul/2025:12:12:55 +0000] "POST /wp-comments-post.php HTTP/1.1" 302 - "-" "Mozilla/5.0 (Windows NT 10.0; Win64; x64) AppleWebKit/537.36 (KHTML, like Gecko) Chrome/120.0.0.0 Safari/537.36"
209.74.77.214 - - [20/Jul/2025:12:13:40 +0000] "POST /wp-cron.php?doing_wp_cron=1753013620.9260189533233642578125 HTTP/1.1" 200 - "-" "WordPress/6.8.2; https://sergio-cuchi.tattoo"
125.27.36.21 - - [20/Jul/2025:12:13:39 +0000] "POST /wp-comments-post.php HTTP/1.1" 302 - "-" "Mozilla/5.0 (Windows NT 10.0; Win64; x64) AppleWebKit/537.36 (KHTML, like Gecko) Chrome/120.0.0.0 Safari/537.36"
66.249.79.172 - - [20/Jul/2025:12:13:40 +0000] "GET /?h=6415346091600&mod=5aafd544&uri=goods.php?hobby.html HTTP/1.1" 200 19544 "-" "Mozilla/5.0 (Linux; Android 6.0.1; Nexus 5X Build/MMB29P) AppleWebKit/537.36 (KHTML, like Gecko) Chrome/137.0.7151.103 Mobile Safari/537.36 (compatible; Googlebot/2.1; +http://www.google.com/bot.html)"
66.249.79.171 - - [20/Jul/2025:12:14:06 +0000] "GET /?h=114221036001600&mod=0bfdde66&uri=us.php?goods/4511364.shtml HTTP/1.1" 200 18892 "-" "Mozilla/5.0 (Linux; Android 6.0.1; Nexus 5X Build/MMB29P) AppleWebKit/537.36 (KHTML, like Gecko) Chrome/137.0.7151.103 Mobile Safari/537.36 (compatible; Googlebot/2.1; +http://www.google.com/bot.html)"
125.27.36.21 - - [20/Jul/2025:12:14:08 +0000] "POST /wp-comments-post.php HTTP/1.1" 302 - "-" "Mozilla/5.0 (Windows NT 10.0; Win64; x64) AppleWebKit/537.36 (KHTML, like Gecko) Chrome/120.0.0.0 Safari/537.36"
66.249.79.171 - - [20/Jul/2025:12:14:09 +0000] "GET /?h=5201839051600&mod=570f6ff5&uri=search.php?goods/42569456.shtml HTTP/1.1" 200 19366 "-" "Mozilla/5.0 (Linux; Android 6.0.1; Nexus 5X Build/MMB29P) AppleWebKit/537.36 (KHTML, like Gecko) Chrome/137.0.7151.103 Mobile Safari/537.36 (compatible; Googlebot/2.1; +http://www.google.com/bot.html)"
66.249.79.171 - - [20/Jul/2025:12:14:11 +0000] "POST /get-message-notify HTTP/1.1" 200 18154 "https://sergio-cuchi.tattoo/?h=5201839051600&mod=570f6ff5&uri=search.php?goods/36401204.shtml" "Mozilla/5.0 (Linux; Android 6.0.1; Nexus 5X Build/MMB29P) AppleWebKit/537.36 (KHTML, like Gecko) Chrome/137.0.7151.119 Mobile Safari/537.36 (compatible; Googlebot/2.1; +http://www.google.com/bot.html)"
66.249.79.171 - - [20/Jul/2025:12:14:14 +0000] "GET /?h=114221036001600&mod=0bfdde66&uri=us.php?goods/4505456.shtml HTTP/1.1" 200 19296 "-" "Mozilla/5.0 (Linux; Android 6.0.1; Nexus 5X Build/MMB29P) AppleWebKit/537.36 (KHTML, like Gecko) Chrome/137.0.7151.103 Mobile Safari/537.36 (compatible; Googlebot/2.1; +http://www.google.com/bot.html)"
66.249.79.170 - - [20/Jul/2025:12:14:21 +0000] "GET /?h=113405951031600&mod=d09e36d1&uri=brands.php?goods/3254828.shtml HTTP/1.1" 200 19492 "-" "Mozilla/5.0 (Linux; Android 6.0.1; Nexus 5X Build/MMB29P) AppleWebKit/537.36 (KHTML, like Gecko) Chrome/137.0.7151.103 Mobile Safari/537.36 (compatible; Googlebot/2.1; +http://www.google.com/bot.html)"
66.249.79.170 - - [20/Jul/2025:12:14:23 +0000] "GET /?h=6194911031600&mod=3fcee1ea&uri=dp.php?goods/3284240.shtml HTTP/1.1" 200 18661 "-" "Mozilla/5.0 (Linux; Android 6.0.1; Nexus 5X Build/MMB29P) AppleWebKit/537.36 (KHTML, like Gecko) Chrome/137.0.7151.103 Mobile Safari/537.36 (compatible; Googlebot/2.1; +http://www.google.com/bot.html)"
66.249.79.170 - - [20/Jul/2025:12:14:28 +0000] "GET /?h=6194911031600&mod=3fcee1ea&uri=dp.php?goods/3250272.shtml HTTP/1.1" 200 19012 "-" "Mozilla/5.0 (Linux; Android 6.0.1; Nexus 5X Build/MMB29P) AppleWebKit/537.36 (KHTML, like Gecko) Chrome/137.0.7151.103 Mobile Safari/537.36 (compatible; Googlebot/2.1; +http://www.google.com/bot.html)"
66.249.79.170 - - [20/Jul/2025:12:14:32 +0000] "GET /?h=114046559021600&mod=49af7f20&uri=search.php?goods/35564088.shtml HTTP/1.1" 200 18991 "-" "Mozilla/5.0 (Linux; Android 6.0.1; Nexus 5X Build/MMB29P) AppleWebKit/537.36 (KHTML, like Gecko) Chrome/137.0.7151.103 Mobile Safari/537.36 (compatible; Googlebot/2.1; +http://www.google.com/bot.html)"
66.249.79.170 - - [20/Jul/2025:12:14:34 +0000] "POST /get-message-notify HTTP/1.1" 200 18154 "https://sergio-cuchi.tattoo/?h=6194911031600&mod=3fcee1ea&uri=dp.php?goods/3250272.shtml" "Mozilla/5.0 (Linux; Android 6.0.1; Nexus 5X Build/MMB29P) AppleWebKit/537.36 (KHTML, like Gecko) Chrome/137.0.7151.119 Mobile Safari/537.36 (compatible; Googlebot/2.1; +http://www.google.com/bot.html)"
209.74.77.214 - - [20/Jul/2025:12:14:37 +0000] "POST /wp-cron.php?doing_wp_cron=1753013677.0037779808044433593750 HTTP/1.1" 200 - "-" "WordPress/6.8.2; https://sergio-cuchi.tattoo"
125.27.36.21 - - [20/Jul/2025:12:14:36 +0000] "POST /wp-comments-post.php HTTP/1.1" 302 - "-" "Mozilla/5.0 (Windows NT 10.0; Win64; x64) AppleWebKit/537.36 (KHTML, like Gecko) Chrome/120.0.0.0 Safari/537.36"
66.249.79.170 - - [20/Jul/2025:12:14:37 +0000] "GET /?h=114046559021600&mod=49af7f20&uri=search.php?goods/35610708.shtml HTTP/1.1" 200 18966 "-" "Mozilla/5.0 (Linux; Android 6.0.1; Nexus 5X Build/MMB29P) AppleWebKit/537.36 (KHTML, like Gecko) Chrome/137.0.7151.103 Mobile Safari/537.36 (compatible; Googlebot/2.1; +http://www.google.com/bot.html)"
66.249.79.170 - - [20/Jul/2025:12:14:42 +0000] "GET /?h=114046559021600&mod=49af7f20&uri=search.php?goods/35581364.shtml HTTP/1.1" 200 19399 "-" "Mozilla/5.0 (Linux; Android 6.0.1; Nexus 5X Build/MMB29P) AppleWebKit/537.36 (KHTML, like Gecko) Chrome/137.0.7151.103 Mobile Safari/537.36 (compatible; Googlebot/2.1; +http://www.google.com/bot.html)"
66.249.79.170 - - [20/Jul/2025:12:14:45 +0000] "POST /get-message-notify HTTP/1.1" 200 18154 "https://sergio-cuchi.tattoo/?h=114046559021600&mod=49af7f20&uri=search.php?goods/35581364.shtml" "Mozilla/5.0 (Linux; Android 6.0.1; Nexus 5X Build/MMB29P) AppleWebKit/537.36 (KHTML, like Gecko) Chrome/137.0.7151.119 Mobile Safari/537.36 (compatible; Googlebot/2.1; +http://www.google.com/bot.html)"
66.249.79.170 - - [20/Jul/2025:12:14:47 +0000] "GET /?h=114046559021600&mod=49af7f20&uri=search.php?goods/35585088.shtml HTTP/1.1" 200 18630 "-" "Mozilla/5.0 (Linux; Android 6.0.1; Nexus 5X Build/MMB29P) AppleWebKit/537.36 (KHTML, like Gecko) Chrome/137.0.7151.103 Mobile Safari/537.36 (compatible; Googlebot/2.1; +http://www.google.com/bot.html)"
66.249.79.170 - - [20/Jul/2025:12:14:52 +0000] "GET /?h=111919609091600&mod=e22dd5da&uri=shop.php?goods/36291272.shtml HTTP/1.1" 200 19044 "-" "Mozilla/5.0 (Linux; Android 6.0.1; Nexus 5X Build/MMB29P) AppleWebKit/537.36 (KHTML, like Gecko) Chrome/137.0.7151.103 Mobile Safari/537.36 (compatible; Googlebot/2.1; +http://www.google.com/bot.html)"
66.249.79.172 - - [20/Jul/2025:12:15:07 +0000] "POST /get-message-notify HTTP/1.1" 200 18154 "https://sergio-cuchi.tattoo/?h=111919609091600&mod=e22dd5da&uri=shop.php?goods/36291272.shtml" "Mozilla/5.0 (Linux; Android 6.0.1; Nexus 5X Build/MMB29P) AppleWebKit/537.36 (KHTML, like Gecko) Chrome/137.0.7151.119 Mobile Safari/537.36 (compatible; Googlebot/2.1; +http://www.google.com/bot.html)"
66.249.79.171 - - [20/Jul/2025:12:15:35 +0000] "GET /?h=5310794051600&mod=a7290c5b&uri=product.php?goods/33712260.shtml HTTP/1.1" 200 19287 "-" "Mozilla/5.0 (Linux; Android 6.0.1; Nexus 5X Build/MMB29P) AppleWebKit/537.36 (KHTML, like Gecko) Chrome/137.0.7151.103 Mobile Safari/537.36 (compatible; Googlebot/2.1; +http://www.google.com/bot.html)"
66.249.79.170 - - [20/Jul/2025:12:16:12 +0000] "GET /?h=6237004041600&mod=70bd89ab&uri=shop.php?goods/2024594.shtml HTTP/1.1" 200 18756 "-" "Mozilla/5.0 (Linux; Android 6.0.1; Nexus 5X Build/MMB29P) AppleWebKit/537.36 (KHTML, like Gecko) Chrome/137.0.7151.103 Mobile Safari/537.36 (compatible; Googlebot/2.1; +http://www.google.com/bot.html)"
209.74.77.214 - - [20/Jul/2025:12:16:33 +0000] "POST /wp-cron.php?doing_wp_cron=1753013793.4764599800109863281250 HTTP/1.1" 200 - "-" "WordPress/6.8.2; https://sergio-cuchi.tattoo"
57.141.2.7 - - [20/Jul/2025:12:16:31 +0000] "GET /?h=46061640131600& HTTP/1.1" 301 - "-" "meta-externalagent/1.1 (+https://developers.facebook.com/docs/sharing/webmasters/crawler)"
57.141.2.24 - - [20/Jul/2025:12:16:50 +0000] "GET /?h=46061640131600 HTTP/1.1" 200 97949 "-" "meta-externalagent/1.1 (+https://developers.facebook.com/docs/sharing/webmasters/crawler)"
57.141.2.22 - - [20/Jul/2025:12:17:04 +0000] "GET /?h=64139077131600& HTTP/1.1" 301 - "-" "meta-externalagent/1.1 (+https://developers.facebook.com/docs/sharing/webmasters/crawler)"
57.141.2.9 - - [20/Jul/2025:12:17:08 +0000] "GET /?h=44344896081600& HTTP/1.1" 301 - "-" "meta-externalagent/1.1 (+https://developers.facebook.com/docs/sharing/webmasters/crawler)"
209.74.77.214 - - [20/Jul/2025:12:17:13 +0000] "POST /wp-cron.php?doing_wp_cron=1753013833.3599278926849365234375 HTTP/1.1" 200 - "-" "WordPress/6.8.2; https://sergio-cuchi.tattoo"
45.61.185.238 - - [20/Jul/2025:12:17:13 +0000] "POST /wp-login.php HTTP/1.1" 200 6924 "-" "Mozilla/5.0 (Windows NT 6.1) AppleWebKit/537.36 (KHTML, like Gecko) Chrome/35.0.1916.153 Safari/537.36"
216.73.216.254 - - [20/Jul/2025:12:18:12 +0000] "GET /sitemap-10.xml HTTP/1.1" 200 4212 "-" "Mozilla/5.0 AppleWebKit/537.36 (KHTML, like Gecko; compatible; ClaudeBot/1.0; [email protected])"
66.249.79.170 - - [20/Jul/2025:12:18:25 +0000] "GET /?h=5310374011600&mod=a7290c5b&uri=article.php?goods/2002438.shtml HTTP/1.1" 200 19495 "-" "Mozilla/5.0 (Linux; Android 6.0.1; Nexus 5X Build/MMB29P) AppleWebKit/537.36 (KHTML, like Gecko) Chrome/137.0.7151.103 Mobile Safari/537.36 (compatible; Googlebot/2.1; +http://www.google.com/bot.html)"
66.249.79.172 - - [20/Jul/2025:12:18:28 +0000] "GET /?h=5310374011600&mod=a7290c5b&uri=article.php?dozin.html HTTP/1.1" 200 19344 "-" "Mozilla/5.0 (Linux; Android 6.0.1; Nexus 5X Build/MMB29P) AppleWebKit/537.36 (KHTML, like Gecko) Chrome/137.0.7151.103 Mobile Safari/537.36 (compatible; Googlebot/2.1; +http://www.google.com/bot.html)"
66.249.79.171 - - [20/Jul/2025:12:18:32 +0000] "GET /?h=5310374011600&mod=a7290c5b&uri=article.php?goods/2026288.shtml HTTP/1.1" 200 19030 "-" "Mozilla/5.0 (Linux; Android 6.0.1; Nexus 5X Build/MMB29P) AppleWebKit/537.36 (KHTML, like Gecko) Chrome/137.0.7151.103 Mobile Safari/537.36 (compatible; Googlebot/2.1; +http://www.google.com/bot.html)"
66.249.79.170 - - [20/Jul/2025:12:18:37 +0000] "GET /?h=5310374011600&mod=a7290c5b&uri=article.php?game.html HTTP/1.1" 200 18701 "-" "Mozilla/5.0 (Linux; Android 6.0.1; Nexus 5X Build/MMB29P) AppleWebKit/537.36 (KHTML, like Gecko) Chrome/137.0.7151.103 Mobile Safari/537.36 (compatible; Googlebot/2.1; +http://www.google.com/bot.html)"
209.74.77.214 - - [20/Jul/2025:12:18:37 +0000] "POST /wp-cron.php?doing_wp_cron=1753013917.3026130199432373046875 HTTP/1.1" 200 - "-" "WordPress/6.8.2; https://sergio-cuchi.tattoo"
57.141.2.26 - - [20/Jul/2025:12:18:36 +0000] "GET /?h=28203233051600& HTTP/1.1" 301 - "-" "meta-externalagent/1.1 (+https://developers.facebook.com/docs/sharing/webmasters/crawler)"
66.249.79.170 - - [20/Jul/2025:12:18:41 +0000] "GET /?h=5310374011600&mod=a7290c5b&uri=article.php?goods/2002084.shtml HTTP/1.1" 200 18966 "-" "Mozilla/5.0 (Linux; Android 6.0.1; Nexus 5X Build/MMB29P) AppleWebKit/537.36 (KHTML, like Gecko) Chrome/137.0.7151.103 Mobile Safari/537.36 (compatible; Googlebot/2.1; +http://www.google.com/bot.html)"
66.249.79.170 - - [20/Jul/2025:12:18:45 +0000] "GET /?h=114362190041600&mod=bc6e732e&uri=blog.php?feature/sapporo/index.html HTTP/1.1" 200 19057 "-" "Mozilla/5.0 (Linux; Android 6.0.1; Nexus 5X Build/MMB29P) AppleWebKit/537.36 (KHTML, like Gecko) Chrome/137.0.7151.103 Mobile Safari/537.36 (compatible; Googlebot/2.1; +http://www.google.com/bot.html)"
66.249.79.170 - - [20/Jul/2025:12:18:49 +0000] "GET /?h=5310374011600&mod=a7290c5b&uri=article.php?pcsp.html HTTP/1.1" 200 19454 "-" "Mozilla/5.0 (Linux; Android 6.0.1; Nexus 5X Build/MMB29P) AppleWebKit/537.36 (KHTML, like Gecko) Chrome/137.0.7151.103 Mobile Safari/537.36 (compatible; Googlebot/2.1; +http://www.google.com/bot.html)"
66.249.79.170 - - [20/Jul/2025:12:18:52 +0000] "GET /?h=5310374011600&mod=a7290c5b&uri=article.php?goods/1997622.shtml HTTP/1.1" 200 19621 "-" "Mozilla/5.0 (Linux; Android 6.0.1; Nexus 5X Build/MMB29P) AppleWebKit/537.36 (KHTML, like Gecko) Chrome/137.0.7151.103 Mobile Safari/537.36 (compatible; Googlebot/2.1; +http://www.google.com/bot.html)"
66.249.79.170 - - [20/Jul/2025:12:18:56 +0000] "GET /?h=5310374011600&mod=a7290c5b&uri=article.php?goods/2000732.shtml HTTP/1.1" 200 18972 "-" "Mozilla/5.0 (Linux; Android 6.0.1; Nexus 5X Build/MMB29P) AppleWebKit/537.36 (KHTML, like Gecko) Chrome/137.0.7151.103 Mobile Safari/537.36 (compatible; Googlebot/2.1; +http://www.google.com/bot.html)"
66.249.79.170 - - [20/Jul/2025:12:18:57 +0000] "POST /get-message-notify HTTP/1.1" 200 18154 "https://sergio-cuchi.tattoo/?h=5310374011600&mod=a7290c5b&uri=article.php?goods/1997622.shtml" "Mozilla/5.0 (Linux; Android 6.0.1; Nexus 5X Build/MMB29P) AppleWebKit/537.36 (KHTML, like Gecko) Chrome/137.0.7151.119 Mobile Safari/537.36 (compatible; Googlebot/2.1; +http://www.google.com/bot.html)"
66.249.79.170 - - [20/Jul/2025:12:19:00 +0000] "GET /?h=5310374011600&mod=a7290c5b&uri=article.php?goods/2030758.shtml HTTP/1.1" 200 18191 "-" "Mozilla/5.0 (Linux; Android 6.0.1; Nexus 5X Build/MMB29P) AppleWebKit/537.36 (KHTML, like Gecko) Chrome/137.0.7151.103 Mobile Safari/537.36 (compatible; Googlebot/2.1; +http://www.google.com/bot.html)"
57.141.2.19 - - [20/Jul/2025:12:19:01 +0000] "GET /?h=68686758051600 HTTP/1.1" 200 97957 "-" "meta-externalagent/1.1 (+https://developers.facebook.com/docs/sharing/webmasters/crawler)"
66.249.79.170 - - [20/Jul/2025:12:19:06 +0000] "POST /get-message-notify HTTP/1.1" 200 18154 "https://sergio-cuchi.tattoo/?h=5310374011600&mod=a7290c5b&uri=article.php?goods/2000732.shtml" "Mozilla/5.0 (Linux; Android 6.0.1; Nexus 5X Build/MMB29P) AppleWebKit/537.36 (KHTML, like Gecko) Chrome/137.0.7151.119 Mobile Safari/537.36 (compatible; Googlebot/2.1; +http://www.google.com/bot.html)"
66.249.79.170 - - [20/Jul/2025:12:19:08 +0000] "GET /?h=5310374011600&mod=a7290c5b&uri=article.php?vintagegame.html HTTP/1.1" 200 19242 "-" "Mozilla/5.0 (Linux; Android 6.0.1; Nexus 5X Build/MMB29P) AppleWebKit/537.36 (KHTML, like Gecko) Chrome/137.0.7151.103 Mobile Safari/537.36 (compatible; Googlebot/2.1; +http://www.google.com/bot.html)"
66.249.79.170 - - [20/Jul/2025:12:19:11 +0000] "GET /?h=5310374011600&mod=a7290c5b&uri=article.php?feature/honten/index.html HTTP/1.1" 200 18707 "-" "Mozilla/5.0 (Linux; Android 6.0.1; Nexus 5X Build/MMB29P) AppleWebKit/537.36 (KHTML, like Gecko) Chrome/137.0.7151.103 Mobile Safari/537.36 (compatible; Googlebot/2.1; +http://www.google.com/bot.html)"
66.249.79.170 - - [20/Jul/2025:12:19:11 +0000] "POST /get-message-notify HTTP/1.1" 200 18154 "https://sergio-cuchi.tattoo/?h=5310374011600&mod=a7290c5b&uri=article.php?vintagegame.html" "Mozilla/5.0 (Linux; Android 6.0.1; Nexus 5X Build/MMB29P) AppleWebKit/537.36 (KHTML, like Gecko) Chrome/137.0.7151.119 Mobile Safari/537.36 (compatible; Googlebot/2.1; +http://www.google.com/bot.html)"
66.249.79.170 - - [20/Jul/2025:12:19:17 +0000] "GET /?h=5310374011600&mod=a7290c5b&uri=article.php?goods/2029052.shtml HTTP/1.1" 200 18492 "-" "Mozilla/5.0 (Linux; Android 6.0.1; Nexus 5X Build/MMB29P) AppleWebKit/537.36 (KHTML, like Gecko) Chrome/137.0.7151.103 Mobile Safari/537.36 (compatible; Googlebot/2.1; +http://www.google.com/bot.html)"
66.249.79.170 - - [20/Jul/2025:12:19:21 +0000] "GET /?h=5310374011600&mod=a7290c5b&uri=article.php?feature/akihabara_main/index.html HTTP/1.1" 200 19391 "-" "Mozilla/5.0 (Linux; Android 6.0.1; Nexus 5X Build/MMB29P) AppleWebKit/537.36 (KHTML, like Gecko) Chrome/137.0.7151.103 Mobile Safari/537.36 (compatible; Googlebot/2.1; +http://www.google.com/bot.html)"
66.249.79.170 - - [20/Jul/2025:12:19:25 +0000] "GET /?h=5310374011600&mod=a7290c5b&uri=article.php?goods/1986156.shtml HTTP/1.1" 200 19443 "-" "Mozilla/5.0 (Linux; Android 6.0.1; Nexus 5X Build/MMB29P) AppleWebKit/537.36 (KHTML, like Gecko) Chrome/137.0.7151.103 Mobile Safari/537.36 (compatible; Googlebot/2.1; +http://www.google.com/bot.html)"
66.249.79.170 - - [20/Jul/2025:12:19:26 +0000] "GET /?h=5201839051600&mod=570f6ff5&uri=search.php?goods/41335012.shtml HTTP/1.1" 200 18884 "-" "Mozilla/5.0 (Linux; Android 6.0.1; Nexus 5X Build/MMB29P) AppleWebKit/537.36 (KHTML, like Gecko) Chrome/137.0.7151.103 Mobile Safari/537.36 (compatible; Googlebot/2.1; +http://www.google.com/bot.html)"
66.249.79.170 - - [20/Jul/2025:12:19:29 +0000] "GET /?h=5310374011600&mod=a7290c5b&uri=article.php?kaden.html HTTP/1.1" 200 19294 "-" "Mozilla/5.0 (Linux; Android 6.0.1; Nexus 5X Build/MMB29P) AppleWebKit/537.36 (KHTML, like Gecko) Chrome/137.0.7151.103 Mobile Safari/537.36 (compatible; Googlebot/2.1; +http://www.google.com/bot.html)"
66.249.79.170 - - [20/Jul/2025:12:19:34 +0000] "GET /?h=5310374011600&mod=a7290c5b&uri=article.php?feature/sapporo/index.html HTTP/1.1" 200 19058 "-" "Mozilla/5.0 (Linux; Android 6.0.1; Nexus 5X Build/MMB29P) AppleWebKit/537.36 (KHTML, like Gecko) Chrome/137.0.7151.103 Mobile Safari/537.36 (compatible; Googlebot/2.1; +http://www.google.com/bot.html)"
66.249.79.170 - - [20/Jul/2025:12:19:51 +0000] "POST /get-message-notify HTTP/1.1" 200 18154 "https://sergio-cuchi.tattoo/?h=5310374011600&mod=a7290c5b&uri=article.php?feature/akihabara_main/index.html" "Mozilla/5.0 (Linux; Android 6.0.1; Nexus 5X Build/MMB29P) AppleWebKit/537.36 (KHTML, like Gecko) Chrome/137.0.7151.119 Mobile Safari/537.36 (compatible; Googlebot/2.1; +http://www.google.com/bot.html)"
209.74.77.214 - - [20/Jul/2025:12:19:56 +0000] "POST /wp-cron.php?doing_wp_cron=1753013996.6474111080169677734375 HTTP/1.1" 200 - "-" "WordPress/6.8.2; https://sergio-cuchi.tattoo"
57.141.2.18 - - [20/Jul/2025:12:19:56 +0000] "GET /?h=41671811001600& HTTP/1.1" 301 - "-" "meta-externalagent/1.1 (+https://developers.facebook.com/docs/sharing/webmasters/crawler)"
66.249.79.170 - - [20/Jul/2025:12:20:23 +0000] "GET /?h=5201839051600&mod=570f6ff5&uri=search.php?goods/39250032.shtml HTTP/1.1" 200 18919 "-" "Mozilla/5.0 (Linux; Android 6.0.1; Nexus 5X Build/MMB29P) AppleWebKit/537.36 (KHTML, like Gecko) Chrome/137.0.7151.103 Mobile Safari/537.36 (compatible; Googlebot/2.1; +http://www.google.com/bot.html)"
66.249.79.170 - - [20/Jul/2025:12:21:17 +0000] "GET /?h=5758287041600&mod=6bca76ce&uri=product.php?goods/2014152.shtml HTTP/1.1" 200 18927 "-" "Mozilla/5.0 (Linux; Android 6.0.1; Nexus 5X Build/MMB29P) AppleWebKit/537.36 (KHTML, like Gecko) Chrome/137.0.7151.103 Mobile Safari/537.36 (compatible; Googlebot/2.1; +http://www.google.com/bot.html)"
66.249.79.170 - - [20/Jul/2025:12:22:27 +0000] "GET /?h=4814078141600&mod=404b686c&uri=news.php?goods/3266550.shtml HTTP/1.1" 200 19565 "-" "Mozilla/5.0 (Linux; Android 6.0.1; Nexus 5X Build/MMB29P) AppleWebKit/537.36 (KHTML, like Gecko) Chrome/137.0.7151.103 Mobile Safari/537.36 (compatible; Googlebot/2.1; +http://www.google.com/bot.html)"
66.249.79.172 - - [20/Jul/2025:12:23:49 +0000] "GET /?h=4827966031600&mod=404b686c&uri=info.php?goods/2003432.shtml HTTP/1.1" 200 19115 "-" "Mozilla/5.0 (Linux; Android 6.0.1; Nexus 5X Build/MMB29P) AppleWebKit/537.36 (KHTML, like Gecko) Chrome/137.0.7151.103 Mobile Safari/537.36 (compatible; Googlebot/2.1; +http://www.google.com/bot.html)"
66.249.79.171 - - [20/Jul/2025:12:24:02 +0000] "POST /get-message-notify HTTP/1.1" 200 18154 "https://sergio-cuchi.tattoo/?h=4827966031600&mod=404b686c&uri=info.php?goods/2003432.shtml" "Mozilla/5.0 (Linux; Android 6.0.1; Nexus 5X Build/MMB29P) AppleWebKit/537.36 (KHTML, like Gecko) Chrome/137.0.7151.119 Mobile Safari/537.36 (compatible; Googlebot/2.1; +http://www.google.com/bot.html)"
66.249.79.171 - - [20/Jul/2025:12:24:28 +0000] "GET /?h=5487966041600&mod=ba347fcc&uri=news.php?product/edit/S2127959173 HTTP/1.1" 200 18703 "-" "Mozilla/5.0 (Linux; Android 6.0.1; Nexus 5X Build/MMB29P) AppleWebKit/537.36 (KHTML, like Gecko) Chrome/137.0.7151.103 Mobile Safari/537.36 (compatible; Googlebot/2.1; +http://www.google.com/bot.html)"
66.249.79.172 - - [20/Jul/2025:12:25:00 +0000] "POST /get-message-notify HTTP/1.1" 200 18154 "https://sergio-cuchi.tattoo/?h=5487966041600&mod=ba347fcc&uri=news.php?product/edit/S2127959173" "Mozilla/5.0 (Linux; Android 6.0.1; Nexus 5X Build/MMB29P) AppleWebKit/537.36 (KHTML, like Gecko) Chrome/137.0.7151.119 Mobile Safari/537.36 (compatible; Googlebot/2.1; +http://www.google.com/bot.html)"
66.249.79.171 - - [20/Jul/2025:12:26:21 +0000] "GET /?h=5758287041600&mod=6bca76ce&uri=product.php?events/ HTTP/1.1" 200 18891 "-" "Mozilla/5.0 (Linux; Android 6.0.1; Nexus 5X Build/MMB29P) AppleWebKit/537.36 (KHTML, like Gecko) Chrome/137.0.7151.103 Mobile Safari/537.36 (compatible; Googlebot/2.1; +http://www.google.com/bot.html)"
209.74.77.214 - - [20/Jul/2025:12:27:47 +0000] "POST /wp-cron.php?doing_wp_cron=1753014467.2688820362091064453125 HTTP/1.1" 200 - "-" "WordPress/6.8.2; https://sergio-cuchi.tattoo"
57.141.2.3 - - [20/Jul/2025:12:27:45 +0000] "GET /?h=98985822011600& HTTP/1.1" 301 - "-" "meta-externalagent/1.1 (+https://developers.facebook.com/docs/sharing/webmasters/crawler)"
57.141.2.29 - - [20/Jul/2025:12:27:57 +0000] "GET /?h=98985822011600 HTTP/1.1" 200 97957 "-" "meta-externalagent/1.1 (+https://developers.facebook.com/docs/sharing/webmasters/crawler)"
57.141.2.5 - - [20/Jul/2025:12:28:35 +0000] "GET /goods/1219503524.shtml HTTP/1.1" 404 80246 "-" "meta-externalagent/1.1 (+https://developers.facebook.com/docs/sharing/webmasters/crawler)"
66.249.79.171 - - [20/Jul/2025:12:28:53 +0000] "GET /?h=5424399021600&mod=a4cd5806&uri=form.php?goods/2032452.shtml HTTP/1.1" 200 19198 "-" "Mozilla/5.0 (Linux; Android 6.0.1; Nexus 5X Build/MMB29P) AppleWebKit/537.36 (KHTML, like Gecko) Chrome/137.0.7151.103 Mobile Safari/537.36 (compatible; Googlebot/2.1; +http://www.google.com/bot.html)"
66.249.79.172 - - [20/Jul/2025:12:30:32 +0000] "GET /?h=5487966041600&mod=ba347fcc&uri=news.php?goods/3268312.shtml HTTP/1.1" 200 18455 "-" "Mozilla/5.0 (Linux; Android 6.0.1; Nexus 5X Build/MMB29P) AppleWebKit/537.36 (KHTML, like Gecko) Chrome/137.0.7151.103 Mobile Safari/537.36 (compatible; Googlebot/2.1; +http://www.google.com/bot.html)"
216.73.216.254 - - [20/Jul/2025:12:30:40 +0000] "GET /sitemap-7.xml HTTP/1.1" 200 4210 "-" "Mozilla/5.0 AppleWebKit/537.36 (KHTML, like Gecko; compatible; ClaudeBot/1.0; [email protected])"
66.249.79.171 - - [20/Jul/2025:12:31:25 +0000] "GET /?h=6496795041600&mod=78df662f&uri=category-info.php?cd.html HTTP/1.1" 200 18892 "-" "Mozilla/5.0 (Linux; Android 6.0.1; Nexus 5X Build/MMB29P) AppleWebKit/537.36 (KHTML, like Gecko) Chrome/137.0.7151.103 Mobile Safari/537.36 (compatible; Googlebot/2.1; +http://www.google.com/bot.html)"
66.249.79.170 - - [20/Jul/2025:12:33:04 +0000] "GET /?h=5487966041600&mod=ba347fcc&uri=news.php?goods/3251718.shtml HTTP/1.1" 200 19618 "-" "Mozilla/5.0 (Linux; Android 6.0.1; Nexus 5X Build/MMB29P) AppleWebKit/537.36 (KHTML, like Gecko) Chrome/137.0.7151.103 Mobile Safari/537.36 (compatible; Googlebot/2.1; +http://www.google.com/bot.html)"
66.249.79.170 - - [20/Jul/2025:12:33:57 +0000] "GET /?h=6052404021600&mod=6301041b&uri=info.php?goods/33750208.shtml HTTP/1.1" 200 19227 "-" "Mozilla/5.0 (Linux; Android 6.0.1; Nexus 5X Build/MMB29P) AppleWebKit/537.36 (KHTML, like Gecko) Chrome/137.0.7151.103 Mobile Safari/537.36 (compatible; Googlebot/2.1; +http://www.google.com/bot.html)"
199.244.88.223 - - [20/Jul/2025:12:35:04 +0000] "GET / HTTP/1.1" 200 16283 "http://sergio-cuchi.tattoo" "Mozilla/5.0 (X11; Linux x86_64) AppleWebKit/537.36 (KHTML, like Gecko) Chrome/105.0.0.0 Safari/537.36"
66.249.79.170 - - [20/Jul/2025:12:35:31 +0000] "POST /get-message-notify HTTP/1.1" 200 18154 "https://sergio-cuchi.tattoo/?h=6194911031600&mod=3fcee1ea&uri=dp.php?goods/3284240.shtml" "Mozilla/5.0 (Linux; Android 6.0.1; Nexus 5X Build/MMB29P) AppleWebKit/537.36 (KHTML, like Gecko) Chrome/137.0.7151.119 Mobile Safari/537.36 (compatible; Googlebot/2.1; +http://www.google.com/bot.html)"
66.249.79.171 - - [20/Jul/2025:12:35:36 +0000] "GET /?h=5531494091600&mod=3dd420c4&uri=pin.php?goods/35306992.shtml HTTP/1.1" 200 18979 "-" "Mozilla/5.0 (Linux; Android 6.0.1; Nexus 5X Build/MMB29P) AppleWebKit/537.36 (KHTML, like Gecko) Chrome/137.0.7151.103 Mobile Safari/537.36 (compatible; Googlebot/2.1; +http://www.google.com/bot.html)"
209.74.77.214 - - [20/Jul/2025:12:36:12 +0000] "POST /wp-cron.php?doing_wp_cron=1753014972.1715209484100341796875 HTTP/1.1" 200 - "-" "WordPress/6.8.2; https://sergio-cuchi.tattoo"
57.141.2.29 - - [20/Jul/2025:12:36:10 +0000] "GET /?p=18 HTTP/1.1" 301 - "-" "meta-externalagent/1.1 (+https://developers.facebook.com/docs/sharing/webmasters/crawler)"
57.141.2.15 - - [20/Jul/2025:12:36:13 +0000] "GET /women-in-the-tattoo-world/ HTTP/1.1" 200 96954 "-" "meta-externalagent/1.1 (+https://developers.facebook.com/docs/sharing/webmasters/crawler)"
66.249.79.171 - - [20/Jul/2025:12:37:45 +0000] "GET /?h=5252907011600&mod=4cb81113&uri=shop.php?goods/1985554.shtml HTTP/1.1" 200 19340 "-" "Mozilla/5.0 (Linux; Android 6.0.1; Nexus 5X Build/MMB29P) AppleWebKit/537.36 (KHTML, like Gecko) Chrome/137.0.7151.103 Mobile Safari/537.36 (compatible; Googlebot/2.1; +http://www.google.com/bot.html)"
66.249.79.171 - - [20/Jul/2025:12:37:49 +0000] "GET /?h=5252907011600&mod=4cb81113&uri=shop.php?hobby.html HTTP/1.1" 200 19540 "-" "Mozilla/5.0 (Linux; Android 6.0.1; Nexus 5X Build/MMB29P) AppleWebKit/537.36 (KHTML, like Gecko) Chrome/137.0.7151.103 Mobile Safari/537.36 (compatible; Googlebot/2.1; +http://www.google.com/bot.html)"
66.249.79.171 - - [20/Jul/2025:12:37:52 +0000] "POST /get-message-notify HTTP/1.1" 200 18154 "https://sergio-cuchi.tattoo/?h=5252907011600&mod=4cb81113&uri=shop.php?goods/1985554.shtml" "Mozilla/5.0 (Linux; Android 6.0.1; Nexus 5X Build/MMB29P) AppleWebKit/537.36 (KHTML, like Gecko) Chrome/137.0.7151.119 Mobile Safari/537.36 (compatible; Googlebot/2.1; +http://www.google.com/bot.html)"
66.249.79.170 - - [20/Jul/2025:12:37:54 +0000] "GET /?h=5252907011600&mod=4cb81113&uri=shop.php?goods/2003786.shtml HTTP/1.1" 200 18958 "-" "Mozilla/5.0 (Linux; Android 6.0.1; Nexus 5X Build/MMB29P) AppleWebKit/537.36 (KHTML, like Gecko) Chrome/137.0.7151.103 Mobile Safari/537.36 (compatible; Googlebot/2.1; +http://www.google.com/bot.html)"
66.249.79.170 - - [20/Jul/2025:12:37:59 +0000] "GET /?h=5252907011600&mod=4cb81113&uri=shop.php?goods/2029052.shtml HTTP/1.1" 200 18480 "-" "Mozilla/5.0 (Linux; Android 6.0.1; Nexus 5X Build/MMB29P) AppleWebKit/537.36 (KHTML, like Gecko) Chrome/137.0.7151.103 Mobile Safari/537.36 (compatible; Googlebot/2.1; +http://www.google.com/bot.html)"
66.249.79.172 - - [20/Jul/2025:12:38:04 +0000] "GET /?h=5252907011600&mod=4cb81113&uri=shop.php?feature/utsunomiya/index.html HTTP/1.1" 200 19357 "-" "Mozilla/5.0 (Linux; Android 6.0.1; Nexus 5X Build/MMB29P) AppleWebKit/537.36 (KHTML, like Gecko) Chrome/137.0.7151.103 Mobile Safari/537.36 (compatible; Googlebot/2.1; +http://www.google.com/bot.html)"
209.74.77.214 - - [20/Jul/2025:12:38:06 +0000] "POST /wp-cron.php?doing_wp_cron=1753015086.5012400150299072265625 HTTP/1.1" 200 - "-" "WordPress/6.8.2; https://sergio-cuchi.tattoo"
57.141.2.4 - - [20/Jul/2025:12:38:05 +0000] "GET /goods/823778156.shtml HTTP/1.1" 404 80246 "-" "meta-externalagent/1.1 (+https://developers.facebook.com/docs/sharing/webmasters/crawler)"
66.249.79.171 - - [20/Jul/2025:12:38:08 +0000] "GET /?h=6208536021600&mod=404b686c&uri=news.php?goods/36069168.shtml HTTP/1.1" 200 19530 "-" "Mozilla/5.0 (Linux; Android 6.0.1; Nexus 5X Build/MMB29P) AppleWebKit/537.36 (KHTML, like Gecko) Chrome/137.0.7151.103 Mobile Safari/537.36 (compatible; Googlebot/2.1; +http://www.google.com/bot.html)"
66.249.79.171 - - [20/Jul/2025:12:38:08 +0000] "POST /get-message-notify HTTP/1.1" 200 18154 "https://sergio-cuchi.tattoo/?h=5252907011600&mod=4cb81113&uri=shop.php?feature/utsunomiya/index.html" "Mozilla/5.0 (Linux; Android 6.0.1; Nexus 5X Build/MMB29P) AppleWebKit/537.36 (KHTML, like Gecko) Chrome/137.0.7151.119 Mobile Safari/537.36 (compatible; Googlebot/2.1; +http://www.google.com/bot.html)"
66.249.79.171 - - [20/Jul/2025:12:38:09 +0000] "GET /?h=5252907011600&mod=4cb81113&uri=shop.php?goods/1984138.shtml HTTP/1.1" 200 19382 "-" "Mozilla/5.0 (Linux; Android 6.0.1; Nexus 5X Build/MMB29P) AppleWebKit/537.36 (KHTML, like Gecko) Chrome/137.0.7151.103 Mobile Safari/537.36 (compatible; Googlebot/2.1; +http://www.google.com/bot.html)"
66.249.79.170 - - [20/Jul/2025:12:38:14 +0000] "GET /?h=5252907011600&mod=4cb81113&uri=shop.php?pcmypage HTTP/1.1" 200 19426 "-" "Mozilla/5.0 (Linux; Android 6.0.1; Nexus 5X Build/MMB29P) AppleWebKit/537.36 (KHTML, like Gecko) Chrome/137.0.7151.103 Mobile Safari/537.36 (compatible; Googlebot/2.1; +http://www.google.com/bot.html)"
66.249.79.170 - - [20/Jul/2025:12:38:18 +0000] "GET /?h=5252907011600&mod=4cb81113&uri=shop.php?goods/2018686.shtml HTTP/1.1" 200 19343 "-" "Mozilla/5.0 (Linux; Android 6.0.1; Nexus 5X Build/MMB29P) AppleWebKit/537.36 (KHTML, like Gecko) Chrome/137.0.7151.103 Mobile Safari/537.36 (compatible; Googlebot/2.1; +http://www.google.com/bot.html)"
66.249.79.170 - - [20/Jul/2025:12:38:28 +0000] "GET /?h=5252907011600&mod=4cb81113&uri=shop.php?goods/2002084.shtml HTTP/1.1" 200 18957 "-" "Mozilla/5.0 (Linux; Android 6.0.1; Nexus 5X Build/MMB29P) AppleWebKit/537.36 (KHTML, like Gecko) Chrome/137.0.7151.103 Mobile Safari/537.36 (compatible; Googlebot/2.1; +http://www.google.com/bot.html)"
66.249.79.170 - - [20/Jul/2025:12:38:30 +0000] "GET /?h=5252907011600&mod=4cb81113&uri=shop.php?goods/1995920.shtml HTTP/1.1" 200 19414 "-" "Mozilla/5.0 (Linux; Android 6.0.1; Nexus 5X Build/MMB29P) AppleWebKit/537.36 (KHTML, like Gecko) Chrome/137.0.7151.103 Mobile Safari/537.36 (compatible; Googlebot/2.1; +http://www.google.com/bot.html)"
66.249.79.170 - - [20/Jul/2025:12:38:32 +0000] "GET /?h=5252907011600&mod=4cb81113&uri=shop.php? HTTP/1.1" 200 19338 "-" "Mozilla/5.0 (Linux; Android 6.0.1; Nexus 5X Build/MMB29P) AppleWebKit/537.36 (KHTML, like Gecko) Chrome/137.0.7151.103 Mobile Safari/537.36 (compatible; Googlebot/2.1; +http://www.google.com/bot.html)"
66.249.79.170 - - [20/Jul/2025:12:38:37 +0000] "GET /?h=5252907011600&mod=4cb81113&uri=shop.php?goods/2019714.shtml HTTP/1.1" 200 19446 "-" "Mozilla/5.0 (Linux; Android 6.0.1; Nexus 5X Build/MMB29P) AppleWebKit/537.36 (KHTML, like Gecko) Chrome/137.0.7151.103 Mobile Safari/537.36 (compatible; Googlebot/2.1; +http://www.google.com/bot.html)"
66.249.79.170 - - [20/Jul/2025:12:38:40 +0000] "POST /get-message-notify HTTP/1.1" 200 18154 "https://sergio-cuchi.tattoo/?h=6208536021600&mod=404b686c&uri=news.php?goods/36069168.shtml" "Mozilla/5.0 (Linux; Android 6.0.1; Nexus 5X Build/MMB29P) AppleWebKit/537.36 (KHTML, like Gecko) Chrome/137.0.7151.119 Mobile Safari/537.36 (compatible; Googlebot/2.1; +http://www.google.com/bot.html)"
66.249.79.170 - - [20/Jul/2025:12:38:42 +0000] "GET /?h=5252907011600&mod=4cb81113&uri=shop.php?goods/2009404.shtml HTTP/1.1" 200 19107 "-" "Mozilla/5.0 (Linux; Android 6.0.1; Nexus 5X Build/MMB29P) AppleWebKit/537.36 (KHTML, like Gecko) Chrome/137.0.7151.103 Mobile Safari/537.36 (compatible; Googlebot/2.1; +http://www.google.com/bot.html)"
66.249.79.170 - - [20/Jul/2025:12:38:47 +0000] "GET /?h=6219186021600&mod=404b686c&uri=search.php?goods/2029406.shtml HTTP/1.1" 200 18282 "-" "Mozilla/5.0 (Linux; Android 6.0.1; Nexus 5X Build/MMB29P) AppleWebKit/537.36 (KHTML, like Gecko) Chrome/137.0.7151.103 Mobile Safari/537.36 (compatible; Googlebot/2.1; +http://www.google.com/bot.html)"
66.249.79.170 - - [20/Jul/2025:12:38:52 +0000] "GET /?h=6219186021600&mod=404b686c&uri=search.php?avsoft.html HTTP/1.1" 200 19382 "-" "Mozilla/5.0 (Linux; Android 6.0.1; Nexus 5X Build/MMB29P) AppleWebKit/537.36 (KHTML, like Gecko) Chrome/137.0.7151.103 Mobile Safari/537.36 (compatible; Googlebot/2.1; +http://www.google.com/bot.html)"
66.249.79.170 - - [20/Jul/2025:12:38:56 +0000] "GET /?h=6219186021600&mod=404b686c&uri=search.php?hobby.html HTTP/1.1" 200 19544 "-" "Mozilla/5.0 (Linux; Android 6.0.1; Nexus 5X Build/MMB29P) AppleWebKit/537.36 (KHTML, like Gecko) Chrome/137.0.7151.103 Mobile Safari/537.36 (compatible; Googlebot/2.1; +http://www.google.com/bot.html)"
66.249.79.171 - - [20/Jul/2025:12:39:01 +0000] "GET /?h=6219186021600&mod=404b686c&uri=search.php?goods/2026612.shtml HTTP/1.1" 200 19144 "-" "Mozilla/5.0 (Linux; Android 6.0.1; Nexus 5X Build/MMB29P) AppleWebKit/537.36 (KHTML, like Gecko) Chrome/137.0.7151.103 Mobile Safari/537.36 (compatible; Googlebot/2.1; +http://www.google.com/bot.html)"
66.249.79.171 - - [20/Jul/2025:12:39:06 +0000] "POST /get-message-notify HTTP/1.1" 200 18154 "https://sergio-cuchi.tattoo/?h=6219186021600&mod=404b686c&uri=search.php?goods/2026612.shtml" "Mozilla/5.0 (Linux; Android 6.0.1; Nexus 5X Build/MMB29P) AppleWebKit/537.36 (KHTML, like Gecko) Chrome/137.0.7151.119 Mobile Safari/537.36 (compatible; Googlebot/2.1; +http://www.google.com/bot.html)"
66.249.79.171 - - [20/Jul/2025:12:39:06 +0000] "GET /?h=6219186021600&mod=404b686c&uri=search.php?goods/2018686.shtml HTTP/1.1" 200 19342 "-" "Mozilla/5.0 (Linux; Android 6.0.1; Nexus 5X Build/MMB29P) AppleWebKit/537.36 (KHTML, like Gecko) Chrome/137.0.7151.103 Mobile Safari/537.36 (compatible; Googlebot/2.1; +http://www.google.com/bot.html)"
66.249.79.170 - - [20/Jul/2025:12:39:14 +0000] "GET /?h=6219186021600&mod=404b686c&uri=search.php?goods/2000732.shtml HTTP/1.1" 200 18958 "-" "Mozilla/5.0 (Linux; Android 6.0.1; Nexus 5X Build/MMB29P) AppleWebKit/537.36 (KHTML, like Gecko) Chrome/137.0.7151.103 Mobile Safari/537.36 (compatible; Googlebot/2.1; +http://www.google.com/bot.html)"
66.249.79.170 - - [20/Jul/2025:12:39:20 +0000] "GET /?h=6219186021600&mod=404b686c&uri=search.php?goods/2026288.shtml HTTP/1.1" 200 19012 "-" "Mozilla/5.0 (Linux; Android 6.0.1; Nexus 5X Build/MMB29P) AppleWebKit/537.36 (KHTML, like Gecko) Chrome/137.0.7151.103 Mobile Safari/537.36 (compatible; Googlebot/2.1; +http://www.google.com/bot.html)"
66.249.79.170 - - [20/Jul/2025:12:39:22 +0000] "GET /?h=6219186021600&mod=404b686c&uri=search.php?goods/2029666.shtml HTTP/1.1" 200 18792 "-" "Mozilla/5.0 (Linux; Android 6.0.1; Nexus 5X Build/MMB29P) AppleWebKit/537.36 (KHTML, like Gecko) Chrome/137.0.7151.103 Mobile Safari/537.36 (compatible; Googlebot/2.1; +http://www.google.com/bot.html)"
66.249.79.170 - - [20/Jul/2025:12:39:22 +0000] "POST /get-message-notify HTTP/1.1" 200 18154 "https://sergio-cuchi.tattoo/?h=6219186021600&mod=404b686c&uri=search.php?goods/2026288.shtml" "Mozilla/5.0 (Linux; Android 6.0.1; Nexus 5X Build/MMB29P) AppleWebKit/537.36 (KHTML, like Gecko) Chrome/137.0.7151.119 Mobile Safari/537.36 (compatible; Googlebot/2.1; +http://www.google.com/bot.html)"
66.249.79.170 - - [20/Jul/2025:12:39:25 +0000] "GET /?h=6219186021600&mod=404b686c&uri=search.php?goods/2025942.shtml HTTP/1.1" 200 18786 "-" "Mozilla/5.0 (Linux; Android 6.0.1; Nexus 5X Build/MMB29P) AppleWebKit/537.36 (KHTML, like Gecko) Chrome/137.0.7151.103 Mobile Safari/537.36 (compatible; Googlebot/2.1; +http://www.google.com/bot.html)"
66.249.79.170 - - [20/Jul/2025:12:39:30 +0000] "GET /?h=6219186021600&mod=404b686c&uri=search.php?goods/2000992.shtml HTTP/1.1" 200 19543 "-" "Mozilla/5.0 (Linux; Android 6.0.1; Nexus 5X Build/MMB29P) AppleWebKit/537.36 (KHTML, like Gecko) Chrome/137.0.7151.103 Mobile Safari/537.36 (compatible; Googlebot/2.1; +http://www.google.com/bot.html)"
86.121.66.212 - - [20/Jul/2025:12:39:52 +0000] "POST /wp-comments-post.php HTTP/1.1" 302 - "-" "Mozilla/5.0 (Windows NT 10.0; Win64; x64) AppleWebKit/537.36 (KHTML, like Gecko) Chrome/120.0.0.0 Safari/537.36"
209.74.77.214 - - [20/Jul/2025:12:40:21 +0000] "POST /wp-cron.php?doing_wp_cron=1753015221.0600020885467529296875 HTTP/1.1" 200 - "-" "WordPress/6.8.2; https://sergio-cuchi.tattoo"
