216.73.216.73 - - [20/Jul/2025:14:08:28 +0000] "GET /info/end81144239 HTTP/1.1" 404 16276 "-" "Mozilla/5.0 AppleWebKit/537.36 (KHTML, like Gecko; compatible; ClaudeBot/1.0; [email protected])"
216.73.216.73 - - [20/Jul/2025:14:08:31 +0000] "GET /info/accep10216200 HTTP/1.1" 404 16275 "-" "Mozilla/5.0 AppleWebKit/537.36 (KHTML, like Gecko; compatible; ClaudeBot/1.0; [email protected])"
216.73.216.73 - - [20/Jul/2025:14:08:35 +0000] "GET /info/mount12533216 HTTP/1.1" 404 16275 "-" "Mozilla/5.0 AppleWebKit/537.36 (KHTML, like Gecko; compatible; ClaudeBot/1.0; [email protected])"
216.73.216.73 - - [20/Jul/2025:14:08:37 +0000] "GET /info/soca41335699 HTTP/1.1" 404 16275 "-" "Mozilla/5.0 AppleWebKit/537.36 (KHTML, like Gecko; compatible; ClaudeBot/1.0; [email protected])"
216.73.216.73 - - [20/Jul/2025:14:08:41 +0000] "GET /info/combi22793489 HTTP/1.1" 404 16275 "-" "Mozilla/5.0 AppleWebKit/537.36 (KHTML, like Gecko; compatible; ClaudeBot/1.0; [email protected])"
209.74.77.214 - - [20/Jul/2025:14:08:44 +0000] "POST /wp-cron.php?doing_wp_cron=1753020524.5340158939361572265625 HTTP/1.1" 200 - "-" "WordPress/6.8.2; https://theoldhouse.cafe"
216.73.216.73 - - [20/Jul/2025:14:08:44 +0000] "GET /info/turtl31073490 HTTP/1.1" 404 16275 "-" "Mozilla/5.0 AppleWebKit/537.36 (KHTML, like Gecko; compatible; ClaudeBot/1.0; [email protected])"
216.73.216.73 - - [20/Jul/2025:14:08:46 +0000] "GET /info/trian10967232 HTTP/1.1" 404 16276 "-" "Mozilla/5.0 AppleWebKit/537.36 (KHTML, like Gecko; compatible; ClaudeBot/1.0; [email protected])"
216.73.216.73 - - [20/Jul/2025:14:08:50 +0000] "GET /info/alike52887628 HTTP/1.1" 404 16275 "-" "Mozilla/5.0 AppleWebKit/537.36 (KHTML, like Gecko; compatible; ClaudeBot/1.0; [email protected])"
216.73.216.73 - - [20/Jul/2025:14:08:52 +0000] "GET /info/princ30606122 HTTP/1.1" 404 16275 "-" "Mozilla/5.0 AppleWebKit/537.36 (KHTML, like Gecko; compatible; ClaudeBot/1.0; [email protected])"
216.73.216.73 - - [20/Jul/2025:14:08:55 +0000] "GET /info/choco22292977 HTTP/1.1" 404 16275 "-" "Mozilla/5.0 AppleWebKit/537.36 (KHTML, like Gecko; compatible; ClaudeBot/1.0; [email protected])"
216.73.216.73 - - [20/Jul/2025:14:08:59 +0000] "GET /info/flag12016368 HTTP/1.1" 404 16276 "-" "Mozilla/5.0 AppleWebKit/537.36 (KHTML, like Gecko; compatible; ClaudeBot/1.0; [email protected])"
216.73.216.73 - - [20/Jul/2025:14:09:02 +0000] "GET /info/reduc80710423 HTTP/1.1" 404 16276 "-" "Mozilla/5.0 AppleWebKit/537.36 (KHTML, like Gecko; compatible; ClaudeBot/1.0; [email protected])"
216.73.216.73 - - [20/Jul/2025:14:09:05 +0000] "GET /info/knob52799244 HTTP/1.1" 404 16276 "-" "Mozilla/5.0 AppleWebKit/537.36 (KHTML, like Gecko; compatible; ClaudeBot/1.0; [email protected])"
66.249.74.13 - - [20/Jul/2025:14:09:05 +0000] "GET /info/blind80208975/ HTTP/1.1" 200 40119 "-" "Mozilla/5.0 (Linux; Android 6.0.1; Nexus 5X Build/MMB29P) AppleWebKit/537.36 (KHTML, like Gecko) Chrome/137.0.7151.103 Mobile Safari/537.36 (compatible; Googlebot/2.1; +http://www.google.com/bot.html)"
216.73.216.73 - - [20/Jul/2025:14:09:08 +0000] "GET /info/infin32105730 HTTP/1.1" 404 16276 "-" "Mozilla/5.0 AppleWebKit/537.36 (KHTML, like Gecko; compatible; ClaudeBot/1.0; [email protected])"
216.73.216.73 - - [20/Jul/2025:14:09:11 +0000] "GET /info/resem21370401 HTTP/1.1" 404 16276 "-" "Mozilla/5.0 AppleWebKit/537.36 (KHTML, like Gecko; compatible; ClaudeBot/1.0; [email protected])"
209.74.77.214 - - [20/Jul/2025:14:09:16 +0000] "POST /wp-cron.php?doing_wp_cron=1753020556.6175980567932128906250 HTTP/1.1" 200 - "-" "WordPress/6.8.2; https://theoldhouse.cafe"
216.73.216.73 - - [20/Jul/2025:14:09:16 +0000] "GET /info/playg10373224 HTTP/1.1" 404 16276 "-" "Mozilla/5.0 AppleWebKit/537.36 (KHTML, like Gecko; compatible; ClaudeBot/1.0; [email protected])"
216.73.216.73 - - [20/Jul/2025:14:09:19 +0000] "GET /info/lest61991629 HTTP/1.1" 404 16277 "-" "Mozilla/5.0 AppleWebKit/537.36 (KHTML, like Gecko; compatible; ClaudeBot/1.0; [email protected])"
216.73.216.73 - - [20/Jul/2025:14:09:22 +0000] "GET /info/broad82950159 HTTP/1.1" 404 16276 "-" "Mozilla/5.0 AppleWebKit/537.36 (KHTML, like Gecko; compatible; ClaudeBot/1.0; [email protected])"
216.73.216.73 - - [20/Jul/2025:14:09:25 +0000] "GET /info/surge52307428 HTTP/1.1" 404 16276 "-" "Mozilla/5.0 AppleWebKit/537.36 (KHTML, like Gecko; compatible; ClaudeBot/1.0; [email protected])"
216.73.216.73 - - [20/Jul/2025:14:09:28 +0000] "GET /info/endan71130262 HTTP/1.1" 404 16276 "-" "Mozilla/5.0 AppleWebKit/537.36 (KHTML, like Gecko; compatible; ClaudeBot/1.0; [email protected])"
216.73.216.73 - - [20/Jul/2025:14:09:31 +0000] "GET /info/repea42045123 HTTP/1.1" 404 16276 "-" "Mozilla/5.0 AppleWebKit/537.36 (KHTML, like Gecko; compatible; ClaudeBot/1.0; [email protected])"
216.73.216.73 - - [20/Jul/2025:14:09:35 +0000] "GET /info/bored20009577 HTTP/1.1" 404 16276 "-" "Mozilla/5.0 AppleWebKit/537.36 (KHTML, like Gecko; compatible; ClaudeBot/1.0; [email protected])"
216.73.216.73 - - [20/Jul/2025:14:09:37 +0000] "GET /info/why32513010 HTTP/1.1" 404 16277 "-" "Mozilla/5.0 AppleWebKit/537.36 (KHTML, like Gecko; compatible; ClaudeBot/1.0; [email protected])"
216.73.216.73 - - [20/Jul/2025:14:09:40 +0000] "GET /info/shrin30263778 HTTP/1.1" 404 16276 "-" "Mozilla/5.0 AppleWebKit/537.36 (KHTML, like Gecko; compatible; ClaudeBot/1.0; [email protected])"
209.74.77.214 - - [20/Jul/2025:14:09:43 +0000] "POST /wp-cron.php?doing_wp_cron=1753020583.6244881153106689453125 HTTP/1.1" 200 - "-" "WordPress/6.8.2; https://theoldhouse.cafe"
216.73.216.73 - - [20/Jul/2025:14:09:43 +0000] "GET /info/axle80799823 HTTP/1.1" 404 16276 "-" "Mozilla/5.0 AppleWebKit/537.36 (KHTML, like Gecko; compatible; ClaudeBot/1.0; [email protected])"
216.73.216.73 - - [20/Jul/2025:14:09:46 +0000] "GET /info/prete11513320 HTTP/1.1" 404 16276 "-" "Mozilla/5.0 AppleWebKit/537.36 (KHTML, like Gecko; compatible; ClaudeBot/1.0; [email protected])"
216.73.216.73 - - [20/Jul/2025:14:09:49 +0000] "GET /info/thera81426135 HTTP/1.1" 404 16277 "-" "Mozilla/5.0 AppleWebKit/537.36 (KHTML, like Gecko; compatible; ClaudeBot/1.0; [email protected])"
216.73.216.73 - - [20/Jul/2025:14:09:52 +0000] "GET /info/dike72735958 HTTP/1.1" 404 16276 "-" "Mozilla/5.0 AppleWebKit/537.36 (KHTML, like Gecko; compatible; ClaudeBot/1.0; [email protected])"
216.73.216.73 - - [20/Jul/2025:14:09:55 +0000] "GET /info/inste32292946 HTTP/1.1" 404 16276 "-" "Mozilla/5.0 AppleWebKit/537.36 (KHTML, like Gecko; compatible; ClaudeBot/1.0; [email protected])"
216.73.216.73 - - [20/Jul/2025:14:09:58 +0000] "GET /info/adequ62210157 HTTP/1.1" 404 16276 "-" "Mozilla/5.0 AppleWebKit/537.36 (KHTML, like Gecko; compatible; ClaudeBot/1.0; [email protected])"
216.73.216.73 - - [20/Jul/2025:14:10:01 +0000] "GET /info/knob51891244 HTTP/1.1" 404 16276 "-" "Mozilla/5.0 AppleWebKit/537.36 (KHTML, like Gecko; compatible; ClaudeBot/1.0; [email protected])"
216.73.216.73 - - [20/Jul/2025:14:10:04 +0000] "GET /info/viewp81403743 HTTP/1.1" 404 16276 "-" "Mozilla/5.0 AppleWebKit/537.36 (KHTML, like Gecko; compatible; ClaudeBot/1.0; [email protected])"
66.249.74.11 - - [20/Jul/2025:14:10:04 +0000] "GET /info/lane11154464/ HTTP/1.1" 200 40144 "-" "Mozilla/5.0 (Linux; Android 6.0.1; Nexus 5X Build/MMB29P) AppleWebKit/537.36 (KHTML, like Gecko) Chrome/137.0.7151.103 Mobile Safari/537.36 (compatible; Googlebot/2.1; +http://www.google.com/bot.html)"
216.73.216.73 - - [20/Jul/2025:14:10:07 +0000] "GET /info/provi32440194 HTTP/1.1" 404 16276 "-" "Mozilla/5.0 AppleWebKit/537.36 (KHTML, like Gecko; compatible; ClaudeBot/1.0; [email protected])"
216.73.216.73 - - [20/Jul/2025:14:10:10 +0000] "GET /info/statu60866085 HTTP/1.1" 404 16275 "-" "Mozilla/5.0 AppleWebKit/537.36 (KHTML, like Gecko; compatible; ClaudeBot/1.0; [email protected])"
209.74.77.214 - - [20/Jul/2025:14:10:13 +0000] "POST /wp-cron.php?doing_wp_cron=1753020613.6370570659637451171875 HTTP/1.1" 200 - "-" "WordPress/6.8.2; https://theoldhouse.cafe"
216.73.216.73 - - [20/Jul/2025:14:10:13 +0000] "GET /info/workm62850629 HTTP/1.1" 404 16276 "-" "Mozilla/5.0 AppleWebKit/537.36 (KHTML, like Gecko; compatible; ClaudeBot/1.0; [email protected])"
216.73.216.73 - - [20/Jul/2025:14:10:16 +0000] "GET /info/gnaw60967981 HTTP/1.1" 404 16276 "-" "Mozilla/5.0 AppleWebKit/537.36 (KHTML, like Gecko; compatible; ClaudeBot/1.0; [email protected])"
216.73.216.73 - - [20/Jul/2025:14:10:19 +0000] "GET /info/decre20843329 HTTP/1.1" 404 16276 "-" "Mozilla/5.0 AppleWebKit/537.36 (KHTML, like Gecko; compatible; ClaudeBot/1.0; [email protected])"
216.73.216.73 - - [20/Jul/2025:14:10:22 +0000] "GET /info/posta51371060 HTTP/1.1" 404 16276 "-" "Mozilla/5.0 AppleWebKit/537.36 (KHTML, like Gecko; compatible; ClaudeBot/1.0; [email protected])"
216.73.216.73 - - [20/Jul/2025:14:10:25 +0000] "GET /info/verif30242706 HTTP/1.1" 404 16276 "-" "Mozilla/5.0 AppleWebKit/537.36 (KHTML, like Gecko; compatible; ClaudeBot/1.0; [email protected])"
216.73.216.73 - - [20/Jul/2025:14:10:28 +0000] "GET /info/memor81460463 HTTP/1.1" 404 16276 "-" "Mozilla/5.0 AppleWebKit/537.36 (KHTML, like Gecko; compatible; ClaudeBot/1.0; [email protected])"
216.73.216.73 - - [20/Jul/2025:14:10:31 +0000] "GET /info/lette71008246 HTTP/1.1" 404 16276 "-" "Mozilla/5.0 AppleWebKit/537.36 (KHTML, like Gecko; compatible; ClaudeBot/1.0; [email protected])"
216.73.216.73 - - [20/Jul/2025:14:10:34 +0000] "GET /info/impre12897784 HTTP/1.1" 404 16276 "-" "Mozilla/5.0 AppleWebKit/537.36 (KHTML, like Gecko; compatible; ClaudeBot/1.0; [email protected])"
216.73.216.73 - - [20/Jul/2025:14:10:37 +0000] "GET /info/asham31406210 HTTP/1.1" 404 16276 "-" "Mozilla/5.0 AppleWebKit/537.36 (KHTML, like Gecko; compatible; ClaudeBot/1.0; [email protected])"
216.73.216.73 - - [20/Jul/2025:14:10:40 +0000] "GET /info/dozen80756303 HTTP/1.1" 404 16276 "-" "Mozilla/5.0 AppleWebKit/537.36 (KHTML, like Gecko; compatible; ClaudeBot/1.0; [email protected])"
209.74.77.214 - - [20/Jul/2025:14:10:43 +0000] "POST /wp-cron.php?doing_wp_cron=1753020643.8727200031280517578125 HTTP/1.1" 200 - "-" "WordPress/6.8.2; https://theoldhouse.cafe"
216.73.216.73 - - [20/Jul/2025:14:10:43 +0000] "GET /info/toe12594640 HTTP/1.1" 404 16276 "-" "Mozilla/5.0 AppleWebKit/537.36 (KHTML, like Gecko; compatible; ClaudeBot/1.0; [email protected])"
216.73.216.73 - - [20/Jul/2025:14:10:46 +0000] "GET /info/ribbo52890468 HTTP/1.1" 404 16276 "-" "Mozilla/5.0 AppleWebKit/537.36 (KHTML, like Gecko; compatible; ClaudeBot/1.0; [email protected])"
216.73.216.73 - - [20/Jul/2025:14:10:49 +0000] "GET /info/sow30115258 HTTP/1.1" 404 16276 "-" "Mozilla/5.0 AppleWebKit/537.36 (KHTML, like Gecko; compatible; ClaudeBot/1.0; [email protected])"
216.73.216.73 - - [20/Jul/2025:14:10:52 +0000] "GET /info/volca81515079 HTTP/1.1" 404 16276 "-" "Mozilla/5.0 AppleWebKit/537.36 (KHTML, like Gecko; compatible; ClaudeBot/1.0; [email protected])"
216.73.216.73 - - [20/Jul/2025:14:10:55 +0000] "GET /info/cave30195330 HTTP/1.1" 404 16276 "-" "Mozilla/5.0 AppleWebKit/537.36 (KHTML, like Gecko; compatible; ClaudeBot/1.0; [email protected])"
216.73.216.73 - - [20/Jul/2025:14:10:58 +0000] "GET /info/those62380917 HTTP/1.1" 404 16276 "-" "Mozilla/5.0 AppleWebKit/537.36 (KHTML, like Gecko; compatible; ClaudeBot/1.0; [email protected])"
216.73.216.73 - - [20/Jul/2025:14:11:01 +0000] "GET /info/exper70112806 HTTP/1.1" 404 16276 "-" "Mozilla/5.0 AppleWebKit/537.36 (KHTML, like Gecko; compatible; ClaudeBot/1.0; [email protected])"
216.73.216.73 - - [20/Jul/2025:14:11:04 +0000] "GET /info/effic40814067 HTTP/1.1" 404 16276 "-" "Mozilla/5.0 AppleWebKit/537.36 (KHTML, like Gecko; compatible; ClaudeBot/1.0; [email protected])"
216.73.216.73 - - [20/Jul/2025:14:11:07 +0000] "GET /info/addic60146373 HTTP/1.1" 404 16276 "-" "Mozilla/5.0 AppleWebKit/537.36 (KHTML, like Gecko; compatible; ClaudeBot/1.0; [email protected])"
216.73.216.73 - - [20/Jul/2025:14:11:11 +0000] "GET /info/whene10228640 HTTP/1.1" 404 16275 "-" "Mozilla/5.0 AppleWebKit/537.36 (KHTML, like Gecko; compatible; ClaudeBot/1.0; [email protected])"
209.74.77.214 - - [20/Jul/2025:14:11:14 +0000] "POST /wp-cron.php?doing_wp_cron=1753020674.2058990001678466796875 HTTP/1.1" 200 - "-" "WordPress/6.8.2; https://theoldhouse.cafe"
216.73.216.73 - - [20/Jul/2025:14:11:14 +0000] "GET /info/freed72338638 HTTP/1.1" 404 16276 "-" "Mozilla/5.0 AppleWebKit/537.36 (KHTML, like Gecko; compatible; ClaudeBot/1.0; [email protected])"
216.73.216.73 - - [20/Jul/2025:14:11:19 +0000] "GET /info/lette72928246 HTTP/1.1" 404 16276 "-" "Mozilla/5.0 AppleWebKit/537.36 (KHTML, like Gecko; compatible; ClaudeBot/1.0; [email protected])"
216.73.216.73 - - [20/Jul/2025:14:11:24 +0000] "GET /info/mold60503757 HTTP/1.1" 404 16276 "-" "Mozilla/5.0 AppleWebKit/537.36 (KHTML, like Gecko; compatible; ClaudeBot/1.0; [email protected])"
66.249.74.13 - - [20/Jul/2025:14:11:24 +0000] "GET /info/strik51243788/ HTTP/1.1" 200 39868 "-" "Mozilla/5.0 (Linux; Android 6.0.1; Nexus 5X Build/MMB29P) AppleWebKit/537.36 (KHTML, like Gecko) Chrome/137.0.7151.103 Mobile Safari/537.36 (compatible; Googlebot/2.1; +http://www.google.com/bot.html)"
216.73.216.73 - - [20/Jul/2025:14:11:25 +0000] "GET /info/dusk42215211 HTTP/1.1" 404 16276 "-" "Mozilla/5.0 AppleWebKit/537.36 (KHTML, like Gecko; compatible; ClaudeBot/1.0; [email protected])"
66.249.74.13 - - [20/Jul/2025:14:11:27 +0000] "POST /get-message-notify HTTP/1.1" 200 40189 "https://theoldhouse.cafe/info/strik51243788/" "Mozilla/5.0 (Linux; Android 6.0.1; Nexus 5X Build/MMB29P) AppleWebKit/537.36 (KHTML, like Gecko) Chrome/137.0.7151.119 Mobile Safari/537.36 (compatible; Googlebot/2.1; +http://www.google.com/bot.html)"
216.73.216.73 - - [20/Jul/2025:14:11:28 +0000] "GET /info/imagi71612454 HTTP/1.1" 404 16276 "-" "Mozilla/5.0 AppleWebKit/537.36 (KHTML, like Gecko; compatible; ClaudeBot/1.0; [email protected])"
216.73.216.73 - - [20/Jul/2025:14:11:31 +0000] "GET /info/sophi62073853 HTTP/1.1" 404 16276 "-" "Mozilla/5.0 AppleWebKit/537.36 (KHTML, like Gecko; compatible; ClaudeBot/1.0; [email protected])"
216.73.216.73 - - [20/Jul/2025:14:11:34 +0000] "GET /info/alloy21994625 HTTP/1.1" 404 16276 "-" "Mozilla/5.0 AppleWebKit/537.36 (KHTML, like Gecko; compatible; ClaudeBot/1.0; [email protected])"
216.73.216.73 - - [20/Jul/2025:14:11:37 +0000] "GET /info/two32785218 HTTP/1.1" 404 16276 "-" "Mozilla/5.0 AppleWebKit/537.36 (KHTML, like Gecko; compatible; ClaudeBot/1.0; [email protected])"
66.220.149.7 - - [20/Jul/2025:14:11:38 +0000] "GET /contact HTTP/1.1" 301 - "-" "facebookexternalhit/1.1 (+http://www.facebook.com/externalhit_uatext.php)"
66.220.149.113 - - [20/Jul/2025:14:11:38 +0000] "GET /contact/ HTTP/1.1" 200 83796 "-" "facebookexternalhit/1.1 (+http://www.facebook.com/externalhit_uatext.php)"
216.73.216.73 - - [20/Jul/2025:14:11:40 +0000] "GET /info/glory11971640 HTTP/1.1" 404 16276 "-" "Mozilla/5.0 AppleWebKit/537.36 (KHTML, like Gecko; compatible; ClaudeBot/1.0; [email protected])"
209.74.77.214 - - [20/Jul/2025:14:11:43 +0000] "POST /wp-cron.php?doing_wp_cron=1753020703.8691420555114746093750 HTTP/1.1" 200 - "-" "WordPress/6.8.2; https://theoldhouse.cafe"
216.73.216.73 - - [20/Jul/2025:14:11:43 +0000] "GET /info/surro61695293 HTTP/1.1" 404 16276 "-" "Mozilla/5.0 AppleWebKit/537.36 (KHTML, like Gecko; compatible; ClaudeBot/1.0; [email protected])"
216.73.216.73 - - [20/Jul/2025:14:11:46 +0000] "GET /info/gilt31067978 HTTP/1.1" 404 16276 "-" "Mozilla/5.0 AppleWebKit/537.36 (KHTML, like Gecko; compatible; ClaudeBot/1.0; [email protected])"
216.73.216.73 - - [20/Jul/2025:14:11:49 +0000] "GET /info/poor20712865 HTTP/1.1" 404 16276 "-" "Mozilla/5.0 AppleWebKit/537.36 (KHTML, like Gecko; compatible; ClaudeBot/1.0; [email protected])"
216.73.216.73 - - [20/Jul/2025:14:11:52 +0000] "GET /info/purse12768064 HTTP/1.1" 404 16276 "-" "Mozilla/5.0 AppleWebKit/537.36 (KHTML, like Gecko; compatible; ClaudeBot/1.0; [email protected])"
216.73.216.73 - - [20/Jul/2025:14:11:55 +0000] "GET /info/cue72415670 HTTP/1.1" 404 16276 "-" "Mozilla/5.0 AppleWebKit/537.36 (KHTML, like Gecko; compatible; ClaudeBot/1.0; [email protected])"
216.73.216.73 - - [20/Jul/2025:14:11:58 +0000] "GET /info/two31693218 HTTP/1.1" 404 16276 "-" "Mozilla/5.0 AppleWebKit/537.36 (KHTML, like Gecko; compatible; ClaudeBot/1.0; [email protected])"
216.73.216.73 - - [20/Jul/2025:14:12:01 +0000] "GET /info/guest70236334 HTTP/1.1" 404 16276 "-" "Mozilla/5.0 AppleWebKit/537.36 (KHTML, like Gecko; compatible; ClaudeBot/1.0; [email protected])"
216.73.216.73 - - [20/Jul/2025:14:12:04 +0000] "GET /info/prope32532602 HTTP/1.1" 404 16276 "-" "Mozilla/5.0 AppleWebKit/537.36 (KHTML, like Gecko; compatible; ClaudeBot/1.0; [email protected])"
216.73.216.73 - - [20/Jul/2025:14:12:07 +0000] "GET /info/whom81796335 HTTP/1.1" 404 16276 "-" "Mozilla/5.0 AppleWebKit/537.36 (KHTML, like Gecko; compatible; ClaudeBot/1.0; [email protected])"
209.74.77.214 - - [20/Jul/2025:14:12:17 +0000] "POST /wp-cron.php?doing_wp_cron=1753020737.1225149631500244140625 HTTP/1.1" 200 - "-" "WordPress/6.8.2; https://theoldhouse.cafe"
216.73.216.73 - - [20/Jul/2025:14:12:16 +0000] "GET /info/morta82407559 HTTP/1.1" 404 16276 "-" "Mozilla/5.0 AppleWebKit/537.36 (KHTML, like Gecko; compatible; ClaudeBot/1.0; [email protected])"
216.73.216.73 - - [20/Jul/2025:14:12:18 +0000] "GET /info/zag60163933 HTTP/1.1" 404 16276 "-" "Mozilla/5.0 AppleWebKit/537.36 (KHTML, like Gecko; compatible; ClaudeBot/1.0; [email protected])"
216.73.216.73 - - [20/Jul/2025:14:12:20 +0000] "GET /info/inten62937285 HTTP/1.1" 404 16276 "-" "Mozilla/5.0 AppleWebKit/537.36 (KHTML, like Gecko; compatible; ClaudeBot/1.0; [email protected])"
216.73.216.73 - - [20/Jul/2025:14:12:23 +0000] "GET /info/shut61281661 HTTP/1.1" 404 16276 "-" "Mozilla/5.0 AppleWebKit/537.36 (KHTML, like Gecko; compatible; ClaudeBot/1.0; [email protected])"
216.73.216.73 - - [20/Jul/2025:14:12:27 +0000] "GET /info/tense80565735 HTTP/1.1" 404 16276 "-" "Mozilla/5.0 AppleWebKit/537.36 (KHTML, like Gecko; compatible; ClaudeBot/1.0; [email protected])"
216.73.216.73 - - [20/Jul/2025:14:12:29 +0000] "GET /info/other70996302 HTTP/1.1" 404 16276 "-" "Mozilla/5.0 AppleWebKit/537.36 (KHTML, like Gecko; compatible; ClaudeBot/1.0; [email protected])"
216.73.216.73 - - [20/Jul/2025:14:12:32 +0000] "GET /info/befor31688306 HTTP/1.1" 404 16276 "-" "Mozilla/5.0 AppleWebKit/537.36 (KHTML, like Gecko; compatible; ClaudeBot/1.0; [email protected])"
216.73.216.73 - - [20/Jul/2025:14:12:35 +0000] "GET /info/spell22229545 HTTP/1.1" 404 16276 "-" "Mozilla/5.0 AppleWebKit/537.36 (KHTML, like Gecko; compatible; ClaudeBot/1.0; [email protected])"
66.249.74.11 - - [20/Jul/2025:14:12:37 +0000] "GET /info/tedio32470066/ HTTP/1.1" 200 39929 "-" "Mozilla/5.0 (Linux; Android 6.0.1; Nexus 5X Build/MMB29P) AppleWebKit/537.36 (KHTML, like Gecko) Chrome/137.0.7151.103 Mobile Safari/537.36 (compatible; Googlebot/2.1; +http://www.google.com/bot.html)"
216.73.216.73 - - [20/Jul/2025:14:12:38 +0000] "GET /info/rose40340419 HTTP/1.1" 404 16276 "-" "Mozilla/5.0 AppleWebKit/537.36 (KHTML, like Gecko; compatible; ClaudeBot/1.0; [email protected])"
216.73.216.73 - - [20/Jul/2025:14:12:41 +0000] "GET /info/june32324146 HTTP/1.1" 404 16276 "-" "Mozilla/5.0 AppleWebKit/537.36 (KHTML, like Gecko; compatible; ClaudeBot/1.0; [email protected])"
209.74.77.214 - - [20/Jul/2025:14:12:44 +0000] "POST /wp-cron.php?doing_wp_cron=1753020764.7593500614166259765625 HTTP/1.1" 200 - "-" "WordPress/6.8.2; https://theoldhouse.cafe"
216.73.216.73 - - [20/Jul/2025:14:12:44 +0000] "GET /info/white50352436 HTTP/1.1" 404 16276 "-" "Mozilla/5.0 AppleWebKit/537.36 (KHTML, like Gecko; compatible; ClaudeBot/1.0; [email protected])"
216.73.216.73 - - [20/Jul/2025:14:12:47 +0000] "GET /info/egg11856040 HTTP/1.1" 404 16276 "-" "Mozilla/5.0 AppleWebKit/537.36 (KHTML, like Gecko; compatible; ClaudeBot/1.0; [email protected])"
216.73.216.73 - - [20/Jul/2025:14:12:50 +0000] "GET /info/xray80009551 HTTP/1.1" 404 16276 "-" "Mozilla/5.0 AppleWebKit/537.36 (KHTML, like Gecko; compatible; ClaudeBot/1.0; [email protected])"
216.73.216.73 - - [20/Jul/2025:14:12:53 +0000] "GET /info/ident12058000 HTTP/1.1" 404 16276 "-" "Mozilla/5.0 AppleWebKit/537.36 (KHTML, like Gecko; compatible; ClaudeBot/1.0; [email protected])"
216.73.216.73 - - [20/Jul/2025:14:12:56 +0000] "GET /info/utmos40610995 HTTP/1.1" 404 16276 "-" "Mozilla/5.0 AppleWebKit/537.36 (KHTML, like Gecko; compatible; ClaudeBot/1.0; [email protected])"
216.73.216.73 - - [20/Jul/2025:14:12:59 +0000] "GET /info/shine70661678 HTTP/1.1" 404 16276 "-" "Mozilla/5.0 AppleWebKit/537.36 (KHTML, like Gecko; compatible; ClaudeBot/1.0; [email protected])"
216.73.216.73 - - [20/Jul/2025:14:13:02 +0000] "GET /info/snow70257214 HTTP/1.1" 404 16276 "-" "Mozilla/5.0 AppleWebKit/537.36 (KHTML, like Gecko; compatible; ClaudeBot/1.0; [email protected])"
216.73.216.73 - - [20/Jul/2025:14:13:05 +0000] "GET /info/sope51831884 HTTP/1.1" 404 16276 "-" "Mozilla/5.0 AppleWebKit/537.36 (KHTML, like Gecko; compatible; ClaudeBot/1.0; [email protected])"
216.73.216.73 - - [20/Jul/2025:14:13:08 +0000] "GET /info/pit82079511 HTTP/1.1" 404 16276 "-" "Mozilla/5.0 AppleWebKit/537.36 (KHTML, like Gecko; compatible; ClaudeBot/1.0; [email protected])"
216.73.216.73 - - [20/Jul/2025:14:13:11 +0000] "GET /info/ray80627615 HTTP/1.1" 404 16276 "-" "Mozilla/5.0 AppleWebKit/537.36 (KHTML, like Gecko; compatible; ClaudeBot/1.0; [email protected])"
209.74.77.214 - - [20/Jul/2025:14:13:14 +0000] "POST /wp-cron.php?doing_wp_cron=1753020794.7874178886413574218750 HTTP/1.1" 200 - "-" "WordPress/6.8.2; https://theoldhouse.cafe"
216.73.216.73 - - [20/Jul/2025:14:13:14 +0000] "GET /info/shive52095412 HTTP/1.1" 404 16276 "-" "Mozilla/5.0 AppleWebKit/537.36 (KHTML, like Gecko; compatible; ClaudeBot/1.0; [email protected])"
216.73.216.73 - - [20/Jul/2025:14:13:17 +0000] "GET /info/shamp22921777 HTTP/1.1" 404 16276 "-" "Mozilla/5.0 AppleWebKit/537.36 (KHTML, like Gecko; compatible; ClaudeBot/1.0; [email protected])"
216.73.216.73 - - [20/Jul/2025:14:13:20 +0000] "GET /info/worm71550958 HTTP/1.1" 404 16276 "-" "Mozilla/5.0 AppleWebKit/537.36 (KHTML, like Gecko; compatible; ClaudeBot/1.0; [email protected])"
216.73.216.73 - - [20/Jul/2025:14:13:23 +0000] "GET /info/quali21937513 HTTP/1.1" 404 16276 "-" "Mozilla/5.0 AppleWebKit/537.36 (KHTML, like Gecko; compatible; ClaudeBot/1.0; [email protected])"
216.73.216.73 - - [20/Jul/2025:14:13:26 +0000] "GET /info/fry70289718 HTTP/1.1" 404 16276 "-" "Mozilla/5.0 AppleWebKit/537.36 (KHTML, like Gecko; compatible; ClaudeBot/1.0; [email protected])"
216.73.216.73 - - [20/Jul/2025:14:13:29 +0000] "GET /info/uprig12571048 HTTP/1.1" 404 16276 "-" "Mozilla/5.0 AppleWebKit/537.36 (KHTML, like Gecko; compatible; ClaudeBot/1.0; [email protected])"
216.73.216.73 - - [20/Jul/2025:14:13:32 +0000] "GET /info/ackno22434225 HTTP/1.1" 404 16276 "-" "Mozilla/5.0 AppleWebKit/537.36 (KHTML, like Gecko; compatible; ClaudeBot/1.0; [email protected])"
216.73.216.73 - - [20/Jul/2025:14:13:35 +0000] "GET /info/unfor22759689 HTTP/1.1" 404 16276 "-" "Mozilla/5.0 AppleWebKit/537.36 (KHTML, like Gecko; compatible; ClaudeBot/1.0; [email protected])"
216.73.216.73 - - [20/Jul/2025:14:13:38 +0000] "GET /info/copyr52175740 HTTP/1.1" 404 16276 "-" "Mozilla/5.0 AppleWebKit/537.36 (KHTML, like Gecko; compatible; ClaudeBot/1.0; [email protected])"
209.74.77.214 - - [20/Jul/2025:14:13:45 +0000] "POST /wp-cron.php?doing_wp_cron=1753020825.8806879520416259765625 HTTP/1.1" 200 - "-" "WordPress/6.8.2; https://theoldhouse.cafe"
216.73.216.73 - - [20/Jul/2025:14:13:45 +0000] "GET /info/your62381261 HTTP/1.1" 404 16276 "-" "Mozilla/5.0 AppleWebKit/537.36 (KHTML, like Gecko; compatible; ClaudeBot/1.0; [email protected])"
66.249.74.12 - - [20/Jul/2025:14:13:45 +0000] "GET /info/role11956528/ HTTP/1.1" 200 39913 "-" "Mozilla/5.0 (Linux; Android 6.0.1; Nexus 5X Build/MMB29P) AppleWebKit/537.36 (KHTML, like Gecko) Chrome/137.0.7151.103 Mobile Safari/537.36 (compatible; Googlebot/2.1; +http://www.google.com/bot.html)"
216.73.216.73 - - [20/Jul/2025:14:13:48 +0000] "GET /info/ancho72346806 HTTP/1.1" 404 16276 "-" "Mozilla/5.0 AppleWebKit/537.36 (KHTML, like Gecko; compatible; ClaudeBot/1.0; [email protected])"
216.73.216.73 - - [20/Jul/2025:14:13:51 +0000] "GET /info/therm42726819 HTTP/1.1" 404 16276 "-" "Mozilla/5.0 AppleWebKit/537.36 (KHTML, like Gecko; compatible; ClaudeBot/1.0; [email protected])"
216.73.216.73 - - [20/Jul/2025:14:13:54 +0000] "GET /info/essen70330118 HTTP/1.1" 404 16276 "-" "Mozilla/5.0 AppleWebKit/537.36 (KHTML, like Gecko; compatible; ClaudeBot/1.0; [email protected])"
216.73.216.73 - - [20/Jul/2025:14:13:57 +0000] "GET /info/incom71298414 HTTP/1.1" 404 16276 "-" "Mozilla/5.0 AppleWebKit/537.36 (KHTML, like Gecko; compatible; ClaudeBot/1.0; [email protected])"
216.73.216.73 - - [20/Jul/2025:14:14:00 +0000] "GET /info/maze32103858 HTTP/1.1" 404 16276 "-" "Mozilla/5.0 AppleWebKit/537.36 (KHTML, like Gecko; compatible; ClaudeBot/1.0; [email protected])"
216.73.216.73 - - [20/Jul/2025:14:14:04 +0000] "GET /info/barn40922555 HTTP/1.1" 404 16276 "-" "Mozilla/5.0 AppleWebKit/537.36 (KHTML, like Gecko; compatible; ClaudeBot/1.0; [email protected])"
216.73.216.73 - - [20/Jul/2025:14:14:06 +0000] "GET /info/snake51304452 HTTP/1.1" 404 16276 "-" "Mozilla/5.0 AppleWebKit/537.36 (KHTML, like Gecko; compatible; ClaudeBot/1.0; [email protected])"
216.73.216.73 - - [20/Jul/2025:14:14:09 +0000] "GET /info/cliff60450573 HTTP/1.1" 404 16276 "-" "Mozilla/5.0 AppleWebKit/537.36 (KHTML, like Gecko; compatible; ClaudeBot/1.0; [email protected])"
216.73.216.73 - - [20/Jul/2025:14:14:12 +0000] "GET /info/drill71798990 HTTP/1.1" 404 16276 "-" "Mozilla/5.0 AppleWebKit/537.36 (KHTML, like Gecko; compatible; ClaudeBot/1.0; [email protected])"
209.74.77.214 - - [20/Jul/2025:14:14:15 +0000] "POST /wp-cron.php?doing_wp_cron=1753020855.8404600620269775390625 HTTP/1.1" 200 - "-" "WordPress/6.8.2; https://theoldhouse.cafe"
216.73.216.73 - - [20/Jul/2025:14:14:15 +0000] "GET /info/upset22869473 HTTP/1.1" 404 16276 "-" "Mozilla/5.0 AppleWebKit/537.36 (KHTML, like Gecko; compatible; ClaudeBot/1.0; [email protected])"
216.73.216.73 - - [20/Jul/2025:14:14:18 +0000] "GET /info/ago20305097 HTTP/1.1" 404 16276 "-" "Mozilla/5.0 AppleWebKit/537.36 (KHTML, like Gecko; compatible; ClaudeBot/1.0; [email protected])"
216.73.216.73 - - [20/Jul/2025:14:14:21 +0000] "GET /info/bosom62171421 HTTP/1.1" 404 16276 "-" "Mozilla/5.0 AppleWebKit/537.36 (KHTML, like Gecko; compatible; ClaudeBot/1.0; [email protected])"
216.73.216.73 - - [20/Jul/2025:14:14:24 +0000] "GET /info/discr71938406 HTTP/1.1" 404 16276 "-" "Mozilla/5.0 AppleWebKit/537.36 (KHTML, like Gecko; compatible; ClaudeBot/1.0; [email protected])"
216.73.216.73 - - [20/Jul/2025:14:14:27 +0000] "GET /info/deleg70442710 HTTP/1.1" 404 16276 "-" "Mozilla/5.0 AppleWebKit/537.36 (KHTML, like Gecko; compatible; ClaudeBot/1.0; [email protected])"
216.73.216.73 - - [20/Jul/2025:14:14:30 +0000] "GET /info/heat72136910 HTTP/1.1" 404 16276 "-" "Mozilla/5.0 AppleWebKit/537.36 (KHTML, like Gecko; compatible; ClaudeBot/1.0; [email protected])"
216.73.216.73 - - [20/Jul/2025:14:14:33 +0000] "GET /info/defec71347150 HTTP/1.1" 404 16276 "-" "Mozilla/5.0 AppleWebKit/537.36 (KHTML, like Gecko; compatible; ClaudeBot/1.0; [email protected])"
216.73.216.73 - - [20/Jul/2025:14:14:36 +0000] "GET /info/beat82833431 HTTP/1.1" 404 16276 "-" "Mozilla/5.0 AppleWebKit/537.36 (KHTML, like Gecko; compatible; ClaudeBot/1.0; [email protected])"
216.73.216.73 - - [20/Jul/2025:14:14:40 +0000] "GET /info/style60929653 HTTP/1.1" 404 16276 "-" "Mozilla/5.0 AppleWebKit/537.36 (KHTML, like Gecko; compatible; ClaudeBot/1.0; [email protected])"
209.74.77.214 - - [20/Jul/2025:14:14:43 +0000] "POST /wp-cron.php?doing_wp_cron=1753020882.9832260608673095703125 HTTP/1.1" 200 - "-" "WordPress/6.8.2; https://theoldhouse.cafe"
216.73.216.73 - - [20/Jul/2025:14:14:42 +0000] "GET /info/riddl42924675 HTTP/1.1" 404 16276 "-" "Mozilla/5.0 AppleWebKit/537.36 (KHTML, like Gecko; compatible; ClaudeBot/1.0; [email protected])"
216.73.216.73 - - [20/Jul/2025:14:14:45 +0000] "GET /info/bat82311071 HTTP/1.1" 404 16276 "-" "Mozilla/5.0 AppleWebKit/537.36 (KHTML, like Gecko; compatible; ClaudeBot/1.0; [email protected])"
216.73.216.73 - - [20/Jul/2025:14:14:48 +0000] "GET /info/tight82238231 HTTP/1.1" 404 16276 "-" "Mozilla/5.0 AppleWebKit/537.36 (KHTML, like Gecko; compatible; ClaudeBot/1.0; [email protected])"
216.73.216.73 - - [20/Jul/2025:14:14:52 +0000] "GET /info/put71917414 HTTP/1.1" 404 16276 "-" "Mozilla/5.0 AppleWebKit/537.36 (KHTML, like Gecko; compatible; ClaudeBot/1.0; [email protected])"
216.73.216.73 - - [20/Jul/2025:14:14:54 +0000] "GET /info/lugga41175147 HTTP/1.1" 404 16276 "-" "Mozilla/5.0 AppleWebKit/537.36 (KHTML, like Gecko; compatible; ClaudeBot/1.0; [email protected])"
216.73.216.73 - - [20/Jul/2025:14:14:57 +0000] "GET /info/afrai81556607 HTTP/1.1" 404 16276 "-" "Mozilla/5.0 AppleWebKit/537.36 (KHTML, like Gecko; compatible; ClaudeBot/1.0; [email protected])"
216.73.216.73 - - [20/Jul/2025:14:15:00 +0000] "GET /info/sin41415787 HTTP/1.1" 404 16276 "-" "Mozilla/5.0 AppleWebKit/537.36 (KHTML, like Gecko; compatible; ClaudeBot/1.0; [email protected])"
216.73.216.73 - - [20/Jul/2025:14:15:03 +0000] "GET /info/refle81666375 HTTP/1.1" 404 16276 "-" "Mozilla/5.0 AppleWebKit/537.36 (KHTML, like Gecko; compatible; ClaudeBot/1.0; [email protected])"
216.73.216.73 - - [20/Jul/2025:14:15:09 +0000] "GET /info/unimp62625373 HTTP/1.1" 404 16276 "-" "Mozilla/5.0 AppleWebKit/537.36 (KHTML, like Gecko; compatible; ClaudeBot/1.0; [email protected])"
66.249.74.12 - - [20/Jul/2025:14:15:09 +0000] "GET /info/visib40798331/ HTTP/1.1" 200 39924 "-" "Mozilla/5.0 (Linux; Android 6.0.1; Nexus 5X Build/MMB29P) AppleWebKit/537.36 (KHTML, like Gecko) Chrome/137.0.7151.103 Mobile Safari/537.36 (compatible; Googlebot/2.1; +http://www.google.com/bot.html)"
216.73.216.73 - - [20/Jul/2025:14:15:11 +0000] "GET /info/highl40730363 HTTP/1.1" 404 16276 "-" "Mozilla/5.0 AppleWebKit/537.36 (KHTML, like Gecko; compatible; ClaudeBot/1.0; [email protected])"
209.74.77.214 - - [20/Jul/2025:14:15:14 +0000] "POST /wp-cron.php?doing_wp_cron=1753020914.4633309841156005859375 HTTP/1.1" 200 - "-" "WordPress/6.8.2; https://theoldhouse.cafe"
216.73.216.73 - - [20/Jul/2025:14:15:14 +0000] "GET /info/afric21281377 HTTP/1.1" 404 16276 "-" "Mozilla/5.0 AppleWebKit/537.36 (KHTML, like Gecko; compatible; ClaudeBot/1.0; [email protected])"
216.73.216.73 - - [20/Jul/2025:14:15:17 +0000] "GET /info/cliff62246573 HTTP/1.1" 404 16276 "-" "Mozilla/5.0 AppleWebKit/537.36 (KHTML, like Gecko; compatible; ClaudeBot/1.0; [email protected])"
216.73.216.73 - - [20/Jul/2025:14:15:20 +0000] "GET /info/cool82976231 HTTP/1.1" 404 16276 "-" "Mozilla/5.0 AppleWebKit/537.36 (KHTML, like Gecko; compatible; ClaudeBot/1.0; [email protected])"
216.73.216.73 - - [20/Jul/2025:14:15:23 +0000] "GET /info/gestu70050302 HTTP/1.1" 404 16276 "-" "Mozilla/5.0 AppleWebKit/537.36 (KHTML, like Gecko; compatible; ClaudeBot/1.0; [email protected])"
216.73.216.73 - - [20/Jul/2025:14:15:26 +0000] "GET /info/straw72960606 HTTP/1.1" 404 16276 "-" "Mozilla/5.0 AppleWebKit/537.36 (KHTML, like Gecko; compatible; ClaudeBot/1.0; [email protected])"
216.73.216.73 - - [20/Jul/2025:14:15:29 +0000] "GET /info/solar81886647 HTTP/1.1" 404 16276 "-" "Mozilla/5.0 AppleWebKit/537.36 (KHTML, like Gecko; compatible; ClaudeBot/1.0; [email protected])"
216.73.216.73 - - [20/Jul/2025:14:15:32 +0000] "GET /info/deduc50367524 HTTP/1.1" 404 16276 "-" "Mozilla/5.0 AppleWebKit/537.36 (KHTML, like Gecko; compatible; ClaudeBot/1.0; [email protected])"
216.73.216.73 - - [20/Jul/2025:14:15:35 +0000] "GET /info/delib80058303 HTTP/1.1" 404 16276 "-" "Mozilla/5.0 AppleWebKit/537.36 (KHTML, like Gecko; compatible; ClaudeBot/1.0; [email protected])"
216.73.216.73 - - [20/Jul/2025:14:15:38 +0000] "GET /info/syste50694700 HTTP/1.1" 404 16276 "-" "Mozilla/5.0 AppleWebKit/537.36 (KHTML, like Gecko; compatible; ClaudeBot/1.0; [email protected])"
216.73.216.73 - - [20/Jul/2025:14:15:41 +0000] "GET /info/those61364917 HTTP/1.1" 404 16276 "-" "Mozilla/5.0 AppleWebKit/537.36 (KHTML, like Gecko; compatible; ClaudeBot/1.0; [email protected])"
209.74.77.214 - - [20/Jul/2025:14:15:44 +0000] "POST /wp-cron.php?doing_wp_cron=1753020944.4225189685821533203125 HTTP/1.1" 200 - "-" "WordPress/6.8.2; https://theoldhouse.cafe"
216.73.216.73 - - [20/Jul/2025:14:15:44 +0000] "GET /info/abstr10806208 HTTP/1.1" 404 16276 "-" "Mozilla/5.0 AppleWebKit/537.36 (KHTML, like Gecko; compatible; ClaudeBot/1.0; [email protected])"
216.73.216.73 - - [20/Jul/2025:14:15:47 +0000] "GET /info/pursu12986280 HTTP/1.1" 404 16276 "-" "Mozilla/5.0 AppleWebKit/537.36 (KHTML, like Gecko; compatible; ClaudeBot/1.0; [email protected])"
216.73.216.73 - - [20/Jul/2025:14:15:50 +0000] "GET /info/peasa32070890 HTTP/1.1" 404 16276 "-" "Mozilla/5.0 AppleWebKit/537.36 (KHTML, like Gecko; compatible; ClaudeBot/1.0; [email protected])"
216.73.216.73 - - [20/Jul/2025:14:15:53 +0000] "GET /info/fahre61154637 HTTP/1.1" 404 16276 "-" "Mozilla/5.0 AppleWebKit/537.36 (KHTML, like Gecko; compatible; ClaudeBot/1.0; [email protected])"
216.73.216.73 - - [20/Jul/2025:14:15:57 +0000] "GET /info/cook72536414 HTTP/1.1" 404 16276 "-" "Mozilla/5.0 AppleWebKit/537.36 (KHTML, like Gecko; compatible; ClaudeBot/1.0; [email protected])"
216.73.216.73 - - [20/Jul/2025:14:15:59 +0000] "GET /info/nonse62342653 HTTP/1.1" 404 16276 "-" "Mozilla/5.0 AppleWebKit/537.36 (KHTML, like Gecko; compatible; ClaudeBot/1.0; [email protected])"
216.73.216.73 - - [20/Jul/2025:14:16:02 +0000] "GET /info/past12420456 HTTP/1.1" 404 16276 "-" "Mozilla/5.0 AppleWebKit/537.36 (KHTML, like Gecko; compatible; ClaudeBot/1.0; [email protected])"
216.73.216.73 - - [20/Jul/2025:14:16:05 +0000] "GET /info/lump62990613 HTTP/1.1" 404 16276 "-" "Mozilla/5.0 AppleWebKit/537.36 (KHTML, like Gecko; compatible; ClaudeBot/1.0; [email protected])"
216.73.216.73 - - [20/Jul/2025:14:16:09 +0000] "GET /info/high21152633 HTTP/1.1" 404 16276 "-" "Mozilla/5.0 AppleWebKit/537.36 (KHTML, like Gecko; compatible; ClaudeBot/1.0; [email protected])"
209.74.77.214 - - [20/Jul/2025:14:16:13 +0000] "POST /wp-cron.php?doing_wp_cron=1753020973.0694949626922607421875 HTTP/1.1" 200 - "-" "WordPress/6.8.2; https://theoldhouse.cafe"
216.73.216.73 - - [20/Jul/2025:14:16:12 +0000] "GET /info/glory11447640 HTTP/1.1" 404 16276 "-" "Mozilla/5.0 AppleWebKit/537.36 (KHTML, like Gecko; compatible; ClaudeBot/1.0; [email protected])"
216.73.216.73 - - [20/Jul/2025:14:16:14 +0000] "GET /info/ignor52477860 HTTP/1.1" 404 16276 "-" "Mozilla/5.0 AppleWebKit/537.36 (KHTML, like Gecko; compatible; ClaudeBot/1.0; [email protected])"
216.73.216.73 - - [20/Jul/2025:14:16:17 +0000] "GET /info/setti30598154 HTTP/1.1" 404 16276 "-" "Mozilla/5.0 AppleWebKit/537.36 (KHTML, like Gecko; compatible; ClaudeBot/1.0; [email protected])"
216.73.216.73 - - [20/Jul/2025:14:16:20 +0000] "GET /info/tongu11100264 HTTP/1.1" 404 16276 "-" "Mozilla/5.0 AppleWebKit/537.36 (KHTML, like Gecko; compatible; ClaudeBot/1.0; [email protected])"
216.73.216.73 - - [20/Jul/2025:14:16:23 +0000] "GET /info/evil51226396 HTTP/1.1" 404 16276 "-" "Mozilla/5.0 AppleWebKit/537.36 (KHTML, like Gecko; compatible; ClaudeBot/1.0; [email protected])"
216.73.216.73 - - [20/Jul/2025:14:16:26 +0000] "GET /info/eyesi72118846 HTTP/1.1" 404 16276 "-" "Mozilla/5.0 AppleWebKit/537.36 (KHTML, like Gecko; compatible; ClaudeBot/1.0; [email protected])"
216.73.216.73 - - [20/Jul/2025:14:16:29 +0000] "GET /info/cattl20030633 HTTP/1.1" 404 16276 "-" "Mozilla/5.0 AppleWebKit/537.36 (KHTML, like Gecko; compatible; ClaudeBot/1.0; [email protected])"
216.73.216.73 - - [20/Jul/2025:14:16:32 +0000] "GET /info/gaze82066871 HTTP/1.1" 404 16276 "-" "Mozilla/5.0 AppleWebKit/537.36 (KHTML, like Gecko; compatible; ClaudeBot/1.0; [email protected])"
216.73.216.73 - - [20/Jul/2025:14:16:35 +0000] "GET /info/insis20637289 HTTP/1.1" 404 16276 "-" "Mozilla/5.0 AppleWebKit/537.36 (KHTML, like Gecko; compatible; ClaudeBot/1.0; [email protected])"
216.73.216.73 - - [20/Jul/2025:14:16:39 +0000] "GET /info/onto42263419 HTTP/1.1" 404 16276 "-" "Mozilla/5.0 AppleWebKit/537.36 (KHTML, like Gecko; compatible; ClaudeBot/1.0; [email protected])"
209.74.77.214 - - [20/Jul/2025:14:16:42 +0000] "POST /wp-cron.php?doing_wp_cron=1753021002.6056609153747558593750 HTTP/1.1" 200 - "-" "WordPress/6.8.2; https://theoldhouse.cafe"
216.73.216.73 - - [20/Jul/2025:14:16:42 +0000] "GET /info/chequ10594584 HTTP/1.1" 404 16276 "-" "Mozilla/5.0 AppleWebKit/537.36 (KHTML, like Gecko; compatible; ClaudeBot/1.0; [email protected])"
216.73.216.73 - - [20/Jul/2025:14:16:45 +0000] "GET /info/thous22268729 HTTP/1.1" 404 16276 "-" "Mozilla/5.0 AppleWebKit/537.36 (KHTML, like Gecko; compatible; ClaudeBot/1.0; [email protected])"
216.73.216.73 - - [20/Jul/2025:14:16:48 +0000] "GET /info/mite72251862 HTTP/1.1" 404 16276 "-" "Mozilla/5.0 AppleWebKit/537.36 (KHTML, like Gecko; compatible; ClaudeBot/1.0; [email protected])"
216.73.216.73 - - [20/Jul/2025:14:16:51 +0000] "GET /info/cabba71520838 HTTP/1.1" 404 16276 "-" "Mozilla/5.0 AppleWebKit/537.36 (KHTML, like Gecko; compatible; ClaudeBot/1.0; [email protected])"
216.73.216.73 - - [20/Jul/2025:14:16:56 +0000] "GET /info/syste50334700 HTTP/1.1" 404 16276 "-" "Mozilla/5.0 AppleWebKit/537.36 (KHTML, like Gecko; compatible; ClaudeBot/1.0; [email protected])"
216.73.216.73 - - [20/Jul/2025:14:16:57 +0000] "GET /info/defin22186137 HTTP/1.1" 404 16276 "-" "Mozilla/5.0 AppleWebKit/537.36 (KHTML, like Gecko; compatible; ClaudeBot/1.0; [email protected])"
216.73.216.73 - - [20/Jul/2025:14:17:00 +0000] "GET /info/hour30332482 HTTP/1.1" 404 16276 "-" "Mozilla/5.0 AppleWebKit/537.36 (KHTML, like Gecko; compatible; ClaudeBot/1.0; [email protected])"
216.73.216.73 - - [20/Jul/2025:14:17:03 +0000] "GET /info/chann41839491 HTTP/1.1" 404 16276 "-" "Mozilla/5.0 AppleWebKit/537.36 (KHTML, like Gecko; compatible; ClaudeBot/1.0; [email protected])"
216.73.216.73 - - [20/Jul/2025:14:17:06 +0000] "GET /info/sink52765764 HTTP/1.1" 404 16276 "-" "Mozilla/5.0 AppleWebKit/537.36 (KHTML, like Gecko; compatible; ClaudeBot/1.0; [email protected])"
216.73.216.73 - - [20/Jul/2025:14:17:09 +0000] "GET /info/fan10596128 HTTP/1.1" 404 16277 "-" "Mozilla/5.0 AppleWebKit/537.36 (KHTML, like Gecko; compatible; ClaudeBot/1.0; [email protected])"
216.73.216.73 - - [20/Jul/2025:14:17:12 +0000] "GET /info/patte11342096 HTTP/1.1" 404 16276 "-" "Mozilla/5.0 AppleWebKit/537.36 (KHTML, like Gecko; compatible; ClaudeBot/1.0; [email protected])"
209.74.77.214 - - [20/Jul/2025:14:17:15 +0000] "POST /wp-cron.php?doing_wp_cron=1753021035.6432070732116699218750 HTTP/1.1" 200 - "-" "WordPress/6.8.2; https://theoldhouse.cafe"
216.73.216.73 - - [20/Jul/2025:14:17:15 +0000] "GET /info/treme61841925 HTTP/1.1" 404 16276 "-" "Mozilla/5.0 AppleWebKit/537.36 (KHTML, like Gecko; compatible; ClaudeBot/1.0; [email protected])"
216.73.216.73 - - [20/Jul/2025:14:17:18 +0000] "GET /info/hobby62092069 HTTP/1.1" 404 16276 "-" "Mozilla/5.0 AppleWebKit/537.36 (KHTML, like Gecko; compatible; ClaudeBot/1.0; [email protected])"
216.73.216.73 - - [20/Jul/2025:14:17:21 +0000] "GET /info/stron72352982 HTTP/1.1" 404 16276 "-" "Mozilla/5.0 AppleWebKit/537.36 (KHTML, like Gecko; compatible; ClaudeBot/1.0; [email protected])"
216.73.216.73 - - [20/Jul/2025:14:17:24 +0000] "GET /info/duty50948500 HTTP/1.1" 404 16276 "-" "Mozilla/5.0 AppleWebKit/537.36 (KHTML, like Gecko; compatible; ClaudeBot/1.0; [email protected])"
216.73.216.73 - - [20/Jul/2025:14:17:29 +0000] "GET /info/moist21495153 HTTP/1.1" 404 16276 "-" "Mozilla/5.0 AppleWebKit/537.36 (KHTML, like Gecko; compatible; ClaudeBot/1.0; [email protected])"
216.73.216.73 - - [20/Jul/2025:14:17:31 +0000] "GET /info/loose41550867 HTTP/1.1" 404 16276 "-" "Mozilla/5.0 AppleWebKit/537.36 (KHTML, like Gecko; compatible; ClaudeBot/1.0; [email protected])"
216.73.216.73 - - [20/Jul/2025:14:17:33 +0000] "GET /info/abstr11930208 HTTP/1.1" 404 16276 "-" "Mozilla/5.0 AppleWebKit/537.36 (KHTML, like Gecko; compatible; ClaudeBot/1.0; [email protected])"
216.73.216.73 - - [20/Jul/2025:14:17:36 +0000] "GET /info/mains41545843 HTTP/1.1" 404 16276 "-" "Mozilla/5.0 AppleWebKit/537.36 (KHTML, like Gecko; compatible; ClaudeBot/1.0; [email protected])"
216.73.216.73 - - [20/Jul/2025:14:17:39 +0000] "GET /info/nine22888897 HTTP/1.1" 404 16277 "-" "Mozilla/5.0 AppleWebKit/537.36 (KHTML, like Gecko; compatible; ClaudeBot/1.0; [email protected])"
209.74.77.214 - - [20/Jul/2025:14:17:42 +0000] "POST /wp-cron.php?doing_wp_cron=1753021062.6355779170989990234375 HTTP/1.1" 200 - "-" "WordPress/6.8.2; https://theoldhouse.cafe"
216.73.216.73 - - [20/Jul/2025:14:17:42 +0000] "GET /info/an22529689 HTTP/1.1" 404 16276 "-" "Mozilla/5.0 AppleWebKit/537.36 (KHTML, like Gecko; compatible; ClaudeBot/1.0; [email protected])"
216.73.216.73 - - [20/Jul/2025:14:17:45 +0000] "GET /info/ankle62342925 HTTP/1.1" 404 16276 "-" "Mozilla/5.0 AppleWebKit/537.36 (KHTML, like Gecko; compatible; ClaudeBot/1.0; [email protected])"
216.73.216.73 - - [20/Jul/2025:14:17:48 +0000] "GET /info/rosy12735880 HTTP/1.1" 404 16276 "-" "Mozilla/5.0 AppleWebKit/537.36 (KHTML, like Gecko; compatible; ClaudeBot/1.0; [email protected])"
216.73.216.73 - - [20/Jul/2025:14:17:51 +0000] "GET /info/gape21127841 HTTP/1.1" 404 16276 "-" "Mozilla/5.0 AppleWebKit/537.36 (KHTML, like Gecko; compatible; ClaudeBot/1.0; [email protected])"
216.73.216.73 - - [20/Jul/2025:14:17:58 +0000] "GET /info/hones61668821 HTTP/1.1" 404 16276 "-" "Mozilla/5.0 AppleWebKit/537.36 (KHTML, like Gecko; compatible; ClaudeBot/1.0; [email protected])"
216.73.216.73 - - [20/Jul/2025:14:18:00 +0000] "GET /info/autog70269662 HTTP/1.1" 404 16276 "-" "Mozilla/5.0 AppleWebKit/537.36 (KHTML, like Gecko; compatible; ClaudeBot/1.0; [email protected])"
216.73.216.73 - - [20/Jul/2025:14:18:03 +0000] "GET /info/tell42177427 HTTP/1.1" 404 16276 "-" "Mozilla/5.0 AppleWebKit/537.36 (KHTML, like Gecko; compatible; ClaudeBot/1.0; [email protected])"
216.73.216.73 - - [20/Jul/2025:14:18:06 +0000] "GET /info/uniqu30434074 HTTP/1.1" 404 16276 "-" "Mozilla/5.0 AppleWebKit/537.36 (KHTML, like Gecko; compatible; ClaudeBot/1.0; [email protected])"
216.73.216.73 - - [20/Jul/2025:14:18:09 +0000] "GET /info/capit52164108 HTTP/1.1" 404 16276 "-" "Mozilla/5.0 AppleWebKit/537.36 (KHTML, like Gecko; compatible; ClaudeBot/1.0; [email protected])"
216.73.216.73 - - [20/Jul/2025:14:18:12 +0000] "GET /info/aroun12581192 HTTP/1.1" 404 16275 "-" "Mozilla/5.0 AppleWebKit/537.36 (KHTML, like Gecko; compatible; ClaudeBot/1.0; [email protected])"
209.74.77.214 - - [20/Jul/2025:14:18:15 +0000] "POST /wp-cron.php?doing_wp_cron=1753021095.4589569568634033203125 HTTP/1.1" 200 - "-" "WordPress/6.8.2; https://theoldhouse.cafe"
216.73.216.73 - - [20/Jul/2025:14:18:15 +0000] "GET /info/dip62311197 HTTP/1.1" 404 16275 "-" "Mozilla/5.0 AppleWebKit/537.36 (KHTML, like Gecko; compatible; ClaudeBot/1.0; [email protected])"
216.73.216.73 - - [20/Jul/2025:14:18:18 +0000] "GET /info/resor62027477 HTTP/1.1" 404 16275 "-" "Mozilla/5.0 AppleWebKit/537.36 (KHTML, like Gecko; compatible; ClaudeBot/1.0; [email protected])"
216.73.216.73 - - [20/Jul/2025:14:18:21 +0000] "GET /info/usual10953072 HTTP/1.1" 404 16276 "-" "Mozilla/5.0 AppleWebKit/537.36 (KHTML, like Gecko; compatible; ClaudeBot/1.0; [email protected])"
216.73.216.73 - - [20/Jul/2025:14:18:24 +0000] "GET /info/gun21108713 HTTP/1.1" 404 16276 "-" "Mozilla/5.0 AppleWebKit/537.36 (KHTML, like Gecko; compatible; ClaudeBot/1.0; [email protected])"
216.73.216.73 - - [20/Jul/2025:14:18:27 +0000] "GET /info/moist20215153 HTTP/1.1" 404 16276 "-" "Mozilla/5.0 AppleWebKit/537.36 (KHTML, like Gecko; compatible; ClaudeBot/1.0; [email protected])"
216.73.216.73 - - [20/Jul/2025:14:18:30 +0000] "GET /info/menti22953145 HTTP/1.1" 404 16276 "-" "Mozilla/5.0 AppleWebKit/537.36 (KHTML, like Gecko; compatible; ClaudeBot/1.0; [email protected])"
216.73.216.73 - - [20/Jul/2025:14:18:33 +0000] "GET /info/someh22219617 HTTP/1.1" 404 16276 "-" "Mozilla/5.0 AppleWebKit/537.36 (KHTML, like Gecko; compatible; ClaudeBot/1.0; [email protected])"
216.73.216.73 - - [20/Jul/2025:14:18:36 +0000] "GET /info/indis21998321 HTTP/1.1" 404 16276 "-" "Mozilla/5.0 AppleWebKit/537.36 (KHTML, like Gecko; compatible; ClaudeBot/1.0; [email protected])"
216.73.216.73 - - [20/Jul/2025:14:18:39 +0000] "GET /info/super21296409 HTTP/1.1" 404 16276 "-" "Mozilla/5.0 AppleWebKit/537.36 (KHTML, like Gecko; compatible; ClaudeBot/1.0; [email protected])"
209.74.77.214 - - [20/Jul/2025:14:18:42 +0000] "POST /wp-cron.php?doing_wp_cron=1753021122.4525349140167236328125 HTTP/1.1" 200 - "-" "WordPress/6.8.2; https://theoldhouse.cafe"
216.73.216.73 - - [20/Jul/2025:14:18:42 +0000] "GET /info/setti31514154 HTTP/1.1" 404 16276 "-" "Mozilla/5.0 AppleWebKit/537.36 (KHTML, like Gecko; compatible; ClaudeBot/1.0; [email protected])"
216.73.216.73 - - [20/Jul/2025:14:18:45 +0000] "GET /info/fuel82902759 HTTP/1.1" 404 16276 "-" "Mozilla/5.0 AppleWebKit/537.36 (KHTML, like Gecko; compatible; ClaudeBot/1.0; [email protected])"
216.73.216.73 - - [20/Jul/2025:14:18:48 +0000] "GET /info/drip22418593 HTTP/1.1" 404 16276 "-" "Mozilla/5.0 AppleWebKit/537.36 (KHTML, like Gecko; compatible; ClaudeBot/1.0; [email protected])"
216.73.216.73 - - [20/Jul/2025:14:18:51 +0000] "GET /info/pie12208576 HTTP/1.1" 404 16276 "-" "Mozilla/5.0 AppleWebKit/537.36 (KHTML, like Gecko; compatible; ClaudeBot/1.0; [email protected])"
216.73.216.73 - - [20/Jul/2025:14:18:54 +0000] "GET /info/unaff40790027 HTTP/1.1" 404 16276 "-" "Mozilla/5.0 AppleWebKit/537.36 (KHTML, like Gecko; compatible; ClaudeBot/1.0; [email protected])"
216.73.216.73 - - [20/Jul/2025:14:18:57 +0000] "GET /info/plum30799874 HTTP/1.1" 404 16276 "-" "Mozilla/5.0 AppleWebKit/537.36 (KHTML, like Gecko; compatible; ClaudeBot/1.0; [email protected])"
216.73.216.73 - - [20/Jul/2025:14:19:00 +0000] "GET /info/scand31523794 HTTP/1.1" 404 16276 "-" "Mozilla/5.0 AppleWebKit/537.36 (KHTML, like Gecko; compatible; ClaudeBot/1.0; [email protected])"
216.73.216.73 - - [20/Jul/2025:14:19:03 +0000] "GET /info/prepa70884166 HTTP/1.1" 404 16276 "-" "Mozilla/5.0 AppleWebKit/537.36 (KHTML, like Gecko; compatible; ClaudeBot/1.0; [email protected])"
216.73.216.73 - - [20/Jul/2025:14:19:06 +0000] "GET /info/tray70994726 HTTP/1.1" 404 16276 "-" "Mozilla/5.0 AppleWebKit/537.36 (KHTML, like Gecko; compatible; ClaudeBot/1.0; [email protected])"
216.73.216.73 - - [20/Jul/2025:14:19:09 +0000] "GET /info/awake60373685 HTTP/1.1" 404 16277 "-" "Mozilla/5.0 AppleWebKit/537.36 (KHTML, like Gecko; compatible; ClaudeBot/1.0; [email protected])"
216.73.216.73 - - [20/Jul/2025:14:19:12 +0000] "GET /info/targe21119761 HTTP/1.1" 404 16276 "-" "Mozilla/5.0 AppleWebKit/537.36 (KHTML, like Gecko; compatible; ClaudeBot/1.0; [email protected])"
209.74.77.214 - - [20/Jul/2025:14:19:15 +0000] "POST /wp-cron.php?doing_wp_cron=1753021155.4545869827270507812500 HTTP/1.1" 200 - "-" "WordPress/6.8.2; https://theoldhouse.cafe"
216.73.216.73 - - [20/Jul/2025:14:19:15 +0000] "GET /info/radar50119380 HTTP/1.1" 404 16276 "-" "Mozilla/5.0 AppleWebKit/537.36 (KHTML, like Gecko; compatible; ClaudeBot/1.0; [email protected])"
216.73.216.73 - - [20/Jul/2025:14:19:19 +0000] "GET /info/rude42217515 HTTP/1.1" 404 16276 "-" "Mozilla/5.0 AppleWebKit/537.36 (KHTML, like Gecko; compatible; ClaudeBot/1.0; [email protected])"
216.73.216.73 - - [20/Jul/2025:14:19:24 +0000] "GET /info/budge30070026 HTTP/1.1" 404 16276 "-" "Mozilla/5.0 AppleWebKit/537.36 (KHTML, like Gecko; compatible; ClaudeBot/1.0; [email protected])"
195.200.26.27 - - [20/Jul/2025:14:19:27 +0000] "GET / HTTP/1.1" 301 - "-" "Mozilla/5.0 (Macintosh; Intel Mac OS X 10_15_7) AppleWebKit/537.36 (KHTML, like Gecko) Chrome/133.0.0.0 Safari/537.36"
216.73.216.73 - - [20/Jul/2025:14:19:27 +0000] "GET /info/rap30579882 HTTP/1.1" 404 16277 "-" "Mozilla/5.0 AppleWebKit/537.36 (KHTML, like Gecko; compatible; ClaudeBot/1.0; [email protected])"
195.200.26.27 - - [20/Jul/2025:14:19:28 +0000] "GET / HTTP/1.1" 200 22750 "https://THEOLDHOUSE.CAFE" "Mozilla/5.0 (Macintosh; Intel Mac OS X 10_15_7) AppleWebKit/537.36 (KHTML, like Gecko) Chrome/133.0.0.0 Safari/537.36"
195.200.26.27 - - [20/Jul/2025:14:19:29 +0000] "GET /comments/feed/ HTTP/1.1" 200 421 "-" "Mozilla/5.0 (Macintosh; Intel Mac OS X 10_15_7) AppleWebKit/537.36 (KHTML, like Gecko) Chrome/133.0.0.0 Safari/537.36"
195.200.26.27 - - [20/Jul/2025:14:19:30 +0000] "GET /contact/ HTTP/1.1" 200 17086 "-" "Mozilla/5.0 (Macintosh; Intel Mac OS X 10_15_7) AppleWebKit/537.36 (KHTML, like Gecko) Chrome/133.0.0.0 Safari/537.36"
216.73.216.73 - - [20/Jul/2025:14:19:31 +0000] "GET /info/bomb40075003 HTTP/1.1" 404 16276 "-" "Mozilla/5.0 AppleWebKit/537.36 (KHTML, like Gecko; compatible; ClaudeBot/1.0; [email protected])"
195.200.26.27 - - [20/Jul/2025:14:19:31 +0000] "GET /wp-content/uploads/2024/09/Untitled-delksign-scaled.jpg HTTP/1.1" 200 521828 "-" "Mozilla/5.0 (Macintosh; Intel Mac OS X 10_15_7) AppleWebKit/537.36 (KHTML, like Gecko) Chrome/133.0.0.0 Safari/537.36"
216.73.216.73 - - [20/Jul/2025:14:19:33 +0000] "GET /info/fair50461068 HTTP/1.1" 404 16276 "-" "Mozilla/5.0 AppleWebKit/537.36 (KHTML, like Gecko; compatible; ClaudeBot/1.0; [email protected])"
216.73.216.73 - - [20/Jul/2025:14:19:36 +0000] "GET /info/eye80921295 HTTP/1.1" 404 16277 "-" "Mozilla/5.0 AppleWebKit/537.36 (KHTML, like Gecko; compatible; ClaudeBot/1.0; [email protected])"
216.73.216.73 - - [20/Jul/2025:14:19:39 +0000] "GET /info/forwa10696560 HTTP/1.1" 404 16276 "-" "Mozilla/5.0 AppleWebKit/537.36 (KHTML, like Gecko; compatible; ClaudeBot/1.0; [email protected])"
209.74.77.214 - - [20/Jul/2025:14:19:43 +0000] "POST /wp-cron.php?doing_wp_cron=1753021183.2155809402465820312500 HTTP/1.1" 200 - "-" "WordPress/6.8.2; https://theoldhouse.cafe"
