216.73.216.73 - - [20/Jul/2025:13:46:46 +0000] "GET /info/prepo20331633 HTTP/1.1" 404 16276 "-" "Mozilla/5.0 AppleWebKit/537.36 (KHTML, like Gecko; compatible; ClaudeBot/1.0; [email protected])"
216.73.216.73 - - [20/Jul/2025:13:46:49 +0000] "GET /info/immob12781992 HTTP/1.1" 404 16277 "-" "Mozilla/5.0 AppleWebKit/537.36 (KHTML, like Gecko; compatible; ClaudeBot/1.0; [email protected])"
216.73.216.73 - - [20/Jul/2025:13:46:52 +0000] "GET /info/bulle41854603 HTTP/1.1" 404 16276 "-" "Mozilla/5.0 AppleWebKit/537.36 (KHTML, like Gecko; compatible; ClaudeBot/1.0; [email protected])"
216.73.216.73 - - [20/Jul/2025:13:46:55 +0000] "GET /info/candl20744385 HTTP/1.1" 404 16276 "-" "Mozilla/5.0 AppleWebKit/537.36 (KHTML, like Gecko; compatible; ClaudeBot/1.0; [email protected])"
216.73.216.73 - - [20/Jul/2025:13:46:58 +0000] "GET /info/king50580316 HTTP/1.1" 404 16276 "-" "Mozilla/5.0 AppleWebKit/537.36 (KHTML, like Gecko; compatible; ClaudeBot/1.0; [email protected])"
216.73.216.73 - - [20/Jul/2025:13:47:01 +0000] "GET /info/furna81327359 HTTP/1.1" 404 16277 "-" "Mozilla/5.0 AppleWebKit/537.36 (KHTML, like Gecko; compatible; ClaudeBot/1.0; [email protected])"
216.73.216.73 - - [20/Jul/2025:13:47:06 +0000] "GET /info/banan32353106 HTTP/1.1" 404 16277 "-" "Mozilla/5.0 AppleWebKit/537.36 (KHTML, like Gecko; compatible; ClaudeBot/1.0; [email protected])"
66.249.74.11 - - [20/Jul/2025:13:47:08 +0000] "GET /info/suita50005340/ HTTP/1.1" 200 39941 "-" "Mozilla/5.0 (Linux; Android 6.0.1; Nexus 5X Build/MMB29P) AppleWebKit/537.36 (KHTML, like Gecko) Chrome/137.0.7151.103 Mobile Safari/537.36 (compatible; Googlebot/2.1; +http://www.google.com/bot.html)"
216.73.216.73 - - [20/Jul/2025:13:47:09 +0000] "GET /info/optio12038024 HTTP/1.1" 404 16277 "-" "Mozilla/5.0 AppleWebKit/537.36 (KHTML, like Gecko; compatible; ClaudeBot/1.0; [email protected])"
216.73.216.73 - - [20/Jul/2025:13:47:12 +0000] "GET /info/new32528018 HTTP/1.1" 404 16277 "-" "Mozilla/5.0 AppleWebKit/537.36 (KHTML, like Gecko; compatible; ClaudeBot/1.0; [email protected])"
209.74.77.214 - - [20/Jul/2025:13:47:15 +0000] "POST /wp-cron.php?doing_wp_cron=1753019235.3005919456481933593750 HTTP/1.1" 200 - "-" "WordPress/6.8.2; https://theoldhouse.cafe"
216.73.216.73 - - [20/Jul/2025:13:47:15 +0000] "GET /info/prais12077256 HTTP/1.1" 404 16277 "-" "Mozilla/5.0 AppleWebKit/537.36 (KHTML, like Gecko; compatible; ClaudeBot/1.0; [email protected])"
216.73.216.73 - - [20/Jul/2025:13:47:19 +0000] "GET /info/rod10319224 HTTP/1.1" 404 16277 "-" "Mozilla/5.0 AppleWebKit/537.36 (KHTML, like Gecko; compatible; ClaudeBot/1.0; [email protected])"
216.73.216.73 - - [20/Jul/2025:13:47:21 +0000] "GET /info/cure42587099 HTTP/1.1" 404 16276 "-" "Mozilla/5.0 AppleWebKit/537.36 (KHTML, like Gecko; compatible; ClaudeBot/1.0; [email protected])"
216.73.216.73 - - [20/Jul/2025:13:47:24 +0000] "GET /info/swim62513405 HTTP/1.1" 404 16277 "-" "Mozilla/5.0 AppleWebKit/537.36 (KHTML, like Gecko; compatible; ClaudeBot/1.0; [email protected])"
216.73.216.73 - - [20/Jul/2025:13:47:27 +0000] "GET /info/meeti20064505 HTTP/1.1" 404 16277 "-" "Mozilla/5.0 AppleWebKit/537.36 (KHTML, like Gecko; compatible; ClaudeBot/1.0; [email protected])"
216.73.216.73 - - [20/Jul/2025:13:47:30 +0000] "GET /info/searc22372097 HTTP/1.1" 404 16277 "-" "Mozilla/5.0 AppleWebKit/537.36 (KHTML, like Gecko; compatible; ClaudeBot/1.0; [email protected])"
216.73.216.73 - - [20/Jul/2025:13:47:33 +0000] "GET /info/hospi12189272 HTTP/1.1" 404 16277 "-" "Mozilla/5.0 AppleWebKit/537.36 (KHTML, like Gecko; compatible; ClaudeBot/1.0; [email protected])"
216.73.216.73 - - [20/Jul/2025:13:47:36 +0000] "GET /info/presu80123711 HTTP/1.1" 404 16277 "-" "Mozilla/5.0 AppleWebKit/537.36 (KHTML, like Gecko; compatible; ClaudeBot/1.0; [email protected])"
216.73.216.73 - - [20/Jul/2025:13:47:40 +0000] "GET /info/aviat72565878 HTTP/1.1" 404 16276 "-" "Mozilla/5.0 AppleWebKit/537.36 (KHTML, like Gecko; compatible; ClaudeBot/1.0; [email protected])"
66.249.74.12 - - [20/Jul/2025:13:47:40 +0000] "POST /get-message-notify HTTP/1.1" 200 40210 "https://theoldhouse.cafe/info/suita50005340/" "Mozilla/5.0 (Linux; Android 6.0.1; Nexus 5X Build/MMB29P) AppleWebKit/537.36 (KHTML, like Gecko) Chrome/137.0.7151.119 Mobile Safari/537.36 (compatible; Googlebot/2.1; +http://www.google.com/bot.html)"
209.74.77.214 - - [20/Jul/2025:13:47:42 +0000] "POST /wp-cron.php?doing_wp_cron=1753019262.3549189567565917968750 HTTP/1.1" 200 - "-" "WordPress/6.8.2; https://theoldhouse.cafe"
216.73.216.73 - - [20/Jul/2025:13:47:42 +0000] "GET /info/massi21825985 HTTP/1.1" 404 16276 "-" "Mozilla/5.0 AppleWebKit/537.36 (KHTML, like Gecko; compatible; ClaudeBot/1.0; [email protected])"
216.73.216.73 - - [20/Jul/2025:13:47:45 +0000] "GET /info/noon42416483 HTTP/1.1" 404 16276 "-" "Mozilla/5.0 AppleWebKit/537.36 (KHTML, like Gecko; compatible; ClaudeBot/1.0; [email protected])"
216.73.216.73 - - [20/Jul/2025:13:47:48 +0000] "GET /info/resea51104628 HTTP/1.1" 404 16276 "-" "Mozilla/5.0 AppleWebKit/537.36 (KHTML, like Gecko; compatible; ClaudeBot/1.0; [email protected])"
216.73.216.73 - - [20/Jul/2025:13:47:51 +0000] "GET /sitemapc.xml HTTP/1.1" 200 10530 "-" "Mozilla/5.0 AppleWebKit/537.36 (KHTML, like Gecko; compatible; ClaudeBot/1.0; [email protected])"
216.73.216.73 - - [20/Jul/2025:13:47:57 +0000] "GET /info/agric30547242 HTTP/1.1" 404 16277 "-" "Mozilla/5.0 AppleWebKit/537.36 (KHTML, like Gecko; compatible; ClaudeBot/1.0; [email protected])"
216.73.216.73 - - [20/Jul/2025:13:48:00 +0000] "GET /info/catal22810193 HTTP/1.1" 404 16276 "-" "Mozilla/5.0 AppleWebKit/537.36 (KHTML, like Gecko; compatible; ClaudeBot/1.0; [email protected])"
216.73.216.73 - - [20/Jul/2025:13:48:01 +0000] "GET /info/holy21730969 HTTP/1.1" 404 16276 "-" "Mozilla/5.0 AppleWebKit/537.36 (KHTML, like Gecko; compatible; ClaudeBot/1.0; [email protected])"
216.73.216.73 - - [20/Jul/2025:13:48:04 +0000] "GET /info/becau72040742 HTTP/1.1" 404 16276 "-" "Mozilla/5.0 AppleWebKit/537.36 (KHTML, like Gecko; compatible; ClaudeBot/1.0; [email protected])"
216.73.216.73 - - [20/Jul/2025:13:48:07 +0000] "GET /info/seat31960106 HTTP/1.1" 404 16277 "-" "Mozilla/5.0 AppleWebKit/537.36 (KHTML, like Gecko; compatible; ClaudeBot/1.0; [email protected])"
216.73.216.73 - - [20/Jul/2025:13:48:10 +0000] "GET /info/hurry81193231 HTTP/1.1" 404 16276 "-" "Mozilla/5.0 AppleWebKit/537.36 (KHTML, like Gecko; compatible; ClaudeBot/1.0; [email protected])"
209.74.77.214 - - [20/Jul/2025:13:48:14 +0000] "POST /wp-cron.php?doing_wp_cron=1753019294.1807539463043212890625 HTTP/1.1" 200 - "-" "WordPress/6.8.2; https://theoldhouse.cafe"
216.73.216.73 - - [20/Jul/2025:13:48:14 +0000] "GET /info/libra11917200 HTTP/1.1" 404 16276 "-" "Mozilla/5.0 AppleWebKit/537.36 (KHTML, like Gecko; compatible; ClaudeBot/1.0; [email protected])"
216.73.216.73 - - [20/Jul/2025:13:48:16 +0000] "GET /info/knit40279403 HTTP/1.1" 404 16276 "-" "Mozilla/5.0 AppleWebKit/537.36 (KHTML, like Gecko; compatible; ClaudeBot/1.0; [email protected])"
216.73.216.73 - - [20/Jul/2025:13:48:19 +0000] "GET /info/meado32858514 HTTP/1.1" 404 16277 "-" "Mozilla/5.0 AppleWebKit/537.36 (KHTML, like Gecko; compatible; ClaudeBot/1.0; [email protected])"
66.249.74.12 - - [20/Jul/2025:13:48:20 +0000] "GET /info/willi20283545/ HTTP/1.1" 200 39973 "-" "Mozilla/5.0 (Linux; Android 6.0.1; Nexus 5X Build/MMB29P) AppleWebKit/537.36 (KHTML, like Gecko) Chrome/137.0.7151.103 Mobile Safari/537.36 (compatible; Googlebot/2.1; +http://www.google.com/bot.html)"
216.73.216.73 - - [20/Jul/2025:13:48:22 +0000] "GET /info/meek22763865 HTTP/1.1" 404 16276 "-" "Mozilla/5.0 AppleWebKit/537.36 (KHTML, like Gecko; compatible; ClaudeBot/1.0; [email protected])"
216.73.216.73 - - [20/Jul/2025:13:48:25 +0000] "GET /info/tough80277927 HTTP/1.1" 404 16276 "-" "Mozilla/5.0 AppleWebKit/537.36 (KHTML, like Gecko; compatible; ClaudeBot/1.0; [email protected])"
216.73.216.73 - - [20/Jul/2025:13:48:28 +0000] "GET /info/bathr22100689 HTTP/1.1" 404 16276 "-" "Mozilla/5.0 AppleWebKit/537.36 (KHTML, like Gecko; compatible; ClaudeBot/1.0; [email protected])"
216.73.216.73 - - [20/Jul/2025:13:48:31 +0000] "GET /info/downw22406481 HTTP/1.1" 404 16276 "-" "Mozilla/5.0 AppleWebKit/537.36 (KHTML, like Gecko; compatible; ClaudeBot/1.0; [email protected])"
216.73.216.73 - - [20/Jul/2025:13:48:34 +0000] "GET /info/poiso30073954 HTTP/1.1" 404 16276 "-" "Mozilla/5.0 AppleWebKit/537.36 (KHTML, like Gecko; compatible; ClaudeBot/1.0; [email protected])"
216.73.216.73 - - [20/Jul/2025:13:48:38 +0000] "GET /info/dale40935955 HTTP/1.1" 404 16276 "-" "Mozilla/5.0 AppleWebKit/537.36 (KHTML, like Gecko; compatible; ClaudeBot/1.0; [email protected])"
216.73.216.73 - - [20/Jul/2025:13:48:40 +0000] "GET /info/lose71041534 HTTP/1.1" 404 16276 "-" "Mozilla/5.0 AppleWebKit/537.36 (KHTML, like Gecko; compatible; ClaudeBot/1.0; [email protected])"
66.249.74.12 - - [20/Jul/2025:13:48:40 +0000] "GET /info/faste52003620/ HTTP/1.1" 200 40588 "-" "Mozilla/5.0 (Linux; Android 6.0.1; Nexus 5X Build/MMB29P) AppleWebKit/537.36 (KHTML, like Gecko) Chrome/137.0.7151.103 Mobile Safari/537.36 (compatible; Googlebot/2.1; +http://www.google.com/bot.html)"
209.74.77.214 - - [20/Jul/2025:13:48:43 +0000] "POST /wp-cron.php?doing_wp_cron=1753019323.6970670223236083984375 HTTP/1.1" 200 - "-" "WordPress/6.8.2; https://theoldhouse.cafe"
216.73.216.73 - - [20/Jul/2025:13:48:43 +0000] "GET /info/privi62802853 HTTP/1.1" 404 16276 "-" "Mozilla/5.0 AppleWebKit/537.36 (KHTML, like Gecko; compatible; ClaudeBot/1.0; [email protected])"
216.73.216.73 - - [20/Jul/2025:13:48:46 +0000] "GET /info/corre20324841 HTTP/1.1" 404 16276 "-" "Mozilla/5.0 AppleWebKit/537.36 (KHTML, like Gecko; compatible; ClaudeBot/1.0; [email protected])"
216.73.216.73 - - [20/Jul/2025:13:48:49 +0000] "GET /info/shrie30562930 HTTP/1.1" 404 16276 "-" "Mozilla/5.0 AppleWebKit/537.36 (KHTML, like Gecko; compatible; ClaudeBot/1.0; [email protected])"
216.73.216.73 - - [20/Jul/2025:13:48:52 +0000] "GET /info/droug51019236 HTTP/1.1" 404 16276 "-" "Mozilla/5.0 AppleWebKit/537.36 (KHTML, like Gecko; compatible; ClaudeBot/1.0; [email protected])"
216.73.216.73 - - [20/Jul/2025:13:48:55 +0000] "GET /info/us22761153 HTTP/1.1" 404 16276 "-" "Mozilla/5.0 AppleWebKit/537.36 (KHTML, like Gecko; compatible; ClaudeBot/1.0; [email protected])"
216.73.216.73 - - [20/Jul/2025:13:48:58 +0000] "GET /info/keybo50680252 HTTP/1.1" 404 16276 "-" "Mozilla/5.0 AppleWebKit/537.36 (KHTML, like Gecko; compatible; ClaudeBot/1.0; [email protected])"
216.73.216.73 - - [20/Jul/2025:13:49:01 +0000] "GET /info/hole80449463 HTTP/1.1" 404 16277 "-" "Mozilla/5.0 AppleWebKit/537.36 (KHTML, like Gecko; compatible; ClaudeBot/1.0; [email protected])"
216.73.216.73 - - [20/Jul/2025:13:49:04 +0000] "GET /info/motio42791075 HTTP/1.1" 404 16277 "-" "Mozilla/5.0 AppleWebKit/537.36 (KHTML, like Gecko; compatible; ClaudeBot/1.0; [email protected])"
216.73.216.73 - - [20/Jul/2025:13:49:07 +0000] "GET /info/pleas40684075 HTTP/1.1" 404 16277 "-" "Mozilla/5.0 AppleWebKit/537.36 (KHTML, like Gecko; compatible; ClaudeBot/1.0; [email protected])"
216.73.216.73 - - [20/Jul/2025:13:49:12 +0000] "GET /info/occur70874678 HTTP/1.1" 404 16277 "-" "Mozilla/5.0 AppleWebKit/537.36 (KHTML, like Gecko; compatible; ClaudeBot/1.0; [email protected])"
209.74.77.214 - - [20/Jul/2025:13:49:13 +0000] "POST /wp-cron.php?doing_wp_cron=1753019353.6998560428619384765625 HTTP/1.1" 200 - "-" "WordPress/6.8.2; https://theoldhouse.cafe"
216.73.216.73 - - [20/Jul/2025:13:49:13 +0000] "GET /info/deal21096801 HTTP/1.1" 404 16277 "-" "Mozilla/5.0 AppleWebKit/537.36 (KHTML, like Gecko; compatible; ClaudeBot/1.0; [email protected])"
216.73.216.73 - - [20/Jul/2025:13:49:16 +0000] "GET /info/abuse71438158 HTTP/1.1" 404 16277 "-" "Mozilla/5.0 AppleWebKit/537.36 (KHTML, like Gecko; compatible; ClaudeBot/1.0; [email protected])"
216.73.216.73 - - [20/Jul/2025:13:49:19 +0000] "GET /info/terro60629549 HTTP/1.1" 404 16277 "-" "Mozilla/5.0 AppleWebKit/537.36 (KHTML, like Gecko; compatible; ClaudeBot/1.0; [email protected])"
216.73.216.73 - - [20/Jul/2025:13:49:22 +0000] "GET /info/forty42416155 HTTP/1.1" 404 16277 "-" "Mozilla/5.0 AppleWebKit/537.36 (KHTML, like Gecko; compatible; ClaudeBot/1.0; [email protected])"
216.73.216.73 - - [20/Jul/2025:13:49:25 +0000] "GET /info/noun51499348 HTTP/1.1" 404 16277 "-" "Mozilla/5.0 AppleWebKit/537.36 (KHTML, like Gecko; compatible; ClaudeBot/1.0; [email protected])"
216.73.216.73 - - [20/Jul/2025:13:49:28 +0000] "GET /info/waist72083766 HTTP/1.1" 404 16277 "-" "Mozilla/5.0 AppleWebKit/537.36 (KHTML, like Gecko; compatible; ClaudeBot/1.0; [email protected])"
216.73.216.73 - - [20/Jul/2025:13:49:31 +0000] "GET /info/beer81215215 HTTP/1.1" 404 16277 "-" "Mozilla/5.0 AppleWebKit/537.36 (KHTML, like Gecko; compatible; ClaudeBot/1.0; [email protected])"
216.73.216.73 - - [20/Jul/2025:13:49:35 +0000] "GET /info/fond21815241 HTTP/1.1" 404 16277 "-" "Mozilla/5.0 AppleWebKit/537.36 (KHTML, like Gecko; compatible; ClaudeBot/1.0; [email protected])"
66.249.74.12 - - [20/Jul/2025:13:49:40 +0000] "GET /info/geogr20252049/ HTTP/1.1" 200 40247 "-" "Mozilla/5.0 (Linux; Android 6.0.1; Nexus 5X Build/MMB29P) AppleWebKit/537.36 (KHTML, like Gecko) Chrome/137.0.7151.103 Mobile Safari/537.36 (compatible; Googlebot/2.1; +http://www.google.com/bot.html)"
209.74.77.214 - - [20/Jul/2025:13:49:42 +0000] "POST /wp-cron.php?doing_wp_cron=1753019382.6089570522308349609375 HTTP/1.1" 200 - "-" "WordPress/6.8.2; https://theoldhouse.cafe"
216.73.216.73 - - [20/Jul/2025:13:49:42 +0000] "GET /info/fur70239646 HTTP/1.1" 404 16277 "-" "Mozilla/5.0 AppleWebKit/537.36 (KHTML, like Gecko; compatible; ClaudeBot/1.0; [email protected])"
216.73.216.73 - - [20/Jul/2025:13:49:44 +0000] "GET /info/pride51252348 HTTP/1.1" 404 16277 "-" "Mozilla/5.0 AppleWebKit/537.36 (KHTML, like Gecko; compatible; ClaudeBot/1.0; [email protected])"
216.73.216.73 - - [20/Jul/2025:13:49:47 +0000] "GET /info/quote10315256 HTTP/1.1" 404 16277 "-" "Mozilla/5.0 AppleWebKit/537.36 (KHTML, like Gecko; compatible; ClaudeBot/1.0; [email protected])"
216.73.216.73 - - [20/Jul/2025:13:49:51 +0000] "GET /info/stimu21690409 HTTP/1.1" 404 16277 "-" "Mozilla/5.0 AppleWebKit/537.36 (KHTML, like Gecko; compatible; ClaudeBot/1.0; [email protected])"
216.73.216.73 - - [20/Jul/2025:13:49:53 +0000] "GET /info/tell42617427 HTTP/1.1" 404 16277 "-" "Mozilla/5.0 AppleWebKit/537.36 (KHTML, like Gecko; compatible; ClaudeBot/1.0; [email protected])"
216.73.216.73 - - [20/Jul/2025:13:49:56 +0000] "GET /info/boy50748692 HTTP/1.1" 404 16277 "-" "Mozilla/5.0 AppleWebKit/537.36 (KHTML, like Gecko; compatible; ClaudeBot/1.0; [email protected])"
216.73.216.73 - - [20/Jul/2025:13:49:59 +0000] "GET /info/consu71561934 HTTP/1.1" 404 16277 "-" "Mozilla/5.0 AppleWebKit/537.36 (KHTML, like Gecko; compatible; ClaudeBot/1.0; [email protected])"
216.73.216.73 - - [20/Jul/2025:13:50:02 +0000] "GET /info/sweet42412211 HTTP/1.1" 404 16276 "-" "Mozilla/5.0 AppleWebKit/537.36 (KHTML, like Gecko; compatible; ClaudeBot/1.0; [email protected])"
216.73.216.73 - - [20/Jul/2025:13:50:05 +0000] "GET /info/ruin70443718 HTTP/1.1" 404 16276 "-" "Mozilla/5.0 AppleWebKit/537.36 (KHTML, like Gecko; compatible; ClaudeBot/1.0; [email protected])"
216.73.216.73 - - [20/Jul/2025:13:50:08 +0000] "GET /info/name81949239 HTTP/1.1" 404 16276 "-" "Mozilla/5.0 AppleWebKit/537.36 (KHTML, like Gecko; compatible; ClaudeBot/1.0; [email protected])"
216.73.216.73 - - [20/Jul/2025:13:50:11 +0000] "GET /info/cat21432081 HTTP/1.1" 404 16276 "-" "Mozilla/5.0 AppleWebKit/537.36 (KHTML, like Gecko; compatible; ClaudeBot/1.0; [email protected])"
209.74.77.214 - - [20/Jul/2025:13:50:14 +0000] "POST /wp-cron.php?doing_wp_cron=1753019414.6748020648956298828125 HTTP/1.1" 200 - "-" "WordPress/6.8.2; https://theoldhouse.cafe"
216.73.216.73 - - [20/Jul/2025:13:50:14 +0000] "GET /info/rope31612114 HTTP/1.1" 404 16276 "-" "Mozilla/5.0 AppleWebKit/537.36 (KHTML, like Gecko; compatible; ClaudeBot/1.0; [email protected])"
216.73.216.73 - - [20/Jul/2025:13:50:17 +0000] "GET /info/rolle30130882 HTTP/1.1" 404 16276 "-" "Mozilla/5.0 AppleWebKit/537.36 (KHTML, like Gecko; compatible; ClaudeBot/1.0; [email protected])"
216.73.216.73 - - [20/Jul/2025:13:50:20 +0000] "GET /info/bid62194093 HTTP/1.1" 404 16276 "-" "Mozilla/5.0 AppleWebKit/537.36 (KHTML, like Gecko; compatible; ClaudeBot/1.0; [email protected])"
216.73.216.73 - - [20/Jul/2025:13:50:23 +0000] "GET /info/cinem40300859 HTTP/1.1" 404 16276 "-" "Mozilla/5.0 AppleWebKit/537.36 (KHTML, like Gecko; compatible; ClaudeBot/1.0; [email protected])"
216.73.216.73 - - [20/Jul/2025:13:50:26 +0000] "GET /info/imply71318222 HTTP/1.1" 404 16277 "-" "Mozilla/5.0 AppleWebKit/537.36 (KHTML, like Gecko; compatible; ClaudeBot/1.0; [email protected])"
216.73.216.73 - - [20/Jul/2025:13:50:29 +0000] "GET /info/furni81557631 HTTP/1.1" 404 16277 "-" "Mozilla/5.0 AppleWebKit/537.36 (KHTML, like Gecko; compatible; ClaudeBot/1.0; [email protected])"
216.73.216.73 - - [20/Jul/2025:13:50:32 +0000] "GET /info/law82705223 HTTP/1.1" 404 16276 "-" "Mozilla/5.0 AppleWebKit/537.36 (KHTML, like Gecko; compatible; ClaudeBot/1.0; [email protected])"
216.73.216.73 - - [20/Jul/2025:13:50:35 +0000] "GET /info/dug70423942 HTTP/1.1" 404 16276 "-" "Mozilla/5.0 AppleWebKit/537.36 (KHTML, like Gecko; compatible; ClaudeBot/1.0; [email protected])"
216.73.216.73 - - [20/Jul/2025:13:50:38 +0000] "GET /info/veter11983368 HTTP/1.1" 404 16276 "-" "Mozilla/5.0 AppleWebKit/537.36 (KHTML, like Gecko; compatible; ClaudeBot/1.0; [email protected])"
66.249.74.11 - - [20/Jul/2025:13:50:40 +0000] "GET /info/fruit41024219/ HTTP/1.1" 200 40330 "-" "Mozilla/5.0 (Linux; Android 6.0.1; Nexus 5X Build/MMB29P) AppleWebKit/537.36 (KHTML, like Gecko) Chrome/137.0.7151.103 Mobile Safari/537.36 (compatible; Googlebot/2.1; +http://www.google.com/bot.html)"
216.73.216.73 - - [20/Jul/2025:13:50:41 +0000] "GET /info/carbo82611031 HTTP/1.1" 404 16276 "-" "Mozilla/5.0 AppleWebKit/537.36 (KHTML, like Gecko; compatible; ClaudeBot/1.0; [email protected])"
209.74.77.214 - - [20/Jul/2025:13:50:44 +0000] "POST /wp-cron.php?doing_wp_cron=1753019444.7169620990753173828125 HTTP/1.1" 200 - "-" "WordPress/6.8.2; https://theoldhouse.cafe"
216.73.216.73 - - [20/Jul/2025:13:50:44 +0000] "GET /info/perma41002299 HTTP/1.1" 404 16276 "-" "Mozilla/5.0 AppleWebKit/537.36 (KHTML, like Gecko; compatible; ClaudeBot/1.0; [email protected])"
216.73.216.73 - - [20/Jul/2025:13:50:47 +0000] "GET /info/sligh40462163 HTTP/1.1" 404 16277 "-" "Mozilla/5.0 AppleWebKit/537.36 (KHTML, like Gecko; compatible; ClaudeBot/1.0; [email protected])"
216.73.216.73 - - [20/Jul/2025:13:50:50 +0000] "GET /info/repav21750425 HTTP/1.1" 404 16276 "-" "Mozilla/5.0 AppleWebKit/537.36 (KHTML, like Gecko; compatible; ClaudeBot/1.0; [email protected])"
216.73.216.73 - - [20/Jul/2025:13:50:53 +0000] "GET /info/cow80856119 HTTP/1.1" 404 16276 "-" "Mozilla/5.0 AppleWebKit/537.36 (KHTML, like Gecko; compatible; ClaudeBot/1.0; [email protected])"
216.73.216.73 - - [20/Jul/2025:13:50:56 +0000] "GET /info/broke11834536 HTTP/1.1" 404 16276 "-" "Mozilla/5.0 AppleWebKit/537.36 (KHTML, like Gecko; compatible; ClaudeBot/1.0; [email protected])"
216.73.216.73 - - [20/Jul/2025:13:50:59 +0000] "GET /info/cater20306257 HTTP/1.1" 404 16277 "-" "Mozilla/5.0 AppleWebKit/537.36 (KHTML, like Gecko; compatible; ClaudeBot/1.0; [email protected])"
216.73.216.73 - - [20/Jul/2025:13:51:02 +0000] "GET /info/nearl82600135 HTTP/1.1" 404 16276 "-" "Mozilla/5.0 AppleWebKit/537.36 (KHTML, like Gecko; compatible; ClaudeBot/1.0; [email protected])"
66.249.74.13 - - [20/Jul/2025:13:51:02 +0000] "GET /info/lamp12088960/ HTTP/1.1" 200 40063 "-" "Mozilla/5.0 (Linux; Android 6.0.1; Nexus 5X Build/MMB29P) AppleWebKit/537.36 (KHTML, like Gecko) Chrome/137.0.7151.103 Mobile Safari/537.36 (compatible; Googlebot/2.1; +http://www.google.com/bot.html)"
216.73.216.73 - - [20/Jul/2025:13:51:05 +0000] "GET /info/oppon31174354 HTTP/1.1" 404 16276 "-" "Mozilla/5.0 AppleWebKit/537.36 (KHTML, like Gecko; compatible; ClaudeBot/1.0; [email protected])"
57.141.2.24 - - [20/Jul/2025:13:51:08 +0000] "GET /info/nor30045258/ HTTP/1.1" 404 79425 "-" "meta-externalagent/1.1 (+https://developers.facebook.com/docs/sharing/webmasters/crawler)"
216.73.216.73 - - [20/Jul/2025:13:51:09 +0000] "GET /info/ninth61500429 HTTP/1.1" 404 16277 "-" "Mozilla/5.0 AppleWebKit/537.36 (KHTML, like Gecko; compatible; ClaudeBot/1.0; [email protected])"
216.73.216.73 - - [20/Jul/2025:13:51:11 +0000] "GET /info/fussy62690301 HTTP/1.1" 404 16276 "-" "Mozilla/5.0 AppleWebKit/537.36 (KHTML, like Gecko; compatible; ClaudeBot/1.0; [email protected])"
209.74.77.214 - - [20/Jul/2025:13:51:14 +0000] "POST /wp-cron.php?doing_wp_cron=1753019474.6446359157562255859375 HTTP/1.1" 200 - "-" "WordPress/6.8.2; https://theoldhouse.cafe"
216.73.216.73 - - [20/Jul/2025:13:51:14 +0000] "GET /info/resea50828628 HTTP/1.1" 404 16276 "-" "Mozilla/5.0 AppleWebKit/537.36 (KHTML, like Gecko; compatible; ClaudeBot/1.0; [email protected])"
216.73.216.73 - - [20/Jul/2025:13:51:17 +0000] "GET /info/bank51076596 HTTP/1.1" 404 16277 "-" "Mozilla/5.0 AppleWebKit/537.36 (KHTML, like Gecko; compatible; ClaudeBot/1.0; [email protected])"
216.73.216.73 - - [20/Jul/2025:13:51:20 +0000] "GET /info/coupl71136678 HTTP/1.1" 404 16276 "-" "Mozilla/5.0 AppleWebKit/537.36 (KHTML, like Gecko; compatible; ClaudeBot/1.0; [email protected])"
216.73.216.73 - - [20/Jul/2025:13:51:23 +0000] "GET /info/stock42654075 HTTP/1.1" 404 16276 "-" "Mozilla/5.0 AppleWebKit/537.36 (KHTML, like Gecko; compatible; ClaudeBot/1.0; [email protected])"
216.73.216.73 - - [20/Jul/2025:13:51:26 +0000] "GET /info/karen61347989 HTTP/1.1" 404 16276 "-" "Mozilla/5.0 AppleWebKit/537.36 (KHTML, like Gecko; compatible; ClaudeBot/1.0; [email protected])"
216.73.216.73 - - [20/Jul/2025:13:51:29 +0000] "GET /info/cart32535610 HTTP/1.1" 404 16277 "-" "Mozilla/5.0 AppleWebKit/537.36 (KHTML, like Gecko; compatible; ClaudeBot/1.0; [email protected])"
216.73.216.73 - - [20/Jul/2025:13:51:33 +0000] "GET /info/of30565090 HTTP/1.1" 404 16276 "-" "Mozilla/5.0 AppleWebKit/537.36 (KHTML, like Gecko; compatible; ClaudeBot/1.0; [email protected])"
216.73.216.73 - - [20/Jul/2025:13:51:41 +0000] "GET /info/busin62128077 HTTP/1.1" 404 16276 "-" "Mozilla/5.0 AppleWebKit/537.36 (KHTML, like Gecko; compatible; ClaudeBot/1.0; [email protected])"
209.74.77.214 - - [20/Jul/2025:13:51:46 +0000] "POST /wp-cron.php?doing_wp_cron=1753019506.6401720046997070312500 HTTP/1.1" 200 - "-" "WordPress/6.8.2; https://theoldhouse.cafe"
216.73.216.73 - - [20/Jul/2025:13:51:46 +0000] "GET /info/best21817497 HTTP/1.1" 404 16276 "-" "Mozilla/5.0 AppleWebKit/537.36 (KHTML, like Gecko; compatible; ClaudeBot/1.0; [email protected])"
52.167.144.56 - - [20/Jul/2025:13:51:47 +0000] "GET /robots.txt HTTP/1.1" 200 119 "-" "Mozilla/5.0 AppleWebKit/537.36 (KHTML, like Gecko; compatible; bingbot/2.0; +http://www.bing.com/bingbot.htm) Chrome/116.0.1938.76 Safari/537.36"
216.73.216.73 - - [20/Jul/2025:13:51:48 +0000] "GET /info/after52064308 HTTP/1.1" 404 16276 "-" "Mozilla/5.0 AppleWebKit/537.36 (KHTML, like Gecko; compatible; ClaudeBot/1.0; [email protected])"
216.73.216.73 - - [20/Jul/2025:13:51:50 +0000] "GET /info/affai31879250 HTTP/1.1" 404 16276 "-" "Mozilla/5.0 AppleWebKit/537.36 (KHTML, like Gecko; compatible; ClaudeBot/1.0; [email protected])"
52.167.144.212 - - [20/Jul/2025:13:51:51 +0000] "GET /sitemapo.xml HTTP/1.1" 200 18293 "-" "Mozilla/5.0 AppleWebKit/537.36 (KHTML, like Gecko; compatible; bingbot/2.0; +http://www.bing.com/bingbot.htm) Chrome/116.0.1938.76 Safari/537.36"
40.77.167.68 - - [20/Jul/2025:13:51:51 +0000] "GET /sitemapa.xml HTTP/1.1" 200 18575 "-" "Mozilla/5.0 AppleWebKit/537.36 (KHTML, like Gecko; compatible; bingbot/2.0; +http://www.bing.com/bingbot.htm) Chrome/116.0.1938.76 Safari/537.36"
52.167.144.212 - - [20/Jul/2025:13:51:51 +0000] "GET /sitemapb.xml HTTP/1.1" 200 12101 "-" "Mozilla/5.0 AppleWebKit/537.36 (KHTML, like Gecko; compatible; bingbot/2.0; +http://www.bing.com/bingbot.htm) Chrome/116.0.1938.76 Safari/537.36"
40.77.167.68 - - [20/Jul/2025:13:51:52 +0000] "GET /sitemapd.xml HTTP/1.1" 200 17794 "-" "Mozilla/5.0 AppleWebKit/537.36 (KHTML, like Gecko; compatible; bingbot/2.0; +http://www.bing.com/bingbot.htm) Chrome/116.0.1938.76 Safari/537.36"
52.167.144.212 - - [20/Jul/2025:13:51:52 +0000] "GET /sitemapg.xml HTTP/1.1" 200 13329 "-" "Mozilla/5.0 AppleWebKit/537.36 (KHTML, like Gecko; compatible; bingbot/2.0; +http://www.bing.com/bingbot.htm) Chrome/116.0.1938.76 Safari/537.36"
52.167.144.212 - - [20/Jul/2025:13:51:53 +0000] "GET /sitemapl.xml HTTP/1.1" 200 11168 "-" "Mozilla/5.0 AppleWebKit/537.36 (KHTML, like Gecko; compatible; bingbot/2.0; +http://www.bing.com/bingbot.htm) Chrome/116.0.1938.76 Safari/537.36"
216.73.216.73 - - [20/Jul/2025:13:51:53 +0000] "GET /info/casua62841437 HTTP/1.1" 404 16276 "-" "Mozilla/5.0 AppleWebKit/537.36 (KHTML, like Gecko; compatible; ClaudeBot/1.0; [email protected])"
40.77.167.68 - - [20/Jul/2025:13:51:53 +0000] "GET /sitemapm.xml HTTP/1.1" 200 13079 "-" "Mozilla/5.0 AppleWebKit/537.36 (KHTML, like Gecko; compatible; bingbot/2.0; +http://www.bing.com/bingbot.htm) Chrome/116.0.1938.76 Safari/537.36"
40.77.167.38 - - [20/Jul/2025:13:51:53 +0000] "GET /sitemapf.xml HTTP/1.1" 200 19026 "-" "Mozilla/5.0 AppleWebKit/537.36 (KHTML, like Gecko; compatible; bingbot/2.0; +http://www.bing.com/bingbot.htm) Chrome/116.0.1938.76 Safari/537.36"
52.167.144.212 - - [20/Jul/2025:13:51:53 +0000] "GET /sitemapc.xml HTTP/1.1" 200 15985 "-" "Mozilla/5.0 AppleWebKit/537.36 (KHTML, like Gecko; compatible; bingbot/2.0; +http://www.bing.com/bingbot.htm) Chrome/116.0.1938.76 Safari/537.36"
52.167.144.212 - - [20/Jul/2025:13:51:54 +0000] "GET /sitemape.xml HTTP/1.1" 200 15137 "-" "Mozilla/5.0 AppleWebKit/537.36 (KHTML, like Gecko; compatible; bingbot/2.0; +http://www.bing.com/bingbot.htm) Chrome/116.0.1938.76 Safari/537.36"
216.73.216.73 - - [20/Jul/2025:13:51:56 +0000] "GET /info/strip80626751 HTTP/1.1" 404 16276 "-" "Mozilla/5.0 AppleWebKit/537.36 (KHTML, like Gecko; compatible; ClaudeBot/1.0; [email protected])"
40.77.167.38 - - [20/Jul/2025:13:51:57 +0000] "GET /sitemaph.xml HTTP/1.1" 200 10919 "-" "Mozilla/5.0 AppleWebKit/537.36 (KHTML, like Gecko; compatible; bingbot/2.0; +http://www.bing.com/bingbot.htm) Chrome/116.0.1938.76 Safari/537.36"
40.77.167.38 - - [20/Jul/2025:13:51:58 +0000] "GET /sitemapk.xml HTTP/1.1" 200 12417 "-" "Mozilla/5.0 AppleWebKit/537.36 (KHTML, like Gecko; compatible; bingbot/2.0; +http://www.bing.com/bingbot.htm) Chrome/116.0.1938.76 Safari/537.36"
40.77.167.38 - - [20/Jul/2025:13:51:58 +0000] "GET /sitemapi.xml HTTP/1.1" 200 12211 "-" "Mozilla/5.0 AppleWebKit/537.36 (KHTML, like Gecko; compatible; bingbot/2.0; +http://www.bing.com/bingbot.htm) Chrome/116.0.1938.76 Safari/537.36"
40.77.167.38 - - [20/Jul/2025:13:51:59 +0000] "GET /sitemapn.xml HTTP/1.1" 200 12236 "-" "Mozilla/5.0 AppleWebKit/537.36 (KHTML, like Gecko; compatible; bingbot/2.0; +http://www.bing.com/bingbot.htm) Chrome/116.0.1938.76 Safari/537.36"
216.73.216.73 - - [20/Jul/2025:13:51:59 +0000] "GET /info/earn41663115 HTTP/1.1" 404 16277 "-" "Mozilla/5.0 AppleWebKit/537.36 (KHTML, like Gecko; compatible; ClaudeBot/1.0; [email protected])"
40.77.167.38 - - [20/Jul/2025:13:52:00 +0000] "GET /sitemapj.xml HTTP/1.1" 200 10050 "-" "Mozilla/5.0 AppleWebKit/537.36 (KHTML, like Gecko; compatible; bingbot/2.0; +http://www.bing.com/bingbot.htm) Chrome/116.0.1938.76 Safari/537.36"
216.73.216.73 - - [20/Jul/2025:13:52:02 +0000] "GET /info/inhab42826531 HTTP/1.1" 404 16276 "-" "Mozilla/5.0 AppleWebKit/537.36 (KHTML, like Gecko; compatible; ClaudeBot/1.0; [email protected])"
216.73.216.73 - - [20/Jul/2025:13:52:05 +0000] "GET /info/cabin12294488 HTTP/1.1" 404 16276 "-" "Mozilla/5.0 AppleWebKit/537.36 (KHTML, like Gecko; compatible; ClaudeBot/1.0; [email protected])"
216.73.216.73 - - [20/Jul/2025:13:52:08 +0000] "GET /info/portr40103195 HTTP/1.1" 404 16276 "-" "Mozilla/5.0 AppleWebKit/537.36 (KHTML, like Gecko; compatible; ClaudeBot/1.0; [email protected])"
216.73.216.73 - - [20/Jul/2025:13:52:11 +0000] "GET /info/meld41099859 HTTP/1.1" 404 16276 "-" "Mozilla/5.0 AppleWebKit/537.36 (KHTML, like Gecko; compatible; ClaudeBot/1.0; [email protected])"
66.249.74.13 - - [20/Jul/2025:13:52:13 +0000] "GET /info/landi20167137/ HTTP/1.1" 200 40159 "-" "Mozilla/5.0 (Linux; Android 6.0.1; Nexus 5X Build/MMB29P) AppleWebKit/537.36 (KHTML, like Gecko) Chrome/137.0.7151.103 Mobile Safari/537.36 (compatible; Googlebot/2.1; +http://www.google.com/bot.html)"
209.74.77.214 - - [20/Jul/2025:13:52:15 +0000] "POST /wp-cron.php?doing_wp_cron=1753019535.9497919082641601562500 HTTP/1.1" 200 - "-" "WordPress/6.8.2; https://theoldhouse.cafe"
216.73.216.73 - - [20/Jul/2025:13:52:15 +0000] "GET /info/stay60688741 HTTP/1.1" 404 16276 "-" "Mozilla/5.0 AppleWebKit/537.36 (KHTML, like Gecko; compatible; ClaudeBot/1.0; [email protected])"
216.73.216.73 - - [20/Jul/2025:13:52:17 +0000] "GET /info/suici50935764 HTTP/1.1" 404 16277 "-" "Mozilla/5.0 AppleWebKit/537.36 (KHTML, like Gecko; compatible; ClaudeBot/1.0; [email protected])"
66.249.74.12 - - [20/Jul/2025:13:52:18 +0000] "POST /get-message-notify HTTP/1.1" 200 40172 "https://theoldhouse.cafe/info/landi20167137/" "Mozilla/5.0 (Linux; Android 6.0.1; Nexus 5X Build/MMB29P) AppleWebKit/537.36 (KHTML, like Gecko) Chrome/137.0.7151.119 Mobile Safari/537.36 (compatible; Googlebot/2.1; +http://www.google.com/bot.html)"
216.73.216.73 - - [20/Jul/2025:13:52:20 +0000] "GET /info/gum10614064 HTTP/1.1" 404 16276 "-" "Mozilla/5.0 AppleWebKit/537.36 (KHTML, like Gecko; compatible; ClaudeBot/1.0; [email protected])"
216.73.216.73 - - [20/Jul/2025:13:52:23 +0000] "GET /info/sulfu52943108 HTTP/1.1" 404 16276 "-" "Mozilla/5.0 AppleWebKit/537.36 (KHTML, like Gecko; compatible; ClaudeBot/1.0; [email protected])"
216.73.216.73 - - [20/Jul/2025:13:52:26 +0000] "GET /info/alumi61374597 HTTP/1.1" 404 16276 "-" "Mozilla/5.0 AppleWebKit/537.36 (KHTML, like Gecko; compatible; ClaudeBot/1.0; [email protected])"
216.73.216.73 - - [20/Jul/2025:13:52:29 +0000] "GET /info/freez41221747 HTTP/1.1" 404 16277 "-" "Mozilla/5.0 AppleWebKit/537.36 (KHTML, like Gecko; compatible; ClaudeBot/1.0; [email protected])"
216.73.216.73 - - [20/Jul/2025:13:52:32 +0000] "GET /info/motor30457146 HTTP/1.1" 404 16276 "-" "Mozilla/5.0 AppleWebKit/537.36 (KHTML, like Gecko; compatible; ClaudeBot/1.0; [email protected])"
216.73.216.73 - - [20/Jul/2025:13:52:35 +0000] "GET /info/profo82254343 HTTP/1.1" 404 16276 "-" "Mozilla/5.0 AppleWebKit/537.36 (KHTML, like Gecko; compatible; ClaudeBot/1.0; [email protected])"
216.73.216.73 - - [20/Jul/2025:13:52:38 +0000] "GET /info/equip52777492 HTTP/1.1" 404 16276 "-" "Mozilla/5.0 AppleWebKit/537.36 (KHTML, like Gecko; compatible; ClaudeBot/1.0; [email protected])"
216.73.216.73 - - [20/Jul/2025:13:52:41 +0000] "GET /info/jealo71270630 HTTP/1.1" 404 16276 "-" "Mozilla/5.0 AppleWebKit/537.36 (KHTML, like Gecko; compatible; ClaudeBot/1.0; [email protected])"
209.74.77.214 - - [20/Jul/2025:13:52:44 +0000] "POST /wp-cron.php?doing_wp_cron=1753019564.6766579151153564453125 HTTP/1.1" 200 - "-" "WordPress/6.8.2; https://theoldhouse.cafe"
216.73.216.73 - - [20/Jul/2025:13:52:44 +0000] "GET /info/aircr12035408 HTTP/1.1" 404 16276 "-" "Mozilla/5.0 AppleWebKit/537.36 (KHTML, like Gecko; compatible; ClaudeBot/1.0; [email protected])"
216.73.216.73 - - [20/Jul/2025:13:52:47 +0000] "GET /info/satur42224835 HTTP/1.1" 404 16276 "-" "Mozilla/5.0 AppleWebKit/537.36 (KHTML, like Gecko; compatible; ClaudeBot/1.0; [email protected])"
216.73.216.73 - - [20/Jul/2025:13:52:50 +0000] "GET /info/acute12686352 HTTP/1.1" 404 16276 "-" "Mozilla/5.0 AppleWebKit/537.36 (KHTML, like Gecko; compatible; ClaudeBot/1.0; [email protected])"
216.73.216.73 - - [20/Jul/2025:13:52:53 +0000] "GET /info/well40913339 HTTP/1.1" 404 16276 "-" "Mozilla/5.0 AppleWebKit/537.36 (KHTML, like Gecko; compatible; ClaudeBot/1.0; [email protected])"
216.73.216.73 - - [20/Jul/2025:13:52:57 +0000] "GET /info/playe72517806 HTTP/1.1" 404 16277 "-" "Mozilla/5.0 AppleWebKit/537.36 (KHTML, like Gecko; compatible; ClaudeBot/1.0; [email protected])"
66.249.74.11 - - [20/Jul/2025:13:52:57 +0000] "GET /info/away80456823/ HTTP/1.1" 200 40300 "-" "Mozilla/5.0 (Linux; Android 6.0.1; Nexus 5X Build/MMB29P) AppleWebKit/537.36 (KHTML, like Gecko) Chrome/137.0.7151.103 Mobile Safari/537.36 (compatible; Googlebot/2.1; +http://www.google.com/bot.html)"
216.73.216.73 - - [20/Jul/2025:13:52:59 +0000] "GET /info/indir80158703 HTTP/1.1" 404 16277 "-" "Mozilla/5.0 AppleWebKit/537.36 (KHTML, like Gecko; compatible; ClaudeBot/1.0; [email protected])"
216.73.216.73 - - [20/Jul/2025:13:53:05 +0000] "GET /info/gunpo62715117 HTTP/1.1" 404 16276 "-" "Mozilla/5.0 AppleWebKit/537.36 (KHTML, like Gecko; compatible; ClaudeBot/1.0; [email protected])"
216.73.216.73 - - [20/Jul/2025:13:53:08 +0000] "GET /info/oil70740526 HTTP/1.1" 404 16276 "-" "Mozilla/5.0 AppleWebKit/537.36 (KHTML, like Gecko; compatible; ClaudeBot/1.0; [email protected])"
216.73.216.73 - - [20/Jul/2025:13:53:12 +0000] "GET /info/land41261203 HTTP/1.1" 404 16276 "-" "Mozilla/5.0 AppleWebKit/537.36 (KHTML, like Gecko; compatible; ClaudeBot/1.0; [email protected])"
209.74.77.214 - - [20/Jul/2025:13:53:14 +0000] "POST /wp-cron.php?doing_wp_cron=1753019594.1471550464630126953125 HTTP/1.1" 200 - "-" "WordPress/6.8.2; https://theoldhouse.cafe"
216.73.216.73 - - [20/Jul/2025:13:53:14 +0000] "GET /info/horse20452657 HTTP/1.1" 404 16276 "-" "Mozilla/5.0 AppleWebKit/537.36 (KHTML, like Gecko; compatible; ClaudeBot/1.0; [email protected])"
216.73.216.73 - - [20/Jul/2025:13:53:17 +0000] "GET /info/jew10993392 HTTP/1.1" 404 16277 "-" "Mozilla/5.0 AppleWebKit/537.36 (KHTML, like Gecko; compatible; ClaudeBot/1.0; [email protected])"
216.73.216.73 - - [20/Jul/2025:13:53:20 +0000] "GET /info/tuiti52474212 HTTP/1.1" 404 16276 "-" "Mozilla/5.0 AppleWebKit/537.36 (KHTML, like Gecko; compatible; ClaudeBot/1.0; [email protected])"
216.73.216.73 - - [20/Jul/2025:13:53:23 +0000] "GET /info/amusi72106270 HTTP/1.1" 404 16276 "-" "Mozilla/5.0 AppleWebKit/537.36 (KHTML, like Gecko; compatible; ClaudeBot/1.0; [email protected])"
216.73.216.73 - - [20/Jul/2025:13:53:26 +0000] "GET /info/feet52727836 HTTP/1.1" 404 16276 "-" "Mozilla/5.0 AppleWebKit/537.36 (KHTML, like Gecko; compatible; ClaudeBot/1.0; [email protected])"
216.73.216.73 - - [20/Jul/2025:13:53:29 +0000] "GET /info/south11880376 HTTP/1.1" 404 16277 "-" "Mozilla/5.0 AppleWebKit/537.36 (KHTML, like Gecko; compatible; ClaudeBot/1.0; [email protected])"
216.73.216.73 - - [20/Jul/2025:13:53:32 +0000] "GET /info/offic61124109 HTTP/1.1" 404 16276 "-" "Mozilla/5.0 AppleWebKit/537.36 (KHTML, like Gecko; compatible; ClaudeBot/1.0; [email protected])"
216.73.216.73 - - [20/Jul/2025:13:53:35 +0000] "GET /info/avenu62165397 HTTP/1.1" 404 16276 "-" "Mozilla/5.0 AppleWebKit/537.36 (KHTML, like Gecko; compatible; ClaudeBot/1.0; [email protected])"
216.73.216.73 - - [20/Jul/2025:13:53:38 +0000] "GET /info/vocab82193567 HTTP/1.1" 404 16276 "-" "Mozilla/5.0 AppleWebKit/537.36 (KHTML, like Gecko; compatible; ClaudeBot/1.0; [email protected])"
66.249.74.12 - - [20/Jul/2025:13:53:38 +0000] "GET /info/seek10217752/ HTTP/1.1" 200 40249 "-" "Mozilla/5.0 (Linux; Android 6.0.1; Nexus 5X Build/MMB29P) AppleWebKit/537.36 (KHTML, like Gecko) Chrome/137.0.7151.103 Mobile Safari/537.36 (compatible; Googlebot/2.1; +http://www.google.com/bot.html)"
216.73.216.73 - - [20/Jul/2025:13:53:41 +0000] "GET /info/south12108376 HTTP/1.1" 404 16276 "-" "Mozilla/5.0 AppleWebKit/537.36 (KHTML, like Gecko; compatible; ClaudeBot/1.0; [email protected])"
209.74.77.214 - - [20/Jul/2025:13:53:44 +0000] "POST /wp-cron.php?doing_wp_cron=1753019624.1570260524749755859375 HTTP/1.1" 200 - "-" "WordPress/6.8.2; https://theoldhouse.cafe"
216.73.216.73 - - [20/Jul/2025:13:53:44 +0000] "GET /info/evee31799930 HTTP/1.1" 404 16276 "-" "Mozilla/5.0 AppleWebKit/537.36 (KHTML, like Gecko; compatible; ClaudeBot/1.0; [email protected])"
57.141.2.28 - - [20/Jul/2025:13:53:45 +0000] "GET /info/darli62035605/ HTTP/1.1" 404 79425 "-" "meta-externalagent/1.1 (+https://developers.facebook.com/docs/sharing/webmasters/crawler)"
216.73.216.73 - - [20/Jul/2025:13:53:47 +0000] "GET /info/bus71816430 HTTP/1.1" 404 16277 "-" "Mozilla/5.0 AppleWebKit/537.36 (KHTML, like Gecko; compatible; ClaudeBot/1.0; [email protected])"
216.73.216.73 - - [20/Jul/2025:13:53:50 +0000] "GET /info/home60348173 HTTP/1.1" 404 16276 "-" "Mozilla/5.0 AppleWebKit/537.36 (KHTML, like Gecko; compatible; ClaudeBot/1.0; [email protected])"
216.73.216.73 - - [20/Jul/2025:13:53:53 +0000] "GET /info/serie61587301 HTTP/1.1" 404 16276 "-" "Mozilla/5.0 AppleWebKit/537.36 (KHTML, like Gecko; compatible; ClaudeBot/1.0; [email protected])"
216.73.216.73 - - [20/Jul/2025:13:53:56 +0000] "GET /info/finan20254369 HTTP/1.1" 404 16276 "-" "Mozilla/5.0 AppleWebKit/537.36 (KHTML, like Gecko; compatible; ClaudeBot/1.0; [email protected])"
216.73.216.73 - - [20/Jul/2025:13:53:59 +0000] "GET /info/visua51146628 HTTP/1.1" 404 16277 "-" "Mozilla/5.0 AppleWebKit/537.36 (KHTML, like Gecko; compatible; ClaudeBot/1.0; [email protected])"
216.73.216.73 - - [20/Jul/2025:13:54:02 +0000] "GET /info/fake60799837 HTTP/1.1" 404 16276 "-" "Mozilla/5.0 AppleWebKit/537.36 (KHTML, like Gecko; compatible; ClaudeBot/1.0; [email protected])"
216.73.216.73 - - [20/Jul/2025:13:54:05 +0000] "GET /info/roman42743139 HTTP/1.1" 404 16276 "-" "Mozilla/5.0 AppleWebKit/537.36 (KHTML, like Gecko; compatible; ClaudeBot/1.0; [email protected])"
216.73.216.73 - - [20/Jul/2025:13:54:08 +0000] "GET /info/hum22045465 HTTP/1.1" 404 16276 "-" "Mozilla/5.0 AppleWebKit/537.36 (KHTML, like Gecko; compatible; ClaudeBot/1.0; [email protected])"
216.73.216.73 - - [20/Jul/2025:13:54:11 +0000] "GET /info/unfam31845370 HTTP/1.1" 404 16276 "-" "Mozilla/5.0 AppleWebKit/537.36 (KHTML, like Gecko; compatible; ClaudeBot/1.0; [email protected])"
209.74.77.214 - - [20/Jul/2025:13:54:14 +0000] "POST /wp-cron.php?doing_wp_cron=1753019654.3063390254974365234375 HTTP/1.1" 200 - "-" "WordPress/6.8.2; https://theoldhouse.cafe"
216.73.216.73 - - [20/Jul/2025:13:54:14 +0000] "GET /info/cast41238491 HTTP/1.1" 404 16276 "-" "Mozilla/5.0 AppleWebKit/537.36 (KHTML, like Gecko; compatible; ClaudeBot/1.0; [email protected])"
216.73.216.73 - - [20/Jul/2025:13:54:17 +0000] "GET /info/welco52420884 HTTP/1.1" 404 16277 "-" "Mozilla/5.0 AppleWebKit/537.36 (KHTML, like Gecko; compatible; ClaudeBot/1.0; [email protected])"
216.73.216.73 - - [20/Jul/2025:13:54:20 +0000] "GET /info/bridg51404572 HTTP/1.1" 404 16276 "-" "Mozilla/5.0 AppleWebKit/537.36 (KHTML, like Gecko; compatible; ClaudeBot/1.0; [email protected])"
216.73.216.73 - - [20/Jul/2025:13:54:23 +0000] "GET /info/piano21701297 HTTP/1.1" 404 16276 "-" "Mozilla/5.0 AppleWebKit/537.36 (KHTML, like Gecko; compatible; ClaudeBot/1.0; [email protected])"
216.73.216.73 - - [20/Jul/2025:13:54:27 +0000] "GET /info/licen62472397 HTTP/1.1" 404 16277 "-" "Mozilla/5.0 AppleWebKit/537.36 (KHTML, like Gecko; compatible; ClaudeBot/1.0; [email protected])"
216.73.216.73 - - [20/Jul/2025:13:54:29 +0000] "GET /info/poet11519616 HTTP/1.1" 404 16277 "-" "Mozilla/5.0 AppleWebKit/537.36 (KHTML, like Gecko; compatible; ClaudeBot/1.0; [email protected])"
216.73.216.73 - - [20/Jul/2025:13:54:32 +0000] "GET /info/coach61108973 HTTP/1.1" 404 16276 "-" "Mozilla/5.0 AppleWebKit/537.36 (KHTML, like Gecko; compatible; ClaudeBot/1.0; [email protected])"
216.73.216.73 - - [20/Jul/2025:13:54:35 +0000] "GET /info/cinem40264859 HTTP/1.1" 404 16276 "-" "Mozilla/5.0 AppleWebKit/537.36 (KHTML, like Gecko; compatible; ClaudeBot/1.0; [email protected])"
216.73.216.73 - - [20/Jul/2025:13:54:38 +0000] "GET /info/detai50613940 HTTP/1.1" 404 16276 "-" "Mozilla/5.0 AppleWebKit/537.36 (KHTML, like Gecko; compatible; ClaudeBot/1.0; [email protected])"
209.74.77.214 - - [20/Jul/2025:13:54:42 +0000] "POST /wp-cron.php?doing_wp_cron=1753019682.7859590053558349609375 HTTP/1.1" 200 - "-" "WordPress/6.8.2; https://theoldhouse.cafe"
216.73.216.73 - - [20/Jul/2025:13:54:42 +0000] "GET /info/album52049676 HTTP/1.1" 404 16276 "-" "Mozilla/5.0 AppleWebKit/537.36 (KHTML, like Gecko; compatible; ClaudeBot/1.0; [email protected])"
216.73.216.73 - - [20/Jul/2025:13:54:45 +0000] "GET /info/movie61876485 HTTP/1.1" 404 16276 "-" "Mozilla/5.0 AppleWebKit/537.36 (KHTML, like Gecko; compatible; ClaudeBot/1.0; [email protected])"
66.249.74.13 - - [20/Jul/2025:13:54:45 +0000] "GET /info/liabi70502334/ HTTP/1.1" 200 39853 "-" "Mozilla/5.0 (Linux; Android 6.0.1; Nexus 5X Build/MMB29P) AppleWebKit/537.36 (KHTML, like Gecko) Chrome/137.0.7151.103 Mobile Safari/537.36 (compatible; Googlebot/2.1; +http://www.google.com/bot.html)"
216.73.216.73 - - [20/Jul/2025:13:54:48 +0000] "GET /info/pool11956872 HTTP/1.1" 404 16276 "-" "Mozilla/5.0 AppleWebKit/537.36 (KHTML, like Gecko; compatible; ClaudeBot/1.0; [email protected])"
216.73.216.73 - - [20/Jul/2025:13:54:51 +0000] "GET /info/teena41401755 HTTP/1.1" 404 16276 "-" "Mozilla/5.0 AppleWebKit/537.36 (KHTML, like Gecko; compatible; ClaudeBot/1.0; [email protected])"
216.73.216.73 - - [20/Jul/2025:13:54:54 +0000] "GET /info/movie60016485 HTTP/1.1" 404 16276 "-" "Mozilla/5.0 AppleWebKit/537.36 (KHTML, like Gecko; compatible; ClaudeBot/1.0; [email protected])"
216.73.216.73 - - [20/Jul/2025:13:54:57 +0000] "GET /info/bible31127338 HTTP/1.1" 404 16277 "-" "Mozilla/5.0 AppleWebKit/537.36 (KHTML, like Gecko; compatible; ClaudeBot/1.0; [email protected])"
216.73.216.73 - - [20/Jul/2025:13:55:00 +0000] "GET /info/produ12052328 HTTP/1.1" 404 16276 "-" "Mozilla/5.0 AppleWebKit/537.36 (KHTML, like Gecko; compatible; ClaudeBot/1.0; [email protected])"
216.73.216.73 - - [20/Jul/2025:13:55:03 +0000] "GET /info/album51385676 HTTP/1.1" 404 16276 "-" "Mozilla/5.0 AppleWebKit/537.36 (KHTML, like Gecko; compatible; ClaudeBot/1.0; [email protected])"
209.74.77.214 - - [20/Jul/2025:13:55:07 +0000] "POST /wp-cron.php?doing_wp_cron=1753019707.3324799537658691406250 HTTP/1.1" 200 - "-" "WordPress/6.8.2; https://theoldhouse.cafe"
216.73.216.73 - - [20/Jul/2025:13:55:07 +0000] "GET /info/jewel71951022 HTTP/1.1" 404 16277 "-" "Mozilla/5.0 AppleWebKit/537.36 (KHTML, like Gecko; compatible; ClaudeBot/1.0; [email protected])"
216.73.216.73 - - [20/Jul/2025:13:55:09 +0000] "GET /info/produ10256328 HTTP/1.1" 404 16277 "-" "Mozilla/5.0 AppleWebKit/537.36 (KHTML, like Gecko; compatible; ClaudeBot/1.0; [email protected])"
216.73.216.73 - - [20/Jul/2025:13:55:12 +0000] "GET /info/food11625288 HTTP/1.1" 404 16276 "-" "Mozilla/5.0 AppleWebKit/537.36 (KHTML, like Gecko; compatible; ClaudeBot/1.0; [email protected])"
209.74.77.214 - - [20/Jul/2025:13:55:15 +0000] "POST /wp-cron.php?doing_wp_cron=1753019715.8162670135498046875000 HTTP/1.1" 200 - "-" "WordPress/6.8.2; https://theoldhouse.cafe"
216.73.216.73 - - [20/Jul/2025:13:55:15 +0000] "GET /info/woman51209348 HTTP/1.1" 404 16276 "-" "Mozilla/5.0 AppleWebKit/537.36 (KHTML, like Gecko; compatible; ClaudeBot/1.0; [email protected])"
216.73.216.73 - - [20/Jul/2025:13:55:18 +0000] "GET /info/coura42377011 HTTP/1.1" 404 16276 "-" "Mozilla/5.0 AppleWebKit/537.36 (KHTML, like Gecko; compatible; ClaudeBot/1.0; [email protected])"
216.73.216.73 - - [20/Jul/2025:13:55:21 +0000] "GET /info/strip81814751 HTTP/1.1" 404 16276 "-" "Mozilla/5.0 AppleWebKit/537.36 (KHTML, like Gecko; compatible; ClaudeBot/1.0; [email protected])"
216.73.216.73 - - [20/Jul/2025:13:55:25 +0000] "GET /info/bike50648644 HTTP/1.1" 404 16276 "-" "Mozilla/5.0 AppleWebKit/537.36 (KHTML, like Gecko; compatible; ClaudeBot/1.0; [email protected])"
216.73.216.73 - - [20/Jul/2025:13:55:27 +0000] "GET /info/produ12608328 HTTP/1.1" 404 16277 "-" "Mozilla/5.0 AppleWebKit/537.36 (KHTML, like Gecko; compatible; ClaudeBot/1.0; [email protected])"
66.249.74.13 - - [20/Jul/2025:13:55:27 +0000] "GET /info/analy40798107/ HTTP/1.1" 200 39731 "-" "Mozilla/5.0 (Linux; Android 6.0.1; Nexus 5X Build/MMB29P) AppleWebKit/537.36 (KHTML, like Gecko) Chrome/137.0.7151.103 Mobile Safari/537.36 (compatible; Googlebot/2.1; +http://www.google.com/bot.html)"
216.73.216.73 - - [20/Jul/2025:13:55:30 +0000] "GET /info/truck70316990 HTTP/1.1" 404 16276 "-" "Mozilla/5.0 AppleWebKit/537.36 (KHTML, like Gecko; compatible; ClaudeBot/1.0; [email protected])"
66.249.74.12 - - [20/Jul/2025:13:55:30 +0000] "POST /get-message-notify HTTP/1.1" 200 40329 "https://theoldhouse.cafe/info/analy40798107/" "Mozilla/5.0 (Linux; Android 6.0.1; Nexus 5X Build/MMB29P) AppleWebKit/537.36 (KHTML, like Gecko) Chrome/137.0.7151.119 Mobile Safari/537.36 (compatible; Googlebot/2.1; +http://www.google.com/bot.html)"
216.73.216.73 - - [20/Jul/2025:13:55:33 +0000] "GET /info/woman52773348 HTTP/1.1" 404 16276 "-" "Mozilla/5.0 AppleWebKit/537.36 (KHTML, like Gecko; compatible; ClaudeBot/1.0; [email protected])"
216.73.216.73 - - [20/Jul/2025:13:55:36 +0000] "GET /info/male70415334 HTTP/1.1" 404 16276 "-" "Mozilla/5.0 AppleWebKit/537.36 (KHTML, like Gecko; compatible; ClaudeBot/1.0; [email protected])"
216.73.216.73 - - [20/Jul/2025:13:55:39 +0000] "GET /info/cage62869597 HTTP/1.1" 404 16277 "-" "Mozilla/5.0 AppleWebKit/537.36 (KHTML, like Gecko; compatible; ClaudeBot/1.0; [email protected])"
209.74.77.214 - - [20/Jul/2025:13:55:42 +0000] "POST /wp-cron.php?doing_wp_cron=1753019742.6381020545959472656250 HTTP/1.1" 200 - "-" "WordPress/6.8.2; https://theoldhouse.cafe"
216.73.216.73 - - [20/Jul/2025:13:55:42 +0000] "GET /info/downl42837827 HTTP/1.1" 404 16276 "-" "Mozilla/5.0 AppleWebKit/537.36 (KHTML, like Gecko; compatible; ClaudeBot/1.0; [email protected])"
216.73.216.73 - - [20/Jul/2025:13:55:46 +0000] "GET /info/alyss82931991 HTTP/1.1" 404 16276 "-" "Mozilla/5.0 AppleWebKit/537.36 (KHTML, like Gecko; compatible; ClaudeBot/1.0; [email protected])"
216.73.216.73 - - [20/Jul/2025:13:55:48 +0000] "GET /info/artif42658499 HTTP/1.1" 404 16276 "-" "Mozilla/5.0 AppleWebKit/537.36 (KHTML, like Gecko; compatible; ClaudeBot/1.0; [email protected])"
216.73.216.73 - - [20/Jul/2025:13:55:51 +0000] "GET /info/greek40339283 HTTP/1.1" 404 16276 "-" "Mozilla/5.0 AppleWebKit/537.36 (KHTML, like Gecko; compatible; ClaudeBot/1.0; [email protected])"
216.73.216.73 - - [20/Jul/2025:13:55:54 +0000] "GET /info/brand31463002 HTTP/1.1" 404 16276 "-" "Mozilla/5.0 AppleWebKit/537.36 (KHTML, like Gecko; compatible; ClaudeBot/1.0; [email protected])"
216.73.216.73 - - [20/Jul/2025:13:55:58 +0000] "GET /info/gel70331934 HTTP/1.1" 404 16276 "-" "Mozilla/5.0 AppleWebKit/537.36 (KHTML, like Gecko; compatible; ClaudeBot/1.0; [email protected])"
66.249.74.12 - - [20/Jul/2025:13:55:59 +0000] "GET /info/sword80383023/ HTTP/1.1" 200 40084 "-" "Mozilla/5.0 (Linux; Android 6.0.1; Nexus 5X Build/MMB29P) AppleWebKit/537.36 (KHTML, like Gecko) Chrome/137.0.7151.103 Mobile Safari/537.36 (compatible; Googlebot/2.1; +http://www.google.com/bot.html)"
216.73.216.73 - - [20/Jul/2025:13:56:00 +0000] "GET /info/invol51638428 HTTP/1.1" 404 16276 "-" "Mozilla/5.0 AppleWebKit/537.36 (KHTML, like Gecko; compatible; ClaudeBot/1.0; [email protected])"
216.73.216.73 - - [20/Jul/2025:13:56:03 +0000] "GET /info/tour30933626 HTTP/1.1" 404 16276 "-" "Mozilla/5.0 AppleWebKit/537.36 (KHTML, like Gecko; compatible; ClaudeBot/1.0; [email protected])"
216.73.216.73 - - [20/Jul/2025:13:56:06 +0000] "GET /info/shame61272965 HTTP/1.1" 404 16276 "-" "Mozilla/5.0 AppleWebKit/537.36 (KHTML, like Gecko; compatible; ClaudeBot/1.0; [email protected])"
216.73.216.73 - - [20/Jul/2025:13:56:09 +0000] "GET /info/globa52535716 HTTP/1.1" 404 16277 "-" "Mozilla/5.0 AppleWebKit/537.36 (KHTML, like Gecko; compatible; ClaudeBot/1.0; [email protected])"
216.73.216.73 - - [20/Jul/2025:13:56:12 +0000] "GET /info/victi42367667 HTTP/1.1" 404 16276 "-" "Mozilla/5.0 AppleWebKit/537.36 (KHTML, like Gecko; compatible; ClaudeBot/1.0; [email protected])"
209.74.77.214 - - [20/Jul/2025:13:56:15 +0000] "POST /wp-cron.php?doing_wp_cron=1753019775.8382489681243896484375 HTTP/1.1" 200 - "-" "WordPress/6.8.2; https://theoldhouse.cafe"
216.73.216.73 - - [20/Jul/2025:13:56:15 +0000] "GET /info/weeke11480648 HTTP/1.1" 404 16276 "-" "Mozilla/5.0 AppleWebKit/537.36 (KHTML, like Gecko; compatible; ClaudeBot/1.0; [email protected])"
216.73.216.73 - - [20/Jul/2025:13:56:18 +0000] "GET /info/worse31249634 HTTP/1.1" 404 16276 "-" "Mozilla/5.0 AppleWebKit/537.36 (KHTML, like Gecko; compatible; ClaudeBot/1.0; [email protected])"
216.73.216.73 - - [20/Jul/2025:13:56:21 +0000] "GET /info/decis81813191 HTTP/1.1" 404 16276 "-" "Mozilla/5.0 AppleWebKit/537.36 (KHTML, like Gecko; compatible; ClaudeBot/1.0; [email protected])"
216.73.216.73 - - [20/Jul/2025:13:56:24 +0000] "GET /info/waggo21631313 HTTP/1.1" 404 16276 "-" "Mozilla/5.0 AppleWebKit/537.36 (KHTML, like Gecko; compatible; ClaudeBot/1.0; [email protected])"
216.73.216.73 - - [20/Jul/2025:13:56:30 +0000] "GET /info/uniqu31094074 HTTP/1.1" 404 16276 "-" "Mozilla/5.0 AppleWebKit/537.36 (KHTML, like Gecko; compatible; ClaudeBot/1.0; [email protected])"
216.73.216.73 - - [20/Jul/2025:13:56:30 +0000] "GET /info/attri50622356 HTTP/1.1" 404 16276 "-" "Mozilla/5.0 AppleWebKit/537.36 (KHTML, like Gecko; compatible; ClaudeBot/1.0; [email protected])"
216.73.216.73 - - [20/Jul/2025:13:56:33 +0000] "GET /info/uniqu32614074 HTTP/1.1" 404 16276 "-" "Mozilla/5.0 AppleWebKit/537.36 (KHTML, like Gecko; compatible; ClaudeBot/1.0; [email protected])"
216.73.216.73 - - [20/Jul/2025:13:56:37 +0000] "GET /info/fit82892631 HTTP/1.1" 404 16277 "-" "Mozilla/5.0 AppleWebKit/537.36 (KHTML, like Gecko; compatible; ClaudeBot/1.0; [email protected])"
216.73.216.73 - - [20/Jul/2025:13:56:39 +0000] "GET /info/reass11958408 HTTP/1.1" 404 16277 "-" "Mozilla/5.0 AppleWebKit/537.36 (KHTML, like Gecko; compatible; ClaudeBot/1.0; [email protected])"
