Current File : /home/kelaby89/access-logs/topflowroofingplumbing.com.au.sixpack.studio-ssl_log |
20.171.207.99 - - [20/Jul/2025:12:07:58 +0000] "GET /search.php?jewelry176032869.html HTTP/1.1" 200 87390 "-" "Mozilla/5.0 AppleWebKit/537.36 (KHTML, like Gecko; compatible; GPTBot/1.2; +https://openai.com/gptbot)"
192.178.6.105 - - [20/Jul/2025:12:08:05 +0000] "GET /shopbrand/9927099 HTTP/1.1" 200 85657 "-" "Mozilla/5.0 (Linux; Android 6.0.1; Nexus 5X Build/MMB29P) AppleWebKit/537.36 (KHTML, like Gecko) Chrome/137.0.7151.103 Mobile Safari/537.36 (compatible; Googlebot/2.1; +http://www.google.com/bot.html)"
192.178.6.105 - - [20/Jul/2025:12:08:08 +0000] "GET /shopbrand/9924786 HTTP/1.1" 200 87154 "-" "Mozilla/5.0 (Linux; Android 6.0.1; Nexus 5X Build/MMB29P) AppleWebKit/537.36 (KHTML, like Gecko) Chrome/137.0.7151.103 Mobile Safari/537.36 (compatible; Googlebot/2.1; +http://www.google.com/bot.html)"
192.178.6.96 - - [20/Jul/2025:12:08:11 +0000] "GET /product/edit/g-bike-399389-1523494 HTTP/1.1" 200 85930 "-" "Mozilla/5.0 (Linux; Android 6.0.1; Nexus 5X Build/MMB29P) AppleWebKit/537.36 (KHTML, like Gecko) Chrome/137.0.7151.103 Mobile Safari/537.36 (compatible; Googlebot/2.1; +http://www.google.com/bot.html)"
192.178.6.105 - - [20/Jul/2025:12:08:13 +0000] "GET /shopbrand/9927373 HTTP/1.1" 200 85593 "-" "Mozilla/5.0 (Linux; Android 6.0.1; Nexus 5X Build/MMB29P) AppleWebKit/537.36 (KHTML, like Gecko) Chrome/137.0.7151.103 Mobile Safari/537.36 (compatible; Googlebot/2.1; +http://www.google.com/bot.html)"
192.178.6.96 - - [20/Jul/2025:12:08:20 +0000] "GET /shopbrand/9927814 HTTP/1.1" 200 87088 "-" "Mozilla/5.0 (Linux; Android 6.0.1; Nexus 5X Build/MMB29P) AppleWebKit/537.36 (KHTML, like Gecko) Chrome/137.0.7151.103 Mobile Safari/537.36 (compatible; Googlebot/2.1; +http://www.google.com/bot.html)"
192.178.6.105 - - [20/Jul/2025:12:08:28 +0000] "GET /shopbrand/9925909 HTTP/1.1" 200 87278 "-" "Mozilla/5.0 (Linux; Android 6.0.1; Nexus 5X Build/MMB29P) AppleWebKit/537.36 (KHTML, like Gecko) Chrome/137.0.7151.103 Mobile Safari/537.36 (compatible; Googlebot/2.1; +http://www.google.com/bot.html)"
192.178.6.105 - - [20/Jul/2025:12:08:35 +0000] "GET /shopbrand/9925827 HTTP/1.1" 200 85980 "-" "Mozilla/5.0 (Linux; Android 6.0.1; Nexus 5X Build/MMB29P) AppleWebKit/537.36 (KHTML, like Gecko) Chrome/137.0.7151.103 Mobile Safari/537.36 (compatible; Googlebot/2.1; +http://www.google.com/bot.html)"
192.178.6.96 - - [20/Jul/2025:12:08:42 +0000] "GET /shopbrand/9924345 HTTP/1.1" 200 85169 "-" "Mozilla/5.0 (Linux; Android 6.0.1; Nexus 5X Build/MMB29P) AppleWebKit/537.36 (KHTML, like Gecko) Chrome/137.0.7151.103 Mobile Safari/537.36 (compatible; Googlebot/2.1; +http://www.google.com/bot.html)"
192.178.6.96 - - [20/Jul/2025:12:08:50 +0000] "GET /shopbrand/9926505 HTTP/1.1" 200 87169 "-" "Mozilla/5.0 (Linux; Android 6.0.1; Nexus 5X Build/MMB29P) AppleWebKit/537.36 (KHTML, like Gecko) Chrome/137.0.7151.103 Mobile Safari/537.36 (compatible; Googlebot/2.1; +http://www.google.com/bot.html)"
192.178.6.105 - - [20/Jul/2025:12:08:57 +0000] "GET /shopbrand/9925142 HTTP/1.1" 200 85541 "-" "Mozilla/5.0 (Linux; Android 6.0.1; Nexus 5X Build/MMB29P) AppleWebKit/537.36 (KHTML, like Gecko) Chrome/137.0.7151.103 Mobile Safari/537.36 (compatible; Googlebot/2.1; +http://www.google.com/bot.html)"
20.171.207.99 - - [20/Jul/2025:12:09:00 +0000] "GET /search.php?workout296046383.html HTTP/1.1" 200 87010 "-" "Mozilla/5.0 AppleWebKit/537.36 (KHTML, like Gecko; compatible; GPTBot/1.2; +https://openai.com/gptbot)"
192.178.6.97 - - [20/Jul/2025:12:09:11 +0000] "GET /shopbrand/9928581 HTTP/1.1" 200 87267 "-" "Mozilla/5.0 (Linux; Android 6.0.1; Nexus 5X Build/MMB29P) AppleWebKit/537.36 (KHTML, like Gecko) Chrome/137.0.7151.103 Mobile Safari/537.36 (compatible; Googlebot/2.1; +http://www.google.com/bot.html)"
192.178.6.96 - - [20/Jul/2025:12:09:28 +0000] "GET /shopbrand/9927455 HTTP/1.1" 200 85528 "-" "Mozilla/5.0 (Linux; Android 6.0.1; Nexus 5X Build/MMB29P) AppleWebKit/537.36 (KHTML, like Gecko) Chrome/137.0.7151.103 Mobile Safari/537.36 (compatible; Googlebot/2.1; +http://www.google.com/bot.html)"
192.178.6.96 - - [20/Jul/2025:12:09:32 +0000] "GET /shopbrand/9927284 HTTP/1.1" 200 86585 "-" "Mozilla/5.0 (Linux; Android 6.0.1; Nexus 5X Build/MMB29P) AppleWebKit/537.36 (KHTML, like Gecko) Chrome/137.0.7151.103 Mobile Safari/537.36 (compatible; Googlebot/2.1; +http://www.google.com/bot.html)"
192.178.6.105 - - [20/Jul/2025:12:09:36 +0000] "GET /shopbrand/9924023 HTTP/1.1" 200 86812 "-" "Mozilla/5.0 (Linux; Android 6.0.1; Nexus 5X Build/MMB29P) AppleWebKit/537.36 (KHTML, like Gecko) Chrome/137.0.7151.103 Mobile Safari/537.36 (compatible; Googlebot/2.1; +http://www.google.com/bot.html)"
192.178.6.105 - - [20/Jul/2025:12:09:39 +0000] "GET /shopbrand/9925464 HTTP/1.1" 200 85981 "-" "Mozilla/5.0 (Linux; Android 6.0.1; Nexus 5X Build/MMB29P) AppleWebKit/537.36 (KHTML, like Gecko) Chrome/137.0.7151.103 Mobile Safari/537.36 (compatible; Googlebot/2.1; +http://www.google.com/bot.html)"
192.178.6.105 - - [20/Jul/2025:12:09:43 +0000] "GET /shopbrand/9925553 HTTP/1.1" 200 86195 "-" "Mozilla/5.0 (Linux; Android 6.0.1; Nexus 5X Build/MMB29P) AppleWebKit/537.36 (KHTML, like Gecko) Chrome/137.0.7151.103 Mobile Safari/537.36 (compatible; Googlebot/2.1; +http://www.google.com/bot.html)"
192.178.6.96 - - [20/Jul/2025:12:09:49 +0000] "GET /shopbrand/9926332 HTTP/1.1" 200 85664 "-" "Mozilla/5.0 (Linux; Android 6.0.1; Nexus 5X Build/MMB29P) AppleWebKit/537.36 (KHTML, like Gecko) Chrome/137.0.7151.103 Mobile Safari/537.36 (compatible; Googlebot/2.1; +http://www.google.com/bot.html)"
20.171.207.99 - - [20/Jul/2025:12:10:02 +0000] "GET /search.php?station197045620.html HTTP/1.1" 200 87653 "-" "Mozilla/5.0 AppleWebKit/537.36 (KHTML, like Gecko; compatible; GPTBot/1.2; +https://openai.com/gptbot)"
192.178.6.105 - - [20/Jul/2025:12:10:03 +0000] "GET /shopbrand/9924363 HTTP/1.1" 200 85303 "-" "Mozilla/5.0 (Linux; Android 6.0.1; Nexus 5X Build/MMB29P) AppleWebKit/537.36 (KHTML, like Gecko) Chrome/137.0.7151.103 Mobile Safari/537.36 (compatible; Googlebot/2.1; +http://www.google.com/bot.html)"
192.178.6.97 - - [20/Jul/2025:12:10:07 +0000] "GET /shopbrand/9925738 HTTP/1.1" 200 86130 "-" "Mozilla/5.0 (Linux; Android 6.0.1; Nexus 5X Build/MMB29P) AppleWebKit/537.36 (KHTML, like Gecko) Chrome/137.0.7151.103 Mobile Safari/537.36 (compatible; Googlebot/2.1; +http://www.google.com/bot.html)"
192.178.6.105 - - [20/Jul/2025:12:10:18 +0000] "GET /shopbrand/9928051 HTTP/1.1" 200 85925 "-" "Mozilla/5.0 (Linux; Android 6.0.1; Nexus 5X Build/MMB29P) AppleWebKit/537.36 (KHTML, like Gecko) Chrome/137.0.7151.103 Mobile Safari/537.36 (compatible; Googlebot/2.1; +http://www.google.com/bot.html)"
192.178.6.96 - - [20/Jul/2025:12:10:22 +0000] "GET /shopbrand/9924975 HTTP/1.1" 200 85437 "-" "Mozilla/5.0 (Linux; Android 6.0.1; Nexus 5X Build/MMB29P) AppleWebKit/537.36 (KHTML, like Gecko) Chrome/137.0.7151.103 Mobile Safari/537.36 (compatible; Googlebot/2.1; +http://www.google.com/bot.html)"
192.178.6.96 - - [20/Jul/2025:12:10:26 +0000] "GET /shopbrand/9925060 HTTP/1.1" 200 85633 "-" "Mozilla/5.0 (Linux; Android 6.0.1; Nexus 5X Build/MMB29P) AppleWebKit/537.36 (KHTML, like Gecko) Chrome/137.0.7151.103 Mobile Safari/537.36 (compatible; Googlebot/2.1; +http://www.google.com/bot.html)"
192.178.6.105 - - [20/Jul/2025:12:10:34 +0000] "GET /shopbrand/10539117 HTTP/1.1" 200 86183 "-" "Mozilla/5.0 (Linux; Android 6.0.1; Nexus 5X Build/MMB29P) AppleWebKit/537.36 (KHTML, like Gecko) Chrome/137.0.7151.103 Mobile Safari/537.36 (compatible; Googlebot/2.1; +http://www.google.com/bot.html)"
192.178.6.96 - - [20/Jul/2025:12:10:41 +0000] "GET /shopbrand/10534815 HTTP/1.1" 200 85717 "-" "Mozilla/5.0 (Linux; Android 6.0.1; Nexus 5X Build/MMB29P) AppleWebKit/537.36 (KHTML, like Gecko) Chrome/137.0.7151.103 Mobile Safari/537.36 (compatible; Googlebot/2.1; +http://www.google.com/bot.html)"
192.178.6.96 - - [20/Jul/2025:12:10:55 +0000] "GET /shopbrand/10541515 HTTP/1.1" 200 86392 "-" "Mozilla/5.0 (Linux; Android 6.0.1; Nexus 5X Build/MMB29P) AppleWebKit/537.36 (KHTML, like Gecko) Chrome/137.0.7151.103 Mobile Safari/537.36 (compatible; Googlebot/2.1; +http://www.google.com/bot.html)"
192.178.6.97 - - [20/Jul/2025:12:11:03 +0000] "GET /038013538.htm HTTP/1.1" 200 85556 "-" "Mozilla/5.0 (Linux; Android 6.0.1; Nexus 5X Build/MMB29P) AppleWebKit/537.36 (KHTML, like Gecko) Chrome/137.0.7151.103 Mobile Safari/537.36 (compatible; Googlebot/2.1; +http://www.google.com/bot.html)"
192.178.6.97 - - [20/Jul/2025:12:11:03 +0000] "GET /shopbrand/10542723 HTTP/1.1" 200 85538 "-" "Mozilla/5.0 (Linux; Android 6.0.1; Nexus 5X Build/MMB29P) AppleWebKit/537.36 (KHTML, like Gecko) Chrome/137.0.7151.103 Mobile Safari/537.36 (compatible; Googlebot/2.1; +http://www.google.com/bot.html)"
20.171.207.99 - - [20/Jul/2025:12:11:03 +0000] "GET /search.php?m027000885%3Fsrsltid=AfmBOozgeEtlmVBc6SSo0K_UUrKdUeLLK_Qof0QA11-O-iOX6TTiUh HTTP/1.1" 200 86432 "-" "Mozilla/5.0 AppleWebKit/537.36 (KHTML, like Gecko; compatible; GPTBot/1.2; +https://openai.com/gptbot)"
192.178.6.97 - - [20/Jul/2025:12:11:04 +0000] "GET /shopbrand/9733079 HTTP/1.1" 200 85641 "-" "Mozilla/5.0 (Linux; Android 6.0.1; Nexus 5X Build/MMB29P) AppleWebKit/537.36 (KHTML, like Gecko) Chrome/137.0.7151.103 Mobile Safari/537.36 (compatible; Googlebot/2.1; +http://www.google.com/bot.html)"
192.178.6.105 - - [20/Jul/2025:12:11:07 +0000] "GET /shopbrand/10533865 HTTP/1.1" 200 85540 "-" "Mozilla/5.0 (Linux; Android 6.0.1; Nexus 5X Build/MMB29P) AppleWebKit/537.36 (KHTML, like Gecko) Chrome/137.0.7151.103 Mobile Safari/537.36 (compatible; Googlebot/2.1; +http://www.google.com/bot.html)"
192.178.6.105 - - [20/Jul/2025:12:11:10 +0000] "GET /shopbrand/10542972 HTTP/1.1" 200 86044 "-" "Mozilla/5.0 (Linux; Android 6.0.1; Nexus 5X Build/MMB29P) AppleWebKit/537.36 (KHTML, like Gecko) Chrome/137.0.7151.103 Mobile Safari/537.36 (compatible; Googlebot/2.1; +http://www.google.com/bot.html)"
192.178.6.96 - - [20/Jul/2025:12:11:18 +0000] "GET /shopbrand/10535429 HTTP/1.1" 200 85654 "-" "Mozilla/5.0 (Linux; Android 6.0.1; Nexus 5X Build/MMB29P) AppleWebKit/537.36 (KHTML, like Gecko) Chrome/137.0.7151.103 Mobile Safari/537.36 (compatible; Googlebot/2.1; +http://www.google.com/bot.html)"
192.178.6.97 - - [20/Jul/2025:12:11:39 +0000] "GET /shopbrand/10542193 HTTP/1.1" 200 85904 "-" "Mozilla/5.0 (Linux; Android 6.0.1; Nexus 5X Build/MMB29P) AppleWebKit/537.36 (KHTML, like Gecko) Chrome/137.0.7151.103 Mobile Safari/537.36 (compatible; Googlebot/2.1; +http://www.google.com/bot.html)"
192.178.6.97 - - [20/Jul/2025:12:11:40 +0000] "GET /071001937.htm HTTP/1.1" 200 85185 "-" "Mozilla/5.0 (Linux; Android 6.0.1; Nexus 5X Build/MMB29P) AppleWebKit/537.36 (KHTML, like Gecko) Chrome/137.0.7151.103 Mobile Safari/537.36 (compatible; Googlebot/2.1; +http://www.google.com/bot.html)"
192.178.6.98 - - [20/Jul/2025:12:11:43 +0000] "GET /shopbrand/10538843 HTTP/1.1" 200 85643 "-" "Mozilla/5.0 (Linux; Android 6.0.1; Nexus 5X Build/MMB29P) AppleWebKit/537.36 (KHTML, like Gecko) Chrome/137.0.7151.103 Mobile Safari/537.36 (compatible; Googlebot/2.1; +http://www.google.com/bot.html)"
192.178.6.98 - - [20/Jul/2025:12:11:46 +0000] "GET /shopbrand/10539880 HTTP/1.1" 200 85977 "-" "Mozilla/5.0 (Linux; Android 6.0.1; Nexus 5X Build/MMB29P) AppleWebKit/537.36 (KHTML, like Gecko) Chrome/137.0.7151.103 Mobile Safari/537.36 (compatible; Googlebot/2.1; +http://www.google.com/bot.html)"
192.178.6.100 - - [20/Jul/2025:12:11:50 +0000] "GET /shopbrand/10543824 HTTP/1.1" 200 85637 "-" "Mozilla/5.0 (Linux; Android 6.0.1; Nexus 5X Build/MMB29P) AppleWebKit/537.36 (KHTML, like Gecko) Chrome/137.0.7151.103 Mobile Safari/537.36 (compatible; Googlebot/2.1; +http://www.google.com/bot.html)"
20.171.207.99 - - [20/Jul/2025:12:12:04 +0000] "GET /search.php?willing129047626.html HTTP/1.1" 200 88025 "-" "Mozilla/5.0 AppleWebKit/537.36 (KHTML, like Gecko; compatible; GPTBot/1.2; +https://openai.com/gptbot)"
192.178.6.99 - - [20/Jul/2025:12:12:08 +0000] "GET /pcmypage?callback=product/review/auc-oshimaalta-abi-213 HTTP/1.1" 200 86286 "-" "Mozilla/5.0 (Linux; Android 6.0.1; Nexus 5X Build/MMB29P) AppleWebKit/537.36 (KHTML, like Gecko) Chrome/137.0.7151.103 Mobile Safari/537.36 (compatible; Googlebot/2.1; +http://www.google.com/bot.html)"
192.178.6.97 - - [20/Jul/2025:12:12:09 +0000] "GET /shopbrand/10540474 HTTP/1.1" 200 87425 "-" "Mozilla/5.0 (Linux; Android 6.0.1; Nexus 5X Build/MMB29P) AppleWebKit/537.36 (KHTML, like Gecko) Chrome/137.0.7151.103 Mobile Safari/537.36 (compatible; Googlebot/2.1; +http://www.google.com/bot.html)"
192.178.6.99 - - [20/Jul/2025:12:12:12 +0000] "GET /shopbrand/10535073 HTTP/1.1" 200 85848 "-" "Mozilla/5.0 (Linux; Android 6.0.1; Nexus 5X Build/MMB29P) AppleWebKit/537.36 (KHTML, like Gecko) Chrome/137.0.7151.103 Mobile Safari/537.36 (compatible; Googlebot/2.1; +http://www.google.com/bot.html)"
192.178.6.97 - - [20/Jul/2025:12:12:16 +0000] "GET /shopbrand/10536957 HTTP/1.1" 200 85841 "-" "Mozilla/5.0 (Linux; Android 6.0.1; Nexus 5X Build/MMB29P) AppleWebKit/537.36 (KHTML, like Gecko) Chrome/137.0.7151.103 Mobile Safari/537.36 (compatible; Googlebot/2.1; +http://www.google.com/bot.html)"
192.178.6.98 - - [20/Jul/2025:12:12:20 +0000] "GET /shopbrand/10537398 HTTP/1.1" 200 86240 "-" "Mozilla/5.0 (Linux; Android 6.0.1; Nexus 5X Build/MMB29P) AppleWebKit/537.36 (KHTML, like Gecko) Chrome/137.0.7151.103 Mobile Safari/537.36 (compatible; Googlebot/2.1; +http://www.google.com/bot.html)"
192.178.6.97 - - [20/Jul/2025:12:12:25 +0000] "GET /shopbrand/10531634 HTTP/1.1" 200 86473 "-" "Mozilla/5.0 (Linux; Android 6.0.1; Nexus 5X Build/MMB29P) AppleWebKit/537.36 (KHTML, like Gecko) Chrome/137.0.7151.103 Mobile Safari/537.36 (compatible; Googlebot/2.1; +http://www.google.com/bot.html)"
192.178.6.98 - - [20/Jul/2025:12:12:32 +0000] "GET /shopbrand/10540051 HTTP/1.1" 200 85993 "-" "Mozilla/5.0 (Linux; Android 6.0.1; Nexus 5X Build/MMB29P) AppleWebKit/537.36 (KHTML, like Gecko) Chrome/137.0.7151.103 Mobile Safari/537.36 (compatible; Googlebot/2.1; +http://www.google.com/bot.html)"
192.178.6.97 - - [20/Jul/2025:12:12:46 +0000] "GET /shopbrand/10531908 HTTP/1.1" 200 86013 "-" "Mozilla/5.0 (Linux; Android 6.0.1; Nexus 5X Build/MMB29P) AppleWebKit/537.36 (KHTML, like Gecko) Chrome/137.0.7151.103 Mobile Safari/537.36 (compatible; Googlebot/2.1; +http://www.google.com/bot.html)"
192.178.6.99 - - [20/Jul/2025:12:12:50 +0000] "GET /shopbrand/10533269 HTTP/1.1" 200 85962 "-" "Mozilla/5.0 (Linux; Android 6.0.1; Nexus 5X Build/MMB29P) AppleWebKit/537.36 (KHTML, like Gecko) Chrome/137.0.7151.103 Mobile Safari/537.36 (compatible; Googlebot/2.1; +http://www.google.com/bot.html)"
192.178.6.99 - - [20/Jul/2025:12:12:54 +0000] "GET /shopbrand/10539969 HTTP/1.1" 200 87184 "-" "Mozilla/5.0 (Linux; Android 6.0.1; Nexus 5X Build/MMB29P) AppleWebKit/537.36 (KHTML, like Gecko) Chrome/137.0.7151.103 Mobile Safari/537.36 (compatible; Googlebot/2.1; +http://www.google.com/bot.html)"
192.178.6.98 - - [20/Jul/2025:12:13:02 +0000] "GET /shopbrand/10536345 HTTP/1.1" 200 86233 "-" "Mozilla/5.0 (Linux; Android 6.0.1; Nexus 5X Build/MMB29P) AppleWebKit/537.36 (KHTML, like Gecko) Chrome/137.0.7151.103 Mobile Safari/537.36 (compatible; Googlebot/2.1; +http://www.google.com/bot.html)"
20.171.207.99 - - [20/Jul/2025:12:13:04 +0000] "GET /search.php?trainer137048956.html HTTP/1.1" 200 87656 "-" "Mozilla/5.0 AppleWebKit/537.36 (KHTML, like Gecko; compatible; GPTBot/1.2; +https://openai.com/gptbot)"
192.178.6.98 - - [20/Jul/2025:12:13:09 +0000] "GET /shopbrand/10532335 HTTP/1.1" 200 85265 "-" "Mozilla/5.0 (Linux; Android 6.0.1; Nexus 5X Build/MMB29P) AppleWebKit/537.36 (KHTML, like Gecko) Chrome/137.0.7151.103 Mobile Safari/537.36 (compatible; Googlebot/2.1; +http://www.google.com/bot.html)"
192.178.6.97 - - [20/Jul/2025:12:13:17 +0000] "GET /shopbrand/10538076 HTTP/1.1" 200 86321 "-" "Mozilla/5.0 (Linux; Android 6.0.1; Nexus 5X Build/MMB29P) AppleWebKit/537.36 (KHTML, like Gecko) Chrome/137.0.7151.103 Mobile Safari/537.36 (compatible; Googlebot/2.1; +http://www.google.com/bot.html)"
192.178.6.97 - - [20/Jul/2025:12:13:24 +0000] "GET /shopbrand/10538350 HTTP/1.1" 200 86285 "-" "Mozilla/5.0 (Linux; Android 6.0.1; Nexus 5X Build/MMB29P) AppleWebKit/537.36 (KHTML, like Gecko) Chrome/137.0.7151.103 Mobile Safari/537.36 (compatible; Googlebot/2.1; +http://www.google.com/bot.html)"
192.178.6.97 - - [20/Jul/2025:12:13:31 +0000] "GET /shopbrand/10539284 HTTP/1.1" 200 85459 "-" "Mozilla/5.0 (Linux; Android 6.0.1; Nexus 5X Build/MMB29P) AppleWebKit/537.36 (KHTML, like Gecko) Chrome/137.0.7151.103 Mobile Safari/537.36 (compatible; Googlebot/2.1; +http://www.google.com/bot.html)"
192.178.6.97 - - [20/Jul/2025:12:13:39 +0000] "GET /shopbrand/10544269 HTTP/1.1" 200 86334 "-" "Mozilla/5.0 (Linux; Android 6.0.1; Nexus 5X Build/MMB29P) AppleWebKit/537.36 (KHTML, like Gecko) Chrome/137.0.7151.103 Mobile Safari/537.36 (compatible; Googlebot/2.1; +http://www.google.com/bot.html)"
192.178.6.97 - - [20/Jul/2025:12:13:46 +0000] "GET /shopbrand/10540325 HTTP/1.1" 200 86415 "-" "Mozilla/5.0 (Linux; Android 6.0.1; Nexus 5X Build/MMB29P) AppleWebKit/537.36 (KHTML, like Gecko) Chrome/137.0.7151.103 Mobile Safari/537.36 (compatible; Googlebot/2.1; +http://www.google.com/bot.html)"
192.178.6.66 - - [20/Jul/2025:12:13:53 +0000] "GET /shopbrand/1987673 HTTP/1.1" 200 85189 "-" "Mozilla/5.0 (Linux; Android 6.0.1; Nexus 5X Build/MMB29P) AppleWebKit/537.36 (KHTML, like Gecko) Chrome/137.0.7151.103 Mobile Safari/537.36 (compatible; Googlebot/2.1; +http://www.google.com/bot.html)"
192.178.6.99 - - [20/Jul/2025:12:13:54 +0000] "GET /shopbrand/10537297 HTTP/1.1" 200 86905 "-" "Mozilla/5.0 (Linux; Android 6.0.1; Nexus 5X Build/MMB29P) AppleWebKit/537.36 (KHTML, like Gecko) Chrome/137.0.7151.103 Mobile Safari/537.36 (compatible; Googlebot/2.1; +http://www.google.com/bot.html)"
192.178.6.97 - - [20/Jul/2025:12:14:01 +0000] "GET /shopbrand/10543739 HTTP/1.1" 200 86497 "-" "Mozilla/5.0 (Linux; Android 6.0.1; Nexus 5X Build/MMB29P) AppleWebKit/537.36 (KHTML, like Gecko) Chrome/137.0.7151.103 Mobile Safari/537.36 (compatible; Googlebot/2.1; +http://www.google.com/bot.html)"
20.171.207.99 - - [20/Jul/2025:12:14:08 +0000] "GET /search.php?company175038934.html HTTP/1.1" 200 86028 "-" "Mozilla/5.0 AppleWebKit/537.36 (KHTML, like Gecko; compatible; GPTBot/1.2; +https://openai.com/gptbot)"
192.178.6.97 - - [20/Jul/2025:12:14:15 +0000] "GET /shopbrand/10541956 HTTP/1.1" 200 86090 "-" "Mozilla/5.0 (Linux; Android 6.0.1; Nexus 5X Build/MMB29P) AppleWebKit/537.36 (KHTML, like Gecko) Chrome/137.0.7151.103 Mobile Safari/537.36 (compatible; Googlebot/2.1; +http://www.google.com/bot.html)"
192.178.6.98 - - [20/Jul/2025:12:14:19 +0000] "GET /shopbrand/10533947 HTTP/1.1" 200 86588 "-" "Mozilla/5.0 (Linux; Android 6.0.1; Nexus 5X Build/MMB29P) AppleWebKit/537.36 (KHTML, like Gecko) Chrome/137.0.7151.103 Mobile Safari/537.36 (compatible; Googlebot/2.1; +http://www.google.com/bot.html)"
192.178.6.97 - - [20/Jul/2025:12:14:23 +0000] "GET /shopbrand/10534221 HTTP/1.1" 200 86233 "-" "Mozilla/5.0 (Linux; Android 6.0.1; Nexus 5X Build/MMB29P) AppleWebKit/537.36 (KHTML, like Gecko) Chrome/137.0.7151.103 Mobile Safari/537.36 (compatible; Googlebot/2.1; +http://www.google.com/bot.html)"
192.178.6.98 - - [20/Jul/2025:12:14:31 +0000] "GET /shopbrand/10542294 HTTP/1.1" 200 86746 "-" "Mozilla/5.0 (Linux; Android 6.0.1; Nexus 5X Build/MMB29P) AppleWebKit/537.36 (KHTML, like Gecko) Chrome/137.0.7151.103 Mobile Safari/537.36 (compatible; Googlebot/2.1; +http://www.google.com/bot.html)"
192.178.6.98 - - [20/Jul/2025:12:14:38 +0000] "GET /shopbrand/10537738 HTTP/1.1" 200 85923 "-" "Mozilla/5.0 (Linux; Android 6.0.1; Nexus 5X Build/MMB29P) AppleWebKit/537.36 (KHTML, like Gecko) Chrome/137.0.7151.103 Mobile Safari/537.36 (compatible; Googlebot/2.1; +http://www.google.com/bot.html)"
192.178.6.97 - - [20/Jul/2025:12:14:45 +0000] "GET /shopbrand/10535411 HTTP/1.1" 200 86345 "-" "Mozilla/5.0 (Linux; Android 6.0.1; Nexus 5X Build/MMB29P) AppleWebKit/537.36 (KHTML, like Gecko) Chrome/137.0.7151.103 Mobile Safari/537.36 (compatible; Googlebot/2.1; +http://www.google.com/bot.html)"
192.178.6.97 - - [20/Jul/2025:12:14:53 +0000] "GET /shopbrand/10537720 HTTP/1.1" 200 85862 "-" "Mozilla/5.0 (Linux; Android 6.0.1; Nexus 5X Build/MMB29P) AppleWebKit/537.36 (KHTML, like Gecko) Chrome/137.0.7151.103 Mobile Safari/537.36 (compatible; Googlebot/2.1; +http://www.google.com/bot.html)"
192.178.6.97 - - [20/Jul/2025:12:15:00 +0000] "GET /shopbrand/10536192 HTTP/1.1" 200 87023 "-" "Mozilla/5.0 (Linux; Android 6.0.1; Nexus 5X Build/MMB29P) AppleWebKit/537.36 (KHTML, like Gecko) Chrome/137.0.7151.103 Mobile Safari/537.36 (compatible; Googlebot/2.1; +http://www.google.com/bot.html)"
192.178.6.66 - - [20/Jul/2025:12:15:04 +0000] "GET /pcmypage?callback=product/review/stylife-nv7092 HTTP/1.1" 200 86872 "-" "Mozilla/5.0 (Linux; Android 6.0.1; Nexus 5X Build/MMB29P) AppleWebKit/537.36 (KHTML, like Gecko) Chrome/137.0.7151.103 Mobile Safari/537.36 (compatible; Googlebot/2.1; +http://www.google.com/bot.html)"
192.178.6.98 - - [20/Jul/2025:12:15:05 +0000] "GET /pcmypage?callback=product%2Fdetail%2Fedgeshop-sp001038_aud-00021-03-0000248 HTTP/1.1" 200 85304 "-" "Mozilla/5.0 (Linux; Android 6.0.1; Nexus 5X Build/MMB29P) AppleWebKit/537.36 (KHTML, like Gecko) Chrome/137.0.7151.103 Mobile Safari/537.36 (compatible; Googlebot/2.1; +http://www.google.com/bot.html)"
20.171.207.99 - - [20/Jul/2025:12:15:13 +0000] "GET /search.php?informal056034481.html HTTP/1.1" 200 87114 "-" "Mozilla/5.0 AppleWebKit/537.36 (KHTML, like Gecko; compatible; GPTBot/1.2; +https://openai.com/gptbot)"
192.178.6.97 - - [20/Jul/2025:12:15:14 +0000] "GET /shopbrand/10532824 HTTP/1.1" 200 86429 "-" "Mozilla/5.0 (Linux; Android 6.0.1; Nexus 5X Build/MMB29P) AppleWebKit/537.36 (KHTML, like Gecko) Chrome/137.0.7151.103 Mobile Safari/537.36 (compatible; Googlebot/2.1; +http://www.google.com/bot.html)"
192.178.6.97 - - [20/Jul/2025:12:15:18 +0000] "GET /shopbrand/10534644 HTTP/1.1" 200 86551 "-" "Mozilla/5.0 (Linux; Android 6.0.1; Nexus 5X Build/MMB29P) AppleWebKit/537.36 (KHTML, like Gecko) Chrome/137.0.7151.103 Mobile Safari/537.36 (compatible; Googlebot/2.1; +http://www.google.com/bot.html)"
192.178.6.97 - - [20/Jul/2025:12:15:22 +0000] "GET /shopbrand/10541426 HTTP/1.1" 200 87327 "-" "Mozilla/5.0 (Linux; Android 6.0.1; Nexus 5X Build/MMB29P) AppleWebKit/537.36 (KHTML, like Gecko) Chrome/137.0.7151.103 Mobile Safari/537.36 (compatible; Googlebot/2.1; +http://www.google.com/bot.html)"
192.178.6.98 - - [20/Jul/2025:12:15:30 +0000] "GET /shopbrand/10543061 HTTP/1.1" 200 85595 "-" "Mozilla/5.0 (Linux; Android 6.0.1; Nexus 5X Build/MMB29P) AppleWebKit/537.36 (KHTML, like Gecko) Chrome/137.0.7151.103 Mobile Safari/537.36 (compatible; Googlebot/2.1; +http://www.google.com/bot.html)"
192.178.6.98 - - [20/Jul/2025:12:15:37 +0000] "GET /shopbrand/10533180 HTTP/1.1" 200 85588 "-" "Mozilla/5.0 (Linux; Android 6.0.1; Nexus 5X Build/MMB29P) AppleWebKit/537.36 (KHTML, like Gecko) Chrome/137.0.7151.103 Mobile Safari/537.36 (compatible; Googlebot/2.1; +http://www.google.com/bot.html)"
192.178.6.98 - - [20/Jul/2025:12:15:45 +0000] "GET /shopbrand/10534306 HTTP/1.1" 200 86583 "-" "Mozilla/5.0 (Linux; Android 6.0.1; Nexus 5X Build/MMB29P) AppleWebKit/537.36 (KHTML, like Gecko) Chrome/137.0.7151.103 Mobile Safari/537.36 (compatible; Googlebot/2.1; +http://www.google.com/bot.html)"
192.178.6.97 - - [20/Jul/2025:12:15:51 +0000] "GET /034044224.htm HTTP/1.1" 200 86039 "-" "Mozilla/5.0 (Linux; Android 6.0.1; Nexus 5X Build/MMB29P) AppleWebKit/537.36 (KHTML, like Gecko) Chrome/137.0.7151.103 Mobile Safari/537.36 (compatible; Googlebot/2.1; +http://www.google.com/bot.html)"
192.178.6.97 - - [20/Jul/2025:12:15:52 +0000] "GET /shopbrand/10538439 HTTP/1.1" 200 87133 "-" "Mozilla/5.0 (Linux; Android 6.0.1; Nexus 5X Build/MMB29P) AppleWebKit/537.36 (KHTML, like Gecko) Chrome/137.0.7151.103 Mobile Safari/537.36 (compatible; Googlebot/2.1; +http://www.google.com/bot.html)"
192.178.6.99 - - [20/Jul/2025:12:15:59 +0000] "GET /shopbrand/10532502 HTTP/1.1" 200 85768 "-" "Mozilla/5.0 (Linux; Android 6.0.1; Nexus 5X Build/MMB29P) AppleWebKit/537.36 (KHTML, like Gecko) Chrome/137.0.7151.103 Mobile Safari/537.36 (compatible; Googlebot/2.1; +http://www.google.com/bot.html)"
192.178.6.98 - - [20/Jul/2025:12:16:07 +0000] "GET /shopbrand/10534032 HTTP/1.1" 200 87131 "-" "Mozilla/5.0 (Linux; Android 6.0.1; Nexus 5X Build/MMB29P) AppleWebKit/537.36 (KHTML, like Gecko) Chrome/137.0.7151.103 Mobile Safari/537.36 (compatible; Googlebot/2.1; +http://www.google.com/bot.html)"
20.171.207.99 - - [20/Jul/2025:12:16:14 +0000] "GET /search.php?product/edit/lucida-ndk-0047-000 HTTP/1.1" 200 87124 "-" "Mozilla/5.0 AppleWebKit/537.36 (KHTML, like Gecko; compatible; GPTBot/1.2; +https://openai.com/gptbot)"
192.178.6.97 - - [20/Jul/2025:12:16:14 +0000] "GET /shopbrand/10541088 HTTP/1.1" 200 85558 "-" "Mozilla/5.0 (Linux; Android 6.0.1; Nexus 5X Build/MMB29P) AppleWebKit/537.36 (KHTML, like Gecko) Chrome/137.0.7151.103 Mobile Safari/537.36 (compatible; Googlebot/2.1; +http://www.google.com/bot.html)"
192.178.6.97 - - [20/Jul/2025:12:16:22 +0000] "GET /shopbrand/10535852 HTTP/1.1" 200 87874 "-" "Mozilla/5.0 (Linux; Android 6.0.1; Nexus 5X Build/MMB29P) AppleWebKit/537.36 (KHTML, like Gecko) Chrome/137.0.7151.103 Mobile Safari/537.36 (compatible; Googlebot/2.1; +http://www.google.com/bot.html)"
192.178.6.96 - - [20/Jul/2025:12:16:31 +0000] "GET /128003242.htm HTTP/1.1" 200 85569 "-" "Mozilla/5.0 (Linux; Android 6.0.1; Nexus 5X Build/MMB29P) AppleWebKit/537.36 (KHTML, like Gecko) Chrome/137.0.7151.103 Mobile Safari/537.36 (compatible; Googlebot/2.1; +http://www.google.com/bot.html)"
192.178.6.96 - - [20/Jul/2025:12:16:31 +0000] "GET /shopbrand/10541241 HTTP/1.1" 200 86127 "-" "Mozilla/5.0 (Linux; Android 6.0.1; Nexus 5X Build/MMB29P) AppleWebKit/537.36 (KHTML, like Gecko) Chrome/137.0.7151.103 Mobile Safari/537.36 (compatible; Googlebot/2.1; +http://www.google.com/bot.html)"
192.178.6.96 - - [20/Jul/2025:12:16:36 +0000] "GET /shopbrand/10538505 HTTP/1.1" 200 85409 "-" "Mozilla/5.0 (Linux; Android 6.0.1; Nexus 5X Build/MMB29P) AppleWebKit/537.36 (KHTML, like Gecko) Chrome/137.0.7151.103 Mobile Safari/537.36 (compatible; Googlebot/2.1; +http://www.google.com/bot.html)"
192.178.6.105 - - [20/Jul/2025:12:16:51 +0000] "GET /shopbrand/10543401 HTTP/1.1" 200 85895 "-" "Mozilla/5.0 (Linux; Android 6.0.1; Nexus 5X Build/MMB29P) AppleWebKit/537.36 (KHTML, like Gecko) Chrome/137.0.7151.103 Mobile Safari/537.36 (compatible; Googlebot/2.1; +http://www.google.com/bot.html)"
192.178.6.96 - - [20/Jul/2025:12:16:54 +0000] "GET /shopbrand/10534984 HTTP/1.1" 200 86162 "-" "Mozilla/5.0 (Linux; Android 6.0.1; Nexus 5X Build/MMB29P) AppleWebKit/537.36 (KHTML, like Gecko) Chrome/137.0.7151.103 Mobile Safari/537.36 (compatible; Googlebot/2.1; +http://www.google.com/bot.html)"
192.178.6.96 - - [20/Jul/2025:12:16:59 +0000] "GET /shopbrand/10536975 HTTP/1.1" 200 85343 "-" "Mozilla/5.0 (Linux; Android 6.0.1; Nexus 5X Build/MMB29P) AppleWebKit/537.36 (KHTML, like Gecko) Chrome/137.0.7151.103 Mobile Safari/537.36 (compatible; Googlebot/2.1; +http://www.google.com/bot.html)"
192.178.6.67 - - [20/Jul/2025:12:17:06 +0000] "GET /search?category=1010&search_word= HTTP/1.1" 200 86159 "-" "Mozilla/5.0 (Linux; Android 6.0.1; Nexus 5X Build/MMB29P) AppleWebKit/537.36 (KHTML, like Gecko) Chrome/137.0.7151.103 Mobile Safari/537.36 (compatible; Googlebot/2.1; +http://www.google.com/bot.html)"
192.178.6.66 - - [20/Jul/2025:12:17:14 +0000] "GET /search?category=50101&search_word= HTTP/1.1" 200 85639 "-" "Mozilla/5.0 (Linux; Android 6.0.1; Nexus 5X Build/MMB29P) AppleWebKit/537.36 (KHTML, like Gecko) Chrome/137.0.7151.103 Mobile Safari/537.36 (compatible; Googlebot/2.1; +http://www.google.com/bot.html)"
20.171.207.99 - - [20/Jul/2025:12:17:17 +0000] "GET /search.php?distance129037582.html HTTP/1.1" 200 86947 "-" "Mozilla/5.0 AppleWebKit/537.36 (KHTML, like Gecko; compatible; GPTBot/1.2; +https://openai.com/gptbot)"
192.178.6.65 - - [20/Jul/2025:12:17:21 +0000] "GET /search?category=65205&search_word= HTTP/1.1" 200 85976 "-" "Mozilla/5.0 (Linux; Android 6.0.1; Nexus 5X Build/MMB29P) AppleWebKit/537.36 (KHTML, like Gecko) Chrome/137.0.7151.103 Mobile Safari/537.36 (compatible; Googlebot/2.1; +http://www.google.com/bot.html)"
192.178.6.65 - - [20/Jul/2025:12:17:28 +0000] "GET /search?category=1024&search_word= HTTP/1.1" 200 86855 "-" "Mozilla/5.0 (Linux; Android 6.0.1; Nexus 5X Build/MMB29P) AppleWebKit/537.36 (KHTML, like Gecko) Chrome/137.0.7151.103 Mobile Safari/537.36 (compatible; Googlebot/2.1; +http://www.google.com/bot.html)"
192.178.6.65 - - [20/Jul/2025:12:17:36 +0000] "GET /search?category=407&search_word= HTTP/1.1" 200 85664 "-" "Mozilla/5.0 (Linux; Android 6.0.1; Nexus 5X Build/MMB29P) AppleWebKit/537.36 (KHTML, like Gecko) Chrome/137.0.7151.103 Mobile Safari/537.36 (compatible; Googlebot/2.1; +http://www.google.com/bot.html)"
192.178.6.66 - - [20/Jul/2025:12:17:43 +0000] "GET /search?category=1024&search_word= HTTP/1.1" 200 86842 "-" "Mozilla/5.0 (Linux; Android 6.0.1; Nexus 5X Build/MMB29P) AppleWebKit/537.36 (KHTML, like Gecko) Chrome/137.0.7151.103 Mobile Safari/537.36 (compatible; Googlebot/2.1; +http://www.google.com/bot.html)"
209.74.77.214 - - [20/Jul/2025:12:17:47 +0000] "POST /wp-cron.php?doing_wp_cron=1753013866.8937110900878906250000 HTTP/1.1" 403 33 "-" "WordPress/6.8.2; https://topflowroofingplumbing.com.au"
2a03:2880:f800:12:: - - [20/Jul/2025:12:17:46 +0000] "GET /shopdetail/219033952 HTTP/1.1" 404 11694 "-" "meta-externalagent/1.1 (+https://developers.facebook.com/docs/sharing/webmasters/crawler)"
192.178.6.66 - - [20/Jul/2025:12:17:51 +0000] "GET /search?category=50101&search_word= HTTP/1.1" 200 85542 "-" "Mozilla/5.0 (Linux; Android 6.0.1; Nexus 5X Build/MMB29P) AppleWebKit/537.36 (KHTML, like Gecko) Chrome/137.0.7151.103 Mobile Safari/537.36 (compatible; Googlebot/2.1; +http://www.google.com/bot.html)"
192.178.6.65 - - [20/Jul/2025:12:17:58 +0000] "GET /search?category=65205&search_word= HTTP/1.1" 200 86228 "-" "Mozilla/5.0 (Linux; Android 6.0.1; Nexus 5X Build/MMB29P) AppleWebKit/537.36 (KHTML, like Gecko) Chrome/137.0.7151.103 Mobile Safari/537.36 (compatible; Googlebot/2.1; +http://www.google.com/bot.html)"
2a03:2880:f800:13:: - - [20/Jul/2025:12:17:59 +0000] "GET /shopdetail/557960752 HTTP/1.1" 404 11694 "-" "meta-externalagent/1.1 (+https://developers.facebook.com/docs/sharing/webmasters/crawler)"
192.178.6.66 - - [20/Jul/2025:12:18:05 +0000] "GET /search?category=407&search_word= HTTP/1.1" 200 85752 "-" "Mozilla/5.0 (Linux; Android 6.0.1; Nexus 5X Build/MMB29P) AppleWebKit/537.36 (KHTML, like Gecko) Chrome/137.0.7151.103 Mobile Safari/537.36 (compatible; Googlebot/2.1; +http://www.google.com/bot.html)"
192.178.6.65 - - [20/Jul/2025:12:18:13 +0000] "GET /search?category=1010&search_word= HTTP/1.1" 200 86420 "-" "Mozilla/5.0 (Linux; Android 6.0.1; Nexus 5X Build/MMB29P) AppleWebKit/537.36 (KHTML, like Gecko) Chrome/137.0.7151.103 Mobile Safari/537.36 (compatible; Googlebot/2.1; +http://www.google.com/bot.html)"
20.171.207.99 - - [20/Jul/2025:12:18:23 +0000] "GET /search.php?currency129037584.html HTTP/1.1" 200 86862 "-" "Mozilla/5.0 AppleWebKit/537.36 (KHTML, like Gecko; compatible; GPTBot/1.2; +https://openai.com/gptbot)"
192.178.6.65 - - [20/Jul/2025:12:18:28 +0000] "GET /pcmypage?callback=product/review/seikatu-souko-usdm-0116-175 HTTP/1.1" 200 86966 "-" "Mozilla/5.0 (Linux; Android 6.0.1; Nexus 5X Build/MMB29P) AppleWebKit/537.36 (KHTML, like Gecko) Chrome/137.0.7151.103 Mobile Safari/537.36 (compatible; Googlebot/2.1; +http://www.google.com/bot.html)"
192.178.6.105 - - [20/Jul/2025:12:18:42 +0000] "GET /083017363.htm HTTP/1.1" 200 86352 "-" "Mozilla/5.0 (Linux; Android 6.0.1; Nexus 5X Build/MMB29P) AppleWebKit/537.36 (KHTML, like Gecko) Chrome/137.0.7151.103 Mobile Safari/537.36 (compatible; Googlebot/2.1; +http://www.google.com/bot.html)"
192.178.6.105 - - [20/Jul/2025:12:18:50 +0000] "GET /pcmypage?callback=/product%2Fdetail%2ippukujaya-ds-1580092 HTTP/1.1" 200 85357 "-" "Mozilla/5.0 (Linux; Android 6.0.1; Nexus 5X Build/MMB29P) AppleWebKit/537.36 (KHTML, like Gecko) Chrome/137.0.7151.103 Mobile Safari/537.36 (compatible; Googlebot/2.1; +http://www.google.com/bot.html)"
192.178.6.105 - - [20/Jul/2025:12:18:57 +0000] "GET /150040486.htm HTTP/1.1" 200 85664 "-" "Mozilla/5.0 (Linux; Android 6.0.1; Nexus 5X Build/MMB29P) AppleWebKit/537.36 (KHTML, like Gecko) Chrome/137.0.7151.103 Mobile Safari/537.36 (compatible; Googlebot/2.1; +http://www.google.com/bot.html)"
192.178.6.97 - - [20/Jul/2025:12:19:05 +0000] "GET /pcmypage?callback=/product%2Fdetail%2g-bike-382128-1496760 HTTP/1.1" 200 86034 "-" "Mozilla/5.0 (Linux; Android 6.0.1; Nexus 5X Build/MMB29P) AppleWebKit/537.36 (KHTML, like Gecko) Chrome/137.0.7151.103 Mobile Safari/537.36 (compatible; Googlebot/2.1; +http://www.google.com/bot.html)"
192.178.6.105 - - [20/Jul/2025:12:19:12 +0000] "GET /022000070.htm HTTP/1.1" 200 86016 "-" "Mozilla/5.0 (Linux; Android 6.0.1; Nexus 5X Build/MMB29P) AppleWebKit/537.36 (KHTML, like Gecko) Chrome/137.0.7151.103 Mobile Safari/537.36 (compatible; Googlebot/2.1; +http://www.google.com/bot.html)"
192.178.6.105 - - [20/Jul/2025:12:19:26 +0000] "GET /pcmypage?callback=product%2Fdetail%2Fg-bike-382128-1496760 HTTP/1.1" 200 87063 "-" "Mozilla/5.0 (Linux; Android 6.0.1; Nexus 5X Build/MMB29P) AppleWebKit/537.36 (KHTML, like Gecko) Chrome/137.0.7151.103 Mobile Safari/537.36 (compatible; Googlebot/2.1; +http://www.google.com/bot.html)"
209.74.77.214 - - [20/Jul/2025:12:19:27 +0000] "POST /wp-cron.php?doing_wp_cron=1753013967.6128859519958496093750 HTTP/1.1" 403 33 "-" "WordPress/6.8.2; https://topflowroofingplumbing.com.au"
20.171.207.99 - - [20/Jul/2025:12:19:27 +0000] "GET /?_bd_prev_page=https%3A%2F%2Ftopflowroofingplumbing.com.au%2Fsuper.php%3Fitems%2F247029816.html%3Fsrsltid%3DAfmBOozmoYKYPbrIKmraZZFwWfXIoLwINqGayKgnVLOLdI3KUFGm&_bdsid=gj9gbu.n%7EXKZYM.173731041.175731817&_gz=2.190550713.194459015.171265578-867736498.163300847 HTTP/1.1" 301 - "-" "Mozilla/5.0 AppleWebKit/537.36 (KHTML, like Gecko; compatible; GPTBot/1.2; +https://openai.com/gptbot)"
20.171.207.99 - - [20/Jul/2025:12:19:28 +0000] "GET /?_bd_prev_page=https%3A%2F%2Ftopflowroofingplumbing.com.au%2Fsuper.php%3Fitems%2F247029816.html%3Fsrsltid%3DAfmBOozmoYKYPbrIKmraZZFwWfXIoLwINqGayKgnVLOLdI3KUFGm&_bdsid=gj9gbu.n~XKZYM.173731041.175731817&_gz=2.190550713.194459015.171265578-867736498.163300847 HTTP/1.1" 200 17680 "-" "Mozilla/5.0 AppleWebKit/537.36 (KHTML, like Gecko; compatible; GPTBot/1.2; +https://openai.com/gptbot)"
192.178.6.105 - - [20/Jul/2025:12:19:30 +0000] "GET /042000168.htm HTTP/1.1" 200 85447 "-" "Mozilla/5.0 (Linux; Android 6.0.1; Nexus 5X Build/MMB29P) AppleWebKit/537.36 (KHTML, like Gecko) Chrome/137.0.7151.103 Mobile Safari/537.36 (compatible; Googlebot/2.1; +http://www.google.com/bot.html)"
192.178.6.105 - - [20/Jul/2025:12:19:34 +0000] "GET /047008809.htm HTTP/1.1" 200 85067 "-" "Mozilla/5.0 (Linux; Android 6.0.1; Nexus 5X Build/MMB29P) AppleWebKit/537.36 (KHTML, like Gecko) Chrome/137.0.7151.103 Mobile Safari/537.36 (compatible; Googlebot/2.1; +http://www.google.com/bot.html)"
192.178.6.96 - - [20/Jul/2025:12:19:42 +0000] "GET /pcmypage?callback=product/review/auc-ena-sta1148 HTTP/1.1" 200 87368 "-" "Mozilla/5.0 (Linux; Android 6.0.1; Nexus 5X Build/MMB29P) AppleWebKit/537.36 (KHTML, like Gecko) Chrome/137.0.7151.103 Mobile Safari/537.36 (compatible; Googlebot/2.1; +http://www.google.com/bot.html)"
192.178.6.66 - - [20/Jul/2025:12:19:43 +0000] "GET /search?category=406&search_word= HTTP/1.1" 200 86021 "-" "Mozilla/5.0 (Linux; Android 6.0.1; Nexus 5X Build/MMB29P) AppleWebKit/537.36 (KHTML, like Gecko) Chrome/137.0.7151.103 Mobile Safari/537.36 (compatible; Googlebot/2.1; +http://www.google.com/bot.html)"
192.178.6.96 - - [20/Jul/2025:12:19:49 +0000] "GET /pcmypage?callback=product%2Fdetail%2Fkaigen703-enco-kagu-04-1 HTTP/1.1" 200 86720 "-" "Mozilla/5.0 (Linux; Android 6.0.1; Nexus 5X Build/MMB29P) AppleWebKit/537.36 (KHTML, like Gecko) Chrome/137.0.7151.103 Mobile Safari/537.36 (compatible; Googlebot/2.1; +http://www.google.com/bot.html)"
192.178.6.97 - - [20/Jul/2025:12:19:56 +0000] "GET /028031532.htm HTTP/1.1" 200 86046 "-" "Mozilla/5.0 (Linux; Android 6.0.1; Nexus 5X Build/MMB29P) AppleWebKit/537.36 (KHTML, like Gecko) Chrome/137.0.7151.103 Mobile Safari/537.36 (compatible; Googlebot/2.1; +http://www.google.com/bot.html)"
192.178.6.97 - - [20/Jul/2025:12:20:05 +0000] "GET /100038202.htm HTTP/1.1" 200 86746 "-" "Mozilla/5.0 (Linux; Android 6.0.1; Nexus 5X Build/MMB29P) AppleWebKit/537.36 (KHTML, like Gecko) Chrome/137.0.7151.103 Mobile Safari/537.36 (compatible; Googlebot/2.1; +http://www.google.com/bot.html)"
192.178.6.105 - - [20/Jul/2025:12:20:13 +0000] "GET /architecture/v42?pid=431 HTTP/1.1" 200 85666 "-" "Mozilla/5.0 (Linux; Android 6.0.1; Nexus 5X Build/MMB29P) AppleWebKit/537.36 (KHTML, like Gecko) Chrome/137.0.7151.103 Mobile Safari/537.36 (compatible; Googlebot/2.1; +http://www.google.com/bot.html)"
192.178.6.65 - - [20/Jul/2025:12:20:14 +0000] "GET /career/f95?pid=664 HTTP/1.1" 200 85365 "-" "Mozilla/5.0 (Linux; Android 6.0.1; Nexus 5X Build/MMB29P) AppleWebKit/537.36 (KHTML, like Gecko) Chrome/137.0.7151.103 Mobile Safari/537.36 (compatible; Googlebot/2.1; +http://www.google.com/bot.html)"
20.171.207.99 - - [20/Jul/2025:12:20:29 +0000] "GET /search.php?product/edit/tuzukiya-u25-0029 HTTP/1.1" 200 86823 "-" "Mozilla/5.0 AppleWebKit/537.36 (KHTML, like Gecko; compatible; GPTBot/1.2; +https://openai.com/gptbot)"
192.178.6.105 - - [20/Jul/2025:12:20:32 +0000] "GET /European/a238?pid=2699 HTTP/1.1" 200 85798 "-" "Mozilla/5.0 (Linux; Android 6.0.1; Nexus 5X Build/MMB29P) AppleWebKit/537.36 (KHTML, like Gecko) Chrome/137.0.7151.103 Mobile Safari/537.36 (compatible; Googlebot/2.1; +http://www.google.com/bot.html)"
192.178.6.105 - - [20/Jul/2025:12:20:36 +0000] "GET /Canadian/p144?pid=21669 HTTP/1.1" 200 85573 "-" "Mozilla/5.0 (Linux; Android 6.0.1; Nexus 5X Build/MMB29P) AppleWebKit/537.36 (KHTML, like Gecko) Chrome/137.0.7151.103 Mobile Safari/537.36 (compatible; Googlebot/2.1; +http://www.google.com/bot.html)"
192.178.6.96 - - [20/Jul/2025:12:20:40 +0000] "GET /intervention/t22?pid=81 HTTP/1.1" 200 85840 "-" "Mozilla/5.0 (Linux; Android 6.0.1; Nexus 5X Build/MMB29P) AppleWebKit/537.36 (KHTML, like Gecko) Chrome/137.0.7151.103 Mobile Safari/537.36 (compatible; Googlebot/2.1; +http://www.google.com/bot.html)"
192.178.6.96 - - [20/Jul/2025:12:20:44 +0000] "GET /mutter/l47?pid=546 HTTP/1.1" 200 87128 "-" "Mozilla/5.0 (Linux; Android 6.0.1; Nexus 5X Build/MMB29P) AppleWebKit/537.36 (KHTML, like Gecko) Chrome/137.0.7151.103 Mobile Safari/537.36 (compatible; Googlebot/2.1; +http://www.google.com/bot.html)"
192.178.6.105 - - [20/Jul/2025:12:20:48 +0000] "GET /ethical/v19?pid=676 HTTP/1.1" 200 85666 "-" "Mozilla/5.0 (Linux; Android 6.0.1; Nexus 5X Build/MMB29P) AppleWebKit/537.36 (KHTML, like Gecko) Chrome/137.0.7151.103 Mobile Safari/537.36 (compatible; Googlebot/2.1; +http://www.google.com/bot.html)"
192.178.6.105 - - [20/Jul/2025:12:20:56 +0000] "GET /organizational/v83?pid=832 HTTP/1.1" 200 85392 "-" "Mozilla/5.0 (Linux; Android 6.0.1; Nexus 5X Build/MMB29P) AppleWebKit/537.36 (KHTML, like Gecko) Chrome/137.0.7151.103 Mobile Safari/537.36 (compatible; Googlebot/2.1; +http://www.google.com/bot.html)"
192.178.6.96 - - [20/Jul/2025:12:21:03 +0000] "GET /scale/e61?pid=98 HTTP/1.1" 200 85885 "-" "Mozilla/5.0 (Linux; Android 6.0.1; Nexus 5X Build/MMB29P) AppleWebKit/537.36 (KHTML, like Gecko) Chrome/137.0.7151.103 Mobile Safari/537.36 (compatible; Googlebot/2.1; +http://www.google.com/bot.html)"
192.178.6.67 - - [20/Jul/2025:12:21:09 +0000] "GET /concrete/c93?pid=272 HTTP/1.1" 200 86989 "-" "Mozilla/5.0 (Linux; Android 6.0.1; Nexus 5X Build/MMB29P) AppleWebKit/537.36 (KHTML, like Gecko) Chrome/137.0.7151.103 Mobile Safari/537.36 (compatible; Googlebot/2.1; +http://www.google.com/bot.html)"
192.178.6.96 - - [20/Jul/2025:12:21:11 +0000] "GET /zhHant/product/surugaya/tesorocoltd-ti-st-324?campaign_uid=f64d716db5e979ed2f947dbaf4296895b951ae7f HTTP/1.1" 200 85400 "-" "Mozilla/5.0 (Linux; Android 6.0.1; Nexus 5X Build/MMB29P) AppleWebKit/537.36 (KHTML, like Gecko) Chrome/137.0.7151.103 Mobile Safari/537.36 (compatible; Googlebot/2.1; +http://www.google.com/bot.html)"
192.178.6.105 - - [20/Jul/2025:12:21:18 +0000] "GET /shopbrand/10535767 HTTP/1.1" 200 85668 "-" "Mozilla/5.0 (Linux; Android 6.0.1; Nexus 5X Build/MMB29P) AppleWebKit/537.36 (KHTML, like Gecko) Chrome/137.0.7151.103 Mobile Safari/537.36 (compatible; Googlebot/2.1; +http://www.google.com/bot.html)"
192.178.6.105 - - [20/Jul/2025:12:21:25 +0000] "GET /shopbrand/10539202 HTTP/1.1" 200 86917 "-" "Mozilla/5.0 (Linux; Android 6.0.1; Nexus 5X Build/MMB29P) AppleWebKit/537.36 (KHTML, like Gecko) Chrome/137.0.7151.103 Mobile Safari/537.36 (compatible; Googlebot/2.1; +http://www.google.com/bot.html)"
20.171.207.99 - - [20/Jul/2025:12:21:31 +0000] "GET /search.php?product/edit/nanako-ya-d71327-02 HTTP/1.1" 200 86287 "-" "Mozilla/5.0 AppleWebKit/537.36 (KHTML, like Gecko; compatible; GPTBot/1.2; +https://openai.com/gptbot)"
192.178.6.105 - - [20/Jul/2025:12:21:33 +0000] "GET /shopbrand/10538165 HTTP/1.1" 200 85685 "-" "Mozilla/5.0 (Linux; Android 6.0.1; Nexus 5X Build/MMB29P) AppleWebKit/537.36 (KHTML, like Gecko) Chrome/137.0.7151.103 Mobile Safari/537.36 (compatible; Googlebot/2.1; +http://www.google.com/bot.html)"
192.178.6.96 - - [20/Jul/2025:12:21:40 +0000] "GET /shopbrand/10541871 HTTP/1.1" 200 85775 "-" "Mozilla/5.0 (Linux; Android 6.0.1; Nexus 5X Build/MMB29P) AppleWebKit/537.36 (KHTML, like Gecko) Chrome/137.0.7151.103 Mobile Safari/537.36 (compatible; Googlebot/2.1; +http://www.google.com/bot.html)"
192.178.6.97 - - [20/Jul/2025:12:21:54 +0000] "GET /shopbrand/10544454 HTTP/1.1" 200 86720 "-" "Mozilla/5.0 (Linux; Android 6.0.1; Nexus 5X Build/MMB29P) AppleWebKit/537.36 (KHTML, like Gecko) Chrome/137.0.7151.103 Mobile Safari/537.36 (compatible; Googlebot/2.1; +http://www.google.com/bot.html)"
192.178.6.97 - - [20/Jul/2025:12:21:58 +0000] "GET /shopbrand/10543335 HTTP/1.1" 200 86697 "-" "Mozilla/5.0 (Linux; Android 6.0.1; Nexus 5X Build/MMB29P) AppleWebKit/537.36 (KHTML, like Gecko) Chrome/137.0.7151.103 Mobile Safari/537.36 (compatible; Googlebot/2.1; +http://www.google.com/bot.html)"
192.178.6.99 - - [20/Jul/2025:12:22:03 +0000] "GET /shopbrand/10533454 HTTP/1.1" 200 86558 "-" "Mozilla/5.0 (Linux; Android 6.0.1; Nexus 5X Build/MMB29P) AppleWebKit/537.36 (KHTML, like Gecko) Chrome/137.0.7151.103 Mobile Safari/537.36 (compatible; Googlebot/2.1; +http://www.google.com/bot.html)"
192.178.6.97 - - [20/Jul/2025:12:22:10 +0000] "GET /shopbrand/10536190 HTTP/1.1" 200 86356 "-" "Mozilla/5.0 (Linux; Android 6.0.1; Nexus 5X Build/MMB29P) AppleWebKit/537.36 (KHTML, like Gecko) Chrome/137.0.7151.103 Mobile Safari/537.36 (compatible; Googlebot/2.1; +http://www.google.com/bot.html)"
192.178.6.97 - - [20/Jul/2025:12:22:17 +0000] "GET /shopbrand/10540830 HTTP/1.1" 200 86302 "-" "Mozilla/5.0 (Linux; Android 6.0.1; Nexus 5X Build/MMB29P) AppleWebKit/537.36 (KHTML, like Gecko) Chrome/137.0.7151.103 Mobile Safari/537.36 (compatible; Googlebot/2.1; +http://www.google.com/bot.html)"
192.178.6.97 - - [20/Jul/2025:12:22:25 +0000] "GET /shopbrand/10535578 HTTP/1.1" 200 85618 "-" "Mozilla/5.0 (Linux; Android 6.0.1; Nexus 5X Build/MMB29P) AppleWebKit/537.36 (KHTML, like Gecko) Chrome/137.0.7151.103 Mobile Safari/537.36 (compatible; Googlebot/2.1; +http://www.google.com/bot.html)"
192.178.6.98 - - [20/Jul/2025:12:22:32 +0000] "GET /shopbrand/10531723 HTTP/1.1" 200 86738 "-" "Mozilla/5.0 (Linux; Android 6.0.1; Nexus 5X Build/MMB29P) AppleWebKit/537.36 (KHTML, like Gecko) Chrome/137.0.7151.103 Mobile Safari/537.36 (compatible; Googlebot/2.1; +http://www.google.com/bot.html)"
20.171.207.99 - - [20/Jul/2025:12:22:35 +0000] "GET /search.php?emission175038928.html HTTP/1.1" 200 86412 "-" "Mozilla/5.0 AppleWebKit/537.36 (KHTML, like Gecko; compatible; GPTBot/1.2; +https://openai.com/gptbot)"
192.178.6.97 - - [20/Jul/2025:12:22:39 +0000] "GET /shopbrand/10544180 HTTP/1.1" 200 86057 "-" "Mozilla/5.0 (Linux; Android 6.0.1; Nexus 5X Build/MMB29P) AppleWebKit/537.36 (KHTML, like Gecko) Chrome/137.0.7151.103 Mobile Safari/537.36 (compatible; Googlebot/2.1; +http://www.google.com/bot.html)"
192.178.6.97 - - [20/Jul/2025:12:22:47 +0000] "GET /shopbrand/10047101 HTTP/1.1" 200 85733 "-" "Mozilla/5.0 (Linux; Android 6.0.1; Nexus 5X Build/MMB29P) AppleWebKit/537.36 (KHTML, like Gecko) Chrome/137.0.7151.103 Mobile Safari/537.36 (compatible; Googlebot/2.1; +http://www.google.com/bot.html)"
192.178.6.98 - - [20/Jul/2025:12:22:54 +0000] "GET /shopbrand/10058542 HTTP/1.1" 200 85535 "-" "Mozilla/5.0 (Linux; Android 6.0.1; Nexus 5X Build/MMB29P) AppleWebKit/537.36 (KHTML, like Gecko) Chrome/137.0.7151.103 Mobile Safari/537.36 (compatible; Googlebot/2.1; +http://www.google.com/bot.html)"
192.178.6.97 - - [20/Jul/2025:12:23:02 +0000] "GET /shopbrand/10047186 HTTP/1.1" 200 85916 "-" "Mozilla/5.0 (Linux; Android 6.0.1; Nexus 5X Build/MMB29P) AppleWebKit/537.36 (KHTML, like Gecko) Chrome/137.0.7151.103 Mobile Safari/537.36 (compatible; Googlebot/2.1; +http://www.google.com/bot.html)"
192.178.6.97 - - [20/Jul/2025:12:23:09 +0000] "GET /shopbrand/10047953 HTTP/1.1" 200 86258 "-" "Mozilla/5.0 (Linux; Android 6.0.1; Nexus 5X Build/MMB29P) AppleWebKit/537.36 (KHTML, like Gecko) Chrome/137.0.7151.103 Mobile Safari/537.36 (compatible; Googlebot/2.1; +http://www.google.com/bot.html)"
192.178.6.97 - - [20/Jul/2025:12:23:16 +0000] "GET /shopbrand/10049499 HTTP/1.1" 200 85839 "-" "Mozilla/5.0 (Linux; Android 6.0.1; Nexus 5X Build/MMB29P) AppleWebKit/537.36 (KHTML, like Gecko) Chrome/137.0.7151.103 Mobile Safari/537.36 (compatible; Googlebot/2.1; +http://www.google.com/bot.html)"
192.178.6.97 - - [20/Jul/2025:12:23:24 +0000] "GET /shopbrand/10057334 HTTP/1.1" 200 85805 "-" "Mozilla/5.0 (Linux; Android 6.0.1; Nexus 5X Build/MMB29P) AppleWebKit/537.36 (KHTML, like Gecko) Chrome/137.0.7151.103 Mobile Safari/537.36 (compatible; Googlebot/2.1; +http://www.google.com/bot.html)"
192.178.6.65 - - [20/Jul/2025:12:23:25 +0000] "GET /visitor/h7?pid=360 HTTP/1.1" 200 87611 "-" "Mozilla/5.0 (Linux; Android 6.0.1; Nexus 5X Build/MMB29P) AppleWebKit/537.36 (KHTML, like Gecko) Chrome/137.0.7151.103 Mobile Safari/537.36 (compatible; Googlebot/2.1; +http://www.google.com/bot.html)"
192.178.6.97 - - [20/Jul/2025:12:23:31 +0000] "GET /shopbrand/10049072 HTTP/1.1" 200 85822 "-" "Mozilla/5.0 (Linux; Android 6.0.1; Nexus 5X Build/MMB29P) AppleWebKit/537.36 (KHTML, like Gecko) Chrome/137.0.7151.103 Mobile Safari/537.36 (compatible; Googlebot/2.1; +http://www.google.com/bot.html)"
20.171.207.99 - - [20/Jul/2025:12:23:36 +0000] "GET /search.php?product/edit/shop-easu-ds-2447277 HTTP/1.1" 200 86335 "-" "Mozilla/5.0 AppleWebKit/537.36 (KHTML, like Gecko; compatible; GPTBot/1.2; +https://openai.com/gptbot)"
192.178.6.97 - - [20/Jul/2025:12:23:39 +0000] "GET /shopbrand/10047542 HTTP/1.1" 200 85891 "-" "Mozilla/5.0 (Linux; Android 6.0.1; Nexus 5X Build/MMB29P) AppleWebKit/537.36 (KHTML, like Gecko) Chrome/137.0.7151.103 Mobile Safari/537.36 (compatible; Googlebot/2.1; +http://www.google.com/bot.html)"
192.178.6.98 - - [20/Jul/2025:12:23:53 +0000] "GET /shopbrand/10052867 HTTP/1.1" 200 86190 "-" "Mozilla/5.0 (Linux; Android 6.0.1; Nexus 5X Build/MMB29P) AppleWebKit/537.36 (KHTML, like Gecko) Chrome/137.0.7151.103 Mobile Safari/537.36 (compatible; Googlebot/2.1; +http://www.google.com/bot.html)"
192.178.6.97 - - [20/Jul/2025:12:23:56 +0000] "GET /shopbrand/10050618 HTTP/1.1" 200 85979 "-" "Mozilla/5.0 (Linux; Android 6.0.1; Nexus 5X Build/MMB29P) AppleWebKit/537.36 (KHTML, like Gecko) Chrome/137.0.7151.103 Mobile Safari/537.36 (compatible; Googlebot/2.1; +http://www.google.com/bot.html)"
192.178.6.97 - - [20/Jul/2025:12:24:01 +0000] "GET /shopbrand/10058268 HTTP/1.1" 200 86178 "-" "Mozilla/5.0 (Linux; Android 6.0.1; Nexus 5X Build/MMB29P) AppleWebKit/537.36 (KHTML, like Gecko) Chrome/137.0.7151.103 Mobile Safari/537.36 (compatible; Googlebot/2.1; +http://www.google.com/bot.html)"
192.178.6.97 - - [20/Jul/2025:12:24:09 +0000] "GET /shopbrand/10053646 HTTP/1.1" 200 85519 "-" "Mozilla/5.0 (Linux; Android 6.0.1; Nexus 5X Build/MMB29P) AppleWebKit/537.36 (KHTML, like Gecko) Chrome/137.0.7151.103 Mobile Safari/537.36 (compatible; Googlebot/2.1; +http://www.google.com/bot.html)"
192.178.6.97 - - [20/Jul/2025:12:24:16 +0000] "GET /shopbrand/10048732 HTTP/1.1" 200 85247 "-" "Mozilla/5.0 (Linux; Android 6.0.1; Nexus 5X Build/MMB29P) AppleWebKit/537.36 (KHTML, like Gecko) Chrome/137.0.7151.103 Mobile Safari/537.36 (compatible; Googlebot/2.1; +http://www.google.com/bot.html)"
192.178.6.97 - - [20/Jul/2025:12:24:30 +0000] "GET /shopbrand/10059309 HTTP/1.1" 200 86749 "-" "Mozilla/5.0 (Linux; Android 6.0.1; Nexus 5X Build/MMB29P) AppleWebKit/537.36 (KHTML, like Gecko) Chrome/137.0.7151.103 Mobile Safari/537.36 (compatible; Googlebot/2.1; +http://www.google.com/bot.html)"
192.178.6.97 - - [20/Jul/2025:12:24:33 +0000] "GET /accent/y77?pid=894 HTTP/1.1" 200 85786 "-" "Mozilla/5.0 (Linux; Android 6.0.1; Nexus 5X Build/MMB29P) AppleWebKit/537.36 (KHTML, like Gecko) Chrome/137.0.7151.103 Mobile Safari/537.36 (compatible; Googlebot/2.1; +http://www.google.com/bot.html)"
192.178.6.97 - - [20/Jul/2025:12:24:34 +0000] "GET /shopbrand/10047864 HTTP/1.1" 200 86633 "-" "Mozilla/5.0 (Linux; Android 6.0.1; Nexus 5X Build/MMB29P) AppleWebKit/537.36 (KHTML, like Gecko) Chrome/137.0.7151.103 Mobile Safari/537.36 (compatible; Googlebot/2.1; +http://www.google.com/bot.html)"
