66.249.73.96 - - [19/Jul/2025:00:02:37 +0000] "GET /054002814.htm HTTP/1.1" 200 86311 "-" "Mozilla/5.0 (Linux; Android 6.0.1; Nexus 5X Build/MMB29P) AppleWebKit/537.36 (KHTML, like Gecko) Chrome/137.0.7151.103 Mobile Safari/537.36 (compatible; Googlebot/2.1; +http://www.google.com/bot.html)"
54.215.190.80 - - [19/Jul/2025:00:02:45 +0000] "GET / HTTP/1.1" 200 17489 "-" "Mozilla/5.0 (X11; Linux x86_64) AppleWebKit/537.36 (KHTML, like Gecko) Chrome/137.0.0.0 Safari/537.36"
20.171.207.99 - - [19/Jul/2025:00:02:46 +0000] "GET /search.php?product/edit/clasiel-12-112 HTTP/1.1" 200 89398 "-" "Mozilla/5.0 AppleWebKit/537.36 (KHTML, like Gecko; compatible; GPTBot/1.2; +https://openai.com/gptbot)"
209.74.77.214 - - [19/Jul/2025:00:03:17 +0000] "POST /wp-cron.php?doing_wp_cron=1752883397.3243889808654785156250 HTTP/1.1" 403 33 "-" "WordPress/6.8.2; https://topflowroofingplumbing.com.au"
2a03:2880:f800:5:: - - [19/Jul/2025:00:03:17 +0000] "GET /shopbrand/67945313 HTTP/1.1" 404 11694 "-" "meta-externalagent/1.1 (+https://developers.facebook.com/docs/sharing/webmasters/crawler)"
2a03:2880:f800:11:: - - [19/Jul/2025:00:03:22 +0000] "GET /shopbrand/347455638 HTTP/1.1" 404 11694 "-" "meta-externalagent/1.1 (+https://developers.facebook.com/docs/sharing/webmasters/crawler)"
20.171.207.99 - - [19/Jul/2025:00:03:52 +0000] "GET /search.php?product/edit/tuzukiya-s819-0688 HTTP/1.1" 200 87452 "-" "Mozilla/5.0 AppleWebKit/537.36 (KHTML, like Gecko; compatible; GPTBot/1.2; +https://openai.com/gptbot)"
2a03:2880:f800:14:: - - [19/Jul/2025:00:03:54 +0000] "GET /shopbrand/67963689 HTTP/1.1" 404 11694 "-" "meta-externalagent/1.1 (+https://developers.facebook.com/docs/sharing/webmasters/crawler)"
209.74.77.214 - - [19/Jul/2025:00:04:17 +0000] "POST /wp-cron.php?doing_wp_cron=1752883457.5003149509429931640625 HTTP/1.1" 403 33 "-" "WordPress/6.8.2; https://topflowroofingplumbing.com.au"
2a03:2880:f800:11:: - - [19/Jul/2025:00:04:17 +0000] "GET /shopbrand/67984582 HTTP/1.1" 404 11694 "-" "meta-externalagent/1.1 (+https://developers.facebook.com/docs/sharing/webmasters/crawler)"
66.249.73.103 - - [19/Jul/2025:00:04:25 +0000] "GET /055017563.htm HTTP/1.1" 200 85826 "-" "Mozilla/5.0 (Linux; Android 6.0.1; Nexus 5X Build/MMB29P) AppleWebKit/537.36 (KHTML, like Gecko) Chrome/137.0.7151.103 Mobile Safari/537.36 (compatible; Googlebot/2.1; +http://www.google.com/bot.html)"
51.222.253.9 - - [19/Jul/2025:00:04:49 +0000] "GET /shopbrand/78114643 HTTP/1.1" 404 11694 "-" "Mozilla/5.0 (compatible; AhrefsBot/7.0; +http://ahrefs.com/robot/)"
20.171.207.99 - - [19/Jul/2025:00:04:57 +0000] "GET /search.php?safe_search%2Fconfig%3Freturn_url=%2Fproduct%2Fdetail%2Fauc-oilstation-lu-g-10w40-1x12 HTTP/1.1" 200 87530 "-" "Mozilla/5.0 AppleWebKit/537.36 (KHTML, like Gecko; compatible; GPTBot/1.2; +https://openai.com/gptbot)"
173.208.153.154 - - [19/Jul/2025:00:05:13 +0000] "GET /wp-includes/wp-configs.php HTTP/1.1" 200 26 "https://topflowroofingplumbing.com.au/wp-includes/wp-configs.php" "Mozilla/5.0 (compatible; MSIE 10.0; Windows NT 6.2; Win64; x64; Trident/6.0)"
66.249.73.103 - - [19/Jul/2025:00:05:14 +0000] "GET /066027008.htm HTTP/1.1" 200 86397 "-" "Mozilla/5.0 (Linux; Android 6.0.1; Nexus 5X Build/MMB29P) AppleWebKit/537.36 (KHTML, like Gecko) Chrome/137.0.7151.103 Mobile Safari/537.36 (compatible; Googlebot/2.1; +http://www.google.com/bot.html)"
209.74.77.214 - - [19/Jul/2025:00:05:22 +0000] "POST /wp-cron.php?doing_wp_cron=1752883521.9869930744171142578125 HTTP/1.1" 403 33 "-" "WordPress/6.8.2; https://topflowroofingplumbing.com.au"
2a03:2880:f800:2:: - - [19/Jul/2025:00:05:21 +0000] "GET /shopbrand/347507948 HTTP/1.1" 404 11694 "-" "meta-externalagent/1.1 (+https://developers.facebook.com/docs/sharing/webmasters/crawler)"
2a03:2880:f800:14:: - - [19/Jul/2025:00:05:31 +0000] "GET /shopbrand/67999336 HTTP/1.1" 404 11694 "-" "meta-externalagent/1.1 (+https://developers.facebook.com/docs/sharing/webmasters/crawler)"
2a03:2880:f800:14:: - - [19/Jul/2025:00:05:37 +0000] "GET /shopbrand/67997961 HTTP/1.1" 404 11694 "-" "meta-externalagent/1.1 (+https://developers.facebook.com/docs/sharing/webmasters/crawler)"
2a03:2880:f800:1a:: - - [19/Jul/2025:00:05:43 +0000] "GET /shopbrand/67968412 HTTP/1.1" 404 11694 "-" "meta-externalagent/1.1 (+https://developers.facebook.com/docs/sharing/webmasters/crawler)"
2a03:2880:f800:3:: - - [19/Jul/2025:00:05:48 +0000] "GET /shopbrand/67930196 HTTP/1.1" 404 11694 "-" "meta-externalagent/1.1 (+https://developers.facebook.com/docs/sharing/webmasters/crawler)"
2a03:2880:f800:18:: - - [19/Jul/2025:00:06:03 +0000] "GET /shopbrand/67989882 HTTP/1.1" 404 11694 "-" "meta-externalagent/1.1 (+https://developers.facebook.com/docs/sharing/webmasters/crawler)"
2a03:2880:f800:6:: - - [19/Jul/2025:00:06:04 +0000] "GET /shopbrand/67952963 HTTP/1.1" 404 11694 "-" "meta-externalagent/1.1 (+https://developers.facebook.com/docs/sharing/webmasters/crawler)"
20.171.207.99 - - [19/Jul/2025:00:06:03 +0000] "GET /search.php?product/edit/book-6076014 HTTP/1.1" 200 87770 "-" "Mozilla/5.0 AppleWebKit/537.36 (KHTML, like Gecko; compatible; GPTBot/1.2; +https://openai.com/gptbot)"
2a03:2880:f800:10:: - - [19/Jul/2025:00:06:07 +0000] "GET /shopbrand/68021078 HTTP/1.1" 404 11694 "-" "meta-externalagent/1.1 (+https://developers.facebook.com/docs/sharing/webmasters/crawler)"
173.208.153.154 - - [19/Jul/2025:00:04:53 +0000] "GET /wp-includes/wp-configs.php HTTP/1.1" 200 - "https://topflowroofingplumbing.com.au/wp-includes/wp-configs.php" "Mozilla/4.0 (compatible; MSIE 7.0; Windows NT 5.1; .NET CLR 1.1.4322; .NET CLR 2.0.50727)"
2a03:2880:f800:7:: - - [19/Jul/2025:00:06:20 +0000] "GET /shopbrand/67930196 HTTP/1.1" 404 11694 "-" "meta-externalagent/1.1 (+https://developers.facebook.com/docs/sharing/webmasters/crawler)"
20.171.207.99 - - [19/Jul/2025:00:07:04 +0000] "GET /search.php?items%2F076002265.html%3Fsrsltid=AfmBOoakdfzGLoQvSXkmJ53QFLuemVSGM1QLUroSQ8K9p4XyO9EQ HTTP/1.1" 200 87463 "-" "Mozilla/5.0 AppleWebKit/537.36 (KHTML, like Gecko; compatible; GPTBot/1.2; +https://openai.com/gptbot)"
209.74.77.214 - - [19/Jul/2025:00:07:11 +0000] "POST /wp-cron.php?doing_wp_cron=1752883630.8416299819946289062500 HTTP/1.1" 403 33 "-" "WordPress/6.8.2; https://topflowroofingplumbing.com.au"
2a03:2880:f800:10:: - - [19/Jul/2025:00:07:09 +0000] "GET /shopbrand/67941011 HTTP/1.1" 404 11694 "-" "meta-externalagent/1.1 (+https://developers.facebook.com/docs/sharing/webmasters/crawler)"
2a03:2880:f800:10:: - - [19/Jul/2025:00:07:11 +0000] "GET /shopbrand/347443007 HTTP/1.1" 404 11694 "-" "meta-externalagent/1.1 (+https://developers.facebook.com/docs/sharing/webmasters/crawler)"
2a03:2880:f800:6:: - - [19/Jul/2025:00:07:15 +0000] "GET /shopbrand/347460534 HTTP/1.1" 404 11694 "-" "meta-externalagent/1.1 (+https://developers.facebook.com/docs/sharing/webmasters/crawler)"
2a03:2880:f800:13:: - - [19/Jul/2025:00:07:34 +0000] "GET /shopbrand/347480629 HTTP/1.1" 404 11694 "-" "meta-externalagent/1.1 (+https://developers.facebook.com/docs/sharing/webmasters/crawler)"
2a03:2880:f800:d:: - - [19/Jul/2025:00:07:35 +0000] "GET /shopbrand/68026552 HTTP/1.1" 404 11694 "-" "meta-externalagent/1.1 (+https://developers.facebook.com/docs/sharing/webmasters/crawler)"
2a03:2880:f800:8:: - - [19/Jul/2025:00:07:37 +0000] "GET /shopbrand/347424293 HTTP/1.1" 404 11694 "-" "meta-externalagent/1.1 (+https://developers.facebook.com/docs/sharing/webmasters/crawler)"
2a03:2880:f800:19:: - - [19/Jul/2025:00:07:41 +0000] "GET /shopbrand/68021167 HTTP/1.1" 404 11694 "-" "meta-externalagent/1.1 (+https://developers.facebook.com/docs/sharing/webmasters/crawler)"
2a03:2880:f800:14:: - - [19/Jul/2025:00:07:46 +0000] "GET /shopbrand/347408041 HTTP/1.1" 404 11694 "-" "meta-externalagent/1.1 (+https://developers.facebook.com/docs/sharing/webmasters/crawler)"
20.171.207.99 - - [19/Jul/2025:00:08:10 +0000] "GET /search.php?balance137048956.html HTTP/1.1" 200 85947 "-" "Mozilla/5.0 AppleWebKit/537.36 (KHTML, like Gecko; compatible; GPTBot/1.2; +https://openai.com/gptbot)"
209.74.77.214 - - [19/Jul/2025:00:08:30 +0000] "POST /wp-cron.php?doing_wp_cron=1752883709.9827189445495605468750 HTTP/1.1" 403 33 "-" "WordPress/6.8.2; https://topflowroofingplumbing.com.au"
2a03:2880:f800:13:: - - [19/Jul/2025:00:08:29 +0000] "GET /shopbrand/67908132 HTTP/1.1" 404 11694 "-" "meta-externalagent/1.1 (+https://developers.facebook.com/docs/sharing/webmasters/crawler)"
2a03:2880:f800:b:: - - [19/Jul/2025:00:08:49 +0000] "GET /shopbrand/67933635 HTTP/1.1" 404 11694 "-" "meta-externalagent/1.1 (+https://developers.facebook.com/docs/sharing/webmasters/crawler)"
20.171.207.99 - - [19/Jul/2025:00:09:11 +0000] "GET /search.php?entirely175038932.html HTTP/1.1" 200 87259 "-" "Mozilla/5.0 AppleWebKit/537.36 (KHTML, like Gecko; compatible; GPTBot/1.2; +https://openai.com/gptbot)"
2a03:2880:f800:1c:: - - [19/Jul/2025:00:09:26 +0000] "GET /shopbrand/67996753 HTTP/1.1" 404 11694 "-" "meta-externalagent/1.1 (+https://developers.facebook.com/docs/sharing/webmasters/crawler)"
2a03:2880:f800:3:: - - [19/Jul/2025:00:09:30 +0000] "GET /shopbrand/347447547 HTTP/1.1" 404 11694 "-" "meta-externalagent/1.1 (+https://developers.facebook.com/docs/sharing/webmasters/crawler)"
209.74.77.214 - - [19/Jul/2025:00:09:30 +0000] "POST /wp-cron.php?doing_wp_cron=1752883770.6663050651550292968750 HTTP/1.1" 403 33 "-" "WordPress/6.8.2; https://topflowroofingplumbing.com.au"
2a03:2880:f800:a:: - - [19/Jul/2025:00:09:30 +0000] "GET /shopbrand/347402716 HTTP/1.1" 404 11694 "-" "meta-externalagent/1.1 (+https://developers.facebook.com/docs/sharing/webmasters/crawler)"
2a03:2880:f800:4:: - - [19/Jul/2025:00:09:34 +0000] "GET /shopbrand/67902795 HTTP/1.1" 404 11694 "-" "meta-externalagent/1.1 (+https://developers.facebook.com/docs/sharing/webmasters/crawler)"
2a03:2880:f800:19:: - - [19/Jul/2025:00:10:14 +0000] "GET /shopbrand/68014725 HTTP/1.1" 404 11694 "-" "meta-externalagent/1.1 (+https://developers.facebook.com/docs/sharing/webmasters/crawler)"
2a03:2880:f800:2:: - - [19/Jul/2025:00:10:16 +0000] "GET /shopbrand/347473064 HTTP/1.1" 404 11694 "-" "meta-externalagent/1.1 (+https://developers.facebook.com/docs/sharing/webmasters/crawler)"
20.171.207.99 - - [19/Jul/2025:00:10:17 +0000] "GET /search.php?standing214011359.html HTTP/1.1" 200 86382 "-" "Mozilla/5.0 AppleWebKit/537.36 (KHTML, like Gecko; compatible; GPTBot/1.2; +https://openai.com/gptbot)"
2a03:2880:f800:18:: - - [19/Jul/2025:00:10:29 +0000] "GET /shopbrand/67946944 HTTP/1.1" 404 11694 "-" "meta-externalagent/1.1 (+https://developers.facebook.com/docs/sharing/webmasters/crawler)"
2a03:2880:f800:16:: - - [19/Jul/2025:00:10:30 +0000] "GET /shopbrand/347500469 HTTP/1.1" 404 11694 "-" "meta-externalagent/1.1 (+https://developers.facebook.com/docs/sharing/webmasters/crawler)"
209.74.77.214 - - [19/Jul/2025:00:10:31 +0000] "POST /wp-cron.php?doing_wp_cron=1752883831.7362999916076660156250 HTTP/1.1" 403 33 "-" "WordPress/6.8.2; https://topflowroofingplumbing.com.au"
2a03:2880:f800:8:: - - [19/Jul/2025:00:10:31 +0000] "GET /shopbrand/347433811 HTTP/1.1" 404 11694 "-" "meta-externalagent/1.1 (+https://developers.facebook.com/docs/sharing/webmasters/crawler)"
2a03:2880:f800:7:: - - [19/Jul/2025:00:10:32 +0000] "GET /shopbrand/67964468 HTTP/1.1" 404 11694 "-" "meta-externalagent/1.1 (+https://developers.facebook.com/docs/sharing/webmasters/crawler)"
51.222.253.3 - - [19/Jul/2025:00:10:37 +0000] "GET /?sitemap278.xml HTTP/1.1" 200 33 "-" "Mozilla/5.0 (compatible; AhrefsBot/7.0; +http://ahrefs.com/robot/)"
2a03:2880:f800:d:: - - [19/Jul/2025:00:10:37 +0000] "GET /shopbrand/67930011 HTTP/1.1" 404 11694 "-" "meta-externalagent/1.1 (+https://developers.facebook.com/docs/sharing/webmasters/crawler)"
2a03:2880:f800:1:: - - [19/Jul/2025:00:10:46 +0000] "GET /shopbrand/347519119 HTTP/1.1" 404 11694 "-" "meta-externalagent/1.1 (+https://developers.facebook.com/docs/sharing/webmasters/crawler)"
2a03:2880:f800:d:: - - [19/Jul/2025:00:10:51 +0000] "GET /shopbrand/68025195 HTTP/1.1" 404 11694 "-" "meta-externalagent/1.1 (+https://developers.facebook.com/docs/sharing/webmasters/crawler)"
2a03:2880:f800:f:: - - [19/Jul/2025:00:10:53 +0000] "GET /shopbrand/347431158 HTTP/1.1" 404 11694 "-" "meta-externalagent/1.1 (+https://developers.facebook.com/docs/sharing/webmasters/crawler)"
2a03:2880:f800:18:: - - [19/Jul/2025:00:11:02 +0000] "GET /shopbrand/347412848 HTTP/1.1" 404 11694 "-" "meta-externalagent/1.1 (+https://developers.facebook.com/docs/sharing/webmasters/crawler)"
20.171.207.99 - - [19/Jul/2025:00:11:18 +0000] "GET /?_bd_prev_page=https%3A%2F%2Ftopflowroofingplumbing.com.au%2Fsuper.php%3Fm082000966%3Fsrsltid%3DAfmBOoLJRgMBSeeM4qGUlk_QqwP2r8htI_kbnTBeCD-P-mSu14VW4D&_bdsid=gj9gbu.n%7EXKZYM.173731041.175731817&_gz=2.190550713.194459015.171265578-867736498.163300847 HTTP/1.1" 301 - "-" "Mozilla/5.0 AppleWebKit/537.36 (KHTML, like Gecko; compatible; GPTBot/1.2; +https://openai.com/gptbot)"
20.171.207.99 - - [19/Jul/2025:00:11:18 +0000] "GET /?_bd_prev_page=https%3A%2F%2Ftopflowroofingplumbing.com.au%2Fsuper.php%3Fm082000966%3Fsrsltid%3DAfmBOoLJRgMBSeeM4qGUlk_QqwP2r8htI_kbnTBeCD-P-mSu14VW4D&_bdsid=gj9gbu.n~XKZYM.173731041.175731817&_gz=2.190550713.194459015.171265578-867736498.163300847 HTTP/1.1" 200 17669 "-" "Mozilla/5.0 AppleWebKit/537.36 (KHTML, like Gecko; compatible; GPTBot/1.2; +https://openai.com/gptbot)"
209.74.77.214 - - [19/Jul/2025:00:11:40 +0000] "POST /wp-cron.php?doing_wp_cron=1752883900.6565260887145996093750 HTTP/1.1" 403 33 "-" "WordPress/6.8.2; https://topflowroofingplumbing.com.au"
51.89.3.212 - - [19/Jul/2025:00:11:40 +0000] "GET /blog-verify HTTP/1.1" 404 11694 "-" "Mozilla/5.0 (Windows NT 10.0; Win64; x64) AppleWebKit/537.36 (KHTML, like Gecko) Chrome/127.0.0.0 Safari/537.36"
2a03:2880:f800:12:: - - [19/Jul/2025:00:11:57 +0000] "GET /shopbrand/67941689 HTTP/1.1" 404 11694 "-" "meta-externalagent/1.1 (+https://developers.facebook.com/docs/sharing/webmasters/crawler)"
2a03:2880:f800:3:: - - [19/Jul/2025:00:12:06 +0000] "GET /shopbrand/347391293 HTTP/1.1" 404 11694 "-" "meta-externalagent/1.1 (+https://developers.facebook.com/docs/sharing/webmasters/crawler)"
205.210.31.44 - - [19/Jul/2025:00:12:12 +0000] "GET /wp-login.php HTTP/1.1" 302 - "-" "Hello from Palo Alto Networks, find out more about our scans in https://docs-cortex.paloaltonetworks.com/r/1/Cortex-Xpanse/Scanning-activity"
205.210.31.44 - - [19/Jul/2025:00:12:13 +0000] "GET /wp-login.php HTTP/1.1" 302 - "-" "Hello from Palo Alto Networks, find out more about our scans in https://docs-cortex.paloaltonetworks.com/r/1/Cortex-Xpanse/Scanning-activity"
205.210.31.44 - - [19/Jul/2025:00:12:14 +0000] "GET /wp-login.php HTTP/1.1" 302 - "-" "Hello from Palo Alto Networks, find out more about our scans in https://docs-cortex.paloaltonetworks.com/r/1/Cortex-Xpanse/Scanning-activity"
205.210.31.44 - - [19/Jul/2025:00:12:15 +0000] "GET /wp-login.php HTTP/1.1" 302 - "-" "Hello from Palo Alto Networks, find out more about our scans in https://docs-cortex.paloaltonetworks.com/r/1/Cortex-Xpanse/Scanning-activity"
205.210.31.44 - - [19/Jul/2025:00:12:17 +0000] "GET /wp-login.php HTTP/1.1" 302 - "-" "Hello from Palo Alto Networks, find out more about our scans in https://docs-cortex.paloaltonetworks.com/r/1/Cortex-Xpanse/Scanning-activity"
20.171.207.99 - - [19/Jul/2025:00:12:20 +0000] "GET /search.php?laundry146037571.html HTTP/1.1" 200 87433 "-" "Mozilla/5.0 AppleWebKit/537.36 (KHTML, like Gecko; compatible; GPTBot/1.2; +https://openai.com/gptbot)"
66.249.73.103 - - [19/Jul/2025:00:13:03 +0000] "GET /012002474.htm HTTP/1.1" 200 86772 "-" "Mozilla/5.0 (Linux; Android 6.0.1; Nexus 5X Build/MMB29P) AppleWebKit/537.36 (KHTML, like Gecko) Chrome/137.0.7151.103 Mobile Safari/537.36 (compatible; Googlebot/2.1; +http://www.google.com/bot.html)"
66.249.73.96 - - [19/Jul/2025:00:13:04 +0000] "GET /099000869.htm HTTP/1.1" 200 85613 "-" "Mozilla/5.0 (Linux; Android 6.0.1; Nexus 5X Build/MMB29P) AppleWebKit/537.36 (KHTML, like Gecko) Chrome/137.0.7151.103 Mobile Safari/537.36 (compatible; Googlebot/2.1; +http://www.google.com/bot.html)"
20.171.207.99 - - [19/Jul/2025:00:13:25 +0000] "GET /search.php?syndrome175038930.html HTTP/1.1" 200 86852 "-" "Mozilla/5.0 AppleWebKit/537.36 (KHTML, like Gecko; compatible; GPTBot/1.2; +https://openai.com/gptbot)"
209.74.77.214 - - [19/Jul/2025:00:13:33 +0000] "POST /wp-cron.php?doing_wp_cron=1752884013.7046039104461669921875 HTTP/1.1" 403 33 "-" "WordPress/6.8.2; https://topflowroofingplumbing.com.au"
2a03:2880:f800:d:: - - [19/Jul/2025:00:13:32 +0000] "GET /shopbrand/67967055 HTTP/1.1" 404 11694 "-" "meta-externalagent/1.1 (+https://developers.facebook.com/docs/sharing/webmasters/crawler)"
2a03:2880:f800:a:: - - [19/Jul/2025:00:13:41 +0000] "GET /shopbrand/68021845 HTTP/1.1" 404 11694 "-" "meta-externalagent/1.1 (+https://developers.facebook.com/docs/sharing/webmasters/crawler)"
2a03:2880:f800:9:: - - [19/Jul/2025:00:13:43 +0000] "GET /shopbrand/67949339 HTTP/1.1" 404 11694 "-" "meta-externalagent/1.1 (+https://developers.facebook.com/docs/sharing/webmasters/crawler)"
2a03:2880:f800:19:: - - [19/Jul/2025:00:13:49 +0000] "GET /shopbrand/67913521 HTTP/1.1" 404 11694 "-" "meta-externalagent/1.1 (+https://developers.facebook.com/docs/sharing/webmasters/crawler)"
66.249.73.103 - - [19/Jul/2025:00:13:51 +0000] "GET /174048684.htm HTTP/1.1" 200 85309 "-" "Mozilla/5.0 (Linux; Android 6.0.1; Nexus 5X Build/MMB29P) AppleWebKit/537.36 (KHTML, like Gecko) Chrome/137.0.7151.103 Mobile Safari/537.36 (compatible; Googlebot/2.1; +http://www.google.com/bot.html)"
2a03:2880:f800:3:: - - [19/Jul/2025:00:13:58 +0000] "GET /shopbrand/347444044 HTTP/1.1" 404 11694 "-" "meta-externalagent/1.1 (+https://developers.facebook.com/docs/sharing/webmasters/crawler)"
2a03:2880:f800:7:: - - [19/Jul/2025:00:14:01 +0000] "GET /shopbrand/67988507 HTTP/1.1" 404 11694 "-" "meta-externalagent/1.1 (+https://developers.facebook.com/docs/sharing/webmasters/crawler)"
2a03:2880:f800:6:: - - [19/Jul/2025:00:14:07 +0000] "GET /shopbrand/347500024 HTTP/1.1" 404 11694 "-" "meta-externalagent/1.1 (+https://developers.facebook.com/docs/sharing/webmasters/crawler)"
2a03:2880:f800:1a:: - - [19/Jul/2025:00:14:09 +0000] "GET /shopbrand/67945055 HTTP/1.1" 404 11694 "-" "meta-externalagent/1.1 (+https://developers.facebook.com/docs/sharing/webmasters/crawler)"
2a03:2880:f800:b:: - - [19/Jul/2025:00:14:10 +0000] "GET /shopbrand/347400747 HTTP/1.1" 404 11694 "-" "meta-externalagent/1.1 (+https://developers.facebook.com/docs/sharing/webmasters/crawler)"
2a03:2880:f800:5:: - - [19/Jul/2025:00:14:13 +0000] "GET /shopbrand/347452884 HTTP/1.1" 404 11694 "-" "meta-externalagent/1.1 (+https://developers.facebook.com/docs/sharing/webmasters/crawler)"
2a03:2880:f800:1:: - - [19/Jul/2025:00:14:14 +0000] "GET /shopbrand/67945818 HTTP/1.1" 404 11694 "-" "meta-externalagent/1.1 (+https://developers.facebook.com/docs/sharing/webmasters/crawler)"
20.171.207.99 - - [19/Jul/2025:00:14:29 +0000] "GET /search.php?counter259034610.html HTTP/1.1" 200 87312 "-" "Mozilla/5.0 AppleWebKit/537.36 (KHTML, like Gecko; compatible; GPTBot/1.2; +https://openai.com/gptbot)"
209.74.77.214 - - [19/Jul/2025:00:14:36 +0000] "POST /wp-cron.php?doing_wp_cron=1752884076.4938449859619140625000 HTTP/1.1" 403 33 "-" "WordPress/6.8.2; https://topflowroofingplumbing.com.au"
2a03:2880:f800:1a:: - - [19/Jul/2025:00:14:36 +0000] "GET /shopbrand/347516276 HTTP/1.1" 404 11694 "-" "meta-externalagent/1.1 (+https://developers.facebook.com/docs/sharing/webmasters/crawler)"
2a03:2880:f800:4:: - - [19/Jul/2025:00:14:43 +0000] "GET /shopbrand/347411407 HTTP/1.1" 404 11694 "-" "meta-externalagent/1.1 (+https://developers.facebook.com/docs/sharing/webmasters/crawler)"
2a03:2880:f800:3:: - - [19/Jul/2025:00:15:20 +0000] "GET /shopbrand/67933546 HTTP/1.1" 404 11694 "-" "meta-externalagent/1.1 (+https://developers.facebook.com/docs/sharing/webmasters/crawler)"
51.222.253.20 - - [19/Jul/2025:00:15:31 +0000] "GET /?sitemap975.xml HTTP/1.1" 200 33 "-" "Mozilla/5.0 (compatible; AhrefsBot/7.0; +http://ahrefs.com/robot/)"
20.171.207.99 - - [19/Jul/2025:00:15:31 +0000] "GET /search.php?division058045779.html HTTP/1.1" 200 87337 "-" "Mozilla/5.0 AppleWebKit/537.36 (KHTML, like Gecko; compatible; GPTBot/1.2; +https://openai.com/gptbot)"
209.74.77.214 - - [19/Jul/2025:00:15:40 +0000] "POST /wp-cron.php?doing_wp_cron=1752884140.7225990295410156250000 HTTP/1.1" 403 33 "-" "WordPress/6.8.2; https://topflowroofingplumbing.com.au"
2a03:2880:f800:d:: - - [19/Jul/2025:00:15:40 +0000] "GET /shopbrand/68036700 HTTP/1.1" 404 11694 "-" "meta-externalagent/1.1 (+https://developers.facebook.com/docs/sharing/webmasters/crawler)"
2a03:2880:f800:19:: - - [19/Jul/2025:00:15:44 +0000] "GET /shopbrand/68029050 HTTP/1.1" 404 11694 "-" "meta-externalagent/1.1 (+https://developers.facebook.com/docs/sharing/webmasters/crawler)"
2a03:2880:f800:14:: - - [19/Jul/2025:00:15:49 +0000] "GET /shopbrand/68006986 HTTP/1.1" 404 11694 "-" "meta-externalagent/1.1 (+https://developers.facebook.com/docs/sharing/webmasters/crawler)"
2a03:2880:f800:d:: - - [19/Jul/2025:00:16:13 +0000] "GET /shopbrand/347517977 HTTP/1.1" 404 11694 "-" "meta-externalagent/1.1 (+https://developers.facebook.com/docs/sharing/webmasters/crawler)"
20.171.207.99 - - [19/Jul/2025:00:16:36 +0000] "GET /?_bd_prev_page=https%3A%2F%2Ftopflowroofingplumbing.com.au%2Fsuper.php%3Fitems%2F052000785.html%3Fsrsltid%3DAfmBOoalsvOVnTrHCpiSeSAzMiqmYcXdWBYb5pTfjqKjrUBIkuYN&_bdsid=gj9gbu.n%7EXKZYM.173731041.175731817&_gz=2.190550713.194459015.171265578-867736498.163300847 HTTP/1.1" 301 - "-" "Mozilla/5.0 AppleWebKit/537.36 (KHTML, like Gecko; compatible; GPTBot/1.2; +https://openai.com/gptbot)"
20.171.207.99 - - [19/Jul/2025:00:16:36 +0000] "GET /?_bd_prev_page=https%3A%2F%2Ftopflowroofingplumbing.com.au%2Fsuper.php%3Fitems%2F052000785.html%3Fsrsltid%3DAfmBOoalsvOVnTrHCpiSeSAzMiqmYcXdWBYb5pTfjqKjrUBIkuYN&_bdsid=gj9gbu.n~XKZYM.173731041.175731817&_gz=2.190550713.194459015.171265578-867736498.163300847 HTTP/1.1" 200 17675 "-" "Mozilla/5.0 AppleWebKit/537.36 (KHTML, like Gecko; compatible; GPTBot/1.2; +https://openai.com/gptbot)"
209.74.77.214 - - [19/Jul/2025:00:16:42 +0000] "POST /wp-cron.php?doing_wp_cron=1752884202.3763749599456787109375 HTTP/1.1" 403 33 "-" "WordPress/6.8.2; https://topflowroofingplumbing.com.au"
2a03:2880:f800:b:: - - [19/Jul/2025:00:16:42 +0000] "GET /shopbrand/67936638 HTTP/1.1" 404 11694 "-" "meta-externalagent/1.1 (+https://developers.facebook.com/docs/sharing/webmasters/crawler)"
2a03:2880:f800:8:: - - [19/Jul/2025:00:17:14 +0000] "GET /shopbrand/67914389 HTTP/1.1" 404 11694 "-" "meta-externalagent/1.1 (+https://developers.facebook.com/docs/sharing/webmasters/crawler)"
20.171.207.99 - - [19/Jul/2025:00:17:40 +0000] "GET /search.php?m052001488%3Fsrsltid=AfmBOoOkEFZMqcLwCG0uVd_ayzstPASPQ_iUBbvn8v-B-J09qb9rvY HTTP/1.1" 200 87443 "-" "Mozilla/5.0 AppleWebKit/537.36 (KHTML, like Gecko; compatible; GPTBot/1.2; +https://openai.com/gptbot)"
209.74.77.214 - - [19/Jul/2025:00:17:50 +0000] "POST /wp-cron.php?doing_wp_cron=1752884270.7145450115203857421875 HTTP/1.1" 403 33 "-" "WordPress/6.8.2; https://topflowroofingplumbing.com.au"
2a03:2880:f800:2:: - - [19/Jul/2025:00:17:50 +0000] "GET /shopbrand/347447209 HTTP/1.1" 404 11694 "-" "meta-externalagent/1.1 (+https://developers.facebook.com/docs/sharing/webmasters/crawler)"
2a03:2880:f800:14:: - - [19/Jul/2025:00:18:05 +0000] "GET /shopbrand/67972036 HTTP/1.1" 404 11694 "-" "meta-externalagent/1.1 (+https://developers.facebook.com/docs/sharing/webmasters/crawler)"
2a03:2880:f800:b:: - - [19/Jul/2025:00:18:10 +0000] "GET /shopbrand/347450148 HTTP/1.1" 404 11694 "-" "meta-externalagent/1.1 (+https://developers.facebook.com/docs/sharing/webmasters/crawler)"
2a03:2880:f800:9:: - - [19/Jul/2025:00:18:25 +0000] "GET /shopbrand/68020893 HTTP/1.1" 404 11694 "-" "meta-externalagent/1.1 (+https://developers.facebook.com/docs/sharing/webmasters/crawler)"
20.171.207.99 - - [19/Jul/2025:00:18:44 +0000] "GET /search.php?ambition157002594.html HTTP/1.1" 200 86584 "-" "Mozilla/5.0 AppleWebKit/537.36 (KHTML, like Gecko; compatible; GPTBot/1.2; +https://openai.com/gptbot)"
2a03:2880:f800:1d:: - - [19/Jul/2025:00:18:49 +0000] "GET /shopbrand/347428915 HTTP/1.1" 404 11694 "-" "meta-externalagent/1.1 (+https://developers.facebook.com/docs/sharing/webmasters/crawler)"
209.74.77.214 - - [19/Jul/2025:00:18:53 +0000] "POST /wp-cron.php?doing_wp_cron=1752884333.3357090950012207031250 HTTP/1.1" 403 33 "-" "WordPress/6.8.2; https://topflowroofingplumbing.com.au"
2a03:2880:f800:19:: - - [19/Jul/2025:00:18:53 +0000] "GET /shopbrand/67982951 HTTP/1.1" 404 11694 "-" "meta-externalagent/1.1 (+https://developers.facebook.com/docs/sharing/webmasters/crawler)"
2a03:2880:f800:d:: - - [19/Jul/2025:00:18:58 +0000] "GET /shopbrand/67934907 HTTP/1.1" 404 11694 "-" "meta-externalagent/1.1 (+https://developers.facebook.com/docs/sharing/webmasters/crawler)"
2a03:2880:f800:1:: - - [19/Jul/2025:00:19:00 +0000] "GET /shopbrand/347466638 HTTP/1.1" 404 11694 "-" "meta-externalagent/1.1 (+https://developers.facebook.com/docs/sharing/webmasters/crawler)"
2a03:2880:f800:19:: - - [19/Jul/2025:00:19:00 +0000] "GET /shopbrand/67984648 HTTP/1.1" 404 11694 "-" "meta-externalagent/1.1 (+https://developers.facebook.com/docs/sharing/webmasters/crawler)"
2a03:2880:f800:17:: - - [19/Jul/2025:00:19:00 +0000] "GET /shopbrand/67948572 HTTP/1.1" 404 11694 "-" "meta-externalagent/1.1 (+https://developers.facebook.com/docs/sharing/webmasters/crawler)"
2a03:2880:f800:2:: - - [19/Jul/2025:00:19:03 +0000] "GET /shopbrand/347439915 HTTP/1.1" 404 11694 "-" "meta-externalagent/1.1 (+https://developers.facebook.com/docs/sharing/webmasters/crawler)"
2a03:2880:f800:e:: - - [19/Jul/2025:00:19:17 +0000] "GET /shopbrand/347384358 HTTP/1.1" 404 11694 "-" "meta-externalagent/1.1 (+https://developers.facebook.com/docs/sharing/webmasters/crawler)"
2a03:2880:f800:15:: - - [19/Jul/2025:00:19:18 +0000] "GET /shopbrand/347442313 HTTP/1.1" 404 11694 "-" "meta-externalagent/1.1 (+https://developers.facebook.com/docs/sharing/webmasters/crawler)"
2a03:2880:f800:e:: - - [19/Jul/2025:00:19:27 +0000] "GET /shopbrand/68031025 HTTP/1.1" 404 11694 "-" "meta-externalagent/1.1 (+https://developers.facebook.com/docs/sharing/webmasters/crawler)"
2a03:2880:f800:15:: - - [19/Jul/2025:00:19:42 +0000] "GET /shopbrand/67980090 HTTP/1.1" 404 11694 "-" "meta-externalagent/1.1 (+https://developers.facebook.com/docs/sharing/webmasters/crawler)"
20.171.207.99 - - [19/Jul/2025:00:19:46 +0000] "GET /search.php?m056000544%3Fsrsltid=AfmBOoLySniZPKjeLzuZFc_arRVhSW2sG_yv6wBVMA-Y-KiDoxl7qG HTTP/1.1" 200 89765 "-" "Mozilla/5.0 AppleWebKit/537.36 (KHTML, like Gecko; compatible; GPTBot/1.2; +https://openai.com/gptbot)"
2a03:2880:f800:14:: - - [19/Jul/2025:00:19:47 +0000] "GET /shopbrand/347445252 HTTP/1.1" 404 11694 "-" "meta-externalagent/1.1 (+https://developers.facebook.com/docs/sharing/webmasters/crawler)"
66.249.73.97 - - [19/Jul/2025:00:19:58 +0000] "GET /174048100.htm HTTP/1.1" 200 85405 "-" "Mozilla/5.0 (Linux; Android 6.0.1; Nexus 5X Build/MMB29P) AppleWebKit/537.36 (KHTML, like Gecko) Chrome/137.0.7151.103 Mobile Safari/537.36 (compatible; Googlebot/2.1; +http://www.google.com/bot.html)"
66.249.73.103 - - [19/Jul/2025:00:20:47 +0000] "GET /pcmypage?callback=product%2Fdetail%2Fmostprice-ipf-621ss HTTP/1.1" 200 85691 "-" "Mozilla/5.0 (Linux; Android 6.0.1; Nexus 5X Build/MMB29P) AppleWebKit/537.36 (KHTML, like Gecko) Chrome/137.0.7151.103 Mobile Safari/537.36 (compatible; Googlebot/2.1; +http://www.google.com/bot.html)"
20.171.207.99 - - [19/Jul/2025:00:20:47 +0000] "GET /search.php?stumble137048956.html HTTP/1.1" 200 87367 "-" "Mozilla/5.0 AppleWebKit/537.36 (KHTML, like Gecko; compatible; GPTBot/1.2; +https://openai.com/gptbot)"
209.74.77.214 - - [19/Jul/2025:00:21:02 +0000] "POST /wp-cron.php?doing_wp_cron=1752884462.2736639976501464843750 HTTP/1.1" 403 33 "-" "WordPress/6.8.2; https://topflowroofingplumbing.com.au"
51.222.253.15 - - [19/Jul/2025:00:21:01 +0000] "GET /shopbrand/252450 HTTP/1.1" 404 11694 "-" "Mozilla/5.0 (compatible; AhrefsBot/7.0; +http://ahrefs.com/robot/)"
2a03:2880:f800:f:: - - [19/Jul/2025:00:21:11 +0000] "GET /shopbrand/67999507 HTTP/1.1" 404 11694 "-" "meta-externalagent/1.1 (+https://developers.facebook.com/docs/sharing/webmasters/crawler)"
2a03:2880:f800:1c:: - - [19/Jul/2025:00:21:30 +0000] "GET /shopbrand/67995308 HTTP/1.1" 404 11694 "-" "meta-externalagent/1.1 (+https://developers.facebook.com/docs/sharing/webmasters/crawler)"
66.249.73.103 - - [19/Jul/2025:00:21:35 +0000] "GET /174048110.htm HTTP/1.1" 200 85587 "-" "Mozilla/5.0 (Linux; Android 6.0.1; Nexus 5X Build/MMB29P) AppleWebKit/537.36 (KHTML, like Gecko) Chrome/137.0.7151.103 Mobile Safari/537.36 (compatible; Googlebot/2.1; +http://www.google.com/bot.html)"
2a03:2880:f800:11:: - - [19/Jul/2025:00:21:40 +0000] "GET /shopbrand/347462338 HTTP/1.1" 404 11694 "-" "meta-externalagent/1.1 (+https://developers.facebook.com/docs/sharing/webmasters/crawler)"
2a03:2880:f800:2:: - - [19/Jul/2025:00:21:43 +0000] "GET /shopbrand/67920237 HTTP/1.1" 404 11694 "-" "meta-externalagent/1.1 (+https://developers.facebook.com/docs/sharing/webmasters/crawler)"
20.171.207.99 - - [19/Jul/2025:00:21:50 +0000] "GET /search.php?dialogue253035960.html HTTP/1.1" 200 86822 "-" "Mozilla/5.0 AppleWebKit/537.36 (KHTML, like Gecko; compatible; GPTBot/1.2; +https://openai.com/gptbot)"
2a03:2880:f800:14:: - - [19/Jul/2025:00:21:54 +0000] "GET /shopbrand/67997194 HTTP/1.1" 404 11694 "-" "meta-externalagent/1.1 (+https://developers.facebook.com/docs/sharing/webmasters/crawler)"
2a03:2880:f800:c:: - - [19/Jul/2025:00:21:55 +0000] "GET /shopbrand/67926935 HTTP/1.1" 404 11694 "-" "meta-externalagent/1.1 (+https://developers.facebook.com/docs/sharing/webmasters/crawler)"
2a03:2880:f800:b:: - - [19/Jul/2025:00:22:00 +0000] "GET /shopbrand/68022882 HTTP/1.1" 404 11694 "-" "meta-externalagent/1.1 (+https://developers.facebook.com/docs/sharing/webmasters/crawler)"
209.74.77.214 - - [19/Jul/2025:00:22:04 +0000] "POST /wp-cron.php?doing_wp_cron=1752884524.8127229213714599609375 HTTP/1.1" 403 33 "-" "WordPress/6.8.2; https://topflowroofingplumbing.com.au"
2a03:2880:f800:2:: - - [19/Jul/2025:00:22:04 +0000] "GET /shopbrand/67907417 HTTP/1.1" 404 11694 "-" "meta-externalagent/1.1 (+https://developers.facebook.com/docs/sharing/webmasters/crawler)"
2a03:2880:f800:12:: - - [19/Jul/2025:00:22:06 +0000] "GET /shopbrand/68002090 HTTP/1.1" 404 11694 "-" "meta-externalagent/1.1 (+https://developers.facebook.com/docs/sharing/webmasters/crawler)"
2a03:2880:f800:c:: - - [19/Jul/2025:00:22:09 +0000] "GET /shopbrand/347447903 HTTP/1.1" 404 11694 "-" "meta-externalagent/1.1 (+https://developers.facebook.com/docs/sharing/webmasters/crawler)"
2a03:2880:f800:e:: - - [19/Jul/2025:00:22:12 +0000] "GET /shopbrand/67935092 HTTP/1.1" 404 11694 "-" "meta-externalagent/1.1 (+https://developers.facebook.com/docs/sharing/webmasters/crawler)"
2a03:2880:f800:d:: - - [19/Jul/2025:00:22:13 +0000] "GET /shopbrand/68001053 HTTP/1.1" 404 11694 "-" "meta-externalagent/1.1 (+https://developers.facebook.com/docs/sharing/webmasters/crawler)"
2a03:2880:f800:14:: - - [19/Jul/2025:00:22:14 +0000] "GET /shopbrand/347459755 HTTP/1.1" 404 11694 "-" "meta-externalagent/1.1 (+https://developers.facebook.com/docs/sharing/webmasters/crawler)"
2a03:2880:f800:1:: - - [19/Jul/2025:00:22:18 +0000] "GET /shopbrand/67923414 HTTP/1.1" 404 11694 "-" "meta-externalagent/1.1 (+https://developers.facebook.com/docs/sharing/webmasters/crawler)"
2a03:2880:f800:15:: - - [19/Jul/2025:00:22:19 +0000] "GET /shopbrand/347446001 HTTP/1.1" 404 11694 "-" "meta-externalagent/1.1 (+https://developers.facebook.com/docs/sharing/webmasters/crawler)"
2a03:2880:f800:4:: - - [19/Jul/2025:00:22:38 +0000] "GET /shopbrand/347416029 HTTP/1.1" 404 11694 "-" "meta-externalagent/1.1 (+https://developers.facebook.com/docs/sharing/webmasters/crawler)"
2a03:2880:f800:3:: - - [19/Jul/2025:00:22:45 +0000] "GET /shopbrand/67935521 HTTP/1.1" 404 11694 "-" "meta-externalagent/1.1 (+https://developers.facebook.com/docs/sharing/webmasters/crawler)"
20.171.207.99 - - [19/Jul/2025:00:22:51 +0000] "GET /search.php?fishing197045622.html HTTP/1.1" 200 87784 "-" "Mozilla/5.0 AppleWebKit/537.36 (KHTML, like Gecko; compatible; GPTBot/1.2; +https://openai.com/gptbot)"
66.249.73.96 - - [19/Jul/2025:00:23:24 +0000] "GET /pcmypage?callback=product%2Fdetail%2Fautopartsdirect-6703121501750171142 HTTP/1.1" 200 85742 "-" "Mozilla/5.0 (Linux; Android 6.0.1; Nexus 5X Build/MMB29P) AppleWebKit/537.36 (KHTML, like Gecko) Chrome/137.0.7151.103 Mobile Safari/537.36 (compatible; Googlebot/2.1; +http://www.google.com/bot.html)"
20.171.207.99 - - [19/Jul/2025:00:23:52 +0000] "GET /search.php?items%2F032000809.html%3Fsrsltid=AfmBOoygmGqrFiKVZkTW4lBMTDayKOVYerCzlJclbXQqTk4vKRa3 HTTP/1.1" 200 87446 "-" "Mozilla/5.0 AppleWebKit/537.36 (KHTML, like Gecko; compatible; GPTBot/1.2; +https://openai.com/gptbot)"
209.74.77.214 - - [19/Jul/2025:00:24:13 +0000] "POST /wp-cron.php?doing_wp_cron=1752884653.1919419765472412109375 HTTP/1.1" 403 33 "-" "WordPress/6.8.2; https://topflowroofingplumbing.com.au"
2a03:2880:f800:16:: - - [19/Jul/2025:00:24:12 +0000] "GET /shopbrand/347432366 HTTP/1.1" 404 11694 "-" "meta-externalagent/1.1 (+https://developers.facebook.com/docs/sharing/webmasters/crawler)"
2a03:2880:f800:14:: - - [19/Jul/2025:00:24:24 +0000] "GET /shopbrand/67975806 HTTP/1.1" 404 11694 "-" "meta-externalagent/1.1 (+https://developers.facebook.com/docs/sharing/webmasters/crawler)"
20.171.207.99 - - [19/Jul/2025:00:24:53 +0000] "GET /search.php?validity176032861.html HTTP/1.1" 200 87545 "-" "Mozilla/5.0 AppleWebKit/537.36 (KHTML, like Gecko; compatible; GPTBot/1.2; +https://openai.com/gptbot)"
2a03:2880:f800:b:: - - [19/Jul/2025:00:24:58 +0000] "GET /shopbrand/347520494 HTTP/1.1" 404 11694 "-" "meta-externalagent/1.1 (+https://developers.facebook.com/docs/sharing/webmasters/crawler)"
2a03:2880:f800:1b:: - - [19/Jul/2025:00:25:00 +0000] "GET /shopbrand/67925218 HTTP/1.1" 404 11694 "-" "meta-externalagent/1.1 (+https://developers.facebook.com/docs/sharing/webmasters/crawler)"
2a03:2880:f800:6:: - - [19/Jul/2025:00:25:10 +0000] "GET /shopbrand/347386397 HTTP/1.1" 404 11694 "-" "meta-externalagent/1.1 (+https://developers.facebook.com/docs/sharing/webmasters/crawler)"
173.208.153.154 - - [19/Jul/2025:00:25:17 +0000] "GET /wp-includes/wp-configs.php HTTP/1.1" 200 26 "https://topflowroofingplumbing.com.au/wp-includes/wp-configs.php" "Mozilla/4.0 (compatible; MSIE 8.0; Windows NT 5.1; Trident/4.0; .NET CLR 2.0.50727; InfoPath.1"
209.74.77.214 - - [19/Jul/2025:00:25:39 +0000] "POST /wp-cron.php?doing_wp_cron=1752884738.8532710075378417968750 HTTP/1.1" 403 33 "-" "WordPress/6.8.2; https://topflowroofingplumbing.com.au"
51.222.253.4 - - [19/Jul/2025:00:25:38 +0000] "GET /shopbrand/27988016 HTTP/1.1" 404 11694 "-" "Mozilla/5.0 (compatible; AhrefsBot/7.0; +http://ahrefs.com/robot/)"
2a03:2880:f800:a:: - - [19/Jul/2025:00:25:54 +0000] "GET /shopbrand/67954153 HTTP/1.1" 404 11694 "-" "meta-externalagent/1.1 (+https://developers.facebook.com/docs/sharing/webmasters/crawler)"
20.171.207.99 - - [19/Jul/2025:00:25:57 +0000] "GET /search.php?tobacco276019583.html HTTP/1.1" 200 87385 "-" "Mozilla/5.0 AppleWebKit/537.36 (KHTML, like Gecko; compatible; GPTBot/1.2; +https://openai.com/gptbot)"
2a03:2880:f800:14:: - - [19/Jul/2025:00:26:03 +0000] "GET /shopbrand/68031804 HTTP/1.1" 404 11694 "-" "meta-externalagent/1.1 (+https://developers.facebook.com/docs/sharing/webmasters/crawler)"
2a03:2880:f800:17:: - - [19/Jul/2025:00:26:07 +0000] "GET /shopbrand/347480547 HTTP/1.1" 404 11694 "-" "meta-externalagent/1.1 (+https://developers.facebook.com/docs/sharing/webmasters/crawler)"
173.208.153.154 - - [19/Jul/2025:00:24:57 +0000] "GET /wp-includes/wp-configs.php HTTP/1.1" 200 - "https://topflowroofingplumbing.com.au/wp-includes/wp-configs.php" "Mozilla/4.0 (compatible; MSIE 7.0; Windows NT 5.1; SV1; .NET CLR 1.1.4322; .NET CLR 2.0.50727; InfoPath.1)"
2a03:2880:f800:e:: - - [19/Jul/2025:00:26:24 +0000] "GET /shopbrand/347433133 HTTP/1.1" 404 11694 "-" "meta-externalagent/1.1 (+https://developers.facebook.com/docs/sharing/webmasters/crawler)"
2a03:2880:f800:f:: - - [19/Jul/2025:00:26:26 +0000] "GET /shopbrand/68036195 HTTP/1.1" 404 11694 "-" "meta-externalagent/1.1 (+https://developers.facebook.com/docs/sharing/webmasters/crawler)"
209.74.77.214 - - [19/Jul/2025:00:26:40 +0000] "POST /wp-cron.php?doing_wp_cron=1752884800.7876660823822021484375 HTTP/1.1" 403 33 "-" "WordPress/6.8.2; https://topflowroofingplumbing.com.au"
2a03:2880:f800:16:: - - [19/Jul/2025:00:26:40 +0000] "GET /shopbrand/347463187 HTTP/1.1" 404 11694 "-" "meta-externalagent/1.1 (+https://developers.facebook.com/docs/sharing/webmasters/crawler)"
2a03:2880:f800:d:: - - [19/Jul/2025:00:26:49 +0000] "GET /shopbrand/67905531 HTTP/1.1" 404 11694 "-" "meta-externalagent/1.1 (+https://developers.facebook.com/docs/sharing/webmasters/crawler)"
20.171.207.99 - - [19/Jul/2025:00:26:58 +0000] "GET /search.php?product/edit/dredline-lcksh HTTP/1.1" 200 86451 "-" "Mozilla/5.0 AppleWebKit/537.36 (KHTML, like Gecko; compatible; GPTBot/1.2; +https://openai.com/gptbot)"
2a03:2880:f800:c:: - - [19/Jul/2025:00:27:04 +0000] "GET /shopbrand/67918095 HTTP/1.1" 404 11694 "-" "meta-externalagent/1.1 (+https://developers.facebook.com/docs/sharing/webmasters/crawler)"
2a03:2880:f800:14:: - - [19/Jul/2025:00:27:08 +0000] "GET /shopbrand/67952349 HTTP/1.1" 404 11694 "-" "meta-externalagent/1.1 (+https://developers.facebook.com/docs/sharing/webmasters/crawler)"
2a03:2880:f800:18:: - - [19/Jul/2025:00:27:10 +0000] "GET /shopbrand/67905972 HTTP/1.1" 404 11694 "-" "meta-externalagent/1.1 (+https://developers.facebook.com/docs/sharing/webmasters/crawler)"
66.249.73.96 - - [19/Jul/2025:00:27:15 +0000] "GET /pcmypage?callback=product/review/q-uoli-qr9262158422 HTTP/1.1" 200 86253 "-" "Mozilla/5.0 (Linux; Android 6.0.1; Nexus 5X Build/MMB29P) AppleWebKit/537.36 (KHTML, like Gecko) Chrome/137.0.7151.103 Mobile Safari/537.36 (compatible; Googlebot/2.1; +http://www.google.com/bot.html)"
2a03:2880:f800:4:: - - [19/Jul/2025:00:27:30 +0000] "GET /shopbrand/67960168 HTTP/1.1" 404 11694 "-" "meta-externalagent/1.1 (+https://developers.facebook.com/docs/sharing/webmasters/crawler)"
2a03:2880:f800:: - - [19/Jul/2025:00:27:33 +0000] "GET /shopbrand/67956907 HTTP/1.1" 404 11694 "-" "meta-externalagent/1.1 (+https://developers.facebook.com/docs/sharing/webmasters/crawler)"
209.74.77.214 - - [19/Jul/2025:00:27:50 +0000] "POST /wp-cron.php?doing_wp_cron=1752884870.1566629409790039062500 HTTP/1.1" 403 33 "-" "WordPress/6.8.2; https://topflowroofingplumbing.com.au"
2a03:2880:f800:12:: - - [19/Jul/2025:00:27:50 +0000] "GET /shopbrand/67942404 HTTP/1.1" 404 11694 "-" "meta-externalagent/1.1 (+https://developers.facebook.com/docs/sharing/webmasters/crawler)"
2a03:2880:f800:1b:: - - [19/Jul/2025:00:27:54 +0000] "GET /shopbrand/347507674 HTTP/1.1" 404 11694 "-" "meta-externalagent/1.1 (+https://developers.facebook.com/docs/sharing/webmasters/crawler)"
20.171.207.99 - - [19/Jul/2025:00:28:03 +0000] "GET /search.php?jewelry189045260.html HTTP/1.1" 200 87352 "-" "Mozilla/5.0 AppleWebKit/537.36 (KHTML, like Gecko; compatible; GPTBot/1.2; +https://openai.com/gptbot)"
2a03:2880:f800:12:: - - [19/Jul/2025:00:28:10 +0000] "GET /shopbrand/67907776 HTTP/1.1" 404 11694 "-" "meta-externalagent/1.1 (+https://developers.facebook.com/docs/sharing/webmasters/crawler)"
2a03:2880:f800:15:: - - [19/Jul/2025:00:28:28 +0000] "GET /shopbrand/347512232 HTTP/1.1" 404 11694 "-" "meta-externalagent/1.1 (+https://developers.facebook.com/docs/sharing/webmasters/crawler)"
209.74.77.214 - - [19/Jul/2025:00:28:53 +0000] "POST /wp-cron.php?doing_wp_cron=1752884933.5686609745025634765625 HTTP/1.1" 403 33 "-" "WordPress/6.8.2; https://topflowroofingplumbing.com.au"
2a03:2880:f800:16:: - - [19/Jul/2025:00:28:53 +0000] "GET /shopbrand/68036022 HTTP/1.1" 404 11694 "-" "meta-externalagent/1.1 (+https://developers.facebook.com/docs/sharing/webmasters/crawler)"
20.171.207.99 - - [19/Jul/2025:00:29:09 +0000] "GET /search.php?location175038932.html HTTP/1.1" 200 87152 "-" "Mozilla/5.0 AppleWebKit/537.36 (KHTML, like Gecko; compatible; GPTBot/1.2; +https://openai.com/gptbot)"
66.249.73.103 - - [19/Jul/2025:00:29:16 +0000] "GET /012000374.htm HTTP/1.1" 200 86720 "-" "Mozilla/5.0 (Linux; Android 6.0.1; Nexus 5X Build/MMB29P) AppleWebKit/537.36 (KHTML, like Gecko) Chrome/137.0.7151.103 Mobile Safari/537.36 (compatible; Googlebot/2.1; +http://www.google.com/bot.html)"
2a03:2880:f800:18:: - - [19/Jul/2025:00:29:48 +0000] "GET /shopbrand/347426940 HTTP/1.1" 404 11694 "-" "meta-externalagent/1.1 (+https://developers.facebook.com/docs/sharing/webmasters/crawler)"
20.171.207.99 - - [19/Jul/2025:00:30:15 +0000] "GET /search.php?suddenly206040851.html HTTP/1.1" 200 86920 "-" "Mozilla/5.0 AppleWebKit/537.36 (KHTML, like Gecko; compatible; GPTBot/1.2; +https://openai.com/gptbot)"
66.249.73.103 - - [19/Jul/2025:00:30:17 +0000] "GET /280000032.htm HTTP/1.1" 200 86086 "-" "Mozilla/5.0 (Linux; Android 6.0.1; Nexus 5X Build/MMB29P) AppleWebKit/537.36 (KHTML, like Gecko) Chrome/137.0.7151.103 Mobile Safari/537.36 (compatible; Googlebot/2.1; +http://www.google.com/bot.html)"
209.74.77.214 - - [19/Jul/2025:00:30:36 +0000] "POST /wp-cron.php?doing_wp_cron=1752885036.5664069652557373046875 HTTP/1.1" 403 33 "-" "WordPress/6.8.2; https://topflowroofingplumbing.com.au"
2a03:2880:f800:c:: - - [19/Jul/2025:00:30:36 +0000] "GET /shopbrand/67964386 HTTP/1.1" 404 11694 "-" "meta-externalagent/1.1 (+https://developers.facebook.com/docs/sharing/webmasters/crawler)"
2a03:2880:f800:1b:: - - [19/Jul/2025:00:30:43 +0000] "GET /shopbrand/67925300 HTTP/1.1" 404 11694 "-" "meta-externalagent/1.1 (+https://developers.facebook.com/docs/sharing/webmasters/crawler)"
51.222.253.10 - - [19/Jul/2025:00:30:44 +0000] "GET /shopbrand/39867788 HTTP/1.1" 404 11694 "-" "Mozilla/5.0 (compatible; AhrefsBot/7.0; +http://ahrefs.com/robot/)"
2a03:2880:f800:a:: - - [19/Jul/2025:00:30:54 +0000] "GET /shopbrand/347442651 HTTP/1.1" 404 11694 "-" "meta-externalagent/1.1 (+https://developers.facebook.com/docs/sharing/webmasters/crawler)"
2a03:2880:f800:a:: - - [19/Jul/2025:00:30:56 +0000] "GET /shopbrand/347452461 HTTP/1.1" 404 11694 "-" "meta-externalagent/1.1 (+https://developers.facebook.com/docs/sharing/webmasters/crawler)"
2a03:2880:f800:13:: - - [19/Jul/2025:00:30:56 +0000] "GET /shopbrand/347394303 HTTP/1.1" 404 11694 "-" "meta-externalagent/1.1 (+https://developers.facebook.com/docs/sharing/webmasters/crawler)"
2a03:2880:f800:1:: - - [19/Jul/2025:00:31:01 +0000] "GET /shopbrand/67943171 HTTP/1.1" 404 11694 "-" "meta-externalagent/1.1 (+https://developers.facebook.com/docs/sharing/webmasters/crawler)"
66.249.73.103 - - [19/Jul/2025:00:31:18 +0000] "GET /076021586.htm HTTP/1.1" 200 85542 "-" "Mozilla/5.0 (Linux; Android 6.0.1; Nexus 5X Build/MMB29P) AppleWebKit/537.36 (KHTML, like Gecko) Chrome/137.0.7151.103 Mobile Safari/537.36 (compatible; Googlebot/2.1; +http://www.google.com/bot.html)"
20.171.207.99 - - [19/Jul/2025:00:31:20 +0000] "GET /search.php?items%2F076000183.html%3Fsrsltid=AfmBOolusEpoiyXxaTpCT62vLKlaZCsAjRMtHAQbMmZC5W1dUXCx HTTP/1.1" 200 86896 "-" "Mozilla/5.0 AppleWebKit/537.36 (KHTML, like Gecko; compatible; GPTBot/1.2; +https://openai.com/gptbot)"
209.74.77.214 - - [19/Jul/2025:00:32:05 +0000] "POST /wp-cron.php?doing_wp_cron=1752885124.9456629753112792968750 HTTP/1.1" 403 33 "-" "WordPress/6.8.2; https://topflowroofingplumbing.com.au"
2a03:2880:f800:e:: - - [19/Jul/2025:00:32:03 +0000] "GET /shopbrand/347442498 HTTP/1.1" 404 11694 "-" "meta-externalagent/1.1 (+https://developers.facebook.com/docs/sharing/webmasters/crawler)"
20.171.207.99 - - [19/Jul/2025:00:32:21 +0000] "GET /search.php?doorway194028459.html HTTP/1.1" 200 87514 "-" "Mozilla/5.0 AppleWebKit/537.36 (KHTML, like Gecko; compatible; GPTBot/1.2; +https://openai.com/gptbot)"
2a03:2880:f800:12:: - - [19/Jul/2025:00:32:31 +0000] "GET /shopbrand/67912076 HTTP/1.1" 404 11694 "-" "meta-externalagent/1.1 (+https://developers.facebook.com/docs/sharing/webmasters/crawler)"
2a03:2880:f800:19:: - - [19/Jul/2025:00:32:38 +0000] "GET /shopbrand/67955361 HTTP/1.1" 404 11694 "-" "meta-externalagent/1.1 (+https://developers.facebook.com/docs/sharing/webmasters/crawler)"
2a03:2880:f800:16:: - - [19/Jul/2025:00:33:00 +0000] "GET /shopbrand/67925389 HTTP/1.1" 404 11694 "-" "meta-externalagent/1.1 (+https://developers.facebook.com/docs/sharing/webmasters/crawler)"
209.74.77.214 - - [19/Jul/2025:00:33:12 +0000] "POST /wp-cron.php?doing_wp_cron=1752885192.3034598827362060546875 HTTP/1.1" 403 33 "-" "WordPress/6.8.2; https://topflowroofingplumbing.com.au"
2a03:2880:f800:10:: - - [19/Jul/2025:00:33:12 +0000] "GET /shopbrand/68008961 HTTP/1.1" 404 11694 "-" "meta-externalagent/1.1 (+https://developers.facebook.com/docs/sharing/webmasters/crawler)"
2a03:2880:f800:15:: - - [19/Jul/2025:00:33:18 +0000] "GET /shopbrand/347415262 HTTP/1.1" 404 11694 "-" "meta-externalagent/1.1 (+https://developers.facebook.com/docs/sharing/webmasters/crawler)"
20.171.207.99 - - [19/Jul/2025:00:33:24 +0000] "GET /search.php?grocery193042564.html HTTP/1.1" 200 87541 "-" "Mozilla/5.0 AppleWebKit/537.36 (KHTML, like Gecko; compatible; GPTBot/1.2; +https://openai.com/gptbot)"
2a03:2880:f800:a:: - - [19/Jul/2025:00:33:29 +0000] "GET /shopbrand/347386993 HTTP/1.1" 404 11694 "-" "meta-externalagent/1.1 (+https://developers.facebook.com/docs/sharing/webmasters/crawler)"
2a03:2880:f800:11:: - - [19/Jul/2025:00:33:30 +0000] "GET /shopbrand/67981999 HTTP/1.1" 404 11694 "-" "meta-externalagent/1.1 (+https://developers.facebook.com/docs/sharing/webmasters/crawler)"
2a03:2880:f800:7:: - - [19/Jul/2025:00:33:32 +0000] "GET /shopbrand/67915067 HTTP/1.1" 404 11694 "-" "meta-externalagent/1.1 (+https://developers.facebook.com/docs/sharing/webmasters/crawler)"
2a03:2880:f800:19:: - - [19/Jul/2025:00:33:37 +0000] "GET /shopbrand/347412252 HTTP/1.1" 404 11694 "-" "meta-externalagent/1.1 (+https://developers.facebook.com/docs/sharing/webmasters/crawler)"
2a03:2880:f800:8:: - - [19/Jul/2025:00:33:46 +0000] "GET /shopbrand/347384680 HTTP/1.1" 404 11694 "-" "meta-externalagent/1.1 (+https://developers.facebook.com/docs/sharing/webmasters/crawler)"
209.74.77.214 - - [19/Jul/2025:00:34:13 +0000] "POST /wp-cron.php?doing_wp_cron=1752885253.0859510898590087890625 HTTP/1.1" 403 33 "-" "WordPress/6.8.2; https://topflowroofingplumbing.com.au"
2a03:2880:f800:d:: - - [19/Jul/2025:00:34:12 +0000] "GET /shopbrand/347400407 HTTP/1.1" 404 11694 "-" "meta-externalagent/1.1 (+https://developers.facebook.com/docs/sharing/webmasters/crawler)"
2a03:2880:f800:8:: - - [19/Jul/2025:00:34:13 +0000] "GET /shopbrand/67902521 HTTP/1.1" 404 11694 "-" "meta-externalagent/1.1 (+https://developers.facebook.com/docs/sharing/webmasters/crawler)"
66.249.73.97 - - [19/Jul/2025:00:34:18 +0000] "GET /pcmypage?callback=product%2Fdetail%2Fq-uoli-qr9262158422 HTTP/1.1" 200 85898 "-" "Mozilla/5.0 (Linux; Android 6.0.1; Nexus 5X Build/MMB29P) AppleWebKit/537.36 (KHTML, like Gecko) Chrome/137.0.7151.103 Mobile Safari/537.36 (compatible; Googlebot/2.1; +http://www.google.com/bot.html)"
20.171.207.99 - - [19/Jul/2025:00:34:28 +0000] "GET /search.php?feminist137048954.html HTTP/1.1" 200 87339 "-" "Mozilla/5.0 AppleWebKit/537.36 (KHTML, like Gecko; compatible; GPTBot/1.2; +https://openai.com/gptbot)"
2a03:2880:f800:1a:: - - [19/Jul/2025:00:34:54 +0000] "GET /shopbrand/67941963 HTTP/1.1" 404 11694 "-" "meta-externalagent/1.1 (+https://developers.facebook.com/docs/sharing/webmasters/crawler)"
2a03:2880:f800:1a:: - - [19/Jul/2025:00:35:03 +0000] "GET /shopbrand/67962582 HTTP/1.1" 404 11694 "-" "meta-externalagent/1.1 (+https://developers.facebook.com/docs/sharing/webmasters/crawler)"
2a03:2880:f800:12:: - - [19/Jul/2025:00:35:06 +0000] "GET /shopbrand/67998384 HTTP/1.1" 404 11694 "-" "meta-externalagent/1.1 (+https://developers.facebook.com/docs/sharing/webmasters/crawler)"
209.74.77.214 - - [19/Jul/2025:00:35:14 +0000] "POST /wp-cron.php?doing_wp_cron=1752885314.5636780261993408203125 HTTP/1.1" 403 33 "-" "WordPress/6.8.2; https://topflowroofingplumbing.com.au"
2a03:2880:f800:a:: - - [19/Jul/2025:00:35:14 +0000] "GET /shopbrand/67964895 HTTP/1.1" 404 11694 "-" "meta-externalagent/1.1 (+https://developers.facebook.com/docs/sharing/webmasters/crawler)"
2a03:2880:f800:7:: - - [19/Jul/2025:00:35:18 +0000] "GET /shopbrand/67909767 HTTP/1.1" 404 11694 "-" "meta-externalagent/1.1 (+https://developers.facebook.com/docs/sharing/webmasters/crawler)"
2a03:2880:f800:3:: - - [19/Jul/2025:00:35:22 +0000] "GET /shopbrand/67922635 HTTP/1.1" 404 11694 "-" "meta-externalagent/1.1 (+https://developers.facebook.com/docs/sharing/webmasters/crawler)"
2a03:2880:f800:1c:: - - [19/Jul/2025:00:35:25 +0000] "GET /shopbrand/67942831 HTTP/1.1" 404 11694 "-" "meta-externalagent/1.1 (+https://developers.facebook.com/docs/sharing/webmasters/crawler)"
51.222.253.7 - - [19/Jul/2025:00:35:26 +0000] "GET /shopbrand/56435073 HTTP/1.1" 404 11694 "-" "Mozilla/5.0 (compatible; AhrefsBot/7.0; +http://ahrefs.com/robot/)"
2a03:2880:f800:e:: - - [19/Jul/2025:00:35:27 +0000] "GET /shopbrand/68028712 HTTP/1.1" 404 11694 "-" "meta-externalagent/1.1 (+https://developers.facebook.com/docs/sharing/webmasters/crawler)"
2a03:2880:f800:12:: - - [19/Jul/2025:00:35:32 +0000] "GET /shopbrand/347437602 HTTP/1.1" 404 11694 "-" "meta-externalagent/1.1 (+https://developers.facebook.com/docs/sharing/webmasters/crawler)"
