209.74.77.214 - - [18/Jul/2025:15:54:39 +0000] "POST /wp-cron.php?doing_wp_cron=1752854079.2083730697631835937500 HTTP/1.1" 403 33 "-" "WordPress/6.8.2; https://topflowroofingplumbing.com.au"
209.74.77.214 - - [18/Jul/2025:15:54:39 +0000] "POST /wp-cron.php?doing_wp_cron=1752854079.2083730697631835937500 HTTP/1.1" 403 33 "-" "WordPress/6.8.2; https://topflowroofingplumbing.com.au"
2a03:2880:f800:d:: - - [18/Jul/2025:15:54:38 +0000] "GET /shopbrand/347514730 HTTP/1.1" 404 11695 "-" "meta-externalagent/1.1 (+https://developers.facebook.com/docs/sharing/webmasters/crawler)"
2a03:2880:f800:4:: - - [18/Jul/2025:15:54:38 +0000] "GET /shopbrand/67916104 HTTP/1.1" 404 11695 "-" "meta-externalagent/1.1 (+https://developers.facebook.com/docs/sharing/webmasters/crawler)"
2a03:2880:f800:5:: - - [18/Jul/2025:15:54:50 +0000] "GET /shopbrand/67903663 HTTP/1.1" 404 11695 "-" "meta-externalagent/1.1 (+https://developers.facebook.com/docs/sharing/webmasters/crawler)"
20.171.207.99 - - [18/Jul/2025:15:55:03 +0000] "GET /search.php?violence149013886.html HTTP/1.1" 200 87233 "-" "Mozilla/5.0 AppleWebKit/537.36 (KHTML, like Gecko; compatible; GPTBot/1.2; +https://openai.com/gptbot)"
2a03:2880:f800:7:: - - [18/Jul/2025:15:55:21 +0000] "GET /shopbrand/347479506 HTTP/1.1" 404 11695 "-" "meta-externalagent/1.1 (+https://developers.facebook.com/docs/sharing/webmasters/crawler)"
2a03:2880:f800:8:: - - [18/Jul/2025:15:55:27 +0000] "GET /shopbrand/67927613 HTTP/1.1" 404 11695 "-" "meta-externalagent/1.1 (+https://developers.facebook.com/docs/sharing/webmasters/crawler)"
2a03:2880:f800:c:: - - [18/Jul/2025:15:55:29 +0000] "GET /shopbrand/347436209 HTTP/1.1" 404 11695 "-" "meta-externalagent/1.1 (+https://developers.facebook.com/docs/sharing/webmasters/crawler)"
2a03:2880:f800:5:: - - [18/Jul/2025:15:55:33 +0000] "GET /shopbrand/347402211 HTTP/1.1" 404 11695 "-" "meta-externalagent/1.1 (+https://developers.facebook.com/docs/sharing/webmasters/crawler)"
2a03:2880:f800:b:: - - [18/Jul/2025:15:55:38 +0000] "GET /shopbrand/347513184 HTTP/1.1" 404 11695 "-" "meta-externalagent/1.1 (+https://developers.facebook.com/docs/sharing/webmasters/crawler)"
20.171.207.99 - - [18/Jul/2025:15:56:08 +0000] "GET /search.php?minority089013720.html HTTP/1.1" 200 86997 "-" "Mozilla/5.0 AppleWebKit/537.36 (KHTML, like Gecko; compatible; GPTBot/1.2; +https://openai.com/gptbot)"
20.171.207.99 - - [18/Jul/2025:15:57:14 +0000] "GET /search.php?judgment154001699.html HTTP/1.1" 200 86689 "-" "Mozilla/5.0 AppleWebKit/537.36 (KHTML, like Gecko; compatible; GPTBot/1.2; +https://openai.com/gptbot)"
66.249.73.103 - - [18/Jul/2025:15:57:51 +0000] "GET /pcmypage?callback=product%2Fdetail%2Fdaishinshop-2571-00004993 HTTP/1.1" 200 86883 "-" "Mozilla/5.0 (Linux; Android 6.0.1; Nexus 5X Build/MMB29P) AppleWebKit/537.36 (KHTML, like Gecko) Chrome/137.0.7151.103 Mobile Safari/537.36 (compatible; Googlebot/2.1; +http://www.google.com/bot.html)"
20.171.207.99 - - [18/Jul/2025:15:58:17 +0000] "GET /search.php?strategy137048956.html HTTP/1.1" 200 86953 "-" "Mozilla/5.0 AppleWebKit/537.36 (KHTML, like Gecko; compatible; GPTBot/1.2; +https://openai.com/gptbot)"
20.171.207.99 - - [18/Jul/2025:15:59:22 +0000] "GET /search.php?foreign005037156.html HTTP/1.1" 200 86656 "-" "Mozilla/5.0 AppleWebKit/537.36 (KHTML, like Gecko; compatible; GPTBot/1.2; +https://openai.com/gptbot)"
209.74.77.214 - - [18/Jul/2025:15:59:51 +0000] "POST /wp-cron.php?doing_wp_cron=1752854391.2445540428161621093750 HTTP/1.1" 403 33 "-" "WordPress/6.8.2; https://topflowroofingplumbing.com.au"
51.222.253.12 - - [18/Jul/2025:15:59:50 +0000] "GET /shopbrand/39971894 HTTP/1.1" 404 11695 "-" "Mozilla/5.0 (compatible; AhrefsBot/7.0; +http://ahrefs.com/robot/)"
20.171.207.99 - - [18/Jul/2025:16:00:23 +0000] "GET /search.php?missing197045630.html HTTP/1.1" 200 87015 "-" "Mozilla/5.0 AppleWebKit/537.36 (KHTML, like Gecko; compatible; GPTBot/1.2; +https://openai.com/gptbot)"
209.74.77.214 - - [18/Jul/2025:16:01:20 +0000] "POST /wp-cron.php?doing_wp_cron=1752854480.4468588829040527343750 HTTP/1.1" 403 33 "-" "WordPress/6.8.2; https://topflowroofingplumbing.com.au"
2a03:2880:f800:a:: - - [18/Jul/2025:16:01:19 +0000] "GET /shopbrand/347440338 HTTP/1.1" 404 11695 "-" "meta-externalagent/1.1 (+https://developers.facebook.com/docs/sharing/webmasters/crawler)"
2a03:2880:f800:f:: - - [18/Jul/2025:16:01:24 +0000] "GET /shopbrand/347485799 HTTP/1.1" 404 11695 "-" "meta-externalagent/1.1 (+https://developers.facebook.com/docs/sharing/webmasters/crawler)"
2a03:2880:f800:13:: - - [18/Jul/2025:16:01:24 +0000] "GET /shopbrand/347407189 HTTP/1.1" 404 11695 "-" "meta-externalagent/1.1 (+https://developers.facebook.com/docs/sharing/webmasters/crawler)"
2a03:2880:f800:11:: - - [18/Jul/2025:16:01:25 +0000] "GET /shopbrand/347445234 HTTP/1.1" 404 11695 "-" "meta-externalagent/1.1 (+https://developers.facebook.com/docs/sharing/webmasters/crawler)"
20.171.207.99 - - [18/Jul/2025:16:01:25 +0000] "GET /search.php?logical137048954.html HTTP/1.1" 200 85710 "-" "Mozilla/5.0 AppleWebKit/537.36 (KHTML, like Gecko; compatible; GPTBot/1.2; +https://openai.com/gptbot)"
2a03:2880:f800:11:: - - [18/Jul/2025:16:01:48 +0000] "GET /shopbrand/347507525 HTTP/1.1" 404 11695 "-" "meta-externalagent/1.1 (+https://developers.facebook.com/docs/sharing/webmasters/crawler)"
20.171.207.99 - - [18/Jul/2025:16:02:29 +0000] "GET /search.php?ancestor175038926.html HTTP/1.1" 200 87029 "-" "Mozilla/5.0 AppleWebKit/537.36 (KHTML, like Gecko; compatible; GPTBot/1.2; +https://openai.com/gptbot)"
20.171.207.99 - - [18/Jul/2025:16:03:35 +0000] "GET /search.php?pcmypage%3Fcallback=%2Fproduct%2Fdetail%252stylifemen-pb1146-1 HTTP/1.1" 200 86828 "-" "Mozilla/5.0 AppleWebKit/537.36 (KHTML, like Gecko; compatible; GPTBot/1.2; +https://openai.com/gptbot)"
34.148.85.205 - - [18/Jul/2025:16:03:49 +0000] "GET / HTTP/1.1" 200 17490 "-" "Mozilla/5.0 (Windows NT 10.0; Win64; x64) AppleWebKit/537.36 (KHTML, like Gecko) Chrome/78.0.3904.108 Safari/537.36"
34.148.85.205 - - [18/Jul/2025:16:03:50 +0000] "GET //wp-includes/wlwmanifest.xml HTTP/1.1" 301 - "-" "Mozilla/5.0 (Windows NT 10.0; Win64; x64) AppleWebKit/537.36 (KHTML, like Gecko) Chrome/78.0.3904.108 Safari/537.36"
34.148.85.205 - - [18/Jul/2025:16:03:50 +0000] "GET //xmlrpc.php?rsd HTTP/1.1" 301 - "-" "Mozilla/5.0 (Windows NT 10.0; Win64; x64) AppleWebKit/537.36 (KHTML, like Gecko) Chrome/78.0.3904.108 Safari/537.36"
34.148.85.205 - - [18/Jul/2025:16:03:51 +0000] "GET / HTTP/1.1" 200 17490 "-" "Mozilla/5.0 (Windows NT 10.0; Win64; x64) AppleWebKit/537.36 (KHTML, like Gecko) Chrome/78.0.3904.108 Safari/537.36"
34.148.85.205 - - [18/Jul/2025:16:03:51 +0000] "GET //?author=1 HTTP/1.1" 301 - "-" "Mozilla/5.0 (Windows NT 10.0; Win64; x64) AppleWebKit/537.36 (KHTML, like Gecko) Chrome/78.0.3904.108 Safari/537.36"
34.148.85.205 - - [18/Jul/2025:16:03:51 +0000] "GET //?author=2 HTTP/1.1" 301 - "-" "Mozilla/5.0 (Windows NT 10.0; Win64; x64) AppleWebKit/537.36 (KHTML, like Gecko) Chrome/78.0.3904.108 Safari/537.36"
34.148.85.205 - - [18/Jul/2025:16:03:51 +0000] "GET //wp-json/wp/v2/users/ HTTP/1.1" 200 362 "-" "Mozilla/5.0 (Windows NT 10.0; Win64; x64) AppleWebKit/537.36 (KHTML, like Gecko) Chrome/78.0.3904.108 Safari/537.36"
34.148.85.205 - - [18/Jul/2025:16:03:52 +0000] "POST //xmlrpc.php HTTP/1.1" 301 - "-" "Mozilla/5.0 (Windows NT 10.0; Win64; x64) AppleWebKit/537.36 (KHTML, like Gecko) Chrome/78.0.3904.108 Safari/537.36"
20.171.207.99 - - [18/Jul/2025:16:04:38 +0000] "GET /search.php?tourist189045272.html HTTP/1.1" 200 86666 "-" "Mozilla/5.0 AppleWebKit/537.36 (KHTML, like Gecko; compatible; GPTBot/1.2; +https://openai.com/gptbot)"
2a03:2880:f800:12:: - - [18/Jul/2025:16:04:39 +0000] "GET / HTTP/1.1" 200 17490 "-" "meta-externalagent/1.1 (+https://developers.facebook.com/docs/sharing/webmasters/crawler)"
20.171.207.99 - - [18/Jul/2025:16:05:41 +0000] "GET /search.php?wedding280044599.html HTTP/1.1" 200 86288 "-" "Mozilla/5.0 AppleWebKit/537.36 (KHTML, like Gecko; compatible; GPTBot/1.2; +https://openai.com/gptbot)"
209.74.77.214 - - [18/Jul/2025:16:06:03 +0000] "POST /wp-cron.php?doing_wp_cron=1752854763.4570689201354980468750 HTTP/1.1" 403 33 "-" "WordPress/6.8.2; https://topflowroofingplumbing.com.au"
2a03:2880:f800:14:: - - [18/Jul/2025:16:06:02 +0000] "GET /shopbrand/67910868 HTTP/1.1" 404 11695 "-" "meta-externalagent/1.1 (+https://developers.facebook.com/docs/sharing/webmasters/crawler)"
20.171.207.99 - - [18/Jul/2025:16:06:46 +0000] "GET /search.php?balloon216045787.html HTTP/1.1" 200 88606 "-" "Mozilla/5.0 AppleWebKit/537.36 (KHTML, like Gecko; compatible; GPTBot/1.2; +https://openai.com/gptbot)"
209.74.77.214 - - [18/Jul/2025:16:07:19 +0000] "POST /wp-cron.php?doing_wp_cron=1752854839.0245649814605712890625 HTTP/1.1" 403 33 "-" "WordPress/6.8.2; https://topflowroofingplumbing.com.au"
51.222.253.12 - - [18/Jul/2025:16:07:18 +0000] "GET /shopbrand/5064604 HTTP/1.1" 404 11695 "-" "Mozilla/5.0 (compatible; AhrefsBot/7.0; +http://ahrefs.com/robot/)"
20.171.207.99 - - [18/Jul/2025:16:07:50 +0000] "GET /search.php?consume268025347.html HTTP/1.1" 200 87854 "-" "Mozilla/5.0 AppleWebKit/537.36 (KHTML, like Gecko; compatible; GPTBot/1.2; +https://openai.com/gptbot)"
2a03:2880:f800:7:: - - [18/Jul/2025:16:07:52 +0000] "GET /shopbrand/347500380 HTTP/1.1" 404 11695 "-" "meta-externalagent/1.1 (+https://developers.facebook.com/docs/sharing/webmasters/crawler)"
20.171.207.99 - - [18/Jul/2025:16:08:53 +0000] "GET /search.php?provoke083017256.html HTTP/1.1" 200 86455 "-" "Mozilla/5.0 AppleWebKit/537.36 (KHTML, like Gecko; compatible; GPTBot/1.2; +https://openai.com/gptbot)"
20.171.207.99 - - [18/Jul/2025:16:09:55 +0000] "GET /search.php?version278010339.html HTTP/1.1" 200 86731 "-" "Mozilla/5.0 AppleWebKit/537.36 (KHTML, like Gecko; compatible; GPTBot/1.2; +https://openai.com/gptbot)"
20.171.207.99 - - [18/Jul/2025:16:10:57 +0000] "GET /search.php?rebuild278020319.html HTTP/1.1" 200 86533 "-" "Mozilla/5.0 AppleWebKit/537.36 (KHTML, like Gecko; compatible; GPTBot/1.2; +https://openai.com/gptbot)"
20.171.207.99 - - [18/Jul/2025:16:11:59 +0000] "GET /search.php?homeland137048956.html HTTP/1.1" 200 86808 "-" "Mozilla/5.0 AppleWebKit/537.36 (KHTML, like Gecko; compatible; GPTBot/1.2; +https://openai.com/gptbot)"
20.171.207.99 - - [18/Jul/2025:16:13:04 +0000] "GET /search.php?fiction233012958.html HTTP/1.1" 200 86149 "-" "Mozilla/5.0 AppleWebKit/537.36 (KHTML, like Gecko; compatible; GPTBot/1.2; +https://openai.com/gptbot)"
20.171.207.99 - - [18/Jul/2025:16:14:04 +0000] "GET /search.php?routine208018547.html HTTP/1.1" 200 86832 "-" "Mozilla/5.0 AppleWebKit/537.36 (KHTML, like Gecko; compatible; GPTBot/1.2; +https://openai.com/gptbot)"
51.222.253.20 - - [18/Jul/2025:16:14:11 +0000] "GET /shopbrand/5111933 HTTP/1.1" 404 11695 "-" "Mozilla/5.0 (compatible; AhrefsBot/7.0; +http://ahrefs.com/robot/)"
209.74.77.214 - - [18/Jul/2025:16:14:42 +0000] "POST /wp-cron.php?doing_wp_cron=1752855282.5926430225372314453125 HTTP/1.1" 403 33 "-" "WordPress/6.8.2; https://topflowroofingplumbing.com.au"
2a06:98c0:3600::103 - - [18/Jul/2025:16:14:42 +0000] "GET /wordpress/wp-admin/setup-config.php HTTP/1.1" 404 11695 "-" "Mozilla/5.0 (Windows NT 10.0; Win64; x64) AppleWebKit/537.36 (KHTML, like Gecko) Chrome/137.0.0.0 Safari/537.36"
20.171.207.99 - - [18/Jul/2025:16:15:09 +0000] "GET /search.php?customer137048956.html HTTP/1.1" 200 87408 "-" "Mozilla/5.0 AppleWebKit/537.36 (KHTML, like Gecko; compatible; GPTBot/1.2; +https://openai.com/gptbot)"
2a06:98c0:3600::103 - - [18/Jul/2025:16:15:10 +0000] "GET /wp-admin/setup-config.php HTTP/1.1" 404 11695 "-" "Mozilla/5.0 (Windows NT 10.0; Win64; x64) AppleWebKit/537.36 (KHTML, like Gecko) Chrome/137.0.0.0 Safari/537.36"
209.74.77.214 - - [18/Jul/2025:16:15:53 +0000] "POST /wp-cron.php?doing_wp_cron=1752855353.7052710056304931640625 HTTP/1.1" 403 33 "-" "WordPress/6.8.2; https://topflowroofingplumbing.com.au"
2a06:98c0:3600::103 - - [18/Jul/2025:16:15:52 +0000] "GET /wp-admin/setup-config.php HTTP/1.1" 404 11695 "-" "Mozilla/5.0 (Windows NT 10.0; Win64; x64) AppleWebKit/537.36 (KHTML, like Gecko) Chrome/137.0.0.0 Safari/537.36"
20.171.207.99 - - [18/Jul/2025:16:16:09 +0000] "GET /search.php?liberty156043759.html HTTP/1.1" 200 87046 "-" "Mozilla/5.0 AppleWebKit/537.36 (KHTML, like Gecko; compatible; GPTBot/1.2; +https://openai.com/gptbot)"
2a03:2880:f800:11:: - - [18/Jul/2025:16:16:23 +0000] "GET /shopbrand/67973308 HTTP/1.1" 404 11695 "-" "meta-externalagent/1.1 (+https://developers.facebook.com/docs/sharing/webmasters/crawler)"
20.171.207.99 - - [18/Jul/2025:16:17:10 +0000] "GET /search.php?running290014953.html HTTP/1.1" 200 87581 "-" "Mozilla/5.0 AppleWebKit/537.36 (KHTML, like Gecko; compatible; GPTBot/1.2; +https://openai.com/gptbot)"
20.171.207.99 - - [18/Jul/2025:16:18:10 +0000] "GET /search.php?indicate129037588.html HTTP/1.1" 200 87251 "-" "Mozilla/5.0 AppleWebKit/537.36 (KHTML, like Gecko; compatible; GPTBot/1.2; +https://openai.com/gptbot)"
20.171.207.99 - - [18/Jul/2025:16:19:12 +0000] "GET /search.php?visitor139034728.html HTTP/1.1" 200 86987 "-" "Mozilla/5.0 AppleWebKit/537.36 (KHTML, like Gecko; compatible; GPTBot/1.2; +https://openai.com/gptbot)"
20.171.207.99 - - [18/Jul/2025:16:20:18 +0000] "GET /search.php?medicine197045612.html HTTP/1.1" 200 86483 "-" "Mozilla/5.0 AppleWebKit/537.36 (KHTML, like Gecko; compatible; GPTBot/1.2; +https://openai.com/gptbot)"
66.249.73.97 - - [18/Jul/2025:16:20:52 +0000] "GET /095013555.htm HTTP/1.1" 200 86133 "-" "Mozilla/5.0 (Linux; Android 6.0.1; Nexus 5X Build/MMB29P) AppleWebKit/537.36 (KHTML, like Gecko) Chrome/137.0.7151.103 Mobile Safari/537.36 (compatible; Googlebot/2.1; +http://www.google.com/bot.html)"
209.74.77.214 - - [18/Jul/2025:16:21:14 +0000] "POST /wp-cron.php?doing_wp_cron=1752855674.4124450683593750000000 HTTP/1.1" 403 33 "-" "WordPress/6.8.2; https://topflowroofingplumbing.com.au"
2a03:2880:f800:a:: - - [18/Jul/2025:16:21:13 +0000] "GET /shopdetail/123476852 HTTP/1.1" 404 11695 "-" "meta-externalagent/1.1 (+https://developers.facebook.com/docs/sharing/webmasters/crawler)"
2a03:2880:f800:6:: - - [18/Jul/2025:16:21:22 +0000] "GET /shopbrand/67934140 HTTP/1.1" 404 11695 "-" "meta-externalagent/1.1 (+https://developers.facebook.com/docs/sharing/webmasters/crawler)"
20.171.207.99 - - [18/Jul/2025:16:21:22 +0000] "GET /search.php?subject245038776.html HTTP/1.1" 200 86771 "-" "Mozilla/5.0 AppleWebKit/537.36 (KHTML, like Gecko; compatible; GPTBot/1.2; +https://openai.com/gptbot)"
51.222.253.9 - - [18/Jul/2025:16:21:44 +0000] "GET /shopbrand/53173467 HTTP/1.1" 404 11695 "-" "Mozilla/5.0 (compatible; AhrefsBot/7.0; +http://ahrefs.com/robot/)"
20.171.207.99 - - [18/Jul/2025:16:22:26 +0000] "GET /search.php?balloon189045262.html HTTP/1.1" 200 87887 "-" "Mozilla/5.0 AppleWebKit/537.36 (KHTML, like Gecko; compatible; GPTBot/1.2; +https://openai.com/gptbot)"
209.74.77.214 - - [18/Jul/2025:16:23:16 +0000] "POST /wp-cron.php?doing_wp_cron=1752855796.7062530517578125000000 HTTP/1.1" 403 33 "-" "WordPress/6.8.2; https://topflowroofingplumbing.com.au"
2a03:2880:f800:a:: - - [18/Jul/2025:16:23:15 +0000] "GET /shopbrand/67960339 HTTP/1.1" 404 11695 "-" "meta-externalagent/1.1 (+https://developers.facebook.com/docs/sharing/webmasters/crawler)"
20.171.207.99 - - [18/Jul/2025:16:23:27 +0000] "GET /search.php?religion089045876.html HTTP/1.1" 200 86709 "-" "Mozilla/5.0 AppleWebKit/537.36 (KHTML, like Gecko; compatible; GPTBot/1.2; +https://openai.com/gptbot)"
209.74.77.214 - - [18/Jul/2025:16:24:30 +0000] "POST /wp-cron.php?doing_wp_cron=1752855870.2615149021148681640625 HTTP/1.1" 403 33 "-" "WordPress/6.8.2; https://topflowroofingplumbing.com.au"
2a03:2880:f800:16:: - - [18/Jul/2025:16:24:28 +0000] "GET /shopdetail/368941452 HTTP/1.1" 404 11695 "-" "meta-externalagent/1.1 (+https://developers.facebook.com/docs/sharing/webmasters/crawler)"
20.171.207.99 - - [18/Jul/2025:16:24:32 +0000] "GET /search.php?routine208018547.html HTTP/1.1" 200 86809 "-" "Mozilla/5.0 AppleWebKit/537.36 (KHTML, like Gecko; compatible; GPTBot/1.2; +https://openai.com/gptbot)"
66.249.73.97 - - [18/Jul/2025:16:24:53 +0000] "GET /shopbrand/9175972 HTTP/1.1" 200 85929 "-" "Mozilla/5.0 (Linux; Android 6.0.1; Nexus 5X Build/MMB29P) AppleWebKit/537.36 (KHTML, like Gecko) Chrome/137.0.7151.103 Mobile Safari/537.36 (compatible; Googlebot/2.1; +http://www.google.com/bot.html)"
20.171.207.99 - - [18/Jul/2025:16:25:33 +0000] "GET /search.php?uncover195037936.html HTTP/1.1" 200 86904 "-" "Mozilla/5.0 AppleWebKit/537.36 (KHTML, like Gecko; compatible; GPTBot/1.2; +https://openai.com/gptbot)"
20.171.207.99 - - [18/Jul/2025:16:26:34 +0000] "GET /search.php?exclude189045274.html HTTP/1.1" 200 86352 "-" "Mozilla/5.0 AppleWebKit/537.36 (KHTML, like Gecko; compatible; GPTBot/1.2; +https://openai.com/gptbot)"
20.171.207.99 - - [18/Jul/2025:16:27:39 +0000] "GET /search.php?suggest137048956.html HTTP/1.1" 200 86718 "-" "Mozilla/5.0 AppleWebKit/537.36 (KHTML, like Gecko; compatible; GPTBot/1.2; +https://openai.com/gptbot)"
20.171.207.99 - - [18/Jul/2025:16:28:44 +0000] "GET /search.php?items%2F028001783.html%3Fsrsltid=AfmBOogksDMNCUJPuVwZ4uMgMgpeIPkG4AMKpmh5Tm6HCinmdT1c HTTP/1.1" 200 86483 "-" "Mozilla/5.0 AppleWebKit/537.36 (KHTML, like Gecko; compatible; GPTBot/1.2; +https://openai.com/gptbot)"
209.74.77.214 - - [18/Jul/2025:16:29:20 +0000] "POST /wp-cron.php?doing_wp_cron=1752856160.2123680114746093750000 HTTP/1.1" 403 33 "-" "WordPress/6.8.2; https://topflowroofingplumbing.com.au"
51.222.253.7 - - [18/Jul/2025:16:29:18 +0000] "GET /shopbrand/53264196 HTTP/1.1" 404 11695 "-" "Mozilla/5.0 (compatible; AhrefsBot/7.0; +http://ahrefs.com/robot/)"
20.171.207.99 - - [18/Jul/2025:16:29:45 +0000] "GET /search.php?romantic137048954.html HTTP/1.1" 200 86546 "-" "Mozilla/5.0 AppleWebKit/537.36 (KHTML, like Gecko; compatible; GPTBot/1.2; +https://openai.com/gptbot)"
20.171.207.99 - - [18/Jul/2025:16:30:47 +0000] "GET /search.php?m099000141%3Fsrsltid=AfmBOozSOzenoMrsepC8Gz_U2QZulPnMB_biNrzh8e-A-7Plq2p6PO HTTP/1.1" 200 86932 "-" "Mozilla/5.0 AppleWebKit/537.36 (KHTML, like Gecko; compatible; GPTBot/1.2; +https://openai.com/gptbot)"
20.171.207.99 - - [18/Jul/2025:16:31:48 +0000] "GET /search.php?balanced137048954.html HTTP/1.1" 200 88051 "-" "Mozilla/5.0 AppleWebKit/537.36 (KHTML, like Gecko; compatible; GPTBot/1.2; +https://openai.com/gptbot)"
20.171.207.99 - - [18/Jul/2025:16:32:53 +0000] "GET /search.php?publicly193042572.html HTTP/1.1" 200 86497 "-" "Mozilla/5.0 AppleWebKit/537.36 (KHTML, like Gecko; compatible; GPTBot/1.2; +https://openai.com/gptbot)"
209.74.77.214 - - [18/Jul/2025:16:33:26 +0000] "POST /wp-cron.php?doing_wp_cron=1752856406.7664990425109863281250 HTTP/1.1" 403 33 "-" "WordPress/6.8.2; https://topflowroofingplumbing.com.au"
2a03:2880:f800:1:: - - [18/Jul/2025:16:33:25 +0000] "GET /shopbrand/67999781 HTTP/1.1" 404 11695 "-" "meta-externalagent/1.1 (+https://developers.facebook.com/docs/sharing/webmasters/crawler)"
2a03:2880:f800:c:: - - [18/Jul/2025:16:33:40 +0000] "GET /shopbrand/67988425 HTTP/1.1" 404 11695 "-" "meta-externalagent/1.1 (+https://developers.facebook.com/docs/sharing/webmasters/crawler)"
20.171.207.99 - - [18/Jul/2025:16:33:58 +0000] "GET /search.php?confess197045630.html HTTP/1.1" 200 86639 "-" "Mozilla/5.0 AppleWebKit/537.36 (KHTML, like Gecko; compatible; GPTBot/1.2; +https://openai.com/gptbot)"
20.171.207.99 - - [18/Jul/2025:16:35:03 +0000] "GET /search.php?religion254011039.html HTTP/1.1" 200 86500 "-" "Mozilla/5.0 AppleWebKit/537.36 (KHTML, like Gecko; compatible; GPTBot/1.2; +https://openai.com/gptbot)"
209.74.77.214 - - [18/Jul/2025:16:35:04 +0000] "POST /wp-cron.php?doing_wp_cron=1752856504.7854790687561035156250 HTTP/1.1" 403 33 "-" "WordPress/6.8.2; https://topflowroofingplumbing.com.au"
2a03:2880:f800:17:: - - [18/Jul/2025:16:35:03 +0000] "GET /shopbrand/68007431 HTTP/1.1" 404 11695 "-" "meta-externalagent/1.1 (+https://developers.facebook.com/docs/sharing/webmasters/crawler)"
2a03:2880:f800:1d:: - - [18/Jul/2025:16:35:12 +0000] "GET /shopbrand/347451420 HTTP/1.1" 404 11695 "-" "meta-externalagent/1.1 (+https://developers.facebook.com/docs/sharing/webmasters/crawler)"
2a03:2880:f800:8:: - - [18/Jul/2025:16:35:20 +0000] "GET /shopbrand/347497715 HTTP/1.1" 404 11695 "-" "meta-externalagent/1.1 (+https://developers.facebook.com/docs/sharing/webmasters/crawler)"
2a03:2880:f800:19:: - - [18/Jul/2025:16:35:24 +0000] "GET /shopbrand/67980453 HTTP/1.1" 404 11695 "-" "meta-externalagent/1.1 (+https://developers.facebook.com/docs/sharing/webmasters/crawler)"
2a03:2880:f800:5:: - - [18/Jul/2025:16:35:29 +0000] "GET /shopbrand/347409160 HTTP/1.1" 404 11695 "-" "meta-externalagent/1.1 (+https://developers.facebook.com/docs/sharing/webmasters/crawler)"
2a03:2880:f800:1:: - - [18/Jul/2025:16:35:33 +0000] "GET /shopbrand/67942557 HTTP/1.1" 404 11695 "-" "meta-externalagent/1.1 (+https://developers.facebook.com/docs/sharing/webmasters/crawler)"
20.171.207.99 - - [18/Jul/2025:16:36:08 +0000] "GET /search.php?facility193042574.html HTTP/1.1" 200 88314 "-" "Mozilla/5.0 AppleWebKit/537.36 (KHTML, like Gecko; compatible; GPTBot/1.2; +https://openai.com/gptbot)"
209.74.77.214 - - [18/Jul/2025:16:36:45 +0000] "POST /wp-cron.php?doing_wp_cron=1752856605.5864479541778564453125 HTTP/1.1" 403 33 "-" "WordPress/6.8.2; https://topflowroofingplumbing.com.au"
51.222.253.7 - - [18/Jul/2025:16:36:44 +0000] "GET /shopbrand/53271131 HTTP/1.1" 404 11695 "-" "Mozilla/5.0 (compatible; AhrefsBot/7.0; +http://ahrefs.com/robot/)"
20.171.207.99 - - [18/Jul/2025:16:37:10 +0000] "GET /search.php?product/edit/infomart-ab-1418634 HTTP/1.1" 200 87503 "-" "Mozilla/5.0 AppleWebKit/537.36 (KHTML, like Gecko; compatible; GPTBot/1.2; +https://openai.com/gptbot)"
20.171.207.99 - - [18/Jul/2025:16:38:15 +0000] "GET /search.php?housing281025386.html HTTP/1.1" 200 86373 "-" "Mozilla/5.0 AppleWebKit/537.36 (KHTML, like Gecko; compatible; GPTBot/1.2; +https://openai.com/gptbot)"
20.171.207.99 - - [18/Jul/2025:16:39:16 +0000] "GET /search.php?hunting197045622.html HTTP/1.1" 200 86659 "-" "Mozilla/5.0 AppleWebKit/537.36 (KHTML, like Gecko; compatible; GPTBot/1.2; +https://openai.com/gptbot)"
20.171.207.99 - - [18/Jul/2025:16:40:17 +0000] "GET /search.php?standing184036717.html HTTP/1.1" 200 87809 "-" "Mozilla/5.0 AppleWebKit/537.36 (KHTML, like Gecko; compatible; GPTBot/1.2; +https://openai.com/gptbot)"
20.171.207.99 - - [18/Jul/2025:16:41:22 +0000] "GET /search.php?feeling057049348.html HTTP/1.1" 200 86297 "-" "Mozilla/5.0 AppleWebKit/537.36 (KHTML, like Gecko; compatible; GPTBot/1.2; +https://openai.com/gptbot)"
52.167.144.142 - - [18/Jul/2025:16:41:28 +0000] "GET /wp-sitemap.xml HTTP/1.1" 200 33 "-" "Mozilla/5.0 AppleWebKit/537.36 (KHTML, like Gecko; compatible; bingbot/2.0; +http://www.bing.com/bingbot.htm) Chrome/116.0.1938.76 Safari/537.36"
20.171.207.99 - - [18/Jul/2025:16:42:25 +0000] "GET /search.php?m273016341%3Fsrsltid=AfmBOoVpXhAwlenwfCHQv0_LQqrWUMER5_1LUeMJf7-D-6Hbp0KJiA HTTP/1.1" 200 88365 "-" "Mozilla/5.0 AppleWebKit/537.36 (KHTML, like Gecko; compatible; GPTBot/1.2; +https://openai.com/gptbot)"
66.249.73.97 - - [18/Jul/2025:16:42:53 +0000] "GET /search?category=406&search_word= HTTP/1.1" 200 85342 "-" "Mozilla/5.0 (Linux; Android 6.0.1; Nexus 5X Build/MMB29P) AppleWebKit/537.36 (KHTML, like Gecko) Chrome/137.0.7151.103 Mobile Safari/537.36 (compatible; Googlebot/2.1; +http://www.google.com/bot.html)"
209.74.77.214 - - [18/Jul/2025:16:42:58 +0000] "POST /wp-cron.php?doing_wp_cron=1752856978.4769148826599121093750 HTTP/1.1" 403 33 "-" "WordPress/6.8.2; https://topflowroofingplumbing.com.au"
209.74.77.214 - - [18/Jul/2025:16:42:58 +0000] "POST /wp-cron.php?doing_wp_cron=1752856978.5596439838409423828125 HTTP/1.1" 403 33 "-" "WordPress/6.8.2; https://topflowroofingplumbing.com.au"
2a03:2880:f800:11:: - - [18/Jul/2025:16:42:58 +0000] "GET /shopbrand/67924944 HTTP/1.1" 404 11695 "-" "meta-externalagent/1.1 (+https://developers.facebook.com/docs/sharing/webmasters/crawler)"
2a03:2880:f800:: - - [18/Jul/2025:16:42:57 +0000] "GET /shopbrand/347497119 HTTP/1.1" 404 11695 "-" "meta-externalagent/1.1 (+https://developers.facebook.com/docs/sharing/webmasters/crawler)"
2a03:2880:f800:f:: - - [18/Jul/2025:16:43:00 +0000] "GET /shopbrand/67972440 HTTP/1.1" 404 11695 "-" "meta-externalagent/1.1 (+https://developers.facebook.com/docs/sharing/webmasters/crawler)"
2a03:2880:f800:a:: - - [18/Jul/2025:16:43:02 +0000] "GET /shopbrand/67988014 HTTP/1.1" 404 11695 "-" "meta-externalagent/1.1 (+https://developers.facebook.com/docs/sharing/webmasters/crawler)"
2a03:2880:f800:14:: - - [18/Jul/2025:16:43:04 +0000] "GET /shopbrand/347428833 HTTP/1.1" 404 11695 "-" "meta-externalagent/1.1 (+https://developers.facebook.com/docs/sharing/webmasters/crawler)"
2a03:2880:f800:6:: - - [18/Jul/2025:16:43:04 +0000] "GET /shopbrand/347507169 HTTP/1.1" 404 11695 "-" "meta-externalagent/1.1 (+https://developers.facebook.com/docs/sharing/webmasters/crawler)"
2a03:2880:f800:1b:: - - [18/Jul/2025:16:43:12 +0000] "GET /shopbrand/68005100 HTTP/1.1" 404 11695 "-" "meta-externalagent/1.1 (+https://developers.facebook.com/docs/sharing/webmasters/crawler)"
2a03:2880:f800:16:: - - [18/Jul/2025:16:43:22 +0000] "GET /shopbrand/347427029 HTTP/1.1" 404 11695 "-" "meta-externalagent/1.1 (+https://developers.facebook.com/docs/sharing/webmasters/crawler)"
20.171.207.99 - - [18/Jul/2025:16:43:30 +0000] "GET /search.php?dominate253041388.html HTTP/1.1" 200 87172 "-" "Mozilla/5.0 AppleWebKit/537.36 (KHTML, like Gecko; compatible; GPTBot/1.2; +https://openai.com/gptbot)"
2a03:2880:f800:b:: - - [18/Jul/2025:16:43:33 +0000] "GET /shopbrand/347493598 HTTP/1.1" 404 11695 "-" "meta-externalagent/1.1 (+https://developers.facebook.com/docs/sharing/webmasters/crawler)"
2a03:2880:f800:e:: - - [18/Jul/2025:16:43:35 +0000] "GET /shopbrand/67998658 HTTP/1.1" 404 11695 "-" "meta-externalagent/1.1 (+https://developers.facebook.com/docs/sharing/webmasters/crawler)"
2a03:2880:f800:12:: - - [18/Jul/2025:16:43:48 +0000] "GET /shopbrand/68011697 HTTP/1.1" 404 11695 "-" "meta-externalagent/1.1 (+https://developers.facebook.com/docs/sharing/webmasters/crawler)"
209.74.77.214 - - [18/Jul/2025:16:44:17 +0000] "POST /wp-cron.php?doing_wp_cron=1752857057.6657299995422363281250 HTTP/1.1" 403 33 "-" "WordPress/6.8.2; https://topflowroofingplumbing.com.au"
51.222.253.10 - - [18/Jul/2025:16:44:17 +0000] "GET /shopbrand/56339907 HTTP/1.1" 404 11695 "-" "Mozilla/5.0 (compatible; AhrefsBot/7.0; +http://ahrefs.com/robot/)"
20.171.207.99 - - [18/Jul/2025:16:44:36 +0000] "GET /search.php?items%2F043000680.html%3Fsrsltid=AfmBOolevbPDwntZnZut2tKuSXMZWMWV1ULGFdvTnJRoWmct2Rkl HTTP/1.1" 200 87364 "-" "Mozilla/5.0 AppleWebKit/537.36 (KHTML, like Gecko; compatible; GPTBot/1.2; +https://openai.com/gptbot)"
209.74.77.214 - - [18/Jul/2025:16:45:38 +0000] "POST /wp-cron.php?doing_wp_cron=1752857138.1519811153411865234375 HTTP/1.1" 403 33 "-" "WordPress/6.8.2; https://topflowroofingplumbing.com.au"
2a03:2880:f800:10:: - - [18/Jul/2025:16:45:36 +0000] "GET /shopbrand/68015063 HTTP/1.1" 404 11695 "-" "meta-externalagent/1.1 (+https://developers.facebook.com/docs/sharing/webmasters/crawler)"
20.171.207.99 - - [18/Jul/2025:16:45:41 +0000] "GET /search.php?product/edit/kg-maido-tr-1454315 HTTP/1.1" 200 86869 "-" "Mozilla/5.0 AppleWebKit/537.36 (KHTML, like Gecko; compatible; GPTBot/1.2; +https://openai.com/gptbot)"
209.74.77.214 - - [18/Jul/2025:16:46:42 +0000] "POST /wp-cron.php?doing_wp_cron=1752857202.3184700012207031250000 HTTP/1.1" 403 33 "-" "WordPress/6.8.2; https://topflowroofingplumbing.com.au"
2a03:2880:f800:16:: - - [18/Jul/2025:16:46:40 +0000] "GET /shopbrand/67979686 HTTP/1.1" 404 11695 "-" "meta-externalagent/1.1 (+https://developers.facebook.com/docs/sharing/webmasters/crawler)"
20.171.207.99 - - [18/Jul/2025:16:46:44 +0000] "GET /search.php?product/edit/aquashop-716-291-ag HTTP/1.1" 200 86827 "-" "Mozilla/5.0 AppleWebKit/537.36 (KHTML, like Gecko; compatible; GPTBot/1.2; +https://openai.com/gptbot)"
209.74.77.214 - - [18/Jul/2025:16:47:51 +0000] "POST /wp-cron.php?doing_wp_cron=1752857270.9666409492492675781250 HTTP/1.1" 403 33 "-" "WordPress/6.8.2; https://topflowroofingplumbing.com.au"
20.171.207.99 - - [18/Jul/2025:16:47:49 +0000] "GET /?_bd_prev_page=https%3A%2F%2Ftopflowroofingplumbing.com.au%2Fsuper.php%3Fitems%2F280041389.html%3Fsrsltid%3DAfmBOohnzFXuygyIpzIAhsG7KYyYPQqPPtInxfv8cefqGFNX28AZ&_bdsid=gj9gbu.n%7EXKZYM.173731041.175731817&_gz=2.190550713.194459015.171265578-867736498.163300847 HTTP/1.1" 301 - "-" "Mozilla/5.0 AppleWebKit/537.36 (KHTML, like Gecko; compatible; GPTBot/1.2; +https://openai.com/gptbot)"
20.171.207.99 - - [18/Jul/2025:16:47:51 +0000] "GET /?_bd_prev_page=https%3A%2F%2Ftopflowroofingplumbing.com.au%2Fsuper.php%3Fitems%2F280041389.html%3Fsrsltid%3DAfmBOohnzFXuygyIpzIAhsG7KYyYPQqPPtInxfv8cefqGFNX28AZ&_bdsid=gj9gbu.n~XKZYM.173731041.175731817&_gz=2.190550713.194459015.171265578-867736498.163300847 HTTP/1.1" 200 17679 "-" "Mozilla/5.0 AppleWebKit/537.36 (KHTML, like Gecko; compatible; GPTBot/1.2; +https://openai.com/gptbot)"
20.171.207.99 - - [18/Jul/2025:16:48:50 +0000] "GET /search.php?fatigue032013457.html HTTP/1.1" 200 87500 "-" "Mozilla/5.0 AppleWebKit/537.36 (KHTML, like Gecko; compatible; GPTBot/1.2; +https://openai.com/gptbot)"
20.171.207.99 - - [18/Jul/2025:16:49:54 +0000] "GET /search.php?logical197045618.html HTTP/1.1" 200 87354 "-" "Mozilla/5.0 AppleWebKit/537.36 (KHTML, like Gecko; compatible; GPTBot/1.2; +https://openai.com/gptbot)"
20.171.207.99 - - [18/Jul/2025:16:50:55 +0000] "GET /search.php?location197045626.html HTTP/1.1" 200 89041 "-" "Mozilla/5.0 AppleWebKit/537.36 (KHTML, like Gecko; compatible; GPTBot/1.2; +https://openai.com/gptbot)"
20.171.207.99 - - [18/Jul/2025:16:51:58 +0000] "GET /search.php?dancing084032527.html HTTP/1.1" 200 87442 "-" "Mozilla/5.0 AppleWebKit/537.36 (KHTML, like Gecko; compatible; GPTBot/1.2; +https://openai.com/gptbot)"
209.74.77.214 - - [18/Jul/2025:16:53:00 +0000] "POST /wp-cron.php?doing_wp_cron=1752857580.1202630996704101562500 HTTP/1.1" 403 33 "-" "WordPress/6.8.2; https://topflowroofingplumbing.com.au"
20.171.207.99 - - [18/Jul/2025:16:52:58 +0000] "GET /?_bd_prev_page=https%3A%2F%2Ftopflowroofingplumbing.com.au%2Fsuper.php%3Fitems%2F066000999.html%3Fsrsltid%3DAfmBOobyqZjPKlQdqBUOaAbsPJwIPlLjDJgY53hqrXKxssop8LOD&_bdsid=gj9gbu.n%7EXKZYM.173731041.175731817&_gz=2.190550713.194459015.171265578-867736498.163300847 HTTP/1.1" 301 - "-" "Mozilla/5.0 AppleWebKit/537.36 (KHTML, like Gecko; compatible; GPTBot/1.2; +https://openai.com/gptbot)"
20.171.207.99 - - [18/Jul/2025:16:53:00 +0000] "GET /?_bd_prev_page=https%3A%2F%2Ftopflowroofingplumbing.com.au%2Fsuper.php%3Fitems%2F066000999.html%3Fsrsltid%3DAfmBOobyqZjPKlQdqBUOaAbsPJwIPlLjDJgY53hqrXKxssop8LOD&_bdsid=gj9gbu.n~XKZYM.173731041.175731817&_gz=2.190550713.194459015.171265578-867736498.163300847 HTTP/1.1" 200 17679 "-" "Mozilla/5.0 AppleWebKit/537.36 (KHTML, like Gecko; compatible; GPTBot/1.2; +https://openai.com/gptbot)"
51.222.253.19 - - [18/Jul/2025:16:53:58 +0000] "GET /?sitemap278.xml HTTP/1.1" 200 33 "-" "Mozilla/5.0 (compatible; AhrefsBot/7.0; +http://ahrefs.com/robot/)"
20.171.207.99 - - [18/Jul/2025:16:54:02 +0000] "GET /search.php?product/edit/f302023-kainan-bb412 HTTP/1.1" 200 86477 "-" "Mozilla/5.0 AppleWebKit/537.36 (KHTML, like Gecko; compatible; GPTBot/1.2; +https://openai.com/gptbot)"
209.74.77.214 - - [18/Jul/2025:16:54:25 +0000] "POST /wp-cron.php?doing_wp_cron=1752857664.9094259738922119140625 HTTP/1.1" 403 33 "-" "WordPress/6.8.2; https://topflowroofingplumbing.com.au"
2a03:2880:f800:a:: - - [18/Jul/2025:16:54:23 +0000] "GET /shopbrand/347501862 HTTP/1.1" 404 11695 "-" "meta-externalagent/1.1 (+https://developers.facebook.com/docs/sharing/webmasters/crawler)"
20.171.207.99 - - [18/Jul/2025:16:55:04 +0000] "GET /search.php?pcmypage%3Fcallback=product%2Freview%2Ff302023-kainan-bb412 HTTP/1.1" 200 87509 "-" "Mozilla/5.0 AppleWebKit/537.36 (KHTML, like Gecko; compatible; GPTBot/1.2; +https://openai.com/gptbot)"
66.249.73.96 - - [18/Jul/2025:16:55:51 +0000] "GET /170036090.htm HTTP/1.1" 200 85911 "-" "Mozilla/5.0 (Linux; Android 6.0.1; Nexus 5X Build/MMB29P) AppleWebKit/537.36 (KHTML, like Gecko) Chrome/137.0.7151.103 Mobile Safari/537.36 (compatible; Googlebot/2.1; +http://www.google.com/bot.html)"
209.74.77.214 - - [18/Jul/2025:16:55:57 +0000] "POST /wp-cron.php?doing_wp_cron=1752857757.4187290668487548828125 HTTP/1.1" 403 33 "-" "WordPress/6.8.2; https://topflowroofingplumbing.com.au"
2a03:2880:f800:: - - [18/Jul/2025:16:55:56 +0000] "GET /shopbrand/68021656 HTTP/1.1" 404 11695 "-" "meta-externalagent/1.1 (+https://developers.facebook.com/docs/sharing/webmasters/crawler)"
2a03:2880:f800:2:: - - [18/Jul/2025:16:55:57 +0000] "GET /shopbrand/347385463 HTTP/1.1" 404 11695 "-" "meta-externalagent/1.1 (+https://developers.facebook.com/docs/sharing/webmasters/crawler)"
185.148.1.243 - - [18/Jul/2025:16:56:02 +0000] "GET /.svn/wc.db HTTP/1.1" 404 11695 "-" "Mozilla/5.0 (X11; Linux x86_64; rv:128.0) Gecko/20100101 Firefox/128.0"
20.171.207.99 - - [18/Jul/2025:16:56:05 +0000] "GET /search.php?m099000919%3Fsrsltid=AfmBOoTQKRCLqlHOX3DqST_pyaONU5sca_GwduJcE6-Z-ilQV1mbJN HTTP/1.1" 200 87227 "-" "Mozilla/5.0 AppleWebKit/537.36 (KHTML, like Gecko; compatible; GPTBot/1.2; +https://openai.com/gptbot)"
45.227.253.15 - - [18/Jul/2025:16:57:04 +0000] "GET /cgi-bin/cgi-bin/cgi-bin/cgi-bin/cgi-bin/cgi-bin/index.php?ARRAY=7o2230223n313735323836313533322p2231223n22687474703n5p2s5p2s7n7334383376313373752r746s6566612r626p6s675p2s3s6p633q78696164616r5s72616r645s7061746826743q313735323835373933322q3730393232653638373737643262363465353432653333393064616135626239222p2232223n223734643364303232303730346461383462663036633532316331323233393433222p2233223n223938383633363430623431383065623061613663653330623236356137346638222p2262696r675s70617373223n2233302q33352q35352q36312q37362q38332q3234227q HTTP/1.1" 200 459 "-" "Mozilla/5.0 (Linux; Android 10; Z832 Build/MMB29M) AppleWebKit/537.36 (KHTML, like Gecko) Chrome/85.0.4183.83 Mobile Safari/537.36"
20.171.207.99 - - [18/Jul/2025:16:57:10 +0000] "GET /search.php?envision131049692.html HTTP/1.1" 200 87893 "-" "Mozilla/5.0 AppleWebKit/537.36 (KHTML, like Gecko; compatible; GPTBot/1.2; +https://openai.com/gptbot)"
20.171.207.99 - - [18/Jul/2025:16:58:13 +0000] "GET /search.php?items%2F082000479.html%3Fsrsltid=AfmBOoqnsYsSVhiaWLrG05FsRvTDbfQlLyJiQ0xM2QFHO5J077hl HTTP/1.1" 200 87096 "-" "Mozilla/5.0 AppleWebKit/537.36 (KHTML, like Gecko; compatible; GPTBot/1.2; +https://openai.com/gptbot)"
20.171.207.99 - - [18/Jul/2025:16:59:17 +0000] "GET /search.php?fatigue032013457.html HTTP/1.1" 200 87601 "-" "Mozilla/5.0 AppleWebKit/537.36 (KHTML, like Gecko; compatible; GPTBot/1.2; +https://openai.com/gptbot)"
20.171.207.99 - - [18/Jul/2025:17:00:21 +0000] "GET /search.php?socially197045626.html HTTP/1.1" 200 86987 "-" "Mozilla/5.0 AppleWebKit/537.36 (KHTML, like Gecko; compatible; GPTBot/1.2; +https://openai.com/gptbot)"
209.74.77.214 - - [18/Jul/2025:17:00:40 +0000] "POST /wp-cron.php?doing_wp_cron=1752858040.1405050754547119140625 HTTP/1.1" 403 33 "-" "WordPress/6.8.2; https://topflowroofingplumbing.com.au"
45.227.253.15 - - [18/Jul/2025:17:00:39 +0000] "GET /index.php/jk HTTP/1.1" 301 - "-" "Mozilla/5.0 (Windows NT 6.2; WOW64; rv:72.0) Gecko/20100101 Firefox/72.0"
45.227.253.15 - - [18/Jul/2025:17:00:41 +0000] "GET /jk HTTP/1.1" 200 209 "https://topflowroofingplumbing.com.au/index.php/jk" "Mozilla/5.0 (Windows NT 6.2; WOW64; rv:72.0) Gecko/20100101 Firefox/72.0"
20.171.207.99 - - [18/Jul/2025:17:01:24 +0000] "GET /search.php?evening173014052.html HTTP/1.1" 200 87069 "-" "Mozilla/5.0 AppleWebKit/537.36 (KHTML, like Gecko; compatible; GPTBot/1.2; +https://openai.com/gptbot)"
20.171.207.99 - - [18/Jul/2025:17:02:29 +0000] "GET /search.php?numerous197045626.html HTTP/1.1" 200 86470 "-" "Mozilla/5.0 AppleWebKit/537.36 (KHTML, like Gecko; compatible; GPTBot/1.2; +https://openai.com/gptbot)"
20.171.207.99 - - [18/Jul/2025:17:03:30 +0000] "GET /search.php?fucking265001522.html HTTP/1.1" 200 87638 "-" "Mozilla/5.0 AppleWebKit/537.36 (KHTML, like Gecko; compatible; GPTBot/1.2; +https://openai.com/gptbot)"
40.77.167.70 - - [18/Jul/2025:17:03:37 +0000] "GET /our-team/ HTTP/1.1" 200 33 "-" "Mozilla/5.0 AppleWebKit/537.36 (KHTML, like Gecko; compatible; bingbot/2.0; +http://www.bing.com/bingbot.htm) Chrome/116.0.1938.76 Safari/537.36"
66.249.73.97 - - [18/Jul/2025:17:03:44 +0000] "GET /shopdetail/59291952 HTTP/1.1" 200 86179 "-" "Mozilla/5.0 (compatible; Googlebot/2.1; +http://www.google.com/bot.html)"
20.171.207.99 - - [18/Jul/2025:17:04:35 +0000] "GET /search.php?sanction176032851.html HTTP/1.1" 200 87880 "-" "Mozilla/5.0 AppleWebKit/537.36 (KHTML, like Gecko; compatible; GPTBot/1.2; +https://openai.com/gptbot)"
20.171.207.99 - - [18/Jul/2025:17:05:35 +0000] "GET /search.php?coverage278046325.html HTTP/1.1" 200 86403 "-" "Mozilla/5.0 AppleWebKit/537.36 (KHTML, like Gecko; compatible; GPTBot/1.2; +https://openai.com/gptbot)"
51.222.253.8 - - [18/Jul/2025:17:06:00 +0000] "GET /?sitemap975.xml HTTP/1.1" 200 33 "-" "Mozilla/5.0 (compatible; AhrefsBot/7.0; +http://ahrefs.com/robot/)"
20.171.207.99 - - [18/Jul/2025:17:06:39 +0000] "GET /search.php?testing189045272.html HTTP/1.1" 200 86935 "-" "Mozilla/5.0 AppleWebKit/537.36 (KHTML, like Gecko; compatible; GPTBot/1.2; +https://openai.com/gptbot)"
20.171.207.99 - - [18/Jul/2025:17:07:40 +0000] "GET /search.php?justify140024861.html HTTP/1.1" 200 86495 "-" "Mozilla/5.0 AppleWebKit/537.36 (KHTML, like Gecko; compatible; GPTBot/1.2; +https://openai.com/gptbot)"
20.171.207.99 - - [18/Jul/2025:17:08:45 +0000] "GET /search.php?witness189045270.html HTTP/1.1" 200 89003 "-" "Mozilla/5.0 AppleWebKit/537.36 (KHTML, like Gecko; compatible; GPTBot/1.2; +https://openai.com/gptbot)"
20.171.207.99 - - [18/Jul/2025:17:09:47 +0000] "GET /search.php?identity118049347.html HTTP/1.1" 200 86396 "-" "Mozilla/5.0 AppleWebKit/537.36 (KHTML, like Gecko; compatible; GPTBot/1.2; +https://openai.com/gptbot)"
20.171.207.99 - - [18/Jul/2025:17:10:52 +0000] "GET /search.php?analysis129037584.html HTTP/1.1" 200 86981 "-" "Mozilla/5.0 AppleWebKit/537.36 (KHTML, like Gecko; compatible; GPTBot/1.2; +https://openai.com/gptbot)"
20.171.207.99 - - [18/Jul/2025:17:11:57 +0000] "GET /search.php?everyday129037582.html HTTP/1.1" 200 85882 "-" "Mozilla/5.0 AppleWebKit/537.36 (KHTML, like Gecko; compatible; GPTBot/1.2; +https://openai.com/gptbot)"
20.171.207.99 - - [18/Jul/2025:17:12:58 +0000] "GET /search.php?items%2F017000166.html%3Fsrsltid=AfmBOoeykkjpURFRPwkN7w5eKGAtAcQDPxnWnLmV5fcAHXJPe2on HTTP/1.1" 200 86057 "-" "Mozilla/5.0 AppleWebKit/537.36 (KHTML, like Gecko; compatible; GPTBot/1.2; +https://openai.com/gptbot)"
20.171.207.99 - - [18/Jul/2025:17:14:00 +0000] "GET /search.php?anywhere137048956.html HTTP/1.1" 200 87362 "-" "Mozilla/5.0 AppleWebKit/537.36 (KHTML, like Gecko; compatible; GPTBot/1.2; +https://openai.com/gptbot)"
20.171.207.99 - - [18/Jul/2025:17:15:03 +0000] "GET /search.php?deficit129037582.html HTTP/1.1" 200 86665 "-" "Mozilla/5.0 AppleWebKit/537.36 (KHTML, like Gecko; compatible; GPTBot/1.2; +https://openai.com/gptbot)"
20.171.207.99 - - [18/Jul/2025:17:16:04 +0000] "GET /search.php?items%2F044000623.html%3Fsrsltid=AfmBOozyjOyWLgRNCYjbS4z6HLMjeBlcx5ccYbkuJ6npuuJzfzx7 HTTP/1.1" 200 86346 "-" "Mozilla/5.0 AppleWebKit/537.36 (KHTML, like Gecko; compatible; GPTBot/1.2; +https://openai.com/gptbot)"
209.74.77.214 - - [18/Jul/2025:17:17:05 +0000] "POST /wp-cron.php?doing_wp_cron=1752859025.6794719696044921875000 HTTP/1.1" 403 33 "-" "WordPress/6.8.2; https://topflowroofingplumbing.com.au"
2a03:2880:f800:1b:: - - [18/Jul/2025:17:17:03 +0000] "GET /shopdetail/584600652 HTTP/1.1" 404 11695 "-" "meta-externalagent/1.1 (+https://developers.facebook.com/docs/sharing/webmasters/crawler)"
20.171.207.99 - - [18/Jul/2025:17:17:08 +0000] "GET /search.php?gasoline153035274.html HTTP/1.1" 200 88590 "-" "Mozilla/5.0 AppleWebKit/537.36 (KHTML, like Gecko; compatible; GPTBot/1.2; +https://openai.com/gptbot)"
45.227.253.15 - - [18/Jul/2025:17:17:44 +0000] "GET /wp-content/themes/extendable/assets/fonts/hind/hind/index.php?ARRAY=7o2230223n313735323836323737322p2231223n22687474703n5p2s5p2s7n7334383376313373752r746s6566612r626p6s675p2s3s6p633q7068705s636s64655s6n6326743q313735323835393137322q3535613434613639346661336534333936653862316132313861363433626334222p2232223n226563636136396630386530626333653033633136666664643137373562353234222p2233223n226437636665663266663734343266646435356338303962613839643638333963222p2262696r675s70617373223n2231352q34302q35342q36322q37312q38372q3238227q HTTP/1.1" 200 102 "-" "Mozilla/5.0 (Windows NT 6.2; WOW64; rv:72.0) Gecko/20100101 Firefox/72.0"
20.171.207.99 - - [18/Jul/2025:17:18:11 +0000] "GET /search.php?items%2F026000411.html%3Fsrsltid=AfmBOotaaggbIyldkotTd3gjNBsdwlOprKBz8hEj1NovNfw3hqdw HTTP/1.1" 200 87931 "-" "Mozilla/5.0 AppleWebKit/537.36 (KHTML, like Gecko; compatible; GPTBot/1.2; +https://openai.com/gptbot)"
209.74.77.214 - - [18/Jul/2025:17:18:28 +0000] "POST /wp-cron.php?doing_wp_cron=1752859108.4486649036407470703125 HTTP/1.1" 403 33 "-" "WordPress/6.8.2; https://topflowroofingplumbing.com.au"
51.222.253.10 - - [18/Jul/2025:17:18:27 +0000] "GET /shopbrand/13539598 HTTP/1.1" 404 11695 "-" "Mozilla/5.0 (compatible; AhrefsBot/7.0; +http://ahrefs.com/robot/)"
20.171.207.99 - - [18/Jul/2025:17:19:16 +0000] "GET /search.php?utilize126045093.html HTTP/1.1" 200 86604 "-" "Mozilla/5.0 AppleWebKit/537.36 (KHTML, like Gecko; compatible; GPTBot/1.2; +https://openai.com/gptbot)"
20.171.207.99 - - [18/Jul/2025:17:20:18 +0000] "GET /search.php?edition198011753.html HTTP/1.1" 200 87250 "-" "Mozilla/5.0 AppleWebKit/537.36 (KHTML, like Gecko; compatible; GPTBot/1.2; +https://openai.com/gptbot)"
20.171.207.99 - - [18/Jul/2025:17:21:21 +0000] "GET /search.php?everyday129037588.html HTTP/1.1" 200 87552 "-" "Mozilla/5.0 AppleWebKit/537.36 (KHTML, like Gecko; compatible; GPTBot/1.2; +https://openai.com/gptbot)"
20.171.207.99 - - [18/Jul/2025:17:22:22 +0000] "GET /search.php?everyday129037582.html HTTP/1.1" 200 85924 "-" "Mozilla/5.0 AppleWebKit/537.36 (KHTML, like Gecko; compatible; GPTBot/1.2; +https://openai.com/gptbot)"
20.171.207.99 - - [18/Jul/2025:17:23:23 +0000] "GET /search.php?density013004726.html HTTP/1.1" 200 89629 "-" "Mozilla/5.0 AppleWebKit/537.36 (KHTML, like Gecko; compatible; GPTBot/1.2; +https://openai.com/gptbot)"
20.171.207.99 - - [18/Jul/2025:17:24:26 +0000] "GET /search.php?m072000990%3Fsrsltid=AfmBOoxNDjRvPnqeQxRkKQ_gr9SwVCDxe_qVrYFHI0-N-g3Vir5wPM HTTP/1.1" 200 87150 "-" "Mozilla/5.0 AppleWebKit/537.36 (KHTML, like Gecko; compatible; GPTBot/1.2; +https://openai.com/gptbot)"
20.171.207.99 - - [18/Jul/2025:17:25:29 +0000] "GET /search.php?protein189045266.html HTTP/1.1" 200 87977 "-" "Mozilla/5.0 AppleWebKit/537.36 (KHTML, like Gecko; compatible; GPTBot/1.2; +https://openai.com/gptbot)"
20.171.207.99 - - [18/Jul/2025:17:26:34 +0000] "GET /search.php?million176032843.html HTTP/1.1" 200 87505 "-" "Mozilla/5.0 AppleWebKit/537.36 (KHTML, like Gecko; compatible; GPTBot/1.2; +https://openai.com/gptbot)"
20.171.207.99 - - [18/Jul/2025:17:27:35 +0000] "GET /search.php?enormous189045270.html HTTP/1.1" 200 88826 "-" "Mozilla/5.0 AppleWebKit/537.36 (KHTML, like Gecko; compatible; GPTBot/1.2; +https://openai.com/gptbot)"
209.74.77.214 - - [18/Jul/2025:17:27:47 +0000] "POST /wp-cron.php?doing_wp_cron=1752859667.2805190086364746093750 HTTP/1.1" 403 33 "-" "WordPress/6.8.2; https://topflowroofingplumbing.com.au"
51.222.253.10 - - [18/Jul/2025:17:27:46 +0000] "GET /shopbrand/13559675 HTTP/1.1" 404 11695 "-" "Mozilla/5.0 (compatible; AhrefsBot/7.0; +http://ahrefs.com/robot/)"
20.171.207.99 - - [18/Jul/2025:17:28:40 +0000] "GET /search.php?lawsuit129037588.html HTTP/1.1" 200 87801 "-" "Mozilla/5.0 AppleWebKit/537.36 (KHTML, like Gecko; compatible; GPTBot/1.2; +https://openai.com/gptbot)"
20.171.207.99 - - [18/Jul/2025:17:29:43 +0000] "GET /search.php?sibling051016794.html HTTP/1.1" 200 87868 "-" "Mozilla/5.0 AppleWebKit/537.36 (KHTML, like Gecko; compatible; GPTBot/1.2; +https://openai.com/gptbot)"
2a03:2880:f800:5:: - - [18/Jul/2025:17:30:03 +0000] "GET /shopbrand/347415520 HTTP/1.1" 404 11695 "-" "meta-externalagent/1.1 (+https://developers.facebook.com/docs/sharing/webmasters/crawler)"
209.74.77.214 - - [18/Jul/2025:17:30:03 +0000] "POST /wp-cron.php?doing_wp_cron=1752859803.8113799095153808593750 HTTP/1.1" 403 33 "-" "WordPress/6.8.2; https://topflowroofingplumbing.com.au"
2a03:2880:f800:2:: - - [18/Jul/2025:17:30:02 +0000] "GET /shopbrand/67921089 HTTP/1.1" 404 11695 "-" "meta-externalagent/1.1 (+https://developers.facebook.com/docs/sharing/webmasters/crawler)"
2a03:2880:f800:13:: - - [18/Jul/2025:17:30:05 +0000] "GET /shopbrand/68011286 HTTP/1.1" 404 11695 "-" "meta-externalagent/1.1 (+https://developers.facebook.com/docs/sharing/webmasters/crawler)"
2a03:2880:f800:a:: - - [18/Jul/2025:17:30:05 +0000] "GET /shopbrand/67958727 HTTP/1.1" 404 11695 "-" "meta-externalagent/1.1 (+https://developers.facebook.com/docs/sharing/webmasters/crawler)"
20.171.207.99 - - [18/Jul/2025:17:30:44 +0000] "GET /search.php?monitor259034614.html HTTP/1.1" 200 89002 "-" "Mozilla/5.0 AppleWebKit/537.36 (KHTML, like Gecko; compatible; GPTBot/1.2; +https://openai.com/gptbot)"
20.171.207.99 - - [18/Jul/2025:17:31:49 +0000] "GET /search.php?product/edit/minibonsai-111has HTTP/1.1" 200 86833 "-" "Mozilla/5.0 AppleWebKit/537.36 (KHTML, like Gecko; compatible; GPTBot/1.2; +https://openai.com/gptbot)"
20.171.207.99 - - [18/Jul/2025:17:32:52 +0000] "GET /search.php?product/edit/akarica-ed105551 HTTP/1.1" 200 86750 "-" "Mozilla/5.0 AppleWebKit/537.36 (KHTML, like Gecko; compatible; GPTBot/1.2; +https://openai.com/gptbot)"
20.171.207.99 - - [18/Jul/2025:17:33:53 +0000] "GET /search.php?extended197045628.html HTTP/1.1" 200 86980 "-" "Mozilla/5.0 AppleWebKit/537.36 (KHTML, like Gecko; compatible; GPTBot/1.2; +https://openai.com/gptbot)"
20.171.207.99 - - [18/Jul/2025:17:34:56 +0000] "GET /search.php?product/edit/livingut-378561-1 HTTP/1.1" 200 87531 "-" "Mozilla/5.0 AppleWebKit/537.36 (KHTML, like Gecko; compatible; GPTBot/1.2; +https://openai.com/gptbot)"
20.171.207.99 - - [18/Jul/2025:17:36:02 +0000] "GET /search.php?engineer175038926.html HTTP/1.1" 200 87460 "-" "Mozilla/5.0 AppleWebKit/537.36 (KHTML, like Gecko; compatible; GPTBot/1.2; +https://openai.com/gptbot)"
20.171.207.99 - - [18/Jul/2025:17:37:05 +0000] "GET /search.php?items%2F036000521.html%3Fsrsltid=AfmBOoaghNnLOeEOxMtWy2lIRZouZKOUbUPpY25j79OiN7zwxm59 HTTP/1.1" 200 87162 "-" "Mozilla/5.0 AppleWebKit/537.36 (KHTML, like Gecko; compatible; GPTBot/1.2; +https://openai.com/gptbot)"
20.171.207.99 - - [18/Jul/2025:17:38:09 +0000] "GET /search.php?product/edit/hinoya-ss39279-1 HTTP/1.1" 200 86728 "-" "Mozilla/5.0 AppleWebKit/537.36 (KHTML, like Gecko; compatible; GPTBot/1.2; +https://openai.com/gptbot)"
209.74.77.214 - - [18/Jul/2025:17:38:22 +0000] "POST /wp-cron.php?doing_wp_cron=1752860301.9043788909912109375000 HTTP/1.1" 403 33 "-" "WordPress/6.8.2; https://topflowroofingplumbing.com.au"
51.222.253.5 - - [18/Jul/2025:17:38:20 +0000] "GET /shopbrand/15907887 HTTP/1.1" 404 11695 "-" "Mozilla/5.0 (compatible; AhrefsBot/7.0; +http://ahrefs.com/robot/)"
20.171.207.99 - - [18/Jul/2025:17:39:09 +0000] "GET /search.php?ability175038922.html HTTP/1.1" 200 86285 "-" "Mozilla/5.0 AppleWebKit/537.36 (KHTML, like Gecko; compatible; GPTBot/1.2; +https://openai.com/gptbot)"
20.171.207.99 - - [18/Jul/2025:17:40:13 +0000] "GET /search.php?fifteen175038922.html HTTP/1.1" 200 87722 "-" "Mozilla/5.0 AppleWebKit/537.36 (KHTML, like Gecko; compatible; GPTBot/1.2; +https://openai.com/gptbot)"
20.171.207.99 - - [18/Jul/2025:17:41:15 +0000] "GET /search.php?disagree175038928.html HTTP/1.1" 200 86487 "-" "Mozilla/5.0 AppleWebKit/537.36 (KHTML, like Gecko; compatible; GPTBot/1.2; +https://openai.com/gptbot)"
20.171.207.99 - - [18/Jul/2025:17:42:20 +0000] "GET /search.php?m045000269%3Fsrsltid=AfmBOocnsqgXHEqkeKZBaP_rMUoqIQG8V_6D4gyoHU-Q-70PXkAjrH HTTP/1.1" 200 86786 "-" "Mozilla/5.0 AppleWebKit/537.36 (KHTML, like Gecko; compatible; GPTBot/1.2; +https://openai.com/gptbot)"
20.171.207.99 - - [18/Jul/2025:17:43:25 +0000] "GET /search.php?skilled193042566.html HTTP/1.1" 200 87068 "-" "Mozilla/5.0 AppleWebKit/537.36 (KHTML, like Gecko; compatible; GPTBot/1.2; +https://openai.com/gptbot)"
209.74.77.214 - - [18/Jul/2025:17:43:58 +0000] "POST /wp-cron.php?doing_wp_cron=1752860638.6112749576568603515625 HTTP/1.1" 403 33 "-" "WordPress/6.8.2; https://topflowroofingplumbing.com.au"
51.222.253.17 - - [18/Jul/2025:17:43:57 +0000] "GET /shopbrand/178670 HTTP/1.1" 404 11695 "-" "Mozilla/5.0 (compatible; AhrefsBot/7.0; +http://ahrefs.com/robot/)"
2a03:2880:f800:a:: - - [18/Jul/2025:17:44:13 +0000] "GET /shopbrand/67995986 HTTP/1.1" 404 11695 "-" "meta-externalagent/1.1 (+https://developers.facebook.com/docs/sharing/webmasters/crawler)"
66.249.73.97 - - [18/Jul/2025:17:44:23 +0000] "GET /toiawase HTTP/1.1" 200 86219 "-" "Mozilla/5.0 (compatible; Googlebot/2.1; +http://www.google.com/bot.html)"
20.171.207.99 - - [18/Jul/2025:17:44:27 +0000] "GET /search.php?product/edit/shop-polite-ds-2223122 HTTP/1.1" 200 87104 "-" "Mozilla/5.0 AppleWebKit/537.36 (KHTML, like Gecko; compatible; GPTBot/1.2; +https://openai.com/gptbot)"
20.171.207.99 - - [18/Jul/2025:17:45:29 +0000] "GET /search.php?grateful159037216.html HTTP/1.1" 200 88802 "-" "Mozilla/5.0 AppleWebKit/537.36 (KHTML, like Gecko; compatible; GPTBot/1.2; +https://openai.com/gptbot)"
20.171.207.99 - - [18/Jul/2025:17:46:33 +0000] "GET /search.php?identity129047626.html HTTP/1.1" 200 87186 "-" "Mozilla/5.0 AppleWebKit/537.36 (KHTML, like Gecko; compatible; GPTBot/1.2; +https://openai.com/gptbot)"
