66.249.73.103 - - [19/Jul/2025:04:12:00 +0000] "GET /187044327.htm HTTP/1.1" 200 86742 "-" "Mozilla/5.0 (Linux; Android 6.0.1; Nexus 5X Build/MMB29P) AppleWebKit/537.36 (KHTML, like Gecko) Chrome/137.0.7151.103 Mobile Safari/537.36 (compatible; Googlebot/2.1; +http://www.google.com/bot.html)"
66.249.73.103 - - [19/Jul/2025:04:12:04 +0000] "GET /259001445.htm HTTP/1.1" 200 85763 "-" "Mozilla/5.0 (Linux; Android 6.0.1; Nexus 5X Build/MMB29P) AppleWebKit/537.36 (KHTML, like Gecko) Chrome/137.0.7151.103 Mobile Safari/537.36 (compatible; Googlebot/2.1; +http://www.google.com/bot.html)"
66.249.73.103 - - [19/Jul/2025:04:12:11 +0000] "GET /pcmypage?callback=/product%2Fdetail%2webike-rb-23234077 HTTP/1.1" 200 86354 "-" "Mozilla/5.0 (Linux; Android 6.0.1; Nexus 5X Build/MMB29P) AppleWebKit/537.36 (KHTML, like Gecko) Chrome/137.0.7151.103 Mobile Safari/537.36 (compatible; Googlebot/2.1; +http://www.google.com/bot.html)"
66.249.73.103 - - [19/Jul/2025:04:12:17 +0000] "GET /pcmypage?callback=product%2Fdetail%2Ffirst23-trusco-5454672 HTTP/1.1" 200 85438 "-" "Mozilla/5.0 (Linux; Android 6.0.1; Nexus 5X Build/MMB29P) AppleWebKit/537.36 (KHTML, like Gecko) Chrome/137.0.7151.103 Mobile Safari/537.36 (compatible; Googlebot/2.1; +http://www.google.com/bot.html)"
20.171.207.99 - - [19/Jul/2025:04:12:52 +0000] "GET /search.php?items%2F063000802.html%3Fsrsltid=AfmBOohhhFmoqCgnTULFmovOChXoqupWKWIrxpBt5e9dFjP8BaFF HTTP/1.1" 200 86831 "-" "Mozilla/5.0 AppleWebKit/537.36 (KHTML, like Gecko; compatible; GPTBot/1.2; +https://openai.com/gptbot)"
66.249.73.97 - - [19/Jul/2025:04:13:00 +0000] "GET /066025306.htm HTTP/1.1" 200 87706 "-" "Mozilla/5.0 (Linux; Android 6.0.1; Nexus 5X Build/MMB29P) AppleWebKit/537.36 (KHTML, like Gecko) Chrome/137.0.7151.103 Mobile Safari/537.36 (compatible; Googlebot/2.1; +http://www.google.com/bot.html)"
66.249.73.103 - - [19/Jul/2025:04:13:16 +0000] "GET /257000843.htm HTTP/1.1" 200 85810 "-" "Mozilla/5.0 (Linux; Android 6.0.1; Nexus 5X Build/MMB29P) AppleWebKit/537.36 (KHTML, like Gecko) Chrome/137.0.7151.103 Mobile Safari/537.36 (compatible; Googlebot/2.1; +http://www.google.com/bot.html)"
66.249.73.103 - - [19/Jul/2025:04:13:19 +0000] "GET /257000841.htm HTTP/1.1" 200 85933 "-" "Mozilla/5.0 (Linux; Android 6.0.1; Nexus 5X Build/MMB29P) AppleWebKit/537.36 (KHTML, like Gecko) Chrome/137.0.7151.103 Mobile Safari/537.36 (compatible; Googlebot/2.1; +http://www.google.com/bot.html)"
66.249.73.103 - - [19/Jul/2025:04:13:22 +0000] "GET /265019015.htm HTTP/1.1" 200 87021 "-" "Mozilla/5.0 (Linux; Android 6.0.1; Nexus 5X Build/MMB29P) AppleWebKit/537.36 (KHTML, like Gecko) Chrome/137.0.7151.103 Mobile Safari/537.36 (compatible; Googlebot/2.1; +http://www.google.com/bot.html)"
66.249.73.103 - - [19/Jul/2025:04:13:26 +0000] "GET /257000859.htm HTTP/1.1" 200 85777 "-" "Mozilla/5.0 (Linux; Android 6.0.1; Nexus 5X Build/MMB29P) AppleWebKit/537.36 (KHTML, like Gecko) Chrome/137.0.7151.103 Mobile Safari/537.36 (compatible; Googlebot/2.1; +http://www.google.com/bot.html)"
66.249.73.96 - - [19/Jul/2025:04:13:53 +0000] "GET /187044279.htm HTTP/1.1" 200 86715 "-" "Mozilla/5.0 (Linux; Android 6.0.1; Nexus 5X Build/MMB29P) AppleWebKit/537.36 (KHTML, like Gecko) Chrome/137.0.7151.103 Mobile Safari/537.36 (compatible; Googlebot/2.1; +http://www.google.com/bot.html)"
66.249.73.96 - - [19/Jul/2025:04:13:57 +0000] "GET /279039877.htm HTTP/1.1" 200 85788 "-" "Mozilla/5.0 (Linux; Android 6.0.1; Nexus 5X Build/MMB29P) AppleWebKit/537.36 (KHTML, like Gecko) Chrome/137.0.7151.103 Mobile Safari/537.36 (compatible; Googlebot/2.1; +http://www.google.com/bot.html)"
20.171.207.99 - - [19/Jul/2025:04:13:57 +0000] "GET /search.php?product/edit/ikebe-641836 HTTP/1.1" 200 86909 "-" "Mozilla/5.0 AppleWebKit/537.36 (KHTML, like Gecko; compatible; GPTBot/1.2; +https://openai.com/gptbot)"
66.249.73.97 - - [19/Jul/2025:04:14:00 +0000] "GET /135042509.htm HTTP/1.1" 200 85844 "-" "Mozilla/5.0 (Linux; Android 6.0.1; Nexus 5X Build/MMB29P) AppleWebKit/537.36 (KHTML, like Gecko) Chrome/137.0.7151.103 Mobile Safari/537.36 (compatible; Googlebot/2.1; +http://www.google.com/bot.html)"
66.249.73.97 - - [19/Jul/2025:04:14:03 +0000] "GET /262030840.htm HTTP/1.1" 200 87051 "-" "Mozilla/5.0 (Linux; Android 6.0.1; Nexus 5X Build/MMB29P) AppleWebKit/537.36 (KHTML, like Gecko) Chrome/137.0.7151.103 Mobile Safari/537.36 (compatible; Googlebot/2.1; +http://www.google.com/bot.html)"
66.249.73.96 - - [19/Jul/2025:04:14:13 +0000] "GET /094022264.htm HTTP/1.1" 200 85687 "-" "Mozilla/5.0 (Linux; Android 6.0.1; Nexus 5X Build/MMB29P) AppleWebKit/537.36 (KHTML, like Gecko) Chrome/137.0.7151.103 Mobile Safari/537.36 (compatible; Googlebot/2.1; +http://www.google.com/bot.html)"
66.249.73.96 - - [19/Jul/2025:04:14:16 +0000] "GET /189022175.htm HTTP/1.1" 200 85844 "-" "Mozilla/5.0 (Linux; Android 6.0.1; Nexus 5X Build/MMB29P) AppleWebKit/537.36 (KHTML, like Gecko) Chrome/137.0.7151.103 Mobile Safari/537.36 (compatible; Googlebot/2.1; +http://www.google.com/bot.html)"
66.249.73.96 - - [19/Jul/2025:04:14:20 +0000] "GET /044035752.htm HTTP/1.1" 200 85698 "-" "Mozilla/5.0 (Linux; Android 6.0.1; Nexus 5X Build/MMB29P) AppleWebKit/537.36 (KHTML, like Gecko) Chrome/137.0.7151.103 Mobile Safari/537.36 (compatible; Googlebot/2.1; +http://www.google.com/bot.html)"
66.249.73.103 - - [19/Jul/2025:04:14:21 +0000] "GET /contact-us/ HTTP/1.1" 200 87442 "-" "Mozilla/5.0 (Linux; Android 6.0.1; Nexus 5X Build/MMB29P) AppleWebKit/537.36 (KHTML, like Gecko) Chrome/137.0.7151.103 Mobile Safari/537.36 (compatible; Googlebot/2.1; +http://www.google.com/bot.html)"
66.249.73.103 - - [19/Jul/2025:04:14:29 +0000] "GET /pcmypage?callback=product%2Fdetail%2Fg-bike-162679-600824 HTTP/1.1" 200 85823 "-" "Mozilla/5.0 (Linux; Android 6.0.1; Nexus 5X Build/MMB29P) AppleWebKit/537.36 (KHTML, like Gecko) Chrome/137.0.7151.103 Mobile Safari/537.36 (compatible; Googlebot/2.1; +http://www.google.com/bot.html)"
66.249.73.97 - - [19/Jul/2025:04:14:39 +0000] "GET /pcmypage?callback=product%2Fdetail%2Fippukujaya-ds-2159485 HTTP/1.1" 200 85888 "-" "Mozilla/5.0 (Linux; Android 6.0.1; Nexus 5X Build/MMB29P) AppleWebKit/537.36 (KHTML, like Gecko) Chrome/137.0.7151.103 Mobile Safari/537.36 (compatible; Googlebot/2.1; +http://www.google.com/bot.html)"
66.249.73.96 - - [19/Jul/2025:04:14:42 +0000] "GET /225041245.htm HTTP/1.1" 200 85544 "-" "Mozilla/5.0 (Linux; Android 6.0.1; Nexus 5X Build/MMB29P) AppleWebKit/537.36 (KHTML, like Gecko) Chrome/137.0.7151.103 Mobile Safari/537.36 (compatible; Googlebot/2.1; +http://www.google.com/bot.html)"
66.249.73.103 - - [19/Jul/2025:04:14:45 +0000] "GET /225041247.htm HTTP/1.1" 200 85784 "-" "Mozilla/5.0 (Linux; Android 6.0.1; Nexus 5X Build/MMB29P) AppleWebKit/537.36 (KHTML, like Gecko) Chrome/137.0.7151.103 Mobile Safari/537.36 (compatible; Googlebot/2.1; +http://www.google.com/bot.html)"
20.171.207.99 - - [19/Jul/2025:04:15:02 +0000] "GET /search.php?abandon235031686.html HTTP/1.1" 200 87991 "-" "Mozilla/5.0 AppleWebKit/537.36 (KHTML, like Gecko; compatible; GPTBot/1.2; +https://openai.com/gptbot)"
66.249.73.96 - - [19/Jul/2025:04:15:13 +0000] "GET /pcmypage?callback=/product%2Fdetail%2ippukujaya-ds-2159485 HTTP/1.1" 200 86289 "-" "Mozilla/5.0 (Linux; Android 6.0.1; Nexus 5X Build/MMB29P) AppleWebKit/537.36 (KHTML, like Gecko) Chrome/137.0.7151.103 Mobile Safari/537.36 (compatible; Googlebot/2.1; +http://www.google.com/bot.html)"
66.249.73.96 - - [19/Jul/2025:04:15:28 +0000] "GET /225041249.htm HTTP/1.1" 200 86007 "-" "Mozilla/5.0 (Linux; Android 6.0.1; Nexus 5X Build/MMB29P) AppleWebKit/537.36 (KHTML, like Gecko) Chrome/137.0.7151.103 Mobile Safari/537.36 (compatible; Googlebot/2.1; +http://www.google.com/bot.html)"
66.249.73.96 - - [19/Jul/2025:04:15:31 +0000] "GET /pcmypage?callback=product/review/ippukujaya-ds-2159485 HTTP/1.1" 200 85934 "-" "Mozilla/5.0 (Linux; Android 6.0.1; Nexus 5X Build/MMB29P) AppleWebKit/537.36 (KHTML, like Gecko) Chrome/137.0.7151.103 Mobile Safari/537.36 (compatible; Googlebot/2.1; +http://www.google.com/bot.html)"
66.249.73.103 - - [19/Jul/2025:04:15:35 +0000] "GET /213015333.htm HTTP/1.1" 200 85788 "-" "Mozilla/5.0 (Linux; Android 6.0.1; Nexus 5X Build/MMB29P) AppleWebKit/537.36 (KHTML, like Gecko) Chrome/137.0.7151.103 Mobile Safari/537.36 (compatible; Googlebot/2.1; +http://www.google.com/bot.html)"
173.208.153.154 - - [19/Jul/2025:04:15:42 +0000] "GET /wp-includes/wp-configs.php HTTP/1.1" 200 26 "https://topflowroofingplumbing.com.au/wp-includes/wp-configs.php" "Mozilla/5.0 (Macintosh; U; PPC Mac OS X; ja-jp) AppleWebKit/522.11.1 (KHTML, like Gecko) Version/3.0.3 Safari/522.12.1"
66.249.73.96 - - [19/Jul/2025:04:15:50 +0000] "GET /140033122.htm HTTP/1.1" 200 86008 "-" "Mozilla/5.0 (Linux; Android 6.0.1; Nexus 5X Build/MMB29P) AppleWebKit/537.36 (KHTML, like Gecko) Chrome/137.0.7151.103 Mobile Safari/537.36 (compatible; Googlebot/2.1; +http://www.google.com/bot.html)"
66.249.73.96 - - [19/Jul/2025:04:15:54 +0000] "GET /pcmypage?callback=/product%2Fdetail%2Atorieerina-b01acvyade HTTP/1.1" 200 86186 "-" "Mozilla/5.0 (Linux; Android 6.0.1; Nexus 5X Build/MMB29P) AppleWebKit/537.36 (KHTML, like Gecko) Chrome/137.0.7151.103 Mobile Safari/537.36 (compatible; Googlebot/2.1; +http://www.google.com/bot.html)"
66.249.73.96 - - [19/Jul/2025:04:16:03 +0000] "GET /pcmypage?callback=product%2Fdetail%2Fatorieerina-b01acvyade HTTP/1.1" 200 85939 "-" "Mozilla/5.0 (Linux; Android 6.0.1; Nexus 5X Build/MMB29P) AppleWebKit/537.36 (KHTML, like Gecko) Chrome/137.0.7151.103 Mobile Safari/537.36 (compatible; Googlebot/2.1; +http://www.google.com/bot.html)"
20.171.207.99 - - [19/Jul/2025:04:16:06 +0000] "GET /search.php?province160024977.html HTTP/1.1" 200 87608 "-" "Mozilla/5.0 AppleWebKit/537.36 (KHTML, like Gecko; compatible; GPTBot/1.2; +https://openai.com/gptbot)"
66.249.73.97 - - [19/Jul/2025:04:16:07 +0000] "GET /pcmypage?callback=product/review/atorieerina-b01acvyade HTTP/1.1" 200 86277 "-" "Mozilla/5.0 (Linux; Android 6.0.1; Nexus 5X Build/MMB29P) AppleWebKit/537.36 (KHTML, like Gecko) Chrome/137.0.7151.103 Mobile Safari/537.36 (compatible; Googlebot/2.1; +http://www.google.com/bot.html)"
66.249.73.96 - - [19/Jul/2025:04:16:16 +0000] "GET /055016963.htm HTTP/1.1" 200 85748 "-" "Mozilla/5.0 (Linux; Android 6.0.1; Nexus 5X Build/MMB29P) AppleWebKit/537.36 (KHTML, like Gecko) Chrome/137.0.7151.103 Mobile Safari/537.36 (compatible; Googlebot/2.1; +http://www.google.com/bot.html)"
66.249.73.103 - - [19/Jul/2025:04:16:31 +0000] "GET /222009870.htm HTTP/1.1" 200 85952 "-" "Mozilla/5.0 (Linux; Android 6.0.1; Nexus 5X Build/MMB29P) AppleWebKit/537.36 (KHTML, like Gecko) Chrome/137.0.7151.103 Mobile Safari/537.36 (compatible; Googlebot/2.1; +http://www.google.com/bot.html)"
66.249.73.96 - - [19/Jul/2025:04:16:53 +0000] "GET /079000749.htm HTTP/1.1" 200 85720 "-" "Mozilla/5.0 (Linux; Android 6.0.1; Nexus 5X Build/MMB29P) AppleWebKit/537.36 (KHTML, like Gecko) Chrome/137.0.7151.103 Mobile Safari/537.36 (compatible; Googlebot/2.1; +http://www.google.com/bot.html)"
66.249.73.103 - - [19/Jul/2025:04:16:56 +0000] "GET /pcmypage?callback=product/review/akibamac-4943508303852 HTTP/1.1" 200 86076 "-" "Mozilla/5.0 (Linux; Android 6.0.1; Nexus 5X Build/MMB29P) AppleWebKit/537.36 (KHTML, like Gecko) Chrome/137.0.7151.103 Mobile Safari/537.36 (compatible; Googlebot/2.1; +http://www.google.com/bot.html)"
66.249.73.97 - - [19/Jul/2025:04:17:00 +0000] "GET /pcmypage?callback=/product%2Fdetail%2partsdirect-17393850 HTTP/1.1" 200 86305 "-" "Mozilla/5.0 (Linux; Android 6.0.1; Nexus 5X Build/MMB29P) AppleWebKit/537.36 (KHTML, like Gecko) Chrome/137.0.7151.103 Mobile Safari/537.36 (compatible; Googlebot/2.1; +http://www.google.com/bot.html)"
20.171.207.99 - - [19/Jul/2025:04:17:08 +0000] "GET /search.php?opinion186049533.html HTTP/1.1" 200 86908 "-" "Mozilla/5.0 AppleWebKit/537.36 (KHTML, like Gecko; compatible; GPTBot/1.2; +https://openai.com/gptbot)"
66.249.73.103 - - [19/Jul/2025:04:17:09 +0000] "GET /pcmypage?callback=/product%2Fdetail%2E-cle-3330610100-001466067060600 HTTP/1.1" 200 85207 "-" "Mozilla/5.0 (Linux; Android 6.0.1; Nexus 5X Build/MMB29P) AppleWebKit/537.36 (KHTML, like Gecko) Chrome/137.0.7151.103 Mobile Safari/537.36 (compatible; Googlebot/2.1; +http://www.google.com/bot.html)"
66.249.73.103 - - [19/Jul/2025:04:17:12 +0000] "GET /040000382.htm HTTP/1.1" 200 85920 "-" "Mozilla/5.0 (Linux; Android 6.0.1; Nexus 5X Build/MMB29P) AppleWebKit/537.36 (KHTML, like Gecko) Chrome/137.0.7151.103 Mobile Safari/537.36 (compatible; Googlebot/2.1; +http://www.google.com/bot.html)"
66.249.73.103 - - [19/Jul/2025:04:17:16 +0000] "GET /040000372.htm HTTP/1.1" 200 85355 "-" "Mozilla/5.0 (Linux; Android 6.0.1; Nexus 5X Build/MMB29P) AppleWebKit/537.36 (KHTML, like Gecko) Chrome/137.0.7151.103 Mobile Safari/537.36 (compatible; Googlebot/2.1; +http://www.google.com/bot.html)"
209.74.77.214 - - [19/Jul/2025:04:17:18 +0000] "POST /wp-cron.php?doing_wp_cron=1752898638.6777060031890869140625 HTTP/1.1" 403 33 "-" "WordPress/6.8.2; https://topflowroofingplumbing.com.au"
45.227.253.15 - - [19/Jul/2025:04:17:17 +0000] "GET /index.php/jk HTTP/1.1" 301 - "-" "Mozilla/5.0 (Macintosh; Intel Mac OS X 10.15; rv:103.0) Gecko/20100101 Firefox/101.0"
45.227.253.15 - - [19/Jul/2025:04:17:19 +0000] "GET /jk HTTP/1.1" 200 209 "https://topflowroofingplumbing.com.au/index.php/jk" "Mozilla/5.0 (Macintosh; Intel Mac OS X 10.15; rv:103.0) Gecko/20100101 Firefox/101.0"
66.249.73.103 - - [19/Jul/2025:04:17:25 +0000] "GET /040000378.htm HTTP/1.1" 200 85435 "-" "Mozilla/5.0 (Linux; Android 6.0.1; Nexus 5X Build/MMB29P) AppleWebKit/537.36 (KHTML, like Gecko) Chrome/137.0.7151.103 Mobile Safari/537.36 (compatible; Googlebot/2.1; +http://www.google.com/bot.html)"
66.249.73.96 - - [19/Jul/2025:04:17:35 +0000] "GET /pcmypage?callback=product%2Fdetail%2Fe-cle-3330610100-001466067060600 HTTP/1.1" 200 86192 "-" "Mozilla/5.0 (Linux; Android 6.0.1; Nexus 5X Build/MMB29P) AppleWebKit/537.36 (KHTML, like Gecko) Chrome/137.0.7151.103 Mobile Safari/537.36 (compatible; Googlebot/2.1; +http://www.google.com/bot.html)"
66.249.73.103 - - [19/Jul/2025:04:17:38 +0000] "GET /054028312.htm HTTP/1.1" 200 86470 "-" "Mozilla/5.0 (Linux; Android 6.0.1; Nexus 5X Build/MMB29P) AppleWebKit/537.36 (KHTML, like Gecko) Chrome/137.0.7151.103 Mobile Safari/537.36 (compatible; Googlebot/2.1; +http://www.google.com/bot.html)"
66.249.73.96 - - [19/Jul/2025:04:17:42 +0000] "GET /168022230.htm HTTP/1.1" 200 85726 "-" "Mozilla/5.0 (Linux; Android 6.0.1; Nexus 5X Build/MMB29P) AppleWebKit/537.36 (KHTML, like Gecko) Chrome/137.0.7151.103 Mobile Safari/537.36 (compatible; Googlebot/2.1; +http://www.google.com/bot.html)"
66.249.73.97 - - [19/Jul/2025:04:17:51 +0000] "GET /168022212.htm HTTP/1.1" 200 85926 "-" "Mozilla/5.0 (Linux; Android 6.0.1; Nexus 5X Build/MMB29P) AppleWebKit/537.36 (KHTML, like Gecko) Chrome/137.0.7151.103 Mobile Safari/537.36 (compatible; Googlebot/2.1; +http://www.google.com/bot.html)"
66.249.73.96 - - [19/Jul/2025:04:18:00 +0000] "GET /293028957.htm HTTP/1.1" 200 85641 "-" "Mozilla/5.0 (Linux; Android 6.0.1; Nexus 5X Build/MMB29P) AppleWebKit/537.36 (KHTML, like Gecko) Chrome/137.0.7151.103 Mobile Safari/537.36 (compatible; Googlebot/2.1; +http://www.google.com/bot.html)"
20.171.207.99 - - [19/Jul/2025:04:18:10 +0000] "GET /search.php?m088000702%3Fsrsltid=AfmBOoPUWkrytnipSB1wki_hHdNik4cwx_ey4Zjvf9-C-y2pkFlcM2 HTTP/1.1" 200 87739 "-" "Mozilla/5.0 AppleWebKit/537.36 (KHTML, like Gecko; compatible; GPTBot/1.2; +https://openai.com/gptbot)"
66.249.73.96 - - [19/Jul/2025:04:18:16 +0000] "GET /pcmypage?callback=product/review/valuecare-vc-tr-6912109 HTTP/1.1" 200 86689 "-" "Mozilla/5.0 (Linux; Android 6.0.1; Nexus 5X Build/MMB29P) AppleWebKit/537.36 (KHTML, like Gecko) Chrome/137.0.7151.103 Mobile Safari/537.36 (compatible; Googlebot/2.1; +http://www.google.com/bot.html)"
66.249.73.103 - - [19/Jul/2025:04:18:25 +0000] "GET /pcmypage?callback=product%2Fdetail%2Fvaluecare-vc-tr-6912109 HTTP/1.1" 200 85359 "-" "Mozilla/5.0 (Linux; Android 6.0.1; Nexus 5X Build/MMB29P) AppleWebKit/537.36 (KHTML, like Gecko) Chrome/137.0.7151.103 Mobile Safari/537.36 (compatible; Googlebot/2.1; +http://www.google.com/bot.html)"
66.249.73.103 - - [19/Jul/2025:04:18:29 +0000] "GET /173041333.htm HTTP/1.1" 200 85869 "-" "Mozilla/5.0 (Linux; Android 6.0.1; Nexus 5X Build/MMB29P) AppleWebKit/537.36 (KHTML, like Gecko) Chrome/137.0.7151.103 Mobile Safari/537.36 (compatible; Googlebot/2.1; +http://www.google.com/bot.html)"
66.249.73.96 - - [19/Jul/2025:04:18:44 +0000] "GET /059000405.htm HTTP/1.1" 200 85839 "-" "Mozilla/5.0 (Linux; Android 6.0.1; Nexus 5X Build/MMB29P) AppleWebKit/537.36 (KHTML, like Gecko) Chrome/137.0.7151.103 Mobile Safari/537.36 (compatible; Googlebot/2.1; +http://www.google.com/bot.html)"
66.249.73.96 - - [19/Jul/2025:04:18:53 +0000] "GET /122019964.htm HTTP/1.1" 200 85779 "-" "Mozilla/5.0 (Linux; Android 6.0.1; Nexus 5X Build/MMB29P) AppleWebKit/537.36 (KHTML, like Gecko) Chrome/137.0.7151.103 Mobile Safari/537.36 (compatible; Googlebot/2.1; +http://www.google.com/bot.html)"
66.249.73.96 - - [19/Jul/2025:04:18:57 +0000] "GET /pcmypage?callback=/product%2Fdetail%2sakan8man-trus-8096884 HTTP/1.1" 200 86088 "-" "Mozilla/5.0 (Linux; Android 6.0.1; Nexus 5X Build/MMB29P) AppleWebKit/537.36 (KHTML, like Gecko) Chrome/137.0.7151.103 Mobile Safari/537.36 (compatible; Googlebot/2.1; +http://www.google.com/bot.html)"
20.171.207.99 - - [19/Jul/2025:04:19:15 +0000] "GET /search.php?bacteria137048952.html HTTP/1.1" 200 87153 "-" "Mozilla/5.0 AppleWebKit/537.36 (KHTML, like Gecko; compatible; GPTBot/1.2; +https://openai.com/gptbot)"
66.249.73.97 - - [19/Jul/2025:04:19:24 +0000] "GET /059000391.htm HTTP/1.1" 200 85439 "-" "Mozilla/5.0 (Linux; Android 6.0.1; Nexus 5X Build/MMB29P) AppleWebKit/537.36 (KHTML, like Gecko) Chrome/137.0.7151.103 Mobile Safari/537.36 (compatible; Googlebot/2.1; +http://www.google.com/bot.html)"
66.249.73.96 - - [19/Jul/2025:04:19:34 +0000] "GET /073019835.htm HTTP/1.1" 200 85666 "-" "Mozilla/5.0 (Linux; Android 6.0.1; Nexus 5X Build/MMB29P) AppleWebKit/537.36 (KHTML, like Gecko) Chrome/137.0.7151.103 Mobile Safari/537.36 (compatible; Googlebot/2.1; +http://www.google.com/bot.html)"
66.249.73.103 - - [19/Jul/2025:04:19:37 +0000] "GET /pcmypage?callback=product/review/sakan8man-trus-8096884 HTTP/1.1" 200 86180 "-" "Mozilla/5.0 (Linux; Android 6.0.1; Nexus 5X Build/MMB29P) AppleWebKit/537.36 (KHTML, like Gecko) Chrome/137.0.7151.103 Mobile Safari/537.36 (compatible; Googlebot/2.1; +http://www.google.com/bot.html)"
66.249.73.103 - - [19/Jul/2025:04:19:41 +0000] "GET /059000393.htm HTTP/1.1" 200 85777 "-" "Mozilla/5.0 (Linux; Android 6.0.1; Nexus 5X Build/MMB29P) AppleWebKit/537.36 (KHTML, like Gecko) Chrome/137.0.7151.103 Mobile Safari/537.36 (compatible; Googlebot/2.1; +http://www.google.com/bot.html)"
66.249.73.103 - - [19/Jul/2025:04:19:44 +0000] "GET /059000403.htm HTTP/1.1" 200 85640 "-" "Mozilla/5.0 (Linux; Android 6.0.1; Nexus 5X Build/MMB29P) AppleWebKit/537.36 (KHTML, like Gecko) Chrome/137.0.7151.103 Mobile Safari/537.36 (compatible; Googlebot/2.1; +http://www.google.com/bot.html)"
66.249.73.103 - - [19/Jul/2025:04:19:47 +0000] "GET /pcmypage?callback=product%2Fdetail%2Fsakan8man-trus-8096884 HTTP/1.1" 200 85500 "-" "Mozilla/5.0 (Linux; Android 6.0.1; Nexus 5X Build/MMB29P) AppleWebKit/537.36 (KHTML, like Gecko) Chrome/137.0.7151.103 Mobile Safari/537.36 (compatible; Googlebot/2.1; +http://www.google.com/bot.html)"
66.249.73.96 - - [19/Jul/2025:04:19:51 +0000] "GET /pcmypage?callback=product/review/asty-shop-w0-1u44d7a2kt-0387 HTTP/1.1" 200 86726 "-" "Mozilla/5.0 (Linux; Android 6.0.1; Nexus 5X Build/MMB29P) AppleWebKit/537.36 (KHTML, like Gecko) Chrome/137.0.7151.103 Mobile Safari/537.36 (compatible; Googlebot/2.1; +http://www.google.com/bot.html)"
66.249.73.97 - - [19/Jul/2025:04:20:06 +0000] "GET /090000196.htm HTTP/1.1" 200 86093 "-" "Mozilla/5.0 (Linux; Android 6.0.1; Nexus 5X Build/MMB29P) AppleWebKit/537.36 (KHTML, like Gecko) Chrome/137.0.7151.103 Mobile Safari/537.36 (compatible; Googlebot/2.1; +http://www.google.com/bot.html)"
20.171.207.99 - - [19/Jul/2025:04:20:15 +0000] "GET /search.php?consume175038932.html HTTP/1.1" 200 87006 "-" "Mozilla/5.0 AppleWebKit/537.36 (KHTML, like Gecko; compatible; GPTBot/1.2; +https://openai.com/gptbot)"
66.249.73.96 - - [19/Jul/2025:04:20:16 +0000] "GET /090000202.htm HTTP/1.1" 200 85708 "-" "Mozilla/5.0 (Linux; Android 6.0.1; Nexus 5X Build/MMB29P) AppleWebKit/537.36 (KHTML, like Gecko) Chrome/137.0.7151.103 Mobile Safari/537.36 (compatible; Googlebot/2.1; +http://www.google.com/bot.html)"
66.249.73.103 - - [19/Jul/2025:04:20:19 +0000] "GET /053048699.htm HTTP/1.1" 200 85580 "-" "Mozilla/5.0 (Linux; Android 6.0.1; Nexus 5X Build/MMB29P) AppleWebKit/537.36 (KHTML, like Gecko) Chrome/137.0.7151.103 Mobile Safari/537.36 (compatible; Googlebot/2.1; +http://www.google.com/bot.html)"
66.249.73.103 - - [19/Jul/2025:04:20:20 +0000] "GET /058001176.htm HTTP/1.1" 200 85674 "-" "Mozilla/5.0 (Linux; Android 6.0.1; Nexus 5X Build/MMB29P) AppleWebKit/537.36 (KHTML, like Gecko) Chrome/137.0.7151.103 Mobile Safari/537.36 (compatible; Googlebot/2.1; +http://www.google.com/bot.html)"
66.249.73.103 - - [19/Jul/2025:04:20:20 +0000] "GET /286020658.htm HTTP/1.1" 200 85185 "-" "Mozilla/5.0 (Linux; Android 6.0.1; Nexus 5X Build/MMB29P) AppleWebKit/537.36 (KHTML, like Gecko) Chrome/137.0.7151.103 Mobile Safari/537.36 (compatible; Googlebot/2.1; +http://www.google.com/bot.html)"
66.249.73.103 - - [19/Jul/2025:04:20:20 +0000] "GET /013000329.htm HTTP/1.1" 200 85851 "-" "Mozilla/5.0 (Linux; Android 6.0.1; Nexus 5X Build/MMB29P) AppleWebKit/537.36 (KHTML, like Gecko) Chrome/137.0.7151.103 Mobile Safari/537.36 (compatible; Googlebot/2.1; +http://www.google.com/bot.html)"
66.249.73.103 - - [19/Jul/2025:04:20:21 +0000] "GET /065001097.htm HTTP/1.1" 200 85610 "-" "Mozilla/5.0 (Linux; Android 6.0.1; Nexus 5X Build/MMB29P) AppleWebKit/537.36 (KHTML, like Gecko) Chrome/137.0.7151.103 Mobile Safari/537.36 (compatible; Googlebot/2.1; +http://www.google.com/bot.html)"
66.249.73.103 - - [19/Jul/2025:04:20:21 +0000] "GET /274031878.htm HTTP/1.1" 200 86371 "-" "Mozilla/5.0 (Linux; Android 6.0.1; Nexus 5X Build/MMB29P) AppleWebKit/537.36 (KHTML, like Gecko) Chrome/137.0.7151.103 Mobile Safari/537.36 (compatible; Googlebot/2.1; +http://www.google.com/bot.html)"
66.249.73.103 - - [19/Jul/2025:04:20:21 +0000] "GET /pcmypage?callback=product/review/auc-ulmax-4971710319804_36 HTTP/1.1" 200 86099 "-" "Mozilla/5.0 (Linux; Android 6.0.1; Nexus 5X Build/MMB29P) AppleWebKit/537.36 (KHTML, like Gecko) Chrome/137.0.7151.103 Mobile Safari/537.36 (compatible; Googlebot/2.1; +http://www.google.com/bot.html)"
66.249.73.103 - - [19/Jul/2025:04:20:21 +0000] "GET /pcmypage?callback=product/review/autopartsdirect-6703121501750171142 HTTP/1.1" 200 86071 "-" "Mozilla/5.0 (Linux; Android 6.0.1; Nexus 5X Build/MMB29P) AppleWebKit/537.36 (KHTML, like Gecko) Chrome/137.0.7151.103 Mobile Safari/537.36 (compatible; Googlebot/2.1; +http://www.google.com/bot.html)"
66.249.73.103 - - [19/Jul/2025:04:20:29 +0000] "GET /071002593.htm HTTP/1.1" 200 87299 "-" "Mozilla/5.0 (Linux; Android 6.0.1; Nexus 5X Build/MMB29P) AppleWebKit/537.36 (KHTML, like Gecko) Chrome/137.0.7151.103 Mobile Safari/537.36 (compatible; Googlebot/2.1; +http://www.google.com/bot.html)"
66.249.73.97 - - [19/Jul/2025:04:20:32 +0000] "GET /255014995.htm HTTP/1.1" 200 87394 "-" "Mozilla/5.0 (Linux; Android 6.0.1; Nexus 5X Build/MMB29P) AppleWebKit/537.36 (KHTML, like Gecko) Chrome/137.0.7151.103 Mobile Safari/537.36 (compatible; Googlebot/2.1; +http://www.google.com/bot.html)"
66.249.73.103 - - [19/Jul/2025:04:20:35 +0000] "GET /079000731.htm HTTP/1.1" 200 86143 "-" "Mozilla/5.0 (Linux; Android 6.0.1; Nexus 5X Build/MMB29P) AppleWebKit/537.36 (KHTML, like Gecko) Chrome/137.0.7151.103 Mobile Safari/537.36 (compatible; Googlebot/2.1; +http://www.google.com/bot.html)"
66.249.73.103 - - [19/Jul/2025:04:20:39 +0000] "GET /pcmypage?callback=product%2Fdetail%2Fakibamac-4943508303852 HTTP/1.1" 200 85594 "-" "Mozilla/5.0 (Linux; Android 6.0.1; Nexus 5X Build/MMB29P) AppleWebKit/537.36 (KHTML, like Gecko) Chrome/137.0.7151.103 Mobile Safari/537.36 (compatible; Googlebot/2.1; +http://www.google.com/bot.html)"
66.249.73.103 - - [19/Jul/2025:04:21:00 +0000] "GET /pcmypage?callback=/product%2Fdetail%2rcmdse-4t-2444554 HTTP/1.1" 200 86231 "-" "Mozilla/5.0 (Linux; Android 6.0.1; Nexus 5X Build/MMB29P) AppleWebKit/537.36 (KHTML, like Gecko) Chrome/137.0.7151.103 Mobile Safari/537.36 (compatible; Googlebot/2.1; +http://www.google.com/bot.html)"
66.249.73.96 - - [19/Jul/2025:04:21:00 +0000] "GET /181033427.htm HTTP/1.1" 200 86836 "-" "Mozilla/5.0 (Linux; Android 6.0.1; Nexus 5X Build/MMB29P) AppleWebKit/537.36 (KHTML, like Gecko) Chrome/137.0.7151.103 Mobile Safari/537.36 (compatible; Googlebot/2.1; +http://www.google.com/bot.html)"
66.249.73.97 - - [19/Jul/2025:04:21:00 +0000] "GET /062049044.htm HTTP/1.1" 200 85955 "-" "Mozilla/5.0 (Linux; Android 6.0.1; Nexus 5X Build/MMB29P) AppleWebKit/537.36 (KHTML, like Gecko) Chrome/137.0.7151.103 Mobile Safari/537.36 (compatible; Googlebot/2.1; +http://www.google.com/bot.html)"
66.249.73.103 - - [19/Jul/2025:04:21:01 +0000] "GET /162039602.htm HTTP/1.1" 200 86563 "-" "Mozilla/5.0 (Linux; Android 6.0.1; Nexus 5X Build/MMB29P) AppleWebKit/537.36 (KHTML, like Gecko) Chrome/137.0.7151.103 Mobile Safari/537.36 (compatible; Googlebot/2.1; +http://www.google.com/bot.html)"
66.249.73.96 - - [19/Jul/2025:04:21:01 +0000] "GET /025019547.htm HTTP/1.1" 200 85394 "-" "Mozilla/5.0 (Linux; Android 6.0.1; Nexus 5X Build/MMB29P) AppleWebKit/537.36 (KHTML, like Gecko) Chrome/137.0.7151.103 Mobile Safari/537.36 (compatible; Googlebot/2.1; +http://www.google.com/bot.html)"
66.249.73.96 - - [19/Jul/2025:04:21:01 +0000] "GET /042002336.htm HTTP/1.1" 200 86501 "-" "Mozilla/5.0 (Linux; Android 6.0.1; Nexus 5X Build/MMB29P) AppleWebKit/537.36 (KHTML, like Gecko) Chrome/137.0.7151.103 Mobile Safari/537.36 (compatible; Googlebot/2.1; +http://www.google.com/bot.html)"
66.249.73.97 - - [19/Jul/2025:04:21:01 +0000] "GET /220040586.htm HTTP/1.1" 200 85724 "-" "Mozilla/5.0 (Linux; Android 6.0.1; Nexus 5X Build/MMB29P) AppleWebKit/537.36 (KHTML, like Gecko) Chrome/137.0.7151.103 Mobile Safari/537.36 (compatible; Googlebot/2.1; +http://www.google.com/bot.html)"
66.249.73.97 - - [19/Jul/2025:04:21:01 +0000] "GET /040000388.htm HTTP/1.1" 200 85657 "-" "Mozilla/5.0 (Linux; Android 6.0.1; Nexus 5X Build/MMB29P) AppleWebKit/537.36 (KHTML, like Gecko) Chrome/137.0.7151.103 Mobile Safari/537.36 (compatible; Googlebot/2.1; +http://www.google.com/bot.html)"
66.249.73.97 - - [19/Jul/2025:04:21:02 +0000] "GET /072000320.htm HTTP/1.1" 200 86968 "-" "Mozilla/5.0 (Linux; Android 6.0.1; Nexus 5X Build/MMB29P) AppleWebKit/537.36 (KHTML, like Gecko) Chrome/137.0.7151.103 Mobile Safari/537.36 (compatible; Googlebot/2.1; +http://www.google.com/bot.html)"
66.249.73.103 - - [19/Jul/2025:04:21:02 +0000] "GET /pcmypage?callback=/product%2Fdetail%2valuecare-vc-tr-6912109 HTTP/1.1" 200 85773 "-" "Mozilla/5.0 (Linux; Android 6.0.1; Nexus 5X Build/MMB29P) AppleWebKit/537.36 (KHTML, like Gecko) Chrome/137.0.7151.103 Mobile Safari/537.36 (compatible; Googlebot/2.1; +http://www.google.com/bot.html)"
66.249.73.97 - - [19/Jul/2025:04:21:02 +0000] "GET /pcmypage?callback=product%2Fdetail%2Fnf-2a1311a22 HTTP/1.1" 200 85468 "-" "Mozilla/5.0 (Linux; Android 6.0.1; Nexus 5X Build/MMB29P) AppleWebKit/537.36 (KHTML, like Gecko) Chrome/137.0.7151.103 Mobile Safari/537.36 (compatible; Googlebot/2.1; +http://www.google.com/bot.html)"
66.249.73.96 - - [19/Jul/2025:04:21:03 +0000] "GET /190021344.htm HTTP/1.1" 200 85498 "-" "Mozilla/5.0 (Linux; Android 6.0.1; Nexus 5X Build/MMB29P) AppleWebKit/537.36 (KHTML, like Gecko) Chrome/137.0.7151.103 Mobile Safari/537.36 (compatible; Googlebot/2.1; +http://www.google.com/bot.html)"
66.249.73.103 - - [19/Jul/2025:04:21:02 +0000] "GET /077041817.htm HTTP/1.1" 200 88558 "-" "Mozilla/5.0 (Linux; Android 6.0.1; Nexus 5X Build/MMB29P) AppleWebKit/537.36 (KHTML, like Gecko) Chrome/137.0.7151.103 Mobile Safari/537.36 (compatible; Googlebot/2.1; +http://www.google.com/bot.html)"
66.249.73.103 - - [19/Jul/2025:04:21:03 +0000] "GET /092000272.htm HTTP/1.1" 200 85784 "-" "Mozilla/5.0 (Linux; Android 6.0.1; Nexus 5X Build/MMB29P) AppleWebKit/537.36 (KHTML, like Gecko) Chrome/137.0.7151.103 Mobile Safari/537.36 (compatible; Googlebot/2.1; +http://www.google.com/bot.html)"
66.249.73.97 - - [19/Jul/2025:04:21:04 +0000] "GET /072000324.htm HTTP/1.1" 200 86944 "-" "Mozilla/5.0 (Linux; Android 6.0.1; Nexus 5X Build/MMB29P) AppleWebKit/537.36 (KHTML, like Gecko) Chrome/137.0.7151.103 Mobile Safari/537.36 (compatible; Googlebot/2.1; +http://www.google.com/bot.html)"
66.249.73.97 - - [19/Jul/2025:04:21:14 +0000] "GET /072000318.htm HTTP/1.1" 200 86555 "-" "Mozilla/5.0 (Linux; Android 6.0.1; Nexus 5X Build/MMB29P) AppleWebKit/537.36 (KHTML, like Gecko) Chrome/137.0.7151.103 Mobile Safari/537.36 (compatible; Googlebot/2.1; +http://www.google.com/bot.html)"
20.171.207.99 - - [19/Jul/2025:04:21:20 +0000] "GET /search.php?balanced197045624.html HTTP/1.1" 200 87873 "-" "Mozilla/5.0 AppleWebKit/537.36 (KHTML, like Gecko; compatible; GPTBot/1.2; +https://openai.com/gptbot)"
66.249.73.103 - - [19/Jul/2025:04:21:23 +0000] "GET /072000350.htm HTTP/1.1" 200 85997 "-" "Mozilla/5.0 (Linux; Android 6.0.1; Nexus 5X Build/MMB29P) AppleWebKit/537.36 (KHTML, like Gecko) Chrome/137.0.7151.103 Mobile Safari/537.36 (compatible; Googlebot/2.1; +http://www.google.com/bot.html)"
66.249.73.96 - - [19/Jul/2025:04:21:27 +0000] "GET /pcmypage?callback=product/review/importparts-zeroone-brn-1929 HTTP/1.1" 200 85789 "-" "Mozilla/5.0 (Linux; Android 6.0.1; Nexus 5X Build/MMB29P) AppleWebKit/537.36 (KHTML, like Gecko) Chrome/137.0.7151.103 Mobile Safari/537.36 (compatible; Googlebot/2.1; +http://www.google.com/bot.html)"
66.249.73.96 - - [19/Jul/2025:04:21:30 +0000] "GET /110014888.htm HTTP/1.1" 200 86247 "-" "Mozilla/5.0 (Linux; Android 6.0.1; Nexus 5X Build/MMB29P) AppleWebKit/537.36 (KHTML, like Gecko) Chrome/137.0.7151.103 Mobile Safari/537.36 (compatible; Googlebot/2.1; +http://www.google.com/bot.html)"
66.249.73.97 - - [19/Jul/2025:04:21:34 +0000] "GET /269012677.htm HTTP/1.1" 200 85356 "-" "Mozilla/5.0 (Linux; Android 6.0.1; Nexus 5X Build/MMB29P) AppleWebKit/537.36 (KHTML, like Gecko) Chrome/137.0.7151.103 Mobile Safari/537.36 (compatible; Googlebot/2.1; +http://www.google.com/bot.html)"
66.249.73.100 - - [19/Jul/2025:04:21:49 +0000] "GET /072000348.htm HTTP/1.1" 200 86226 "-" "Mozilla/5.0 (Linux; Android 6.0.1; Nexus 5X Build/MMB29P) AppleWebKit/537.36 (KHTML, like Gecko) Chrome/137.0.7151.103 Mobile Safari/537.36 (compatible; Googlebot/2.1; +http://www.google.com/bot.html)"
66.249.73.98 - - [19/Jul/2025:04:21:52 +0000] "GET /pcmypage?callback=/product%2Fdetail%2haikanshop-4401633 HTTP/1.1" 200 85448 "-" "Mozilla/5.0 (Linux; Android 6.0.1; Nexus 5X Build/MMB29P) AppleWebKit/537.36 (KHTML, like Gecko) Chrome/137.0.7151.103 Mobile Safari/537.36 (compatible; Googlebot/2.1; +http://www.google.com/bot.html)"
66.249.73.99 - - [19/Jul/2025:04:21:56 +0000] "GET /pcmypage?callback=/product%2Fdetail%2Deco-maison-ds-2138675 HTTP/1.1" 200 85874 "-" "Mozilla/5.0 (Linux; Android 6.0.1; Nexus 5X Build/MMB29P) AppleWebKit/537.36 (KHTML, like Gecko) Chrome/137.0.7151.103 Mobile Safari/537.36 (compatible; Googlebot/2.1; +http://www.google.com/bot.html)"
66.249.73.96 - - [19/Jul/2025:04:21:59 +0000] "GET /051013279.htm HTTP/1.1" 200 85806 "-" "Mozilla/5.0 (Linux; Android 6.0.1; Nexus 5X Build/MMB29P) AppleWebKit/537.36 (KHTML, like Gecko) Chrome/137.0.7151.103 Mobile Safari/537.36 (compatible; Googlebot/2.1; +http://www.google.com/bot.html)"
66.249.73.98 - - [19/Jul/2025:04:22:03 +0000] "GET /pcmypage?callback=product%2Fdetail%2Farde-2236-sk-197s-500x700-34-hl-gr HTTP/1.1" 200 86144 "-" "Mozilla/5.0 (Linux; Android 6.0.1; Nexus 5X Build/MMB29P) AppleWebKit/537.36 (KHTML, like Gecko) Chrome/137.0.7151.103 Mobile Safari/537.36 (compatible; Googlebot/2.1; +http://www.google.com/bot.html)"
66.249.73.98 - - [19/Jul/2025:04:22:12 +0000] "GET /pcmypage?callback=/product%2Fdetail%2Arde-2236-sk-197s-500x700-34-hl-gr HTTP/1.1" 200 85896 "-" "Mozilla/5.0 (Linux; Android 6.0.1; Nexus 5X Build/MMB29P) AppleWebKit/537.36 (KHTML, like Gecko) Chrome/137.0.7151.103 Mobile Safari/537.36 (compatible; Googlebot/2.1; +http://www.google.com/bot.html)"
66.249.73.96 - - [19/Jul/2025:04:22:16 +0000] "GET /192034748.htm HTTP/1.1" 200 86029 "-" "Mozilla/5.0 (Linux; Android 6.0.1; Nexus 5X Build/MMB29P) AppleWebKit/537.36 (KHTML, like Gecko) Chrome/137.0.7151.103 Mobile Safari/537.36 (compatible; Googlebot/2.1; +http://www.google.com/bot.html)"
20.171.207.99 - - [19/Jul/2025:04:22:24 +0000] "GET /search.php?negative197045614.html HTTP/1.1" 200 87039 "-" "Mozilla/5.0 AppleWebKit/537.36 (KHTML, like Gecko; compatible; GPTBot/1.2; +https://openai.com/gptbot)"
66.249.73.103 - - [19/Jul/2025:04:22:25 +0000] "GET /102015558.htm HTTP/1.1" 200 86777 "-" "Mozilla/5.0 (Linux; Android 6.0.1; Nexus 5X Build/MMB29P) AppleWebKit/537.36 (KHTML, like Gecko) Chrome/137.0.7151.103 Mobile Safari/537.36 (compatible; Googlebot/2.1; +http://www.google.com/bot.html)"
66.249.73.96 - - [19/Jul/2025:04:22:28 +0000] "GET /102015560.htm HTTP/1.1" 200 85913 "-" "Mozilla/5.0 (Linux; Android 6.0.1; Nexus 5X Build/MMB29P) AppleWebKit/537.36 (KHTML, like Gecko) Chrome/137.0.7151.103 Mobile Safari/537.36 (compatible; Googlebot/2.1; +http://www.google.com/bot.html)"
66.249.73.96 - - [19/Jul/2025:04:22:32 +0000] "GET /052041524.htm HTTP/1.1" 200 85645 "-" "Mozilla/5.0 (Linux; Android 6.0.1; Nexus 5X Build/MMB29P) AppleWebKit/537.36 (KHTML, like Gecko) Chrome/137.0.7151.103 Mobile Safari/537.36 (compatible; Googlebot/2.1; +http://www.google.com/bot.html)"
66.249.73.103 - - [19/Jul/2025:04:22:38 +0000] "GET /008000764.htm HTTP/1.1" 200 87364 "-" "Mozilla/5.0 (Linux; Android 6.0.1; Nexus 5X Build/MMB29P) AppleWebKit/537.36 (KHTML, like Gecko) Chrome/137.0.7151.103 Mobile Safari/537.36 (compatible; Googlebot/2.1; +http://www.google.com/bot.html)"
66.249.73.97 - - [19/Jul/2025:04:22:57 +0000] "GET /pcmypage?callback=product%2Fdetail%2Fhaikanshop-1193464 HTTP/1.1" 200 85574 "-" "Mozilla/5.0 (Linux; Android 6.0.1; Nexus 5X Build/MMB29P) AppleWebKit/537.36 (KHTML, like Gecko) Chrome/137.0.7151.103 Mobile Safari/537.36 (compatible; Googlebot/2.1; +http://www.google.com/bot.html)"
66.249.73.97 - - [19/Jul/2025:04:23:07 +0000] "GET /141010767.htm HTTP/1.1" 200 85921 "-" "Mozilla/5.0 (Linux; Android 6.0.1; Nexus 5X Build/MMB29P) AppleWebKit/537.36 (KHTML, like Gecko) Chrome/137.0.7151.103 Mobile Safari/537.36 (compatible; Googlebot/2.1; +http://www.google.com/bot.html)"
66.249.73.96 - - [19/Jul/2025:04:23:10 +0000] "GET /052000024.htm HTTP/1.1" 200 85649 "-" "Mozilla/5.0 (Linux; Android 6.0.1; Nexus 5X Build/MMB29P) AppleWebKit/537.36 (KHTML, like Gecko) Chrome/137.0.7151.103 Mobile Safari/537.36 (compatible; Googlebot/2.1; +http://www.google.com/bot.html)"
66.249.73.96 - - [19/Jul/2025:04:23:26 +0000] "GET /290002808.htm HTTP/1.1" 200 86026 "-" "Mozilla/5.0 (Linux; Android 6.0.1; Nexus 5X Build/MMB29P) AppleWebKit/537.36 (KHTML, like Gecko) Chrome/137.0.7151.103 Mobile Safari/537.36 (compatible; Googlebot/2.1; +http://www.google.com/bot.html)"
20.171.207.99 - - [19/Jul/2025:04:23:26 +0000] "GET /search.php?gasoline026004315.html HTTP/1.1" 200 86763 "-" "Mozilla/5.0 AppleWebKit/537.36 (KHTML, like Gecko; compatible; GPTBot/1.2; +https://openai.com/gptbot)"
66.249.73.96 - - [19/Jul/2025:04:23:29 +0000] "GET /pcmypage?callback=/product%2Fdetail%2sanyoselect-ns9657-1 HTTP/1.1" 200 85575 "-" "Mozilla/5.0 (Linux; Android 6.0.1; Nexus 5X Build/MMB29P) AppleWebKit/537.36 (KHTML, like Gecko) Chrome/137.0.7151.103 Mobile Safari/537.36 (compatible; Googlebot/2.1; +http://www.google.com/bot.html)"
66.249.73.96 - - [19/Jul/2025:04:23:32 +0000] "GET /008001566.htm HTTP/1.1" 200 86835 "-" "Mozilla/5.0 (Linux; Android 6.0.1; Nexus 5X Build/MMB29P) AppleWebKit/537.36 (KHTML, like Gecko) Chrome/137.0.7151.103 Mobile Safari/537.36 (compatible; Googlebot/2.1; +http://www.google.com/bot.html)"
66.249.73.96 - - [19/Jul/2025:04:23:36 +0000] "GET /008001568.htm HTTP/1.1" 200 86601 "-" "Mozilla/5.0 (Linux; Android 6.0.1; Nexus 5X Build/MMB29P) AppleWebKit/537.36 (KHTML, like Gecko) Chrome/137.0.7151.103 Mobile Safari/537.36 (compatible; Googlebot/2.1; +http://www.google.com/bot.html)"
66.249.73.103 - - [19/Jul/2025:04:23:39 +0000] "GET /172000576.htm HTTP/1.1" 200 86225 "-" "Mozilla/5.0 (Linux; Android 6.0.1; Nexus 5X Build/MMB29P) AppleWebKit/537.36 (KHTML, like Gecko) Chrome/137.0.7151.103 Mobile Safari/537.36 (compatible; Googlebot/2.1; +http://www.google.com/bot.html)"
66.249.73.97 - - [19/Jul/2025:04:24:19 +0000] "GET /285003041.htm HTTP/1.1" 200 86378 "-" "Mozilla/5.0 (Linux; Android 6.0.1; Nexus 5X Build/MMB29P) AppleWebKit/537.36 (KHTML, like Gecko) Chrome/137.0.7151.103 Mobile Safari/537.36 (compatible; Googlebot/2.1; +http://www.google.com/bot.html)"
66.249.73.96 - - [19/Jul/2025:04:24:23 +0000] "GET /pcmypage?callback=/product%2Fdetail%2golfpartner-2100376455621 HTTP/1.1" 200 88209 "-" "Mozilla/5.0 (Linux; Android 6.0.1; Nexus 5X Build/MMB29P) AppleWebKit/537.36 (KHTML, like Gecko) Chrome/137.0.7151.103 Mobile Safari/537.36 (compatible; Googlebot/2.1; +http://www.google.com/bot.html)"
66.249.73.96 - - [19/Jul/2025:04:24:26 +0000] "GET /110001072.htm HTTP/1.1" 200 87048 "-" "Mozilla/5.0 (Linux; Android 6.0.1; Nexus 5X Build/MMB29P) AppleWebKit/537.36 (KHTML, like Gecko) Chrome/137.0.7151.103 Mobile Safari/537.36 (compatible; Googlebot/2.1; +http://www.google.com/bot.html)"
20.171.207.99 - - [19/Jul/2025:04:24:28 +0000] "GET /search.php?diamond152023657.html HTTP/1.1" 200 88186 "-" "Mozilla/5.0 AppleWebKit/537.36 (KHTML, like Gecko; compatible; GPTBot/1.2; +https://openai.com/gptbot)"
66.249.73.103 - - [19/Jul/2025:04:24:53 +0000] "GET /155025483.htm HTTP/1.1" 200 85821 "-" "Mozilla/5.0 (Linux; Android 6.0.1; Nexus 5X Build/MMB29P) AppleWebKit/537.36 (KHTML, like Gecko) Chrome/137.0.7151.103 Mobile Safari/537.36 (compatible; Googlebot/2.1; +http://www.google.com/bot.html)"
66.249.73.96 - - [19/Jul/2025:04:25:02 +0000] "GET /283049883.htm HTTP/1.1" 200 85072 "-" "Mozilla/5.0 (Linux; Android 6.0.1; Nexus 5X Build/MMB29P) AppleWebKit/537.36 (KHTML, like Gecko) Chrome/137.0.7151.103 Mobile Safari/537.36 (compatible; Googlebot/2.1; +http://www.google.com/bot.html)"
66.249.73.96 - - [19/Jul/2025:04:25:27 +0000] "GET /pcmypage?callback=product/review/first23-trusco-5614724 HTTP/1.1" 200 86825 "-" "Mozilla/5.0 (Linux; Android 6.0.1; Nexus 5X Build/MMB29P) AppleWebKit/537.36 (KHTML, like Gecko) Chrome/137.0.7151.103 Mobile Safari/537.36 (compatible; Googlebot/2.1; +http://www.google.com/bot.html)"
66.249.73.96 - - [19/Jul/2025:04:25:28 +0000] "GET /140040068.htm HTTP/1.1" 200 86818 "-" "Mozilla/5.0 (Linux; Android 6.0.1; Nexus 5X Build/MMB29P) AppleWebKit/537.36 (KHTML, like Gecko) Chrome/137.0.7151.103 Mobile Safari/537.36 (compatible; Googlebot/2.1; +http://www.google.com/bot.html)"
20.171.207.99 - - [19/Jul/2025:04:25:29 +0000] "GET /search.php?testify156023427.html HTTP/1.1" 200 87246 "-" "Mozilla/5.0 AppleWebKit/537.36 (KHTML, like Gecko; compatible; GPTBot/1.2; +https://openai.com/gptbot)"
66.249.73.103 - - [19/Jul/2025:04:25:36 +0000] "GET /143003759.htm HTTP/1.1" 200 86531 "-" "Mozilla/5.0 (Linux; Android 6.0.1; Nexus 5X Build/MMB29P) AppleWebKit/537.36 (KHTML, like Gecko) Chrome/137.0.7151.103 Mobile Safari/537.36 (compatible; Googlebot/2.1; +http://www.google.com/bot.html)"
209.74.77.214 - - [19/Jul/2025:04:25:46 +0000] "POST /wp-cron.php?doing_wp_cron=1752899146.7758560180664062500000 HTTP/1.1" 403 33 "-" "WordPress/6.8.2; https://topflowroofingplumbing.com.au"
209.74.77.214 - - [19/Jul/2025:04:25:46 +0000] "POST /wp-cron.php?doing_wp_cron=1752899146.7758560180664062500000 HTTP/1.1" 403 33 "-" "WordPress/6.8.2; https://topflowroofingplumbing.com.au"
2a03:2880:f800:4:: - - [19/Jul/2025:04:25:45 +0000] "GET /shopbrand/261525519 HTTP/1.1" 404 11694 "-" "meta-externalagent/1.1 (+https://developers.facebook.com/docs/sharing/webmasters/crawler)"
2a03:2880:f800:15:: - - [19/Jul/2025:04:25:45 +0000] "GET /shopbrand/88296437 HTTP/1.1" 404 11694 "-" "meta-externalagent/1.1 (+https://developers.facebook.com/docs/sharing/webmasters/crawler)"
2a03:2880:f800:2:: - - [19/Jul/2025:04:25:50 +0000] "GET /shopbrand/180850421 HTTP/1.1" 404 11694 "-" "meta-externalagent/1.1 (+https://developers.facebook.com/docs/sharing/webmasters/crawler)"
66.249.73.96 - - [19/Jul/2025:04:25:58 +0000] "GET /pcmypage?callback=product%2Fdetail%2Fegaos-sakae-pw64ksu HTTP/1.1" 200 85316 "-" "Mozilla/5.0 (Linux; Android 6.0.1; Nexus 5X Build/MMB29P) AppleWebKit/537.36 (KHTML, like Gecko) Chrome/137.0.7151.103 Mobile Safari/537.36 (compatible; Googlebot/2.1; +http://www.google.com/bot.html)"
66.249.73.103 - - [19/Jul/2025:04:26:01 +0000] "GET /077009801.htm HTTP/1.1" 200 85549 "-" "Mozilla/5.0 (Linux; Android 6.0.1; Nexus 5X Build/MMB29P) AppleWebKit/537.36 (KHTML, like Gecko) Chrome/137.0.7151.103 Mobile Safari/537.36 (compatible; Googlebot/2.1; +http://www.google.com/bot.html)"
2a06:98c0:3600::103 - - [19/Jul/2025:04:26:06 +0000] "GET /wp-admin/setup-config.php HTTP/1.1" 404 11694 "-" "Mozilla/5.0 (Windows NT 10.0; Win64; x64) AppleWebKit/537.36 (KHTML, like Gecko) Chrome/137.0.0.0 Safari/537.36"
2a03:2880:f800:d:: - - [19/Jul/2025:04:26:09 +0000] "GET /shopbrand/261492348 HTTP/1.1" 404 11694 "-" "meta-externalagent/1.1 (+https://developers.facebook.com/docs/sharing/webmasters/crawler)"
66.249.73.103 - - [19/Jul/2025:04:26:10 +0000] "GET /pcmypage?callback=product/review/daishinshop-742-00295883 HTTP/1.1" 200 86032 "-" "Mozilla/5.0 (Linux; Android 6.0.1; Nexus 5X Build/MMB29P) AppleWebKit/537.36 (KHTML, like Gecko) Chrome/137.0.7151.103 Mobile Safari/537.36 (compatible; Googlebot/2.1; +http://www.google.com/bot.html)"
66.249.73.103 - - [19/Jul/2025:04:26:14 +0000] "GET /pcmypage?callback=product%2Fdetail%2Fhamaken-kf1-3785765 HTTP/1.1" 200 86018 "-" "Mozilla/5.0 (Linux; Android 6.0.1; Nexus 5X Build/MMB29P) AppleWebKit/537.36 (KHTML, like Gecko) Chrome/137.0.7151.103 Mobile Safari/537.36 (compatible; Googlebot/2.1; +http://www.google.com/bot.html)"
66.249.73.103 - - [19/Jul/2025:04:26:23 +0000] "GET /pcmypage?callback=product/review/hamaken-kf1-3785765 HTTP/1.1" 200 86421 "-" "Mozilla/5.0 (Linux; Android 6.0.1; Nexus 5X Build/MMB29P) AppleWebKit/537.36 (KHTML, like Gecko) Chrome/137.0.7151.103 Mobile Safari/537.36 (compatible; Googlebot/2.1; +http://www.google.com/bot.html)"
2a03:2880:f800:1b:: - - [19/Jul/2025:04:26:25 +0000] "GET /shopbrand/193904532 HTTP/1.1" 404 11694 "-" "meta-externalagent/1.1 (+https://developers.facebook.com/docs/sharing/webmasters/crawler)"
2a03:2880:f800:18:: - - [19/Jul/2025:04:26:27 +0000] "GET /shopbrand/193904806 HTTP/1.1" 404 11694 "-" "meta-externalagent/1.1 (+https://developers.facebook.com/docs/sharing/webmasters/crawler)"
66.249.73.103 - - [19/Jul/2025:04:26:27 +0000] "GET /051035211.htm HTTP/1.1" 200 85532 "-" "Mozilla/5.0 (Linux; Android 6.0.1; Nexus 5X Build/MMB29P) AppleWebKit/537.36 (KHTML, like Gecko) Chrome/137.0.7151.103 Mobile Safari/537.36 (compatible; Googlebot/2.1; +http://www.google.com/bot.html)"
20.171.207.99 - - [19/Jul/2025:04:26:35 +0000] "GET /search.php?tourist215027368.html HTTP/1.1" 200 86272 "-" "Mozilla/5.0 AppleWebKit/537.36 (KHTML, like Gecko; compatible; GPTBot/1.2; +https://openai.com/gptbot)"
66.249.73.103 - - [19/Jul/2025:04:26:36 +0000] "GET /155025463.htm HTTP/1.1" 200 85783 "-" "Mozilla/5.0 (Linux; Android 6.0.1; Nexus 5X Build/MMB29P) AppleWebKit/537.36 (KHTML, like Gecko) Chrome/137.0.7151.103 Mobile Safari/537.36 (compatible; Googlebot/2.1; +http://www.google.com/bot.html)"
66.249.73.96 - - [19/Jul/2025:04:26:40 +0000] "GET /pcmypage?callback=product%2Fdetail%2Fgrams-shop-c3yaamhsfojogv7z4ha5eamevm-gra HTTP/1.1" 200 85662 "-" "Mozilla/5.0 (Linux; Android 6.0.1; Nexus 5X Build/MMB29P) AppleWebKit/537.36 (KHTML, like Gecko) Chrome/137.0.7151.103 Mobile Safari/537.36 (compatible; Googlebot/2.1; +http://www.google.com/bot.html)"
66.249.73.96 - - [19/Jul/2025:04:26:43 +0000] "GET /248016682.htm HTTP/1.1" 200 86343 "-" "Mozilla/5.0 (Linux; Android 6.0.1; Nexus 5X Build/MMB29P) AppleWebKit/537.36 (KHTML, like Gecko) Chrome/137.0.7151.103 Mobile Safari/537.36 (compatible; Googlebot/2.1; +http://www.google.com/bot.html)"
66.249.73.97 - - [19/Jul/2025:04:26:46 +0000] "GET /pcmypage?callback=product/review/sanyoselect-ns9657-1 HTTP/1.1" 200 86532 "-" "Mozilla/5.0 (Linux; Android 6.0.1; Nexus 5X Build/MMB29P) AppleWebKit/537.36 (KHTML, like Gecko) Chrome/137.0.7151.103 Mobile Safari/537.36 (compatible; Googlebot/2.1; +http://www.google.com/bot.html)"
209.74.77.214 - - [19/Jul/2025:04:26:47 +0000] "POST /wp-cron.php?doing_wp_cron=1752899207.6426529884338378906250 HTTP/1.1" 403 33 "-" "WordPress/6.8.2; https://topflowroofingplumbing.com.au"
2a03:2880:f800:15:: - - [19/Jul/2025:04:26:47 +0000] "GET /shopbrand/261464269 HTTP/1.1" 404 11694 "-" "meta-externalagent/1.1 (+https://developers.facebook.com/docs/sharing/webmasters/crawler)"
66.249.73.103 - - [19/Jul/2025:04:26:56 +0000] "GET /054026774.htm HTTP/1.1" 200 86070 "-" "Mozilla/5.0 (Linux; Android 6.0.1; Nexus 5X Build/MMB29P) AppleWebKit/537.36 (KHTML, like Gecko) Chrome/137.0.7151.103 Mobile Safari/537.36 (compatible; Googlebot/2.1; +http://www.google.com/bot.html)"
66.249.73.97 - - [19/Jul/2025:04:26:59 +0000] "GET /054026776.htm HTTP/1.1" 200 86604 "-" "Mozilla/5.0 (Linux; Android 6.0.1; Nexus 5X Build/MMB29P) AppleWebKit/537.36 (KHTML, like Gecko) Chrome/137.0.7151.103 Mobile Safari/537.36 (compatible; Googlebot/2.1; +http://www.google.com/bot.html)"
66.249.73.96 - - [19/Jul/2025:04:27:15 +0000] "GET /178042284.htm HTTP/1.1" 200 85555 "-" "Mozilla/5.0 (Linux; Android 6.0.1; Nexus 5X Build/MMB29P) AppleWebKit/537.36 (KHTML, like Gecko) Chrome/137.0.7151.103 Mobile Safari/537.36 (compatible; Googlebot/2.1; +http://www.google.com/bot.html)"
66.249.73.103 - - [19/Jul/2025:04:27:18 +0000] "GET /097015621.htm HTTP/1.1" 200 86365 "-" "Mozilla/5.0 (Linux; Android 6.0.1; Nexus 5X Build/MMB29P) AppleWebKit/537.36 (KHTML, like Gecko) Chrome/137.0.7151.103 Mobile Safari/537.36 (compatible; Googlebot/2.1; +http://www.google.com/bot.html)"
66.249.73.103 - - [19/Jul/2025:04:27:33 +0000] "GET /127040361.htm HTTP/1.1" 200 86433 "-" "Mozilla/5.0 (Linux; Android 6.0.1; Nexus 5X Build/MMB29P) AppleWebKit/537.36 (KHTML, like Gecko) Chrome/137.0.7151.103 Mobile Safari/537.36 (compatible; Googlebot/2.1; +http://www.google.com/bot.html)"
20.171.207.99 - - [19/Jul/2025:04:27:36 +0000] "GET /search.php?evident063016528.html HTTP/1.1" 200 86339 "-" "Mozilla/5.0 AppleWebKit/537.36 (KHTML, like Gecko; compatible; GPTBot/1.2; +https://openai.com/gptbot)"
66.249.73.96 - - [19/Jul/2025:04:27:43 +0000] "GET /072000440.htm HTTP/1.1" 200 85437 "-" "Mozilla/5.0 (Linux; Android 6.0.1; Nexus 5X Build/MMB29P) AppleWebKit/537.36 (KHTML, like Gecko) Chrome/137.0.7151.103 Mobile Safari/537.36 (compatible; Googlebot/2.1; +http://www.google.com/bot.html)"
66.249.73.103 - - [19/Jul/2025:04:27:46 +0000] "GET /pcmypage?callback=/product%2Fdetail%2Egaos-sakae-pw64ksu HTTP/1.1" 200 86070 "-" "Mozilla/5.0 (Linux; Android 6.0.1; Nexus 5X Build/MMB29P) AppleWebKit/537.36 (KHTML, like Gecko) Chrome/137.0.7151.103 Mobile Safari/537.36 (compatible; Googlebot/2.1; +http://www.google.com/bot.html)"
66.249.73.103 - - [19/Jul/2025:04:27:50 +0000] "GET /072000446.htm HTTP/1.1" 200 87056 "-" "Mozilla/5.0 (Linux; Android 6.0.1; Nexus 5X Build/MMB29P) AppleWebKit/537.36 (KHTML, like Gecko) Chrome/137.0.7151.103 Mobile Safari/537.36 (compatible; Googlebot/2.1; +http://www.google.com/bot.html)"
66.249.73.96 - - [19/Jul/2025:04:27:53 +0000] "GET /165046577.htm HTTP/1.1" 200 86170 "-" "Mozilla/5.0 (Linux; Android 6.0.1; Nexus 5X Build/MMB29P) AppleWebKit/537.36 (KHTML, like Gecko) Chrome/137.0.7151.103 Mobile Safari/537.36 (compatible; Googlebot/2.1; +http://www.google.com/bot.html)"
66.249.73.103 - - [19/Jul/2025:04:28:09 +0000] "GET /pcmypage?callback=product/review/eco-life-r-320812160 HTTP/1.1" 200 85860 "-" "Mozilla/5.0 (Linux; Android 6.0.1; Nexus 5X Build/MMB29P) AppleWebKit/537.36 (KHTML, like Gecko) Chrome/137.0.7151.103 Mobile Safari/537.36 (compatible; Googlebot/2.1; +http://www.google.com/bot.html)"
66.249.73.97 - - [19/Jul/2025:04:28:12 +0000] "GET /085023263.htm HTTP/1.1" 200 86041 "-" "Mozilla/5.0 (Linux; Android 6.0.1; Nexus 5X Build/MMB29P) AppleWebKit/537.36 (KHTML, like Gecko) Chrome/137.0.7151.103 Mobile Safari/537.36 (compatible; Googlebot/2.1; +http://www.google.com/bot.html)"
66.249.73.103 - - [19/Jul/2025:04:28:15 +0000] "GET /274037940.htm HTTP/1.1" 200 86439 "-" "Mozilla/5.0 (Linux; Android 6.0.1; Nexus 5X Build/MMB29P) AppleWebKit/537.36 (KHTML, like Gecko) Chrome/137.0.7151.103 Mobile Safari/537.36 (compatible; Googlebot/2.1; +http://www.google.com/bot.html)"
66.249.73.96 - - [19/Jul/2025:04:28:19 +0000] "GET /061017475.htm HTTP/1.1" 200 86156 "-" "Mozilla/5.0 (Linux; Android 6.0.1; Nexus 5X Build/MMB29P) AppleWebKit/537.36 (KHTML, like Gecko) Chrome/137.0.7151.103 Mobile Safari/537.36 (compatible; Googlebot/2.1; +http://www.google.com/bot.html)"
66.249.73.96 - - [19/Jul/2025:04:28:22 +0000] "GET /255047605.htm HTTP/1.1" 200 86364 "-" "Mozilla/5.0 (Linux; Android 6.0.1; Nexus 5X Build/MMB29P) AppleWebKit/537.36 (KHTML, like Gecko) Chrome/137.0.7151.103 Mobile Safari/537.36 (compatible; Googlebot/2.1; +http://www.google.com/bot.html)"
66.249.73.103 - - [19/Jul/2025:04:28:26 +0000] "GET /057042991.htm HTTP/1.1" 200 86493 "-" "Mozilla/5.0 (Linux; Android 6.0.1; Nexus 5X Build/MMB29P) AppleWebKit/537.36 (KHTML, like Gecko) Chrome/137.0.7151.103 Mobile Safari/537.36 (compatible; Googlebot/2.1; +http://www.google.com/bot.html)"
