66.249.73.96 - - [19/Jul/2025:01:48:41 +0000] "GET /057000981.htm HTTP/1.1" 200 85999 "-" "Mozilla/5.0 (Linux; Android 6.0.1; Nexus 5X Build/MMB29P) AppleWebKit/537.36 (KHTML, like Gecko) Chrome/137.0.7151.103 Mobile Safari/537.36 (compatible; Googlebot/2.1; +http://www.google.com/bot.html)"
20.171.207.99 - - [19/Jul/2025:01:48:52 +0000] "GET /search.php?eyebrow219031704.html HTTP/1.1" 200 87957 "-" "Mozilla/5.0 AppleWebKit/537.36 (KHTML, like Gecko; compatible; GPTBot/1.2; +https://openai.com/gptbot)"
66.249.73.96 - - [19/Jul/2025:01:48:52 +0000] "GET /pcmypage?callback=product/review/ragtag-0701724s0004 HTTP/1.1" 200 85744 "-" "Mozilla/5.0 (Linux; Android 6.0.1; Nexus 5X Build/MMB29P) AppleWebKit/537.36 (KHTML, like Gecko) Chrome/137.0.7151.103 Mobile Safari/537.36 (compatible; Googlebot/2.1; +http://www.google.com/bot.html)"
2a03:2880:f800:f:: - - [19/Jul/2025:01:48:55 +0000] "GET /shopbrand/347503392 HTTP/1.1" 404 11694 "-" "meta-externalagent/1.1 (+https://developers.facebook.com/docs/sharing/webmasters/crawler)"
209.74.77.214 - - [19/Jul/2025:01:49:02 +0000] "POST /wp-cron.php?doing_wp_cron=1752889742.3222310543060302734375 HTTP/1.1" 403 33 "-" "WordPress/6.8.2; https://topflowroofingplumbing.com.au"
2a03:2880:f800:f:: - - [19/Jul/2025:01:49:02 +0000] "GET /shopbrand/347396189 HTTP/1.1" 404 11694 "-" "meta-externalagent/1.1 (+https://developers.facebook.com/docs/sharing/webmasters/crawler)"
66.249.73.96 - - [19/Jul/2025:01:49:02 +0000] "GET /096000906.htm HTTP/1.1" 200 86418 "-" "Mozilla/5.0 (Linux; Android 6.0.1; Nexus 5X Build/MMB29P) AppleWebKit/537.36 (KHTML, like Gecko) Chrome/137.0.7151.103 Mobile Safari/537.36 (compatible; Googlebot/2.1; +http://www.google.com/bot.html)"
2a03:2880:f800:19:: - - [19/Jul/2025:01:49:11 +0000] "GET /shopbrand/67978478 HTTP/1.1" 404 11694 "-" "meta-externalagent/1.1 (+https://developers.facebook.com/docs/sharing/webmasters/crawler)"
2a03:2880:f800:8:: - - [19/Jul/2025:01:49:13 +0000] "GET /shopbrand/347394305 HTTP/1.1" 404 11694 "-" "meta-externalagent/1.1 (+https://developers.facebook.com/docs/sharing/webmasters/crawler)"
66.249.73.103 - - [19/Jul/2025:01:49:14 +0000] "GET /192039592.htm HTTP/1.1" 200 85463 "-" "Mozilla/5.0 (Linux; Android 6.0.1; Nexus 5X Build/MMB29P) AppleWebKit/537.36 (KHTML, like Gecko) Chrome/137.0.7151.103 Mobile Safari/537.36 (compatible; Googlebot/2.1; +http://www.google.com/bot.html)"
2a03:2880:f800:10:: - - [19/Jul/2025:01:49:20 +0000] "GET /shopbrand/67944361 HTTP/1.1" 404 11694 "-" "meta-externalagent/1.1 (+https://developers.facebook.com/docs/sharing/webmasters/crawler)"
66.249.73.103 - - [19/Jul/2025:01:49:26 +0000] "GET /pcmypage?callback=product/review/tai-spo-ba-23-1 HTTP/1.1" 200 86047 "-" "Mozilla/5.0 (Linux; Android 6.0.1; Nexus 5X Build/MMB29P) AppleWebKit/537.36 (KHTML, like Gecko) Chrome/137.0.7151.103 Mobile Safari/537.36 (compatible; Googlebot/2.1; +http://www.google.com/bot.html)"
2a03:2880:f800:11:: - - [19/Jul/2025:01:49:32 +0000] "GET /shopbrand/67902028 HTTP/1.1" 404 11694 "-" "meta-externalagent/1.1 (+https://developers.facebook.com/docs/sharing/webmasters/crawler)"
66.249.73.103 - - [19/Jul/2025:01:49:47 +0000] "GET /140008454.htm HTTP/1.1" 200 86154 "-" "Mozilla/5.0 (Linux; Android 6.0.1; Nexus 5X Build/MMB29P) AppleWebKit/537.36 (KHTML, like Gecko) Chrome/137.0.7151.103 Mobile Safari/537.36 (compatible; Googlebot/2.1; +http://www.google.com/bot.html)"
20.171.207.99 - - [19/Jul/2025:01:49:52 +0000] "GET /search.php?product/edit/tuzukiya-m35-11993 HTTP/1.1" 200 87715 "-" "Mozilla/5.0 AppleWebKit/537.36 (KHTML, like Gecko; compatible; GPTBot/1.2; +https://openai.com/gptbot)"
2a03:2880:f800:f:: - - [19/Jul/2025:01:50:00 +0000] "GET /shopbrand/347519441 HTTP/1.1" 404 11694 "-" "meta-externalagent/1.1 (+https://developers.facebook.com/docs/sharing/webmasters/crawler)"
209.74.77.214 - - [19/Jul/2025:01:50:02 +0000] "POST /wp-cron.php?doing_wp_cron=1752889802.3895769119262695312500 HTTP/1.1" 403 33 "-" "WordPress/6.8.2; https://topflowroofingplumbing.com.au"
2a03:2880:f800:4:: - - [19/Jul/2025:01:50:02 +0000] "GET /shopbrand/67922546 HTTP/1.1" 404 11694 "-" "meta-externalagent/1.1 (+https://developers.facebook.com/docs/sharing/webmasters/crawler)"
2a03:2880:f800:1c:: - - [19/Jul/2025:01:50:13 +0000] "GET /shopbrand/67905104 HTTP/1.1" 404 11694 "-" "meta-externalagent/1.1 (+https://developers.facebook.com/docs/sharing/webmasters/crawler)"
66.249.73.96 - - [19/Jul/2025:01:50:26 +0000] "GET /289023837.htm HTTP/1.1" 200 85820 "-" "Mozilla/5.0 (Linux; Android 6.0.1; Nexus 5X Build/MMB29P) AppleWebKit/537.36 (KHTML, like Gecko) Chrome/137.0.7151.103 Mobile Safari/537.36 (compatible; Googlebot/2.1; +http://www.google.com/bot.html)"
66.249.73.103 - - [19/Jul/2025:01:50:37 +0000] "GET /pcmypage?callback=/product%2Fdetail%2iryosyoku-alpharice-shiro50 HTTP/1.1" 200 85752 "-" "Mozilla/5.0 (Linux; Android 6.0.1; Nexus 5X Build/MMB29P) AppleWebKit/537.36 (KHTML, like Gecko) Chrome/137.0.7151.103 Mobile Safari/537.36 (compatible; Googlebot/2.1; +http://www.google.com/bot.html)"
66.249.73.103 - - [19/Jul/2025:01:50:50 +0000] "GET /pcmypage?callback=product%2Fdetail%2Ftai-spo-ba-23-1 HTTP/1.1" 200 86087 "-" "Mozilla/5.0 (Linux; Android 6.0.1; Nexus 5X Build/MMB29P) AppleWebKit/537.36 (KHTML, like Gecko) Chrome/137.0.7151.103 Mobile Safari/537.36 (compatible; Googlebot/2.1; +http://www.google.com/bot.html)"
20.171.207.99 - - [19/Jul/2025:01:50:53 +0000] "GET /search.php?items%2F054000885.html%3Fsrsltid=AfmBOoplxdXXQOVDBTQoN2mEBvzgCKtvenTYoE0MfGWL1WgtLGXB HTTP/1.1" 200 86828 "-" "Mozilla/5.0 AppleWebKit/537.36 (KHTML, like Gecko; compatible; GPTBot/1.2; +https://openai.com/gptbot)"
66.249.73.97 - - [19/Jul/2025:01:51:11 +0000] "GET /category/appliances-blog/ HTTP/1.1" 200 86073 "-" "Mozilla/5.0 (Linux; Android 6.0.1; Nexus 5X Build/MMB29P) AppleWebKit/537.36 (KHTML, like Gecko) Chrome/137.0.7151.103 Mobile Safari/537.36 (compatible; Googlebot/2.1; +http://www.google.com/bot.html)"
66.249.73.103 - - [19/Jul/2025:01:51:11 +0000] "GET /pcmypage?callback=/product%2Fdetail%2tai-spo-ba-23-1 HTTP/1.1" 200 86267 "-" "Mozilla/5.0 (Linux; Android 6.0.1; Nexus 5X Build/MMB29P) AppleWebKit/537.36 (KHTML, like Gecko) Chrome/137.0.7151.103 Mobile Safari/537.36 (compatible; Googlebot/2.1; +http://www.google.com/bot.html)"
209.74.77.214 - - [19/Jul/2025:01:51:51 +0000] "POST /wp-cron.php?doing_wp_cron=1752889910.8712100982666015625000 HTTP/1.1" 403 33 "-" "WordPress/6.8.2; https://topflowroofingplumbing.com.au"
2a03:2880:f800:12:: - - [19/Jul/2025:01:51:49 +0000] "GET /shopbrand/67986027 HTTP/1.1" 404 11694 "-" "meta-externalagent/1.1 (+https://developers.facebook.com/docs/sharing/webmasters/crawler)"
20.171.207.99 - - [19/Jul/2025:01:51:53 +0000] "GET /search.php?product/edit/auc-kobefm-437062 HTTP/1.1" 200 86987 "-" "Mozilla/5.0 AppleWebKit/537.36 (KHTML, like Gecko; compatible; GPTBot/1.2; +https://openai.com/gptbot)"
2a03:2880:f800:1d:: - - [19/Jul/2025:01:52:07 +0000] "GET /shopbrand/67978818 HTTP/1.1" 404 11694 "-" "meta-externalagent/1.1 (+https://developers.facebook.com/docs/sharing/webmasters/crawler)"
66.249.73.97 - - [19/Jul/2025:01:52:08 +0000] "GET /118024524.htm HTTP/1.1" 200 86204 "-" "Mozilla/5.0 (Linux; Android 6.0.1; Nexus 5X Build/MMB29P) AppleWebKit/537.36 (KHTML, like Gecko) Chrome/137.0.7151.103 Mobile Safari/537.36 (compatible; Googlebot/2.1; +http://www.google.com/bot.html)"
2a03:2880:f800:19:: - - [19/Jul/2025:01:52:16 +0000] "GET /shopbrand/67932783 HTTP/1.1" 404 11694 "-" "meta-externalagent/1.1 (+https://developers.facebook.com/docs/sharing/webmasters/crawler)"
2a03:2880:f800:1b:: - - [19/Jul/2025:01:52:25 +0000] "GET /shopbrand/67906246 HTTP/1.1" 404 11694 "-" "meta-externalagent/1.1 (+https://developers.facebook.com/docs/sharing/webmasters/crawler)"
66.249.73.103 - - [19/Jul/2025:01:52:45 +0000] "GET /051000607.htm HTTP/1.1" 200 87149 "-" "Mozilla/5.0 (Linux; Android 6.0.1; Nexus 5X Build/MMB29P) AppleWebKit/537.36 (KHTML, like Gecko) Chrome/137.0.7151.103 Mobile Safari/537.36 (compatible; Googlebot/2.1; +http://www.google.com/bot.html)"
66.249.73.96 - - [19/Jul/2025:01:52:45 +0000] "GET /shopdetail/515070052 HTTP/1.1" 200 85507 "-" "Mozilla/5.0 (Linux; Android 6.0.1; Nexus 5X Build/MMB29P) AppleWebKit/537.36 (KHTML, like Gecko) Chrome/137.0.7151.103 Mobile Safari/537.36 (compatible; Googlebot/2.1; +http://www.google.com/bot.html)"
20.171.207.99 - - [19/Jul/2025:01:52:54 +0000] "GET /search.php?tension193042574.html HTTP/1.1" 200 86807 "-" "Mozilla/5.0 AppleWebKit/537.36 (KHTML, like Gecko; compatible; GPTBot/1.2; +https://openai.com/gptbot)"
2a03:2880:2ff:8:: - - [19/Jul/2025:01:53:02 +0000] "GET /robots.txt HTTP/1.1" 200 140 "-" "facebookexternalhit/1.1 (+http://www.facebook.com/externalhit_uatext.php)"
66.249.73.96 - - [19/Jul/2025:01:53:14 +0000] "GET /051000609.htm HTTP/1.1" 200 86572 "-" "Mozilla/5.0 (Linux; Android 6.0.1; Nexus 5X Build/MMB29P) AppleWebKit/537.36 (KHTML, like Gecko) Chrome/137.0.7151.103 Mobile Safari/537.36 (compatible; Googlebot/2.1; +http://www.google.com/bot.html)"
2a03:2880:22ff:2:: - - [19/Jul/2025:01:53:20 +0000] "GET /robots.txt HTTP/1.1" 304 - "-" "facebookexternalhit/1.1 (+http://www.facebook.com/externalhit_uatext.php)"
209.74.77.214 - - [19/Jul/2025:01:53:21 +0000] "POST /wp-cron.php?doing_wp_cron=1752890001.3782629966735839843750 HTTP/1.1" 403 33 "-" "WordPress/6.8.2; https://topflowroofingplumbing.com.au"
2a03:2880:f800:b:: - - [19/Jul/2025:01:53:21 +0000] "GET /shopbrand/67966103 HTTP/1.1" 404 11694 "-" "meta-externalagent/1.1 (+https://developers.facebook.com/docs/sharing/webmasters/crawler)"
51.222.253.7 - - [19/Jul/2025:01:53:25 +0000] "GET /shopbrand/806566 HTTP/1.1" 404 11694 "-" "Mozilla/5.0 (compatible; AhrefsBot/7.0; +http://ahrefs.com/robot/)"
66.249.73.96 - - [19/Jul/2025:01:53:25 +0000] "GET /165016435.htm HTTP/1.1" 200 85951 "-" "Mozilla/5.0 (Linux; Android 6.0.1; Nexus 5X Build/MMB29P) AppleWebKit/537.36 (KHTML, like Gecko) Chrome/137.0.7151.103 Mobile Safari/537.36 (compatible; Googlebot/2.1; +http://www.google.com/bot.html)"
66.249.73.103 - - [19/Jul/2025:01:53:30 +0000] "GET /203003325.htm HTTP/1.1" 200 86244 "-" "Mozilla/5.0 (Linux; Android 6.0.1; Nexus 5X Build/MMB29P) AppleWebKit/537.36 (KHTML, like Gecko) Chrome/137.0.7151.103 Mobile Safari/537.36 (compatible; Googlebot/2.1; +http://www.google.com/bot.html)"
66.249.73.103 - - [19/Jul/2025:01:53:35 +0000] "GET /pcmypage?callback=product/review/bike-mainte-s12-01-05-8834-000214 HTTP/1.1" 200 86040 "-" "Mozilla/5.0 (Linux; Android 6.0.1; Nexus 5X Build/MMB29P) AppleWebKit/537.36 (KHTML, like Gecko) Chrome/137.0.7151.103 Mobile Safari/537.36 (compatible; Googlebot/2.1; +http://www.google.com/bot.html)"
2a03:2880:2ff:5:: - - [19/Jul/2025:01:53:38 +0000] "GET /robots.txt HTTP/1.1" 200 140 "-" "facebookexternalhit/1.1 (+http://www.facebook.com/externalhit_uatext.php)"
2a03:2880:f800:f:: - - [19/Jul/2025:01:53:42 +0000] "GET /shopbrand/67950803 HTTP/1.1" 404 11694 "-" "meta-externalagent/1.1 (+https://developers.facebook.com/docs/sharing/webmasters/crawler)"
2a03:2880:2ff:44:: - - [19/Jul/2025:01:53:45 +0000] "GET /robots.txt HTTP/1.1" 200 140 "-" "facebookexternalhit/1.1 (+http://www.facebook.com/externalhit_uatext.php)"
2a03:2880:2ff:46:: - - [19/Jul/2025:01:53:52 +0000] "GET /robots.txt HTTP/1.1" 200 140 "-" "facebookexternalhit/1.1 (+http://www.facebook.com/externalhit_uatext.php)"
2a03:2880:f800:3:: - - [19/Jul/2025:01:53:52 +0000] "GET /shopbrand/67970554 HTTP/1.1" 404 11694 "-" "meta-externalagent/1.1 (+https://developers.facebook.com/docs/sharing/webmasters/crawler)"
2a03:2880:2ff:73:: - - [19/Jul/2025:01:53:53 +0000] "GET /robots.txt HTTP/1.1" 304 - "-" "facebookexternalhit/1.1 (+http://www.facebook.com/externalhit_uatext.php)"
20.171.207.99 - - [19/Jul/2025:01:53:57 +0000] "GET /search.php?dialogue138029221.html HTTP/1.1" 200 87154 "-" "Mozilla/5.0 AppleWebKit/537.36 (KHTML, like Gecko; compatible; GPTBot/1.2; +https://openai.com/gptbot)"
2a03:2880:f800:9:: - - [19/Jul/2025:01:53:59 +0000] "GET /shopbrand/67909322 HTTP/1.1" 404 11694 "-" "meta-externalagent/1.1 (+https://developers.facebook.com/docs/sharing/webmasters/crawler)"
2a03:2880:f800:f:: - - [19/Jul/2025:01:54:00 +0000] "GET /shopbrand/67997621 HTTP/1.1" 404 11694 "-" "meta-externalagent/1.1 (+https://developers.facebook.com/docs/sharing/webmasters/crawler)"
2a03:2880:f800:12:: - - [19/Jul/2025:01:54:15 +0000] "GET /shopbrand/67907691 HTTP/1.1" 404 11694 "-" "meta-externalagent/1.1 (+https://developers.facebook.com/docs/sharing/webmasters/crawler)"
2a03:2880:13ff:3:: - - [19/Jul/2025:01:54:16 +0000] "GET /robots.txt HTTP/1.1" 304 - "-" "facebookexternalhit/1.1 (+http://www.facebook.com/externalhit_uatext.php)"
2a03:2880:f800:: - - [19/Jul/2025:01:54:17 +0000] "GET /shopbrand/67984223 HTTP/1.1" 404 11694 "-" "meta-externalagent/1.1 (+https://developers.facebook.com/docs/sharing/webmasters/crawler)"
66.249.73.96 - - [19/Jul/2025:01:54:22 +0000] "GET /096000904.htm HTTP/1.1" 200 86200 "-" "Mozilla/5.0 (Linux; Android 6.0.1; Nexus 5X Build/MMB29P) AppleWebKit/537.36 (KHTML, like Gecko) Chrome/137.0.7151.103 Mobile Safari/537.36 (compatible; Googlebot/2.1; +http://www.google.com/bot.html)"
66.249.73.96 - - [19/Jul/2025:01:54:35 +0000] "GET /017000537.htm HTTP/1.1" 200 85767 "-" "Mozilla/5.0 (Linux; Android 6.0.1; Nexus 5X Build/MMB29P) AppleWebKit/537.36 (KHTML, like Gecko) Chrome/137.0.7151.103 Mobile Safari/537.36 (compatible; Googlebot/2.1; +http://www.google.com/bot.html)"
209.74.77.214 - - [19/Jul/2025:01:54:40 +0000] "POST /wp-cron.php?doing_wp_cron=1752890080.4784610271453857421875 HTTP/1.1" 403 33 "-" "WordPress/6.8.2; https://topflowroofingplumbing.com.au"
2a03:2880:f800:1a:: - - [19/Jul/2025:01:54:40 +0000] "GET /shopbrand/67914985 HTTP/1.1" 404 11694 "-" "meta-externalagent/1.1 (+https://developers.facebook.com/docs/sharing/webmasters/crawler)"
2a03:2880:f800:3:: - - [19/Jul/2025:01:54:42 +0000] "GET /shopbrand/347434590 HTTP/1.1" 404 11694 "-" "meta-externalagent/1.1 (+https://developers.facebook.com/docs/sharing/webmasters/crawler)"
66.249.73.103 - - [19/Jul/2025:01:54:45 +0000] "GET /175029669.htm HTTP/1.1" 200 86457 "-" "Mozilla/5.0 (Linux; Android 6.0.1; Nexus 5X Build/MMB29P) AppleWebKit/537.36 (KHTML, like Gecko) Chrome/137.0.7151.103 Mobile Safari/537.36 (compatible; Googlebot/2.1; +http://www.google.com/bot.html)"
2a03:2880:f800:e:: - - [19/Jul/2025:01:54:53 +0000] "GET /shopbrand/67937405 HTTP/1.1" 404 11694 "-" "meta-externalagent/1.1 (+https://developers.facebook.com/docs/sharing/webmasters/crawler)"
66.249.73.103 - - [19/Jul/2025:01:54:56 +0000] "GET /pcmypage?callback=/product%2Fdetail%2kaientai-tnob-5205333 HTTP/1.1" 200 87013 "-" "Mozilla/5.0 (Linux; Android 6.0.1; Nexus 5X Build/MMB29P) AppleWebKit/537.36 (KHTML, like Gecko) Chrome/137.0.7151.103 Mobile Safari/537.36 (compatible; Googlebot/2.1; +http://www.google.com/bot.html)"
20.171.207.99 - - [19/Jul/2025:01:54:58 +0000] "GET /search.php?missing259034608.html HTTP/1.1" 200 86882 "-" "Mozilla/5.0 AppleWebKit/537.36 (KHTML, like Gecko; compatible; GPTBot/1.2; +https://openai.com/gptbot)"
2a03:2880:f800:8:: - - [19/Jul/2025:01:55:06 +0000] "GET /shopbrand/68003280 HTTP/1.1" 404 11694 "-" "meta-externalagent/1.1 (+https://developers.facebook.com/docs/sharing/webmasters/crawler)"
66.249.73.103 - - [19/Jul/2025:01:55:06 +0000] "GET /pcmypage?callback=/product%2Fdetail%2trinity-trust-2000170 HTTP/1.1" 200 85307 "-" "Mozilla/5.0 (Linux; Android 6.0.1; Nexus 5X Build/MMB29P) AppleWebKit/537.36 (KHTML, like Gecko) Chrome/137.0.7151.103 Mobile Safari/537.36 (compatible; Googlebot/2.1; +http://www.google.com/bot.html)"
66.249.73.96 - - [19/Jul/2025:01:55:17 +0000] "GET /pcmypage?callback=product/review/kaientai-tnob-5205333 HTTP/1.1" 200 86691 "-" "Mozilla/5.0 (Linux; Android 6.0.1; Nexus 5X Build/MMB29P) AppleWebKit/537.36 (KHTML, like Gecko) Chrome/137.0.7151.103 Mobile Safari/537.36 (compatible; Googlebot/2.1; +http://www.google.com/bot.html)"
2a03:2880:f800:1a:: - - [19/Jul/2025:01:55:20 +0000] "GET /shopbrand/347412615 HTTP/1.1" 404 11694 "-" "meta-externalagent/1.1 (+https://developers.facebook.com/docs/sharing/webmasters/crawler)"
2a03:2880:f800:b:: - - [19/Jul/2025:01:55:27 +0000] "GET /shopbrand/67967544 HTTP/1.1" 404 11694 "-" "meta-externalagent/1.1 (+https://developers.facebook.com/docs/sharing/webmasters/crawler)"
66.249.73.103 - - [19/Jul/2025:01:55:27 +0000] "GET /070036700.htm HTTP/1.1" 200 85658 "-" "Mozilla/5.0 (Linux; Android 6.0.1; Nexus 5X Build/MMB29P) AppleWebKit/537.36 (KHTML, like Gecko) Chrome/137.0.7151.103 Mobile Safari/537.36 (compatible; Googlebot/2.1; +http://www.google.com/bot.html)"
66.249.90.39 - - [19/Jul/2025:01:55:36 +0000] "GET /game.html HTTP/1.1" 404 11694 "-" "Mozilla/5.0 (X11; Linux x86_64) AppleWebKit/537.36 (KHTML, like Gecko) Chrome/137.0.7151.119 Safari/537.36"
66.249.90.39 - - [19/Jul/2025:01:55:37 +0000] "GET /wp-content/themes/homlane/assets/css/flaticon.css?ver=6.8.2 HTTP/1.1" 200 1092 "https://topflowroofingplumbing.com.au/game.html" "Mozilla/5.0 (X11; Linux x86_64) AppleWebKit/537.36 (KHTML, like Gecko) Chrome/137.0.7151.119 Safari/537.36"
66.249.90.39 - - [19/Jul/2025:01:55:37 +0000] "GET /wp-content/themes/homlane/assets/css/imp.css?ver=6.8.2 HTTP/1.1" 200 2418 "https://topflowroofingplumbing.com.au/game.html" "Mozilla/5.0 (X11; Linux x86_64) AppleWebKit/537.36 (KHTML, like Gecko) Chrome/137.0.7151.119 Safari/537.36"
66.249.90.39 - - [19/Jul/2025:01:55:37 +0000] "GET /wp-content/themes/homlane/assets/css/fontawesome-all.css?ver=6.8.2 HTTP/1.1" 200 6500 "https://topflowroofingplumbing.com.au/game.html" "Mozilla/5.0 (X11; Linux x86_64) AppleWebKit/537.36 (KHTML, like Gecko) Chrome/137.0.7151.119 Safari/537.36"
66.249.90.39 - - [19/Jul/2025:01:55:37 +0000] "GET /wp-includes/css/dist/block-library/style.min.css?ver=6.8.2 HTTP/1.1" 200 15315 "https://topflowroofingplumbing.com.au/game.html" "Mozilla/5.0 (X11; Linux x86_64) AppleWebKit/537.36 (KHTML, like Gecko) Chrome/137.0.7151.119 Safari/537.36"
66.249.90.39 - - [19/Jul/2025:01:55:37 +0000] "GET /wp-content/themes/homlane/assets/css/nouislider.pips.css?ver=6.8.2 HTTP/1.1" 200 454 "https://topflowroofingplumbing.com.au/game.html" "Mozilla/5.0 (X11; Linux x86_64) AppleWebKit/537.36 (KHTML, like Gecko) Chrome/137.0.7151.119 Safari/537.36"
66.249.90.39 - - [19/Jul/2025:01:55:38 +0000] "GET /wp-content/themes/homlane/assets/css/custom-animate.css?ver=6.8.2 HTTP/1.1" 200 1619 "https://topflowroofingplumbing.com.au/game.html" "Mozilla/5.0 (X11; Linux x86_64) AppleWebKit/537.36 (KHTML, like Gecko) Chrome/137.0.7151.119 Safari/537.36"
66.249.90.39 - - [19/Jul/2025:01:55:38 +0000] "GET /wp-content/themes/homlane/assets/css/style-2.css?ver=6.8.2 HTTP/1.1" 200 49588 "https://topflowroofingplumbing.com.au/game.html" "Mozilla/5.0 (X11; Linux x86_64) AppleWebKit/537.36 (KHTML, like Gecko) Chrome/137.0.7151.119 Safari/537.36"
66.249.90.39 - - [19/Jul/2025:01:55:38 +0000] "GET /wp-content/themes/homlane/assets/css/style.css?ver=6.8.2 HTTP/1.1" 200 23029 "https://topflowroofingplumbing.com.au/game.html" "Mozilla/5.0 (X11; Linux x86_64) AppleWebKit/537.36 (KHTML, like Gecko) Chrome/137.0.7151.119 Safari/537.36"
66.249.90.39 - - [19/Jul/2025:01:55:38 +0000] "GET /wp-content/themes/homlane/assets/css/rtl.css?ver=6.8.2 HTTP/1.1" 200 290 "https://topflowroofingplumbing.com.au/game.html" "Mozilla/5.0 (X11; Linux x86_64) AppleWebKit/537.36 (KHTML, like Gecko) Chrome/137.0.7151.119 Safari/537.36"
66.249.90.39 - - [19/Jul/2025:01:55:38 +0000] "GET /wp-content/plugins/leadconnector/public/js/lc-public.js?ver=3.0.10.1 HTTP/1.1" 200 1322 "https://topflowroofingplumbing.com.au/game.html" "Mozilla/5.0 (X11; Linux x86_64) AppleWebKit/537.36 (KHTML, like Gecko) Chrome/137.0.7151.119 Safari/537.36"
66.249.90.39 - - [19/Jul/2025:01:55:38 +0000] "GET /wp-content/themes/homlane/assets/css/magnific-popup.css?ver=6.8.2 HTTP/1.1" 200 1874 "https://topflowroofingplumbing.com.au/game.html" "Mozilla/5.0 (X11; Linux x86_64) AppleWebKit/537.36 (KHTML, like Gecko) Chrome/137.0.7151.119 Safari/537.36"
66.249.90.39 - - [19/Jul/2025:01:55:39 +0000] "GET /wp-includes/js/jquery/jquery-migrate.min.js?ver=3.4.1 HTTP/1.1" 200 4872 "https://topflowroofingplumbing.com.au/game.html" "Mozilla/5.0 (X11; Linux x86_64) AppleWebKit/537.36 (KHTML, like Gecko) Chrome/137.0.7151.119 Safari/537.36"
66.249.90.39 - - [19/Jul/2025:01:55:39 +0000] "GET /wp-content/themes/homlane/assets/css/owl.css?ver=6.8.2 HTTP/1.1" 200 1392 "https://topflowroofingplumbing.com.au/game.html" "Mozilla/5.0 (X11; Linux x86_64) AppleWebKit/537.36 (KHTML, like Gecko) Chrome/137.0.7151.119 Safari/537.36"
66.249.90.39 - - [19/Jul/2025:01:55:39 +0000] "GET /wp-content/themes/homlane/assets/css/flaticon-2.css?ver=6.8.2 HTTP/1.1" 200 1431 "https://topflowroofingplumbing.com.au/game.html" "Mozilla/5.0 (X11; Linux x86_64) AppleWebKit/537.36 (KHTML, like Gecko) Chrome/137.0.7151.119 Safari/537.36"
66.249.90.39 - - [19/Jul/2025:01:55:39 +0000] "GET /wp-content/themes/homlane/assets/css/custom.css?ver=6.8.2 HTTP/1.1" 200 4312 "https://topflowroofingplumbing.com.au/game.html" "Mozilla/5.0 (X11; Linux x86_64) AppleWebKit/537.36 (KHTML, like Gecko) Chrome/137.0.7151.119 Safari/537.36"
66.249.90.39 - - [19/Jul/2025:01:55:40 +0000] "GET /wp-content/themes/homlane-child/style.css?ver=6.8.2 HTTP/1.1" 200 180 "https://topflowroofingplumbing.com.au/game.html" "Mozilla/5.0 (X11; Linux x86_64) AppleWebKit/537.36 (KHTML, like Gecko) Chrome/137.0.7151.119 Safari/537.36"
66.249.90.39 - - [19/Jul/2025:01:55:40 +0000] "GET /wp-content/themes/homlane/assets/css/icomoon.css?ver=6.8.2 HTTP/1.1" 200 1023 "https://topflowroofingplumbing.com.au/game.html" "Mozilla/5.0 (X11; Linux x86_64) AppleWebKit/537.36 (KHTML, like Gecko) Chrome/137.0.7151.119 Safari/537.36"
66.249.90.39 - - [19/Jul/2025:01:55:40 +0000] "GET /wp-content/themes/homlane/assets/css/timePicker.css?ver=6.8.2 HTTP/1.1" 200 1080 "https://topflowroofingplumbing.com.au/game.html" "Mozilla/5.0 (X11; Linux x86_64) AppleWebKit/537.36 (KHTML, like Gecko) Chrome/137.0.7151.119 Safari/537.36"
66.249.90.39 - - [19/Jul/2025:01:55:40 +0000] "GET /wp-content/themes/homlane/assets/css/scrollbar.css?ver=6.8.2 HTTP/1.1" 200 3977 "https://topflowroofingplumbing.com.au/game.html" "Mozilla/5.0 (X11; Linux x86_64) AppleWebKit/537.36 (KHTML, like Gecko) Chrome/137.0.7151.119 Safari/537.36"
66.249.90.39 - - [19/Jul/2025:01:55:41 +0000] "GET /wp-content/themes/homlane/assets/css/hiddenbar.css?ver=6.8.2 HTTP/1.1" 200 916 "https://topflowroofingplumbing.com.au/game.html" "Mozilla/5.0 (X11; Linux x86_64) AppleWebKit/537.36 (KHTML, like Gecko) Chrome/137.0.7151.119 Safari/537.36"
66.249.90.32 - - [19/Jul/2025:01:55:41 +0000] "GET /wp-content/uploads/2024/11/TOPFL-dW.png HTTP/1.1" 304 - "https://topflowroofingplumbing.com.au/game.html" "Mozilla/5.0 (X11; Linux x86_64) AppleWebKit/537.36 (KHTML, like Gecko) Chrome/137.0.7151.119 Safari/537.36"
66.249.90.39 - - [19/Jul/2025:01:55:41 +0000] "GET /wp-content/themes/homlane/assets/css/bootstrap.min.css?ver=6.8.2 HTTP/1.1" 200 22985 "https://topflowroofingplumbing.com.au/game.html" "Mozilla/5.0 (X11; Linux x86_64) AppleWebKit/537.36 (KHTML, like Gecko) Chrome/137.0.7151.119 Safari/537.36"
66.249.90.39 - - [19/Jul/2025:01:55:41 +0000] "GET /wp-content/themes/homlane/assets/css/color/theme-color.css?ver=6.8.2 HTTP/1.1" 200 16 "https://topflowroofingplumbing.com.au/game.html" "Mozilla/5.0 (X11; Linux x86_64) AppleWebKit/537.36 (KHTML, like Gecko) Chrome/137.0.7151.119 Safari/537.36"
66.249.90.39 - - [19/Jul/2025:01:55:41 +0000] "GET /wp-content/themes/homlane/assets/css/jquery.mCustomScrollbar.min.css?ver=6.8.2 HTTP/1.1" 200 3977 "https://topflowroofingplumbing.com.au/game.html" "Mozilla/5.0 (X11; Linux x86_64) AppleWebKit/537.36 (KHTML, like Gecko) Chrome/137.0.7151.119 Safari/537.36"
66.249.90.32 - - [19/Jul/2025:01:55:42 +0000] "GET /wp-includes/css/dashicons.min.css?ver=6.8.2 HTTP/1.1" 200 35730 "https://topflowroofingplumbing.com.au/game.html" "Mozilla/5.0 (X11; Linux x86_64) AppleWebKit/537.36 (KHTML, like Gecko) Chrome/137.0.7151.119 Safari/537.36"
66.249.90.39 - - [19/Jul/2025:01:55:42 +0000] "GET /wp-content/themes/homlane/assets/images-2/icons/icon-80.png HTTP/1.1" 200 1490 "https://topflowroofingplumbing.com.au/game.html" "Mozilla/5.0 (X11; Linux x86_64) AppleWebKit/537.36 (KHTML, like Gecko) Chrome/137.0.7151.119 Safari/537.36"
66.249.90.39 - - [19/Jul/2025:01:55:42 +0000] "GET /wp-content/themes/homlane/style.css?ver=6.8.2 HTTP/1.1" 200 1121 "https://topflowroofingplumbing.com.au/game.html" "Mozilla/5.0 (X11; Linux x86_64) AppleWebKit/537.36 (KHTML, like Gecko) Chrome/137.0.7151.119 Safari/537.36"
66.249.90.32 - - [19/Jul/2025:01:55:42 +0000] "GET /wp-content/themes/homlane/assets/css/animate.css?ver=6.8.2 HTTP/1.1" 200 4681 "https://topflowroofingplumbing.com.au/game.html" "Mozilla/5.0 (X11; Linux x86_64) AppleWebKit/537.36 (KHTML, like Gecko) Chrome/137.0.7151.119 Safari/537.36"
66.249.90.39 - - [19/Jul/2025:01:55:43 +0000] "GET /wp-content/themes/homlane/assets/css/jquery-ui.css?ver=6.8.2 HTTP/1.1" 200 8461 "https://topflowroofingplumbing.com.au/game.html" "Mozilla/5.0 (X11; Linux x86_64) AppleWebKit/537.36 (KHTML, like Gecko) Chrome/137.0.7151.119 Safari/537.36"
66.249.90.39 - - [19/Jul/2025:01:55:43 +0000] "GET /wp-content/themes/homlane/assets/css/jquery.bootstrap-touchspin.css?ver=6.8.2 HTTP/1.1" 200 306 "https://topflowroofingplumbing.com.au/game.html" "Mozilla/5.0 (X11; Linux x86_64) AppleWebKit/537.36 (KHTML, like Gecko) Chrome/137.0.7151.119 Safari/537.36"
66.249.90.39 - - [19/Jul/2025:01:55:43 +0000] "GET /wp-content/themes/homlane/assets/css/color.css?ver=6.8.2 HTTP/1.1" 200 - "https://topflowroofingplumbing.com.au/game.html" "Mozilla/5.0 (X11; Linux x86_64) AppleWebKit/537.36 (KHTML, like Gecko) Chrome/137.0.7151.119 Safari/537.36"
66.249.90.39 - - [19/Jul/2025:01:55:43 +0000] "GET /wp-content/plugins/contact-form-7/includes/css/styles.css?ver=6.1 HTTP/1.1" 200 1031 "https://topflowroofingplumbing.com.au/game.html" "Mozilla/5.0 (X11; Linux x86_64) AppleWebKit/537.36 (KHTML, like Gecko) Chrome/137.0.7151.119 Safari/537.36"
66.249.90.39 - - [19/Jul/2025:01:55:43 +0000] "GET /wp-content/themes/homlane/assets/css/tinyscrollbar.css?ver=6.8.2 HTTP/1.1" 200 - "https://topflowroofingplumbing.com.au/game.html" "Mozilla/5.0 (X11; Linux x86_64) AppleWebKit/537.36 (KHTML, like Gecko) Chrome/137.0.7151.119 Safari/537.36"
66.249.90.39 - - [19/Jul/2025:01:55:44 +0000] "GET /wp-content/themes/homlane/assets/css/bootstrap-select.min.css?ver=6.8.2 HTTP/1.1" 200 2001 "https://topflowroofingplumbing.com.au/game.html" "Mozilla/5.0 (X11; Linux x86_64) AppleWebKit/537.36 (KHTML, like Gecko) Chrome/137.0.7151.119 Safari/537.36"
66.249.90.39 - - [19/Jul/2025:01:55:44 +0000] "GET /wp-content/themes/homlane/assets/css/twentytwenty.css?ver=6.8.2 HTTP/1.1" 200 1077 "https://topflowroofingplumbing.com.au/game.html" "Mozilla/5.0 (X11; Linux x86_64) AppleWebKit/537.36 (KHTML, like Gecko) Chrome/137.0.7151.119 Safari/537.36"
66.249.90.32 - - [19/Jul/2025:01:55:44 +0000] "GET /wp-content/themes/homlane/assets/css/jquery.fancybox.min.css?ver=6.8.2 HTTP/1.1" 200 3155 "https://topflowroofingplumbing.com.au/game.html" "Mozilla/5.0 (X11; Linux x86_64) AppleWebKit/537.36 (KHTML, like Gecko) Chrome/137.0.7151.119 Safari/537.36"
66.249.90.32 - - [19/Jul/2025:01:55:44 +0000] "GET /wp-content/themes/homlane/assets/css/color-2.css?ver=6.8.2 HTTP/1.1" 200 3972 "https://topflowroofingplumbing.com.au/game.html" "Mozilla/5.0 (X11; Linux x86_64) AppleWebKit/537.36 (KHTML, like Gecko) Chrome/137.0.7151.119 Safari/537.36"
66.249.90.39 - - [19/Jul/2025:01:55:44 +0000] "GET /wp-content/themes/homlane/assets/css/aos.css?ver=6.8.2 HTTP/1.1" 200 2236 "https://topflowroofingplumbing.com.au/game.html" "Mozilla/5.0 (X11; Linux x86_64) AppleWebKit/537.36 (KHTML, like Gecko) Chrome/137.0.7151.119 Safari/537.36"
66.249.90.32 - - [19/Jul/2025:01:55:45 +0000] "GET /wp-includes/js/dist/hooks.min.js?ver=4d63a3d491d11ffd8ac6 HTTP/1.1" 200 1648 "https://topflowroofingplumbing.com.au/game.html" "Mozilla/5.0 (X11; Linux x86_64) AppleWebKit/537.36 (KHTML, like Gecko) Chrome/137.0.7151.119 Safari/537.36"
66.249.90.32 - - [19/Jul/2025:01:55:45 +0000] "GET /wp-content/plugins/contact-form-7/includes/js/index.js?ver=6.1 HTTP/1.1" 200 4265 "https://topflowroofingplumbing.com.au/game.html" "Mozilla/5.0 (X11; Linux x86_64) AppleWebKit/537.36 (KHTML, like Gecko) Chrome/137.0.7151.119 Safari/537.36"
66.249.90.39 - - [19/Jul/2025:01:55:45 +0000] "GET /wp-content/themes/homlane/assets/js/aos.js?ver=2.1.2 HTTP/1.1" 200 4503 "https://topflowroofingplumbing.com.au/game.html" "Mozilla/5.0 (X11; Linux x86_64) AppleWebKit/537.36 (KHTML, like Gecko) Chrome/137.0.7151.119 Safari/537.36"
66.249.90.39 - - [19/Jul/2025:01:55:45 +0000] "GET /wp-content/themes/homlane/assets/js/nouislider.js?ver=2.1.2 HTTP/1.1" 200 5312 "https://topflowroofingplumbing.com.au/game.html" "Mozilla/5.0 (X11; Linux x86_64) AppleWebKit/537.36 (KHTML, like Gecko) Chrome/137.0.7151.119 Safari/537.36"
66.249.90.32 - - [19/Jul/2025:01:55:45 +0000] "GET /wp-content/themes/homlane/assets/js/owl.js?ver=2.1.2 HTTP/1.1" 200 20223 "https://topflowroofingplumbing.com.au/game.html" "Mozilla/5.0 (X11; Linux x86_64) AppleWebKit/537.36 (KHTML, like Gecko) Chrome/137.0.7151.119 Safari/537.36"
66.249.90.32 - - [19/Jul/2025:01:55:46 +0000] "GET /wp-includes/js/jquery/ui/core.min.js?ver=1.13.3 HTTP/1.1" 304 - "https://topflowroofingplumbing.com.au/game.html" "Mozilla/5.0 (X11; Linux x86_64) AppleWebKit/537.36 (KHTML, like Gecko) Chrome/137.0.7151.119 Safari/537.36"
66.249.90.39 - - [19/Jul/2025:01:55:46 +0000] "GET /wp-content/themes/homlane/assets/js/bootstrap.bundle.min.js?ver=2.1.2 HTTP/1.1" 200 21413 "https://topflowroofingplumbing.com.au/game.html" "Mozilla/5.0 (X11; Linux x86_64) AppleWebKit/537.36 (KHTML, like Gecko) Chrome/137.0.7151.119 Safari/537.36"
66.249.90.39 - - [19/Jul/2025:01:55:46 +0000] "GET /wp-content/themes/homlane/assets/js/appear.js?ver=2.1.2 HTTP/1.1" 200 1359 "https://topflowroofingplumbing.com.au/game.html" "Mozilla/5.0 (X11; Linux x86_64) AppleWebKit/537.36 (KHTML, like Gecko) Chrome/137.0.7151.119 Safari/537.36"
66.249.90.39 - - [19/Jul/2025:01:55:46 +0000] "GET /wp-includes/js/dist/i18n.min.js?ver=5e580eb46a90c2b997e6 HTTP/1.1" 200 3667 "https://topflowroofingplumbing.com.au/game.html" "Mozilla/5.0 (X11; Linux x86_64) AppleWebKit/537.36 (KHTML, like Gecko) Chrome/137.0.7151.119 Safari/537.36"
66.249.90.39 - - [19/Jul/2025:01:55:46 +0000] "GET /wp-content/themes/homlane/assets/js/bootstrap-select.min.js?ver=2.1.2 HTTP/1.1" 200 13731 "https://topflowroofingplumbing.com.au/game.html" "Mozilla/5.0 (X11; Linux x86_64) AppleWebKit/537.36 (KHTML, like Gecko) Chrome/137.0.7151.119 Safari/537.36"
66.249.90.39 - - [19/Jul/2025:01:55:47 +0000] "GET /wp-content/themes/homlane/assets/js/jquery.enllax.min.js?ver=2.1.2 HTTP/1.1" 200 549 "https://topflowroofingplumbing.com.au/game.html" "Mozilla/5.0 (X11; Linux x86_64) AppleWebKit/537.36 (KHTML, like Gecko) Chrome/137.0.7151.119 Safari/537.36"
66.249.90.32 - - [19/Jul/2025:01:55:47 +0000] "GET /wp-content/themes/homlane/assets/js/jquery.countTo.js?ver=2.1.2 HTTP/1.1" 200 1027 "https://topflowroofingplumbing.com.au/game.html" "Mozilla/5.0 (X11; Linux x86_64) AppleWebKit/537.36 (KHTML, like Gecko) Chrome/137.0.7151.119 Safari/537.36"
66.249.90.39 - - [19/Jul/2025:01:55:47 +0000] "GET /wp-content/themes/homlane/assets/js/jquery.countdown.min.js?ver=2.1.2 HTTP/1.1" 200 2307 "https://topflowroofingplumbing.com.au/game.html" "Mozilla/5.0 (X11; Linux x86_64) AppleWebKit/537.36 (KHTML, like Gecko) Chrome/137.0.7151.119 Safari/537.36"
66.249.90.32 - - [19/Jul/2025:01:55:47 +0000] "GET /wp-content/themes/homlane/assets/js/jquery.bootstrap-touchspin.js?ver=2.1.2 HTTP/1.1" 200 3342 "https://topflowroofingplumbing.com.au/game.html" "Mozilla/5.0 (X11; Linux x86_64) AppleWebKit/537.36 (KHTML, like Gecko) Chrome/137.0.7151.119 Safari/537.36"
66.249.90.39 - - [19/Jul/2025:01:55:47 +0000] "GET /wp-content/themes/homlane/assets/js/jquery.paroller.min.js?ver=2.1.2 HTTP/1.1" 200 919 "https://topflowroofingplumbing.com.au/game.html" "Mozilla/5.0 (X11; Linux x86_64) AppleWebKit/537.36 (KHTML, like Gecko) Chrome/137.0.7151.119 Safari/537.36"
66.249.90.32 - - [19/Jul/2025:01:55:47 +0000] "GET /wp-content/themes/homlane/assets/js/wow.js?ver=2.1.2 HTTP/1.1" 200 2209 "https://topflowroofingplumbing.com.au/game.html" "Mozilla/5.0 (X11; Linux x86_64) AppleWebKit/537.36 (KHTML, like Gecko) Chrome/137.0.7151.119 Safari/537.36"
66.249.90.39 - - [19/Jul/2025:01:55:48 +0000] "GET /wp-content/themes/homlane/assets/js/owl-vertical.js?ver=2.1.2 HTTP/1.1" 200 17771 "https://topflowroofingplumbing.com.au/game.html" "Mozilla/5.0 (X11; Linux x86_64) AppleWebKit/537.36 (KHTML, like Gecko) Chrome/137.0.7151.119 Safari/537.36"
66.249.90.39 - - [19/Jul/2025:01:55:48 +0000] "GET /wp-content/themes/homlane/assets/js/jquery.twentytwenty.js?ver=2.1.2 HTTP/1.1" 200 1425 "https://topflowroofingplumbing.com.au/game.html" "Mozilla/5.0 (X11; Linux x86_64) AppleWebKit/537.36 (KHTML, like Gecko) Chrome/137.0.7151.119 Safari/537.36"
66.249.90.39 - - [19/Jul/2025:01:55:48 +0000] "GET /wp-content/themes/homlane/assets/js/jquery.easing.min.js?ver=2.1.2 HTTP/1.1" 200 1859 "https://topflowroofingplumbing.com.au/game.html" "Mozilla/5.0 (X11; Linux x86_64) AppleWebKit/537.36 (KHTML, like Gecko) Chrome/137.0.7151.119 Safari/537.36"
66.249.90.39 - - [19/Jul/2025:01:55:48 +0000] "GET /wp-content/themes/homlane/assets/js/jquery.fancybox.js?ver=2.1.2 HTTP/1.1" 200 36180 "https://topflowroofingplumbing.com.au/game.html" "Mozilla/5.0 (X11; Linux x86_64) AppleWebKit/537.36 (KHTML, like Gecko) Chrome/137.0.7151.119 Safari/537.36"
66.249.90.39 - - [19/Jul/2025:01:55:48 +0000] "GET /wp-content/themes/homlane/assets/js/knob.js?ver=2.1.2 HTTP/1.1" 200 6027 "https://topflowroofingplumbing.com.au/game.html" "Mozilla/5.0 (X11; Linux x86_64) AppleWebKit/537.36 (KHTML, like Gecko) Chrome/137.0.7151.119 Safari/537.36"
66.249.90.39 - - [19/Jul/2025:01:55:48 +0000] "GET /wp-content/themes/homlane/assets/js/jquery.magnific-popup.min.js?ver=2.1.2 HTTP/1.1" 200 7346 "https://topflowroofingplumbing.com.au/game.html" "Mozilla/5.0 (X11; Linux x86_64) AppleWebKit/537.36 (KHTML, like Gecko) Chrome/137.0.7151.119 Safari/537.36"
66.249.90.32 - - [19/Jul/2025:01:55:49 +0000] "GET /wp-content/themes/homlane/assets/js/lazyload.js?ver=2.1.2 HTTP/1.1" 200 3633 "https://topflowroofingplumbing.com.au/game.html" "Mozilla/5.0 (X11; Linux x86_64) AppleWebKit/537.36 (KHTML, like Gecko) Chrome/137.0.7151.119 Safari/537.36"
66.249.90.39 - - [19/Jul/2025:01:55:49 +0000] "GET /wp-content/themes/homlane/assets/js/slick.js?ver=2.1.2 HTTP/1.1" 200 14372 "https://topflowroofingplumbing.com.au/game.html" "Mozilla/5.0 (X11; Linux x86_64) AppleWebKit/537.36 (KHTML, like Gecko) Chrome/137.0.7151.119 Safari/537.36"
66.249.90.39 - - [19/Jul/2025:01:55:49 +0000] "GET /wp-content/plugins/contact-form-7/includes/swv/js/index.js?ver=6.1 HTTP/1.1" 200 3503 "https://topflowroofingplumbing.com.au/game.html" "Mozilla/5.0 (X11; Linux x86_64) AppleWebKit/537.36 (KHTML, like Gecko) Chrome/137.0.7151.119 Safari/537.36"
66.249.90.33 - - [19/Jul/2025:01:55:49 +0000] "GET /wp-content/themes/homlane/assets/js/scrollbar.js?ver=2.1.2 HTTP/1.1" 304 - "https://topflowroofingplumbing.com.au/game.html" "Mozilla/5.0 (X11; Linux x86_64) AppleWebKit/537.36 (KHTML, like Gecko) Chrome/137.0.7151.119 Safari/537.36"
66.249.90.33 - - [19/Jul/2025:01:55:49 +0000] "GET /wp-content/themes/homlane/assets/js/tilt.jquery.js?ver=2.1.2 HTTP/1.1" 200 2893 "https://topflowroofingplumbing.com.au/game.html" "Mozilla/5.0 (X11; Linux x86_64) AppleWebKit/537.36 (KHTML, like Gecko) Chrome/137.0.7151.119 Safari/537.36"
66.249.90.32 - - [19/Jul/2025:01:55:50 +0000] "GET /wp-content/themes/homlane/assets/js/jquery.bxslider.min.js?ver=2.1.2 HTTP/1.1" 304 - "https://topflowroofingplumbing.com.au/game.html" "Mozilla/5.0 (X11; Linux x86_64) AppleWebKit/537.36 (KHTML, like Gecko) Chrome/137.0.7151.119 Safari/537.36"
66.249.90.32 - - [19/Jul/2025:01:55:50 +0000] "GET /wp-content/themes/homlane/assets/js/custom.js?ver=6.8.2 HTTP/1.1" 200 6473 "https://topflowroofingplumbing.com.au/game.html" "Mozilla/5.0 (X11; Linux x86_64) AppleWebKit/537.36 (KHTML, like Gecko) Chrome/137.0.7151.119 Safari/537.36"
66.249.90.39 - - [19/Jul/2025:01:55:50 +0000] "GET /wp-content/themes/homlane/assets/js/jquery-ui.js?ver=2.1.2 HTTP/1.1" 200 125176 "https://topflowroofingplumbing.com.au/game.html" "Mozilla/5.0 (X11; Linux x86_64) AppleWebKit/537.36 (KHTML, like Gecko) Chrome/137.0.7151.119 Safari/537.36"
66.249.90.32 - - [19/Jul/2025:01:55:50 +0000] "GET /wp-content/themes/homlane/assets/js/jQuery.style.switcher.min.js?ver=2.1.2 HTTP/1.1" 200 1138 "https://topflowroofingplumbing.com.au/game.html" "Mozilla/5.0 (X11; Linux x86_64) AppleWebKit/537.36 (KHTML, like Gecko) Chrome/137.0.7151.119 Safari/537.36"
66.249.90.33 - - [19/Jul/2025:01:55:50 +0000] "GET /wp-content/themes/homlane/assets/js/parallax.min.js?ver=2.1.2 HTTP/1.1" 304 - "https://topflowroofingplumbing.com.au/game.html" "Mozilla/5.0 (X11; Linux x86_64) AppleWebKit/537.36 (KHTML, like Gecko) Chrome/137.0.7151.119 Safari/537.36"
66.249.90.39 - - [19/Jul/2025:01:55:50 +0000] "GET /wp-content/themes/homlane/assets/js/pagenav.js?ver=2.1.2 HTTP/1.1" 304 - "https://topflowroofingplumbing.com.au/game.html" "Mozilla/5.0 (X11; Linux x86_64) AppleWebKit/537.36 (KHTML, like Gecko) Chrome/137.0.7151.119 Safari/537.36"
66.249.90.33 - - [19/Jul/2025:01:55:51 +0000] "GET /wp-content/themes/homlane/assets/images-2/icons/icon-76.png HTTP/1.1" 200 1867 "https://topflowroofingplumbing.com.au/game.html" "Mozilla/5.0 (X11; Linux x86_64) AppleWebKit/537.36 (KHTML, like Gecko) Chrome/137.0.7151.119 Safari/537.36"
66.249.90.33 - - [19/Jul/2025:01:55:51 +0000] "GET /wp-content/themes/homlane/assets/images-2/icons/icon-77.png HTTP/1.1" 200 1523 "https://topflowroofingplumbing.com.au/game.html" "Mozilla/5.0 (X11; Linux x86_64) AppleWebKit/537.36 (KHTML, like Gecko) Chrome/137.0.7151.119 Safari/537.36"
66.249.90.33 - - [19/Jul/2025:01:55:51 +0000] "GET /wp-content/themes/homlane/assets/js/jquery.tinyscrollbar.js?ver=2.1.2 HTTP/1.1" 200 2866 "https://topflowroofingplumbing.com.au/game.html" "Mozilla/5.0 (X11; Linux x86_64) AppleWebKit/537.36 (KHTML, like Gecko) Chrome/137.0.7151.119 Safari/537.36"
66.249.90.39 - - [19/Jul/2025:01:55:51 +0000] "GET /wp-content/themes/homlane/assets/images-2/icons/icon-78.png HTTP/1.1" 200 1729 "https://topflowroofingplumbing.com.au/game.html" "Mozilla/5.0 (X11; Linux x86_64) AppleWebKit/537.36 (KHTML, like Gecko) Chrome/137.0.7151.119 Safari/537.36"
66.249.90.39 - - [19/Jul/2025:01:55:51 +0000] "GET /wp-content/themes/homlane/assets/js/nav-tool.js?ver=2.1.2 HTTP/1.1" 200 394 "https://topflowroofingplumbing.com.au/game.html" "Mozilla/5.0 (X11; Linux x86_64) AppleWebKit/537.36 (KHTML, like Gecko) Chrome/137.0.7151.119 Safari/537.36"
66.249.90.39 - - [19/Jul/2025:01:55:52 +0000] "GET /wp-content/themes/homlane/assets/js/isotope.js?ver=2.1.2 HTTP/1.1" 200 10182 "https://topflowroofingplumbing.com.au/game.html" "Mozilla/5.0 (X11; Linux x86_64) AppleWebKit/537.36 (KHTML, like Gecko) Chrome/137.0.7151.119 Safari/537.36"
66.249.90.32 - - [19/Jul/2025:01:55:52 +0000] "GET /wp-content/themes/homlane/assets/js/dobpicker.js?ver=2.1.2 HTTP/1.1" 200 838 "https://topflowroofingplumbing.com.au/game.html" "Mozilla/5.0 (X11; Linux x86_64) AppleWebKit/537.36 (KHTML, like Gecko) Chrome/137.0.7151.119 Safari/537.36"
66.249.90.39 - - [19/Jul/2025:01:55:52 +0000] "GET /wp-content/themes/homlane/assets/js/validation.js?ver=2.1.2 HTTP/1.1" 200 12092 "https://topflowroofingplumbing.com.au/game.html" "Mozilla/5.0 (X11; Linux x86_64) AppleWebKit/537.36 (KHTML, like Gecko) Chrome/137.0.7151.119 Safari/537.36"
66.249.90.32 - - [19/Jul/2025:01:55:52 +0000] "GET /wp-content/themes/homlane/assets/js/jquery.mixitup.min.js?ver=2.1.2 HTTP/1.1" 200 8232 "https://topflowroofingplumbing.com.au/game.html" "Mozilla/5.0 (X11; Linux x86_64) AppleWebKit/537.36 (KHTML, like Gecko) Chrome/137.0.7151.119 Safari/537.36"
66.249.90.33 - - [19/Jul/2025:01:55:52 +0000] "GET /wp-content/themes/homlane/assets/images-2/icons/icon-74.png HTTP/1.1" 200 1285 "https://topflowroofingplumbing.com.au/game.html" "Mozilla/5.0 (X11; Linux x86_64) AppleWebKit/537.36 (KHTML, like Gecko) Chrome/137.0.7151.119 Safari/537.36"
66.249.90.39 - - [19/Jul/2025:01:55:52 +0000] "GET /wp-content/themes/homlane/assets/images-2/icons/cross-out.png HTTP/1.1" 200 413 "https://topflowroofingplumbing.com.au/wp-content/themes/homlane/assets/css/style-2.css?ver=6.8.2" "Mozilla/5.0 (X11; Linux x86_64) AppleWebKit/537.36 (KHTML, like Gecko) Chrome/137.0.7151.119 Safari/537.36"
66.249.90.33 - - [19/Jul/2025:01:55:53 +0000] "GET /wp-content/themes/homlane/assets/images/shape/header-top-bg.jpg HTTP/1.1" 200 70092 "https://topflowroofingplumbing.com.au/game.html" "Mozilla/5.0 (X11; Linux x86_64) AppleWebKit/537.36 (KHTML, like Gecko) Chrome/137.0.7151.119 Safari/537.36"
66.249.90.32 - - [19/Jul/2025:01:55:53 +0000] "GET /wp-content/themes/homlane/assets/images-2/shape/shape-52.png HTTP/1.1" 304 - "https://topflowroofingplumbing.com.au/wp-content/themes/homlane/assets/css/style.css?ver=6.8.2" "Mozilla/5.0 (X11; Linux x86_64) AppleWebKit/537.36 (KHTML, like Gecko) Chrome/137.0.7151.119 Safari/537.36"
66.249.90.39 - - [19/Jul/2025:01:55:53 +0000] "GET /wp-content/themes/homlane/assets/images-2/icons/icon-14.png HTTP/1.1" 200 1326 "https://topflowroofingplumbing.com.au/wp-content/themes/homlane/assets/css/style-2.css?ver=6.8.2" "Mozilla/5.0 (X11; Linux x86_64) AppleWebKit/537.36 (KHTML, like Gecko) Chrome/137.0.7151.119 Safari/537.36"
66.249.90.32 - - [19/Jul/2025:01:55:53 +0000] "GET /wp-content/themes/homlane/assets/fonts/fontawesome-webfont.woff2?v=4.5.0 HTTP/1.1" 200 66625 "https://topflowroofingplumbing.com.au/wp-content/themes/homlane/assets/css/fontawesome-all.css?ver=6.8.2" "Mozilla/5.0 (X11; Linux x86_64) AppleWebKit/537.36 (KHTML, like Gecko) Chrome/137.0.7151.119 Safari/537.36"
66.249.90.39 - - [19/Jul/2025:01:55:53 +0000] "GET /wp-content/themes/homlane/assets/fonts/flaticon-2.ttf?1c57aadc5b8e691f54763fb661da45e2 HTTP/1.1" 200 46532 "https://topflowroofingplumbing.com.au/wp-content/themes/homlane/assets/css/flaticon-2.css?ver=6.8.2" "Mozilla/5.0 (X11; Linux x86_64) AppleWebKit/537.36 (KHTML, like Gecko) Chrome/137.0.7151.119 Safari/537.36"
66.249.90.32 - - [19/Jul/2025:01:55:53 +0000] "GET /wp-includes/js/wp-emoji-release.min.js?ver=6.8.2 HTTP/1.1" 200 5163 "https://topflowroofingplumbing.com.au/game.html" "Mozilla/5.0 (X11; Linux x86_64) AppleWebKit/537.36 (KHTML, like Gecko) Chrome/137.0.7151.119 Safari/537.36"
66.249.90.32 - - [19/Jul/2025:01:55:54 +0000] "GET /wp-content/themes/homlane/assets/fonts/icomoon.ttf?vdw2jk HTTP/1.1" 200 23748 "https://topflowroofingplumbing.com.au/wp-content/themes/homlane/assets/css/icomoon.css?ver=6.8.2" "Mozilla/5.0 (X11; Linux x86_64) AppleWebKit/537.36 (KHTML, like Gecko) Chrome/137.0.7151.119 Safari/537.36"
20.171.207.99 - - [19/Jul/2025:01:56:04 +0000] "GET /search.php?romantic256013745.html HTTP/1.1" 200 86880 "-" "Mozilla/5.0 AppleWebKit/537.36 (KHTML, like Gecko; compatible; GPTBot/1.2; +https://openai.com/gptbot)"
66.249.73.103 - - [19/Jul/2025:01:56:23 +0000] "GET /pcmypage?callback=/product%2Fdetail%2Amitysun-70001105 HTTP/1.1" 200 85777 "-" "Mozilla/5.0 (Linux; Android 6.0.1; Nexus 5X Build/MMB29P) AppleWebKit/537.36 (KHTML, like Gecko) Chrome/137.0.7151.103 Mobile Safari/537.36 (compatible; Googlebot/2.1; +http://www.google.com/bot.html)"
209.74.77.214 - - [19/Jul/2025:01:56:27 +0000] "POST /wp-cron.php?doing_wp_cron=1752890187.4546349048614501953125 HTTP/1.1" 403 33 "-" "WordPress/6.8.2; https://topflowroofingplumbing.com.au"
2a02:8070:c688:1fa0:49b3:2f2:e0a8:b5e5 - - [19/Jul/2025:01:56:27 +0000] "POST /xmlrpc.php HTTP/1.1" 404 11694 "-" "Mozilla/5.0 (Windows NT 10.0; Win64; x64) AppleWebKit/537.36 (KHTML, like Gecko) Chrome/91.0.4472.124 Safari/537.36"
66.249.73.96 - - [19/Jul/2025:01:56:34 +0000] "GET /262021344.htm HTTP/1.1" 200 87715 "-" "Mozilla/5.0 (Linux; Android 6.0.1; Nexus 5X Build/MMB29P) AppleWebKit/537.36 (KHTML, like Gecko) Chrome/137.0.7151.103 Mobile Safari/537.36 (compatible; Googlebot/2.1; +http://www.google.com/bot.html)"
2a03:2880:f800:1:: - - [19/Jul/2025:01:57:02 +0000] "GET /shopbrand/347441461 HTTP/1.1" 404 11694 "-" "meta-externalagent/1.1 (+https://developers.facebook.com/docs/sharing/webmasters/crawler)"
66.249.73.97 - - [19/Jul/2025:01:57:03 +0000] "GET /219027085.htm HTTP/1.1" 200 86875 "-" "Mozilla/5.0 (Linux; Android 6.0.1; Nexus 5X Build/MMB29P) AppleWebKit/537.36 (KHTML, like Gecko) Chrome/137.0.7151.103 Mobile Safari/537.36 (compatible; Googlebot/2.1; +http://www.google.com/bot.html)"
2a03:2880:f800:2:: - - [19/Jul/2025:01:57:05 +0000] "GET /shopbrand/347396274 HTTP/1.1" 404 11694 "-" "meta-externalagent/1.1 (+https://developers.facebook.com/docs/sharing/webmasters/crawler)"
20.171.207.99 - - [19/Jul/2025:01:57:09 +0000] "GET /search.php?cooking129020452.html HTTP/1.1" 200 88767 "-" "Mozilla/5.0 AppleWebKit/537.36 (KHTML, like Gecko; compatible; GPTBot/1.2; +https://openai.com/gptbot)"
66.249.73.103 - - [19/Jul/2025:01:57:32 +0000] "GET /pcmypage?callback=product%2Fdetail%2Famitysun-70001105 HTTP/1.1" 200 86056 "-" "Mozilla/5.0 (Linux; Android 6.0.1; Nexus 5X Build/MMB29P) AppleWebKit/537.36 (KHTML, like Gecko) Chrome/137.0.7151.103 Mobile Safari/537.36 (compatible; Googlebot/2.1; +http://www.google.com/bot.html)"
66.249.73.103 - - [19/Jul/2025:01:57:42 +0000] "GET /288034408.htm HTTP/1.1" 200 85511 "-" "Mozilla/5.0 (Linux; Android 6.0.1; Nexus 5X Build/MMB29P) AppleWebKit/537.36 (KHTML, like Gecko) Chrome/137.0.7151.103 Mobile Safari/537.36 (compatible; Googlebot/2.1; +http://www.google.com/bot.html)"
20.171.207.99 - - [19/Jul/2025:01:58:13 +0000] "GET /search.php?context129034652.html HTTP/1.1" 200 87651 "-" "Mozilla/5.0 AppleWebKit/537.36 (KHTML, like Gecko; compatible; GPTBot/1.2; +https://openai.com/gptbot)"
209.74.77.214 - - [19/Jul/2025:01:58:14 +0000] "POST /wp-cron.php?doing_wp_cron=1752890294.4458959102630615234375 HTTP/1.1" 403 33 "-" "WordPress/6.8.2; https://topflowroofingplumbing.com.au"
51.222.253.17 - - [19/Jul/2025:01:58:14 +0000] "GET /shopbrand/815216 HTTP/1.1" 404 11694 "-" "Mozilla/5.0 (compatible; AhrefsBot/7.0; +http://ahrefs.com/robot/)"
66.249.73.96 - - [19/Jul/2025:01:58:29 +0000] "GET /070036702.htm HTTP/1.1" 200 85643 "-" "Mozilla/5.0 (Linux; Android 6.0.1; Nexus 5X Build/MMB29P) AppleWebKit/537.36 (KHTML, like Gecko) Chrome/137.0.7151.103 Mobile Safari/537.36 (compatible; Googlebot/2.1; +http://www.google.com/bot.html)"
66.249.73.96 - - [19/Jul/2025:01:58:40 +0000] "GET /080000116.htm HTTP/1.1" 200 85684 "-" "Mozilla/5.0 (Linux; Android 6.0.1; Nexus 5X Build/MMB29P) AppleWebKit/537.36 (KHTML, like Gecko) Chrome/137.0.7151.103 Mobile Safari/537.36 (compatible; Googlebot/2.1; +http://www.google.com/bot.html)"
2a03:2880:f800:1:: - - [19/Jul/2025:01:58:46 +0000] "GET /shopbrand/347506573 HTTP/1.1" 404 11694 "-" "meta-externalagent/1.1 (+https://developers.facebook.com/docs/sharing/webmasters/crawler)"
66.249.73.103 - - [19/Jul/2025:01:58:50 +0000] "GET /080002358.htm HTTP/1.1" 200 85720 "-" "Mozilla/5.0 (Linux; Android 6.0.1; Nexus 5X Build/MMB29P) AppleWebKit/537.36 (KHTML, like Gecko) Chrome/137.0.7151.103 Mobile Safari/537.36 (compatible; Googlebot/2.1; +http://www.google.com/bot.html)"
2a03:2880:f800:8:: - - [19/Jul/2025:01:59:01 +0000] "GET /shopbrand/347393876 HTTP/1.1" 404 11694 "-" "meta-externalagent/1.1 (+https://developers.facebook.com/docs/sharing/webmasters/crawler)"
2a03:2880:f800:3:: - - [19/Jul/2025:01:59:06 +0000] "GET /shopbrand/67998573 HTTP/1.1" 404 11694 "-" "meta-externalagent/1.1 (+https://developers.facebook.com/docs/sharing/webmasters/crawler)"
20.171.207.99 - - [19/Jul/2025:01:59:13 +0000] "GET /search.php?items%2F035003528.html%3Fsrsltid=AfmBOozpddnqUKKjpyYIeW9kDSmmjFziAVcZ1R5cEb4Vqwitvk2e HTTP/1.1" 200 87836 "-" "Mozilla/5.0 AppleWebKit/537.36 (KHTML, like Gecko; compatible; GPTBot/1.2; +https://openai.com/gptbot)"
209.74.77.214 - - [19/Jul/2025:01:59:15 +0000] "POST /wp-cron.php?doing_wp_cron=1752890355.6813941001892089843750 HTTP/1.1" 403 33 "-" "WordPress/6.8.2; https://topflowroofingplumbing.com.au"
2a03:2880:f800:18:: - - [19/Jul/2025:01:59:15 +0000] "GET /shopbrand/347407000 HTTP/1.1" 404 11694 "-" "meta-externalagent/1.1 (+https://developers.facebook.com/docs/sharing/webmasters/crawler)"
2a03:2880:f800:4:: - - [19/Jul/2025:01:59:17 +0000] "GET /shopbrand/347451338 HTTP/1.1" 404 11694 "-" "meta-externalagent/1.1 (+https://developers.facebook.com/docs/sharing/webmasters/crawler)"
2a03:2880:f800:14:: - - [19/Jul/2025:01:59:22 +0000] "GET /shopbrand/347434234 HTTP/1.1" 404 11694 "-" "meta-externalagent/1.1 (+https://developers.facebook.com/docs/sharing/webmasters/crawler)"
66.249.73.103 - - [19/Jul/2025:01:59:38 +0000] "GET /244030070.htm HTTP/1.1" 200 85261 "-" "Mozilla/5.0 (Linux; Android 6.0.1; Nexus 5X Build/MMB29P) AppleWebKit/537.36 (KHTML, like Gecko) Chrome/137.0.7151.103 Mobile Safari/537.36 (compatible; Googlebot/2.1; +http://www.google.com/bot.html)"
2a03:2880:f800:10:: - - [19/Jul/2025:01:59:58 +0000] "GET /shopbrand/347480714 HTTP/1.1" 404 11694 "-" "meta-externalagent/1.1 (+https://developers.facebook.com/docs/sharing/webmasters/crawler)"
2a03:2880:f800:8:: - - [19/Jul/2025:02:00:10 +0000] "GET /shopbrand/347438369 HTTP/1.1" 404 11694 "-" "meta-externalagent/1.1 (+https://developers.facebook.com/docs/sharing/webmasters/crawler)"
2a03:2880:f800:1:: - - [19/Jul/2025:02:00:10 +0000] "GET /shopbrand/67976658 HTTP/1.1" 404 11694 "-" "meta-externalagent/1.1 (+https://developers.facebook.com/docs/sharing/webmasters/crawler)"
