66.249.73.96 - - [19/Jul/2025:05:32:38 +0000] "GET /pcmypage?callback=product%2Fdetail%2Fgolfpartner-2100376455621 HTTP/1.1" 200 85399 "-" "Mozilla/5.0 (Linux; Android 6.0.1; Nexus 5X Build/MMB29P) AppleWebKit/537.36 (KHTML, like Gecko) Chrome/137.0.7151.103 Mobile Safari/537.36 (compatible; Googlebot/2.1; +http://www.google.com/bot.html)"
66.249.73.97 - - [19/Jul/2025:05:32:38 +0000] "GET /209039557.htm HTTP/1.1" 200 86919 "-" "Mozilla/5.0 (Linux; Android 6.0.1; Nexus 5X Build/MMB29P) AppleWebKit/537.36 (KHTML, like Gecko) Chrome/137.0.7151.103 Mobile Safari/537.36 (compatible; Googlebot/2.1; +http://www.google.com/bot.html)"
66.249.73.97 - - [19/Jul/2025:05:32:42 +0000] "GET /209039565.htm HTTP/1.1" 200 86056 "-" "Mozilla/5.0 (Linux; Android 6.0.1; Nexus 5X Build/MMB29P) AppleWebKit/537.36 (KHTML, like Gecko) Chrome/137.0.7151.103 Mobile Safari/537.36 (compatible; Googlebot/2.1; +http://www.google.com/bot.html)"
66.249.73.96 - - [19/Jul/2025:05:32:45 +0000] "GET /pcmypage?callback=/product%2Fdetail%2Daishinshop-662-00000581 HTTP/1.1" 200 85831 "-" "Mozilla/5.0 (Linux; Android 6.0.1; Nexus 5X Build/MMB29P) AppleWebKit/537.36 (KHTML, like Gecko) Chrome/137.0.7151.103 Mobile Safari/537.36 (compatible; Googlebot/2.1; +http://www.google.com/bot.html)"
66.249.73.96 - - [19/Jul/2025:05:32:49 +0000] "GET /pcmypage?callback=product/review/kind-u-8068000106735 HTTP/1.1" 200 86348 "-" "Mozilla/5.0 (Linux; Android 6.0.1; Nexus 5X Build/MMB29P) AppleWebKit/537.36 (KHTML, like Gecko) Chrome/137.0.7151.103 Mobile Safari/537.36 (compatible; Googlebot/2.1; +http://www.google.com/bot.html)"
66.249.73.99 - - [19/Jul/2025:05:32:52 +0000] "GET /054030510.htm HTTP/1.1" 200 85550 "-" "Mozilla/5.0 (Linux; Android 6.0.1; Nexus 5X Build/MMB29P) AppleWebKit/537.36 (KHTML, like Gecko) Chrome/137.0.7151.103 Mobile Safari/537.36 (compatible; Googlebot/2.1; +http://www.google.com/bot.html)"
66.249.73.96 - - [19/Jul/2025:05:32:54 +0000] "GET /018001062.htm HTTP/1.1" 200 86009 "-" "Mozilla/5.0 (Linux; Android 6.0.1; Nexus 5X Build/MMB29P) AppleWebKit/537.36 (KHTML, like Gecko) Chrome/137.0.7151.103 Mobile Safari/537.36 (compatible; Googlebot/2.1; +http://www.google.com/bot.html)"
66.249.73.99 - - [19/Jul/2025:05:32:55 +0000] "GET /pcmypage?callback=product/review/seikatu-souko-usdm-0114-1517 HTTP/1.1" 200 86084 "-" "Mozilla/5.0 (Linux; Android 6.0.1; Nexus 5X Build/MMB29P) AppleWebKit/537.36 (KHTML, like Gecko) Chrome/137.0.7151.103 Mobile Safari/537.36 (compatible; Googlebot/2.1; +http://www.google.com/bot.html)"
66.249.73.103 - - [19/Jul/2025:05:32:56 +0000] "GET /089000549.htm HTTP/1.1" 200 86023 "-" "Mozilla/5.0 (Linux; Android 6.0.1; Nexus 5X Build/MMB29P) AppleWebKit/537.36 (KHTML, like Gecko) Chrome/137.0.7151.103 Mobile Safari/537.36 (compatible; Googlebot/2.1; +http://www.google.com/bot.html)"
66.249.73.97 - - [19/Jul/2025:05:32:55 +0000] "GET /019015539.htm HTTP/1.1" 200 86425 "-" "Mozilla/5.0 (Linux; Android 6.0.1; Nexus 5X Build/MMB29P) AppleWebKit/537.36 (KHTML, like Gecko) Chrome/137.0.7151.103 Mobile Safari/537.36 (compatible; Googlebot/2.1; +http://www.google.com/bot.html)"
20.171.207.99 - - [19/Jul/2025:05:32:57 +0000] "GET /search.php?fucking080026507.html HTTP/1.1" 200 88471 "-" "Mozilla/5.0 AppleWebKit/537.36 (KHTML, like Gecko; compatible; GPTBot/1.2; +https://openai.com/gptbot)"
66.249.73.96 - - [19/Jul/2025:05:33:02 +0000] "GET /114035840.htm HTTP/1.1" 200 87133 "-" "Mozilla/5.0 (Linux; Android 6.0.1; Nexus 5X Build/MMB29P) AppleWebKit/537.36 (KHTML, like Gecko) Chrome/137.0.7151.103 Mobile Safari/537.36 (compatible; Googlebot/2.1; +http://www.google.com/bot.html)"
66.249.73.103 - - [19/Jul/2025:05:33:03 +0000] "GET /087047125.htm HTTP/1.1" 200 86010 "-" "Mozilla/5.0 (Linux; Android 6.0.1; Nexus 5X Build/MMB29P) AppleWebKit/537.36 (KHTML, like Gecko) Chrome/137.0.7151.103 Mobile Safari/537.36 (compatible; Googlebot/2.1; +http://www.google.com/bot.html)"
66.249.73.96 - - [19/Jul/2025:05:33:03 +0000] "GET /pcmypage?callback=/product%2Fdetail%2F252131-higashiomi-d27 HTTP/1.1" 200 86955 "-" "Mozilla/5.0 (Linux; Android 6.0.1; Nexus 5X Build/MMB29P) AppleWebKit/537.36 (KHTML, like Gecko) Chrome/137.0.7151.103 Mobile Safari/537.36 (compatible; Googlebot/2.1; +http://www.google.com/bot.html)"
66.249.73.97 - - [19/Jul/2025:05:33:02 +0000] "GET /209039553.htm HTTP/1.1" 200 87206 "-" "Mozilla/5.0 (Linux; Android 6.0.1; Nexus 5X Build/MMB29P) AppleWebKit/537.36 (KHTML, like Gecko) Chrome/137.0.7151.103 Mobile Safari/537.36 (compatible; Googlebot/2.1; +http://www.google.com/bot.html)"
66.249.73.98 - - [19/Jul/2025:05:33:03 +0000] "GET /067001929.htm HTTP/1.1" 200 86890 "-" "Mozilla/5.0 (Linux; Android 6.0.1; Nexus 5X Build/MMB29P) AppleWebKit/537.36 (KHTML, like Gecko) Chrome/137.0.7151.103 Mobile Safari/537.36 (compatible; Googlebot/2.1; +http://www.google.com/bot.html)"
66.249.73.103 - - [19/Jul/2025:05:33:04 +0000] "GET /207020237.htm HTTP/1.1" 200 86288 "-" "Mozilla/5.0 (Linux; Android 6.0.1; Nexus 5X Build/MMB29P) AppleWebKit/537.36 (KHTML, like Gecko) Chrome/137.0.7151.103 Mobile Safari/537.36 (compatible; Googlebot/2.1; +http://www.google.com/bot.html)"
66.249.73.98 - - [19/Jul/2025:05:33:04 +0000] "GET /190033260.htm HTTP/1.1" 200 85486 "-" "Mozilla/5.0 (Linux; Android 6.0.1; Nexus 5X Build/MMB29P) AppleWebKit/537.36 (KHTML, like Gecko) Chrome/137.0.7151.103 Mobile Safari/537.36 (compatible; Googlebot/2.1; +http://www.google.com/bot.html)"
66.249.73.103 - - [19/Jul/2025:05:33:05 +0000] "GET /pcmypage?callback=product/review/auc-kobefm-489288 HTTP/1.1" 200 85902 "-" "Mozilla/5.0 (Linux; Android 6.0.1; Nexus 5X Build/MMB29P) AppleWebKit/537.36 (KHTML, like Gecko) Chrome/137.0.7151.103 Mobile Safari/537.36 (compatible; Googlebot/2.1; +http://www.google.com/bot.html)"
66.249.73.96 - - [19/Jul/2025:05:33:06 +0000] "GET /115019661.htm HTTP/1.1" 200 85669 "-" "Mozilla/5.0 (Linux; Android 6.0.1; Nexus 5X Build/MMB29P) AppleWebKit/537.36 (KHTML, like Gecko) Chrome/137.0.7151.103 Mobile Safari/537.36 (compatible; Googlebot/2.1; +http://www.google.com/bot.html)"
66.249.73.96 - - [19/Jul/2025:05:33:14 +0000] "GET /295048445.htm HTTP/1.1" 200 86296 "-" "Mozilla/5.0 (Linux; Android 6.0.1; Nexus 5X Build/MMB29P) AppleWebKit/537.36 (KHTML, like Gecko) Chrome/137.0.7151.103 Mobile Safari/537.36 (compatible; Googlebot/2.1; +http://www.google.com/bot.html)"
66.249.73.103 - - [19/Jul/2025:05:33:21 +0000] "GET /209039555.htm HTTP/1.1" 200 86158 "-" "Mozilla/5.0 (Linux; Android 6.0.1; Nexus 5X Build/MMB29P) AppleWebKit/537.36 (KHTML, like Gecko) Chrome/137.0.7151.103 Mobile Safari/537.36 (compatible; Googlebot/2.1; +http://www.google.com/bot.html)"
66.249.73.103 - - [19/Jul/2025:05:33:21 +0000] "GET /pcmypage?callback=product/review/orangetool-5415360 HTTP/1.1" 200 85594 "-" "Mozilla/5.0 (Linux; Android 6.0.1; Nexus 5X Build/MMB29P) AppleWebKit/537.36 (KHTML, like Gecko) Chrome/137.0.7151.103 Mobile Safari/537.36 (compatible; Googlebot/2.1; +http://www.google.com/bot.html)"
66.249.73.96 - - [19/Jul/2025:05:33:22 +0000] "GET /016022772.htm HTTP/1.1" 200 85931 "-" "Mozilla/5.0 (Linux; Android 6.0.1; Nexus 5X Build/MMB29P) AppleWebKit/537.36 (KHTML, like Gecko) Chrome/137.0.7151.103 Mobile Safari/537.36 (compatible; Googlebot/2.1; +http://www.google.com/bot.html)"
66.249.73.98 - - [19/Jul/2025:05:33:32 +0000] "GET /pcmypage?callback=product/review/vie-up-ds-2220701 HTTP/1.1" 200 85344 "-" "Mozilla/5.0 (Linux; Android 6.0.1; Nexus 5X Build/MMB29P) AppleWebKit/537.36 (KHTML, like Gecko) Chrome/137.0.7151.103 Mobile Safari/537.36 (compatible; Googlebot/2.1; +http://www.google.com/bot.html)"
66.249.73.103 - - [19/Jul/2025:05:33:41 +0000] "GET /pcmypage?callback=product%2Fdetail%2Fautobacs-ec-4511969226432 HTTP/1.1" 200 85452 "-" "Mozilla/5.0 (Linux; Android 6.0.1; Nexus 5X Build/MMB29P) AppleWebKit/537.36 (KHTML, like Gecko) Chrome/137.0.7151.103 Mobile Safari/537.36 (compatible; Googlebot/2.1; +http://www.google.com/bot.html)"
66.249.73.98 - - [19/Jul/2025:05:33:44 +0000] "GET /pcmypage?callback=/product%2Fdetail%2F014699-bifuka-58940554 HTTP/1.1" 200 86503 "-" "Mozilla/5.0 (Linux; Android 6.0.1; Nexus 5X Build/MMB29P) AppleWebKit/537.36 (KHTML, like Gecko) Chrome/137.0.7151.103 Mobile Safari/537.36 (compatible; Googlebot/2.1; +http://www.google.com/bot.html)"
66.249.73.96 - - [19/Jul/2025:05:33:54 +0000] "GET /pcmypage?callback=/product%2Fdetail%2tss-shop-xlx193dkvjrx9 HTTP/1.1" 200 85551 "-" "Mozilla/5.0 (Linux; Android 6.0.1; Nexus 5X Build/MMB29P) AppleWebKit/537.36 (KHTML, like Gecko) Chrome/137.0.7151.103 Mobile Safari/537.36 (compatible; Googlebot/2.1; +http://www.google.com/bot.html)"
66.249.73.96 - - [19/Jul/2025:05:33:57 +0000] "GET /094004034.htm HTTP/1.1" 200 86620 "-" "Mozilla/5.0 (Linux; Android 6.0.1; Nexus 5X Build/MMB29P) AppleWebKit/537.36 (KHTML, like Gecko) Chrome/137.0.7151.103 Mobile Safari/537.36 (compatible; Googlebot/2.1; +http://www.google.com/bot.html)"
66.249.73.98 - - [19/Jul/2025:05:34:01 +0000] "GET /pcmypage?callback=product/review/autobacs-ec-4511969226432 HTTP/1.1" 200 85585 "-" "Mozilla/5.0 (Linux; Android 6.0.1; Nexus 5X Build/MMB29P) AppleWebKit/537.36 (KHTML, like Gecko) Chrome/137.0.7151.103 Mobile Safari/537.36 (compatible; Googlebot/2.1; +http://www.google.com/bot.html)"
20.171.207.99 - - [19/Jul/2025:05:34:02 +0000] "GET /search.php?dancing147042656.html HTTP/1.1" 200 87406 "-" "Mozilla/5.0 AppleWebKit/537.36 (KHTML, like Gecko; compatible; GPTBot/1.2; +https://openai.com/gptbot)"
66.249.73.103 - - [19/Jul/2025:05:34:26 +0000] "GET /096000874.htm HTTP/1.1" 200 85457 "-" "Mozilla/5.0 (Linux; Android 6.0.1; Nexus 5X Build/MMB29P) AppleWebKit/537.36 (KHTML, like Gecko) Chrome/137.0.7151.103 Mobile Safari/537.36 (compatible; Googlebot/2.1; +http://www.google.com/bot.html)"
66.249.73.97 - - [19/Jul/2025:05:34:29 +0000] "GET /258012716.htm HTTP/1.1" 200 85692 "-" "Mozilla/5.0 (Linux; Android 6.0.1; Nexus 5X Build/MMB29P) AppleWebKit/537.36 (KHTML, like Gecko) Chrome/137.0.7151.103 Mobile Safari/537.36 (compatible; Googlebot/2.1; +http://www.google.com/bot.html)"
66.249.73.103 - - [19/Jul/2025:05:34:33 +0000] "GET /pcmypage?callback=product%2Fdetail%2Ftss-shop-xlx193dkvjrx9 HTTP/1.1" 200 86915 "-" "Mozilla/5.0 (Linux; Android 6.0.1; Nexus 5X Build/MMB29P) AppleWebKit/537.36 (KHTML, like Gecko) Chrome/137.0.7151.103 Mobile Safari/537.36 (compatible; Googlebot/2.1; +http://www.google.com/bot.html)"
66.249.73.103 - - [19/Jul/2025:05:34:36 +0000] "GET /pcmypage?callback=product/review/f014699-bifuka-58940554 HTTP/1.1" 200 85533 "-" "Mozilla/5.0 (Linux; Android 6.0.1; Nexus 5X Build/MMB29P) AppleWebKit/537.36 (KHTML, like Gecko) Chrome/137.0.7151.103 Mobile Safari/537.36 (compatible; Googlebot/2.1; +http://www.google.com/bot.html)"
66.249.73.96 - - [19/Jul/2025:05:34:45 +0000] "GET /pcmypage?callback=/product%2Fdetail%2Autobacs-ec-4511969226432 HTTP/1.1" 200 86711 "-" "Mozilla/5.0 (Linux; Android 6.0.1; Nexus 5X Build/MMB29P) AppleWebKit/537.36 (KHTML, like Gecko) Chrome/137.0.7151.103 Mobile Safari/537.36 (compatible; Googlebot/2.1; +http://www.google.com/bot.html)"
209.74.77.214 - - [19/Jul/2025:05:34:49 +0000] "POST /wp-cron.php?doing_wp_cron=1752903289.0717918872833251953125 HTTP/1.1" 403 33 "-" "WordPress/6.8.2; https://topflowroofingplumbing.com.au"
45.61.184.161 - - [19/Jul/2025:05:34:48 +0000] "GET /wp-login.php HTTP/1.1" 302 - "-" "Mozilla/5.0 (X11; Linux i686) AppleWebKit/537.36 (KHTML, like Gecko) Chrome/36.0.1985.125 Safari/537.36"
66.249.73.103 - - [19/Jul/2025:05:34:55 +0000] "GET /161031243.htm HTTP/1.1" 200 85480 "-" "Mozilla/5.0 (Linux; Android 6.0.1; Nexus 5X Build/MMB29P) AppleWebKit/537.36 (KHTML, like Gecko) Chrome/137.0.7151.103 Mobile Safari/537.36 (compatible; Googlebot/2.1; +http://www.google.com/bot.html)"
66.249.73.103 - - [19/Jul/2025:05:34:58 +0000] "GET /160009708.htm HTTP/1.1" 200 86267 "-" "Mozilla/5.0 (Linux; Android 6.0.1; Nexus 5X Build/MMB29P) AppleWebKit/537.36 (KHTML, like Gecko) Chrome/137.0.7151.103 Mobile Safari/537.36 (compatible; Googlebot/2.1; +http://www.google.com/bot.html)"
66.249.73.103 - - [19/Jul/2025:05:35:02 +0000] "GET /062015092.htm HTTP/1.1" 200 85745 "-" "Mozilla/5.0 (Linux; Android 6.0.1; Nexus 5X Build/MMB29P) AppleWebKit/537.36 (KHTML, like Gecko) Chrome/137.0.7151.103 Mobile Safari/537.36 (compatible; Googlebot/2.1; +http://www.google.com/bot.html)"
66.249.73.96 - - [19/Jul/2025:05:35:05 +0000] "GET /094004028.htm HTTP/1.1" 200 86770 "-" "Mozilla/5.0 (Linux; Android 6.0.1; Nexus 5X Build/MMB29P) AppleWebKit/537.36 (KHTML, like Gecko) Chrome/137.0.7151.103 Mobile Safari/537.36 (compatible; Googlebot/2.1; +http://www.google.com/bot.html)"
20.171.207.99 - - [19/Jul/2025:05:35:05 +0000] "GET /search.php?funeral176032857.html HTTP/1.1" 200 87145 "-" "Mozilla/5.0 AppleWebKit/537.36 (KHTML, like Gecko; compatible; GPTBot/1.2; +https://openai.com/gptbot)"
66.249.73.103 - - [19/Jul/2025:05:35:08 +0000] "GET /096000876.htm HTTP/1.1" 200 85999 "-" "Mozilla/5.0 (Linux; Android 6.0.1; Nexus 5X Build/MMB29P) AppleWebKit/537.36 (KHTML, like Gecko) Chrome/137.0.7151.103 Mobile Safari/537.36 (compatible; Googlebot/2.1; +http://www.google.com/bot.html)"
66.249.73.103 - - [19/Jul/2025:05:35:15 +0000] "GET /pcmypage?callback=product%2Fdetail%2Ff014699-bifuka-58940554 HTTP/1.1" 200 85863 "-" "Mozilla/5.0 (Linux; Android 6.0.1; Nexus 5X Build/MMB29P) AppleWebKit/537.36 (KHTML, like Gecko) Chrome/137.0.7151.103 Mobile Safari/537.36 (compatible; Googlebot/2.1; +http://www.google.com/bot.html)"
66.249.73.96 - - [19/Jul/2025:05:35:21 +0000] "GET /083037613.htm HTTP/1.1" 200 85865 "-" "Mozilla/5.0 (Linux; Android 6.0.1; Nexus 5X Build/MMB29P) AppleWebKit/537.36 (KHTML, like Gecko) Chrome/137.0.7151.103 Mobile Safari/537.36 (compatible; Googlebot/2.1; +http://www.google.com/bot.html)"
66.249.73.103 - - [19/Jul/2025:05:35:34 +0000] "GET /218009856.htm HTTP/1.1" 200 86508 "-" "Mozilla/5.0 (Linux; Android 6.0.1; Nexus 5X Build/MMB29P) AppleWebKit/537.36 (KHTML, like Gecko) Chrome/137.0.7151.103 Mobile Safari/537.36 (compatible; Googlebot/2.1; +http://www.google.com/bot.html)"
66.249.73.103 - - [19/Jul/2025:05:35:38 +0000] "GET /292049630.htm HTTP/1.1" 200 87288 "-" "Mozilla/5.0 (Linux; Android 6.0.1; Nexus 5X Build/MMB29P) AppleWebKit/537.36 (KHTML, like Gecko) Chrome/137.0.7151.103 Mobile Safari/537.36 (compatible; Googlebot/2.1; +http://www.google.com/bot.html)"
66.249.73.103 - - [19/Jul/2025:05:35:48 +0000] "GET /083037685.htm HTTP/1.1" 200 85488 "-" "Mozilla/5.0 (Linux; Android 6.0.1; Nexus 5X Build/MMB29P) AppleWebKit/537.36 (KHTML, like Gecko) Chrome/137.0.7151.103 Mobile Safari/537.36 (compatible; Googlebot/2.1; +http://www.google.com/bot.html)"
66.249.73.97 - - [19/Jul/2025:05:35:51 +0000] "GET /083037617.htm HTTP/1.1" 200 85325 "-" "Mozilla/5.0 (Linux; Android 6.0.1; Nexus 5X Build/MMB29P) AppleWebKit/537.36 (KHTML, like Gecko) Chrome/137.0.7151.103 Mobile Safari/537.36 (compatible; Googlebot/2.1; +http://www.google.com/bot.html)"
66.249.73.103 - - [19/Jul/2025:05:35:55 +0000] "GET /277013063.htm HTTP/1.1" 200 87890 "-" "Mozilla/5.0 (Linux; Android 6.0.1; Nexus 5X Build/MMB29P) AppleWebKit/537.36 (KHTML, like Gecko) Chrome/137.0.7151.103 Mobile Safari/537.36 (compatible; Googlebot/2.1; +http://www.google.com/bot.html)"
66.249.73.103 - - [19/Jul/2025:05:36:02 +0000] "GET /pcmypage?callback=product%2Fdetail%2Ffirst34-union-uk325-001 HTTP/1.1" 200 85270 "-" "Mozilla/5.0 (Linux; Android 6.0.1; Nexus 5X Build/MMB29P) AppleWebKit/537.36 (KHTML, like Gecko) Chrome/137.0.7151.103 Mobile Safari/537.36 (compatible; Googlebot/2.1; +http://www.google.com/bot.html)"
20.171.207.99 - - [19/Jul/2025:05:36:08 +0000] "GET /search.php?destroy184036721.html HTTP/1.1" 200 86300 "-" "Mozilla/5.0 AppleWebKit/537.36 (KHTML, like Gecko; compatible; GPTBot/1.2; +https://openai.com/gptbot)"
66.249.73.103 - - [19/Jul/2025:05:36:09 +0000] "GET /pcmypage?callback=product/review/first34-union-uk1033-002 HTTP/1.1" 200 85992 "-" "Mozilla/5.0 (Linux; Android 6.0.1; Nexus 5X Build/MMB29P) AppleWebKit/537.36 (KHTML, like Gecko) Chrome/137.0.7151.103 Mobile Safari/537.36 (compatible; Googlebot/2.1; +http://www.google.com/bot.html)"
66.249.73.103 - - [19/Jul/2025:05:36:22 +0000] "GET /054049914.htm HTTP/1.1" 200 86349 "-" "Mozilla/5.0 (Linux; Android 6.0.1; Nexus 5X Build/MMB29P) AppleWebKit/537.36 (KHTML, like Gecko) Chrome/137.0.7151.103 Mobile Safari/537.36 (compatible; Googlebot/2.1; +http://www.google.com/bot.html)"
66.249.73.103 - - [19/Jul/2025:05:36:25 +0000] "GET /pcmypage?callback=/product%2Fdetail%2First34-union-uk325-001 HTTP/1.1" 200 85706 "-" "Mozilla/5.0 (Linux; Android 6.0.1; Nexus 5X Build/MMB29P) AppleWebKit/537.36 (KHTML, like Gecko) Chrome/137.0.7151.103 Mobile Safari/537.36 (compatible; Googlebot/2.1; +http://www.google.com/bot.html)"
66.249.73.103 - - [19/Jul/2025:05:36:29 +0000] "GET /002000730.htm HTTP/1.1" 200 86258 "-" "Mozilla/5.0 (Linux; Android 6.0.1; Nexus 5X Build/MMB29P) AppleWebKit/537.36 (KHTML, like Gecko) Chrome/137.0.7151.103 Mobile Safari/537.36 (compatible; Googlebot/2.1; +http://www.google.com/bot.html)"
40.77.167.5 - - [19/Jul/2025:05:36:40 +0000] "GET /view-all-services/plumbing-repairs/ HTTP/1.1" 200 33 "-" "Mozilla/5.0 AppleWebKit/537.36 (KHTML, like Gecko; compatible; bingbot/2.0; +http://www.bing.com/bingbot.htm) Chrome/116.0.1938.76 Safari/537.36"
66.249.73.96 - - [19/Jul/2025:05:36:54 +0000] "GET /002001014.htm HTTP/1.1" 200 85836 "-" "Mozilla/5.0 (Linux; Android 6.0.1; Nexus 5X Build/MMB29P) AppleWebKit/537.36 (KHTML, like Gecko) Chrome/137.0.7151.103 Mobile Safari/537.36 (compatible; Googlebot/2.1; +http://www.google.com/bot.html)"
20.171.207.99 - - [19/Jul/2025:05:37:11 +0000] "GET /search.php?m034000130%3Fsrsltid=AfmBOojFHGPaRkOiZwfAuQ_TcKWPnVBzI_4VgsK7Ee-D-BR9wzW3rq HTTP/1.1" 200 87572 "-" "Mozilla/5.0 AppleWebKit/537.36 (KHTML, like Gecko; compatible; GPTBot/1.2; +https://openai.com/gptbot)"
66.249.73.103 - - [19/Jul/2025:05:37:16 +0000] "GET /139040557.htm HTTP/1.1" 200 86130 "-" "Mozilla/5.0 (Linux; Android 6.0.1; Nexus 5X Build/MMB29P) AppleWebKit/537.36 (KHTML, like Gecko) Chrome/137.0.7151.103 Mobile Safari/537.36 (compatible; Googlebot/2.1; +http://www.google.com/bot.html)"
66.249.73.96 - - [19/Jul/2025:05:37:19 +0000] "GET /002000724.htm HTTP/1.1" 200 85491 "-" "Mozilla/5.0 (Linux; Android 6.0.1; Nexus 5X Build/MMB29P) AppleWebKit/537.36 (KHTML, like Gecko) Chrome/137.0.7151.103 Mobile Safari/537.36 (compatible; Googlebot/2.1; +http://www.google.com/bot.html)"
66.249.73.96 - - [19/Jul/2025:05:37:29 +0000] "GET /pcmypage?callback=product%2Fdetail%2Ffirst34-union-uk1033-002 HTTP/1.1" 200 87586 "-" "Mozilla/5.0 (Linux; Android 6.0.1; Nexus 5X Build/MMB29P) AppleWebKit/537.36 (KHTML, like Gecko) Chrome/137.0.7151.103 Mobile Safari/537.36 (compatible; Googlebot/2.1; +http://www.google.com/bot.html)"
66.249.73.96 - - [19/Jul/2025:05:37:32 +0000] "GET /002000716.htm HTTP/1.1" 200 85866 "-" "Mozilla/5.0 (Linux; Android 6.0.1; Nexus 5X Build/MMB29P) AppleWebKit/537.36 (KHTML, like Gecko) Chrome/137.0.7151.103 Mobile Safari/537.36 (compatible; Googlebot/2.1; +http://www.google.com/bot.html)"
66.249.73.96 - - [19/Jul/2025:05:37:35 +0000] "GET /002001008.htm HTTP/1.1" 200 85674 "-" "Mozilla/5.0 (Linux; Android 6.0.1; Nexus 5X Build/MMB29P) AppleWebKit/537.36 (KHTML, like Gecko) Chrome/137.0.7151.103 Mobile Safari/537.36 (compatible; Googlebot/2.1; +http://www.google.com/bot.html)"
66.249.73.103 - - [19/Jul/2025:05:37:51 +0000] "GET /178007702.htm HTTP/1.1" 200 85719 "-" "Mozilla/5.0 (Linux; Android 6.0.1; Nexus 5X Build/MMB29P) AppleWebKit/537.36 (KHTML, like Gecko) Chrome/137.0.7151.103 Mobile Safari/537.36 (compatible; Googlebot/2.1; +http://www.google.com/bot.html)"
66.249.73.96 - - [19/Jul/2025:05:37:54 +0000] "GET /pcmypage?callback=/product%2Fdetail%2Asty-shop-c2-32kg73l1tk-7w97 HTTP/1.1" 200 85285 "-" "Mozilla/5.0 (Linux; Android 6.0.1; Nexus 5X Build/MMB29P) AppleWebKit/537.36 (KHTML, like Gecko) Chrome/137.0.7151.103 Mobile Safari/537.36 (compatible; Googlebot/2.1; +http://www.google.com/bot.html)"
66.249.73.96 - - [19/Jul/2025:05:38:10 +0000] "GET /pcmypage?callback=/product%2Fdetail%2Biccamera-4547333619012 HTTP/1.1" 200 85803 "-" "Mozilla/5.0 (Linux; Android 6.0.1; Nexus 5X Build/MMB29P) AppleWebKit/537.36 (KHTML, like Gecko) Chrome/137.0.7151.103 Mobile Safari/537.36 (compatible; Googlebot/2.1; +http://www.google.com/bot.html)"
20.171.207.99 - - [19/Jul/2025:05:38:16 +0000] "GET /search.php?distance125019748.html HTTP/1.1" 200 86853 "-" "Mozilla/5.0 AppleWebKit/537.36 (KHTML, like Gecko; compatible; GPTBot/1.2; +https://openai.com/gptbot)"
66.249.73.103 - - [19/Jul/2025:05:38:19 +0000] "GET /pcmypage?callback=/product%2Fdetail%2world-depo-mts-1464523 HTTP/1.1" 200 85701 "-" "Mozilla/5.0 (Linux; Android 6.0.1; Nexus 5X Build/MMB29P) AppleWebKit/537.36 (KHTML, like Gecko) Chrome/137.0.7151.103 Mobile Safari/537.36 (compatible; Googlebot/2.1; +http://www.google.com/bot.html)"
66.249.73.103 - - [19/Jul/2025:05:38:29 +0000] "GET /pcmypage?callback=product%2Fdetail%2Ffirst34-trusco-2775620 HTTP/1.1" 200 85865 "-" "Mozilla/5.0 (Linux; Android 6.0.1; Nexus 5X Build/MMB29P) AppleWebKit/537.36 (KHTML, like Gecko) Chrome/137.0.7151.103 Mobile Safari/537.36 (compatible; Googlebot/2.1; +http://www.google.com/bot.html)"
66.249.73.103 - - [19/Jul/2025:05:38:32 +0000] "GET /pcmypage?callback=/product%2Fdetail%2orangetool-1750694 HTTP/1.1" 200 87506 "-" "Mozilla/5.0 (Linux; Android 6.0.1; Nexus 5X Build/MMB29P) AppleWebKit/537.36 (KHTML, like Gecko) Chrome/137.0.7151.103 Mobile Safari/537.36 (compatible; Googlebot/2.1; +http://www.google.com/bot.html)"
66.249.73.96 - - [19/Jul/2025:05:38:35 +0000] "GET /pcmypage?callback=product%2Fdetail%2Fbiccamera-4547333619012 HTTP/1.1" 200 87394 "-" "Mozilla/5.0 (Linux; Android 6.0.1; Nexus 5X Build/MMB29P) AppleWebKit/537.36 (KHTML, like Gecko) Chrome/137.0.7151.103 Mobile Safari/537.36 (compatible; Googlebot/2.1; +http://www.google.com/bot.html)"
66.249.73.103 - - [19/Jul/2025:05:38:39 +0000] "GET /228010480.htm HTTP/1.1" 200 86791 "-" "Mozilla/5.0 (Linux; Android 6.0.1; Nexus 5X Build/MMB29P) AppleWebKit/537.36 (KHTML, like Gecko) Chrome/137.0.7151.103 Mobile Safari/537.36 (compatible; Googlebot/2.1; +http://www.google.com/bot.html)"
66.249.73.103 - - [19/Jul/2025:05:38:48 +0000] "GET /pcmypage?callback=product/review/first34-union-uk1033-001 HTTP/1.1" 200 85888 "-" "Mozilla/5.0 (Linux; Android 6.0.1; Nexus 5X Build/MMB29P) AppleWebKit/537.36 (KHTML, like Gecko) Chrome/137.0.7151.103 Mobile Safari/537.36 (compatible; Googlebot/2.1; +http://www.google.com/bot.html)"
66.249.73.96 - - [19/Jul/2025:05:38:52 +0000] "GET /065000325.htm HTTP/1.1" 200 86578 "-" "Mozilla/5.0 (Linux; Android 6.0.1; Nexus 5X Build/MMB29P) AppleWebKit/537.36 (KHTML, like Gecko) Chrome/137.0.7151.103 Mobile Safari/537.36 (compatible; Googlebot/2.1; +http://www.google.com/bot.html)"
66.249.73.103 - - [19/Jul/2025:05:38:55 +0000] "GET /pcmypage?callback=/product%2Fdetail%2First34-trusco-2775620 HTTP/1.1" 200 86754 "-" "Mozilla/5.0 (Linux; Android 6.0.1; Nexus 5X Build/MMB29P) AppleWebKit/537.36 (KHTML, like Gecko) Chrome/137.0.7151.103 Mobile Safari/537.36 (compatible; Googlebot/2.1; +http://www.google.com/bot.html)"
66.249.73.96 - - [19/Jul/2025:05:38:58 +0000] "GET /092016452.htm HTTP/1.1" 200 85720 "-" "Mozilla/5.0 (Linux; Android 6.0.1; Nexus 5X Build/MMB29P) AppleWebKit/537.36 (KHTML, like Gecko) Chrome/137.0.7151.103 Mobile Safari/537.36 (compatible; Googlebot/2.1; +http://www.google.com/bot.html)"
66.249.73.103 - - [19/Jul/2025:05:39:03 +0000] "GET /pcmypage?callback=product/review/uj-factory-webshop-sta_stcv_2029 HTTP/1.1" 200 85463 "-" "Mozilla/5.0 (Linux; Android 6.0.1; Nexus 5X Build/MMB29P) AppleWebKit/537.36 (KHTML, like Gecko) Chrome/137.0.7151.103 Mobile Safari/537.36 (compatible; Googlebot/2.1; +http://www.google.com/bot.html)"
66.249.73.103 - - [19/Jul/2025:05:39:09 +0000] "GET /pcmypage?callback=/product%2Fdetail%2uj-factory-webshop-sta_stcv_2029 HTTP/1.1" 200 86639 "-" "Mozilla/5.0 (Linux; Android 6.0.1; Nexus 5X Build/MMB29P) AppleWebKit/537.36 (KHTML, like Gecko) Chrome/137.0.7151.103 Mobile Safari/537.36 (compatible; Googlebot/2.1; +http://www.google.com/bot.html)"
20.171.207.99 - - [19/Jul/2025:05:39:18 +0000] "GET /search.php?horizon189045272.html HTTP/1.1" 200 86854 "-" "Mozilla/5.0 AppleWebKit/537.36 (KHTML, like Gecko; compatible; GPTBot/1.2; +https://openai.com/gptbot)"
66.249.73.103 - - [19/Jul/2025:05:39:22 +0000] "GET /092016442.htm HTTP/1.1" 200 85807 "-" "Mozilla/5.0 (Linux; Android 6.0.1; Nexus 5X Build/MMB29P) AppleWebKit/537.36 (KHTML, like Gecko) Chrome/137.0.7151.103 Mobile Safari/537.36 (compatible; Googlebot/2.1; +http://www.google.com/bot.html)"
66.249.73.103 - - [19/Jul/2025:05:39:32 +0000] "GET /092016446.htm HTTP/1.1" 200 85612 "-" "Mozilla/5.0 (Linux; Android 6.0.1; Nexus 5X Build/MMB29P) AppleWebKit/537.36 (KHTML, like Gecko) Chrome/137.0.7151.103 Mobile Safari/537.36 (compatible; Googlebot/2.1; +http://www.google.com/bot.html)"
66.249.73.103 - - [19/Jul/2025:05:39:35 +0000] "GET /pcmypage?callback=product%2Fdetail%2Fuj-factory-webshop-sta_stcv_2029 HTTP/1.1" 200 85265 "-" "Mozilla/5.0 (Linux; Android 6.0.1; Nexus 5X Build/MMB29P) AppleWebKit/537.36 (KHTML, like Gecko) Chrome/137.0.7151.103 Mobile Safari/537.36 (compatible; Googlebot/2.1; +http://www.google.com/bot.html)"
66.249.73.103 - - [19/Jul/2025:05:39:44 +0000] "GET /034036574.htm HTTP/1.1" 200 86599 "-" "Mozilla/5.0 (Linux; Android 6.0.1; Nexus 5X Build/MMB29P) AppleWebKit/537.36 (KHTML, like Gecko) Chrome/137.0.7151.103 Mobile Safari/537.36 (compatible; Googlebot/2.1; +http://www.google.com/bot.html)"
66.249.73.103 - - [19/Jul/2025:05:39:48 +0000] "GET /169011913.htm HTTP/1.1" 200 86838 "-" "Mozilla/5.0 (Linux; Android 6.0.1; Nexus 5X Build/MMB29P) AppleWebKit/537.36 (KHTML, like Gecko) Chrome/137.0.7151.103 Mobile Safari/537.36 (compatible; Googlebot/2.1; +http://www.google.com/bot.html)"
66.249.73.96 - - [19/Jul/2025:05:39:51 +0000] "GET /pcmypage?callback=product/review/jism-4543736325505-53-49997-n HTTP/1.1" 200 87126 "-" "Mozilla/5.0 (Linux; Android 6.0.1; Nexus 5X Build/MMB29P) AppleWebKit/537.36 (KHTML, like Gecko) Chrome/137.0.7151.103 Mobile Safari/537.36 (compatible; Googlebot/2.1; +http://www.google.com/bot.html)"
66.249.73.97 - - [19/Jul/2025:05:39:57 +0000] "GET /pcmypage?callback=product%2Fdetail%2Fjism-4543736325505-53-49997-n HTTP/1.1" 200 86202 "-" "Mozilla/5.0 (Linux; Android 6.0.1; Nexus 5X Build/MMB29P) AppleWebKit/537.36 (KHTML, like Gecko) Chrome/137.0.7151.103 Mobile Safari/537.36 (compatible; Googlebot/2.1; +http://www.google.com/bot.html)"
66.249.73.96 - - [19/Jul/2025:05:40:04 +0000] "GET /065000219.htm HTTP/1.1" 200 85836 "-" "Mozilla/5.0 (Linux; Android 6.0.1; Nexus 5X Build/MMB29P) AppleWebKit/537.36 (KHTML, like Gecko) Chrome/137.0.7151.103 Mobile Safari/537.36 (compatible; Googlebot/2.1; +http://www.google.com/bot.html)"
66.249.73.103 - - [19/Jul/2025:05:40:11 +0000] "GET /300042008.htm HTTP/1.1" 200 86984 "-" "Mozilla/5.0 (Linux; Android 6.0.1; Nexus 5X Build/MMB29P) AppleWebKit/537.36 (KHTML, like Gecko) Chrome/137.0.7151.103 Mobile Safari/537.36 (compatible; Googlebot/2.1; +http://www.google.com/bot.html)"
66.249.73.103 - - [19/Jul/2025:05:40:18 +0000] "GET /065000223.htm HTTP/1.1" 200 85791 "-" "Mozilla/5.0 (Linux; Android 6.0.1; Nexus 5X Build/MMB29P) AppleWebKit/537.36 (KHTML, like Gecko) Chrome/137.0.7151.103 Mobile Safari/537.36 (compatible; Googlebot/2.1; +http://www.google.com/bot.html)"
20.171.207.99 - - [19/Jul/2025:05:40:24 +0000] "GET /search.php?ceremony189045272.html HTTP/1.1" 200 87258 "-" "Mozilla/5.0 AppleWebKit/537.36 (KHTML, like Gecko; compatible; GPTBot/1.2; +https://openai.com/gptbot)"
66.249.73.103 - - [19/Jul/2025:05:40:30 +0000] "GET /002000204.htm HTTP/1.1" 200 85666 "-" "Mozilla/5.0 (Linux; Android 6.0.1; Nexus 5X Build/MMB29P) AppleWebKit/537.36 (KHTML, like Gecko) Chrome/137.0.7151.103 Mobile Safari/537.36 (compatible; Googlebot/2.1; +http://www.google.com/bot.html)"
66.249.73.103 - - [19/Jul/2025:05:40:34 +0000] "GET /pcmypage?callback=product/review/interiortool-best-225n64 HTTP/1.1" 200 85439 "-" "Mozilla/5.0 (Linux; Android 6.0.1; Nexus 5X Build/MMB29P) AppleWebKit/537.36 (KHTML, like Gecko) Chrome/137.0.7151.103 Mobile Safari/537.36 (compatible; Googlebot/2.1; +http://www.google.com/bot.html)"
66.249.73.96 - - [19/Jul/2025:05:40:50 +0000] "GET /pcmypage?callback=/product%2Fdetail%2interiortool-best-225n64 HTTP/1.1" 200 85958 "-" "Mozilla/5.0 (Linux; Android 6.0.1; Nexus 5X Build/MMB29P) AppleWebKit/537.36 (KHTML, like Gecko) Chrome/137.0.7151.103 Mobile Safari/537.36 (compatible; Googlebot/2.1; +http://www.google.com/bot.html)"
66.249.73.96 - - [19/Jul/2025:05:40:53 +0000] "GET /002000174.htm HTTP/1.1" 200 85760 "-" "Mozilla/5.0 (Linux; Android 6.0.1; Nexus 5X Build/MMB29P) AppleWebKit/537.36 (KHTML, like Gecko) Chrome/137.0.7151.103 Mobile Safari/537.36 (compatible; Googlebot/2.1; +http://www.google.com/bot.html)"
66.249.73.103 - - [19/Jul/2025:05:41:09 +0000] "GET /pcmypage?callback=product%2Fdetail%2Finteriortool-best-225n64 HTTP/1.1" 200 85697 "-" "Mozilla/5.0 (Linux; Android 6.0.1; Nexus 5X Build/MMB29P) AppleWebKit/537.36 (KHTML, like Gecko) Chrome/137.0.7151.103 Mobile Safari/537.36 (compatible; Googlebot/2.1; +http://www.google.com/bot.html)"
66.249.73.103 - - [19/Jul/2025:05:41:12 +0000] "GET /279025311.htm HTTP/1.1" 200 86574 "-" "Mozilla/5.0 (Linux; Android 6.0.1; Nexus 5X Build/MMB29P) AppleWebKit/537.36 (KHTML, like Gecko) Chrome/137.0.7151.103 Mobile Safari/537.36 (compatible; Googlebot/2.1; +http://www.google.com/bot.html)"
66.249.73.96 - - [19/Jul/2025:05:41:16 +0000] "GET /106029226.htm HTTP/1.1" 200 85989 "-" "Mozilla/5.0 (Linux; Android 6.0.1; Nexus 5X Build/MMB29P) AppleWebKit/537.36 (KHTML, like Gecko) Chrome/137.0.7151.103 Mobile Safari/537.36 (compatible; Googlebot/2.1; +http://www.google.com/bot.html)"
66.249.73.103 - - [19/Jul/2025:05:41:19 +0000] "GET /269045219.htm HTTP/1.1" 200 85255 "-" "Mozilla/5.0 (Linux; Android 6.0.1; Nexus 5X Build/MMB29P) AppleWebKit/537.36 (KHTML, like Gecko) Chrome/137.0.7151.103 Mobile Safari/537.36 (compatible; Googlebot/2.1; +http://www.google.com/bot.html)"
66.249.73.96 - - [19/Jul/2025:05:41:23 +0000] "GET /pcmypage?callback=product/review/edenki-ds-2125710 HTTP/1.1" 200 86104 "-" "Mozilla/5.0 (Linux; Android 6.0.1; Nexus 5X Build/MMB29P) AppleWebKit/537.36 (KHTML, like Gecko) Chrome/137.0.7151.103 Mobile Safari/537.36 (compatible; Googlebot/2.1; +http://www.google.com/bot.html)"
66.249.73.103 - - [19/Jul/2025:05:41:26 +0000] "GET /pcmypage?callback=/product%2Fdetail%2Edenki-ds-2125710 HTTP/1.1" 200 86727 "-" "Mozilla/5.0 (Linux; Android 6.0.1; Nexus 5X Build/MMB29P) AppleWebKit/537.36 (KHTML, like Gecko) Chrome/137.0.7151.103 Mobile Safari/537.36 (compatible; Googlebot/2.1; +http://www.google.com/bot.html)"
20.171.207.99 - - [19/Jul/2025:05:41:26 +0000] "GET /search.php?balanced160047325.html HTTP/1.1" 200 87402 "-" "Mozilla/5.0 AppleWebKit/537.36 (KHTML, like Gecko; compatible; GPTBot/1.2; +https://openai.com/gptbot)"
66.249.73.96 - - [19/Jul/2025:05:41:33 +0000] "GET /117001793.htm HTTP/1.1" 200 87673 "-" "Mozilla/5.0 (Linux; Android 6.0.1; Nexus 5X Build/MMB29P) AppleWebKit/537.36 (KHTML, like Gecko) Chrome/137.0.7151.103 Mobile Safari/537.36 (compatible; Googlebot/2.1; +http://www.google.com/bot.html)"
66.249.73.103 - - [19/Jul/2025:05:41:39 +0000] "GET /211015177.htm HTTP/1.1" 200 86269 "-" "Mozilla/5.0 (Linux; Android 6.0.1; Nexus 5X Build/MMB29P) AppleWebKit/537.36 (KHTML, like Gecko) Chrome/137.0.7151.103 Mobile Safari/537.36 (compatible; Googlebot/2.1; +http://www.google.com/bot.html)"
66.249.73.103 - - [19/Jul/2025:05:41:52 +0000] "GET /020007748.htm HTTP/1.1" 200 85520 "-" "Mozilla/5.0 (Linux; Android 6.0.1; Nexus 5X Build/MMB29P) AppleWebKit/537.36 (KHTML, like Gecko) Chrome/137.0.7151.103 Mobile Safari/537.36 (compatible; Googlebot/2.1; +http://www.google.com/bot.html)"
66.249.73.103 - - [19/Jul/2025:05:41:56 +0000] "GET /pcmypage?callback=product%2Fdetail%2Fedenki-ds-2125710 HTTP/1.1" 200 85914 "-" "Mozilla/5.0 (Linux; Android 6.0.1; Nexus 5X Build/MMB29P) AppleWebKit/537.36 (KHTML, like Gecko) Chrome/137.0.7151.103 Mobile Safari/537.36 (compatible; Googlebot/2.1; +http://www.google.com/bot.html)"
66.249.73.96 - - [19/Jul/2025:05:42:00 +0000] "GET /001047985.htm HTTP/1.1" 200 85586 "-" "Mozilla/5.0 (Linux; Android 6.0.1; Nexus 5X Build/MMB29P) AppleWebKit/537.36 (KHTML, like Gecko) Chrome/137.0.7151.103 Mobile Safari/537.36 (compatible; Googlebot/2.1; +http://www.google.com/bot.html)"
66.249.73.103 - - [19/Jul/2025:05:42:13 +0000] "GET /060000592.htm HTTP/1.1" 200 85871 "-" "Mozilla/5.0 (Linux; Android 6.0.1; Nexus 5X Build/MMB29P) AppleWebKit/537.36 (KHTML, like Gecko) Chrome/137.0.7151.103 Mobile Safari/537.36 (compatible; Googlebot/2.1; +http://www.google.com/bot.html)"
66.249.73.96 - - [19/Jul/2025:05:42:16 +0000] "GET /051000495.htm HTTP/1.1" 200 85776 "-" "Mozilla/5.0 (Linux; Android 6.0.1; Nexus 5X Build/MMB29P) AppleWebKit/537.36 (KHTML, like Gecko) Chrome/137.0.7151.103 Mobile Safari/537.36 (compatible; Googlebot/2.1; +http://www.google.com/bot.html)"
66.249.73.103 - - [19/Jul/2025:05:42:20 +0000] "GET /120003338.htm HTTP/1.1" 200 85978 "-" "Mozilla/5.0 (Linux; Android 6.0.1; Nexus 5X Build/MMB29P) AppleWebKit/537.36 (KHTML, like Gecko) Chrome/137.0.7151.103 Mobile Safari/537.36 (compatible; Googlebot/2.1; +http://www.google.com/bot.html)"
209.74.77.214 - - [19/Jul/2025:05:42:23 +0000] "POST /wp-cron.php?doing_wp_cron=1752903743.7642529010772705078125 HTTP/1.1" 403 33 "-" "WordPress/6.8.2; https://topflowroofingplumbing.com.au"
45.61.184.161 - - [19/Jul/2025:05:42:22 +0000] "GET /wp-login.php HTTP/1.1" 302 - "-" "Mozilla/5.0 (X11; Linux i686) AppleWebKit/537.36 (KHTML, like Gecko) Chrome/36.0.1985.125 Safari/537.36"
66.249.73.103 - - [19/Jul/2025:05:42:27 +0000] "GET /120003328.htm HTTP/1.1" 200 85907 "-" "Mozilla/5.0 (Linux; Android 6.0.1; Nexus 5X Build/MMB29P) AppleWebKit/537.36 (KHTML, like Gecko) Chrome/137.0.7151.103 Mobile Safari/537.36 (compatible; Googlebot/2.1; +http://www.google.com/bot.html)"
20.171.207.99 - - [19/Jul/2025:05:42:31 +0000] "GET /search.php?customer129037586.html HTTP/1.1" 200 88706 "-" "Mozilla/5.0 AppleWebKit/537.36 (KHTML, like Gecko; compatible; GPTBot/1.2; +https://openai.com/gptbot)"
66.249.73.103 - - [19/Jul/2025:05:42:34 +0000] "GET /pcmypage?callback=product%2Fdetail%2Fakiba-u-shop-2133061523091 HTTP/1.1" 200 85677 "-" "Mozilla/5.0 (Linux; Android 6.0.1; Nexus 5X Build/MMB29P) AppleWebKit/537.36 (KHTML, like Gecko) Chrome/137.0.7151.103 Mobile Safari/537.36 (compatible; Googlebot/2.1; +http://www.google.com/bot.html)"
66.249.73.103 - - [19/Jul/2025:05:42:53 +0000] "GET /pcmypage?callback=product%2Fdetail%2Faugmoon-gunpr2489 HTTP/1.1" 200 86294 "-" "Mozilla/5.0 (Linux; Android 6.0.1; Nexus 5X Build/MMB29P) AppleWebKit/537.36 (KHTML, like Gecko) Chrome/137.0.7151.103 Mobile Safari/537.36 (compatible; Googlebot/2.1; +http://www.google.com/bot.html)"
66.249.73.96 - - [19/Jul/2025:05:43:20 +0000] "GET /pcmypage?callback=product/review/akiba-u-shop-2133061523091 HTTP/1.1" 200 86370 "-" "Mozilla/5.0 (Linux; Android 6.0.1; Nexus 5X Build/MMB29P) AppleWebKit/537.36 (KHTML, like Gecko) Chrome/137.0.7151.103 Mobile Safari/537.36 (compatible; Googlebot/2.1; +http://www.google.com/bot.html)"
66.249.73.96 - - [19/Jul/2025:05:43:23 +0000] "GET /004000728.htm HTTP/1.1" 200 86569 "-" "Mozilla/5.0 (Linux; Android 6.0.1; Nexus 5X Build/MMB29P) AppleWebKit/537.36 (KHTML, like Gecko) Chrome/137.0.7151.103 Mobile Safari/537.36 (compatible; Googlebot/2.1; +http://www.google.com/bot.html)"
66.249.73.103 - - [19/Jul/2025:05:43:27 +0000] "GET /pcmypage?callback=/product%2Fdetail%2Akiba-u-shop-2133061523091 HTTP/1.1" 200 85716 "-" "Mozilla/5.0 (Linux; Android 6.0.1; Nexus 5X Build/MMB29P) AppleWebKit/537.36 (KHTML, like Gecko) Chrome/137.0.7151.103 Mobile Safari/537.36 (compatible; Googlebot/2.1; +http://www.google.com/bot.html)"
66.249.73.103 - - [19/Jul/2025:05:43:30 +0000] "GET /120003330.htm HTTP/1.1" 200 85752 "-" "Mozilla/5.0 (Linux; Android 6.0.1; Nexus 5X Build/MMB29P) AppleWebKit/537.36 (KHTML, like Gecko) Chrome/137.0.7151.103 Mobile Safari/537.36 (compatible; Googlebot/2.1; +http://www.google.com/bot.html)"
20.171.207.99 - - [19/Jul/2025:05:43:32 +0000] "GET /search.php?surgery137048954.html HTTP/1.1" 200 87428 "-" "Mozilla/5.0 AppleWebKit/537.36 (KHTML, like Gecko; compatible; GPTBot/1.2; +https://openai.com/gptbot)"
66.249.73.103 - - [19/Jul/2025:05:43:34 +0000] "GET /004000740.htm HTTP/1.1" 200 85867 "-" "Mozilla/5.0 (Linux; Android 6.0.1; Nexus 5X Build/MMB29P) AppleWebKit/537.36 (KHTML, like Gecko) Chrome/137.0.7151.103 Mobile Safari/537.36 (compatible; Googlebot/2.1; +http://www.google.com/bot.html)"
66.249.73.96 - - [19/Jul/2025:05:43:37 +0000] "GET /004000722.htm HTTP/1.1" 200 86331 "-" "Mozilla/5.0 (Linux; Android 6.0.1; Nexus 5X Build/MMB29P) AppleWebKit/537.36 (KHTML, like Gecko) Chrome/137.0.7151.103 Mobile Safari/537.36 (compatible; Googlebot/2.1; +http://www.google.com/bot.html)"
66.249.73.103 - - [19/Jul/2025:05:43:47 +0000] "GET /pcmypage?callback=/product%2Fdetail%2Augmoon-gunpr2489 HTTP/1.1" 200 86426 "-" "Mozilla/5.0 (Linux; Android 6.0.1; Nexus 5X Build/MMB29P) AppleWebKit/537.36 (KHTML, like Gecko) Chrome/137.0.7151.103 Mobile Safari/537.36 (compatible; Googlebot/2.1; +http://www.google.com/bot.html)"
66.249.73.96 - - [19/Jul/2025:05:43:50 +0000] "GET /pcmypage?callback=/product%2Fdetail%2Clumstore-clumstore204b220e8f HTTP/1.1" 200 86500 "-" "Mozilla/5.0 (Linux; Android 6.0.1; Nexus 5X Build/MMB29P) AppleWebKit/537.36 (KHTML, like Gecko) Chrome/137.0.7151.103 Mobile Safari/537.36 (compatible; Googlebot/2.1; +http://www.google.com/bot.html)"
66.249.73.97 - - [19/Jul/2025:05:43:54 +0000] "GET /170041650.htm HTTP/1.1" 200 85400 "-" "Mozilla/5.0 (Linux; Android 6.0.1; Nexus 5X Build/MMB29P) AppleWebKit/537.36 (KHTML, like Gecko) Chrome/137.0.7151.103 Mobile Safari/537.36 (compatible; Googlebot/2.1; +http://www.google.com/bot.html)"
66.249.73.97 - - [19/Jul/2025:05:44:01 +0000] "GET /264027910.htm HTTP/1.1" 200 85920 "-" "Mozilla/5.0 (Linux; Android 6.0.1; Nexus 5X Build/MMB29P) AppleWebKit/537.36 (KHTML, like Gecko) Chrome/137.0.7151.103 Mobile Safari/537.36 (compatible; Googlebot/2.1; +http://www.google.com/bot.html)"
66.249.73.96 - - [19/Jul/2025:05:44:14 +0000] "GET /pcmypage?callback=product/review/clumstore-clumstore204b220e8f HTTP/1.1" 200 85765 "-" "Mozilla/5.0 (Linux; Android 6.0.1; Nexus 5X Build/MMB29P) AppleWebKit/537.36 (KHTML, like Gecko) Chrome/137.0.7151.103 Mobile Safari/537.36 (compatible; Googlebot/2.1; +http://www.google.com/bot.html)"
66.249.73.103 - - [19/Jul/2025:05:44:23 +0000] "GET /pcmypage?callback=/product%2Fdetail%2Auc-swallow-230401-set139 HTTP/1.1" 200 86299 "-" "Mozilla/5.0 (Linux; Android 6.0.1; Nexus 5X Build/MMB29P) AppleWebKit/537.36 (KHTML, like Gecko) Chrome/137.0.7151.103 Mobile Safari/537.36 (compatible; Googlebot/2.1; +http://www.google.com/bot.html)"
209.74.77.214 - - [19/Jul/2025:05:44:24 +0000] "POST /wp-cron.php?doing_wp_cron=1752903864.6058540344238281250000 HTTP/1.1" 403 33 "-" "WordPress/6.8.2; https://topflowroofingplumbing.com.au"
45.61.184.161 - - [19/Jul/2025:05:44:22 +0000] "GET /wp-login.php HTTP/1.1" 302 - "-" "Mozilla/5.0 (X11; Linux i686) AppleWebKit/537.36 (KHTML, like Gecko) Chrome/36.0.1985.125 Safari/537.36"
66.249.73.103 - - [19/Jul/2025:05:44:30 +0000] "GET /004000716.htm HTTP/1.1" 200 85690 "-" "Mozilla/5.0 (Linux; Android 6.0.1; Nexus 5X Build/MMB29P) AppleWebKit/537.36 (KHTML, like Gecko) Chrome/137.0.7151.103 Mobile Safari/537.36 (compatible; Googlebot/2.1; +http://www.google.com/bot.html)"
66.249.73.103 - - [19/Jul/2025:05:44:30 +0000] "GET /107044277.htm HTTP/1.1" 200 86105 "-" "Mozilla/5.0 (Linux; Android 6.0.1; Nexus 5X Build/MMB29P) AppleWebKit/537.36 (KHTML, like Gecko) Chrome/137.0.7151.103 Mobile Safari/537.36 (compatible; Googlebot/2.1; +http://www.google.com/bot.html)"
66.249.73.103 - - [19/Jul/2025:05:44:33 +0000] "GET /pcmypage?callback=product/review/augmoon-gunpr2489 HTTP/1.1" 200 86117 "-" "Mozilla/5.0 (Linux; Android 6.0.1; Nexus 5X Build/MMB29P) AppleWebKit/537.36 (KHTML, like Gecko) Chrome/137.0.7151.103 Mobile Safari/537.36 (compatible; Googlebot/2.1; +http://www.google.com/bot.html)"
66.249.73.103 - - [19/Jul/2025:05:44:37 +0000] "GET /186022116.htm HTTP/1.1" 200 86681 "-" "Mozilla/5.0 (Linux; Android 6.0.1; Nexus 5X Build/MMB29P) AppleWebKit/537.36 (KHTML, like Gecko) Chrome/137.0.7151.103 Mobile Safari/537.36 (compatible; Googlebot/2.1; +http://www.google.com/bot.html)"
20.171.207.99 - - [19/Jul/2025:05:44:37 +0000] "GET /search.php?laundry217046306.html HTTP/1.1" 200 87221 "-" "Mozilla/5.0 AppleWebKit/537.36 (KHTML, like Gecko; compatible; GPTBot/1.2; +https://openai.com/gptbot)"
66.249.73.97 - - [19/Jul/2025:05:44:48 +0000] "GET /pcmypage?callback=product%2Fdetail%2Fhirochishop-2-mwc50py-tn HTTP/1.1" 200 85907 "-" "Mozilla/5.0 (Linux; Android 6.0.1; Nexus 5X Build/MMB29P) AppleWebKit/537.36 (KHTML, like Gecko) Chrome/137.0.7151.103 Mobile Safari/537.36 (compatible; Googlebot/2.1; +http://www.google.com/bot.html)"
66.249.73.97 - - [19/Jul/2025:05:44:51 +0000] "GET /211018793.htm HTTP/1.1" 200 85317 "-" "Mozilla/5.0 (Linux; Android 6.0.1; Nexus 5X Build/MMB29P) AppleWebKit/537.36 (KHTML, like Gecko) Chrome/137.0.7151.103 Mobile Safari/537.36 (compatible; Googlebot/2.1; +http://www.google.com/bot.html)"
66.249.73.97 - - [19/Jul/2025:05:44:55 +0000] "GET /118027516.htm HTTP/1.1" 200 85892 "-" "Mozilla/5.0 (Linux; Android 6.0.1; Nexus 5X Build/MMB29P) AppleWebKit/537.36 (KHTML, like Gecko) Chrome/137.0.7151.103 Mobile Safari/537.36 (compatible; Googlebot/2.1; +http://www.google.com/bot.html)"
66.249.73.97 - - [19/Jul/2025:05:45:20 +0000] "GET /118027512.htm HTTP/1.1" 200 85803 "-" "Mozilla/5.0 (Linux; Android 6.0.1; Nexus 5X Build/MMB29P) AppleWebKit/537.36 (KHTML, like Gecko) Chrome/137.0.7151.103 Mobile Safari/537.36 (compatible; Googlebot/2.1; +http://www.google.com/bot.html)"
66.249.73.96 - - [19/Jul/2025:05:45:27 +0000] "GET /pcmypage?callback=/product%2Fdetail%2rcmdva-tm-1740661 HTTP/1.1" 200 85457 "-" "Mozilla/5.0 (Linux; Android 6.0.1; Nexus 5X Build/MMB29P) AppleWebKit/537.36 (KHTML, like Gecko) Chrome/137.0.7151.103 Mobile Safari/537.36 (compatible; Googlebot/2.1; +http://www.google.com/bot.html)"
66.249.73.96 - - [19/Jul/2025:05:45:27 +0000] "GET /pcmypage?callback=/product%2Fdetail%2sakan8man-trus-1262573 HTTP/1.1" 200 86031 "-" "Mozilla/5.0 (Linux; Android 6.0.1; Nexus 5X Build/MMB29P) AppleWebKit/537.36 (KHTML, like Gecko) Chrome/137.0.7151.103 Mobile Safari/537.36 (compatible; Googlebot/2.1; +http://www.google.com/bot.html)"
66.249.73.96 - - [19/Jul/2025:05:45:30 +0000] "GET /015000983.htm HTTP/1.1" 200 85728 "-" "Mozilla/5.0 (Linux; Android 6.0.1; Nexus 5X Build/MMB29P) AppleWebKit/537.36 (KHTML, like Gecko) Chrome/137.0.7151.103 Mobile Safari/537.36 (compatible; Googlebot/2.1; +http://www.google.com/bot.html)"
20.171.207.99 - - [19/Jul/2025:05:45:37 +0000] "GET /search.php?evident242043765.html HTTP/1.1" 200 86550 "-" "Mozilla/5.0 AppleWebKit/537.36 (KHTML, like Gecko; compatible; GPTBot/1.2; +https://openai.com/gptbot)"
66.249.73.96 - - [19/Jul/2025:05:45:40 +0000] "GET /163016513.htm HTTP/1.1" 200 85774 "-" "Mozilla/5.0 (Linux; Android 6.0.1; Nexus 5X Build/MMB29P) AppleWebKit/537.36 (KHTML, like Gecko) Chrome/137.0.7151.103 Mobile Safari/537.36 (compatible; Googlebot/2.1; +http://www.google.com/bot.html)"
66.249.73.96 - - [19/Jul/2025:05:45:43 +0000] "GET /pcmypage?callback=product%2Fdetail%2Frcmdva-tm-1740661 HTTP/1.1" 200 85531 "-" "Mozilla/5.0 (Linux; Android 6.0.1; Nexus 5X Build/MMB29P) AppleWebKit/537.36 (KHTML, like Gecko) Chrome/137.0.7151.103 Mobile Safari/537.36 (compatible; Googlebot/2.1; +http://www.google.com/bot.html)"
66.249.73.103 - - [19/Jul/2025:05:45:47 +0000] "GET /pcmypage?callback=/product%2Fdetail%2Daishinshop-1576-00000638 HTTP/1.1" 200 85747 "-" "Mozilla/5.0 (Linux; Android 6.0.1; Nexus 5X Build/MMB29P) AppleWebKit/537.36 (KHTML, like Gecko) Chrome/137.0.7151.103 Mobile Safari/537.36 (compatible; Googlebot/2.1; +http://www.google.com/bot.html)"
66.249.73.103 - - [19/Jul/2025:05:45:56 +0000] "GET /007037683.htm HTTP/1.1" 200 85800 "-" "Mozilla/5.0 (Linux; Android 6.0.1; Nexus 5X Build/MMB29P) AppleWebKit/537.36 (KHTML, like Gecko) Chrome/137.0.7151.103 Mobile Safari/537.36 (compatible; Googlebot/2.1; +http://www.google.com/bot.html)"
66.249.73.96 - - [19/Jul/2025:05:45:59 +0000] "GET /083000483.htm HTTP/1.1" 200 85972 "-" "Mozilla/5.0 (Linux; Android 6.0.1; Nexus 5X Build/MMB29P) AppleWebKit/537.36 (KHTML, like Gecko) Chrome/137.0.7151.103 Mobile Safari/537.36 (compatible; Googlebot/2.1; +http://www.google.com/bot.html)"
66.249.73.103 - - [19/Jul/2025:05:46:03 +0000] "GET /015000979.htm HTTP/1.1" 200 86041 "-" "Mozilla/5.0 (Linux; Android 6.0.1; Nexus 5X Build/MMB29P) AppleWebKit/537.36 (KHTML, like Gecko) Chrome/137.0.7151.103 Mobile Safari/537.36 (compatible; Googlebot/2.1; +http://www.google.com/bot.html)"
66.249.73.103 - - [19/Jul/2025:05:46:24 +0000] "GET /007037679.htm HTTP/1.1" 200 85711 "-" "Mozilla/5.0 (Linux; Android 6.0.1; Nexus 5X Build/MMB29P) AppleWebKit/537.36 (KHTML, like Gecko) Chrome/137.0.7151.103 Mobile Safari/537.36 (compatible; Googlebot/2.1; +http://www.google.com/bot.html)"
209.74.77.214 - - [19/Jul/2025:05:46:33 +0000] "POST /wp-cron.php?doing_wp_cron=1752903992.8540821075439453125000 HTTP/1.1" 403 33 "-" "WordPress/6.8.2; https://topflowroofingplumbing.com.au"
45.61.184.161 - - [19/Jul/2025:05:46:31 +0000] "GET /wp-login.php HTTP/1.1" 302 - "-" "Mozilla/5.0 (X11; Linux i686) AppleWebKit/537.36 (KHTML, like Gecko) Chrome/36.0.1985.125 Safari/537.36"
66.249.73.103 - - [19/Jul/2025:05:46:34 +0000] "GET /269049797.htm HTTP/1.1" 200 86179 "-" "Mozilla/5.0 (Linux; Android 6.0.1; Nexus 5X Build/MMB29P) AppleWebKit/537.36 (KHTML, like Gecko) Chrome/137.0.7151.103 Mobile Safari/537.36 (compatible; Googlebot/2.1; +http://www.google.com/bot.html)"
66.249.73.103 - - [19/Jul/2025:05:46:37 +0000] "GET /015000609.htm HTTP/1.1" 200 86034 "-" "Mozilla/5.0 (Linux; Android 6.0.1; Nexus 5X Build/MMB29P) AppleWebKit/537.36 (KHTML, like Gecko) Chrome/137.0.7151.103 Mobile Safari/537.36 (compatible; Googlebot/2.1; +http://www.google.com/bot.html)"
20.171.207.99 - - [19/Jul/2025:05:46:38 +0000] "GET /search.php?rebuild175038930.html HTTP/1.1" 200 86509 "-" "Mozilla/5.0 AppleWebKit/537.36 (KHTML, like Gecko; compatible; GPTBot/1.2; +https://openai.com/gptbot)"
66.249.73.103 - - [19/Jul/2025:05:46:41 +0000] "GET /015033467.htm HTTP/1.1" 200 85927 "-" "Mozilla/5.0 (Linux; Android 6.0.1; Nexus 5X Build/MMB29P) AppleWebKit/537.36 (KHTML, like Gecko) Chrome/137.0.7151.103 Mobile Safari/537.36 (compatible; Googlebot/2.1; +http://www.google.com/bot.html)"
66.249.73.103 - - [19/Jul/2025:05:46:44 +0000] "GET /038009272.htm HTTP/1.1" 200 86731 "-" "Mozilla/5.0 (Linux; Android 6.0.1; Nexus 5X Build/MMB29P) AppleWebKit/537.36 (KHTML, like Gecko) Chrome/137.0.7151.103 Mobile Safari/537.36 (compatible; Googlebot/2.1; +http://www.google.com/bot.html)"
66.249.73.96 - - [19/Jul/2025:05:46:48 +0000] "GET /083000481.htm HTTP/1.1" 200 86719 "-" "Mozilla/5.0 (Linux; Android 6.0.1; Nexus 5X Build/MMB29P) AppleWebKit/537.36 (KHTML, like Gecko) Chrome/137.0.7151.103 Mobile Safari/537.36 (compatible; Googlebot/2.1; +http://www.google.com/bot.html)"
66.249.73.96 - - [19/Jul/2025:05:46:51 +0000] "GET /007037681.htm HTTP/1.1" 200 86046 "-" "Mozilla/5.0 (Linux; Android 6.0.1; Nexus 5X Build/MMB29P) AppleWebKit/537.36 (KHTML, like Gecko) Chrome/137.0.7151.103 Mobile Safari/537.36 (compatible; Googlebot/2.1; +http://www.google.com/bot.html)"
66.249.73.103 - - [19/Jul/2025:05:46:54 +0000] "GET /pcmypage?callback=product/review/daishinshop-1576-00000638 HTTP/1.1" 200 86627 "-" "Mozilla/5.0 (Linux; Android 6.0.1; Nexus 5X Build/MMB29P) AppleWebKit/537.36 (KHTML, like Gecko) Chrome/137.0.7151.103 Mobile Safari/537.36 (compatible; Googlebot/2.1; +http://www.google.com/bot.html)"
2a03:2880:f800:d:: - - [19/Jul/2025:05:47:05 +0000] "GET /shopbrand/88232618 HTTP/1.1" 404 11694 "-" "meta-externalagent/1.1 (+https://developers.facebook.com/docs/sharing/webmasters/crawler)"
66.249.73.97 - - [19/Jul/2025:05:47:13 +0000] "GET /pcmypage?callback=/product%2Fdetail%2raise-sneaker-s-0008027 HTTP/1.1" 200 85944 "-" "Mozilla/5.0 (Linux; Android 6.0.1; Nexus 5X Build/MMB29P) AppleWebKit/537.36 (KHTML, like Gecko) Chrome/137.0.7151.103 Mobile Safari/537.36 (compatible; Googlebot/2.1; +http://www.google.com/bot.html)"
66.249.73.103 - - [19/Jul/2025:05:47:22 +0000] "GET /065000581.htm HTTP/1.1" 200 85986 "-" "Mozilla/5.0 (Linux; Android 6.0.1; Nexus 5X Build/MMB29P) AppleWebKit/537.36 (KHTML, like Gecko) Chrome/137.0.7151.103 Mobile Safari/537.36 (compatible; Googlebot/2.1; +http://www.google.com/bot.html)"
66.249.73.96 - - [19/Jul/2025:05:47:26 +0000] "GET /pcmypage?callback=/product%2Fdetail%2guruguru2-4949727665825 HTTP/1.1" 200 86551 "-" "Mozilla/5.0 (Linux; Android 6.0.1; Nexus 5X Build/MMB29P) AppleWebKit/537.36 (KHTML, like Gecko) Chrome/137.0.7151.103 Mobile Safari/537.36 (compatible; Googlebot/2.1; +http://www.google.com/bot.html)"
66.249.73.103 - - [19/Jul/2025:05:47:35 +0000] "GET /072000870.htm HTTP/1.1" 200 86273 "-" "Mozilla/5.0 (Linux; Android 6.0.1; Nexus 5X Build/MMB29P) AppleWebKit/537.36 (KHTML, like Gecko) Chrome/137.0.7151.103 Mobile Safari/537.36 (compatible; Googlebot/2.1; +http://www.google.com/bot.html)"
66.249.73.103 - - [19/Jul/2025:05:47:39 +0000] "GET /pcmypage?callback=product%2Fdetail%2Fraise-sneaker-s-0008027 HTTP/1.1" 200 87926 "-" "Mozilla/5.0 (Linux; Android 6.0.1; Nexus 5X Build/MMB29P) AppleWebKit/537.36 (KHTML, like Gecko) Chrome/137.0.7151.103 Mobile Safari/537.36 (compatible; Googlebot/2.1; +http://www.google.com/bot.html)"
