2a03:2880:f800:2:: - - [18/Jul/2025:22:15:15 +0000] "GET /shopbrand/193845798 HTTP/1.1" 404 11695 "-" "meta-externalagent/1.1 (+https://developers.facebook.com/docs/sharing/webmasters/crawler)"
2a03:2880:f800:7:: - - [18/Jul/2025:22:15:17 +0000] "GET /shopbrand/352164722 HTTP/1.1" 404 11695 "-" "meta-externalagent/1.1 (+https://developers.facebook.com/docs/sharing/webmasters/crawler)"
20.171.207.99 - - [18/Jul/2025:22:15:17 +0000] "GET /search.php?product/edit/rcmdse-xy-2p40782-1 HTTP/1.1" 200 87106 "-" "Mozilla/5.0 AppleWebKit/537.36 (KHTML, like Gecko; compatible; GPTBot/1.2; +https://openai.com/gptbot)"
2a03:2880:f800:15:: - - [18/Jul/2025:22:15:21 +0000] "GET /shopbrand/180802854 HTTP/1.1" 404 11695 "-" "meta-externalagent/1.1 (+https://developers.facebook.com/docs/sharing/webmasters/crawler)"
2a03:2880:f800:1a:: - - [18/Jul/2025:22:15:21 +0000] "GET /shopbrand/352058307 HTTP/1.1" 404 11695 "-" "meta-externalagent/1.1 (+https://developers.facebook.com/docs/sharing/webmasters/crawler)"
2a03:2880:f800:19:: - - [18/Jul/2025:22:15:25 +0000] "GET /shopbrand/180876447 HTTP/1.1" 404 11695 "-" "meta-externalagent/1.1 (+https://developers.facebook.com/docs/sharing/webmasters/crawler)"
2a03:2880:f800:: - - [18/Jul/2025:22:15:28 +0000] "GET /shopbrand/88320049 HTTP/1.1" 404 11695 "-" "meta-externalagent/1.1 (+https://developers.facebook.com/docs/sharing/webmasters/crawler)"
2a03:2880:f800:a:: - - [18/Jul/2025:22:15:35 +0000] "GET /shopbrand/88323840 HTTP/1.1" 404 11695 "-" "meta-externalagent/1.1 (+https://developers.facebook.com/docs/sharing/webmasters/crawler)"
2a03:2880:f800:b:: - - [18/Jul/2025:22:15:41 +0000] "GET /shopbrand/180845187 HTTP/1.1" 404 11695 "-" "meta-externalagent/1.1 (+https://developers.facebook.com/docs/sharing/webmasters/crawler)"
2a03:2880:f800:1c:: - - [18/Jul/2025:22:15:41 +0000] "GET /shopbrand/261439871 HTTP/1.1" 404 11695 "-" "meta-externalagent/1.1 (+https://developers.facebook.com/docs/sharing/webmasters/crawler)"
2a03:2880:f800:1d:: - - [18/Jul/2025:22:15:42 +0000] "GET /shopbrand/180790735 HTTP/1.1" 404 11695 "-" "meta-externalagent/1.1 (+https://developers.facebook.com/docs/sharing/webmasters/crawler)"
2a03:2880:f800:6:: - - [18/Jul/2025:22:15:42 +0000] "GET /shopbrand/193957198 HTTP/1.1" 404 11695 "-" "meta-externalagent/1.1 (+https://developers.facebook.com/docs/sharing/webmasters/crawler)"
2a03:2880:f800:13:: - - [18/Jul/2025:22:15:43 +0000] "GET /shopbrand/88301077 HTTP/1.1" 404 11695 "-" "meta-externalagent/1.1 (+https://developers.facebook.com/docs/sharing/webmasters/crawler)"
2a03:2880:f800:19:: - - [18/Jul/2025:22:15:47 +0000] "GET /shopbrand/180794489 HTTP/1.1" 404 11695 "-" "meta-externalagent/1.1 (+https://developers.facebook.com/docs/sharing/webmasters/crawler)"
2a03:2880:f800:9:: - - [18/Jul/2025:22:15:48 +0000] "GET /shopbrand/180813413 HTTP/1.1" 404 11695 "-" "meta-externalagent/1.1 (+https://developers.facebook.com/docs/sharing/webmasters/crawler)"
2a03:2880:f800:16:: - - [18/Jul/2025:22:15:49 +0000] "GET /shopbrand/180851814 HTTP/1.1" 404 11695 "-" "meta-externalagent/1.1 (+https://developers.facebook.com/docs/sharing/webmasters/crawler)"
2a03:2880:f800:14:: - - [18/Jul/2025:22:15:49 +0000] "GET /shopbrand/180821826 HTTP/1.1" 404 11695 "-" "meta-externalagent/1.1 (+https://developers.facebook.com/docs/sharing/webmasters/crawler)"
209.74.77.214 - - [18/Jul/2025:22:15:55 +0000] "POST /wp-cron.php?doing_wp_cron=1752876955.2372479438781738281250 HTTP/1.1" 403 33 "-" "WordPress/6.8.2; https://topflowroofingplumbing.com.au"
2a03:2880:f800:8:: - - [18/Jul/2025:22:15:55 +0000] "GET /shopbrand/261488304 HTTP/1.1" 404 11695 "-" "meta-externalagent/1.1 (+https://developers.facebook.com/docs/sharing/webmasters/crawler)"
2a03:2880:f800:1:: - - [18/Jul/2025:22:16:04 +0000] "GET /shopbrand/193847481 HTTP/1.1" 404 11695 "-" "meta-externalagent/1.1 (+https://developers.facebook.com/docs/sharing/webmasters/crawler)"
2a03:2880:f800:12:: - - [18/Jul/2025:22:16:05 +0000] "GET /shopbrand/88298323 HTTP/1.1" 404 11695 "-" "meta-externalagent/1.1 (+https://developers.facebook.com/docs/sharing/webmasters/crawler)"
20.171.207.99 - - [18/Jul/2025:22:16:20 +0000] "GET /search.php?digital189045268.html HTTP/1.1" 200 87881 "-" "Mozilla/5.0 AppleWebKit/537.36 (KHTML, like Gecko; compatible; GPTBot/1.2; +https://openai.com/gptbot)"
2a03:2880:f800:12:: - - [18/Jul/2025:22:16:22 +0000] "GET /shopbrand/88286556 HTTP/1.1" 404 11695 "-" "meta-externalagent/1.1 (+https://developers.facebook.com/docs/sharing/webmasters/crawler)"
2a03:2880:f800:b:: - - [18/Jul/2025:22:16:30 +0000] "GET /shopbrand/261480332 HTTP/1.1" 404 11695 "-" "meta-externalagent/1.1 (+https://developers.facebook.com/docs/sharing/webmasters/crawler)"
2a03:2880:f800:10:: - - [18/Jul/2025:22:16:35 +0000] "GET /shopbrand/88359640 HTTP/1.1" 404 11695 "-" "meta-externalagent/1.1 (+https://developers.facebook.com/docs/sharing/webmasters/crawler)"
2a03:2880:f800:12:: - - [18/Jul/2025:22:16:40 +0000] "GET /shopbrand/180873540 HTTP/1.1" 404 11695 "-" "meta-externalagent/1.1 (+https://developers.facebook.com/docs/sharing/webmasters/crawler)"
66.249.73.97 - - [18/Jul/2025:22:16:41 +0000] "GET /shopdetail/515070052 HTTP/1.1" 200 85404 "-" "Mozilla/5.0 (Linux; Android 6.0.1; Nexus 5X Build/MMB29P) AppleWebKit/537.36 (KHTML, like Gecko) Chrome/137.0.7151.103 Mobile Safari/537.36 (compatible; Googlebot/2.1; +http://www.google.com/bot.html)"
66.249.73.96 - - [18/Jul/2025:22:16:43 +0000] "GET /281003087.htm HTTP/1.1" 200 85862 "-" "Mozilla/5.0 (Linux; Android 6.0.1; Nexus 5X Build/MMB29P) AppleWebKit/537.36 (KHTML, like Gecko) Chrome/137.0.7151.103 Mobile Safari/537.36 (compatible; Googlebot/2.1; +http://www.google.com/bot.html)"
2a03:2880:f800:a:: - - [18/Jul/2025:22:16:54 +0000] "GET /shopbrand/261511850 HTTP/1.1" 404 11695 "-" "meta-externalagent/1.1 (+https://developers.facebook.com/docs/sharing/webmasters/crawler)"
209.74.77.214 - - [18/Jul/2025:22:16:55 +0000] "POST /wp-cron.php?doing_wp_cron=1752877015.3771779537200927734375 HTTP/1.1" 403 33 "-" "WordPress/6.8.2; https://topflowroofingplumbing.com.au"
2a03:2880:f800:9:: - - [18/Jul/2025:22:16:55 +0000] "GET /shopbrand/180801646 HTTP/1.1" 404 11695 "-" "meta-externalagent/1.1 (+https://developers.facebook.com/docs/sharing/webmasters/crawler)"
2a03:2880:f800:1c:: - - [18/Jul/2025:22:16:56 +0000] "GET /shopbrand/261444240 HTTP/1.1" 404 11695 "-" "meta-externalagent/1.1 (+https://developers.facebook.com/docs/sharing/webmasters/crawler)"
2a03:2880:f800:7:: - - [18/Jul/2025:22:16:56 +0000] "GET /shopbrand/88297645 HTTP/1.1" 404 11695 "-" "meta-externalagent/1.1 (+https://developers.facebook.com/docs/sharing/webmasters/crawler)"
2a03:2880:f800:13:: - - [18/Jul/2025:22:16:58 +0000] "GET /shopbrand/180897239 HTTP/1.1" 404 11695 "-" "meta-externalagent/1.1 (+https://developers.facebook.com/docs/sharing/webmasters/crawler)"
2a03:2880:f800:f:: - - [18/Jul/2025:22:17:01 +0000] "GET /shopbrand/352106226 HTTP/1.1" 404 11695 "-" "meta-externalagent/1.1 (+https://developers.facebook.com/docs/sharing/webmasters/crawler)"
2a03:2880:f800:1:: - - [18/Jul/2025:22:17:06 +0000] "GET /shopbrand/180870190 HTTP/1.1" 404 11695 "-" "meta-externalagent/1.1 (+https://developers.facebook.com/docs/sharing/webmasters/crawler)"
2a03:2880:f800:19:: - - [18/Jul/2025:22:17:07 +0000] "GET /shopbrand/88275218 HTTP/1.1" 404 11695 "-" "meta-externalagent/1.1 (+https://developers.facebook.com/docs/sharing/webmasters/crawler)"
2a03:2880:f800:1a:: - - [18/Jul/2025:22:17:09 +0000] "GET /shopbrand/352059935 HTTP/1.1" 404 11695 "-" "meta-externalagent/1.1 (+https://developers.facebook.com/docs/sharing/webmasters/crawler)"
2a03:2880:f800:c:: - - [18/Jul/2025:22:17:11 +0000] "GET /shopbrand/352121425 HTTP/1.1" 404 11695 "-" "meta-externalagent/1.1 (+https://developers.facebook.com/docs/sharing/webmasters/crawler)"
2a03:2880:f800:1a:: - - [18/Jul/2025:22:17:12 +0000] "GET /shopbrand/352050657 HTTP/1.1" 404 11695 "-" "meta-externalagent/1.1 (+https://developers.facebook.com/docs/sharing/webmasters/crawler)"
2a03:2880:f800:4:: - - [18/Jul/2025:22:17:16 +0000] "GET /shopbrand/261554110 HTTP/1.1" 404 11695 "-" "meta-externalagent/1.1 (+https://developers.facebook.com/docs/sharing/webmasters/crawler)"
2a03:2880:f800:1d:: - - [18/Jul/2025:22:17:16 +0000] "GET /shopbrand/193949548 HTTP/1.1" 404 11695 "-" "meta-externalagent/1.1 (+https://developers.facebook.com/docs/sharing/webmasters/crawler)"
2a03:2880:f800:15:: - - [18/Jul/2025:22:17:17 +0000] "GET /shopbrand/88314813 HTTP/1.1" 404 11695 "-" "meta-externalagent/1.1 (+https://developers.facebook.com/docs/sharing/webmasters/crawler)"
2a03:2880:f800:d:: - - [18/Jul/2025:22:17:20 +0000] "GET /shopbrand/352078140 HTTP/1.1" 404 11695 "-" "meta-externalagent/1.1 (+https://developers.facebook.com/docs/sharing/webmasters/crawler)"
2a03:2880:f800:c:: - - [18/Jul/2025:22:17:24 +0000] "GET /shopbrand/261533491 HTTP/1.1" 404 11695 "-" "meta-externalagent/1.1 (+https://developers.facebook.com/docs/sharing/webmasters/crawler)"
20.171.207.99 - - [18/Jul/2025:22:17:25 +0000] "GET /search.php?items%2F056000107.html%3Fsrsltid=AfmBOoxwmjFHGNEvfvII2x0FZWJGwmwz4VgsK7Eel5fPhqPIBnhq HTTP/1.1" 200 87680 "-" "Mozilla/5.0 AppleWebKit/537.36 (KHTML, like Gecko; compatible; GPTBot/1.2; +https://openai.com/gptbot)"
2a03:2880:f800:19:: - - [18/Jul/2025:22:17:27 +0000] "GET /shopbrand/180831022 HTTP/1.1" 404 11695 "-" "meta-externalagent/1.1 (+https://developers.facebook.com/docs/sharing/webmasters/crawler)"
51.222.253.11 - - [18/Jul/2025:22:17:29 +0000] "GET /shopbrand/35800 HTTP/1.1" 404 11695 "-" "Mozilla/5.0 (compatible; AhrefsBot/7.0; +http://ahrefs.com/robot/)"
2a03:2880:f800:12:: - - [18/Jul/2025:22:17:30 +0000] "GET /shopbrand/193889506 HTTP/1.1" 404 11695 "-" "meta-externalagent/1.1 (+https://developers.facebook.com/docs/sharing/webmasters/crawler)"
2a03:2880:f800:1c:: - - [18/Jul/2025:22:17:32 +0000] "GET /shopbrand/180807476 HTTP/1.1" 404 11695 "-" "meta-externalagent/1.1 (+https://developers.facebook.com/docs/sharing/webmasters/crawler)"
2a03:2880:f800:14:: - - [18/Jul/2025:22:17:35 +0000] "GET /shopbrand/180914832 HTTP/1.1" 404 11695 "-" "meta-externalagent/1.1 (+https://developers.facebook.com/docs/sharing/webmasters/crawler)"
2a03:2880:f800:9:: - - [18/Jul/2025:22:17:42 +0000] "GET /shopbrand/88266038 HTTP/1.1" 404 11695 "-" "meta-externalagent/1.1 (+https://developers.facebook.com/docs/sharing/webmasters/crawler)"
2a03:2880:f800:18:: - - [18/Jul/2025:22:17:44 +0000] "GET /shopbrand/180830581 HTTP/1.1" 404 11695 "-" "meta-externalagent/1.1 (+https://developers.facebook.com/docs/sharing/webmasters/crawler)"
2a03:2880:f800:1d:: - - [18/Jul/2025:22:17:47 +0000] "GET /shopbrand/180807750 HTTP/1.1" 404 11695 "-" "meta-externalagent/1.1 (+https://developers.facebook.com/docs/sharing/webmasters/crawler)"
2a03:2880:f800:8:: - - [18/Jul/2025:22:17:47 +0000] "GET /shopbrand/88323059 HTTP/1.1" 404 11695 "-" "meta-externalagent/1.1 (+https://developers.facebook.com/docs/sharing/webmasters/crawler)"
2a03:2880:f800:: - - [18/Jul/2025:22:17:51 +0000] "GET /shopbrand/180875175 HTTP/1.1" 404 11695 "-" "meta-externalagent/1.1 (+https://developers.facebook.com/docs/sharing/webmasters/crawler)"
2a03:2880:f800:b:: - - [18/Jul/2025:22:18:01 +0000] "GET /shopbrand/88326850 HTTP/1.1" 404 11695 "-" "meta-externalagent/1.1 (+https://developers.facebook.com/docs/sharing/webmasters/crawler)"
2a03:2880:f800:19:: - - [18/Jul/2025:22:18:01 +0000] "GET /shopbrand/352096708 HTTP/1.1" 404 11695 "-" "meta-externalagent/1.1 (+https://developers.facebook.com/docs/sharing/webmasters/crawler)"
209.74.77.214 - - [18/Jul/2025:22:18:01 +0000] "POST /wp-cron.php?doing_wp_cron=1752877081.5689320564270019531250 HTTP/1.1" 403 33 "-" "WordPress/6.8.2; https://topflowroofingplumbing.com.au"
2a03:2880:f800:1a:: - - [18/Jul/2025:22:18:01 +0000] "GET /shopbrand/180783930 HTTP/1.1" 404 11695 "-" "meta-externalagent/1.1 (+https://developers.facebook.com/docs/sharing/webmasters/crawler)"
2a03:2880:f800:1b:: - - [18/Jul/2025:22:18:02 +0000] "GET /shopbrand/88240101 HTTP/1.1" 404 11695 "-" "meta-externalagent/1.1 (+https://developers.facebook.com/docs/sharing/webmasters/crawler)"
2a03:2880:f800:1:: - - [18/Jul/2025:22:18:03 +0000] "GET /shopbrand/261439088 HTTP/1.1" 404 11695 "-" "meta-externalagent/1.1 (+https://developers.facebook.com/docs/sharing/webmasters/crawler)"
2a03:2880:f800:16:: - - [18/Jul/2025:22:18:04 +0000] "GET /shopbrand/180786179 HTTP/1.1" 404 11695 "-" "meta-externalagent/1.1 (+https://developers.facebook.com/docs/sharing/webmasters/crawler)"
2a03:2880:f800:a:: - - [18/Jul/2025:22:18:05 +0000] "GET /shopbrand/88347724 HTTP/1.1" 404 11695 "-" "meta-externalagent/1.1 (+https://developers.facebook.com/docs/sharing/webmasters/crawler)"
2a03:2880:f800:2:: - - [18/Jul/2025:22:18:06 +0000] "GET /shopbrand/261540374 HTTP/1.1" 404 11695 "-" "meta-externalagent/1.1 (+https://developers.facebook.com/docs/sharing/webmasters/crawler)"
2a03:2880:f800:1a:: - - [18/Jul/2025:22:18:09 +0000] "GET /shopbrand/193844679 HTTP/1.1" 404 11695 "-" "meta-externalagent/1.1 (+https://developers.facebook.com/docs/sharing/webmasters/crawler)"
2a03:2880:f800:2:: - - [18/Jul/2025:22:18:10 +0000] "GET /shopbrand/193977378 HTTP/1.1" 404 11695 "-" "meta-externalagent/1.1 (+https://developers.facebook.com/docs/sharing/webmasters/crawler)"
2a03:2880:f800:b:: - - [18/Jul/2025:22:18:11 +0000] "GET /shopbrand/193885119 HTTP/1.1" 404 11695 "-" "meta-externalagent/1.1 (+https://developers.facebook.com/docs/sharing/webmasters/crawler)"
66.249.73.97 - - [18/Jul/2025:22:18:20 +0000] "GET /pcmypage?callback=product%2Fdetail%2Fkiro-p32125901 HTTP/1.1" 200 85609 "-" "Mozilla/5.0 (Linux; Android 6.0.1; Nexus 5X Build/MMB29P) AppleWebKit/537.36 (KHTML, like Gecko) Chrome/137.0.7151.103 Mobile Safari/537.36 (compatible; Googlebot/2.1; +http://www.google.com/bot.html)"
2a03:2880:f800:d:: - - [18/Jul/2025:22:18:21 +0000] "GET /shopbrand/352173562 HTTP/1.1" 404 11695 "-" "meta-externalagent/1.1 (+https://developers.facebook.com/docs/sharing/webmasters/crawler)"
2a03:2880:f800:: - - [18/Jul/2025:22:18:22 +0000] "GET /shopbrand/261456345 HTTP/1.1" 404 11695 "-" "meta-externalagent/1.1 (+https://developers.facebook.com/docs/sharing/webmasters/crawler)"
2a03:2880:f800:2:: - - [18/Jul/2025:22:18:22 +0000] "GET /shopbrand/180863307 HTTP/1.1" 404 11695 "-" "meta-externalagent/1.1 (+https://developers.facebook.com/docs/sharing/webmasters/crawler)"
2a03:2880:f800:8:: - - [18/Jul/2025:22:18:23 +0000] "GET /shopbrand/261463079 HTTP/1.1" 404 11695 "-" "meta-externalagent/1.1 (+https://developers.facebook.com/docs/sharing/webmasters/crawler)"
2a03:2880:f800:18:: - - [18/Jul/2025:22:18:23 +0000] "GET /shopbrand/88316528 HTTP/1.1" 404 11695 "-" "meta-externalagent/1.1 (+https://developers.facebook.com/docs/sharing/webmasters/crawler)"
2a03:2880:f800:2:: - - [18/Jul/2025:22:18:26 +0000] "GET /shopbrand/180817357 HTTP/1.1" 404 11695 "-" "meta-externalagent/1.1 (+https://developers.facebook.com/docs/sharing/webmasters/crawler)"
2a03:2880:f800:1b:: - - [18/Jul/2025:22:18:29 +0000] "GET /shopbrand/88271701 HTTP/1.1" 404 11695 "-" "meta-externalagent/1.1 (+https://developers.facebook.com/docs/sharing/webmasters/crawler)"
20.171.207.99 - - [18/Jul/2025:22:18:34 +0000] "GET /search.php?fitness137048954.html HTTP/1.1" 200 88070 "-" "Mozilla/5.0 AppleWebKit/537.36 (KHTML, like Gecko; compatible; GPTBot/1.2; +https://openai.com/gptbot)"
2a03:2880:f800:9:: - - [18/Jul/2025:22:18:37 +0000] "GET /shopbrand/180913135 HTTP/1.1" 404 11695 "-" "meta-externalagent/1.1 (+https://developers.facebook.com/docs/sharing/webmasters/crawler)"
2a03:2880:f800:10:: - - [18/Jul/2025:22:18:39 +0000] "GET /shopbrand/88309150 HTTP/1.1" 404 11695 "-" "meta-externalagent/1.1 (+https://developers.facebook.com/docs/sharing/webmasters/crawler)"
2a03:2880:f800:7:: - - [18/Jul/2025:22:18:39 +0000] "GET /shopbrand/180864086 HTTP/1.1" 404 11695 "-" "meta-externalagent/1.1 (+https://developers.facebook.com/docs/sharing/webmasters/crawler)"
2a03:2880:f800:1:: - - [18/Jul/2025:22:18:44 +0000] "GET /shopbrand/352161735 HTTP/1.1" 404 11695 "-" "meta-externalagent/1.1 (+https://developers.facebook.com/docs/sharing/webmasters/crawler)"
2a03:2880:f800:12:: - - [18/Jul/2025:22:18:46 +0000] "GET /shopbrand/352134056 HTTP/1.1" 404 11695 "-" "meta-externalagent/1.1 (+https://developers.facebook.com/docs/sharing/webmasters/crawler)"
2a03:2880:f800:2:: - - [18/Jul/2025:22:18:49 +0000] "GET /shopbrand/88358539 HTTP/1.1" 404 11695 "-" "meta-externalagent/1.1 (+https://developers.facebook.com/docs/sharing/webmasters/crawler)"
2a03:2880:f800:4:: - - [18/Jul/2025:22:18:50 +0000] "GET /shopbrand/180807035 HTTP/1.1" 404 11695 "-" "meta-externalagent/1.1 (+https://developers.facebook.com/docs/sharing/webmasters/crawler)"
2a03:2880:f800:1:: - - [18/Jul/2025:22:18:53 +0000] "GET /shopbrand/88326932 HTTP/1.1" 404 11695 "-" "meta-externalagent/1.1 (+https://developers.facebook.com/docs/sharing/webmasters/crawler)"
2a03:2880:f800:13:: - - [18/Jul/2025:22:18:56 +0000] "GET /shopbrand/180825329 HTTP/1.1" 404 11695 "-" "meta-externalagent/1.1 (+https://developers.facebook.com/docs/sharing/webmasters/crawler)"
2a03:2880:f800:13:: - - [18/Jul/2025:22:18:56 +0000] "GET /shopbrand/261524734 HTTP/1.1" 404 11695 "-" "meta-externalagent/1.1 (+https://developers.facebook.com/docs/sharing/webmasters/crawler)"
2a03:2880:f800:14:: - - [18/Jul/2025:22:18:57 +0000] "GET /shopbrand/193868903 HTTP/1.1" 404 11695 "-" "meta-externalagent/1.1 (+https://developers.facebook.com/docs/sharing/webmasters/crawler)"
209.74.77.214 - - [18/Jul/2025:22:19:08 +0000] "POST /wp-cron.php?doing_wp_cron=1752877148.3520400524139404296875 HTTP/1.1" 403 33 "-" "WordPress/6.8.2; https://topflowroofingplumbing.com.au"
2a03:2880:f800:7:: - - [18/Jul/2025:22:19:08 +0000] "GET /shopbrand/193871705 HTTP/1.1" 404 11695 "-" "meta-externalagent/1.1 (+https://developers.facebook.com/docs/sharing/webmasters/crawler)"
2a03:2880:f800:13:: - - [18/Jul/2025:22:19:12 +0000] "GET /shopbrand/88308645 HTTP/1.1" 404 11695 "-" "meta-externalagent/1.1 (+https://developers.facebook.com/docs/sharing/webmasters/crawler)"
2a03:2880:f800:d:: - - [18/Jul/2025:22:19:12 +0000] "GET /shopbrand/261575836 HTTP/1.1" 404 11695 "-" "meta-externalagent/1.1 (+https://developers.facebook.com/docs/sharing/webmasters/crawler)"
2a03:2880:f800:b:: - - [18/Jul/2025:22:19:15 +0000] "GET /shopbrand/261530059 HTTP/1.1" 404 11695 "-" "meta-externalagent/1.1 (+https://developers.facebook.com/docs/sharing/webmasters/crawler)"
2a03:2880:f800:e:: - - [18/Jul/2025:22:19:16 +0000] "GET /shopbrand/180889607 HTTP/1.1" 404 11695 "-" "meta-externalagent/1.1 (+https://developers.facebook.com/docs/sharing/webmasters/crawler)"
2a03:2880:f800:: - - [18/Jul/2025:22:19:17 +0000] "GET /shopbrand/352080812 HTTP/1.1" 404 11695 "-" "meta-externalagent/1.1 (+https://developers.facebook.com/docs/sharing/webmasters/crawler)"
2a03:2880:f800:a:: - - [18/Jul/2025:22:19:18 +0000] "GET /shopbrand/180874456 HTTP/1.1" 404 11695 "-" "meta-externalagent/1.1 (+https://developers.facebook.com/docs/sharing/webmasters/crawler)"
2a03:2880:f800:1b:: - - [18/Jul/2025:22:19:20 +0000] "GET /shopbrand/180816930 HTTP/1.1" 404 11695 "-" "meta-externalagent/1.1 (+https://developers.facebook.com/docs/sharing/webmasters/crawler)"
2a03:2880:f800:1a:: - - [18/Jul/2025:22:19:24 +0000] "GET /shopbrand/180795019 HTTP/1.1" 404 11695 "-" "meta-externalagent/1.1 (+https://developers.facebook.com/docs/sharing/webmasters/crawler)"
2a03:2880:f800:10:: - - [18/Jul/2025:22:19:25 +0000] "GET /shopbrand/261525074 HTTP/1.1" 404 11695 "-" "meta-externalagent/1.1 (+https://developers.facebook.com/docs/sharing/webmasters/crawler)"
2a03:2880:f800:14:: - - [18/Jul/2025:22:19:28 +0000] "GET /shopbrand/352106671 HTTP/1.1" 404 11695 "-" "meta-externalagent/1.1 (+https://developers.facebook.com/docs/sharing/webmasters/crawler)"
2a03:2880:f800:18:: - - [18/Jul/2025:22:19:28 +0000] "GET /shopbrand/88272553 HTTP/1.1" 404 11695 "-" "meta-externalagent/1.1 (+https://developers.facebook.com/docs/sharing/webmasters/crawler)"
2a03:2880:25ff:46:: - - [18/Jul/2025:22:19:30 +0000] "GET /robots.txt HTTP/1.1" 200 140 "-" "facebookexternalhit/1.1 (+http://www.facebook.com/externalhit_uatext.php)"
2a03:2880:f800:1:: - - [18/Jul/2025:22:19:31 +0000] "GET /shopbrand/261504200 HTTP/1.1" 404 11695 "-" "meta-externalagent/1.1 (+https://developers.facebook.com/docs/sharing/webmasters/crawler)"
2a03:2880:f800:4:: - - [18/Jul/2025:22:19:35 +0000] "GET /shopbrand/88245657 HTTP/1.1" 404 11695 "-" "meta-externalagent/1.1 (+https://developers.facebook.com/docs/sharing/webmasters/crawler)"
2a03:2880:f800:e:: - - [18/Jul/2025:22:19:36 +0000] "GET /shopbrand/261499642 HTTP/1.1" 404 11695 "-" "meta-externalagent/1.1 (+https://developers.facebook.com/docs/sharing/webmasters/crawler)"
20.171.207.99 - - [18/Jul/2025:22:19:39 +0000] "GET /search.php?transfer175038924.html HTTP/1.1" 200 87137 "-" "Mozilla/5.0 AppleWebKit/537.36 (KHTML, like Gecko; compatible; GPTBot/1.2; +https://openai.com/gptbot)"
2a03:2880:f800:d:: - - [18/Jul/2025:22:19:43 +0000] "GET /shopbrand/180817083 HTTP/1.1" 404 11695 "-" "meta-externalagent/1.1 (+https://developers.facebook.com/docs/sharing/webmasters/crawler)"
2a03:2880:f800:12:: - - [18/Jul/2025:22:19:47 +0000] "GET /shopbrand/352076153 HTTP/1.1" 404 11695 "-" "meta-externalagent/1.1 (+https://developers.facebook.com/docs/sharing/webmasters/crawler)"
2a03:2880:f800:7:: - - [18/Jul/2025:22:19:48 +0000] "GET /shopbrand/180899888 HTTP/1.1" 404 11695 "-" "meta-externalagent/1.1 (+https://developers.facebook.com/docs/sharing/webmasters/crawler)"
2a03:2880:f800:18:: - - [18/Jul/2025:22:19:49 +0000] "GET /shopbrand/261460325 HTTP/1.1" 404 11695 "-" "meta-externalagent/1.1 (+https://developers.facebook.com/docs/sharing/webmasters/crawler)"
66.249.73.97 - - [18/Jul/2025:22:19:58 +0000] "GET /154003044.htm HTTP/1.1" 200 85438 "-" "Mozilla/5.0 (Linux; Android 6.0.1; Nexus 5X Build/MMB29P) AppleWebKit/537.36 (KHTML, like Gecko) Chrome/137.0.7151.103 Mobile Safari/537.36 (compatible; Googlebot/2.1; +http://www.google.com/bot.html)"
2a03:2880:f800:1c:: - - [18/Jul/2025:22:19:59 +0000] "GET /shopbrand/261441760 HTTP/1.1" 404 11695 "-" "meta-externalagent/1.1 (+https://developers.facebook.com/docs/sharing/webmasters/crawler)"
2a03:2880:f800:1d:: - - [18/Jul/2025:22:19:59 +0000] "GET /shopbrand/180882380 HTTP/1.1" 404 11695 "-" "meta-externalagent/1.1 (+https://developers.facebook.com/docs/sharing/webmasters/crawler)"
2a03:2880:f800:9:: - - [18/Jul/2025:22:19:59 +0000] "GET /shopbrand/180801372 HTTP/1.1" 404 11695 "-" "meta-externalagent/1.1 (+https://developers.facebook.com/docs/sharing/webmasters/crawler)"
2a03:2880:f800:11:: - - [18/Jul/2025:22:20:00 +0000] "GET /shopbrand/180905058 HTTP/1.1" 404 11695 "-" "meta-externalagent/1.1 (+https://developers.facebook.com/docs/sharing/webmasters/crawler)"
2a03:2880:f800:5:: - - [18/Jul/2025:22:20:04 +0000] "GET /shopbrand/352040865 HTTP/1.1" 404 11695 "-" "meta-externalagent/1.1 (+https://developers.facebook.com/docs/sharing/webmasters/crawler)"
2a03:2880:f800:15:: - - [18/Jul/2025:22:20:07 +0000] "GET /shopbrand/352039061 HTTP/1.1" 404 11695 "-" "meta-externalagent/1.1 (+https://developers.facebook.com/docs/sharing/webmasters/crawler)"
209.74.77.214 - - [18/Jul/2025:22:20:08 +0000] "POST /wp-cron.php?doing_wp_cron=1752877208.7567880153656005859375 HTTP/1.1" 403 33 "-" "WordPress/6.8.2; https://topflowroofingplumbing.com.au"
209.74.77.214 - - [18/Jul/2025:22:20:08 +0000] "POST /wp-cron.php?doing_wp_cron=1752877208.7936429977416992187500 HTTP/1.1" 403 33 "-" "WordPress/6.8.2; https://topflowroofingplumbing.com.au"
2a03:2880:f800:13:: - - [18/Jul/2025:22:20:08 +0000] "GET /shopbrand/261482645 HTTP/1.1" 404 11695 "-" "meta-externalagent/1.1 (+https://developers.facebook.com/docs/sharing/webmasters/crawler)"
2a03:2880:f800:10:: - - [18/Jul/2025:22:20:08 +0000] "GET /shopbrand/180844758 HTTP/1.1" 404 11695 "-" "meta-externalagent/1.1 (+https://developers.facebook.com/docs/sharing/webmasters/crawler)"
2a03:2880:f800:14:: - - [18/Jul/2025:22:20:09 +0000] "GET /shopbrand/261457464 HTTP/1.1" 404 11695 "-" "meta-externalagent/1.1 (+https://developers.facebook.com/docs/sharing/webmasters/crawler)"
2a03:2880:f800:b:: - - [18/Jul/2025:22:20:16 +0000] "GET /shopbrand/261530141 HTTP/1.1" 404 11695 "-" "meta-externalagent/1.1 (+https://developers.facebook.com/docs/sharing/webmasters/crawler)"
2a03:2880:f800:1:: - - [18/Jul/2025:22:20:23 +0000] "GET /shopbrand/88239827 HTTP/1.1" 404 11695 "-" "meta-externalagent/1.1 (+https://developers.facebook.com/docs/sharing/webmasters/crawler)"
2a03:2880:f800:17:: - - [18/Jul/2025:22:20:30 +0000] "GET /shopbrand/261517513 HTTP/1.1" 404 11695 "-" "meta-externalagent/1.1 (+https://developers.facebook.com/docs/sharing/webmasters/crawler)"
2a03:2880:f800:7:: - - [18/Jul/2025:22:20:31 +0000] "GET /shopbrand/193857291 HTTP/1.1" 404 11695 "-" "meta-externalagent/1.1 (+https://developers.facebook.com/docs/sharing/webmasters/crawler)"
2a03:2880:f800:11:: - - [18/Jul/2025:22:20:35 +0000] "GET /shopbrand/193965700 HTTP/1.1" 404 11695 "-" "meta-externalagent/1.1 (+https://developers.facebook.com/docs/sharing/webmasters/crawler)"
2a03:2880:f800:c:: - - [18/Jul/2025:22:20:36 +0000] "GET /shopbrand/193853859 HTTP/1.1" 404 11695 "-" "meta-externalagent/1.1 (+https://developers.facebook.com/docs/sharing/webmasters/crawler)"
2a03:2880:f800:10:: - - [18/Jul/2025:22:20:37 +0000] "GET /shopbrand/180867929 HTTP/1.1" 404 11695 "-" "meta-externalagent/1.1 (+https://developers.facebook.com/docs/sharing/webmasters/crawler)"
2a03:2880:f800:16:: - - [18/Jul/2025:22:20:38 +0000] "GET /shopbrand/88324623 HTTP/1.1" 404 11695 "-" "meta-externalagent/1.1 (+https://developers.facebook.com/docs/sharing/webmasters/crawler)"
2a03:2880:f800:8:: - - [18/Jul/2025:22:20:40 +0000] "GET /shopbrand/180866484 HTTP/1.1" 404 11695 "-" "meta-externalagent/1.1 (+https://developers.facebook.com/docs/sharing/webmasters/crawler)"
20.171.207.99 - - [18/Jul/2025:22:20:41 +0000] "GET /search.php?conflict151043492.html HTTP/1.1" 200 86335 "-" "Mozilla/5.0 AppleWebKit/537.36 (KHTML, like Gecko; compatible; GPTBot/1.2; +https://openai.com/gptbot)"
2a03:2880:f800:d:: - - [18/Jul/2025:22:20:45 +0000] "GET /shopbrand/180846918 HTTP/1.1" 404 11695 "-" "meta-externalagent/1.1 (+https://developers.facebook.com/docs/sharing/webmasters/crawler)"
2a03:2880:f800:1a:: - - [18/Jul/2025:22:20:46 +0000] "GET /shopbrand/180902898 HTTP/1.1" 404 11695 "-" "meta-externalagent/1.1 (+https://developers.facebook.com/docs/sharing/webmasters/crawler)"
2a03:2880:f800:9:: - - [18/Jul/2025:22:20:51 +0000] "GET /shopbrand/261479891 HTTP/1.1" 404 11695 "-" "meta-externalagent/1.1 (+https://developers.facebook.com/docs/sharing/webmasters/crawler)"
66.249.73.103 - - [18/Jul/2025:22:20:52 +0000] "GET /heat/m7?pid=92 HTTP/1.1" 200 85515 "-" "Mozilla/5.0 (Linux; Android 6.0.1; Nexus 5X Build/MMB29P) AppleWebKit/537.36 (KHTML, like Gecko) Chrome/137.0.7151.103 Mobile Safari/537.36 (compatible; Googlebot/2.1; +http://www.google.com/bot.html)"
2a03:2880:f800:6:: - - [18/Jul/2025:22:20:56 +0000] "GET /shopbrand/193957965 HTTP/1.1" 404 11695 "-" "meta-externalagent/1.1 (+https://developers.facebook.com/docs/sharing/webmasters/crawler)"
2a03:2880:f800:18:: - - [18/Jul/2025:22:20:56 +0000] "GET /shopbrand/88328736 HTTP/1.1" 404 11695 "-" "meta-externalagent/1.1 (+https://developers.facebook.com/docs/sharing/webmasters/crawler)"
2a03:2880:f800:1b:: - - [18/Jul/2025:22:21:00 +0000] "GET /shopbrand/261474906 HTTP/1.1" 404 11695 "-" "meta-externalagent/1.1 (+https://developers.facebook.com/docs/sharing/webmasters/crawler)"
2a03:2880:f800:8:: - - [18/Jul/2025:22:21:00 +0000] "GET /shopbrand/180785750 HTTP/1.1" 404 11695 "-" "meta-externalagent/1.1 (+https://developers.facebook.com/docs/sharing/webmasters/crawler)"
2a03:2880:f800:16:: - - [18/Jul/2025:22:21:00 +0000] "GET /shopbrand/193864770 HTTP/1.1" 404 11695 "-" "meta-externalagent/1.1 (+https://developers.facebook.com/docs/sharing/webmasters/crawler)"
2a03:2880:f800:e:: - - [18/Jul/2025:22:21:01 +0000] "GET /shopbrand/88251606 HTTP/1.1" 404 11695 "-" "meta-externalagent/1.1 (+https://developers.facebook.com/docs/sharing/webmasters/crawler)"
2a03:2880:f800:b:: - - [18/Jul/2025:22:21:02 +0000] "GET /shopbrand/88358450 HTTP/1.1" 404 11695 "-" "meta-externalagent/1.1 (+https://developers.facebook.com/docs/sharing/webmasters/crawler)"
2a03:2880:f800:: - - [18/Jul/2025:22:21:02 +0000] "GET /shopbrand/193924545 HTTP/1.1" 404 11695 "-" "meta-externalagent/1.1 (+https://developers.facebook.com/docs/sharing/webmasters/crawler)"
2a03:2880:f800:16:: - - [18/Jul/2025:22:21:04 +0000] "GET /shopbrand/261510219 HTTP/1.1" 404 11695 "-" "meta-externalagent/1.1 (+https://developers.facebook.com/docs/sharing/webmasters/crawler)"
2a03:2880:f800:12:: - - [18/Jul/2025:22:21:04 +0000] "GET /shopbrand/88287597 HTTP/1.1" 404 11695 "-" "meta-externalagent/1.1 (+https://developers.facebook.com/docs/sharing/webmasters/crawler)"
2a03:2880:f800:10:: - - [18/Jul/2025:22:21:08 +0000] "GET /shopbrand/180832641 HTTP/1.1" 404 11695 "-" "meta-externalagent/1.1 (+https://developers.facebook.com/docs/sharing/webmasters/crawler)"
209.74.77.214 - - [18/Jul/2025:22:21:19 +0000] "POST /wp-cron.php?doing_wp_cron=1752877278.8976979255676269531250 HTTP/1.1" 403 33 "-" "WordPress/6.8.2; https://topflowroofingplumbing.com.au"
2a03:2880:f800:1b:: - - [18/Jul/2025:22:21:18 +0000] "GET /shopbrand/88327699 HTTP/1.1" 404 11695 "-" "meta-externalagent/1.1 (+https://developers.facebook.com/docs/sharing/webmasters/crawler)"
2a03:2880:f800:1a:: - - [18/Jul/2025:22:21:20 +0000] "GET /shopbrand/352090775 HTTP/1.1" 404 11695 "-" "meta-externalagent/1.1 (+https://developers.facebook.com/docs/sharing/webmasters/crawler)"
2a03:2880:f800:b:: - - [18/Jul/2025:22:21:22 +0000] "GET /shopbrand/352061465 HTTP/1.1" 404 11695 "-" "meta-externalagent/1.1 (+https://developers.facebook.com/docs/sharing/webmasters/crawler)"
2a03:2880:f800:16:: - - [18/Jul/2025:22:21:28 +0000] "GET /shopbrand/261559006 HTTP/1.1" 404 11695 "-" "meta-externalagent/1.1 (+https://developers.facebook.com/docs/sharing/webmasters/crawler)"
2a03:2880:f800:12:: - - [18/Jul/2025:22:21:30 +0000] "GET /shopbrand/261505746 HTTP/1.1" 404 11695 "-" "meta-externalagent/1.1 (+https://developers.facebook.com/docs/sharing/webmasters/crawler)"
2a03:2880:f800:6:: - - [18/Jul/2025:22:21:32 +0000] "GET /shopbrand/352088361 HTTP/1.1" 404 11695 "-" "meta-externalagent/1.1 (+https://developers.facebook.com/docs/sharing/webmasters/crawler)"
2a03:2880:f800:6:: - - [18/Jul/2025:22:21:33 +0000] "GET /shopbrand/261521368 HTTP/1.1" 404 11695 "-" "meta-externalagent/1.1 (+https://developers.facebook.com/docs/sharing/webmasters/crawler)"
2a03:2880:f800:4:: - - [18/Jul/2025:22:21:34 +0000] "GET /shopbrand/352042411 HTTP/1.1" 404 11695 "-" "meta-externalagent/1.1 (+https://developers.facebook.com/docs/sharing/webmasters/crawler)"
2a03:2880:f800:15:: - - [18/Jul/2025:22:21:35 +0000] "GET /shopbrand/352140075 HTTP/1.1" 404 11695 "-" "meta-externalagent/1.1 (+https://developers.facebook.com/docs/sharing/webmasters/crawler)"
2a03:2880:f800:17:: - - [18/Jul/2025:22:21:38 +0000] "GET /shopbrand/88226176 HTTP/1.1" 404 11695 "-" "meta-externalagent/1.1 (+https://developers.facebook.com/docs/sharing/webmasters/crawler)"
2a03:2880:f800:b:: - - [18/Jul/2025:22:21:39 +0000] "GET /shopbrand/261548264 HTTP/1.1" 404 11695 "-" "meta-externalagent/1.1 (+https://developers.facebook.com/docs/sharing/webmasters/crawler)"
2a03:2880:f800:6:: - - [18/Jul/2025:22:21:43 +0000] "GET /shopbrand/88330371 HTTP/1.1" 404 11695 "-" "meta-externalagent/1.1 (+https://developers.facebook.com/docs/sharing/webmasters/crawler)"
20.171.207.99 - - [18/Jul/2025:22:21:44 +0000] "GET /search.php?items%2F091000772.html%3Fsrsltid=AfmBOompdAOOvuIhCMjJXqqEFxRTnIqz1Cqb1LS2NPt35YWlzDNX HTTP/1.1" 200 87275 "-" "Mozilla/5.0 AppleWebKit/537.36 (KHTML, like Gecko; compatible; GPTBot/1.2; +https://openai.com/gptbot)"
2a03:2880:f800:1:: - - [18/Jul/2025:22:21:45 +0000] "GET /shopbrand/352172801 HTTP/1.1" 404 11695 "-" "meta-externalagent/1.1 (+https://developers.facebook.com/docs/sharing/webmasters/crawler)"
2a03:2880:f800:e:: - - [18/Jul/2025:22:21:47 +0000] "GET /shopbrand/180838994 HTTP/1.1" 404 11695 "-" "meta-externalagent/1.1 (+https://developers.facebook.com/docs/sharing/webmasters/crawler)"
2a03:2880:f800:13:: - - [18/Jul/2025:22:21:48 +0000] "GET /shopbrand/180894503 HTTP/1.1" 404 11695 "-" "meta-externalagent/1.1 (+https://developers.facebook.com/docs/sharing/webmasters/crawler)"
2a03:2880:f800:18:: - - [18/Jul/2025:22:21:55 +0000] "GET /shopbrand/261482919 HTTP/1.1" 404 11695 "-" "meta-externalagent/1.1 (+https://developers.facebook.com/docs/sharing/webmasters/crawler)"
2a03:2880:f800:12:: - - [18/Jul/2025:22:21:55 +0000] "GET /shopbrand/180849994 HTTP/1.1" 404 11695 "-" "meta-externalagent/1.1 (+https://developers.facebook.com/docs/sharing/webmasters/crawler)"
2a03:2880:f800:19:: - - [18/Jul/2025:22:21:57 +0000] "GET /shopbrand/180789100 HTTP/1.1" 404 11695 "-" "meta-externalagent/1.1 (+https://developers.facebook.com/docs/sharing/webmasters/crawler)"
2a03:2880:f800:b:: - - [18/Jul/2025:22:21:59 +0000] "GET /shopbrand/180881512 HTTP/1.1" 404 11695 "-" "meta-externalagent/1.1 (+https://developers.facebook.com/docs/sharing/webmasters/crawler)"
2a03:2880:f800:1:: - - [18/Jul/2025:22:22:03 +0000] "GET /shopbrand/261503348 HTTP/1.1" 404 11695 "-" "meta-externalagent/1.1 (+https://developers.facebook.com/docs/sharing/webmasters/crawler)"
2a03:2880:f800:12:: - - [18/Jul/2025:22:22:04 +0000] "GET /shopbrand/88311906 HTTP/1.1" 404 11695 "-" "meta-externalagent/1.1 (+https://developers.facebook.com/docs/sharing/webmasters/crawler)"
2a03:2880:f800:7:: - - [18/Jul/2025:22:22:04 +0000] "GET /shopbrand/180848448 HTTP/1.1" 404 11695 "-" "meta-externalagent/1.1 (+https://developers.facebook.com/docs/sharing/webmasters/crawler)"
2a03:2880:f800:10:: - - [18/Jul/2025:22:22:09 +0000] "GET /shopbrand/180890370 HTTP/1.1" 404 11695 "-" "meta-externalagent/1.1 (+https://developers.facebook.com/docs/sharing/webmasters/crawler)"
51.222.253.17 - - [18/Jul/2025:22:22:11 +0000] "GET /shopbrand/40472476 HTTP/1.1" 404 11695 "-" "Mozilla/5.0 (compatible; AhrefsBot/7.0; +http://ahrefs.com/robot/)"
209.74.77.214 - - [18/Jul/2025:22:22:19 +0000] "POST /wp-cron.php?doing_wp_cron=1752877339.5474929809570312500000 HTTP/1.1" 403 33 "-" "WordPress/6.8.2; https://topflowroofingplumbing.com.au"
2a03:2880:f800:b:: - - [18/Jul/2025:22:22:19 +0000] "GET /shopbrand/180915615 HTTP/1.1" 404 11695 "-" "meta-externalagent/1.1 (+https://developers.facebook.com/docs/sharing/webmasters/crawler)"
2a03:2880:f800:1c:: - - [18/Jul/2025:22:22:19 +0000] "GET /shopbrand/180822593 HTTP/1.1" 404 11695 "-" "meta-externalagent/1.1 (+https://developers.facebook.com/docs/sharing/webmasters/crawler)"
2a03:2880:f800:d:: - - [18/Jul/2025:22:22:20 +0000] "GET /shopbrand/88334059 HTTP/1.1" 404 11695 "-" "meta-externalagent/1.1 (+https://developers.facebook.com/docs/sharing/webmasters/crawler)"
2a03:2880:f800:16:: - - [18/Jul/2025:22:22:21 +0000] "GET /shopbrand/193906251 HTTP/1.1" 404 11695 "-" "meta-externalagent/1.1 (+https://developers.facebook.com/docs/sharing/webmasters/crawler)"
2a03:2880:f800:1:: - - [18/Jul/2025:22:22:22 +0000] "GET /shopbrand/180917757 HTTP/1.1" 404 11695 "-" "meta-externalagent/1.1 (+https://developers.facebook.com/docs/sharing/webmasters/crawler)"
2a03:2880:f800:14:: - - [18/Jul/2025:22:22:28 +0000] "GET /shopbrand/352136554 HTTP/1.1" 404 11695 "-" "meta-externalagent/1.1 (+https://developers.facebook.com/docs/sharing/webmasters/crawler)"
2a03:2880:f800:1:: - - [18/Jul/2025:22:22:29 +0000] "GET /shopbrand/88259155 HTTP/1.1" 404 11695 "-" "meta-externalagent/1.1 (+https://developers.facebook.com/docs/sharing/webmasters/crawler)"
2a03:2880:f800:12:: - - [18/Jul/2025:22:22:33 +0000] "GET /shopbrand/261444155 HTTP/1.1" 404 11695 "-" "meta-externalagent/1.1 (+https://developers.facebook.com/docs/sharing/webmasters/crawler)"
66.249.73.96 - - [18/Jul/2025:22:22:35 +0000] "GET /154003046.htm HTTP/1.1" 200 85535 "-" "Mozilla/5.0 (Linux; Android 6.0.1; Nexus 5X Build/MMB29P) AppleWebKit/537.36 (KHTML, like Gecko) Chrome/137.0.7151.103 Mobile Safari/537.36 (compatible; Googlebot/2.1; +http://www.google.com/bot.html)"
2a03:2880:f800:5:: - - [18/Jul/2025:22:22:37 +0000] "GET /shopbrand/180919150 HTTP/1.1" 404 11695 "-" "meta-externalagent/1.1 (+https://developers.facebook.com/docs/sharing/webmasters/crawler)"
2a03:2880:f800:a:: - - [18/Jul/2025:22:22:38 +0000] "GET /shopbrand/88301500 HTTP/1.1" 404 11695 "-" "meta-externalagent/1.1 (+https://developers.facebook.com/docs/sharing/webmasters/crawler)"
2a03:2880:f800:18:: - - [18/Jul/2025:22:22:43 +0000] "GET /shopbrand/352170148 HTTP/1.1" 404 11695 "-" "meta-externalagent/1.1 (+https://developers.facebook.com/docs/sharing/webmasters/crawler)"
20.171.207.99 - - [18/Jul/2025:22:22:47 +0000] "GET /search.php?original197045614.html HTTP/1.1" 200 88018 "-" "Mozilla/5.0 AppleWebKit/537.36 (KHTML, like Gecko; compatible; GPTBot/1.2; +https://openai.com/gptbot)"
2a03:2880:f800:1c:: - - [18/Jul/2025:22:22:49 +0000] "GET /shopbrand/352038616 HTTP/1.1" 404 11695 "-" "meta-externalagent/1.1 (+https://developers.facebook.com/docs/sharing/webmasters/crawler)"
2a03:2880:f800:1a:: - - [18/Jul/2025:22:22:52 +0000] "GET /shopbrand/88234079 HTTP/1.1" 404 11695 "-" "meta-externalagent/1.1 (+https://developers.facebook.com/docs/sharing/webmasters/crawler)"
2a03:2880:f800:12:: - - [18/Jul/2025:22:22:54 +0000] "GET /shopbrand/180877043 HTTP/1.1" 404 11695 "-" "meta-externalagent/1.1 (+https://developers.facebook.com/docs/sharing/webmasters/crawler)"
2a03:2880:f800:1d:: - - [18/Jul/2025:22:22:54 +0000] "GET /shopbrand/88231428 HTTP/1.1" 404 11695 "-" "meta-externalagent/1.1 (+https://developers.facebook.com/docs/sharing/webmasters/crawler)"
2a03:2880:f800:5:: - - [18/Jul/2025:22:22:56 +0000] "GET /shopbrand/88354933 HTTP/1.1" 404 11695 "-" "meta-externalagent/1.1 (+https://developers.facebook.com/docs/sharing/webmasters/crawler)"
2a03:2880:f800:1:: - - [18/Jul/2025:22:23:00 +0000] "GET /shopbrand/180850588 HTTP/1.1" 404 11695 "-" "meta-externalagent/1.1 (+https://developers.facebook.com/docs/sharing/webmasters/crawler)"
2a03:2880:f800:18:: - - [18/Jul/2025:22:23:02 +0000] "GET /shopbrand/88268351 HTTP/1.1" 404 11695 "-" "meta-externalagent/1.1 (+https://developers.facebook.com/docs/sharing/webmasters/crawler)"
2a03:2880:f800:1b:: - - [18/Jul/2025:22:23:02 +0000] "GET /shopbrand/180858137 HTTP/1.1" 404 11695 "-" "meta-externalagent/1.1 (+https://developers.facebook.com/docs/sharing/webmasters/crawler)"
2a03:2880:f800:11:: - - [18/Jul/2025:22:23:04 +0000] "GET /shopbrand/193966467 HTTP/1.1" 404 11695 "-" "meta-externalagent/1.1 (+https://developers.facebook.com/docs/sharing/webmasters/crawler)"
2a03:2880:f800:16:: - - [18/Jul/2025:22:23:04 +0000] "GET /shopbrand/180877824 HTTP/1.1" 404 11695 "-" "meta-externalagent/1.1 (+https://developers.facebook.com/docs/sharing/webmasters/crawler)"
2a03:2880:f800:1:: - - [18/Jul/2025:22:23:05 +0000] "GET /shopbrand/261524122 HTTP/1.1" 404 11695 "-" "meta-externalagent/1.1 (+https://developers.facebook.com/docs/sharing/webmasters/crawler)"
2a03:2880:f800:3:: - - [18/Jul/2025:22:23:07 +0000] "GET /shopbrand/88231855 HTTP/1.1" 404 11695 "-" "meta-externalagent/1.1 (+https://developers.facebook.com/docs/sharing/webmasters/crawler)"
2a03:2880:f800:2:: - - [18/Jul/2025:22:23:11 +0000] "GET /shopbrand/261558227 HTTP/1.1" 404 11695 "-" "meta-externalagent/1.1 (+https://developers.facebook.com/docs/sharing/webmasters/crawler)"
2a03:2880:f800:14:: - - [18/Jul/2025:22:23:12 +0000] "GET /shopbrand/180852392 HTTP/1.1" 404 11695 "-" "meta-externalagent/1.1 (+https://developers.facebook.com/docs/sharing/webmasters/crawler)"
2a03:2880:f800:1d:: - - [18/Jul/2025:22:23:18 +0000] "GET /shopbrand/352096349 HTTP/1.1" 404 11695 "-" "meta-externalagent/1.1 (+https://developers.facebook.com/docs/sharing/webmasters/crawler)"
209.74.77.214 - - [18/Jul/2025:22:23:19 +0000] "POST /wp-cron.php?doing_wp_cron=1752877399.8382420539855957031250 HTTP/1.1" 403 33 "-" "WordPress/6.8.2; https://topflowroofingplumbing.com.au"
2a03:2880:f800:11:: - - [18/Jul/2025:22:23:19 +0000] "GET /shopbrand/180839862 HTTP/1.1" 404 11695 "-" "meta-externalagent/1.1 (+https://developers.facebook.com/docs/sharing/webmasters/crawler)"
2a03:2880:f800:17:: - - [18/Jul/2025:22:23:21 +0000] "GET /shopbrand/180856966 HTTP/1.1" 404 11695 "-" "meta-externalagent/1.1 (+https://developers.facebook.com/docs/sharing/webmasters/crawler)"
66.249.73.97 - - [18/Jul/2025:22:23:24 +0000] "GET /pcmypage?callback=product/review/kiro-p32125901 HTTP/1.1" 200 86121 "-" "Mozilla/5.0 (Linux; Android 6.0.1; Nexus 5X Build/MMB29P) AppleWebKit/537.36 (KHTML, like Gecko) Chrome/137.0.7151.103 Mobile Safari/537.36 (compatible; Googlebot/2.1; +http://www.google.com/bot.html)"
2a03:2880:f800:f:: - - [18/Jul/2025:22:23:24 +0000] "GET /shopbrand/193883758 HTTP/1.1" 404 11695 "-" "meta-externalagent/1.1 (+https://developers.facebook.com/docs/sharing/webmasters/crawler)"
2a03:2880:f800:6:: - - [18/Jul/2025:22:23:26 +0000] "GET /shopbrand/180919728 HTTP/1.1" 404 11695 "-" "meta-externalagent/1.1 (+https://developers.facebook.com/docs/sharing/webmasters/crawler)"
2a03:2880:f800:1:: - - [18/Jul/2025:22:23:29 +0000] "GET /shopbrand/88288954 HTTP/1.1" 404 11695 "-" "meta-externalagent/1.1 (+https://developers.facebook.com/docs/sharing/webmasters/crawler)"
2a03:2880:f800:4:: - - [18/Jul/2025:22:23:31 +0000] "GET /shopbrand/88326087 HTTP/1.1" 404 11695 "-" "meta-externalagent/1.1 (+https://developers.facebook.com/docs/sharing/webmasters/crawler)"
2a03:2880:f800:3:: - - [18/Jul/2025:22:23:38 +0000] "GET /shopbrand/180904295 HTTP/1.1" 404 11695 "-" "meta-externalagent/1.1 (+https://developers.facebook.com/docs/sharing/webmasters/crawler)"
2a03:2880:f800:1:: - - [18/Jul/2025:22:23:45 +0000] "GET /shopbrand/180807565 HTTP/1.1" 404 11695 "-" "meta-externalagent/1.1 (+https://developers.facebook.com/docs/sharing/webmasters/crawler)"
2a03:2880:f800:1a:: - - [18/Jul/2025:22:23:46 +0000] "GET /shopbrand/88235116 HTTP/1.1" 404 11695 "-" "meta-externalagent/1.1 (+https://developers.facebook.com/docs/sharing/webmasters/crawler)"
2a03:2880:f800:12:: - - [18/Jul/2025:22:23:48 +0000] "GET /shopbrand/261559435 HTTP/1.1" 404 11695 "-" "meta-externalagent/1.1 (+https://developers.facebook.com/docs/sharing/webmasters/crawler)"
20.171.207.99 - - [18/Jul/2025:22:23:50 +0000] "GET /search.php?m044000482%3Fsrsltid=AfmBOoWhpHOqRuydGaQGWc_03XlJCOpYC_mKvlQVjI-W-vagOjwgDX HTTP/1.1" 200 87405 "-" "Mozilla/5.0 AppleWebKit/537.36 (KHTML, like Gecko; compatible; GPTBot/1.2; +https://openai.com/gptbot)"
2a03:2880:f800:18:: - - [18/Jul/2025:22:23:52 +0000] "GET /shopbrand/261500409 HTTP/1.1" 404 11695 "-" "meta-externalagent/1.1 (+https://developers.facebook.com/docs/sharing/webmasters/crawler)"
2a03:2880:f800:1b:: - - [18/Jul/2025:22:23:55 +0000] "GET /shopbrand/261535122 HTTP/1.1" 404 11695 "-" "meta-externalagent/1.1 (+https://developers.facebook.com/docs/sharing/webmasters/crawler)"
2a03:2880:f800:: - - [18/Jul/2025:22:23:55 +0000] "GET /shopbrand/88273606 HTTP/1.1" 404 11695 "-" "meta-externalagent/1.1 (+https://developers.facebook.com/docs/sharing/webmasters/crawler)"
2a03:2880:f800:3:: - - [18/Jul/2025:22:24:07 +0000] "GET /shopbrand/88263284 HTTP/1.1" 404 11695 "-" "meta-externalagent/1.1 (+https://developers.facebook.com/docs/sharing/webmasters/crawler)"
2a03:2880:f800:1a:: - - [18/Jul/2025:22:24:14 +0000] "GET /shopbrand/180896033 HTTP/1.1" 404 11695 "-" "meta-externalagent/1.1 (+https://developers.facebook.com/docs/sharing/webmasters/crawler)"
209.74.77.214 - - [18/Jul/2025:22:24:48 +0000] "POST /wp-cron.php?doing_wp_cron=1752877488.4543280601501464843750 HTTP/1.1" 403 33 "-" "WordPress/6.8.2; https://topflowroofingplumbing.com.au"
2a03:2880:f800:1d:: - - [18/Jul/2025:22:24:47 +0000] "GET /shopbrand/88256568 HTTP/1.1" 404 11695 "-" "meta-externalagent/1.1 (+https://developers.facebook.com/docs/sharing/webmasters/crawler)"
20.171.207.99 - - [18/Jul/2025:22:24:52 +0000] "GET /search.php?workshop176032845.html HTTP/1.1" 200 86196 "-" "Mozilla/5.0 AppleWebKit/537.36 (KHTML, like Gecko; compatible; GPTBot/1.2; +https://openai.com/gptbot)"
2a03:2880:f800:19:: - - [18/Jul/2025:22:24:55 +0000] "GET /shopbrand/180848108 HTTP/1.1" 404 11695 "-" "meta-externalagent/1.1 (+https://developers.facebook.com/docs/sharing/webmasters/crawler)"
2a03:2880:f800:6:: - - [18/Jul/2025:22:25:13 +0000] "GET /shopbrand/261536668 HTTP/1.1" 404 11695 "-" "meta-externalagent/1.1 (+https://developers.facebook.com/docs/sharing/webmasters/crawler)"
2a03:2880:f800:16:: - - [18/Jul/2025:22:25:15 +0000] "GET /shopbrand/193973249 HTTP/1.1" 404 11695 "-" "meta-externalagent/1.1 (+https://developers.facebook.com/docs/sharing/webmasters/crawler)"
2a03:2880:f800:d:: - - [18/Jul/2025:22:25:16 +0000] "GET /shopbrand/88312500 HTTP/1.1" 404 11695 "-" "meta-externalagent/1.1 (+https://developers.facebook.com/docs/sharing/webmasters/crawler)"
45.227.253.15 - - [18/Jul/2025:22:25:40 +0000] "GET /?of=1 HTTP/1.1" 200 17495 "-" "Mozilla/5.0 (Macintosh; Intel Mac OS X 10.13; rv:103.0) Gecko/20100101 Firefox/103.0"
2a03:2880:f800:5:: - - [18/Jul/2025:22:25:41 +0000] "GET /shopbrand/180847834 HTTP/1.1" 404 11695 "-" "meta-externalagent/1.1 (+https://developers.facebook.com/docs/sharing/webmasters/crawler)"
45.227.253.15 - - [18/Jul/2025:22:25:44 +0000] "GET /554228-juejiang/?ARRAY=7o2230223n313735323838313235322p2231223n22687474703n5p2s5p2s7n7334383376313373752r746s6566612r626p6s675p2s3s6p633q7368616s5s62696r675s72757n687526743q313735323837373635322q6465393430343865346332346237356266663430376664366535316161396631222p2232223n226138396461653834356330303433353232653737306138636639663931383838222p2233223n223032623832383666613964616438643064623861303630393930663139393437222p2262696r675s70617373223n2232382q33392q35312q36352q37322q38342q3838227q HTTP/1.1" 200 86750 "-" "Mozilla/5.0 (compatible; Googlebot/2.1; +http://www.google.com/bot.html)"
66.249.73.96 - - [18/Jul/2025:22:25:50 +0000] "GET /048002500.htm HTTP/1.1" 200 85941 "-" "Mozilla/5.0 (Linux; Android 6.0.1; Nexus 5X Build/MMB29P) AppleWebKit/537.36 (KHTML, like Gecko) Chrome/137.0.7151.103 Mobile Safari/537.36 (compatible; Googlebot/2.1; +http://www.google.com/bot.html)"
20.171.207.99 - - [18/Jul/2025:22:25:54 +0000] "GET /search.php?m061000143%3Fsrsltid=AfmBOotCpmColTBJ8bNtB0_g4QclldZ0M_28rEEGJm-Y-V66pM4Y6m HTTP/1.1" 200 87079 "-" "Mozilla/5.0 AppleWebKit/537.36 (KHTML, like Gecko; compatible; GPTBot/1.2; +https://openai.com/gptbot)"
209.74.77.214 - - [18/Jul/2025:22:26:17 +0000] "POST /wp-cron.php?doing_wp_cron=1752877577.6050939559936523437500 HTTP/1.1" 403 33 "-" "WordPress/6.8.2; https://topflowroofingplumbing.com.au"
2a03:2880:f800:8:: - - [18/Jul/2025:22:26:17 +0000] "GET /shopbrand/261574902 HTTP/1.1" 404 11695 "-" "meta-externalagent/1.1 (+https://developers.facebook.com/docs/sharing/webmasters/crawler)"
2a03:2880:f800:10:: - - [18/Jul/2025:22:26:23 +0000] "GET /shopbrand/261470010 HTTP/1.1" 404 11695 "-" "meta-externalagent/1.1 (+https://developers.facebook.com/docs/sharing/webmasters/crawler)"
2a03:2880:f800:1c:: - - [18/Jul/2025:22:26:36 +0000] "GET /shopbrand/88316973 HTTP/1.1" 404 11695 "-" "meta-externalagent/1.1 (+https://developers.facebook.com/docs/sharing/webmasters/crawler)"
66.249.73.97 - - [18/Jul/2025:22:26:38 +0000] "GET /268008436.htm HTTP/1.1" 200 85684 "-" "Mozilla/5.0 (Linux; Android 6.0.1; Nexus 5X Build/MMB29P) AppleWebKit/537.36 (KHTML, like Gecko) Chrome/137.0.7151.103 Mobile Safari/537.36 (compatible; Googlebot/2.1; +http://www.google.com/bot.html)"
2a03:2880:f800:1a:: - - [18/Jul/2025:22:26:49 +0000] "GET /shopbrand/193937769 HTTP/1.1" 404 11695 "-" "meta-externalagent/1.1 (+https://developers.facebook.com/docs/sharing/webmasters/crawler)"
2a03:2880:f800:7:: - - [18/Jul/2025:22:26:57 +0000] "GET /shopbrand/180810826 HTTP/1.1" 404 11695 "-" "meta-externalagent/1.1 (+https://developers.facebook.com/docs/sharing/webmasters/crawler)"
20.171.207.99 - - [18/Jul/2025:22:26:59 +0000] "GET /search.php?product/edit/tuzukiya-g03-0623 HTTP/1.1" 200 86832 "-" "Mozilla/5.0 AppleWebKit/537.36 (KHTML, like Gecko; compatible; GPTBot/1.2; +https://openai.com/gptbot)"
2a03:2880:f800:2:: - - [18/Jul/2025:22:27:01 +0000] "GET /shopbrand/261526115 HTTP/1.1" 404 11695 "-" "meta-externalagent/1.1 (+https://developers.facebook.com/docs/sharing/webmasters/crawler)"
2a03:2880:f800:2:: - - [18/Jul/2025:22:27:15 +0000] "GET /shopbrand/352087594 HTTP/1.1" 404 11695 "-" "meta-externalagent/1.1 (+https://developers.facebook.com/docs/sharing/webmasters/crawler)"
2a03:2880:f800:3:: - - [18/Jul/2025:22:27:16 +0000] "GET /shopbrand/261522409 HTTP/1.1" 404 11695 "-" "meta-externalagent/1.1 (+https://developers.facebook.com/docs/sharing/webmasters/crawler)"
2a03:2880:f800:10:: - - [18/Jul/2025:22:27:17 +0000] "GET /shopbrand/180857733 HTTP/1.1" 404 11695 "-" "meta-externalagent/1.1 (+https://developers.facebook.com/docs/sharing/webmasters/crawler)"
209.74.77.214 - - [18/Jul/2025:22:27:20 +0000] "POST /wp-cron.php?doing_wp_cron=1752877640.0307269096374511718750 HTTP/1.1" 403 33 "-" "WordPress/6.8.2; https://topflowroofingplumbing.com.au"
2a03:2880:f800:1a:: - - [18/Jul/2025:22:27:19 +0000] "GET /shopbrand/352054190 HTTP/1.1" 404 11695 "-" "meta-externalagent/1.1 (+https://developers.facebook.com/docs/sharing/webmasters/crawler)"
2a03:2880:f800:16:: - - [18/Jul/2025:22:27:21 +0000] "GET /shopbrand/261455073 HTTP/1.1" 404 11695 "-" "meta-externalagent/1.1 (+https://developers.facebook.com/docs/sharing/webmasters/crawler)"
2a03:2880:f800:1a:: - - [18/Jul/2025:22:27:40 +0000] "GET /shopbrand/180811253 HTTP/1.1" 404 11695 "-" "meta-externalagent/1.1 (+https://developers.facebook.com/docs/sharing/webmasters/crawler)"
