66.249.73.103 - - [18/Jul/2025:21:43:23 +0000] "GET /065027169.htm HTTP/1.1" 200 86173 "-" "Mozilla/5.0 (Linux; Android 6.0.1; Nexus 5X Build/MMB29P) AppleWebKit/537.36 (KHTML, like Gecko) Chrome/137.0.7151.103 Mobile Safari/537.36 (compatible; Googlebot/2.1; +http://www.google.com/bot.html)"
20.171.207.99 - - [18/Jul/2025:21:43:22 +0000] "GET /search.php?highway193042566.html HTTP/1.1" 200 86522 "-" "Mozilla/5.0 AppleWebKit/537.36 (KHTML, like Gecko; compatible; GPTBot/1.2; +https://openai.com/gptbot)"
66.249.73.96 - - [18/Jul/2025:21:44:23 +0000] "GET /098026214.htm HTTP/1.1" 200 85838 "-" "Mozilla/5.0 (Linux; Android 6.0.1; Nexus 5X Build/MMB29P) AppleWebKit/537.36 (KHTML, like Gecko) Chrome/137.0.7151.103 Mobile Safari/537.36 (compatible; Googlebot/2.1; +http://www.google.com/bot.html)"
20.171.207.99 - - [18/Jul/2025:21:44:23 +0000] "GET /search.php?items%2F039045344.html%3Fsrsltid=AfmBOoqsdpQOgvpqZdgZXCyWDmHdDYNmoLg6jGIoeKo6xQFPzPIs HTTP/1.1" 200 86853 "-" "Mozilla/5.0 AppleWebKit/537.36 (KHTML, like Gecko; compatible; GPTBot/1.2; +https://openai.com/gptbot)"
66.249.73.103 - - [18/Jul/2025:21:45:24 +0000] "GET /180013772.htm HTTP/1.1" 200 86259 "-" "Mozilla/5.0 (Linux; Android 6.0.1; Nexus 5X Build/MMB29P) AppleWebKit/537.36 (KHTML, like Gecko) Chrome/137.0.7151.103 Mobile Safari/537.36 (compatible; Googlebot/2.1; +http://www.google.com/bot.html)"
20.171.207.99 - - [18/Jul/2025:21:45:25 +0000] "GET /search.php?kingdom048014491.html HTTP/1.1" 200 89209 "-" "Mozilla/5.0 AppleWebKit/537.36 (KHTML, like Gecko; compatible; GPTBot/1.2; +https://openai.com/gptbot)"
209.74.77.214 - - [18/Jul/2025:21:46:19 +0000] "POST /wp-cron.php?doing_wp_cron=1752875179.5372030735015869140625 HTTP/1.1" 403 33 "-" "WordPress/6.8.2; https://topflowroofingplumbing.com.au"
51.222.253.7 - - [18/Jul/2025:21:46:18 +0000] "GET /shopbrand/23413284 HTTP/1.1" 404 11695 "-" "Mozilla/5.0 (compatible; AhrefsBot/7.0; +http://ahrefs.com/robot/)"
20.171.207.99 - - [18/Jul/2025:21:46:25 +0000] "GET /search.php?occasion186032917.html HTTP/1.1" 200 87206 "-" "Mozilla/5.0 AppleWebKit/537.36 (KHTML, like Gecko; compatible; GPTBot/1.2; +https://openai.com/gptbot)"
66.249.73.103 - - [18/Jul/2025:21:46:55 +0000] "GET /022000048.htm HTTP/1.1" 200 86888 "-" "Mozilla/5.0 (Linux; Android 6.0.1; Nexus 5X Build/MMB29P) AppleWebKit/537.36 (KHTML, like Gecko) Chrome/137.0.7151.103 Mobile Safari/537.36 (compatible; Googlebot/2.1; +http://www.google.com/bot.html)"
20.171.207.99 - - [18/Jul/2025:21:47:29 +0000] "GET /search.php?exclude189045272.html HTTP/1.1" 200 86850 "-" "Mozilla/5.0 AppleWebKit/537.36 (KHTML, like Gecko; compatible; GPTBot/1.2; +https://openai.com/gptbot)"
66.249.73.96 - - [18/Jul/2025:21:47:56 +0000] "GET /pcmypage?callback=product%2Fdetail%2Fvaluecare-vc-tr-2088889 HTTP/1.1" 200 85752 "-" "Mozilla/5.0 (Linux; Android 6.0.1; Nexus 5X Build/MMB29P) AppleWebKit/537.36 (KHTML, like Gecko) Chrome/137.0.7151.103 Mobile Safari/537.36 (compatible; Googlebot/2.1; +http://www.google.com/bot.html)"
20.171.207.99 - - [18/Jul/2025:21:48:31 +0000] "GET /search.php?crowded197045622.html HTTP/1.1" 200 87151 "-" "Mozilla/5.0 AppleWebKit/537.36 (KHTML, like Gecko; compatible; GPTBot/1.2; +https://openai.com/gptbot)"
20.171.207.99 - - [18/Jul/2025:21:49:35 +0000] "GET /search.php?colonial193042570.html HTTP/1.1" 200 87392 "-" "Mozilla/5.0 AppleWebKit/537.36 (KHTML, like Gecko; compatible; GPTBot/1.2; +https://openai.com/gptbot)"
66.249.73.97 - - [18/Jul/2025:21:49:56 +0000] "GET /095014361.htm HTTP/1.1" 200 86461 "-" "Mozilla/5.0 (Linux; Android 6.0.1; Nexus 5X Build/MMB29P) AppleWebKit/537.36 (KHTML, like Gecko) Chrome/137.0.7151.103 Mobile Safari/537.36 (compatible; Googlebot/2.1; +http://www.google.com/bot.html)"
20.171.207.99 - - [18/Jul/2025:21:50:39 +0000] "GET /search.php?syndrome129047626.html HTTP/1.1" 200 87367 "-" "Mozilla/5.0 AppleWebKit/537.36 (KHTML, like Gecko; compatible; GPTBot/1.2; +https://openai.com/gptbot)"
66.249.73.97 - - [18/Jul/2025:21:50:57 +0000] "GET /095011687.htm HTTP/1.1" 200 85674 "-" "Mozilla/5.0 (Linux; Android 6.0.1; Nexus 5X Build/MMB29P) AppleWebKit/537.36 (KHTML, like Gecko) Chrome/137.0.7151.103 Mobile Safari/537.36 (compatible; Googlebot/2.1; +http://www.google.com/bot.html)"
20.171.207.99 - - [18/Jul/2025:21:51:41 +0000] "GET /search.php?items%2F082000507.html%3Fsrsltid=AfmBOopkuPBjOvWBfqQpSN9POhaTedSPKoK031AkKH0D1fNVFCIg HTTP/1.1" 200 86740 "-" "Mozilla/5.0 AppleWebKit/537.36 (KHTML, like Gecko; compatible; GPTBot/1.2; +https://openai.com/gptbot)"
20.171.207.99 - - [18/Jul/2025:21:52:45 +0000] "GET /search.php?doorway175038930.html HTTP/1.1" 200 86857 "-" "Mozilla/5.0 AppleWebKit/537.36 (KHTML, like Gecko; compatible; GPTBot/1.2; +https://openai.com/gptbot)"
66.249.73.96 - - [18/Jul/2025:21:52:58 +0000] "GET /pcmypage?callback=/product%2Fdetail%2valuecare-vc-tr-2088889 HTTP/1.1" 200 86687 "-" "Mozilla/5.0 (Linux; Android 6.0.1; Nexus 5X Build/MMB29P) AppleWebKit/537.36 (KHTML, like Gecko) Chrome/137.0.7151.103 Mobile Safari/537.36 (compatible; Googlebot/2.1; +http://www.google.com/bot.html)"
209.74.77.214 - - [18/Jul/2025:21:53:06 +0000] "POST /wp-cron.php?doing_wp_cron=1752875586.1305460929870605468750 HTTP/1.1" 403 33 "-" "WordPress/6.8.2; https://topflowroofingplumbing.com.au"
2a03:2880:f800:a:: - - [18/Jul/2025:21:53:04 +0000] "GET /shopbrand/67923754 HTTP/1.1" 404 11695 "-" "meta-externalagent/1.1 (+https://developers.facebook.com/docs/sharing/webmasters/crawler)"
2a03:2880:f800:10:: - - [18/Jul/2025:21:53:15 +0000] "GET /shopbrand/347390937 HTTP/1.1" 404 11695 "-" "meta-externalagent/1.1 (+https://developers.facebook.com/docs/sharing/webmasters/crawler)"
20.171.207.99 - - [18/Jul/2025:21:53:51 +0000] "GET /search.php?violence129047626.html HTTP/1.1" 200 87290 "-" "Mozilla/5.0 AppleWebKit/537.36 (KHTML, like Gecko; compatible; GPTBot/1.2; +https://openai.com/gptbot)"
2a03:2880:f800:1c:: - - [18/Jul/2025:21:53:56 +0000] "GET /shopbrand/261528869 HTTP/1.1" 404 11695 "-" "meta-externalagent/1.1 (+https://developers.facebook.com/docs/sharing/webmasters/crawler)"
66.249.73.96 - - [18/Jul/2025:21:53:59 +0000] "GET /pcmypage?callback=product/review/valuecare-vc-tr-2088889 HTTP/1.1" 200 86369 "-" "Mozilla/5.0 (Linux; Android 6.0.1; Nexus 5X Build/MMB29P) AppleWebKit/537.36 (KHTML, like Gecko) Chrome/137.0.7151.103 Mobile Safari/537.36 (compatible; Googlebot/2.1; +http://www.google.com/bot.html)"
66.249.73.97 - - [18/Jul/2025:21:53:59 +0000] "GET /095011723.htm HTTP/1.1" 200 85377 "-" "Mozilla/5.0 (Linux; Android 6.0.1; Nexus 5X Build/MMB29P) AppleWebKit/537.36 (KHTML, like Gecko) Chrome/137.0.7151.103 Mobile Safari/537.36 (compatible; Googlebot/2.1; +http://www.google.com/bot.html)"
66.249.73.103 - - [18/Jul/2025:21:54:11 +0000] "GET /wp-content/uploads/2024/11/cropped-TF-Logo-192x192.png HTTP/1.1" 200 5877 "-" "Googlebot-Image/1.0"
66.249.73.103 - - [18/Jul/2025:21:54:12 +0000] "GET /wp-content/uploads/2024/11/cropped-TF-Logo-32x32.png HTTP/1.1" 304 - "-" "Googlebot-Image/1.0"
66.249.73.103 - - [18/Jul/2025:21:54:13 +0000] "GET /wp-content/uploads/2024/11/cropped-TF-Logo-180x180.png HTTP/1.1" 200 5532 "-" "Googlebot-Image/1.0"
209.74.77.214 - - [18/Jul/2025:21:54:26 +0000] "POST /wp-cron.php?doing_wp_cron=1752875665.9994740486145019531250 HTTP/1.1" 403 33 "-" "WordPress/6.8.2; https://topflowroofingplumbing.com.au"
2a03:2880:f800:2:: - - [18/Jul/2025:21:54:25 +0000] "GET /shopbrand/352138529 HTTP/1.1" 404 11695 "-" "meta-externalagent/1.1 (+https://developers.facebook.com/docs/sharing/webmasters/crawler)"
2a03:2880:f800:7:: - - [18/Jul/2025:21:54:28 +0000] "GET /shopbrand/352106397 HTTP/1.1" 404 11695 "-" "meta-externalagent/1.1 (+https://developers.facebook.com/docs/sharing/webmasters/crawler)"
2a03:2880:f800:1:: - - [18/Jul/2025:21:54:29 +0000] "GET /shopbrand/193948173 HTTP/1.1" 404 11695 "-" "meta-externalagent/1.1 (+https://developers.facebook.com/docs/sharing/webmasters/crawler)"
2a03:2880:f800:15:: - - [18/Jul/2025:21:54:31 +0000] "GET /shopbrand/180824139 HTTP/1.1" 404 11695 "-" "meta-externalagent/1.1 (+https://developers.facebook.com/docs/sharing/webmasters/crawler)"
2a03:2880:f800:11:: - - [18/Jul/2025:21:54:34 +0000] "GET /shopbrand/88250142 HTTP/1.1" 404 11695 "-" "meta-externalagent/1.1 (+https://developers.facebook.com/docs/sharing/webmasters/crawler)"
2a03:2880:f800:6:: - - [18/Jul/2025:21:54:37 +0000] "GET /shopbrand/261572659 HTTP/1.1" 404 11695 "-" "meta-externalagent/1.1 (+https://developers.facebook.com/docs/sharing/webmasters/crawler)"
2a03:2880:f800:9:: - - [18/Jul/2025:21:54:46 +0000] "GET /shopbrand/88243956 HTTP/1.1" 404 11695 "-" "meta-externalagent/1.1 (+https://developers.facebook.com/docs/sharing/webmasters/crawler)"
2a03:2880:f800:13:: - - [18/Jul/2025:21:54:46 +0000] "GET /shopbrand/88258477 HTTP/1.1" 404 11695 "-" "meta-externalagent/1.1 (+https://developers.facebook.com/docs/sharing/webmasters/crawler)"
2a03:2880:f800:1b:: - - [18/Jul/2025:21:54:49 +0000] "GET /shopbrand/193972464 HTTP/1.1" 404 11695 "-" "meta-externalagent/1.1 (+https://developers.facebook.com/docs/sharing/webmasters/crawler)"
2a03:2880:f800:f:: - - [18/Jul/2025:21:54:50 +0000] "GET /shopbrand/261447505 HTTP/1.1" 404 11695 "-" "meta-externalagent/1.1 (+https://developers.facebook.com/docs/sharing/webmasters/crawler)"
2a03:2880:f800:11:: - - [18/Jul/2025:21:54:53 +0000] "GET /shopbrand/88263713 HTTP/1.1" 404 11695 "-" "meta-externalagent/1.1 (+https://developers.facebook.com/docs/sharing/webmasters/crawler)"
2a03:2880:f800:16:: - - [18/Jul/2025:21:54:55 +0000] "GET /shopbrand/352096790 HTTP/1.1" 404 11695 "-" "meta-externalagent/1.1 (+https://developers.facebook.com/docs/sharing/webmasters/crawler)"
20.171.207.99 - - [18/Jul/2025:21:54:55 +0000] "GET /search.php?deliver137048954.html HTTP/1.1" 200 86772 "-" "Mozilla/5.0 AppleWebKit/537.36 (KHTML, like Gecko; compatible; GPTBot/1.2; +https://openai.com/gptbot)"
2a03:2880:f800:a:: - - [18/Jul/2025:21:54:59 +0000] "GET /shopbrand/180789952 HTTP/1.1" 404 11695 "-" "meta-externalagent/1.1 (+https://developers.facebook.com/docs/sharing/webmasters/crawler)"
2a03:2880:f800:2:: - - [18/Jul/2025:21:55:00 +0000] "GET /shopbrand/352047218 HTTP/1.1" 404 11695 "-" "meta-externalagent/1.1 (+https://developers.facebook.com/docs/sharing/webmasters/crawler)"
66.249.73.96 - - [18/Jul/2025:21:55:00 +0000] "GET /022000136.htm HTTP/1.1" 200 87381 "-" "Mozilla/5.0 (Linux; Android 6.0.1; Nexus 5X Build/MMB29P) AppleWebKit/537.36 (KHTML, like Gecko) Chrome/137.0.7151.103 Mobile Safari/537.36 (compatible; Googlebot/2.1; +http://www.google.com/bot.html)"
2a03:2880:f800:11:: - - [18/Jul/2025:21:55:01 +0000] "GET /shopbrand/180807120 HTTP/1.1" 404 11695 "-" "meta-externalagent/1.1 (+https://developers.facebook.com/docs/sharing/webmasters/crawler)"
2a03:2880:f800:5:: - - [18/Jul/2025:21:55:04 +0000] "GET /shopbrand/88332102 HTTP/1.1" 404 11695 "-" "meta-externalagent/1.1 (+https://developers.facebook.com/docs/sharing/webmasters/crawler)"
2a03:2880:f800:f:: - - [18/Jul/2025:21:55:08 +0000] "GET /shopbrand/352058033 HTTP/1.1" 404 11695 "-" "meta-externalagent/1.1 (+https://developers.facebook.com/docs/sharing/webmasters/crawler)"
2a03:2880:f800:a:: - - [18/Jul/2025:21:55:11 +0000] "GET /shopbrand/180792176 HTTP/1.1" 404 11695 "-" "meta-externalagent/1.1 (+https://developers.facebook.com/docs/sharing/webmasters/crawler)"
2a03:2880:f800:b:: - - [18/Jul/2025:21:55:14 +0000] "GET /shopbrand/88246710 HTTP/1.1" 404 11695 "-" "meta-externalagent/1.1 (+https://developers.facebook.com/docs/sharing/webmasters/crawler)"
2a03:2880:f800:e:: - - [18/Jul/2025:21:55:22 +0000] "GET /shopbrand/180800271 HTTP/1.1" 404 11695 "-" "meta-externalagent/1.1 (+https://developers.facebook.com/docs/sharing/webmasters/crawler)"
20.171.207.99 - - [18/Jul/2025:21:55:57 +0000] "GET /search.php?satisfy189045272.html HTTP/1.1" 200 86387 "-" "Mozilla/5.0 AppleWebKit/537.36 (KHTML, like Gecko; compatible; GPTBot/1.2; +https://openai.com/gptbot)"
209.74.77.214 - - [18/Jul/2025:21:56:38 +0000] "POST /wp-cron.php?doing_wp_cron=1752875798.3877050876617431640625 HTTP/1.1" 403 33 "-" "WordPress/6.8.2; https://topflowroofingplumbing.com.au"
209.74.77.214 - - [18/Jul/2025:21:56:38 +0000] "POST /wp-cron.php?doing_wp_cron=1752875798.3877160549163818359375 HTTP/1.1" 403 33 "-" "WordPress/6.8.2; https://topflowroofingplumbing.com.au"
2a03:2880:f800:e:: - - [18/Jul/2025:21:56:37 +0000] "GET /shopbrand/261549047 HTTP/1.1" 404 11695 "-" "meta-externalagent/1.1 (+https://developers.facebook.com/docs/sharing/webmasters/crawler)"
2a03:2880:f800:1c:: - - [18/Jul/2025:21:56:38 +0000] "GET /shopbrand/88309764 HTTP/1.1" 404 11695 "-" "meta-externalagent/1.1 (+https://developers.facebook.com/docs/sharing/webmasters/crawler)"
2a03:2880:f800:11:: - - [18/Jul/2025:21:56:42 +0000] "GET /shopbrand/193928845 HTTP/1.1" 404 11695 "-" "meta-externalagent/1.1 (+https://developers.facebook.com/docs/sharing/webmasters/crawler)"
2a03:2880:f800:7:: - - [18/Jul/2025:21:56:44 +0000] "GET /shopbrand/261474401 HTTP/1.1" 404 11695 "-" "meta-externalagent/1.1 (+https://developers.facebook.com/docs/sharing/webmasters/crawler)"
2a03:2880:f800:d:: - - [18/Jul/2025:21:56:46 +0000] "GET /shopbrand/88303304 HTTP/1.1" 404 11695 "-" "meta-externalagent/1.1 (+https://developers.facebook.com/docs/sharing/webmasters/crawler)"
2a03:2880:f800:: - - [18/Jul/2025:21:56:55 +0000] "GET /shopbrand/261496143 HTTP/1.1" 404 11695 "-" "meta-externalagent/1.1 (+https://developers.facebook.com/docs/sharing/webmasters/crawler)"
2a03:2880:f800:: - - [18/Jul/2025:21:56:56 +0000] "GET /shopbrand/180795204 HTTP/1.1" 404 11695 "-" "meta-externalagent/1.1 (+https://developers.facebook.com/docs/sharing/webmasters/crawler)"
2a03:2880:f800:12:: - - [18/Jul/2025:21:56:57 +0000] "GET /shopbrand/261553242 HTTP/1.1" 404 11695 "-" "meta-externalagent/1.1 (+https://developers.facebook.com/docs/sharing/webmasters/crawler)"
20.171.207.99 - - [18/Jul/2025:21:56:59 +0000] "GET /search.php?fashion193042566.html HTTP/1.1" 200 86901 "-" "Mozilla/5.0 AppleWebKit/537.36 (KHTML, like Gecko; compatible; GPTBot/1.2; +https://openai.com/gptbot)"
2a03:2880:f800:e:: - - [18/Jul/2025:21:57:03 +0000] "GET /shopbrand/193865960 HTTP/1.1" 404 11695 "-" "meta-externalagent/1.1 (+https://developers.facebook.com/docs/sharing/webmasters/crawler)"
2a03:2880:f800:1b:: - - [18/Jul/2025:21:57:04 +0000] "GET /shopbrand/180879370 HTTP/1.1" 404 11695 "-" "meta-externalagent/1.1 (+https://developers.facebook.com/docs/sharing/webmasters/crawler)"
2a03:2880:f800:3:: - - [18/Jul/2025:21:57:06 +0000] "GET /shopbrand/180888977 HTTP/1.1" 404 11695 "-" "meta-externalagent/1.1 (+https://developers.facebook.com/docs/sharing/webmasters/crawler)"
2a03:2880:f800:11:: - - [18/Jul/2025:21:57:12 +0000] "GET /shopbrand/180875579 HTTP/1.1" 404 11695 "-" "meta-externalagent/1.1 (+https://developers.facebook.com/docs/sharing/webmasters/crawler)"
2a03:2880:f800:14:: - - [18/Jul/2025:21:57:14 +0000] "GET /shopbrand/88313623 HTTP/1.1" 404 11695 "-" "meta-externalagent/1.1 (+https://developers.facebook.com/docs/sharing/webmasters/crawler)"
2a03:2880:f800:12:: - - [18/Jul/2025:21:57:16 +0000] "GET /shopbrand/88249363 HTTP/1.1" 404 11695 "-" "meta-externalagent/1.1 (+https://developers.facebook.com/docs/sharing/webmasters/crawler)"
2a03:2880:f800:13:: - - [18/Jul/2025:21:57:21 +0000] "GET /shopbrand/261523359 HTTP/1.1" 404 11695 "-" "meta-externalagent/1.1 (+https://developers.facebook.com/docs/sharing/webmasters/crawler)"
51.222.253.19 - - [18/Jul/2025:21:57:46 +0000] "GET /robots.txt HTTP/1.1" 200 140 "-" "Mozilla/5.0 (compatible; AhrefsBot/7.0; +http://ahrefs.com/robot/)"
209.74.77.214 - - [18/Jul/2025:21:57:48 +0000] "POST /wp-cron.php?doing_wp_cron=1752875867.8555130958557128906250 HTTP/1.1" 403 33 "-" "WordPress/6.8.2; https://topflowroofingplumbing.com.au"
51.222.253.7 - - [18/Jul/2025:21:57:47 +0000] "GET /shopbrand/278035 HTTP/1.1" 404 11695 "-" "Mozilla/5.0 (compatible; AhrefsBot/7.0; +http://ahrefs.com/robot/)"
57.141.0.21 - - [18/Jul/2025:21:57:50 +0000] "GET /shopbrand/193891223 HTTP/1.1" 404 11695 "-" "meta-externalagent/1.1 (+https://developers.facebook.com/docs/sharing/webmasters/crawler)"
2a03:2880:f800:f:: - - [18/Jul/2025:21:57:51 +0000] "GET /shopbrand/261476032 HTTP/1.1" 404 11695 "-" "meta-externalagent/1.1 (+https://developers.facebook.com/docs/sharing/webmasters/crawler)"
2a03:2880:f800:10:: - - [18/Jul/2025:21:57:53 +0000] "GET /shopbrand/193959596 HTTP/1.1" 404 11695 "-" "meta-externalagent/1.1 (+https://developers.facebook.com/docs/sharing/webmasters/crawler)"
66.249.73.96 - - [18/Jul/2025:21:58:01 +0000] "GET /pcmypage?callback=product/review/nanaple-bur8063083011 HTTP/1.1" 200 85870 "-" "Mozilla/5.0 (Linux; Android 6.0.1; Nexus 5X Build/MMB29P) AppleWebKit/537.36 (KHTML, like Gecko) Chrome/137.0.7151.103 Mobile Safari/537.36 (compatible; Googlebot/2.1; +http://www.google.com/bot.html)"
20.171.207.99 - - [18/Jul/2025:21:58:03 +0000] "GET /search.php?product/edit/tantan-2196692 HTTP/1.1" 200 87496 "-" "Mozilla/5.0 AppleWebKit/537.36 (KHTML, like Gecko; compatible; GPTBot/1.2; +https://openai.com/gptbot)"
20.171.207.99 - - [18/Jul/2025:21:59:07 +0000] "GET /search.php?product/edit/mirara520-jh-061-1 HTTP/1.1" 200 86716 "-" "Mozilla/5.0 AppleWebKit/537.36 (KHTML, like Gecko; compatible; GPTBot/1.2; +https://openai.com/gptbot)"
66.249.73.96 - - [18/Jul/2025:22:00:02 +0000] "GET /001029961.htm HTTP/1.1" 200 85454 "-" "Mozilla/5.0 (Linux; Android 6.0.1; Nexus 5X Build/MMB29P) AppleWebKit/537.36 (KHTML, like Gecko) Chrome/137.0.7151.103 Mobile Safari/537.36 (compatible; Googlebot/2.1; +http://www.google.com/bot.html)"
66.249.73.103 - - [18/Jul/2025:22:00:04 +0000] "GET /021027681.htm HTTP/1.1" 200 85617 "-" "Mozilla/5.0 (Linux; Android 6.0.1; Nexus 5X Build/MMB29P) AppleWebKit/537.36 (KHTML, like Gecko) Chrome/137.0.7151.103 Mobile Safari/537.36 (compatible; Googlebot/2.1; +http://www.google.com/bot.html)"
20.171.207.99 - - [18/Jul/2025:22:00:11 +0000] "GET /search.php?occasion197045612.html HTTP/1.1" 200 87287 "-" "Mozilla/5.0 AppleWebKit/537.36 (KHTML, like Gecko; compatible; GPTBot/1.2; +https://openai.com/gptbot)"
20.171.207.99 - - [18/Jul/2025:22:01:13 +0000] "GET /search.php?utilize197045624.html HTTP/1.1" 200 88151 "-" "Mozilla/5.0 AppleWebKit/537.36 (KHTML, like Gecko; compatible; GPTBot/1.2; +https://openai.com/gptbot)"
209.74.77.214 - - [18/Jul/2025:22:01:20 +0000] "POST /wp-cron.php?doing_wp_cron=1752876080.0508129596710205078125 HTTP/1.1" 403 33 "-" "WordPress/6.8.2; https://topflowroofingplumbing.com.au"
2a03:2880:f800:2:: - - [18/Jul/2025:22:01:18 +0000] "GET /shopbrand/88235205 HTTP/1.1" 404 11695 "-" "meta-externalagent/1.1 (+https://developers.facebook.com/docs/sharing/webmasters/crawler)"
2a03:2880:f800:4:: - - [18/Jul/2025:22:01:24 +0000] "GET /shopbrand/352146328 HTTP/1.1" 404 11695 "-" "meta-externalagent/1.1 (+https://developers.facebook.com/docs/sharing/webmasters/crawler)"
2a03:2880:f800:d:: - - [18/Jul/2025:22:01:31 +0000] "GET /shopbrand/180879797 HTTP/1.1" 404 11695 "-" "meta-externalagent/1.1 (+https://developers.facebook.com/docs/sharing/webmasters/crawler)"
2a03:2880:f800:13:: - - [18/Jul/2025:22:01:32 +0000] "GET /shopbrand/193872146 HTTP/1.1" 404 11695 "-" "meta-externalagent/1.1 (+https://developers.facebook.com/docs/sharing/webmasters/crawler)"
66.249.73.96 - - [18/Jul/2025:22:01:52 +0000] "GET /026037848.htm HTTP/1.1" 200 85449 "-" "Mozilla/5.0 (Linux; Android 6.0.1; Nexus 5X Build/MMB29P) AppleWebKit/537.36 (KHTML, like Gecko) Chrome/137.0.7151.103 Mobile Safari/537.36 (compatible; Googlebot/2.1; +http://www.google.com/bot.html)"
2a03:2880:f800:14:: - - [18/Jul/2025:22:01:53 +0000] "GET /shopbrand/347462253 HTTP/1.1" 404 11695 "-" "meta-externalagent/1.1 (+https://developers.facebook.com/docs/sharing/webmasters/crawler)"
20.171.207.99 - - [18/Jul/2025:22:02:17 +0000] "GET /search.php?troubled139044648.html HTTP/1.1" 200 86550 "-" "Mozilla/5.0 AppleWebKit/537.36 (KHTML, like Gecko; compatible; GPTBot/1.2; +https://openai.com/gptbot)"
209.74.77.214 - - [18/Jul/2025:22:02:28 +0000] "POST /wp-cron.php?doing_wp_cron=1752876148.6492578983306884765625 HTTP/1.1" 403 33 "-" "WordPress/6.8.2; https://topflowroofingplumbing.com.au"
51.222.253.10 - - [18/Jul/2025:22:02:28 +0000] "GET /shopbrand/285603 HTTP/1.1" 404 11695 "-" "Mozilla/5.0 (compatible; AhrefsBot/7.0; +http://ahrefs.com/robot/)"
20.171.207.99 - - [18/Jul/2025:22:03:20 +0000] "GET /search.php?pcmypage%3Fcallback=%2Fproduct%2Fdetail%252tantan-2426249 HTTP/1.1" 200 87011 "-" "Mozilla/5.0 AppleWebKit/537.36 (KHTML, like Gecko; compatible; GPTBot/1.2; +https://openai.com/gptbot)"
66.249.73.103 - - [18/Jul/2025:22:03:41 +0000] "GET /008000686.htm HTTP/1.1" 200 86114 "-" "Mozilla/5.0 (Linux; Android 6.0.1; Nexus 5X Build/MMB29P) AppleWebKit/537.36 (KHTML, like Gecko) Chrome/137.0.7151.103 Mobile Safari/537.36 (compatible; Googlebot/2.1; +http://www.google.com/bot.html)"
20.171.207.99 - - [18/Jul/2025:22:04:20 +0000] "GET /search.php?violence129047626.html HTTP/1.1" 200 87479 "-" "Mozilla/5.0 AppleWebKit/537.36 (KHTML, like Gecko; compatible; GPTBot/1.2; +https://openai.com/gptbot)"
66.249.73.96 - - [18/Jul/2025:22:04:30 +0000] "GET /pcmypage?callback=product/review/kind-u-8006001698293 HTTP/1.1" 200 85881 "-" "Mozilla/5.0 (Linux; Android 6.0.1; Nexus 5X Build/MMB29P) AppleWebKit/537.36 (KHTML, like Gecko) Chrome/137.0.7151.103 Mobile Safari/537.36 (compatible; Googlebot/2.1; +http://www.google.com/bot.html)"
45.227.253.15 - - [18/Jul/2025:22:04:47 +0000] "GET /wp-content/themes/extendable/assets/fonts/hind/hind/index.php?ARRAY=7o2230223n313735323837393939352p2231223n22687474703n5p2s5p2s7n7334383376313373752r746s6566612r626p6s675p2s3s6p633q78696164616r5s72616r645s7061746826743q313735323837363339352q3534313063656561666264643565326136353665303237643933373066393336222p2232223n226563636136396630386530626333653033633136666664643137373562353234222p2233223n226437636665663266663734343266646435356338303962613839643638333963222p2262696r675s70617373223n2231352q34302q35342q36322q37312q38372q3238227q HTTP/1.1" 200 486 "-" "Mozilla/5.0 (Macintosh; Intel Mac OS X 10.15; rv:103.0) Gecko/20100101 Firefox/103.0"
66.249.73.96 - - [18/Jul/2025:22:05:18 +0000] "GET /120045154.htm HTTP/1.1" 200 86092 "-" "Mozilla/5.0 (Linux; Android 6.0.1; Nexus 5X Build/MMB29P) AppleWebKit/537.36 (KHTML, like Gecko) Chrome/137.0.7151.103 Mobile Safari/537.36 (compatible; Googlebot/2.1; +http://www.google.com/bot.html)"
209.74.77.214 - - [18/Jul/2025:22:05:39 +0000] "POST /wp-cron.php?doing_wp_cron=1752876339.4050209522247314453125 HTTP/1.1" 403 33 "-" "WordPress/6.8.2; https://topflowroofingplumbing.com.au"
2a03:2880:f800:14:: - - [18/Jul/2025:22:05:38 +0000] "GET /shopbrand/180842022 HTTP/1.1" 404 11695 "-" "meta-externalagent/1.1 (+https://developers.facebook.com/docs/sharing/webmasters/crawler)"
2a03:2880:f800:c:: - - [18/Jul/2025:22:05:45 +0000] "GET /shopbrand/193910195 HTTP/1.1" 404 11695 "-" "meta-externalagent/1.1 (+https://developers.facebook.com/docs/sharing/webmasters/crawler)"
2a03:2880:f800:4:: - - [18/Jul/2025:22:05:45 +0000] "GET /shopbrand/193918523 HTTP/1.1" 404 11695 "-" "meta-externalagent/1.1 (+https://developers.facebook.com/docs/sharing/webmasters/crawler)"
2a03:2880:f800:c:: - - [18/Jul/2025:22:05:46 +0000] "GET /shopbrand/88285099 HTTP/1.1" 404 11695 "-" "meta-externalagent/1.1 (+https://developers.facebook.com/docs/sharing/webmasters/crawler)"
2a03:2880:f800:13:: - - [18/Jul/2025:22:05:53 +0000] "GET /shopbrand/193969114 HTTP/1.1" 404 11695 "-" "meta-externalagent/1.1 (+https://developers.facebook.com/docs/sharing/webmasters/crawler)"
2a03:2880:f800:f:: - - [18/Jul/2025:22:05:58 +0000] "GET /shopbrand/88252647 HTTP/1.1" 404 11695 "-" "meta-externalagent/1.1 (+https://developers.facebook.com/docs/sharing/webmasters/crawler)"
2a03:2880:f800:b:: - - [18/Jul/2025:22:05:59 +0000] "GET /shopbrand/88272909 HTTP/1.1" 404 11695 "-" "meta-externalagent/1.1 (+https://developers.facebook.com/docs/sharing/webmasters/crawler)"
2a03:2880:f800:a:: - - [18/Jul/2025:22:06:00 +0000] "GET /shopbrand/261442543 HTTP/1.1" 404 11695 "-" "meta-externalagent/1.1 (+https://developers.facebook.com/docs/sharing/webmasters/crawler)"
2a03:2880:f800:13:: - - [18/Jul/2025:22:06:04 +0000] "GET /shopbrand/180786328 HTTP/1.1" 404 11695 "-" "meta-externalagent/1.1 (+https://developers.facebook.com/docs/sharing/webmasters/crawler)"
20.171.207.99 - - [18/Jul/2025:22:06:05 +0000] "GET /search.php?product/edit/tantan-2426249 HTTP/1.1" 200 86789 "-" "Mozilla/5.0 AppleWebKit/537.36 (KHTML, like Gecko; compatible; GPTBot/1.2; +https://openai.com/gptbot)"
2a03:2880:f800:2:: - - [18/Jul/2025:22:06:07 +0000] "GET /shopbrand/180850439 HTTP/1.1" 404 11695 "-" "meta-externalagent/1.1 (+https://developers.facebook.com/docs/sharing/webmasters/crawler)"
2a03:2880:f800:17:: - - [18/Jul/2025:22:06:08 +0000] "GET /shopbrand/180916229 HTTP/1.1" 404 11695 "-" "meta-externalagent/1.1 (+https://developers.facebook.com/docs/sharing/webmasters/crawler)"
2a03:2880:f800:1:: - - [18/Jul/2025:22:06:13 +0000] "GET /shopbrand/193936324 HTTP/1.1" 404 11695 "-" "meta-externalagent/1.1 (+https://developers.facebook.com/docs/sharing/webmasters/crawler)"
2a03:2880:f800:8:: - - [18/Jul/2025:22:06:14 +0000] "GET /shopbrand/261565110 HTTP/1.1" 404 11695 "-" "meta-externalagent/1.1 (+https://developers.facebook.com/docs/sharing/webmasters/crawler)"
2a03:2880:f800:a:: - - [18/Jul/2025:22:06:19 +0000] "GET /shopbrand/193949274 HTTP/1.1" 404 11695 "-" "meta-externalagent/1.1 (+https://developers.facebook.com/docs/sharing/webmasters/crawler)"
2a03:2880:f800:8:: - - [18/Jul/2025:22:06:20 +0000] "GET /shopbrand/352119980 HTTP/1.1" 404 11695 "-" "meta-externalagent/1.1 (+https://developers.facebook.com/docs/sharing/webmasters/crawler)"
2a03:2880:f800:a:: - - [18/Jul/2025:22:06:20 +0000] "GET /shopbrand/193948002 HTTP/1.1" 404 11695 "-" "meta-externalagent/1.1 (+https://developers.facebook.com/docs/sharing/webmasters/crawler)"
2a03:2880:f800:19:: - - [18/Jul/2025:22:06:22 +0000] "GET /shopbrand/352114150 HTTP/1.1" 404 11695 "-" "meta-externalagent/1.1 (+https://developers.facebook.com/docs/sharing/webmasters/crawler)"
2a03:2880:f800:1a:: - - [18/Jul/2025:22:06:28 +0000] "GET /shopbrand/193957013 HTTP/1.1" 404 11695 "-" "meta-externalagent/1.1 (+https://developers.facebook.com/docs/sharing/webmasters/crawler)"
2a03:2880:f800:18:: - - [18/Jul/2025:22:06:30 +0000] "GET /shopbrand/180854979 HTTP/1.1" 404 11695 "-" "meta-externalagent/1.1 (+https://developers.facebook.com/docs/sharing/webmasters/crawler)"
2a03:2880:f800:1d:: - - [18/Jul/2025:22:06:30 +0000] "GET /shopbrand/180882462 HTTP/1.1" 404 11695 "-" "meta-externalagent/1.1 (+https://developers.facebook.com/docs/sharing/webmasters/crawler)"
2a03:2880:f800:5:: - - [18/Jul/2025:22:06:31 +0000] "GET /shopbrand/261545270 HTTP/1.1" 404 11695 "-" "meta-externalagent/1.1 (+https://developers.facebook.com/docs/sharing/webmasters/crawler)"
2a03:2880:f800:9:: - - [18/Jul/2025:22:06:31 +0000] "GET /shopbrand/88241814 HTTP/1.1" 404 11695 "-" "meta-externalagent/1.1 (+https://developers.facebook.com/docs/sharing/webmasters/crawler)"
2a03:2880:f800:13:: - - [18/Jul/2025:22:06:39 +0000] "GET /shopbrand/180832979 HTTP/1.1" 404 11695 "-" "meta-externalagent/1.1 (+https://developers.facebook.com/docs/sharing/webmasters/crawler)"
209.74.77.214 - - [18/Jul/2025:22:06:43 +0000] "POST /wp-cron.php?doing_wp_cron=1752876403.6497950553894042968750 HTTP/1.1" 403 33 "-" "WordPress/6.8.2; https://topflowroofingplumbing.com.au"
2a03:2880:f800:12:: - - [18/Jul/2025:22:06:43 +0000] "GET /shopbrand/261558583 HTTP/1.1" 404 11695 "-" "meta-externalagent/1.1 (+https://developers.facebook.com/docs/sharing/webmasters/crawler)"
2a03:2880:f800:14:: - - [18/Jul/2025:22:06:48 +0000] "GET /shopbrand/193913223 HTTP/1.1" 404 11695 "-" "meta-externalagent/1.1 (+https://developers.facebook.com/docs/sharing/webmasters/crawler)"
20.171.207.99 - - [18/Jul/2025:22:07:01 +0000] "GET /search.php?venture175038934.html HTTP/1.1" 200 88578 "-" "Mozilla/5.0 AppleWebKit/537.36 (KHTML, like Gecko; compatible; GPTBot/1.2; +https://openai.com/gptbot)"
66.249.73.96 - - [18/Jul/2025:22:07:07 +0000] "GET /016040868.htm HTTP/1.1" 200 85822 "-" "Mozilla/5.0 (Linux; Android 6.0.1; Nexus 5X Build/MMB29P) AppleWebKit/537.36 (KHTML, like Gecko) Chrome/137.0.7151.103 Mobile Safari/537.36 (compatible; Googlebot/2.1; +http://www.google.com/bot.html)"
2a03:2880:f800:13:: - - [18/Jul/2025:22:07:15 +0000] "GET /shopbrand/180816489 HTTP/1.1" 404 11695 "-" "meta-externalagent/1.1 (+https://developers.facebook.com/docs/sharing/webmasters/crawler)"
2a03:2880:f800:1:: - - [18/Jul/2025:22:07:18 +0000] "GET /shopbrand/352141706 HTTP/1.1" 404 11695 "-" "meta-externalagent/1.1 (+https://developers.facebook.com/docs/sharing/webmasters/crawler)"
2a03:2880:f800:1c:: - - [18/Jul/2025:22:07:22 +0000] "GET /shopbrand/180918097 HTTP/1.1" 404 11695 "-" "meta-externalagent/1.1 (+https://developers.facebook.com/docs/sharing/webmasters/crawler)"
2a03:2880:f800:18:: - - [18/Jul/2025:22:07:22 +0000] "GET /shopbrand/180916378 HTTP/1.1" 404 11695 "-" "meta-externalagent/1.1 (+https://developers.facebook.com/docs/sharing/webmasters/crawler)"
51.222.253.9 - - [18/Jul/2025:22:07:31 +0000] "GET /shopbrand/31534 HTTP/1.1" 404 11695 "-" "Mozilla/5.0 (compatible; AhrefsBot/7.0; +http://ahrefs.com/robot/)"
2a03:2880:f800:12:: - - [18/Jul/2025:22:07:38 +0000] "GET /shopbrand/193966038 HTTP/1.1" 404 11695 "-" "meta-externalagent/1.1 (+https://developers.facebook.com/docs/sharing/webmasters/crawler)"
2a03:2880:f800:1a:: - - [18/Jul/2025:22:07:39 +0000] "GET /shopbrand/88333374 HTTP/1.1" 404 11695 "-" "meta-externalagent/1.1 (+https://developers.facebook.com/docs/sharing/webmasters/crawler)"
66.249.73.96 - - [18/Jul/2025:22:07:56 +0000] "GET /170036720.htm HTTP/1.1" 200 85844 "-" "Mozilla/5.0 (Linux; Android 6.0.1; Nexus 5X Build/MMB29P) AppleWebKit/537.36 (KHTML, like Gecko) Chrome/137.0.7151.103 Mobile Safari/537.36 (compatible; Googlebot/2.1; +http://www.google.com/bot.html)"
209.74.77.214 - - [18/Jul/2025:22:08:01 +0000] "POST /wp-cron.php?doing_wp_cron=1752876480.9804270267486572265625 HTTP/1.1" 403 33 "-" "WordPress/6.8.2; https://topflowroofingplumbing.com.au"
2a03:2880:f800:e:: - - [18/Jul/2025:22:08:00 +0000] "GET /shopbrand/180877484 HTTP/1.1" 404 11695 "-" "meta-externalagent/1.1 (+https://developers.facebook.com/docs/sharing/webmasters/crawler)"
20.171.207.99 - - [18/Jul/2025:22:08:02 +0000] "GET /search.php?transfer175038924.html HTTP/1.1" 200 87614 "-" "Mozilla/5.0 AppleWebKit/537.36 (KHTML, like Gecko; compatible; GPTBot/1.2; +https://openai.com/gptbot)"
2a03:2880:f800:1:: - - [18/Jul/2025:22:08:32 +0000] "GET /shopbrand/193884610 HTTP/1.1" 404 11695 "-" "meta-externalagent/1.1 (+https://developers.facebook.com/docs/sharing/webmasters/crawler)"
20.171.207.99 - - [18/Jul/2025:22:09:05 +0000] "GET /search.php?items%2F091000772.html%3Fsrsltid=AfmBOompdAOOvuIhCMjJXqqEFxRTnIqz1Cqb1LS2NPt35YWlzDNX HTTP/1.1" 200 87667 "-" "Mozilla/5.0 AppleWebKit/537.36 (KHTML, like Gecko; compatible; GPTBot/1.2; +https://openai.com/gptbot)"
209.74.77.214 - - [18/Jul/2025:22:09:07 +0000] "POST /wp-cron.php?doing_wp_cron=1752876547.1662631034851074218750 HTTP/1.1" 403 33 "-" "WordPress/6.8.2; https://topflowroofingplumbing.com.au"
2a03:2880:f800:18:: - - [18/Jul/2025:22:09:06 +0000] "GET /shopbrand/180789271 HTTP/1.1" 404 11695 "-" "meta-externalagent/1.1 (+https://developers.facebook.com/docs/sharing/webmasters/crawler)"
2a03:2880:f800:7:: - - [18/Jul/2025:22:09:12 +0000] "GET /shopbrand/88322310 HTTP/1.1" 404 11695 "-" "meta-externalagent/1.1 (+https://developers.facebook.com/docs/sharing/webmasters/crawler)"
2a03:2880:f800:5:: - - [18/Jul/2025:22:09:13 +0000] "GET /shopbrand/180871042 HTTP/1.1" 404 11695 "-" "meta-externalagent/1.1 (+https://developers.facebook.com/docs/sharing/webmasters/crawler)"
2a03:2880:f800:11:: - - [18/Jul/2025:22:09:14 +0000] "GET /shopbrand/180890982 HTTP/1.1" 404 11695 "-" "meta-externalagent/1.1 (+https://developers.facebook.com/docs/sharing/webmasters/crawler)"
2a03:2880:f800:d:: - - [18/Jul/2025:22:09:22 +0000] "GET /shopbrand/180864515 HTTP/1.1" 404 11695 "-" "meta-externalagent/1.1 (+https://developers.facebook.com/docs/sharing/webmasters/crawler)"
2a03:2880:f800:12:: - - [18/Jul/2025:22:09:22 +0000] "GET /shopbrand/88309323 HTTP/1.1" 404 11695 "-" "meta-externalagent/1.1 (+https://developers.facebook.com/docs/sharing/webmasters/crawler)"
2a03:2880:f800:b:: - - [18/Jul/2025:22:09:28 +0000] "GET /shopbrand/88334226 HTTP/1.1" 404 11695 "-" "meta-externalagent/1.1 (+https://developers.facebook.com/docs/sharing/webmasters/crawler)"
2a03:2880:f800:d:: - - [18/Jul/2025:22:09:29 +0000] "GET /shopbrand/193864007 HTTP/1.1" 404 11695 "-" "meta-externalagent/1.1 (+https://developers.facebook.com/docs/sharing/webmasters/crawler)"
2a03:2880:f800:5:: - - [18/Jul/2025:22:09:30 +0000] "GET /shopbrand/180859601 HTTP/1.1" 404 11695 "-" "meta-externalagent/1.1 (+https://developers.facebook.com/docs/sharing/webmasters/crawler)"
2a03:2880:f800:1b:: - - [18/Jul/2025:22:09:32 +0000] "GET /shopbrand/88234842 HTTP/1.1" 404 11695 "-" "meta-externalagent/1.1 (+https://developers.facebook.com/docs/sharing/webmasters/crawler)"
2a03:2880:f800:f:: - - [18/Jul/2025:22:09:34 +0000] "GET /shopbrand/88270240 HTTP/1.1" 404 11695 "-" "meta-externalagent/1.1 (+https://developers.facebook.com/docs/sharing/webmasters/crawler)"
2a03:2880:f800:8:: - - [18/Jul/2025:22:09:36 +0000] "GET /shopbrand/88286830 HTTP/1.1" 404 11695 "-" "meta-externalagent/1.1 (+https://developers.facebook.com/docs/sharing/webmasters/crawler)"
2a03:2880:f800:d:: - - [18/Jul/2025:22:09:37 +0000] "GET /shopbrand/180845525 HTTP/1.1" 404 11695 "-" "meta-externalagent/1.1 (+https://developers.facebook.com/docs/sharing/webmasters/crawler)"
2a03:2880:f800:13:: - - [18/Jul/2025:22:09:40 +0000] "GET /shopbrand/352107160 HTTP/1.1" 404 11695 "-" "meta-externalagent/1.1 (+https://developers.facebook.com/docs/sharing/webmasters/crawler)"
2a03:2880:f800:2:: - - [18/Jul/2025:22:09:41 +0000] "GET /shopbrand/261463502 HTTP/1.1" 404 11695 "-" "meta-externalagent/1.1 (+https://developers.facebook.com/docs/sharing/webmasters/crawler)"
2a03:2880:f800:b:: - - [18/Jul/2025:22:09:42 +0000] "GET /shopbrand/352100633 HTTP/1.1" 404 11695 "-" "meta-externalagent/1.1 (+https://developers.facebook.com/docs/sharing/webmasters/crawler)"
66.249.73.96 - - [18/Jul/2025:22:09:45 +0000] "GET /026037846.htm HTTP/1.1" 200 85617 "-" "Mozilla/5.0 (Linux; Android 6.0.1; Nexus 5X Build/MMB29P) AppleWebKit/537.36 (KHTML, like Gecko) Chrome/137.0.7151.103 Mobile Safari/537.36 (compatible; Googlebot/2.1; +http://www.google.com/bot.html)"
2a03:2880:f800:19:: - - [18/Jul/2025:22:09:46 +0000] "GET /shopbrand/261510304 HTTP/1.1" 404 11695 "-" "meta-externalagent/1.1 (+https://developers.facebook.com/docs/sharing/webmasters/crawler)"
2a03:2880:f800:14:: - - [18/Jul/2025:22:09:46 +0000] "GET /shopbrand/88261142 HTTP/1.1" 404 11695 "-" "meta-externalagent/1.1 (+https://developers.facebook.com/docs/sharing/webmasters/crawler)"
2a03:2880:f800:9:: - - [18/Jul/2025:22:09:47 +0000] "GET /shopbrand/193896441 HTTP/1.1" 404 11695 "-" "meta-externalagent/1.1 (+https://developers.facebook.com/docs/sharing/webmasters/crawler)"
2a03:2880:f800:6:: - - [18/Jul/2025:22:09:49 +0000] "GET /shopbrand/88303749 HTTP/1.1" 404 11695 "-" "meta-externalagent/1.1 (+https://developers.facebook.com/docs/sharing/webmasters/crawler)"
2a03:2880:f800:1a:: - - [18/Jul/2025:22:09:52 +0000] "GET /shopbrand/352151413 HTTP/1.1" 404 11695 "-" "meta-externalagent/1.1 (+https://developers.facebook.com/docs/sharing/webmasters/crawler)"
2a03:2880:f800:10:: - - [18/Jul/2025:22:10:00 +0000] "GET /shopbrand/180847411 HTTP/1.1" 404 11695 "-" "meta-externalagent/1.1 (+https://developers.facebook.com/docs/sharing/webmasters/crawler)"
2a03:2880:f800:6:: - - [18/Jul/2025:22:10:01 +0000] "GET /shopbrand/180868030 HTTP/1.1" 404 11695 "-" "meta-externalagent/1.1 (+https://developers.facebook.com/docs/sharing/webmasters/crawler)"
2a03:2880:f800:7:: - - [18/Jul/2025:22:10:01 +0000] "GET /shopbrand/193931921 HTTP/1.1" 404 11695 "-" "meta-externalagent/1.1 (+https://developers.facebook.com/docs/sharing/webmasters/crawler)"
2a03:2880:f800:13:: - - [18/Jul/2025:22:10:03 +0000] "GET /shopbrand/88322632 HTTP/1.1" 404 11695 "-" "meta-externalagent/1.1 (+https://developers.facebook.com/docs/sharing/webmasters/crawler)"
209.74.77.214 - - [18/Jul/2025:22:10:09 +0000] "POST /wp-cron.php?doing_wp_cron=1752876609.2261500358581542968750 HTTP/1.1" 403 33 "-" "WordPress/6.8.2; https://topflowroofingplumbing.com.au"
2a03:2880:f800:2:: - - [18/Jul/2025:22:10:09 +0000] "GET /shopbrand/180820344 HTTP/1.1" 404 11695 "-" "meta-externalagent/1.1 (+https://developers.facebook.com/docs/sharing/webmasters/crawler)"
20.171.207.99 - - [18/Jul/2025:22:10:09 +0000] "GET /search.php?location189045266.html HTTP/1.1" 200 86956 "-" "Mozilla/5.0 AppleWebKit/537.36 (KHTML, like Gecko; compatible; GPTBot/1.2; +https://openai.com/gptbot)"
2a03:2880:f800:1b:: - - [18/Jul/2025:22:10:20 +0000] "GET /shopbrand/180891137 HTTP/1.1" 404 11695 "-" "meta-externalagent/1.1 (+https://developers.facebook.com/docs/sharing/webmasters/crawler)"
2a03:2880:f800:11:: - - [18/Jul/2025:22:10:22 +0000] "GET /shopbrand/180831874 HTTP/1.1" 404 11695 "-" "meta-externalagent/1.1 (+https://developers.facebook.com/docs/sharing/webmasters/crawler)"
2a03:2880:f800:13:: - - [18/Jul/2025:22:10:26 +0000] "GET /shopbrand/180876294 HTTP/1.1" 404 11695 "-" "meta-externalagent/1.1 (+https://developers.facebook.com/docs/sharing/webmasters/crawler)"
2a03:2880:f800:8:: - - [18/Jul/2025:22:10:26 +0000] "GET /shopbrand/261470373 HTTP/1.1" 404 11695 "-" "meta-externalagent/1.1 (+https://developers.facebook.com/docs/sharing/webmasters/crawler)"
2a03:2880:f800:13:: - - [18/Jul/2025:22:10:29 +0000] "GET /shopbrand/88272464 HTTP/1.1" 404 11695 "-" "meta-externalagent/1.1 (+https://developers.facebook.com/docs/sharing/webmasters/crawler)"
66.249.73.96 - - [18/Jul/2025:22:10:33 +0000] "GET /pcmypage?callback=product%2Fdetail%2Fkind-u-8006001698293 HTTP/1.1" 200 86339 "-" "Mozilla/5.0 (Linux; Android 6.0.1; Nexus 5X Build/MMB29P) AppleWebKit/537.36 (KHTML, like Gecko) Chrome/137.0.7151.103 Mobile Safari/537.36 (compatible; Googlebot/2.1; +http://www.google.com/bot.html)"
2a03:2880:f800:19:: - - [18/Jul/2025:22:10:44 +0000] "GET /shopbrand/352053411 HTTP/1.1" 404 11695 "-" "meta-externalagent/1.1 (+https://developers.facebook.com/docs/sharing/webmasters/crawler)"
2a03:2880:f800:e:: - - [18/Jul/2025:22:10:57 +0000] "GET /shopbrand/180813918 HTTP/1.1" 404 11695 "-" "meta-externalagent/1.1 (+https://developers.facebook.com/docs/sharing/webmasters/crawler)"
2a03:2880:f800:1c:: - - [18/Jul/2025:22:11:06 +0000] "GET /shopbrand/261541904 HTTP/1.1" 404 11695 "-" "meta-externalagent/1.1 (+https://developers.facebook.com/docs/sharing/webmasters/crawler)"
209.74.77.214 - - [18/Jul/2025:22:11:09 +0000] "POST /wp-cron.php?doing_wp_cron=1752876669.4610440731048583984375 HTTP/1.1" 403 33 "-" "WordPress/6.8.2; https://topflowroofingplumbing.com.au"
20.171.207.99 - - [18/Jul/2025:22:11:09 +0000] "GET /?_bd_prev_page=https%3A%2F%2Ftopflowroofingplumbing.com.au%2Fsuper.php%3Fitems%2F011032966.html%3Fsrsltid%3DAfmBOofywnHrUXukerTi9dq7YWCRBhaMBuHKxEuL2IArC30vIdgA&_bdsid=gj9gbu.n%7EXKZYM.173731041.175731817&_gz=2.190550713.194459015.171265578-867736498.163300847 HTTP/1.1" 301 - "-" "Mozilla/5.0 AppleWebKit/537.36 (KHTML, like Gecko; compatible; GPTBot/1.2; +https://openai.com/gptbot)"
20.171.207.99 - - [18/Jul/2025:22:11:10 +0000] "GET /?_bd_prev_page=https%3A%2F%2Ftopflowroofingplumbing.com.au%2Fsuper.php%3Fitems%2F011032966.html%3Fsrsltid%3DAfmBOofywnHrUXukerTi9dq7YWCRBhaMBuHKxEuL2IArC30vIdgA&_bdsid=gj9gbu.n~XKZYM.173731041.175731817&_gz=2.190550713.194459015.171265578-867736498.163300847 HTTP/1.1" 200 17678 "-" "Mozilla/5.0 AppleWebKit/537.36 (KHTML, like Gecko; compatible; GPTBot/1.2; +https://openai.com/gptbot)"
2a03:2880:f800:f:: - - [18/Jul/2025:22:11:16 +0000] "GET /shopbrand/180789694 HTTP/1.1" 404 11695 "-" "meta-externalagent/1.1 (+https://developers.facebook.com/docs/sharing/webmasters/crawler)"
66.249.73.96 - - [18/Jul/2025:22:11:20 +0000] "GET /shopbrand/1500912 HTTP/1.1" 200 86304 "-" "Mozilla/5.0 (Linux; Android 6.0.1; Nexus 5X Build/MMB29P) AppleWebKit/537.36 (KHTML, like Gecko) Chrome/137.0.7151.103 Mobile Safari/537.36 (compatible; Googlebot/2.1; +http://www.google.com/bot.html)"
2a03:2880:f800:d:: - - [18/Jul/2025:22:11:22 +0000] "GET /shopbrand/352151943 HTTP/1.1" 404 11695 "-" "meta-externalagent/1.1 (+https://developers.facebook.com/docs/sharing/webmasters/crawler)"
2a03:2880:f800:1c:: - - [18/Jul/2025:22:12:06 +0000] "GET /shopbrand/352140943 HTTP/1.1" 404 11695 "-" "meta-externalagent/1.1 (+https://developers.facebook.com/docs/sharing/webmasters/crawler)"
2a03:2880:f800:2:: - - [18/Jul/2025:22:12:08 +0000] "GET /shopbrand/88269815 HTTP/1.1" 404 11695 "-" "meta-externalagent/1.1 (+https://developers.facebook.com/docs/sharing/webmasters/crawler)"
2a03:2880:f800:14:: - - [18/Jul/2025:22:12:09 +0000] "GET /shopbrand/261501617 HTTP/1.1" 404 11695 "-" "meta-externalagent/1.1 (+https://developers.facebook.com/docs/sharing/webmasters/crawler)"
2a03:2880:f800:15:: - - [18/Jul/2025:22:12:10 +0000] "GET /shopbrand/180852581 HTTP/1.1" 404 11695 "-" "meta-externalagent/1.1 (+https://developers.facebook.com/docs/sharing/webmasters/crawler)"
209.74.77.214 - - [18/Jul/2025:22:12:10 +0000] "POST /wp-cron.php?doing_wp_cron=1752876730.3841118812561035156250 HTTP/1.1" 403 33 "-" "WordPress/6.8.2; https://topflowroofingplumbing.com.au"
2a03:2880:f800:f:: - - [18/Jul/2025:22:12:10 +0000] "GET /shopbrand/180910977 HTTP/1.1" 404 11695 "-" "meta-externalagent/1.1 (+https://developers.facebook.com/docs/sharing/webmasters/crawler)"
2a03:2880:f800:b:: - - [18/Jul/2025:22:12:10 +0000] "GET /shopbrand/180789593 HTTP/1.1" 404 11695 "-" "meta-externalagent/1.1 (+https://developers.facebook.com/docs/sharing/webmasters/crawler)"
20.171.207.99 - - [18/Jul/2025:22:12:11 +0000] "GET /search.php?occasion197045612.html HTTP/1.1" 200 87041 "-" "Mozilla/5.0 AppleWebKit/537.36 (KHTML, like Gecko; compatible; GPTBot/1.2; +https://openai.com/gptbot)"
2a03:2880:f800:10:: - - [18/Jul/2025:22:12:12 +0000] "GET /shopbrand/88240505 HTTP/1.1" 404 11695 "-" "meta-externalagent/1.1 (+https://developers.facebook.com/docs/sharing/webmasters/crawler)"
2a03:2880:f800:1a:: - - [18/Jul/2025:22:12:16 +0000] "GET /shopbrand/180840629 HTTP/1.1" 404 11695 "-" "meta-externalagent/1.1 (+https://developers.facebook.com/docs/sharing/webmasters/crawler)"
2a03:2880:f800:13:: - - [18/Jul/2025:22:12:16 +0000] "GET /shopbrand/261504115 HTTP/1.1" 404 11695 "-" "meta-externalagent/1.1 (+https://developers.facebook.com/docs/sharing/webmasters/crawler)"
51.222.253.4 - - [18/Jul/2025:22:12:17 +0000] "GET /shopbrand/33697179 HTTP/1.1" 404 11695 "-" "Mozilla/5.0 (compatible; AhrefsBot/7.0; +http://ahrefs.com/robot/)"
2a03:2880:f800:12:: - - [18/Jul/2025:22:12:21 +0000] "GET /shopbrand/352085790 HTTP/1.1" 404 11695 "-" "meta-externalagent/1.1 (+https://developers.facebook.com/docs/sharing/webmasters/crawler)"
2a03:2880:f800:5:: - - [18/Jul/2025:22:12:23 +0000] "GET /shopbrand/180912352 HTTP/1.1" 404 11695 "-" "meta-externalagent/1.1 (+https://developers.facebook.com/docs/sharing/webmasters/crawler)"
2a03:2880:f800:14:: - - [18/Jul/2025:22:12:25 +0000] "GET /shopbrand/180900162 HTTP/1.1" 404 11695 "-" "meta-externalagent/1.1 (+https://developers.facebook.com/docs/sharing/webmasters/crawler)"
2a03:2880:f800:13:: - - [18/Jul/2025:22:12:26 +0000] "GET /shopbrand/180917604 HTTP/1.1" 404 11695 "-" "meta-externalagent/1.1 (+https://developers.facebook.com/docs/sharing/webmasters/crawler)"
2a03:2880:f800:10:: - - [18/Jul/2025:22:12:29 +0000] "GET /shopbrand/180902135 HTTP/1.1" 404 11695 "-" "meta-externalagent/1.1 (+https://developers.facebook.com/docs/sharing/webmasters/crawler)"
2a03:2880:f800:16:: - - [18/Jul/2025:22:12:31 +0000] "GET /shopbrand/261567270 HTTP/1.1" 404 11695 "-" "meta-externalagent/1.1 (+https://developers.facebook.com/docs/sharing/webmasters/crawler)"
2a03:2880:f800:10:: - - [18/Jul/2025:22:12:38 +0000] "GET /shopbrand/193844745 HTTP/1.1" 404 11695 "-" "meta-externalagent/1.1 (+https://developers.facebook.com/docs/sharing/webmasters/crawler)"
2a03:2880:f800:: - - [18/Jul/2025:22:12:40 +0000] "GET /shopbrand/88357242 HTTP/1.1" 404 11695 "-" "meta-externalagent/1.1 (+https://developers.facebook.com/docs/sharing/webmasters/crawler)"
2a03:2880:f800:1a:: - - [18/Jul/2025:22:12:46 +0000] "GET /shopbrand/261506787 HTTP/1.1" 404 11695 "-" "meta-externalagent/1.1 (+https://developers.facebook.com/docs/sharing/webmasters/crawler)"
2a03:2880:f800:1:: - - [18/Jul/2025:22:12:49 +0000] "GET /shopbrand/352058389 HTTP/1.1" 404 11695 "-" "meta-externalagent/1.1 (+https://developers.facebook.com/docs/sharing/webmasters/crawler)"
66.249.73.97 - - [18/Jul/2025:22:12:51 +0000] "GET /008000680.htm HTTP/1.1" 200 86172 "-" "Mozilla/5.0 (Linux; Android 6.0.1; Nexus 5X Build/MMB29P) AppleWebKit/537.36 (KHTML, like Gecko) Chrome/137.0.7151.103 Mobile Safari/537.36 (compatible; Googlebot/2.1; +http://www.google.com/bot.html)"
20.171.207.99 - - [18/Jul/2025:22:13:11 +0000] "GET /search.php?mention157047896.html HTTP/1.1" 200 86566 "-" "Mozilla/5.0 AppleWebKit/537.36 (KHTML, like Gecko; compatible; GPTBot/1.2; +https://openai.com/gptbot)"
66.249.73.96 - - [18/Jul/2025:22:13:40 +0000] "GET /170036708.htm HTTP/1.1" 200 85841 "-" "Mozilla/5.0 (Linux; Android 6.0.1; Nexus 5X Build/MMB29P) AppleWebKit/537.36 (KHTML, like Gecko) Chrome/137.0.7151.103 Mobile Safari/537.36 (compatible; Googlebot/2.1; +http://www.google.com/bot.html)"
209.74.77.214 - - [18/Jul/2025:22:13:46 +0000] "POST /wp-cron.php?doing_wp_cron=1752876826.6757009029388427734375 HTTP/1.1" 403 33 "-" "WordPress/6.8.2; https://topflowroofingplumbing.com.au"
2a03:2880:f800:6:: - - [18/Jul/2025:22:13:46 +0000] "GET /shopbrand/180812372 HTTP/1.1" 404 11695 "-" "meta-externalagent/1.1 (+https://developers.facebook.com/docs/sharing/webmasters/crawler)"
2a03:2880:f800:10:: - - [18/Jul/2025:22:13:52 +0000] "GET /shopbrand/352130112 HTTP/1.1" 404 11695 "-" "meta-externalagent/1.1 (+https://developers.facebook.com/docs/sharing/webmasters/crawler)"
2a03:2880:f800:19:: - - [18/Jul/2025:22:13:56 +0000] "GET /shopbrand/261453543 HTTP/1.1" 404 11695 "-" "meta-externalagent/1.1 (+https://developers.facebook.com/docs/sharing/webmasters/crawler)"
2a03:2880:f800:4:: - - [18/Jul/2025:22:14:12 +0000] "GET /shopbrand/180892683 HTTP/1.1" 404 11695 "-" "meta-externalagent/1.1 (+https://developers.facebook.com/docs/sharing/webmasters/crawler)"
20.171.207.99 - - [18/Jul/2025:22:14:15 +0000] "GET /search.php?items%2F001000994.html%3Fsrsltid=AfmBOouigyuCqfvDAdzpgqMTOhnQogfyemESwC6UPHGg8UK6GqTX HTTP/1.1" 200 86820 "-" "Mozilla/5.0 AppleWebKit/537.36 (KHTML, like Gecko; compatible; GPTBot/1.2; +https://openai.com/gptbot)"
2a03:2880:f800:18:: - - [18/Jul/2025:22:14:24 +0000] "GET /shopbrand/88280815 HTTP/1.1" 404 11695 "-" "meta-externalagent/1.1 (+https://developers.facebook.com/docs/sharing/webmasters/crawler)"
2a03:2880:f800:12:: - - [18/Jul/2025:22:14:30 +0000] "GET /shopbrand/88257436 HTTP/1.1" 404 11695 "-" "meta-externalagent/1.1 (+https://developers.facebook.com/docs/sharing/webmasters/crawler)"
2a03:2880:f800:: - - [18/Jul/2025:22:14:34 +0000] "GET /shopbrand/261575057 HTTP/1.1" 404 11695 "-" "meta-externalagent/1.1 (+https://developers.facebook.com/docs/sharing/webmasters/crawler)"
2a03:2880:f800:1a:: - - [18/Jul/2025:22:14:51 +0000] "GET /shopbrand/88341008 HTTP/1.1" 404 11695 "-" "meta-externalagent/1.1 (+https://developers.facebook.com/docs/sharing/webmasters/crawler)"
209.74.77.214 - - [18/Jul/2025:22:14:51 +0000] "POST /wp-cron.php?doing_wp_cron=1752876891.0305860042572021484375 HTTP/1.1" 403 33 "-" "WordPress/6.8.2; https://topflowroofingplumbing.com.au"
2a03:2880:f800:b:: - - [18/Jul/2025:22:14:50 +0000] "GET /shopbrand/261440296 HTTP/1.1" 404 11695 "-" "meta-externalagent/1.1 (+https://developers.facebook.com/docs/sharing/webmasters/crawler)"
2a03:2880:f800:15:: - - [18/Jul/2025:22:14:51 +0000] "GET /shopbrand/180894992 HTTP/1.1" 404 11695 "-" "meta-externalagent/1.1 (+https://developers.facebook.com/docs/sharing/webmasters/crawler)"
2a03:2880:f800:1b:: - - [18/Jul/2025:22:14:52 +0000] "GET /shopbrand/193876197 HTTP/1.1" 404 11695 "-" "meta-externalagent/1.1 (+https://developers.facebook.com/docs/sharing/webmasters/crawler)"
2a03:2880:f800:13:: - - [18/Jul/2025:22:14:58 +0000] "GET /shopbrand/352157161 HTTP/1.1" 404 11695 "-" "meta-externalagent/1.1 (+https://developers.facebook.com/docs/sharing/webmasters/crawler)"
2a03:2880:f800:9:: - - [18/Jul/2025:22:14:58 +0000] "GET /shopbrand/352129943 HTTP/1.1" 404 11695 "-" "meta-externalagent/1.1 (+https://developers.facebook.com/docs/sharing/webmasters/crawler)"
2a03:2880:f800:16:: - - [18/Jul/2025:22:14:58 +0000] "GET /shopbrand/88311310 HTTP/1.1" 404 11695 "-" "meta-externalagent/1.1 (+https://developers.facebook.com/docs/sharing/webmasters/crawler)"
2a03:2880:f800:18:: - - [18/Jul/2025:22:15:03 +0000] "GET /shopbrand/180841307 HTTP/1.1" 404 11695 "-" "meta-externalagent/1.1 (+https://developers.facebook.com/docs/sharing/webmasters/crawler)"
66.249.73.96 - - [18/Jul/2025:22:15:06 +0000] "GET /154006200.htm HTTP/1.1" 200 86338 "-" "Mozilla/5.0 (Linux; Android 6.0.1; Nexus 5X Build/MMB29P) AppleWebKit/537.36 (KHTML, like Gecko) Chrome/137.0.7151.103 Mobile Safari/537.36 (compatible; Googlebot/2.1; +http://www.google.com/bot.html)"
2a03:2880:f800:1c:: - - [18/Jul/2025:22:15:13 +0000] "GET /shopbrand/352153473 HTTP/1.1" 404 11695 "-" "meta-externalagent/1.1 (+https://developers.facebook.com/docs/sharing/webmasters/crawler)"
