54.244.217.109 - - [19/Jul/2025:02:00:14 +0000] "GET / HTTP/1.1" 200 17489 "-" "Mozilla/5.0 (Macintosh; Intel Mac OS X 10_15_7) AppleWebKit/537.36 (KHTML, like Gecko) Chrome/134.0.0.0 Safari/537.36"
2a03:2880:f800:7:: - - [19/Jul/2025:02:00:15 +0000] "GET /shopbrand/67902622 HTTP/1.1" 404 11694 "-" "meta-externalagent/1.1 (+https://developers.facebook.com/docs/sharing/webmasters/crawler)"
20.171.207.99 - - [19/Jul/2025:02:00:18 +0000] "GET /search.php?scandal137048952.html HTTP/1.1" 200 88432 "-" "Mozilla/5.0 AppleWebKit/537.36 (KHTML, like Gecko; compatible; GPTBot/1.2; +https://openai.com/gptbot)"
209.74.77.214 - - [19/Jul/2025:02:00:23 +0000] "POST /wp-cron.php?doing_wp_cron=1752890423.4541900157928466796875 HTTP/1.1" 403 33 "-" "WordPress/6.8.2; https://topflowroofingplumbing.com.au"
54.244.217.109 - - [19/Jul/2025:02:00:22 +0000] "GET / HTTP/1.1" 200 17489 "-" "Mozilla/5.0 (Macintosh; Intel Mac OS X 10_15_7) AppleWebKit/537.36 (KHTML, like Gecko) Chrome/134.0.0.0 Safari/537.36"
66.249.73.97 - - [19/Jul/2025:02:00:25 +0000] "GET /pcmypage?callback=product%2Fdetail%2Fkaientai-tnob-5205333 HTTP/1.1" 200 86191 "-" "Mozilla/5.0 (Linux; Android 6.0.1; Nexus 5X Build/MMB29P) AppleWebKit/537.36 (KHTML, like Gecko) Chrome/137.0.7151.103 Mobile Safari/537.36 (compatible; Googlebot/2.1; +http://www.google.com/bot.html)"
173.208.153.154 - - [19/Jul/2025:02:00:34 +0000] "GET /wp-includes/wp-configs.php HTTP/1.1" 200 26 "https://topflowroofingplumbing.com.au/wp-includes/wp-configs.php" "Mozilla/5.0 (Macintosh; U; PPC Mac OS X; ja-jp) AppleWebKit/522.11.1 (KHTML, like Gecko) Version/3.0.3 Safari/522.12.1"
66.249.73.103 - - [19/Jul/2025:02:00:36 +0000] "GET /262021346.htm HTTP/1.1" 200 86147 "-" "Mozilla/5.0 (Linux; Android 6.0.1; Nexus 5X Build/MMB29P) AppleWebKit/537.36 (KHTML, like Gecko) Chrome/137.0.7151.103 Mobile Safari/537.36 (compatible; Googlebot/2.1; +http://www.google.com/bot.html)"
66.249.73.103 - - [19/Jul/2025:02:00:46 +0000] "GET /070036696.htm HTTP/1.1" 200 85563 "-" "Mozilla/5.0 (Linux; Android 6.0.1; Nexus 5X Build/MMB29P) AppleWebKit/537.36 (KHTML, like Gecko) Chrome/137.0.7151.103 Mobile Safari/537.36 (compatible; Googlebot/2.1; +http://www.google.com/bot.html)"
66.249.73.103 - - [19/Jul/2025:02:00:57 +0000] "GET /pcmypage?callback=product%2Fdetail%2Fomatsuri-life2-hb00p76fdm2 HTTP/1.1" 200 85844 "-" "Mozilla/5.0 (Linux; Android 6.0.1; Nexus 5X Build/MMB29P) AppleWebKit/537.36 (KHTML, like Gecko) Chrome/137.0.7151.103 Mobile Safari/537.36 (compatible; Googlebot/2.1; +http://www.google.com/bot.html)"
2a03:2880:f800:1d:: - - [19/Jul/2025:02:01:03 +0000] "GET /shopbrand/67964112 HTTP/1.1" 404 11694 "-" "meta-externalagent/1.1 (+https://developers.facebook.com/docs/sharing/webmasters/crawler)"
66.249.73.96 - - [19/Jul/2025:02:01:07 +0000] "GET /233040957.htm HTTP/1.1" 200 86033 "-" "Mozilla/5.0 (Linux; Android 6.0.1; Nexus 5X Build/MMB29P) AppleWebKit/537.36 (KHTML, like Gecko) Chrome/137.0.7151.103 Mobile Safari/537.36 (compatible; Googlebot/2.1; +http://www.google.com/bot.html)"
173.208.236.138 - - [19/Jul/2025:02:01:16 +0000] "GET / HTTP/1.1" 200 86192 "-" "Mozilla/5.0 (compatible; Googlebot/2.1; +http://www.google.com/bot.html)"
173.208.236.138 - - [19/Jul/2025:02:01:16 +0000] "GET /search?category=702&search_word= HTTP/1.1" 200 86492 "-" "Mozilla/5.0 (compatible; Googlebot/2.1; +http://www.google.com/bot.html)"
2a03:2880:f800:a:: - - [19/Jul/2025:02:01:17 +0000] "GET /shopbrand/68028034 HTTP/1.1" 404 11694 "-" "meta-externalagent/1.1 (+https://developers.facebook.com/docs/sharing/webmasters/crawler)"
66.249.73.96 - - [19/Jul/2025:02:01:18 +0000] "GET /032034086.htm HTTP/1.1" 200 85354 "-" "Mozilla/5.0 (Linux; Android 6.0.1; Nexus 5X Build/MMB29P) AppleWebKit/537.36 (KHTML, like Gecko) Chrome/137.0.7151.103 Mobile Safari/537.36 (compatible; Googlebot/2.1; +http://www.google.com/bot.html)"
20.171.207.99 - - [19/Jul/2025:02:01:20 +0000] "GET /search.php?product/edit/kys-tr-8560819 HTTP/1.1" 200 87039 "-" "Mozilla/5.0 AppleWebKit/537.36 (KHTML, like Gecko; compatible; GPTBot/1.2; +https://openai.com/gptbot)"
209.74.77.214 - - [19/Jul/2025:02:01:26 +0000] "POST /wp-cron.php?doing_wp_cron=1752890486.3483281135559082031250 HTTP/1.1" 403 33 "-" "WordPress/6.8.2; https://topflowroofingplumbing.com.au"
2a03:2880:f800:5:: - - [19/Jul/2025:02:01:26 +0000] "GET /shopbrand/347389069 HTTP/1.1" 404 11694 "-" "meta-externalagent/1.1 (+https://developers.facebook.com/docs/sharing/webmasters/crawler)"
2a03:2880:f800:7:: - - [19/Jul/2025:02:01:27 +0000] "GET /shopbrand/68020126 HTTP/1.1" 404 11694 "-" "meta-externalagent/1.1 (+https://developers.facebook.com/docs/sharing/webmasters/crawler)"
66.249.73.103 - - [19/Jul/2025:02:01:28 +0000] "GET /pcmypage?callback=/product%2Fdetail%2laplagekobe-c31887-us95-27 HTTP/1.1" 200 86002 "-" "Mozilla/5.0 (Linux; Android 6.0.1; Nexus 5X Build/MMB29P) AppleWebKit/537.36 (KHTML, like Gecko) Chrome/137.0.7151.103 Mobile Safari/537.36 (compatible; Googlebot/2.1; +http://www.google.com/bot.html)"
173.208.153.154 - - [19/Jul/2025:02:00:14 +0000] "GET /wp-includes/wp-configs.php HTTP/1.1" 200 - "https://topflowroofingplumbing.com.au/wp-includes/wp-configs.php" "Mozilla/5.0 (Windows NT 6.1; WOW64) AppleWebKit/535.7 (KHTML, like Gecko) Chrome/16.0.912.75 Safari/535.7"
2a03:2880:f800:1a:: - - [19/Jul/2025:02:01:46 +0000] "GET /shopbrand/67986961 HTTP/1.1" 404 11694 "-" "meta-externalagent/1.1 (+https://developers.facebook.com/docs/sharing/webmasters/crawler)"
66.249.73.103 - - [19/Jul/2025:02:01:49 +0000] "GET /pcmypage?callback=product/review/amitysun-70001105 HTTP/1.1" 200 86113 "-" "Mozilla/5.0 (Linux; Android 6.0.1; Nexus 5X Build/MMB29P) AppleWebKit/537.36 (KHTML, like Gecko) Chrome/137.0.7151.103 Mobile Safari/537.36 (compatible; Googlebot/2.1; +http://www.google.com/bot.html)"
2a03:2880:f800:3:: - - [19/Jul/2025:02:02:17 +0000] "GET /shopbrand/67906312 HTTP/1.1" 404 11694 "-" "meta-externalagent/1.1 (+https://developers.facebook.com/docs/sharing/webmasters/crawler)"
20.171.207.99 - - [19/Jul/2025:02:02:20 +0000] "GET /search.php?discount016024811.html HTTP/1.1" 200 86968 "-" "Mozilla/5.0 AppleWebKit/537.36 (KHTML, like Gecko; compatible; GPTBot/1.2; +https://openai.com/gptbot)"
2a03:2880:f800:d:: - - [19/Jul/2025:02:02:23 +0000] "GET /shopbrand/347453651 HTTP/1.1" 404 11694 "-" "meta-externalagent/1.1 (+https://developers.facebook.com/docs/sharing/webmasters/crawler)"
2a03:2880:f800:1:: - - [19/Jul/2025:02:02:26 +0000] "GET /shopbrand/67953742 HTTP/1.1" 404 11694 "-" "meta-externalagent/1.1 (+https://developers.facebook.com/docs/sharing/webmasters/crawler)"
66.249.73.97 - - [19/Jul/2025:02:02:28 +0000] "GET /pcmypage?callback=/product%2Fdetail%2omatsuri-life2-hb00p76fdm2 HTTP/1.1" 200 85683 "-" "Mozilla/5.0 (Linux; Android 6.0.1; Nexus 5X Build/MMB29P) AppleWebKit/537.36 (KHTML, like Gecko) Chrome/137.0.7151.103 Mobile Safari/537.36 (compatible; Googlebot/2.1; +http://www.google.com/bot.html)"
209.74.77.214 - - [19/Jul/2025:02:02:38 +0000] "POST /wp-cron.php?doing_wp_cron=1752890558.2279279232025146484375 HTTP/1.1" 403 33 "-" "WordPress/6.8.2; https://topflowroofingplumbing.com.au"
2a03:2880:f800:b:: - - [19/Jul/2025:02:02:38 +0000] "GET /shopbrand/67952011 HTTP/1.1" 404 11694 "-" "meta-externalagent/1.1 (+https://developers.facebook.com/docs/sharing/webmasters/crawler)"
66.249.73.103 - - [19/Jul/2025:02:02:39 +0000] "GET /133010161.htm HTTP/1.1" 200 85576 "-" "Mozilla/5.0 (Linux; Android 6.0.1; Nexus 5X Build/MMB29P) AppleWebKit/537.36 (KHTML, like Gecko) Chrome/137.0.7151.103 Mobile Safari/537.36 (compatible; Googlebot/2.1; +http://www.google.com/bot.html)"
2a03:2880:f800:1c:: - - [19/Jul/2025:02:02:51 +0000] "GET /shopbrand/347493175 HTTP/1.1" 404 11694 "-" "meta-externalagent/1.1 (+https://developers.facebook.com/docs/sharing/webmasters/crawler)"
66.249.73.103 - - [19/Jul/2025:02:02:52 +0000] "GET /pcmypage?callback=product/review/omatsuri-life2-hb00p76fdm2 HTTP/1.1" 200 85526 "-" "Mozilla/5.0 (Linux; Android 6.0.1; Nexus 5X Build/MMB29P) AppleWebKit/537.36 (KHTML, like Gecko) Chrome/137.0.7151.103 Mobile Safari/537.36 (compatible; Googlebot/2.1; +http://www.google.com/bot.html)"
66.249.73.96 - - [19/Jul/2025:02:03:13 +0000] "GET /pcmypage?callback=product%2Fdetail%2Flaplagekobe-c31887-us95-27 HTTP/1.1" 200 86298 "-" "Mozilla/5.0 (Linux; Android 6.0.1; Nexus 5X Build/MMB29P) AppleWebKit/537.36 (KHTML, like Gecko) Chrome/137.0.7151.103 Mobile Safari/537.36 (compatible; Googlebot/2.1; +http://www.google.com/bot.html)"
2a03:2880:f800:1:: - - [19/Jul/2025:02:03:18 +0000] "GET /shopbrand/67934313 HTTP/1.1" 404 11694 "-" "meta-externalagent/1.1 (+https://developers.facebook.com/docs/sharing/webmasters/crawler)"
20.171.207.99 - - [19/Jul/2025:02:03:20 +0000] "GET /search.php?precious197045634.html HTTP/1.1" 200 85832 "-" "Mozilla/5.0 AppleWebKit/537.36 (KHTML, like Gecko; compatible; GPTBot/1.2; +https://openai.com/gptbot)"
66.249.73.96 - - [19/Jul/2025:02:03:34 +0000] "GET /120002502.htm HTTP/1.1" 200 85715 "-" "Mozilla/5.0 (Linux; Android 6.0.1; Nexus 5X Build/MMB29P) AppleWebKit/537.36 (KHTML, like Gecko) Chrome/137.0.7151.103 Mobile Safari/537.36 (compatible; Googlebot/2.1; +http://www.google.com/bot.html)"
2a03:2880:f800:5:: - - [19/Jul/2025:02:03:37 +0000] "GET /shopbrand/347474169 HTTP/1.1" 404 11694 "-" "meta-externalagent/1.1 (+https://developers.facebook.com/docs/sharing/webmasters/crawler)"
209.74.77.214 - - [19/Jul/2025:02:03:38 +0000] "POST /wp-cron.php?doing_wp_cron=1752890618.3263859748840332031250 HTTP/1.1" 403 33 "-" "WordPress/6.8.2; https://topflowroofingplumbing.com.au"
2a03:2880:f800:12:: - - [19/Jul/2025:02:03:38 +0000] "GET /shopbrand/67961714 HTTP/1.1" 404 11694 "-" "meta-externalagent/1.1 (+https://developers.facebook.com/docs/sharing/webmasters/crawler)"
2a03:2880:f800:4:: - - [19/Jul/2025:02:03:46 +0000] "GET /shopbrand/347519030 HTTP/1.1" 404 11694 "-" "meta-externalagent/1.1 (+https://developers.facebook.com/docs/sharing/webmasters/crawler)"
66.249.73.103 - - [19/Jul/2025:02:03:55 +0000] "GET /004001156.htm HTTP/1.1" 200 85468 "-" "Mozilla/5.0 (Linux; Android 6.0.1; Nexus 5X Build/MMB29P) AppleWebKit/537.36 (KHTML, like Gecko) Chrome/137.0.7151.103 Mobile Safari/537.36 (compatible; Googlebot/2.1; +http://www.google.com/bot.html)"
66.249.73.96 - - [19/Jul/2025:02:04:16 +0000] "GET /080002360.htm HTTP/1.1" 200 87396 "-" "Mozilla/5.0 (Linux; Android 6.0.1; Nexus 5X Build/MMB29P) AppleWebKit/537.36 (KHTML, like Gecko) Chrome/137.0.7151.103 Mobile Safari/537.36 (compatible; Googlebot/2.1; +http://www.google.com/bot.html)"
2a03:2880:f800:9:: - - [19/Jul/2025:02:04:23 +0000] "GET /shopdetail/81668552 HTTP/1.1" 404 11694 "-" "meta-externalagent/1.1 (+https://developers.facebook.com/docs/sharing/webmasters/crawler)"
20.171.207.99 - - [19/Jul/2025:02:04:23 +0000] "GET /search.php?equation229023188.html HTTP/1.1" 200 87053 "-" "Mozilla/5.0 AppleWebKit/537.36 (KHTML, like Gecko; compatible; GPTBot/1.2; +https://openai.com/gptbot)"
66.249.73.103 - - [19/Jul/2025:02:04:37 +0000] "GET /052033064.htm HTTP/1.1" 200 85910 "-" "Mozilla/5.0 (Linux; Android 6.0.1; Nexus 5X Build/MMB29P) AppleWebKit/537.36 (KHTML, like Gecko) Chrome/137.0.7151.103 Mobile Safari/537.36 (compatible; Googlebot/2.1; +http://www.google.com/bot.html)"
209.74.77.214 - - [19/Jul/2025:02:04:55 +0000] "POST /wp-cron.php?doing_wp_cron=1752890695.5723400115966796875000 HTTP/1.1" 403 33 "-" "WordPress/6.8.2; https://topflowroofingplumbing.com.au"
2a03:2880:f800:4:: - - [19/Jul/2025:02:04:55 +0000] "GET /shopbrand/347393097 HTTP/1.1" 404 11694 "-" "meta-externalagent/1.1 (+https://developers.facebook.com/docs/sharing/webmasters/crawler)"
51.222.253.1 - - [19/Jul/2025:02:04:57 +0000] "GET /?sitemap278.xml HTTP/1.1" 200 33 "-" "Mozilla/5.0 (compatible; AhrefsBot/7.0; +http://ahrefs.com/robot/)"
66.249.73.103 - - [19/Jul/2025:02:04:58 +0000] "GET /pcmypage?callback=product%2Fdetail%2Fsugarlight-gr-e99narrq4j HTTP/1.1" 200 85585 "-" "Mozilla/5.0 (Linux; Android 6.0.1; Nexus 5X Build/MMB29P) AppleWebKit/537.36 (KHTML, like Gecko) Chrome/137.0.7151.103 Mobile Safari/537.36 (compatible; Googlebot/2.1; +http://www.google.com/bot.html)"
2a03:2880:f800:3:: - - [19/Jul/2025:02:05:00 +0000] "GET /shopbrand/67978055 HTTP/1.1" 404 11694 "-" "meta-externalagent/1.1 (+https://developers.facebook.com/docs/sharing/webmasters/crawler)"
2a03:2880:f800:5:: - - [19/Jul/2025:02:05:17 +0000] "GET /shopbrand/67907095 HTTP/1.1" 404 11694 "-" "meta-externalagent/1.1 (+https://developers.facebook.com/docs/sharing/webmasters/crawler)"
20.171.207.99 - - [19/Jul/2025:02:05:25 +0000] "GET /search.php?outdoor197045612.html HTTP/1.1" 200 88842 "-" "Mozilla/5.0 AppleWebKit/537.36 (KHTML, like Gecko; compatible; GPTBot/1.2; +https://openai.com/gptbot)"
66.249.73.96 - - [19/Jul/2025:02:05:38 +0000] "GET /pcmypage?callback=/product%2Fdetail%2palmsamerica-ay11zgrkyd HTTP/1.1" 200 86251 "-" "Mozilla/5.0 (Linux; Android 6.0.1; Nexus 5X Build/MMB29P) AppleWebKit/537.36 (KHTML, like Gecko) Chrome/137.0.7151.103 Mobile Safari/537.36 (compatible; Googlebot/2.1; +http://www.google.com/bot.html)"
66.249.73.103 - - [19/Jul/2025:02:05:48 +0000] "GET /067047141.htm HTTP/1.1" 200 86366 "-" "Mozilla/5.0 (Linux; Android 6.0.1; Nexus 5X Build/MMB29P) AppleWebKit/537.36 (KHTML, like Gecko) Chrome/137.0.7151.103 Mobile Safari/537.36 (compatible; Googlebot/2.1; +http://www.google.com/bot.html)"
209.74.77.214 - - [19/Jul/2025:02:05:56 +0000] "POST /wp-cron.php?doing_wp_cron=1752890756.2178280353546142578125 HTTP/1.1" 403 33 "-" "WordPress/6.8.2; https://topflowroofingplumbing.com.au"
2a03:2880:f800:1a:: - - [19/Jul/2025:02:05:55 +0000] "GET /shopbrand/67908470 HTTP/1.1" 404 11694 "-" "meta-externalagent/1.1 (+https://developers.facebook.com/docs/sharing/webmasters/crawler)"
66.249.73.97 - - [19/Jul/2025:02:06:01 +0000] "GET /119015247.htm HTTP/1.1" 200 86265 "-" "Mozilla/5.0 (Linux; Android 6.0.1; Nexus 5X Build/MMB29P) AppleWebKit/537.36 (KHTML, like Gecko) Chrome/137.0.7151.103 Mobile Safari/537.36 (compatible; Googlebot/2.1; +http://www.google.com/bot.html)"
2a03:2880:f800:3:: - - [19/Jul/2025:02:06:03 +0000] "GET /shopbrand/347398434 HTTP/1.1" 404 11694 "-" "meta-externalagent/1.1 (+https://developers.facebook.com/docs/sharing/webmasters/crawler)"
2a03:2880:f800:d:: - - [19/Jul/2025:02:06:17 +0000] "GET /shopbrand/67914574 HTTP/1.1" 404 11694 "-" "meta-externalagent/1.1 (+https://developers.facebook.com/docs/sharing/webmasters/crawler)"
20.171.207.99 - - [19/Jul/2025:02:06:28 +0000] "GET /search.php?m049000771%3Fsrsltid=AfmBOopiFdRjXKfnJQtUhf_lkubcwfjI7_3NunTAWv-H-dNJrMysnM HTTP/1.1" 200 86726 "-" "Mozilla/5.0 AppleWebKit/537.36 (KHTML, like Gecko; compatible; GPTBot/1.2; +https://openai.com/gptbot)"
66.249.73.103 - - [19/Jul/2025:02:06:32 +0000] "GET /pcmypage?callback=/product%2Fdetail%2pit-sports-kb-91 HTTP/1.1" 200 85995 "-" "Mozilla/5.0 (Linux; Android 6.0.1; Nexus 5X Build/MMB29P) AppleWebKit/537.36 (KHTML, like Gecko) Chrome/137.0.7151.103 Mobile Safari/537.36 (compatible; Googlebot/2.1; +http://www.google.com/bot.html)"
66.249.73.103 - - [19/Jul/2025:02:06:32 +0000] "GET /001025717.htm HTTP/1.1" 200 85742 "-" "Mozilla/5.0 (Linux; Android 6.0.1; Nexus 5X Build/MMB29P) AppleWebKit/537.36 (KHTML, like Gecko) Chrome/137.0.7151.103 Mobile Safari/537.36 (compatible; Googlebot/2.1; +http://www.google.com/bot.html)"
2a03:2880:f800:e:: - - [19/Jul/2025:02:06:33 +0000] "GET /shopbrand/68002791 HTTP/1.1" 404 11694 "-" "meta-externalagent/1.1 (+https://developers.facebook.com/docs/sharing/webmasters/crawler)"
2a03:2880:f800:14:: - - [19/Jul/2025:02:06:40 +0000] "GET /shopbrand/67992999 HTTP/1.1" 404 11694 "-" "meta-externalagent/1.1 (+https://developers.facebook.com/docs/sharing/webmasters/crawler)"
66.249.73.103 - - [19/Jul/2025:02:06:43 +0000] "GET /065000063.htm HTTP/1.1" 200 85597 "-" "Mozilla/5.0 (Linux; Android 6.0.1; Nexus 5X Build/MMB29P) AppleWebKit/537.36 (KHTML, like Gecko) Chrome/137.0.7151.103 Mobile Safari/537.36 (compatible; Googlebot/2.1; +http://www.google.com/bot.html)"
2a03:2880:f800:7:: - - [19/Jul/2025:02:06:45 +0000] "GET /shopbrand/347452799 HTTP/1.1" 404 11694 "-" "meta-externalagent/1.1 (+https://developers.facebook.com/docs/sharing/webmasters/crawler)"
2a03:2880:f800:11:: - - [19/Jul/2025:02:06:49 +0000] "GET /shopbrand/67925985 HTTP/1.1" 404 11694 "-" "meta-externalagent/1.1 (+https://developers.facebook.com/docs/sharing/webmasters/crawler)"
2a03:2880:f800:7:: - - [19/Jul/2025:02:06:54 +0000] "GET /shopbrand/67908899 HTTP/1.1" 404 11694 "-" "meta-externalagent/1.1 (+https://developers.facebook.com/docs/sharing/webmasters/crawler)"
66.249.73.103 - - [19/Jul/2025:02:07:04 +0000] "GET /pcmypage?callback=/product%2Fdetail%2occ-netshop-g1011-53-005 HTTP/1.1" 200 85572 "-" "Mozilla/5.0 (Linux; Android 6.0.1; Nexus 5X Build/MMB29P) AppleWebKit/537.36 (KHTML, like Gecko) Chrome/137.0.7151.103 Mobile Safari/537.36 (compatible; Googlebot/2.1; +http://www.google.com/bot.html)"
20.171.207.99 - - [19/Jul/2025:02:07:31 +0000] "GET /search.php?concert193042568.html HTTP/1.1" 200 86378 "-" "Mozilla/5.0 AppleWebKit/537.36 (KHTML, like Gecko; compatible; GPTBot/1.2; +https://openai.com/gptbot)"
209.74.77.214 - - [19/Jul/2025:02:07:40 +0000] "POST /wp-cron.php?doing_wp_cron=1752890859.9821081161499023437500 HTTP/1.1" 403 33 "-" "WordPress/6.8.2; https://topflowroofingplumbing.com.au"
2a03:2880:f800:15:: - - [19/Jul/2025:02:07:39 +0000] "GET /shopbrand/67906145 HTTP/1.1" 404 11694 "-" "meta-externalagent/1.1 (+https://developers.facebook.com/docs/sharing/webmasters/crawler)"
2a03:2880:f800:13:: - - [19/Jul/2025:02:07:46 +0000] "GET /shopbrand/67975895 HTTP/1.1" 404 11694 "-" "meta-externalagent/1.1 (+https://developers.facebook.com/docs/sharing/webmasters/crawler)"
66.249.73.97 - - [19/Jul/2025:02:08:02 +0000] "GET /pcmypage?callback=product/review/sugarlight-gr-e99narrq4j HTTP/1.1" 200 85859 "-" "Mozilla/5.0 (Linux; Android 6.0.1; Nexus 5X Build/MMB29P) AppleWebKit/537.36 (KHTML, like Gecko) Chrome/137.0.7151.103 Mobile Safari/537.36 (compatible; Googlebot/2.1; +http://www.google.com/bot.html)"
66.249.73.103 - - [19/Jul/2025:02:08:31 +0000] "GET /065001177.htm HTTP/1.1" 200 86285 "-" "Mozilla/5.0 (Linux; Android 6.0.1; Nexus 5X Build/MMB29P) AppleWebKit/537.36 (KHTML, like Gecko) Chrome/137.0.7151.103 Mobile Safari/537.36 (compatible; Googlebot/2.1; +http://www.google.com/bot.html)"
20.171.207.99 - - [19/Jul/2025:02:08:32 +0000] "GET /search.php?develop175038924.html HTTP/1.1" 200 88040 "-" "Mozilla/5.0 AppleWebKit/537.36 (KHTML, like Gecko; compatible; GPTBot/1.2; +https://openai.com/gptbot)"
209.74.77.214 - - [19/Jul/2025:02:08:42 +0000] "POST /wp-cron.php?doing_wp_cron=1752890922.2068140506744384765625 HTTP/1.1" 403 33 "-" "WordPress/6.8.2; https://topflowroofingplumbing.com.au"
2a03:2880:f800:c:: - - [19/Jul/2025:02:08:42 +0000] "GET /shopbrand/347427792 HTTP/1.1" 404 11694 "-" "meta-externalagent/1.1 (+https://developers.facebook.com/docs/sharing/webmasters/crawler)"
66.249.73.103 - - [19/Jul/2025:02:08:50 +0000] "GET /pcmypage?callback=product%2Fdetail%2Focc-netshop-g1011-53-005 HTTP/1.1" 200 86008 "-" "Mozilla/5.0 (Linux; Android 6.0.1; Nexus 5X Build/MMB29P) AppleWebKit/537.36 (KHTML, like Gecko) Chrome/137.0.7151.103 Mobile Safari/537.36 (compatible; Googlebot/2.1; +http://www.google.com/bot.html)"
2a03:2880:f800:10:: - - [19/Jul/2025:02:08:51 +0000] "GET /shopbrand/347415691 HTTP/1.1" 404 11694 "-" "meta-externalagent/1.1 (+https://developers.facebook.com/docs/sharing/webmasters/crawler)"
2a03:2880:f800:1:: - - [19/Jul/2025:02:08:58 +0000] "GET /shopbrand/347519797 HTTP/1.1" 404 11694 "-" "meta-externalagent/1.1 (+https://developers.facebook.com/docs/sharing/webmasters/crawler)"
66.249.73.97 - - [19/Jul/2025:02:09:13 +0000] "GET /pcmypage?callback=product/review/occ-netshop-g1011-53-005 HTTP/1.1" 200 86204 "-" "Mozilla/5.0 (Linux; Android 6.0.1; Nexus 5X Build/MMB29P) AppleWebKit/537.36 (KHTML, like Gecko) Chrome/137.0.7151.103 Mobile Safari/537.36 (compatible; Googlebot/2.1; +http://www.google.com/bot.html)"
2a03:2880:f800:14:: - - [19/Jul/2025:02:09:23 +0000] "GET /shopbrand/67904341 HTTP/1.1" 404 11694 "-" "meta-externalagent/1.1 (+https://developers.facebook.com/docs/sharing/webmasters/crawler)"
66.249.73.96 - - [19/Jul/2025:02:09:32 +0000] "GET /062049466.htm HTTP/1.1" 200 86494 "-" "Mozilla/5.0 (Linux; Android 6.0.1; Nexus 5X Build/MMB29P) AppleWebKit/537.36 (KHTML, like Gecko) Chrome/137.0.7151.103 Mobile Safari/537.36 (compatible; Googlebot/2.1; +http://www.google.com/bot.html)"
66.249.73.96 - - [19/Jul/2025:02:09:34 +0000] "GET /218018730.htm HTTP/1.1" 200 87075 "-" "Mozilla/5.0 (Linux; Android 6.0.1; Nexus 5X Build/MMB29P) AppleWebKit/537.36 (KHTML, like Gecko) Chrome/137.0.7151.103 Mobile Safari/537.36 (compatible; Googlebot/2.1; +http://www.google.com/bot.html)"
20.171.207.99 - - [19/Jul/2025:02:09:35 +0000] "GET /search.php?lawsuit193042566.html HTTP/1.1" 200 87873 "-" "Mozilla/5.0 AppleWebKit/537.36 (KHTML, like Gecko; compatible; GPTBot/1.2; +https://openai.com/gptbot)"
66.249.73.103 - - [19/Jul/2025:02:09:42 +0000] "GET /065001175.htm HTTP/1.1" 200 86174 "-" "Mozilla/5.0 (Linux; Android 6.0.1; Nexus 5X Build/MMB29P) AppleWebKit/537.36 (KHTML, like Gecko) Chrome/137.0.7151.103 Mobile Safari/537.36 (compatible; Googlebot/2.1; +http://www.google.com/bot.html)"
66.249.73.103 - - [19/Jul/2025:02:09:53 +0000] "GET /065001171.htm HTTP/1.1" 200 85734 "-" "Mozilla/5.0 (Linux; Android 6.0.1; Nexus 5X Build/MMB29P) AppleWebKit/537.36 (KHTML, like Gecko) Chrome/137.0.7151.103 Mobile Safari/537.36 (compatible; Googlebot/2.1; +http://www.google.com/bot.html)"
66.249.73.97 - - [19/Jul/2025:02:10:03 +0000] "GET /277046675.htm HTTP/1.1" 200 85741 "-" "Mozilla/5.0 (Linux; Android 6.0.1; Nexus 5X Build/MMB29P) AppleWebKit/537.36 (KHTML, like Gecko) Chrome/137.0.7151.103 Mobile Safari/537.36 (compatible; Googlebot/2.1; +http://www.google.com/bot.html)"
66.249.73.96 - - [19/Jul/2025:02:10:14 +0000] "GET /051000759.htm HTTP/1.1" 200 85829 "-" "Mozilla/5.0 (Linux; Android 6.0.1; Nexus 5X Build/MMB29P) AppleWebKit/537.36 (KHTML, like Gecko) Chrome/137.0.7151.103 Mobile Safari/537.36 (compatible; Googlebot/2.1; +http://www.google.com/bot.html)"
66.249.73.103 - - [19/Jul/2025:02:10:34 +0000] "GET /100030086.htm HTTP/1.1" 200 85660 "-" "Mozilla/5.0 (Linux; Android 6.0.1; Nexus 5X Build/MMB29P) AppleWebKit/537.36 (KHTML, like Gecko) Chrome/137.0.7151.103 Mobile Safari/537.36 (compatible; Googlebot/2.1; +http://www.google.com/bot.html)"
66.249.73.103 - - [19/Jul/2025:02:10:34 +0000] "GET /002000272.htm HTTP/1.1" 200 86520 "-" "Mozilla/5.0 (Linux; Android 6.0.1; Nexus 5X Build/MMB29P) AppleWebKit/537.36 (KHTML, like Gecko) Chrome/137.0.7151.103 Mobile Safari/537.36 (compatible; Googlebot/2.1; +http://www.google.com/bot.html)"
66.249.73.103 - - [19/Jul/2025:02:10:38 +0000] "GET /pcmypage?callback=product/review/iryosyoku-alpharice-shiro50 HTTP/1.1" 200 85677 "-" "Mozilla/5.0 (Linux; Android 6.0.1; Nexus 5X Build/MMB29P) AppleWebKit/537.36 (KHTML, like Gecko) Chrome/137.0.7151.103 Mobile Safari/537.36 (compatible; Googlebot/2.1; +http://www.google.com/bot.html)"
20.171.207.99 - - [19/Jul/2025:02:10:40 +0000] "GET /search.php?scandal137048952.html HTTP/1.1" 200 88508 "-" "Mozilla/5.0 AppleWebKit/537.36 (KHTML, like Gecko; compatible; GPTBot/1.2; +https://openai.com/gptbot)"
66.249.73.96 - - [19/Jul/2025:02:10:55 +0000] "GET /057001251.htm HTTP/1.1" 200 86177 "-" "Mozilla/5.0 (Linux; Android 6.0.1; Nexus 5X Build/MMB29P) AppleWebKit/537.36 (KHTML, like Gecko) Chrome/137.0.7151.103 Mobile Safari/537.36 (compatible; Googlebot/2.1; +http://www.google.com/bot.html)"
66.249.73.97 - - [19/Jul/2025:02:11:16 +0000] "GET /025000371.htm HTTP/1.1" 200 86238 "-" "Mozilla/5.0 (Linux; Android 6.0.1; Nexus 5X Build/MMB29P) AppleWebKit/537.36 (KHTML, like Gecko) Chrome/137.0.7151.103 Mobile Safari/537.36 (compatible; Googlebot/2.1; +http://www.google.com/bot.html)"
66.249.73.103 - - [19/Jul/2025:02:11:19 +0000] "GET /051000611.htm HTTP/1.1" 200 86507 "-" "Mozilla/5.0 (Linux; Android 6.0.1; Nexus 5X Build/MMB29P) AppleWebKit/537.36 (KHTML, like Gecko) Chrome/137.0.7151.103 Mobile Safari/537.36 (compatible; Googlebot/2.1; +http://www.google.com/bot.html)"
66.249.73.103 - - [19/Jul/2025:02:11:37 +0000] "GET /pcmypage?callback=product%2Fdetail%2Fauc-ulmax-4971710319804_36 HTTP/1.1" 200 85995 "-" "Mozilla/5.0 (Linux; Android 6.0.1; Nexus 5X Build/MMB29P) AppleWebKit/537.36 (KHTML, like Gecko) Chrome/137.0.7151.103 Mobile Safari/537.36 (compatible; Googlebot/2.1; +http://www.google.com/bot.html)"
20.171.207.99 - - [19/Jul/2025:02:11:45 +0000] "GET /search.php?problem193042568.html HTTP/1.1" 200 87605 "-" "Mozilla/5.0 AppleWebKit/537.36 (KHTML, like Gecko; compatible; GPTBot/1.2; +https://openai.com/gptbot)"
66.249.73.103 - - [19/Jul/2025:02:11:54 +0000] "GET /044039100.htm HTTP/1.1" 200 85580 "-" "Mozilla/5.0 (Linux; Android 6.0.1; Nexus 5X Build/MMB29P) AppleWebKit/537.36 (KHTML, like Gecko) Chrome/137.0.7151.103 Mobile Safari/537.36 (compatible; Googlebot/2.1; +http://www.google.com/bot.html)"
209.74.77.214 - - [19/Jul/2025:02:12:12 +0000] "POST /wp-cron.php?doing_wp_cron=1752891132.0561590194702148437500 HTTP/1.1" 403 33 "-" "WordPress/6.8.2; https://topflowroofingplumbing.com.au"
2a03:2880:f800:a:: - - [19/Jul/2025:02:12:11 +0000] "GET /shopbrand/347513015 HTTP/1.1" 404 11694 "-" "meta-externalagent/1.1 (+https://developers.facebook.com/docs/sharing/webmasters/crawler)"
66.249.73.103 - - [19/Jul/2025:02:12:17 +0000] "GET /081034303.htm HTTP/1.1" 200 86039 "-" "Mozilla/5.0 (Linux; Android 6.0.1; Nexus 5X Build/MMB29P) AppleWebKit/537.36 (KHTML, like Gecko) Chrome/137.0.7151.103 Mobile Safari/537.36 (compatible; Googlebot/2.1; +http://www.google.com/bot.html)"
2a03:2880:f800:f:: - - [19/Jul/2025:02:12:24 +0000] "GET /shopbrand/347448666 HTTP/1.1" 404 11694 "-" "meta-externalagent/1.1 (+https://developers.facebook.com/docs/sharing/webmasters/crawler)"
66.249.73.103 - - [19/Jul/2025:02:12:41 +0000] "GET /237042911.htm HTTP/1.1" 200 86911 "-" "Mozilla/5.0 (Linux; Android 6.0.1; Nexus 5X Build/MMB29P) AppleWebKit/537.36 (KHTML, like Gecko) Chrome/137.0.7151.103 Mobile Safari/537.36 (compatible; Googlebot/2.1; +http://www.google.com/bot.html)"
2a03:2880:f800:c:: - - [19/Jul/2025:02:12:41 +0000] "GET /shopbrand/347504598 HTTP/1.1" 404 11694 "-" "meta-externalagent/1.1 (+https://developers.facebook.com/docs/sharing/webmasters/crawler)"
51.222.253.12 - - [19/Jul/2025:02:12:46 +0000] "GET /?sitemap975.xml HTTP/1.1" 200 33 "-" "Mozilla/5.0 (compatible; AhrefsBot/7.0; +http://ahrefs.com/robot/)"
20.171.207.99 - - [19/Jul/2025:02:12:51 +0000] "GET /search.php?enormous193042572.html HTTP/1.1" 200 87226 "-" "Mozilla/5.0 AppleWebKit/537.36 (KHTML, like Gecko; compatible; GPTBot/1.2; +https://openai.com/gptbot)"
66.249.73.96 - - [19/Jul/2025:02:13:00 +0000] "GET /209038089.htm HTTP/1.1" 200 86771 "-" "Mozilla/5.0 (Linux; Android 6.0.1; Nexus 5X Build/MMB29P) AppleWebKit/537.36 (KHTML, like Gecko) Chrome/137.0.7151.103 Mobile Safari/537.36 (compatible; Googlebot/2.1; +http://www.google.com/bot.html)"
66.249.73.103 - - [19/Jul/2025:02:13:01 +0000] "GET /095033913.htm HTTP/1.1" 200 85663 "-" "Mozilla/5.0 (Linux; Android 6.0.1; Nexus 5X Build/MMB29P) AppleWebKit/537.36 (KHTML, like Gecko) Chrome/137.0.7151.103 Mobile Safari/537.36 (compatible; Googlebot/2.1; +http://www.google.com/bot.html)"
66.249.73.103 - - [19/Jul/2025:02:13:01 +0000] "GET /096001172.htm HTTP/1.1" 200 87252 "-" "Mozilla/5.0 (Linux; Android 6.0.1; Nexus 5X Build/MMB29P) AppleWebKit/537.36 (KHTML, like Gecko) Chrome/137.0.7151.103 Mobile Safari/537.36 (compatible; Googlebot/2.1; +http://www.google.com/bot.html)"
20.171.207.99 - - [19/Jul/2025:02:13:55 +0000] "GET /search.php?discount016024811.html HTTP/1.1" 200 87523 "-" "Mozilla/5.0 AppleWebKit/537.36 (KHTML, like Gecko; compatible; GPTBot/1.2; +https://openai.com/gptbot)"
66.249.73.96 - - [19/Jul/2025:02:13:57 +0000] "GET /185011425.htm HTTP/1.1" 200 85815 "-" "Mozilla/5.0 (Linux; Android 6.0.1; Nexus 5X Build/MMB29P) AppleWebKit/537.36 (KHTML, like Gecko) Chrome/137.0.7151.103 Mobile Safari/537.36 (compatible; Googlebot/2.1; +http://www.google.com/bot.html)"
66.249.73.103 - - [19/Jul/2025:02:13:58 +0000] "GET /025000661.htm HTTP/1.1" 200 86240 "-" "Mozilla/5.0 (Linux; Android 6.0.1; Nexus 5X Build/MMB29P) AppleWebKit/537.36 (KHTML, like Gecko) Chrome/137.0.7151.103 Mobile Safari/537.36 (compatible; Googlebot/2.1; +http://www.google.com/bot.html)"
66.249.73.97 - - [19/Jul/2025:02:14:11 +0000] "GET /051000499.htm HTTP/1.1" 200 87134 "-" "Mozilla/5.0 (Linux; Android 6.0.1; Nexus 5X Build/MMB29P) AppleWebKit/537.36 (KHTML, like Gecko) Chrome/137.0.7151.103 Mobile Safari/537.36 (compatible; Googlebot/2.1; +http://www.google.com/bot.html)"
20.171.207.99 - - [19/Jul/2025:02:14:56 +0000] "GET /search.php?items%2F234026417.html%3Fsrsltid=AfmBOoyusJRDohJWTVXz4nF5IVKNMLSJNRn7RR9b01RmzzxNxxwp HTTP/1.1" 200 86783 "-" "Mozilla/5.0 AppleWebKit/537.36 (KHTML, like Gecko; compatible; GPTBot/1.2; +https://openai.com/gptbot)"
66.249.73.96 - - [19/Jul/2025:02:14:59 +0000] "GET /2022/05/page/3/ HTTP/1.1" 200 87012 "-" "Mozilla/5.0 (Linux; Android 6.0.1; Nexus 5X Build/MMB29P) AppleWebKit/537.36 (KHTML, like Gecko) Chrome/137.0.7151.103 Mobile Safari/537.36 (compatible; Googlebot/2.1; +http://www.google.com/bot.html)"
66.249.73.96 - - [19/Jul/2025:02:15:00 +0000] "GET /002001446.htm HTTP/1.1" 200 85294 "-" "Mozilla/5.0 (Linux; Android 6.0.1; Nexus 5X Build/MMB29P) AppleWebKit/537.36 (KHTML, like Gecko) Chrome/137.0.7151.103 Mobile Safari/537.36 (compatible; Googlebot/2.1; +http://www.google.com/bot.html)"
66.249.73.103 - - [19/Jul/2025:02:15:10 +0000] "GET /065001173.htm HTTP/1.1" 200 86050 "-" "Mozilla/5.0 (Linux; Android 6.0.1; Nexus 5X Build/MMB29P) AppleWebKit/537.36 (KHTML, like Gecko) Chrome/137.0.7151.103 Mobile Safari/537.36 (compatible; Googlebot/2.1; +http://www.google.com/bot.html)"
20.171.207.99 - - [19/Jul/2025:02:15:58 +0000] "GET /search.php?network183015970.html HTTP/1.1" 200 86422 "-" "Mozilla/5.0 AppleWebKit/537.36 (KHTML, like Gecko; compatible; GPTBot/1.2; +https://openai.com/gptbot)"
66.249.73.96 - - [19/Jul/2025:02:16:16 +0000] "GET /pcmypage?callback=/product%2Fdetail%2ragtag-2032923g0020 HTTP/1.1" 200 85520 "-" "Mozilla/5.0 (Linux; Android 6.0.1; Nexus 5X Build/MMB29P) AppleWebKit/537.36 (KHTML, like Gecko) Chrome/137.0.7151.103 Mobile Safari/537.36 (compatible; Googlebot/2.1; +http://www.google.com/bot.html)"
66.249.73.103 - - [19/Jul/2025:02:16:16 +0000] "GET /281032085.htm HTTP/1.1" 200 86966 "-" "Mozilla/5.0 (Linux; Android 6.0.1; Nexus 5X Build/MMB29P) AppleWebKit/537.36 (KHTML, like Gecko) Chrome/137.0.7151.103 Mobile Safari/537.36 (compatible; Googlebot/2.1; +http://www.google.com/bot.html)"
66.249.73.96 - - [19/Jul/2025:02:16:35 +0000] "GET /114016756.htm HTTP/1.1" 200 86043 "-" "Mozilla/5.0 (Linux; Android 6.0.1; Nexus 5X Build/MMB29P) AppleWebKit/537.36 (KHTML, like Gecko) Chrome/137.0.7151.103 Mobile Safari/537.36 (compatible; Googlebot/2.1; +http://www.google.com/bot.html)"
66.249.73.103 - - [19/Jul/2025:02:16:35 +0000] "GET /092016114.htm HTTP/1.1" 200 86074 "-" "Mozilla/5.0 (Linux; Android 6.0.1; Nexus 5X Build/MMB29P) AppleWebKit/537.36 (KHTML, like Gecko) Chrome/137.0.7151.103 Mobile Safari/537.36 (compatible; Googlebot/2.1; +http://www.google.com/bot.html)"
66.249.73.103 - - [19/Jul/2025:02:16:58 +0000] "GET /pcmypage?callback=/product%2Fdetail%2Auc-ulmax-4971710319804_36 HTTP/1.1" 200 85618 "-" "Mozilla/5.0 (Linux; Android 6.0.1; Nexus 5X Build/MMB29P) AppleWebKit/537.36 (KHTML, like Gecko) Chrome/137.0.7151.103 Mobile Safari/537.36 (compatible; Googlebot/2.1; +http://www.google.com/bot.html)"
20.171.207.99 - - [19/Jul/2025:02:17:00 +0000] "GET /search.php?tourist197045620.html HTTP/1.1" 200 86821 "-" "Mozilla/5.0 AppleWebKit/537.36 (KHTML, like Gecko; compatible; GPTBot/1.2; +https://openai.com/gptbot)"
66.249.73.103 - - [19/Jul/2025:02:17:45 +0000] "GET /pcmypage?callback=product%2Fdetail%2Ffirst34-ygn-1224-05980 HTTP/1.1" 200 87803 "-" "Mozilla/5.0 (Linux; Android 6.0.1; Nexus 5X Build/MMB29P) AppleWebKit/537.36 (KHTML, like Gecko) Chrome/137.0.7151.103 Mobile Safari/537.36 (compatible; Googlebot/2.1; +http://www.google.com/bot.html)"
66.249.73.103 - - [19/Jul/2025:02:17:56 +0000] "GET /pcmypage?callback=/product%2Fdetail%2First34-ygn-1224-05980 HTTP/1.1" 200 85585 "-" "Mozilla/5.0 (Linux; Android 6.0.1; Nexus 5X Build/MMB29P) AppleWebKit/537.36 (KHTML, like Gecko) Chrome/137.0.7151.103 Mobile Safari/537.36 (compatible; Googlebot/2.1; +http://www.google.com/bot.html)"
103.84.88.143 - - [19/Jul/2025:02:18:03 +0000] "GET /wp-includes/index.php?path=/home/kelaby89/gardenify.com.au HTTP/1.1" 200 3631 "-" "Mozilla/5.0 (Windows NT 10.0; Win64; x64) AppleWebKit/537.36 (KHTML, like Gecko) Chrome/109.0.0.0 Safari/537.36"
103.84.88.143 - - [19/Jul/2025:02:18:03 +0000] "GET /wp-includes/index.php?path=/home/kelaby89/sainature.group HTTP/1.1" 200 2888 "-" "Mozilla/5.0 (Windows NT 10.0; Win64; x64) AppleWebKit/537.36 (KHTML, like Gecko) Chrome/109.0.0.0 Safari/537.36"
103.84.88.143 - - [19/Jul/2025:02:18:03 +0000] "GET /wp-includes/index.php?path=/home/kelaby89/akaventures.com.au HTTP/1.1" 200 3558 "-" "Mozilla/5.0 (Windows NT 10.0; Win64; x64) AppleWebKit/537.36 (KHTML, like Gecko) Chrome/109.0.0.0 Safari/537.36"
20.171.207.99 - - [19/Jul/2025:02:18:04 +0000] "GET /search.php?visitor179046032.html HTTP/1.1" 200 87214 "-" "Mozilla/5.0 AppleWebKit/537.36 (KHTML, like Gecko; compatible; GPTBot/1.2; +https://openai.com/gptbot)"
66.249.73.103 - - [19/Jul/2025:02:18:06 +0000] "GET /059001649.htm HTTP/1.1" 200 86281 "-" "Mozilla/5.0 (Linux; Android 6.0.1; Nexus 5X Build/MMB29P) AppleWebKit/537.36 (KHTML, like Gecko) Chrome/137.0.7151.103 Mobile Safari/537.36 (compatible; Googlebot/2.1; +http://www.google.com/bot.html)"
103.84.88.143 - - [19/Jul/2025:02:18:11 +0000] "POST /wp-includes/index.php?option&path=/home/kelaby89/sainature.group HTTP/1.1" 200 2899 "https://topflowroofingplumbing.com.au/wp-includes/index.php?path=/home/kelaby89/sainature.group" "Mozilla/5.0 (Windows NT 10.0; Win64; x64) AppleWebKit/537.36 (KHTML, like Gecko) Chrome/109.0.0.0 Safari/537.36"
103.84.88.143 - - [19/Jul/2025:02:18:11 +0000] "GET /wp-includes/index.php?path=/home/kelaby89/sainature.group HTTP/1.1" 200 2856 "https://topflowroofingplumbing.com.au/wp-includes/index.php?option&path=/home/kelaby89/sainature.group" "Mozilla/5.0 (Windows NT 10.0; Win64; x64) AppleWebKit/537.36 (KHTML, like Gecko) Chrome/109.0.0.0 Safari/537.36"
103.84.88.143 - - [19/Jul/2025:02:18:17 +0000] "POST /wp-includes/index.php?option&path=/home/kelaby89/gardenify.com.au HTTP/1.1" 200 3610 "https://topflowroofingplumbing.com.au/wp-includes/index.php?path=/home/kelaby89/gardenify.com.au" "Mozilla/5.0 (Windows NT 10.0; Win64; x64) AppleWebKit/537.36 (KHTML, like Gecko) Chrome/109.0.0.0 Safari/537.36"
103.84.88.143 - - [19/Jul/2025:02:18:17 +0000] "GET /wp-includes/index.php?path=/home/kelaby89/gardenify.com.au HTTP/1.1" 200 3565 "https://topflowroofingplumbing.com.au/wp-includes/index.php?option&path=/home/kelaby89/gardenify.com.au" "Mozilla/5.0 (Windows NT 10.0; Win64; x64) AppleWebKit/537.36 (KHTML, like Gecko) Chrome/109.0.0.0 Safari/537.36"
103.84.88.143 - - [19/Jul/2025:02:18:22 +0000] "POST /wp-includes/index.php?option&path=/home/kelaby89/akaventures.com.au HTTP/1.1" 200 3538 "https://topflowroofingplumbing.com.au/wp-includes/index.php?path=/home/kelaby89/akaventures.com.au" "Mozilla/5.0 (Windows NT 10.0; Win64; x64) AppleWebKit/537.36 (KHTML, like Gecko) Chrome/109.0.0.0 Safari/537.36"
103.84.88.143 - - [19/Jul/2025:02:18:22 +0000] "GET /wp-includes/index.php?path=/home/kelaby89/akaventures.com.au HTTP/1.1" 200 3496 "https://topflowroofingplumbing.com.au/wp-includes/index.php?option&path=/home/kelaby89/akaventures.com.au" "Mozilla/5.0 (Windows NT 10.0; Win64; x64) AppleWebKit/537.36 (KHTML, like Gecko) Chrome/109.0.0.0 Safari/537.36"
103.84.88.143 - - [19/Jul/2025:02:18:32 +0000] "POST /wp-includes/index.php?path=/home/kelaby89/sainature.group HTTP/1.1" 200 2092 "https://topflowroofingplumbing.com.au/wp-includes/index.php?path=/home/kelaby89/sainature.group" "Mozilla/5.0 (Windows NT 10.0; Win64; x64) AppleWebKit/537.36 (KHTML, like Gecko) Chrome/109.0.0.0 Safari/537.36"
103.84.88.143 - - [19/Jul/2025:02:18:32 +0000] "GET /wp-includes/index.php?path=/home/kelaby89/sainature.group HTTP/1.1" 200 2891 "https://topflowroofingplumbing.com.au/wp-includes/index.php?path=/home/kelaby89/sainature.group" "Mozilla/5.0 (Windows NT 10.0; Win64; x64) AppleWebKit/537.36 (KHTML, like Gecko) Chrome/109.0.0.0 Safari/537.36"
66.249.73.103 - - [19/Jul/2025:02:18:35 +0000] "GET /059001639.htm HTTP/1.1" 200 86184 "-" "Mozilla/5.0 (Linux; Android 6.0.1; Nexus 5X Build/MMB29P) AppleWebKit/537.36 (KHTML, like Gecko) Chrome/137.0.7151.103 Mobile Safari/537.36 (compatible; Googlebot/2.1; +http://www.google.com/bot.html)"
103.84.88.143 - - [19/Jul/2025:02:18:37 +0000] "POST /wp-includes/index.php?path=/home/kelaby89/gardenify.com.au HTTP/1.1" 200 2094 "https://topflowroofingplumbing.com.au/wp-includes/index.php?path=/home/kelaby89/gardenify.com.au" "Mozilla/5.0 (Windows NT 10.0; Win64; x64) AppleWebKit/537.36 (KHTML, like Gecko) Chrome/109.0.0.0 Safari/537.36"
103.84.88.143 - - [19/Jul/2025:02:18:37 +0000] "GET /wp-includes/index.php?path=/home/kelaby89/gardenify.com.au HTTP/1.1" 200 3631 "https://topflowroofingplumbing.com.au/wp-includes/index.php?path=/home/kelaby89/gardenify.com.au" "Mozilla/5.0 (Windows NT 10.0; Win64; x64) AppleWebKit/537.36 (KHTML, like Gecko) Chrome/109.0.0.0 Safari/537.36"
103.84.88.143 - - [19/Jul/2025:02:18:44 +0000] "POST /wp-includes/index.php?path=/home/kelaby89/akaventures.com.au HTTP/1.1" 200 2095 "https://topflowroofingplumbing.com.au/wp-includes/index.php?path=/home/kelaby89/akaventures.com.au" "Mozilla/5.0 (Windows NT 10.0; Win64; x64) AppleWebKit/537.36 (KHTML, like Gecko) Chrome/109.0.0.0 Safari/537.36"
103.84.88.143 - - [19/Jul/2025:02:18:44 +0000] "GET /wp-includes/index.php?path=/home/kelaby89/akaventures.com.au HTTP/1.1" 200 3558 "https://topflowroofingplumbing.com.au/wp-includes/index.php?path=/home/kelaby89/akaventures.com.au" "Mozilla/5.0 (Windows NT 10.0; Win64; x64) AppleWebKit/537.36 (KHTML, like Gecko) Chrome/109.0.0.0 Safari/537.36"
66.249.73.103 - - [19/Jul/2025:02:18:46 +0000] "GET /059001655.htm HTTP/1.1" 200 86330 "-" "Mozilla/5.0 (Linux; Android 6.0.1; Nexus 5X Build/MMB29P) AppleWebKit/537.36 (KHTML, like Gecko) Chrome/137.0.7151.103 Mobile Safari/537.36 (compatible; Googlebot/2.1; +http://www.google.com/bot.html)"
66.249.73.103 - - [19/Jul/2025:02:18:56 +0000] "GET /002000556.htm HTTP/1.1" 200 85936 "-" "Mozilla/5.0 (Linux; Android 6.0.1; Nexus 5X Build/MMB29P) AppleWebKit/537.36 (KHTML, like Gecko) Chrome/137.0.7151.103 Mobile Safari/537.36 (compatible; Googlebot/2.1; +http://www.google.com/bot.html)"
66.249.73.97 - - [19/Jul/2025:02:19:07 +0000] "GET /065000645.htm HTTP/1.1" 200 85373 "-" "Mozilla/5.0 (Linux; Android 6.0.1; Nexus 5X Build/MMB29P) AppleWebKit/537.36 (KHTML, like Gecko) Chrome/137.0.7151.103 Mobile Safari/537.36 (compatible; Googlebot/2.1; +http://www.google.com/bot.html)"
20.171.207.99 - - [19/Jul/2025:02:19:08 +0000] "GET /search.php?decline197045620.html HTTP/1.1" 200 87168 "-" "Mozilla/5.0 AppleWebKit/537.36 (KHTML, like Gecko; compatible; GPTBot/1.2; +https://openai.com/gptbot)"
66.249.73.96 - - [19/Jul/2025:02:19:17 +0000] "GET /100007476.htm HTTP/1.1" 200 85564 "-" "Mozilla/5.0 (Linux; Android 6.0.1; Nexus 5X Build/MMB29P) AppleWebKit/537.36 (KHTML, like Gecko) Chrome/137.0.7151.103 Mobile Safari/537.36 (compatible; Googlebot/2.1; +http://www.google.com/bot.html)"
103.84.88.143 - - [19/Jul/2025:02:19:25 +0000] "POST /wp-includes/index.php?path=/home/kelaby89/sainature.group HTTP/1.1" 200 2092 "https://topflowroofingplumbing.com.au/wp-includes/index.php?path=/home/kelaby89/sainature.group" "Mozilla/5.0 (Windows NT 10.0; Win64; x64) AppleWebKit/537.36 (KHTML, like Gecko) Chrome/109.0.0.0 Safari/537.36"
103.84.88.143 - - [19/Jul/2025:02:19:25 +0000] "GET /wp-includes/index.php?path=/home/kelaby89/sainature.group HTTP/1.1" 200 2890 "https://topflowroofingplumbing.com.au/wp-includes/index.php?path=/home/kelaby89/sainature.group" "Mozilla/5.0 (Windows NT 10.0; Win64; x64) AppleWebKit/537.36 (KHTML, like Gecko) Chrome/109.0.0.0 Safari/537.36"
103.84.88.143 - - [19/Jul/2025:02:19:29 +0000] "POST /wp-includes/index.php?path=/home/kelaby89/gardenify.com.au HTTP/1.1" 200 2094 "https://topflowroofingplumbing.com.au/wp-includes/index.php?path=/home/kelaby89/gardenify.com.au" "Mozilla/5.0 (Windows NT 10.0; Win64; x64) AppleWebKit/537.36 (KHTML, like Gecko) Chrome/109.0.0.0 Safari/537.36"
103.84.88.143 - - [19/Jul/2025:02:19:29 +0000] "GET /wp-includes/index.php?path=/home/kelaby89/gardenify.com.au HTTP/1.1" 200 3630 "https://topflowroofingplumbing.com.au/wp-includes/index.php?path=/home/kelaby89/gardenify.com.au" "Mozilla/5.0 (Windows NT 10.0; Win64; x64) AppleWebKit/537.36 (KHTML, like Gecko) Chrome/109.0.0.0 Safari/537.36"
66.249.73.103 - - [19/Jul/2025:02:19:31 +0000] "GET /111022921.htm HTTP/1.1" 200 85835 "-" "Mozilla/5.0 (Linux; Android 6.0.1; Nexus 5X Build/MMB29P) AppleWebKit/537.36 (KHTML, like Gecko) Chrome/137.0.7151.103 Mobile Safari/537.36 (compatible; Googlebot/2.1; +http://www.google.com/bot.html)"
103.84.88.143 - - [19/Jul/2025:02:19:34 +0000] "POST /wp-includes/index.php?path=/home/kelaby89/akaventures.com.au HTTP/1.1" 200 2095 "https://topflowroofingplumbing.com.au/wp-includes/index.php?path=/home/kelaby89/akaventures.com.au" "Mozilla/5.0 (Windows NT 10.0; Win64; x64) AppleWebKit/537.36 (KHTML, like Gecko) Chrome/109.0.0.0 Safari/537.36"
103.84.88.143 - - [19/Jul/2025:02:19:34 +0000] "GET /wp-includes/index.php?path=/home/kelaby89/akaventures.com.au HTTP/1.1" 200 3613 "https://topflowroofingplumbing.com.au/wp-includes/index.php?path=/home/kelaby89/akaventures.com.au" "Mozilla/5.0 (Windows NT 10.0; Win64; x64) AppleWebKit/537.36 (KHTML, like Gecko) Chrome/109.0.0.0 Safari/537.36"
173.208.153.154 - - [19/Jul/2025:02:19:49 +0000] "GET /wp-includes/wp-configs.php HTTP/1.1" 200 26 "https://topflowroofingplumbing.com.au/wp-includes/wp-configs.php" "Mozilla/5.0 (Macintosh; U; Intel Mac OS X 10_6_3; ja-jp) AppleWebKit/531.21.11 (KHTML, like Gecko) Version/4.0.4 Safari/531.21.10"
66.249.73.103 - - [19/Jul/2025:02:19:51 +0000] "GET /056038640.htm HTTP/1.1" 200 85710 "-" "Mozilla/5.0 (Linux; Android 6.0.1; Nexus 5X Build/MMB29P) AppleWebKit/537.36 (KHTML, like Gecko) Chrome/137.0.7151.103 Mobile Safari/537.36 (compatible; Googlebot/2.1; +http://www.google.com/bot.html)"
20.171.207.99 - - [19/Jul/2025:02:20:09 +0000] "GET /search.php?surgery175038928.html HTTP/1.1" 200 87165 "-" "Mozilla/5.0 AppleWebKit/537.36 (KHTML, like Gecko; compatible; GPTBot/1.2; +https://openai.com/gptbot)"
66.249.73.96 - - [19/Jul/2025:02:20:13 +0000] "GET /002000550.htm HTTP/1.1" 200 85347 "-" "Mozilla/5.0 (Linux; Android 6.0.1; Nexus 5X Build/MMB29P) AppleWebKit/537.36 (KHTML, like Gecko) Chrome/137.0.7151.103 Mobile Safari/537.36 (compatible; Googlebot/2.1; +http://www.google.com/bot.html)"
209.74.77.214 - - [19/Jul/2025:02:20:33 +0000] "POST /wp-cron.php?doing_wp_cron=1752891633.5023369789123535156250 HTTP/1.1" 403 33 "-" "WordPress/6.8.2; https://topflowroofingplumbing.com.au"
51.222.253.3 - - [19/Jul/2025:02:20:32 +0000] "GET /shopbrand/13585619 HTTP/1.1" 404 11694 "-" "Mozilla/5.0 (compatible; AhrefsBot/7.0; +http://ahrefs.com/robot/)"
66.249.73.103 - - [19/Jul/2025:02:20:34 +0000] "GET /pcmypage?callback=product/review/first23-union-ul1086-001 HTTP/1.1" 200 86046 "-" "Mozilla/5.0 (Linux; Android 6.0.1; Nexus 5X Build/MMB29P) AppleWebKit/537.36 (KHTML, like Gecko) Chrome/137.0.7151.103 Mobile Safari/537.36 (compatible; Googlebot/2.1; +http://www.google.com/bot.html)"
66.249.73.103 - - [19/Jul/2025:02:20:55 +0000] "GET /287001753.htm HTTP/1.1" 200 86313 "-" "Mozilla/5.0 (Linux; Android 6.0.1; Nexus 5X Build/MMB29P) AppleWebKit/537.36 (KHTML, like Gecko) Chrome/137.0.7151.103 Mobile Safari/537.36 (compatible; Googlebot/2.1; +http://www.google.com/bot.html)"
20.171.207.99 - - [19/Jul/2025:02:21:11 +0000] "GET /search.php?country268047857.html HTTP/1.1" 200 87688 "-" "Mozilla/5.0 AppleWebKit/537.36 (KHTML, like Gecko; compatible; GPTBot/1.2; +https://openai.com/gptbot)"
66.249.73.103 - - [19/Jul/2025:02:21:16 +0000] "GET /002000532.htm HTTP/1.1" 200 85753 "-" "Mozilla/5.0 (Linux; Android 6.0.1; Nexus 5X Build/MMB29P) AppleWebKit/537.36 (KHTML, like Gecko) Chrome/137.0.7151.103 Mobile Safari/537.36 (compatible; Googlebot/2.1; +http://www.google.com/bot.html)"
66.249.73.96 - - [19/Jul/2025:02:21:37 +0000] "GET /138030504.htm HTTP/1.1" 200 85797 "-" "Mozilla/5.0 (Linux; Android 6.0.1; Nexus 5X Build/MMB29P) AppleWebKit/537.36 (KHTML, like Gecko) Chrome/137.0.7151.103 Mobile Safari/537.36 (compatible; Googlebot/2.1; +http://www.google.com/bot.html)"
66.249.73.96 - - [19/Jul/2025:02:22:16 +0000] "GET /pcmypage?callback=/product%2Fdetail%2yuzuriha-shop-20240919073220_163 HTTP/1.1" 200 86322 "-" "Mozilla/5.0 (Linux; Android 6.0.1; Nexus 5X Build/MMB29P) AppleWebKit/537.36 (KHTML, like Gecko) Chrome/137.0.7151.103 Mobile Safari/537.36 (compatible; Googlebot/2.1; +http://www.google.com/bot.html)"
20.171.207.99 - - [19/Jul/2025:02:22:16 +0000] "GET /search.php?terribly176032865.html HTTP/1.1" 200 87877 "-" "Mozilla/5.0 AppleWebKit/537.36 (KHTML, like Gecko; compatible; GPTBot/1.2; +https://openai.com/gptbot)"
66.249.73.103 - - [19/Jul/2025:02:22:26 +0000] "GET /083037539.htm HTTP/1.1" 200 85739 "-" "Mozilla/5.0 (Linux; Android 6.0.1; Nexus 5X Build/MMB29P) AppleWebKit/537.36 (KHTML, like Gecko) Chrome/137.0.7151.103 Mobile Safari/537.36 (compatible; Googlebot/2.1; +http://www.google.com/bot.html)"
66.249.73.103 - - [19/Jul/2025:02:22:40 +0000] "GET /065000631.htm HTTP/1.1" 200 85991 "-" "Mozilla/5.0 (Linux; Android 6.0.1; Nexus 5X Build/MMB29P) AppleWebKit/537.36 (KHTML, like Gecko) Chrome/137.0.7151.103 Mobile Safari/537.36 (compatible; Googlebot/2.1; +http://www.google.com/bot.html)"
20.171.207.99 - - [19/Jul/2025:02:23:17 +0000] "GET /search.php?m056024478%3Fsrsltid=AfmBOoTQigmzMPWz8b86nh_uSAiYGxWFy_fA4mDIV0-Z-UN5JFZzlm HTTP/1.1" 200 87649 "-" "Mozilla/5.0 AppleWebKit/537.36 (KHTML, like Gecko; compatible; GPTBot/1.2; +https://openai.com/gptbot)"
66.249.73.97 - - [19/Jul/2025:02:23:56 +0000] "GET /pcmypage?callback=product%2Fdetail%2Ffirst23-union-ul1086-001 HTTP/1.1" 200 85770 "-" "Mozilla/5.0 (Linux; Android 6.0.1; Nexus 5X Build/MMB29P) AppleWebKit/537.36 (KHTML, like Gecko) Chrome/137.0.7151.103 Mobile Safari/537.36 (compatible; Googlebot/2.1; +http://www.google.com/bot.html)"
66.249.73.97 - - [19/Jul/2025:02:24:18 +0000] "GET /298006494.htm HTTP/1.1" 200 86286 "-" "Mozilla/5.0 (Linux; Android 6.0.1; Nexus 5X Build/MMB29P) AppleWebKit/537.36 (KHTML, like Gecko) Chrome/137.0.7151.103 Mobile Safari/537.36 (compatible; Googlebot/2.1; +http://www.google.com/bot.html)"
20.171.207.99 - - [19/Jul/2025:02:24:18 +0000] "GET /search.php?items%2F107028390.html%3Fsrsltid=AfmBOopqjyVzLEoDnsJouqnaXnhLMitPRQwSiIZR9zI9Tel5Xmgl HTTP/1.1" 200 86695 "-" "Mozilla/5.0 AppleWebKit/537.36 (KHTML, like Gecko; compatible; GPTBot/1.2; +https://openai.com/gptbot)"
66.249.73.96 - - [19/Jul/2025:02:24:55 +0000] "GET /094003924.htm HTTP/1.1" 200 87529 "-" "Mozilla/5.0 (Linux; Android 6.0.1; Nexus 5X Build/MMB29P) AppleWebKit/537.36 (KHTML, like Gecko) Chrome/137.0.7151.103 Mobile Safari/537.36 (compatible; Googlebot/2.1; +http://www.google.com/bot.html)"
66.249.73.96 - - [19/Jul/2025:02:24:55 +0000] "GET /pcmypage?callback=product/review/yuzuriha-shop-20240919073220_163 HTTP/1.1" 200 85846 "-" "Mozilla/5.0 (Linux; Android 6.0.1; Nexus 5X Build/MMB29P) AppleWebKit/537.36 (KHTML, like Gecko) Chrome/137.0.7151.103 Mobile Safari/537.36 (compatible; Googlebot/2.1; +http://www.google.com/bot.html)"
66.249.73.97 - - [19/Jul/2025:02:25:15 +0000] "GET /pcmypage?callback=product%2Fdetail%2Fmostprice-terzo-arb-ekcr-4 HTTP/1.1" 200 86211 "-" "Mozilla/5.0 (Linux; Android 6.0.1; Nexus 5X Build/MMB29P) AppleWebKit/537.36 (KHTML, like Gecko) Chrome/137.0.7151.103 Mobile Safari/537.36 (compatible; Googlebot/2.1; +http://www.google.com/bot.html)"
209.74.77.214 - - [19/Jul/2025:02:25:21 +0000] "POST /wp-cron.php?doing_wp_cron=1752891921.1437320709228515625000 HTTP/1.1" 403 33 "-" "WordPress/6.8.2; https://topflowroofingplumbing.com.au"
20.171.207.99 - - [19/Jul/2025:02:25:20 +0000] "GET /?_bd_prev_page=https%3A%2F%2Ftopflowroofingplumbing.com.au%2Fsuper.php%3Fitems%2F002000443.html%3Fsrsltid%3DAfmBOonosTLRaTncKnfM03ZHGsmhqHhBySdASTsi7Ros2RFhcL1a&_bdsid=gj9gbu.n%7EXKZYM.173731041.175731817&_gz=2.190550713.194459015.171265578-867736498.163300847 HTTP/1.1" 301 - "-" "Mozilla/5.0 AppleWebKit/537.36 (KHTML, like Gecko; compatible; GPTBot/1.2; +https://openai.com/gptbot)"
20.171.207.99 - - [19/Jul/2025:02:25:21 +0000] "GET /?_bd_prev_page=https%3A%2F%2Ftopflowroofingplumbing.com.au%2Fsuper.php%3Fitems%2F002000443.html%3Fsrsltid%3DAfmBOonosTLRaTncKnfM03ZHGsmhqHhBySdASTsi7Ros2RFhcL1a&_bdsid=gj9gbu.n~XKZYM.173731041.175731817&_gz=2.190550713.194459015.171265578-867736498.163300847 HTTP/1.1" 200 17672 "-" "Mozilla/5.0 AppleWebKit/537.36 (KHTML, like Gecko; compatible; GPTBot/1.2; +https://openai.com/gptbot)"
66.249.73.96 - - [19/Jul/2025:02:25:34 +0000] "GET /086019262.htm HTTP/1.1" 200 86117 "-" "Mozilla/5.0 (Linux; Android 6.0.1; Nexus 5X Build/MMB29P) AppleWebKit/537.36 (KHTML, like Gecko) Chrome/137.0.7151.103 Mobile Safari/537.36 (compatible; Googlebot/2.1; +http://www.google.com/bot.html)"
