51.222.253.17 - - [18/Jul/2025:14:11:37 +0000] "GET /shopbrand/33776890 HTTP/1.1" 404 11695 "-" "Mozilla/5.0 (compatible; AhrefsBot/7.0; +http://ahrefs.com/robot/)"
2a03:2880:f800:19:: - - [18/Jul/2025:14:11:40 +0000] "GET /shopbrand/347435442 HTTP/1.1" 404 11695 "-" "meta-externalagent/1.1 (+https://developers.facebook.com/docs/sharing/webmasters/crawler)"
20.171.207.99 - - [18/Jul/2025:14:11:52 +0000] "GET /search.php?product/edit/unagiya-809556 HTTP/1.1" 200 87543 "-" "Mozilla/5.0 AppleWebKit/537.36 (KHTML, like Gecko; compatible; GPTBot/1.2; +https://openai.com/gptbot)"
2a03:2880:f800:1b:: - - [18/Jul/2025:14:12:04 +0000] "GET /shopbrand/347493856 HTTP/1.1" 404 11695 "-" "meta-externalagent/1.1 (+https://developers.facebook.com/docs/sharing/webmasters/crawler)"
2a03:2880:f800:f:: - - [18/Jul/2025:14:12:11 +0000] "GET /shopbrand/67919625 HTTP/1.1" 404 11695 "-" "meta-externalagent/1.1 (+https://developers.facebook.com/docs/sharing/webmasters/crawler)"
20.171.207.99 - - [18/Jul/2025:14:12:52 +0000] "GET /search.php?tragedy137048954.html HTTP/1.1" 200 88587 "-" "Mozilla/5.0 AppleWebKit/537.36 (KHTML, like Gecko; compatible; GPTBot/1.2; +https://openai.com/gptbot)"
209.74.77.214 - - [18/Jul/2025:14:12:53 +0000] "POST /wp-cron.php?doing_wp_cron=1752847973.3609600067138671875000 HTTP/1.1" 403 33 "-" "WordPress/6.8.2; https://topflowroofingplumbing.com.au"
2a03:2880:f800:: - - [18/Jul/2025:14:12:51 +0000] "GET /shopbrand/347504175 HTTP/1.1" 404 11695 "-" "meta-externalagent/1.1 (+https://developers.facebook.com/docs/sharing/webmasters/crawler)"
2a03:2880:f800:17:: - - [18/Jul/2025:14:12:54 +0000] "GET /shopbrand/347449707 HTTP/1.1" 404 11695 "-" "meta-externalagent/1.1 (+https://developers.facebook.com/docs/sharing/webmasters/crawler)"
2a03:2880:f800:a:: - - [18/Jul/2025:14:12:56 +0000] "GET /shopbrand/67961803 HTTP/1.1" 404 11695 "-" "meta-externalagent/1.1 (+https://developers.facebook.com/docs/sharing/webmasters/crawler)"
2a03:2880:f800:1a:: - - [18/Jul/2025:14:13:00 +0000] "GET /shopbrand/67956818 HTTP/1.1" 404 11695 "-" "meta-externalagent/1.1 (+https://developers.facebook.com/docs/sharing/webmasters/crawler)"
2a03:2880:f800:d:: - - [18/Jul/2025:14:13:12 +0000] "GET /shopbrand/67948935 HTTP/1.1" 404 11695 "-" "meta-externalagent/1.1 (+https://developers.facebook.com/docs/sharing/webmasters/crawler)"
2a03:2880:f800:2:: - - [18/Jul/2025:14:13:32 +0000] "GET /shopbrand/68010845 HTTP/1.1" 404 11695 "-" "meta-externalagent/1.1 (+https://developers.facebook.com/docs/sharing/webmasters/crawler)"
20.171.207.99 - - [18/Jul/2025:14:13:57 +0000] "GET /search.php?original156048453.html HTTP/1.1" 200 86699 "-" "Mozilla/5.0 AppleWebKit/537.36 (KHTML, like Gecko; compatible; GPTBot/1.2; +https://openai.com/gptbot)"
20.171.207.99 - - [18/Jul/2025:14:15:01 +0000] "GET /search.php?counter189045268.html HTTP/1.1" 200 86529 "-" "Mozilla/5.0 AppleWebKit/537.36 (KHTML, like Gecko; compatible; GPTBot/1.2; +https://openai.com/gptbot)"
20.171.207.99 - - [18/Jul/2025:14:16:04 +0000] "GET /search.php?decline279031784.html HTTP/1.1" 200 87070 "-" "Mozilla/5.0 AppleWebKit/537.36 (KHTML, like Gecko; compatible; GPTBot/1.2; +https://openai.com/gptbot)"
66.249.73.103 - - [18/Jul/2025:14:16:25 +0000] "GET /shopbrand/390082785 HTTP/1.1" 200 85769 "-" "Mozilla/5.0 (compatible; Googlebot/2.1; +http://www.google.com/bot.html)"
209.74.77.214 - - [18/Jul/2025:14:16:27 +0000] "POST /wp-cron.php?doing_wp_cron=1752848187.0273160934448242187500 HTTP/1.1" 403 33 "-" "WordPress/6.8.2; https://topflowroofingplumbing.com.au"
51.222.253.16 - - [18/Jul/2025:14:16:25 +0000] "GET /shopbrand/33788246 HTTP/1.1" 404 11695 "-" "Mozilla/5.0 (compatible; AhrefsBot/7.0; +http://ahrefs.com/robot/)"
20.171.207.99 - - [18/Jul/2025:14:17:10 +0000] "GET /search.php?items%2F084000271.html%3Fsrsltid=AfmBOolxmnuIsdhAySYkbT2GKjCvYBcNUo4q03vg6erxRG6VkekJ HTTP/1.1" 200 86928 "-" "Mozilla/5.0 AppleWebKit/537.36 (KHTML, like Gecko; compatible; GPTBot/1.2; +https://openai.com/gptbot)"
20.171.207.99 - - [18/Jul/2025:14:18:10 +0000] "GET /search.php?politics129037584.html HTTP/1.1" 200 86910 "-" "Mozilla/5.0 AppleWebKit/537.36 (KHTML, like Gecko; compatible; GPTBot/1.2; +https://openai.com/gptbot)"
20.171.207.99 - - [18/Jul/2025:14:19:16 +0000] "GET /search.php?m129016863%3Fsrsltid=AfmBOoKBJWawJbXLO0REag_2LUh4XqtuN_lUwfy7WA-H-EFrIHitAw HTTP/1.1" 200 87271 "-" "Mozilla/5.0 AppleWebKit/537.36 (KHTML, like Gecko; compatible; GPTBot/1.2; +https://openai.com/gptbot)"
20.171.207.99 - - [18/Jul/2025:14:20:19 +0000] "GET /search.php?counter164021583.html HTTP/1.1" 200 87534 "-" "Mozilla/5.0 AppleWebKit/537.36 (KHTML, like Gecko; compatible; GPTBot/1.2; +https://openai.com/gptbot)"
209.74.77.214 - - [18/Jul/2025:14:20:41 +0000] "POST /wp-cron.php?doing_wp_cron=1752848441.5886430740356445312500 HTTP/1.1" 403 33 "-" "WordPress/6.8.2; https://topflowroofingplumbing.com.au"
2a03:2880:f800:6:: - - [18/Jul/2025:14:20:40 +0000] "GET /shopbrand/67904615 HTTP/1.1" 404 11695 "-" "meta-externalagent/1.1 (+https://developers.facebook.com/docs/sharing/webmasters/crawler)"
20.171.207.99 - - [18/Jul/2025:14:21:19 +0000] "GET /search.php?willing167015840.html HTTP/1.1" 200 87117 "-" "Mozilla/5.0 AppleWebKit/537.36 (KHTML, like Gecko; compatible; GPTBot/1.2; +https://openai.com/gptbot)"
209.74.77.214 - - [18/Jul/2025:14:22:05 +0000] "POST /wp-cron.php?doing_wp_cron=1752848525.1141300201416015625000 HTTP/1.1" 403 33 "-" "WordPress/6.8.2; https://topflowroofingplumbing.com.au"
209.74.77.214 - - [18/Jul/2025:14:22:05 +0000] "POST /wp-cron.php?doing_wp_cron=1752848525.1141300201416015625000 HTTP/1.1" 403 33 "-" "WordPress/6.8.2; https://topflowroofingplumbing.com.au"
51.222.253.5 - - [18/Jul/2025:14:22:03 +0000] "GET /shopbrand/38633740 HTTP/1.1" 404 11695 "-" "Mozilla/5.0 (compatible; AhrefsBot/7.0; +http://ahrefs.com/robot/)"
2a03:2880:f800:17:: - - [18/Jul/2025:14:22:03 +0000] "GET /shopbrand/68004677 HTTP/1.1" 404 11695 "-" "meta-externalagent/1.1 (+https://developers.facebook.com/docs/sharing/webmasters/crawler)"
20.171.207.99 - - [18/Jul/2025:14:22:19 +0000] "GET /search.php?regional186049193.html HTTP/1.1" 200 86822 "-" "Mozilla/5.0 AppleWebKit/537.36 (KHTML, like Gecko; compatible; GPTBot/1.2; +https://openai.com/gptbot)"
2a03:2880:f800:16:: - - [18/Jul/2025:14:22:36 +0000] "GET /shopbrand/67900635 HTTP/1.1" 404 11695 "-" "meta-externalagent/1.1 (+https://developers.facebook.com/docs/sharing/webmasters/crawler)"
20.171.207.99 - - [18/Jul/2025:14:23:24 +0000] "GET /search.php?m062002322%3Fsrsltid=AfmBOoPzLCYPrequK8V9OO_zN0RRjRqKL_SxTTrTD2-O-WWMW51OKS HTTP/1.1" 200 87318 "-" "Mozilla/5.0 AppleWebKit/537.36 (KHTML, like Gecko; compatible; GPTBot/1.2; +https://openai.com/gptbot)"
20.171.207.99 - - [18/Jul/2025:14:24:26 +0000] "GET /search.php?m080000014%3Fsrsltid=AfmBOoAeYvnUCmkx9rn1Xj_PVCsbApvR0_FzZYupGt-M-d4fTJrlOA HTTP/1.1" 200 86951 "-" "Mozilla/5.0 AppleWebKit/537.36 (KHTML, like Gecko; compatible; GPTBot/1.2; +https://openai.com/gptbot)"
20.171.207.99 - - [18/Jul/2025:14:25:30 +0000] "GET /search.php?feminist198046543.html HTTP/1.1" 200 86151 "-" "Mozilla/5.0 AppleWebKit/537.36 (KHTML, like Gecko; compatible; GPTBot/1.2; +https://openai.com/gptbot)"
20.171.207.99 - - [18/Jul/2025:14:26:32 +0000] "GET /search.php?confess175038936.html HTTP/1.1" 200 86995 "-" "Mozilla/5.0 AppleWebKit/537.36 (KHTML, like Gecko; compatible; GPTBot/1.2; +https://openai.com/gptbot)"
209.74.77.214 - - [18/Jul/2025:14:27:03 +0000] "POST /wp-cron.php?doing_wp_cron=1752848822.9853239059448242187500 HTTP/1.1" 403 33 "-" "WordPress/6.8.2; https://topflowroofingplumbing.com.au"
51.222.253.3 - - [18/Jul/2025:14:27:01 +0000] "GET /shopbrand/39945345 HTTP/1.1" 404 11695 "-" "Mozilla/5.0 (compatible; AhrefsBot/7.0; +http://ahrefs.com/robot/)"
20.171.207.99 - - [18/Jul/2025:14:27:33 +0000] "GET /search.php?items%2F238041263.html%3Fsrsltid=AfmBOohchCWnmwENjmekW5uHPjIGlrjglMZVyePcvb5szv99cp1D HTTP/1.1" 200 86986 "-" "Mozilla/5.0 AppleWebKit/537.36 (KHTML, like Gecko; compatible; GPTBot/1.2; +https://openai.com/gptbot)"
20.171.207.99 - - [18/Jul/2025:14:28:38 +0000] "GET /search.php?m145002965%3Fsrsltid=AfmBOoXEkVXuIFXqb1XcyP_ecnNgcU6wE_7piJ7PjF-N-CY0rXVFc9 HTTP/1.1" 200 87073 "-" "Mozilla/5.0 AppleWebKit/537.36 (KHTML, like Gecko; compatible; GPTBot/1.2; +https://openai.com/gptbot)"
20.171.207.99 - - [18/Jul/2025:14:29:40 +0000] "GET /search.php?testify197045620.html HTTP/1.1" 200 87590 "-" "Mozilla/5.0 AppleWebKit/537.36 (KHTML, like Gecko; compatible; GPTBot/1.2; +https://openai.com/gptbot)"
20.171.207.99 - - [18/Jul/2025:14:30:42 +0000] "GET /search.php?involved225041700.html HTTP/1.1" 200 86987 "-" "Mozilla/5.0 AppleWebKit/537.36 (KHTML, like Gecko; compatible; GPTBot/1.2; +https://openai.com/gptbot)"
209.74.77.214 - - [18/Jul/2025:14:31:18 +0000] "POST /wp-cron.php?doing_wp_cron=1752849078.7780659198760986328125 HTTP/1.1" 403 33 "-" "WordPress/6.8.2; https://topflowroofingplumbing.com.au"
51.222.253.3 - - [18/Jul/2025:14:31:16 +0000] "GET /shopbrand/40498164 HTTP/1.1" 404 11695 "-" "Mozilla/5.0 (compatible; AhrefsBot/7.0; +http://ahrefs.com/robot/)"
20.171.207.99 - - [18/Jul/2025:14:31:48 +0000] "GET /search.php?m080000888%3Fsrsltid=AfmBOoURIBhtoYNa9a0wVv_OIv5F9HtGd_5GFKPnQg-G-N4qJYVrYy HTTP/1.1" 200 88880 "-" "Mozilla/5.0 AppleWebKit/537.36 (KHTML, like Gecko; compatible; GPTBot/1.2; +https://openai.com/gptbot)"
192.250.227.100 - - [18/Jul/2025:14:32:02 +0000] "GET / HTTP/1.1" 200 208 "http://topflowroofingplumbing.com.au" "Mozilla/5.0 (Macintosh; Intel Mac OS X 10_15_7) AppleWebKit/537.36 (KHTML, like Gecko) Chrome/114.0.5735.134 Safari/537.36"
20.171.207.99 - - [18/Jul/2025:14:32:53 +0000] "GET /search.php?spending139014502.html HTTP/1.1" 200 86501 "-" "Mozilla/5.0 AppleWebKit/537.36 (KHTML, like Gecko; compatible; GPTBot/1.2; +https://openai.com/gptbot)"
20.171.207.99 - - [18/Jul/2025:14:33:54 +0000] "GET /search.php?ceiling129047628.html HTTP/1.1" 200 87831 "-" "Mozilla/5.0 AppleWebKit/537.36 (KHTML, like Gecko; compatible; GPTBot/1.2; +https://openai.com/gptbot)"
20.171.207.99 - - [18/Jul/2025:14:34:58 +0000] "GET /search.php?provided098036857.html HTTP/1.1" 200 87589 "-" "Mozilla/5.0 AppleWebKit/537.36 (KHTML, like Gecko; compatible; GPTBot/1.2; +https://openai.com/gptbot)"
209.74.77.214 - - [18/Jul/2025:14:35:23 +0000] "POST /wp-cron.php?doing_wp_cron=1752849322.9551439285278320312500 HTTP/1.1" 403 33 "-" "WordPress/6.8.2; https://topflowroofingplumbing.com.au"
51.222.253.5 - - [18/Jul/2025:14:35:21 +0000] "GET /shopbrand/40527099 HTTP/1.1" 404 11695 "-" "Mozilla/5.0 (compatible; AhrefsBot/7.0; +http://ahrefs.com/robot/)"
2a03:2880:f800:8:: - - [18/Jul/2025:14:35:25 +0000] "GET /shopbrand/347425056 HTTP/1.1" 404 11695 "-" "meta-externalagent/1.1 (+https://developers.facebook.com/docs/sharing/webmasters/crawler)"
2a03:2880:f800:3:: - - [18/Jul/2025:14:35:25 +0000] "GET /shopbrand/347387434 HTTP/1.1" 404 11695 "-" "meta-externalagent/1.1 (+https://developers.facebook.com/docs/sharing/webmasters/crawler)"
2a03:2880:f800:6:: - - [18/Jul/2025:14:35:26 +0000] "GET /shopbrand/347506758 HTTP/1.1" 404 11695 "-" "meta-externalagent/1.1 (+https://developers.facebook.com/docs/sharing/webmasters/crawler)"
2a03:2880:f800:7:: - - [18/Jul/2025:14:35:30 +0000] "GET /shopbrand/67992910 HTTP/1.1" 404 11695 "-" "meta-externalagent/1.1 (+https://developers.facebook.com/docs/sharing/webmasters/crawler)"
2a03:2880:f800:5:: - - [18/Jul/2025:14:35:32 +0000] "GET /shopbrand/347436120 HTTP/1.1" 404 11695 "-" "meta-externalagent/1.1 (+https://developers.facebook.com/docs/sharing/webmasters/crawler)"
2a03:2880:f800:8:: - - [18/Jul/2025:14:35:42 +0000] "GET /shopbrand/347443092 HTTP/1.1" 404 11695 "-" "meta-externalagent/1.1 (+https://developers.facebook.com/docs/sharing/webmasters/crawler)"
20.171.207.99 - - [18/Jul/2025:14:35:59 +0000] "GET /search.php?product/edit/auc-kobefm-466750 HTTP/1.1" 200 86503 "-" "Mozilla/5.0 AppleWebKit/537.36 (KHTML, like Gecko; compatible; GPTBot/1.2; +https://openai.com/gptbot)"
20.171.207.99 - - [18/Jul/2025:14:37:03 +0000] "GET /search.php?gesture193042568.html HTTP/1.1" 200 87237 "-" "Mozilla/5.0 AppleWebKit/537.36 (KHTML, like Gecko; compatible; GPTBot/1.2; +https://openai.com/gptbot)"
209.74.77.214 - - [18/Jul/2025:14:37:28 +0000] "POST /wp-cron.php?doing_wp_cron=1752849447.9853579998016357421875 HTTP/1.1" 403 33 "-" "WordPress/6.8.2; https://topflowroofingplumbing.com.au"
209.74.77.214 - - [18/Jul/2025:14:37:28 +0000] "POST /wp-cron.php?doing_wp_cron=1752849447.9853579998016357421875 HTTP/1.1" 403 33 "-" "WordPress/6.8.2; https://topflowroofingplumbing.com.au"
2a03:2880:f800:: - - [18/Jul/2025:14:37:26 +0000] "GET /shopbrand/67944699 HTTP/1.1" 404 11695 "-" "meta-externalagent/1.1 (+https://developers.facebook.com/docs/sharing/webmasters/crawler)"
2a03:2880:f800:6:: - - [18/Jul/2025:14:37:27 +0000] "GET /shopbrand/347387094 HTTP/1.1" 404 11695 "-" "meta-externalagent/1.1 (+https://developers.facebook.com/docs/sharing/webmasters/crawler)"
2a03:2880:f800:13:: - - [18/Jul/2025:14:37:37 +0000] "GET /shopbrand/347444811 HTTP/1.1" 404 11695 "-" "meta-externalagent/1.1 (+https://developers.facebook.com/docs/sharing/webmasters/crawler)"
20.171.207.99 - - [18/Jul/2025:14:38:05 +0000] "GET /search.php?vitamin193042574.html HTTP/1.1" 200 86199 "-" "Mozilla/5.0 AppleWebKit/537.36 (KHTML, like Gecko; compatible; GPTBot/1.2; +https://openai.com/gptbot)"
20.171.207.99 - - [18/Jul/2025:14:39:07 +0000] "GET /search.php?prohibit186042793.html HTTP/1.1" 200 86685 "-" "Mozilla/5.0 AppleWebKit/537.36 (KHTML, like Gecko; compatible; GPTBot/1.2; +https://openai.com/gptbot)"
20.171.207.99 - - [18/Jul/2025:14:40:13 +0000] "GET /search.php?contain129047628.html HTTP/1.1" 200 86074 "-" "Mozilla/5.0 AppleWebKit/537.36 (KHTML, like Gecko; compatible; GPTBot/1.2; +https://openai.com/gptbot)"
209.74.77.214 - - [18/Jul/2025:14:40:19 +0000] "POST /wp-cron.php?doing_wp_cron=1752849619.5934360027313232421875 HTTP/1.1" 403 33 "-" "WordPress/6.8.2; https://topflowroofingplumbing.com.au"
51.222.253.13 - - [18/Jul/2025:14:40:18 +0000] "GET /shopbrand/53169523 HTTP/1.1" 404 11695 "-" "Mozilla/5.0 (compatible; AhrefsBot/7.0; +http://ahrefs.com/robot/)"
66.249.73.97 - - [18/Jul/2025:14:41:00 +0000] "GET /robots.txt HTTP/1.1" 304 - "-" "Mozilla/5.0 (compatible; Googlebot/2.1; +http://www.google.com/bot.html)"
66.249.73.97 - - [18/Jul/2025:14:41:01 +0000] "GET /gutter/ HTTP/1.1" 200 86466 "-" "Mozilla/5.0 (Linux; Android 6.0.1; Nexus 5X Build/MMB29P) AppleWebKit/537.36 (KHTML, like Gecko) Chrome/137.0.7151.103 Mobile Safari/537.36 (compatible; Googlebot/2.1; +http://www.google.com/bot.html)"
20.171.207.99 - - [18/Jul/2025:14:41:16 +0000] "GET /search.php?someday024038569.html HTTP/1.1" 200 87063 "-" "Mozilla/5.0 AppleWebKit/537.36 (KHTML, like Gecko; compatible; GPTBot/1.2; +https://openai.com/gptbot)"
20.171.207.99 - - [18/Jul/2025:14:42:20 +0000] "GET /search.php?rational186049531.html HTTP/1.1" 200 87427 "-" "Mozilla/5.0 AppleWebKit/537.36 (KHTML, like Gecko; compatible; GPTBot/1.2; +https://openai.com/gptbot)"
2a03:2880:27ff:71:: - - [18/Jul/2025:14:42:19 +0000] "GET / HTTP/1.1" 301 - "-" "facebookexternalhit/1.1 (+http://www.facebook.com/externalhit_uatext.php)"
2a03:2880:27ff:2:: - - [18/Jul/2025:14:42:22 +0000] "GET /robots.txt HTTP/1.1" 304 - "-" "facebookexternalhit/1.1 (+http://www.facebook.com/externalhit_uatext.php)"
2a03:2880:27ff:1:: - - [18/Jul/2025:14:42:23 +0000] "GET / HTTP/1.1" 200 17490 "-" "facebookexternalhit/1.1 (+http://www.facebook.com/externalhit_uatext.php)"
209.74.77.214 - - [18/Jul/2025:14:42:21 +0000] "POST /wp-cron.php?doing_wp_cron=1752849741.4351990222930908203125 HTTP/1.1" 403 33 "-" "WordPress/6.8.2; https://topflowroofingplumbing.com.au"
20.171.207.99 - - [18/Jul/2025:14:43:21 +0000] "GET /search.php?highway189045266.html HTTP/1.1" 200 86755 "-" "Mozilla/5.0 AppleWebKit/537.36 (KHTML, like Gecko; compatible; GPTBot/1.2; +https://openai.com/gptbot)"
170.106.165.186 - - [18/Jul/2025:14:43:43 +0000] "GET / HTTP/1.1" 200 208 "http://topflowroofingplumbing.com.au" "Mozilla/5.0 (iPhone; CPU iPhone OS 13_2_3 like Mac OS X) AppleWebKit/605.1.15 (KHTML, like Gecko) Version/13.0.3 Mobile/15E148 Safari/604.1"
20.171.207.99 - - [18/Jul/2025:14:44:26 +0000] "GET /search.php?painful286008173.html HTTP/1.1" 200 87473 "-" "Mozilla/5.0 AppleWebKit/537.36 (KHTML, like Gecko; compatible; GPTBot/1.2; +https://openai.com/gptbot)"
209.74.77.214 - - [18/Jul/2025:14:44:43 +0000] "POST /wp-cron.php?doing_wp_cron=1752849883.7338759899139404296875 HTTP/1.1" 403 33 "-" "WordPress/6.8.2; https://topflowroofingplumbing.com.au"
51.222.253.20 - - [18/Jul/2025:14:44:42 +0000] "GET /shopbrand/53197013 HTTP/1.1" 404 11695 "-" "Mozilla/5.0 (compatible; AhrefsBot/7.0; +http://ahrefs.com/robot/)"
20.171.207.99 - - [18/Jul/2025:14:45:30 +0000] "GET /search.php?edition168048255.html HTTP/1.1" 200 87244 "-" "Mozilla/5.0 AppleWebKit/537.36 (KHTML, like Gecko; compatible; GPTBot/1.2; +https://openai.com/gptbot)"
20.171.207.99 - - [18/Jul/2025:14:46:34 +0000] "GET /search.php?gravity155044728.html HTTP/1.1" 200 87738 "-" "Mozilla/5.0 AppleWebKit/537.36 (KHTML, like Gecko; compatible; GPTBot/1.2; +https://openai.com/gptbot)"
20.171.207.99 - - [18/Jul/2025:14:47:38 +0000] "GET /search.php?justify058035327.html HTTP/1.1" 200 88020 "-" "Mozilla/5.0 AppleWebKit/537.36 (KHTML, like Gecko; compatible; GPTBot/1.2; +https://openai.com/gptbot)"
209.74.77.214 - - [18/Jul/2025:14:48:40 +0000] "POST /wp-cron.php?doing_wp_cron=1752850120.4864931106567382812500 HTTP/1.1" 403 33 "-" "WordPress/6.8.2; https://topflowroofingplumbing.com.au"
51.222.253.10 - - [18/Jul/2025:14:48:38 +0000] "GET /shopbrand/56411454 HTTP/1.1" 404 11695 "-" "Mozilla/5.0 (compatible; AhrefsBot/7.0; +http://ahrefs.com/robot/)"
20.171.207.99 - - [18/Jul/2025:14:48:40 +0000] "GET /search.php?offender197025796.html HTTP/1.1" 200 87300 "-" "Mozilla/5.0 AppleWebKit/537.36 (KHTML, like Gecko; compatible; GPTBot/1.2; +https://openai.com/gptbot)"
20.171.207.99 - - [18/Jul/2025:14:49:41 +0000] "GET /search.php?m022038078%3Fsrsltid=AfmBOoRncrZhXWgOtrZcLQ_giEqwI5FwV_Tk9GC3nG-Z-YE4iLEspc HTTP/1.1" 200 87532 "-" "Mozilla/5.0 AppleWebKit/537.36 (KHTML, like Gecko; compatible; GPTBot/1.2; +https://openai.com/gptbot)"
20.171.207.99 - - [18/Jul/2025:14:50:41 +0000] "GET /search.php?disturb277019554.html HTTP/1.1" 200 87469 "-" "Mozilla/5.0 AppleWebKit/537.36 (KHTML, like Gecko; compatible; GPTBot/1.2; +https://openai.com/gptbot)"
20.171.207.99 - - [18/Jul/2025:14:51:42 +0000] "GET /search.php?adequate175038924.html HTTP/1.1" 200 86375 "-" "Mozilla/5.0 AppleWebKit/537.36 (KHTML, like Gecko; compatible; GPTBot/1.2; +https://openai.com/gptbot)"
209.74.77.214 - - [18/Jul/2025:14:52:46 +0000] "POST /wp-cron.php?doing_wp_cron=1752850366.0010790824890136718750 HTTP/1.1" 403 33 "-" "WordPress/6.8.2; https://topflowroofingplumbing.com.au"
20.171.207.99 - - [18/Jul/2025:14:52:44 +0000] "GET /?_bd_prev_page=https%3A%2F%2Ftopflowroofingplumbing.com.au%2Fsuper.php%3Fm104039376%3Fsrsltid%3DAfmBOocSCiqRJXvWxBH5r0_9gaYfs9ktR_L6O8c1NF-A-K8xMrPuXm&_bdsid=gj9gbu.n%7EXKZYM.173731041.175731817&_gz=2.190550713.194459015.171265578-867736498.163300847 HTTP/1.1" 301 - "-" "Mozilla/5.0 AppleWebKit/537.36 (KHTML, like Gecko; compatible; GPTBot/1.2; +https://openai.com/gptbot)"
20.171.207.99 - - [18/Jul/2025:14:52:46 +0000] "GET /?_bd_prev_page=https%3A%2F%2Ftopflowroofingplumbing.com.au%2Fsuper.php%3Fm104039376%3Fsrsltid%3DAfmBOocSCiqRJXvWxBH5r0_9gaYfs9ktR_L6O8c1NF-A-K8xMrPuXm&_bdsid=gj9gbu.n~XKZYM.173731041.175731817&_gz=2.190550713.194459015.171265578-867736498.163300847 HTTP/1.1" 200 17668 "-" "Mozilla/5.0 AppleWebKit/537.36 (KHTML, like Gecko; compatible; GPTBot/1.2; +https://openai.com/gptbot)"
20.171.207.99 - - [18/Jul/2025:14:53:46 +0000] "GET /search.php?rolling283015514.html HTTP/1.1" 200 87271 "-" "Mozilla/5.0 AppleWebKit/537.36 (KHTML, like Gecko; compatible; GPTBot/1.2; +https://openai.com/gptbot)"
20.171.207.99 - - [18/Jul/2025:14:54:49 +0000] "GET /search.php?attorney197045618.html HTTP/1.1" 200 86331 "-" "Mozilla/5.0 AppleWebKit/537.36 (KHTML, like Gecko; compatible; GPTBot/1.2; +https://openai.com/gptbot)"
209.74.77.214 - - [18/Jul/2025:14:55:35 +0000] "POST /wp-cron.php?doing_wp_cron=1752850535.8199200630187988281250 HTTP/1.1" 403 33 "-" "WordPress/6.8.2; https://topflowroofingplumbing.com.au"
2a03:2880:f800:10:: - - [18/Jul/2025:14:55:33 +0000] "GET /shopbrand/347449874 HTTP/1.1" 404 11695 "-" "meta-externalagent/1.1 (+https://developers.facebook.com/docs/sharing/webmasters/crawler)"
20.171.207.99 - - [18/Jul/2025:14:55:54 +0000] "GET /search.php?romantic278046329.html HTTP/1.1" 200 87214 "-" "Mozilla/5.0 AppleWebKit/537.36 (KHTML, like Gecko; compatible; GPTBot/1.2; +https://openai.com/gptbot)"
209.74.77.214 - - [18/Jul/2025:14:56:56 +0000] "POST /wp-cron.php?doing_wp_cron=1752850616.7469389438629150390625 HTTP/1.1" 403 33 "-" "WordPress/6.8.2; https://topflowroofingplumbing.com.au"
51.222.253.10 - - [18/Jul/2025:14:56:54 +0000] "GET /shopbrand/60223369 HTTP/1.1" 404 11695 "-" "Mozilla/5.0 (compatible; AhrefsBot/7.0; +http://ahrefs.com/robot/)"
20.171.207.99 - - [18/Jul/2025:14:56:57 +0000] "GET /search.php?zhHant%2Fproduct%2Fsurugaya%2Ftkonline-mwc50bsoviton_7219%3Fcampaign_uid=f64d716db5e979ed2f947dbaf4296895b951ae7f HTTP/1.1" 200 86324 "-" "Mozilla/5.0 AppleWebKit/537.36 (KHTML, like Gecko; compatible; GPTBot/1.2; +https://openai.com/gptbot)"
66.249.73.97 - - [18/Jul/2025:14:57:51 +0000] "GET /pcmypage?callback=product%2Fdetail%2Ffrontop-vx76l63wrc4qw2qy46scscm4o4-imp-1 HTTP/1.1" 200 85758 "-" "Mozilla/5.0 (Linux; Android 6.0.1; Nexus 5X Build/MMB29P) AppleWebKit/537.36 (KHTML, like Gecko) Chrome/137.0.7151.103 Mobile Safari/537.36 (compatible; Googlebot/2.1; +http://www.google.com/bot.html)"
20.171.207.99 - - [18/Jul/2025:14:58:01 +0000] "GET /search.php?tension176032857.html HTTP/1.1" 200 86750 "-" "Mozilla/5.0 AppleWebKit/537.36 (KHTML, like Gecko; compatible; GPTBot/1.2; +https://openai.com/gptbot)"
20.171.207.99 - - [18/Jul/2025:14:59:06 +0000] "GET /search.php?monitor176032855.html HTTP/1.1" 200 87784 "-" "Mozilla/5.0 AppleWebKit/537.36 (KHTML, like Gecko; compatible; GPTBot/1.2; +https://openai.com/gptbot)"
66.249.73.96 - - [18/Jul/2025:14:59:54 +0000] "GET /category/1_2_3/1/listing HTTP/1.1" 200 85797 "-" "Mozilla/5.0 (Linux; Android 6.0.1; Nexus 5X Build/MMB29P) AppleWebKit/537.36 (KHTML, like Gecko) Chrome/137.0.7151.103 Mobile Safari/537.36 (compatible; Googlebot/2.1; +http://www.google.com/bot.html)"
20.171.207.99 - - [18/Jul/2025:15:00:12 +0000] "GET /search.php?favorite228014683.html HTTP/1.1" 200 86115 "-" "Mozilla/5.0 AppleWebKit/537.36 (KHTML, like Gecko; compatible; GPTBot/1.2; +https://openai.com/gptbot)"
20.171.207.99 - - [18/Jul/2025:15:01:17 +0000] "GET /search.php?items%2F041000786.html%3Fsrsltid=AfmBOowebBFIeCpDSXIsuvYpUcQdHtzRZ3nBmUmazhqsgKjAimWy HTTP/1.1" 200 87085 "-" "Mozilla/5.0 AppleWebKit/537.36 (KHTML, like Gecko; compatible; GPTBot/1.2; +https://openai.com/gptbot)"
20.171.207.99 - - [18/Jul/2025:15:02:18 +0000] "GET /search.php?nutrient129047630.html HTTP/1.1" 200 86020 "-" "Mozilla/5.0 AppleWebKit/537.36 (KHTML, like Gecko; compatible; GPTBot/1.2; +https://openai.com/gptbot)"
51.222.253.19 - - [18/Jul/2025:15:02:34 +0000] "GET /?sitemap278.xml HTTP/1.1" 200 33 "-" "Mozilla/5.0 (compatible; AhrefsBot/7.0; +http://ahrefs.com/robot/)"
209.74.77.214 - - [18/Jul/2025:15:03:16 +0000] "POST /wp-cron.php?doing_wp_cron=1752850996.6388909816741943359375 HTTP/1.1" 403 33 "-" "WordPress/6.8.2; https://topflowroofingplumbing.com.au"
2a03:2880:f800:: - - [18/Jul/2025:15:03:14 +0000] "GET /shopbrand/68013428 HTTP/1.1" 404 11695 "-" "meta-externalagent/1.1 (+https://developers.facebook.com/docs/sharing/webmasters/crawler)"
20.171.207.99 - - [18/Jul/2025:15:03:18 +0000] "GET /search.php?genetic193042570.html HTTP/1.1" 200 86466 "-" "Mozilla/5.0 AppleWebKit/537.36 (KHTML, like Gecko; compatible; GPTBot/1.2; +https://openai.com/gptbot)"
20.171.207.99 - - [18/Jul/2025:15:04:18 +0000] "GET /search.php?station176032847.html HTTP/1.1" 200 86575 "-" "Mozilla/5.0 AppleWebKit/537.36 (KHTML, like Gecko; compatible; GPTBot/1.2; +https://openai.com/gptbot)"
4.227.36.7 - - [18/Jul/2025:15:04:21 +0000] "GET /robots.txt HTTP/1.1" 304 - "-" "Mozilla/5.0 AppleWebKit/537.36 (KHTML, like Gecko; compatible; GPTBot/1.2; +https://openai.com/gptbot)"
20.171.207.99 - - [18/Jul/2025:15:05:24 +0000] "GET /search.php?items%2F023000006.html%3Fsrsltid=AfmBOodluPVERTfruHtyblDgOJpnZsbTUhchPUr7re9zDn7defLU HTTP/1.1" 200 87387 "-" "Mozilla/5.0 AppleWebKit/537.36 (KHTML, like Gecko; compatible; GPTBot/1.2; +https://openai.com/gptbot)"
20.171.207.99 - - [18/Jul/2025:15:06:27 +0000] "GET /search.php?attorney197045618.html HTTP/1.1" 200 87192 "-" "Mozilla/5.0 AppleWebKit/537.36 (KHTML, like Gecko; compatible; GPTBot/1.2; +https://openai.com/gptbot)"
20.171.207.99 - - [18/Jul/2025:15:07:32 +0000] "GET /search.php?birthday176032855.html HTTP/1.1" 200 87051 "-" "Mozilla/5.0 AppleWebKit/537.36 (KHTML, like Gecko; compatible; GPTBot/1.2; +https://openai.com/gptbot)"
20.171.207.99 - - [18/Jul/2025:15:08:37 +0000] "GET /search.php?m045000929%3Fsrsltid=AfmBOoNRcmCnbFBYuKghcg_J1Mj1uYad9_HyoH1NPC-P-XbBz24I8L HTTP/1.1" 200 86767 "-" "Mozilla/5.0 AppleWebKit/537.36 (KHTML, like Gecko; compatible; GPTBot/1.2; +https://openai.com/gptbot)"
51.222.253.6 - - [18/Jul/2025:15:09:07 +0000] "GET /?sitemap975.xml HTTP/1.1" 200 33 "-" "Mozilla/5.0 (compatible; AhrefsBot/7.0; +http://ahrefs.com/robot/)"
20.171.207.99 - - [18/Jul/2025:15:09:40 +0000] "GET /search.php?conduct038015673.html HTTP/1.1" 200 87354 "-" "Mozilla/5.0 AppleWebKit/537.36 (KHTML, like Gecko; compatible; GPTBot/1.2; +https://openai.com/gptbot)"
20.171.207.99 - - [18/Jul/2025:15:10:42 +0000] "GET /search.php?m293029415%3Fsrsltid=AfmBOoZEclplfeMtKhdGqE_UrkVetaEAe_v7UDTcfO-P-bTWeIxTt5 HTTP/1.1" 200 87656 "-" "Mozilla/5.0 AppleWebKit/537.36 (KHTML, like Gecko; compatible; GPTBot/1.2; +https://openai.com/gptbot)"
209.74.77.214 - - [18/Jul/2025:15:11:13 +0000] "POST /wp-cron.php?doing_wp_cron=1752851473.5446019172668457031250 HTTP/1.1" 403 33 "-" "WordPress/6.8.2; https://topflowroofingplumbing.com.au"
2a03:2880:f800:5:: - - [18/Jul/2025:15:11:12 +0000] "GET /shopbrand/347496610 HTTP/1.1" 404 11695 "-" "meta-externalagent/1.1 (+https://developers.facebook.com/docs/sharing/webmasters/crawler)"
2a03:2880:f800:5:: - - [18/Jul/2025:15:11:18 +0000] "GET /shopbrand/347498071 HTTP/1.1" 404 11695 "-" "meta-externalagent/1.1 (+https://developers.facebook.com/docs/sharing/webmasters/crawler)"
20.171.207.99 - - [18/Jul/2025:15:11:42 +0000] "GET /search.php?m002000118%3Fsrsltid=AfmBOoqYVuGKJUwv9bsTgf_lndtHx5EkE_2tTBpSqI-C-WTesSKSVQ HTTP/1.1" 200 86637 "-" "Mozilla/5.0 AppleWebKit/537.36 (KHTML, like Gecko; compatible; GPTBot/1.2; +https://openai.com/gptbot)"
2a03:2880:f800:c:: - - [18/Jul/2025:15:12:03 +0000] "GET /shopbrand/68017986 HTTP/1.1" 404 11695 "-" "meta-externalagent/1.1 (+https://developers.facebook.com/docs/sharing/webmasters/crawler)"
20.171.207.99 - - [18/Jul/2025:15:12:47 +0000] "GET /search.php?directly189045264.html HTTP/1.1" 200 86247 "-" "Mozilla/5.0 AppleWebKit/537.36 (KHTML, like Gecko; compatible; GPTBot/1.2; +https://openai.com/gptbot)"
20.171.207.99 - - [18/Jul/2025:15:13:51 +0000] "GET /search.php?ability193042572.html HTTP/1.1" 200 87487 "-" "Mozilla/5.0 AppleWebKit/537.36 (KHTML, like Gecko; compatible; GPTBot/1.2; +https://openai.com/gptbot)"
209.74.77.214 - - [18/Jul/2025:15:14:13 +0000] "POST /wp-cron.php?doing_wp_cron=1752851653.5279560089111328125000 HTTP/1.1" 403 33 "-" "WordPress/6.8.2; https://topflowroofingplumbing.com.au"
51.222.253.9 - - [18/Jul/2025:15:14:12 +0000] "GET /shopbrand/13613360 HTTP/1.1" 404 11695 "-" "Mozilla/5.0 (compatible; AhrefsBot/7.0; +http://ahrefs.com/robot/)"
20.171.207.99 - - [18/Jul/2025:15:14:53 +0000] "GET /search.php?involved056037875.html HTTP/1.1" 200 87820 "-" "Mozilla/5.0 AppleWebKit/537.36 (KHTML, like Gecko; compatible; GPTBot/1.2; +https://openai.com/gptbot)"
20.171.207.99 - - [18/Jul/2025:15:15:57 +0000] "GET /search.php?drawing118038463.html HTTP/1.1" 200 86941 "-" "Mozilla/5.0 AppleWebKit/537.36 (KHTML, like Gecko; compatible; GPTBot/1.2; +https://openai.com/gptbot)"
20.171.207.99 - - [18/Jul/2025:15:17:00 +0000] "GET /search.php?abandon176032871.html HTTP/1.1" 200 87790 "-" "Mozilla/5.0 AppleWebKit/537.36 (KHTML, like Gecko; compatible; GPTBot/1.2; +https://openai.com/gptbot)"
209.74.77.214 - - [18/Jul/2025:15:17:05 +0000] "POST /wp-cron.php?doing_wp_cron=1752851824.9331901073455810546875 HTTP/1.1" 403 33 "-" "WordPress/6.8.2; https://topflowroofingplumbing.com.au"
2a03:2880:f800:6:: - - [18/Jul/2025:15:17:03 +0000] "GET /shopbrand/347419397 HTTP/1.1" 404 11695 "-" "meta-externalagent/1.1 (+https://developers.facebook.com/docs/sharing/webmasters/crawler)"
20.171.207.99 - - [18/Jul/2025:15:18:03 +0000] "GET /search.php?probably193042572.html HTTP/1.1" 200 86913 "-" "Mozilla/5.0 AppleWebKit/537.36 (KHTML, like Gecko; compatible; GPTBot/1.2; +https://openai.com/gptbot)"
209.74.77.214 - - [18/Jul/2025:15:18:41 +0000] "POST /wp-cron.php?doing_wp_cron=1752851921.7421040534973144531250 HTTP/1.1" 403 33 "-" "WordPress/6.8.2; https://topflowroofingplumbing.com.au"
2a03:2880:f800:14:: - - [18/Jul/2025:15:18:40 +0000] "GET /shopbrand/68030176 HTTP/1.1" 404 11695 "-" "meta-externalagent/1.1 (+https://developers.facebook.com/docs/sharing/webmasters/crawler)"
2a03:2880:f800:1d:: - - [18/Jul/2025:15:18:52 +0000] "GET /shopbrand/67971762 HTTP/1.1" 404 11695 "-" "meta-externalagent/1.1 (+https://developers.facebook.com/docs/sharing/webmasters/crawler)"
2a03:2880:f800:15:: - - [18/Jul/2025:15:18:55 +0000] "GET /shopbrand/347517911 HTTP/1.1" 404 11695 "-" "meta-externalagent/1.1 (+https://developers.facebook.com/docs/sharing/webmasters/crawler)"
2a03:2880:f800:10:: - - [18/Jul/2025:15:18:56 +0000] "GET /shopbrand/347466197 HTTP/1.1" 404 11695 "-" "meta-externalagent/1.1 (+https://developers.facebook.com/docs/sharing/webmasters/crawler)"
51.222.253.9 - - [18/Jul/2025:15:19:04 +0000] "GET /shopbrand/17090899 HTTP/1.1" 404 11695 "-" "Mozilla/5.0 (compatible; AhrefsBot/7.0; +http://ahrefs.com/robot/)"
20.171.207.99 - - [18/Jul/2025:15:19:07 +0000] "GET /search.php?behavior197045624.html HTTP/1.1" 200 86885 "-" "Mozilla/5.0 AppleWebKit/537.36 (KHTML, like Gecko; compatible; GPTBot/1.2; +https://openai.com/gptbot)"
20.171.207.99 - - [18/Jul/2025:15:20:12 +0000] "GET /search.php?decorate176032845.html HTTP/1.1" 200 90280 "-" "Mozilla/5.0 AppleWebKit/537.36 (KHTML, like Gecko; compatible; GPTBot/1.2; +https://openai.com/gptbot)"
66.249.73.97 - - [18/Jul/2025:15:20:23 +0000] "GET /shopbrand/390085265 HTTP/1.1" 200 86314 "-" "Mozilla/5.0 (Linux; Android 6.0.1; Nexus 5X Build/MMB29P) AppleWebKit/537.36 (KHTML, like Gecko) Chrome/137.0.7151.103 Mobile Safari/537.36 (compatible; Googlebot/2.1; +http://www.google.com/bot.html)"
209.74.77.214 - - [18/Jul/2025:15:20:30 +0000] "POST /wp-cron.php?doing_wp_cron=1752852030.3441700935363769531250 HTTP/1.1" 403 33 "-" "WordPress/6.8.2; https://topflowroofingplumbing.com.au"
2a03:2880:f800:1a:: - - [18/Jul/2025:15:20:29 +0000] "GET /shopdetail/50690752 HTTP/1.1" 404 11695 "-" "meta-externalagent/1.1 (+https://developers.facebook.com/docs/sharing/webmasters/crawler)"
2a03:2880:f800:2:: - - [18/Jul/2025:15:21:15 +0000] "GET /shopbrand/347488197 HTTP/1.1" 404 11695 "-" "meta-externalagent/1.1 (+https://developers.facebook.com/docs/sharing/webmasters/crawler)"
20.171.207.99 - - [18/Jul/2025:15:21:17 +0000] "GET /search.php?dissolve046021453.html HTTP/1.1" 200 86880 "-" "Mozilla/5.0 AppleWebKit/537.36 (KHTML, like Gecko; compatible; GPTBot/1.2; +https://openai.com/gptbot)"
20.171.207.99 - - [18/Jul/2025:15:22:21 +0000] "GET /search.php?constant197045628.html HTTP/1.1" 200 87821 "-" "Mozilla/5.0 AppleWebKit/537.36 (KHTML, like Gecko; compatible; GPTBot/1.2; +https://openai.com/gptbot)"
20.171.207.99 - - [18/Jul/2025:15:23:26 +0000] "GET /search.php?occasion193042566.html HTTP/1.1" 200 88110 "-" "Mozilla/5.0 AppleWebKit/537.36 (KHTML, like Gecko; compatible; GPTBot/1.2; +https://openai.com/gptbot)"
209.74.77.214 - - [18/Jul/2025:15:23:48 +0000] "POST /wp-cron.php?doing_wp_cron=1752852228.7623579502105712890625 HTTP/1.1" 403 33 "-" "WordPress/6.8.2; https://topflowroofingplumbing.com.au"
51.222.253.3 - - [18/Jul/2025:15:23:47 +0000] "GET /shopbrand/233889 HTTP/1.1" 404 11695 "-" "Mozilla/5.0 (compatible; AhrefsBot/7.0; +http://ahrefs.com/robot/)"
20.171.207.99 - - [18/Jul/2025:15:24:31 +0000] "GET /search.php?items%2F092000989.html%3Fsrsltid=AfmBOotrvFZmJuhdykNgEUMOLEtJiuNTJ62dMxvM45XaZP87QOQv HTTP/1.1" 200 87928 "-" "Mozilla/5.0 AppleWebKit/537.36 (KHTML, like Gecko; compatible; GPTBot/1.2; +https://openai.com/gptbot)"
20.171.207.99 - - [18/Jul/2025:15:25:35 +0000] "GET /search.php?builder168023389.html HTTP/1.1" 200 89710 "-" "Mozilla/5.0 AppleWebKit/537.36 (KHTML, like Gecko; compatible; GPTBot/1.2; +https://openai.com/gptbot)"
20.171.207.99 - - [18/Jul/2025:15:26:37 +0000] "GET /search.php?landing082009713.html HTTP/1.1" 200 87955 "-" "Mozilla/5.0 AppleWebKit/537.36 (KHTML, like Gecko; compatible; GPTBot/1.2; +https://openai.com/gptbot)"
209.74.77.214 - - [18/Jul/2025:15:27:19 +0000] "POST /wp-cron.php?doing_wp_cron=1752852439.6433660984039306640625 HTTP/1.1" 403 33 "-" "WordPress/6.8.2; https://topflowroofingplumbing.com.au"
2a03:2880:f800:15:: - - [18/Jul/2025:15:27:17 +0000] "GET /shopbrand/67927104 HTTP/1.1" 404 11695 "-" "meta-externalagent/1.1 (+https://developers.facebook.com/docs/sharing/webmasters/crawler)"
2a03:2880:f800:f:: - - [18/Jul/2025:15:27:35 +0000] "GET /shopbrand/68018753 HTTP/1.1" 404 11695 "-" "meta-externalagent/1.1 (+https://developers.facebook.com/docs/sharing/webmasters/crawler)"
20.171.207.99 - - [18/Jul/2025:15:27:41 +0000] "GET /search.php?religion084021371.html HTTP/1.1" 200 87280 "-" "Mozilla/5.0 AppleWebKit/537.36 (KHTML, like Gecko; compatible; GPTBot/1.2; +https://openai.com/gptbot)"
20.171.207.99 - - [18/Jul/2025:15:28:43 +0000] "GET /search.php?fortune159031706.html HTTP/1.1" 200 87519 "-" "Mozilla/5.0 AppleWebKit/537.36 (KHTML, like Gecko; compatible; GPTBot/1.2; +https://openai.com/gptbot)"
209.74.77.214 - - [18/Jul/2025:15:28:45 +0000] "POST /wp-cron.php?doing_wp_cron=1752852525.7453260421752929687500 HTTP/1.1" 403 33 "-" "WordPress/6.8.2; https://topflowroofingplumbing.com.au"
51.222.253.4 - - [18/Jul/2025:15:28:44 +0000] "GET /shopbrand/23404152 HTTP/1.1" 404 11695 "-" "Mozilla/5.0 (compatible; AhrefsBot/7.0; +http://ahrefs.com/robot/)"
20.171.207.99 - - [18/Jul/2025:15:29:44 +0000] "GET /search.php?m048000500%3Fsrsltid=AfmBOoXUsrdUEQYLCVOpnh_e0HiTsvhmH_JDRd8Htb-S-Vb0d1qHML HTTP/1.1" 200 87362 "-" "Mozilla/5.0 AppleWebKit/537.36 (KHTML, like Gecko; compatible; GPTBot/1.2; +https://openai.com/gptbot)"
209.74.77.214 - - [18/Jul/2025:15:29:50 +0000] "POST /wp-cron.php?doing_wp_cron=1752852590.3737089633941650390625 HTTP/1.1" 403 33 "-" "WordPress/6.8.2; https://topflowroofingplumbing.com.au"
2a03:2880:f800:2:: - - [18/Jul/2025:15:29:49 +0000] "GET /shopbrand/68000286 HTTP/1.1" 404 11695 "-" "meta-externalagent/1.1 (+https://developers.facebook.com/docs/sharing/webmasters/crawler)"
20.171.207.99 - - [18/Jul/2025:15:30:46 +0000] "GET /search.php?m080000188%3Fsrsltid=AfmBOojQslKpuGRNyPsm3R_gqtTJzP0xr_BOPAgSWn-G-Gx7A1gKNx HTTP/1.1" 200 86466 "-" "Mozilla/5.0 AppleWebKit/537.36 (KHTML, like Gecko; compatible; GPTBot/1.2; +https://openai.com/gptbot)"
20.171.207.99 - - [18/Jul/2025:15:31:49 +0000] "GET /search.php?items%2F001000898.html%3Fsrsltid=AfmBOogvorkfzFMAzrySl7ZzKprZCpWlVBVeqdbii2Zoonw4ouJJ HTTP/1.1" 200 86198 "-" "Mozilla/5.0 AppleWebKit/537.36 (KHTML, like Gecko; compatible; GPTBot/1.2; +https://openai.com/gptbot)"
20.171.207.99 - - [18/Jul/2025:15:32:50 +0000] "GET /search.php?m051000531%3Fsrsltid=AfmBOoUnKgbqQBHF1b1m8Y_vZNeTS1YNc_Q6OcLhd6-P-adQL9FeVe HTTP/1.1" 200 87163 "-" "Mozilla/5.0 AppleWebKit/537.36 (KHTML, like Gecko; compatible; GPTBot/1.2; +https://openai.com/gptbot)"
209.74.77.214 - - [18/Jul/2025:15:33:32 +0000] "POST /wp-cron.php?doing_wp_cron=1752852812.6744749546051025390625 HTTP/1.1" 403 33 "-" "WordPress/6.8.2; https://topflowroofingplumbing.com.au"
51.222.253.10 - - [18/Jul/2025:15:33:30 +0000] "GET /shopbrand/27951858 HTTP/1.1" 404 11695 "-" "Mozilla/5.0 (compatible; AhrefsBot/7.0; +http://ahrefs.com/robot/)"
2a03:2880:f800:11:: - - [18/Jul/2025:15:33:49 +0000] "GET /shopbrand/68012649 HTTP/1.1" 404 11695 "-" "meta-externalagent/1.1 (+https://developers.facebook.com/docs/sharing/webmasters/crawler)"
20.171.207.99 - - [18/Jul/2025:15:33:51 +0000] "GET /search.php?safe_search%2Fconfig%3Freturn_url=%2Fproduct%2Fdetail%2Farde-1130-essf-2-50 HTTP/1.1" 200 87382 "-" "Mozilla/5.0 AppleWebKit/537.36 (KHTML, like Gecko; compatible; GPTBot/1.2; +https://openai.com/gptbot)"
20.171.207.99 - - [18/Jul/2025:15:34:52 +0000] "GET /search.php?convince137049154.html HTTP/1.1" 200 86646 "-" "Mozilla/5.0 AppleWebKit/537.36 (KHTML, like Gecko; compatible; GPTBot/1.2; +https://openai.com/gptbot)"
20.171.207.99 - - [18/Jul/2025:15:35:55 +0000] "GET /search.php?display137048954.html HTTP/1.1" 200 86709 "-" "Mozilla/5.0 AppleWebKit/537.36 (KHTML, like Gecko; compatible; GPTBot/1.2; +https://openai.com/gptbot)"
209.74.77.214 - - [18/Jul/2025:15:36:27 +0000] "POST /wp-cron.php?doing_wp_cron=1752852987.5877270698547363281250 HTTP/1.1" 403 33 "-" "WordPress/6.8.2; https://topflowroofingplumbing.com.au"
2a03:2880:f800:19:: - - [18/Jul/2025:15:36:26 +0000] "GET /shopbrand/347385274 HTTP/1.1" 404 11695 "-" "meta-externalagent/1.1 (+https://developers.facebook.com/docs/sharing/webmasters/crawler)"
2a03:2880:f800:7:: - - [18/Jul/2025:15:36:31 +0000] "GET /shopbrand/67961529 HTTP/1.1" 404 11695 "-" "meta-externalagent/1.1 (+https://developers.facebook.com/docs/sharing/webmasters/crawler)"
2a03:2880:f800:16:: - - [18/Jul/2025:15:36:37 +0000] "GET /shopbrand/68024517 HTTP/1.1" 404 11695 "-" "meta-externalagent/1.1 (+https://developers.facebook.com/docs/sharing/webmasters/crawler)"
2a03:2880:f800:1a:: - - [18/Jul/2025:15:36:40 +0000] "GET /shopbrand/347501588 HTTP/1.1" 404 11695 "-" "meta-externalagent/1.1 (+https://developers.facebook.com/docs/sharing/webmasters/crawler)"
2a03:2880:f800:7:: - - [18/Jul/2025:15:36:49 +0000] "GET /shopbrand/67910000 HTTP/1.1" 404 11695 "-" "meta-externalagent/1.1 (+https://developers.facebook.com/docs/sharing/webmasters/crawler)"
2a03:2880:f800:8:: - - [18/Jul/2025:15:36:57 +0000] "GET /shopbrand/347485948 HTTP/1.1" 404 11695 "-" "meta-externalagent/1.1 (+https://developers.facebook.com/docs/sharing/webmasters/crawler)"
20.171.207.99 - - [18/Jul/2025:15:36:57 +0000] "GET /search.php?regulate189045276.html HTTP/1.1" 200 87105 "-" "Mozilla/5.0 AppleWebKit/537.36 (KHTML, like Gecko; compatible; GPTBot/1.2; +https://openai.com/gptbot)"
2a03:2880:f800:10:: - - [18/Jul/2025:15:37:07 +0000] "GET /shopbrand/67938168 HTTP/1.1" 404 11695 "-" "meta-externalagent/1.1 (+https://developers.facebook.com/docs/sharing/webmasters/crawler)"
2a03:2880:f800:: - - [18/Jul/2025:15:37:08 +0000] "GET /shopbrand/347520560 HTTP/1.1" 404 11695 "-" "meta-externalagent/1.1 (+https://developers.facebook.com/docs/sharing/webmasters/crawler)"
20.171.207.99 - - [18/Jul/2025:15:38:01 +0000] "GET /search.php?generous199046824.html HTTP/1.1" 200 86898 "-" "Mozilla/5.0 AppleWebKit/537.36 (KHTML, like Gecko; compatible; GPTBot/1.2; +https://openai.com/gptbot)"
209.74.77.214 - - [18/Jul/2025:15:38:03 +0000] "POST /wp-cron.php?doing_wp_cron=1752853083.5787100791931152343750 HTTP/1.1" 403 33 "-" "WordPress/6.8.2; https://topflowroofingplumbing.com.au"
51.222.253.17 - - [18/Jul/2025:15:38:02 +0000] "GET /shopbrand/27986404 HTTP/1.1" 404 11695 "-" "Mozilla/5.0 (compatible; AhrefsBot/7.0; +http://ahrefs.com/robot/)"
20.171.207.99 - - [18/Jul/2025:15:39:07 +0000] "GET /search.php?worried198007437.html HTTP/1.1" 200 86882 "-" "Mozilla/5.0 AppleWebKit/537.36 (KHTML, like Gecko; compatible; GPTBot/1.2; +https://openai.com/gptbot)"
209.74.77.214 - - [18/Jul/2025:15:40:10 +0000] "POST /wp-cron.php?doing_wp_cron=1752853210.3590888977050781250000 HTTP/1.1" 403 33 "-" "WordPress/6.8.2; https://topflowroofingplumbing.com.au"
20.171.207.99 - - [18/Jul/2025:15:40:08 +0000] "GET /?_bd_prev_page=https%3A%2F%2Ftopflowroofingplumbing.com.au%2Fsuper.php%3Fm122017510%3Fsrsltid%3DAfmBOoVGAJuJSGfeSUf6wD_gC2Z5KRxDN_l7ajcSIZ-B-76F13UDHN&_bdsid=gj9gbu.n%7EXKZYM.173731041.175731817&_gz=2.190550713.194459015.171265578-867736498.163300847 HTTP/1.1" 301 - "-" "Mozilla/5.0 AppleWebKit/537.36 (KHTML, like Gecko; compatible; GPTBot/1.2; +https://openai.com/gptbot)"
20.171.207.99 - - [18/Jul/2025:15:40:11 +0000] "GET /?_bd_prev_page=https%3A%2F%2Ftopflowroofingplumbing.com.au%2Fsuper.php%3Fm122017510%3Fsrsltid%3DAfmBOoVGAJuJSGfeSUf6wD_gC2Z5KRxDN_l7ajcSIZ-B-76F13UDHN&_bdsid=gj9gbu.n~XKZYM.173731041.175731817&_gz=2.190550713.194459015.171265578-867736498.163300847 HTTP/1.1" 200 17671 "-" "Mozilla/5.0 AppleWebKit/537.36 (KHTML, like Gecko; compatible; GPTBot/1.2; +https://openai.com/gptbot)"
20.171.207.99 - - [18/Jul/2025:15:41:11 +0000] "GET /search.php?items%2F045001056.html%3Fsrsltid=AfmBOolwdrCGXCDfpTOEXLM1ZSDUPkKpp3fpKTy0Ys98ZbwRDECH HTTP/1.1" 200 86968 "-" "Mozilla/5.0 AppleWebKit/537.36 (KHTML, like Gecko; compatible; GPTBot/1.2; +https://openai.com/gptbot)"
209.74.77.214 - - [18/Jul/2025:15:41:12 +0000] "POST /wp-cron.php?doing_wp_cron=1752853272.7906680107116699218750 HTTP/1.1" 403 33 "-" "WordPress/6.8.2; https://topflowroofingplumbing.com.au"
2a03:2880:f800:1b:: - - [18/Jul/2025:15:41:11 +0000] "GET /shopbrand/347418630 HTTP/1.1" 404 11695 "-" "meta-externalagent/1.1 (+https://developers.facebook.com/docs/sharing/webmasters/crawler)"
2a03:2880:f800:1c:: - - [18/Jul/2025:15:41:46 +0000] "GET /shopbrand/67911635 HTTP/1.1" 404 11695 "-" "meta-externalagent/1.1 (+https://developers.facebook.com/docs/sharing/webmasters/crawler)"
51.222.253.7 - - [18/Jul/2025:15:42:03 +0000] "GET /shopbrand/33693320 HTTP/1.1" 404 11695 "-" "Mozilla/5.0 (compatible; AhrefsBot/7.0; +http://ahrefs.com/robot/)"
20.171.207.99 - - [18/Jul/2025:15:42:12 +0000] "GET /search.php?pcmypage%3Fcallback=product%2Fdetail%2Fabmstore-hks-45003-ak015-1002 HTTP/1.1" 200 86627 "-" "Mozilla/5.0 AppleWebKit/537.36 (KHTML, like Gecko; compatible; GPTBot/1.2; +https://openai.com/gptbot)"
209.74.77.214 - - [18/Jul/2025:15:42:17 +0000] "POST /wp-cron.php?doing_wp_cron=1752853337.6987810134887695312500 HTTP/1.1" 403 33 "-" "WordPress/6.8.2; https://topflowroofingplumbing.com.au"
2a03:2880:f800:6:: - - [18/Jul/2025:15:42:17 +0000] "GET /shopbrand/347479168 HTTP/1.1" 404 11695 "-" "meta-externalagent/1.1 (+https://developers.facebook.com/docs/sharing/webmasters/crawler)"
2a03:2880:f800:16:: - - [18/Jul/2025:15:42:19 +0000] "GET /shopbrand/67969179 HTTP/1.1" 404 11695 "-" "meta-externalagent/1.1 (+https://developers.facebook.com/docs/sharing/webmasters/crawler)"
2a03:2880:f800:14:: - - [18/Jul/2025:15:42:19 +0000] "GET /shopbrand/347514819 HTTP/1.1" 404 11695 "-" "meta-externalagent/1.1 (+https://developers.facebook.com/docs/sharing/webmasters/crawler)"
2a03:2880:f800:17:: - - [18/Jul/2025:15:42:20 +0000] "GET /shopbrand/67943320 HTTP/1.1" 404 11695 "-" "meta-externalagent/1.1 (+https://developers.facebook.com/docs/sharing/webmasters/crawler)"
2a03:2880:f800:c:: - - [18/Jul/2025:15:42:34 +0000] "GET /shopbrand/67907013 HTTP/1.1" 404 11695 "-" "meta-externalagent/1.1 (+https://developers.facebook.com/docs/sharing/webmasters/crawler)"
2a03:2880:f800:10:: - - [18/Jul/2025:15:42:36 +0000] "GET /shopbrand/68004063 HTTP/1.1" 404 11695 "-" "meta-externalagent/1.1 (+https://developers.facebook.com/docs/sharing/webmasters/crawler)"
2a03:2880:f800:1b:: - - [18/Jul/2025:15:42:39 +0000] "GET /shopbrand/68005182 HTTP/1.1" 404 11695 "-" "meta-externalagent/1.1 (+https://developers.facebook.com/docs/sharing/webmasters/crawler)"
2a03:2880:f800:3:: - - [18/Jul/2025:15:42:41 +0000] "GET /shopbrand/347432706 HTTP/1.1" 404 11695 "-" "meta-externalagent/1.1 (+https://developers.facebook.com/docs/sharing/webmasters/crawler)"
20.171.207.99 - - [18/Jul/2025:15:43:17 +0000] "GET /search.php?factory286035977.html HTTP/1.1" 200 86283 "-" "Mozilla/5.0 AppleWebKit/537.36 (KHTML, like Gecko; compatible; GPTBot/1.2; +https://openai.com/gptbot)"
20.171.207.99 - - [18/Jul/2025:15:44:21 +0000] "GET /search.php?product/edit/rcmdse-tm-2229324 HTTP/1.1" 200 86912 "-" "Mozilla/5.0 AppleWebKit/537.36 (KHTML, like Gecko; compatible; GPTBot/1.2; +https://openai.com/gptbot)"
209.74.77.214 - - [18/Jul/2025:15:45:16 +0000] "POST /wp-cron.php?doing_wp_cron=1752853516.5041470527648925781250 HTTP/1.1" 403 33 "-" "WordPress/6.8.2; https://topflowroofingplumbing.com.au"
2a03:2880:f800:6:: - - [18/Jul/2025:15:45:14 +0000] "GET /shopbrand/67953557 HTTP/1.1" 404 11695 "-" "meta-externalagent/1.1 (+https://developers.facebook.com/docs/sharing/webmasters/crawler)"
2a03:2880:f800:3:: - - [18/Jul/2025:15:45:22 +0000] "GET /shopbrand/347513778 HTTP/1.1" 404 11695 "-" "meta-externalagent/1.1 (+https://developers.facebook.com/docs/sharing/webmasters/crawler)"
20.171.207.99 - - [18/Jul/2025:15:45:23 +0000] "GET /search.php?obvious069036018.html HTTP/1.1" 200 88594 "-" "Mozilla/5.0 AppleWebKit/537.36 (KHTML, like Gecko; compatible; GPTBot/1.2; +https://openai.com/gptbot)"
2a03:2880:f800:5:: - - [18/Jul/2025:15:45:24 +0000] "GET /shopbrand/347488108 HTTP/1.1" 404 11695 "-" "meta-externalagent/1.1 (+https://developers.facebook.com/docs/sharing/webmasters/crawler)"
2a03:2880:f800:f:: - - [18/Jul/2025:15:45:32 +0000] "GET /shopbrand/347412085 HTTP/1.1" 404 11695 "-" "meta-externalagent/1.1 (+https://developers.facebook.com/docs/sharing/webmasters/crawler)"
2a03:2880:f800:13:: - - [18/Jul/2025:15:45:32 +0000] "GET /shopbrand/347423848 HTTP/1.1" 404 11695 "-" "meta-externalagent/1.1 (+https://developers.facebook.com/docs/sharing/webmasters/crawler)"
2a03:2880:f800:1:: - - [18/Jul/2025:15:45:36 +0000] "GET /shopbrand/347446168 HTTP/1.1" 404 11695 "-" "meta-externalagent/1.1 (+https://developers.facebook.com/docs/sharing/webmasters/crawler)"
2a03:2880:f800:3:: - - [18/Jul/2025:15:45:36 +0000] "GET /shopbrand/347511807 HTTP/1.1" 404 11695 "-" "meta-externalagent/1.1 (+https://developers.facebook.com/docs/sharing/webmasters/crawler)"
2a03:2880:f800:7:: - - [18/Jul/2025:15:45:41 +0000] "GET /shopbrand/347493497 HTTP/1.1" 404 11695 "-" "meta-externalagent/1.1 (+https://developers.facebook.com/docs/sharing/webmasters/crawler)"
2a03:2880:f800:1:: - - [18/Jul/2025:15:45:44 +0000] "GET /shopbrand/347435019 HTTP/1.1" 404 11695 "-" "meta-externalagent/1.1 (+https://developers.facebook.com/docs/sharing/webmasters/crawler)"
2a03:2880:f800:1d:: - - [18/Jul/2025:15:45:53 +0000] "GET /shopbrand/67943783 HTTP/1.1" 404 11695 "-" "meta-externalagent/1.1 (+https://developers.facebook.com/docs/sharing/webmasters/crawler)"
147.185.132.201 - - [18/Jul/2025:15:49:55 +0000] "GET /wp-login.php HTTP/1.1" 503 428 "-" "Hello from Palo Alto Networks, find out more about our scans in https://docs-cortex.paloaltonetworks.com/r/1/Cortex-Xpanse/Scanning-activity"
20.171.207.99 - - [18/Jul/2025:15:49:55 +0000] "GET /search.php?m072002240%3Fsrsltid=AfmBOoageGeXvVaB6turNJ_7liYhld5ho_Xz24XMf4-R-63NyU3D23 HTTP/1.1" 500 1004 "-" "Mozilla/5.0 AppleWebKit/537.36 (KHTML, like Gecko; compatible; GPTBot/1.2; +https://openai.com/gptbot)"
20.171.207.99 - - [18/Jul/2025:15:49:55 +0000] "GET /search.php?items%2F210012831.html%3Fsrsltid=AfmBOosveYFhQRvoEsqmviNUTyiaGRUFVty0EMlzpu9I2753d45E HTTP/1.1" 500 1004 "-" "Mozilla/5.0 AppleWebKit/537.36 (KHTML, like Gecko; compatible; GPTBot/1.2; +https://openai.com/gptbot)"
20.171.207.99 - - [18/Jul/2025:15:46:40 +0000] "GET /search.php?subject176032869.html HTTP/1.1" 500 1004 "-" "Mozilla/5.0 AppleWebKit/537.36 (KHTML, like Gecko; compatible; GPTBot/1.2; +https://openai.com/gptbot)"
20.171.207.99 - - [18/Jul/2025:15:50:47 +0000] "GET /search.php?combined174020907.html HTTP/1.1" 200 87009 "-" "Mozilla/5.0 AppleWebKit/537.36 (KHTML, like Gecko; compatible; GPTBot/1.2; +https://openai.com/gptbot)"
209.74.77.214 - - [18/Jul/2025:15:51:01 +0000] "POST /wp-cron.php?doing_wp_cron=1752853861.4413878917694091796875 HTTP/1.1" 403 33 "-" "WordPress/6.8.2; https://topflowroofingplumbing.com.au"
51.222.253.6 - - [18/Jul/2025:15:50:59 +0000] "GET /shopbrand/39860138 HTTP/1.1" 404 11695 "-" "Mozilla/5.0 (compatible; AhrefsBot/7.0; +http://ahrefs.com/robot/)"
2a03:2880:f800:1d:: - - [18/Jul/2025:15:51:17 +0000] "GET /shopbrand/68017372 HTTP/1.1" 404 11695 "-" "meta-externalagent/1.1 (+https://developers.facebook.com/docs/sharing/webmasters/crawler)"
20.171.207.99 - - [18/Jul/2025:15:51:49 +0000] "GET /search.php?adoption137049154.html HTTP/1.1" 200 87969 "-" "Mozilla/5.0 AppleWebKit/537.36 (KHTML, like Gecko; compatible; GPTBot/1.2; +https://openai.com/gptbot)"
66.249.73.96 - - [18/Jul/2025:15:52:13 +0000] "GET /%3Ccenter%3E%3Cimg%20src= HTTP/1.1" 200 85629 "-" "Mozilla/5.0 (compatible; Googlebot/2.1; +http://www.google.com/bot.html)"
209.74.77.214 - - [18/Jul/2025:15:52:30 +0000] "POST /wp-cron.php?doing_wp_cron=1752853950.0282568931579589843750 HTTP/1.1" 403 33 "-" "WordPress/6.8.2; https://topflowroofingplumbing.com.au"
2a03:2880:f800:6:: - - [18/Jul/2025:15:52:29 +0000] "GET /shopbrand/347515598 HTTP/1.1" 404 11695 "-" "meta-externalagent/1.1 (+https://developers.facebook.com/docs/sharing/webmasters/crawler)"
20.171.207.99 - - [18/Jul/2025:15:52:53 +0000] "GET /search.php?accident175038928.html HTTP/1.1" 200 86581 "-" "Mozilla/5.0 AppleWebKit/537.36 (KHTML, like Gecko; compatible; GPTBot/1.2; +https://openai.com/gptbot)"
20.171.207.99 - - [18/Jul/2025:15:53:59 +0000] "GET /search.php?domestic175038932.html HTTP/1.1" 200 88124 "-" "Mozilla/5.0 AppleWebKit/537.36 (KHTML, like Gecko; compatible; GPTBot/1.2; +https://openai.com/gptbot)"
