20.171.207.99 - - [18/Jul/2025:17:47:35 +0000] "GET /search.php?identify082019987.html HTTP/1.1" 200 87464 "-" "Mozilla/5.0 AppleWebKit/537.36 (KHTML, like Gecko; compatible; GPTBot/1.2; +https://openai.com/gptbot)"
20.171.207.99 - - [18/Jul/2025:17:48:38 +0000] "GET /search.php?violent140026833.html HTTP/1.1" 200 86453 "-" "Mozilla/5.0 AppleWebKit/537.36 (KHTML, like Gecko; compatible; GPTBot/1.2; +https://openai.com/gptbot)"
209.74.77.214 - - [18/Jul/2025:17:48:41 +0000] "POST /wp-cron.php?doing_wp_cron=1752860921.2401030063629150390625 HTTP/1.1" 403 33 "-" "WordPress/6.8.2; https://topflowroofingplumbing.com.au"
51.222.253.5 - - [18/Jul/2025:17:48:40 +0000] "GET /shopbrand/23383634 HTTP/1.1" 404 11695 "-" "Mozilla/5.0 (compatible; AhrefsBot/7.0; +http://ahrefs.com/robot/)"
20.171.207.99 - - [18/Jul/2025:17:49:38 +0000] "GET /search.php?m059000787%3Fsrsltid=AfmBOoPcveGoMnhPrNinwi_HKcPKuZ7oE_oJyo1UbQ-T-Rlr9ckBVG HTTP/1.1" 200 87122 "-" "Mozilla/5.0 AppleWebKit/537.36 (KHTML, like Gecko; compatible; GPTBot/1.2; +https://openai.com/gptbot)"
20.171.207.99 - - [18/Jul/2025:17:50:44 +0000] "GET /search.php?items%2F059000778.html%3Fsrsltid=AfmBOoalsvOVnTrHCpiSeSAzMiqmYcXdWBYb5pTfjqKjrUBIkuYN HTTP/1.1" 200 87138 "-" "Mozilla/5.0 AppleWebKit/537.36 (KHTML, like Gecko; compatible; GPTBot/1.2; +https://openai.com/gptbot)"
20.171.207.99 - - [18/Jul/2025:17:51:47 +0000] "GET /search.php?excited197045624.html HTTP/1.1" 200 87126 "-" "Mozilla/5.0 AppleWebKit/537.36 (KHTML, like Gecko; compatible; GPTBot/1.2; +https://openai.com/gptbot)"
209.74.77.214 - - [18/Jul/2025:17:52:49 +0000] "POST /wp-cron.php?doing_wp_cron=1752861169.7457890510559082031250 HTTP/1.1" 403 33 "-" "WordPress/6.8.2; https://topflowroofingplumbing.com.au"
209.74.77.214 - - [18/Jul/2025:17:52:49 +0000] "POST /wp-cron.php?doing_wp_cron=1752861169.7457749843597412109375 HTTP/1.1" 403 33 "-" "WordPress/6.8.2; https://topflowroofingplumbing.com.au"
2a03:2880:f800:1d:: - - [18/Jul/2025:17:52:48 +0000] "GET /shopbrand/67921868 HTTP/1.1" 404 11695 "-" "meta-externalagent/1.1 (+https://developers.facebook.com/docs/sharing/webmasters/crawler)"
2a03:2880:f800:1:: - - [18/Jul/2025:17:52:48 +0000] "GET /shopbrand/67950714 HTTP/1.1" 404 11695 "-" "meta-externalagent/1.1 (+https://developers.facebook.com/docs/sharing/webmasters/crawler)"
20.171.207.99 - - [18/Jul/2025:17:52:50 +0000] "GET /search.php?quality193046432.html HTTP/1.1" 200 87778 "-" "Mozilla/5.0 AppleWebKit/537.36 (KHTML, like Gecko; compatible; GPTBot/1.2; +https://openai.com/gptbot)"
2a03:2880:f800:7:: - - [18/Jul/2025:17:53:13 +0000] "GET /shopbrand/347474610 HTTP/1.1" 404 11695 "-" "meta-externalagent/1.1 (+https://developers.facebook.com/docs/sharing/webmasters/crawler)"
2a03:2880:f800:1c:: - - [18/Jul/2025:17:53:13 +0000] "GET /shopbrand/347488279 HTTP/1.1" 404 11695 "-" "meta-externalagent/1.1 (+https://developers.facebook.com/docs/sharing/webmasters/crawler)"
51.222.253.17 - - [18/Jul/2025:17:53:16 +0000] "GET /shopbrand/23390165 HTTP/1.1" 404 11695 "-" "Mozilla/5.0 (compatible; AhrefsBot/7.0; +http://ahrefs.com/robot/)"
20.171.207.99 - - [18/Jul/2025:17:53:51 +0000] "GET /search.php?visitor168045423.html HTTP/1.1" 200 86913 "-" "Mozilla/5.0 AppleWebKit/537.36 (KHTML, like Gecko; compatible; GPTBot/1.2; +https://openai.com/gptbot)"
20.171.207.99 - - [18/Jul/2025:17:54:54 +0000] "GET /search.php?command124005679.html HTTP/1.1" 200 87127 "-" "Mozilla/5.0 AppleWebKit/537.36 (KHTML, like Gecko; compatible; GPTBot/1.2; +https://openai.com/gptbot)"
66.249.73.97 - - [18/Jul/2025:17:55:51 +0000] "GET /pcmypage?callback=product/review/everydaydirect-rakue2042f6363 HTTP/1.1" 200 86776 "-" "Mozilla/5.0 (Linux; Android 6.0.1; Nexus 5X Build/MMB29P) AppleWebKit/537.36 (KHTML, like Gecko) Chrome/137.0.7151.103 Mobile Safari/537.36 (compatible; Googlebot/2.1; +http://www.google.com/bot.html)"
20.171.207.99 - - [18/Jul/2025:17:56:00 +0000] "GET /search.php?ideology071001326.html HTTP/1.1" 200 87191 "-" "Mozilla/5.0 AppleWebKit/537.36 (KHTML, like Gecko; compatible; GPTBot/1.2; +https://openai.com/gptbot)"
20.171.207.99 - - [18/Jul/2025:17:57:05 +0000] "GET /search.php?counter193042570.html HTTP/1.1" 200 86937 "-" "Mozilla/5.0 AppleWebKit/537.36 (KHTML, like Gecko; compatible; GPTBot/1.2; +https://openai.com/gptbot)"
209.74.77.214 - - [18/Jul/2025:17:57:38 +0000] "POST /wp-cron.php?doing_wp_cron=1752861458.1626501083374023437500 HTTP/1.1" 403 33 "-" "WordPress/6.8.2; https://topflowroofingplumbing.com.au"
51.222.253.12 - - [18/Jul/2025:17:57:37 +0000] "GET /shopbrand/28011989 HTTP/1.1" 404 11695 "-" "Mozilla/5.0 (compatible; AhrefsBot/7.0; +http://ahrefs.com/robot/)"
20.171.207.99 - - [18/Jul/2025:17:58:10 +0000] "GET /search.php?forever193042568.html HTTP/1.1" 200 87345 "-" "Mozilla/5.0 AppleWebKit/537.36 (KHTML, like Gecko; compatible; GPTBot/1.2; +https://openai.com/gptbot)"
20.171.207.99 - - [18/Jul/2025:17:59:14 +0000] "GET /search.php?magazine176043873.html HTTP/1.1" 200 86759 "-" "Mozilla/5.0 AppleWebKit/537.36 (KHTML, like Gecko; compatible; GPTBot/1.2; +https://openai.com/gptbot)"
66.249.73.103 - - [18/Jul/2025:17:59:54 +0000] "GET /contact-us/ HTTP/1.1" 200 87245 "-" "Mozilla/5.0 (Linux; Android 6.0.1; Nexus 5X Build/MMB29P) AppleWebKit/537.36 (KHTML, like Gecko) Chrome/137.0.7151.103 Mobile Safari/537.36 (compatible; Googlebot/2.1; +http://www.google.com/bot.html)"
20.171.207.99 - - [18/Jul/2025:18:00:15 +0000] "GET /search.php?zhHant%2Fproduct%2Fsurugaya%2Fseikatu-souko-item-014288-454%3Fcampaign_uid=f64d716db5e979ed2f947dbaf4296895b951ae7f HTTP/1.1" 200 87069 "-" "Mozilla/5.0 AppleWebKit/537.36 (KHTML, like Gecko; compatible; GPTBot/1.2; +https://openai.com/gptbot)"
20.171.207.99 - - [18/Jul/2025:18:01:21 +0000] "GET /search.php?m042027686%3Fsrsltid=AfmBOoTesHDJmFTFjYrQqn_eYjRhGWp6h_SJ4N5QI1-F-aDycKVD7x HTTP/1.1" 200 86337 "-" "Mozilla/5.0 AppleWebKit/537.36 (KHTML, like Gecko; compatible; GPTBot/1.2; +https://openai.com/gptbot)"
209.74.77.214 - - [18/Jul/2025:18:01:57 +0000] "POST /wp-cron.php?doing_wp_cron=1752861717.1265859603881835937500 HTTP/1.1" 403 33 "-" "WordPress/6.8.2; https://topflowroofingplumbing.com.au"
51.222.253.13 - - [18/Jul/2025:18:01:55 +0000] "GET /shopbrand/28042911 HTTP/1.1" 404 11695 "-" "Mozilla/5.0 (compatible; AhrefsBot/7.0; +http://ahrefs.com/robot/)"
20.171.207.99 - - [18/Jul/2025:18:02:25 +0000] "GET /search.php?drawing295012170.html HTTP/1.1" 200 87033 "-" "Mozilla/5.0 AppleWebKit/537.36 (KHTML, like Gecko; compatible; GPTBot/1.2; +https://openai.com/gptbot)"
20.171.207.99 - - [18/Jul/2025:18:03:27 +0000] "GET /search.php?location259034610.html HTTP/1.1" 200 86662 "-" "Mozilla/5.0 AppleWebKit/537.36 (KHTML, like Gecko; compatible; GPTBot/1.2; +https://openai.com/gptbot)"
20.171.207.99 - - [18/Jul/2025:18:04:27 +0000] "GET /search.php?nutrient137048954.html HTTP/1.1" 200 86208 "-" "Mozilla/5.0 AppleWebKit/537.36 (KHTML, like Gecko; compatible; GPTBot/1.2; +https://openai.com/gptbot)"
20.171.207.99 - - [18/Jul/2025:18:05:29 +0000] "GET /search.php?meeting193042570.html HTTP/1.1" 200 87531 "-" "Mozilla/5.0 AppleWebKit/537.36 (KHTML, like Gecko; compatible; GPTBot/1.2; +https://openai.com/gptbot)"
209.74.77.214 - - [18/Jul/2025:18:06:12 +0000] "POST /wp-cron.php?doing_wp_cron=1752861972.7956440448760986328125 HTTP/1.1" 403 33 "-" "WordPress/6.8.2; https://topflowroofingplumbing.com.au"
51.222.253.19 - - [18/Jul/2025:18:06:11 +0000] "GET /shopbrand/29714 HTTP/1.1" 404 11695 "-" "Mozilla/5.0 (compatible; AhrefsBot/7.0; +http://ahrefs.com/robot/)"
20.171.207.99 - - [18/Jul/2025:18:06:35 +0000] "GET /search.php?actively214005873.html HTTP/1.1" 200 86632 "-" "Mozilla/5.0 AppleWebKit/537.36 (KHTML, like Gecko; compatible; GPTBot/1.2; +https://openai.com/gptbot)"
209.74.77.214 - - [18/Jul/2025:18:07:20 +0000] "POST /wp-cron.php?doing_wp_cron=1752862040.2260661125183105468750 HTTP/1.1" 403 33 "-" "WordPress/6.8.2; https://topflowroofingplumbing.com.au"
2a03:2880:f800:f:: - - [18/Jul/2025:18:07:18 +0000] "GET /shopdetail/20169852 HTTP/1.1" 404 11695 "-" "meta-externalagent/1.1 (+https://developers.facebook.com/docs/sharing/webmasters/crawler)"
20.171.207.99 - - [18/Jul/2025:18:07:39 +0000] "GET /search.php?invasion283011968.html HTTP/1.1" 200 87575 "-" "Mozilla/5.0 AppleWebKit/537.36 (KHTML, like Gecko; compatible; GPTBot/1.2; +https://openai.com/gptbot)"
2a03:2880:f800:a:: - - [18/Jul/2025:18:07:48 +0000] "GET /shopbrand/67980008 HTTP/1.1" 404 11695 "-" "meta-externalagent/1.1 (+https://developers.facebook.com/docs/sharing/webmasters/crawler)"
2a03:2880:f800:1c:: - - [18/Jul/2025:18:07:51 +0000] "GET /shopbrand/67991857 HTTP/1.1" 404 11695 "-" "meta-externalagent/1.1 (+https://developers.facebook.com/docs/sharing/webmasters/crawler)"
2a03:2880:f800:b:: - - [18/Jul/2025:18:07:53 +0000] "GET /shopbrand/68009740 HTTP/1.1" 404 11695 "-" "meta-externalagent/1.1 (+https://developers.facebook.com/docs/sharing/webmasters/crawler)"
209.74.77.214 - - [18/Jul/2025:18:08:22 +0000] "POST /wp-cron.php?doing_wp_cron=1752862102.0643990039825439453125 HTTP/1.1" 403 33 "-" "WordPress/6.8.2; https://topflowroofingplumbing.com.au"
2a03:2880:f800:4:: - - [18/Jul/2025:18:08:21 +0000] "GET /shopbrand/67929417 HTTP/1.1" 404 11695 "-" "meta-externalagent/1.1 (+https://developers.facebook.com/docs/sharing/webmasters/crawler)"
20.171.207.99 - - [18/Jul/2025:18:08:41 +0000] "GET /search.php?fragment189045270.html HTTP/1.1" 200 86753 "-" "Mozilla/5.0 AppleWebKit/537.36 (KHTML, like Gecko; compatible; GPTBot/1.2; +https://openai.com/gptbot)"
20.171.207.99 - - [18/Jul/2025:18:09:45 +0000] "GET /search.php?magazine029032176.html HTTP/1.1" 200 87270 "-" "Mozilla/5.0 AppleWebKit/537.36 (KHTML, like Gecko; compatible; GPTBot/1.2; +https://openai.com/gptbot)"
20.171.207.99 - - [18/Jul/2025:18:10:47 +0000] "GET /search.php?m058000736%3Fsrsltid=AfmBOoZiaNiaojUQy2pkFl_NMmdIv2N2U_YTtSe040-U-3rghYh60G HTTP/1.1" 200 86594 "-" "Mozilla/5.0 AppleWebKit/537.36 (KHTML, like Gecko; compatible; GPTBot/1.2; +https://openai.com/gptbot)"
209.74.77.214 - - [18/Jul/2025:18:11:02 +0000] "POST /wp-cron.php?doing_wp_cron=1752862262.6279389858245849609375 HTTP/1.1" 403 33 "-" "WordPress/6.8.2; https://topflowroofingplumbing.com.au"
51.222.253.19 - - [18/Jul/2025:18:11:01 +0000] "GET /shopbrand/33707327 HTTP/1.1" 404 11695 "-" "Mozilla/5.0 (compatible; AhrefsBot/7.0; +http://ahrefs.com/robot/)"
20.171.207.99 - - [18/Jul/2025:18:11:52 +0000] "GET /search.php?items%2F072013019.html%3Fsrsltid=AfmBOozihQnEwyVyypbIPKmOZrmjmmtOonSJstbiOrTqzqb9eeix HTTP/1.1" 200 86650 "-" "Mozilla/5.0 AppleWebKit/537.36 (KHTML, like Gecko; compatible; GPTBot/1.2; +https://openai.com/gptbot)"
20.171.207.99 - - [18/Jul/2025:18:12:57 +0000] "GET /search.php?regulate193042576.html HTTP/1.1" 200 87536 "-" "Mozilla/5.0 AppleWebKit/537.36 (KHTML, like Gecko; compatible; GPTBot/1.2; +https://openai.com/gptbot)"
20.171.207.99 - - [18/Jul/2025:18:14:02 +0000] "GET /search.php?diplomat193042562.html HTTP/1.1" 200 86883 "-" "Mozilla/5.0 AppleWebKit/537.36 (KHTML, like Gecko; compatible; GPTBot/1.2; +https://openai.com/gptbot)"
20.171.207.99 - - [18/Jul/2025:18:15:06 +0000] "GET /search.php?positive189045270.html HTTP/1.1" 200 86654 "-" "Mozilla/5.0 AppleWebKit/537.36 (KHTML, like Gecko; compatible; GPTBot/1.2; +https://openai.com/gptbot)"
20.171.207.99 - - [18/Jul/2025:18:16:11 +0000] "GET /search.php?anything026035149.html HTTP/1.1" 200 87068 "-" "Mozilla/5.0 AppleWebKit/537.36 (KHTML, like Gecko; compatible; GPTBot/1.2; +https://openai.com/gptbot)"
209.74.77.214 - - [18/Jul/2025:18:16:25 +0000] "POST /wp-cron.php?doing_wp_cron=1752862584.8801219463348388671875 HTTP/1.1" 403 33 "-" "WordPress/6.8.2; https://topflowroofingplumbing.com.au"
51.222.253.13 - - [18/Jul/2025:18:16:23 +0000] "GET /shopbrand/5038934 HTTP/1.1" 404 11695 "-" "Mozilla/5.0 (compatible; AhrefsBot/7.0; +http://ahrefs.com/robot/)"
20.171.207.99 - - [18/Jul/2025:18:17:17 +0000] "GET /search.php?mountain183021958.html HTTP/1.1" 200 86720 "-" "Mozilla/5.0 AppleWebKit/537.36 (KHTML, like Gecko; compatible; GPTBot/1.2; +https://openai.com/gptbot)"
20.171.207.99 - - [18/Jul/2025:18:18:23 +0000] "GET /search.php?positive189045268.html HTTP/1.1" 200 87947 "-" "Mozilla/5.0 AppleWebKit/537.36 (KHTML, like Gecko; compatible; GPTBot/1.2; +https://openai.com/gptbot)"
209.74.77.214 - - [18/Jul/2025:18:18:46 +0000] "POST /wp-cron.php?doing_wp_cron=1752862726.2371599674224853515625 HTTP/1.1" 403 33 "-" "WordPress/6.8.2; https://topflowroofingplumbing.com.au"
2a03:2880:f800:f:: - - [18/Jul/2025:18:18:45 +0000] "GET /shopbrand/67900482 HTTP/1.1" 404 11695 "-" "meta-externalagent/1.1 (+https://developers.facebook.com/docs/sharing/webmasters/crawler)"
2a03:2880:f800:e:: - - [18/Jul/2025:18:18:46 +0000] "GET /shopbrand/67927257 HTTP/1.1" 404 11695 "-" "meta-externalagent/1.1 (+https://developers.facebook.com/docs/sharing/webmasters/crawler)"
2a03:2880:f800:12:: - - [18/Jul/2025:18:18:50 +0000] "GET /shopbrand/67969453 HTTP/1.1" 404 11695 "-" "meta-externalagent/1.1 (+https://developers.facebook.com/docs/sharing/webmasters/crawler)"
2a03:2880:f800:18:: - - [18/Jul/2025:18:19:04 +0000] "GET /shopbrand/67947793 HTTP/1.1" 404 11695 "-" "meta-externalagent/1.1 (+https://developers.facebook.com/docs/sharing/webmasters/crawler)"
20.171.207.99 - - [18/Jul/2025:18:19:28 +0000] "GET /search.php?product/edit/aithjapan-carshop-bbrc267o HTTP/1.1" 200 86727 "-" "Mozilla/5.0 AppleWebKit/537.36 (KHTML, like Gecko; compatible; GPTBot/1.2; +https://openai.com/gptbot)"
209.74.77.214 - - [18/Jul/2025:18:20:07 +0000] "POST /wp-cron.php?doing_wp_cron=1752862807.3609440326690673828125 HTTP/1.1" 403 33 "-" "WordPress/6.8.2; https://topflowroofingplumbing.com.au"
205.210.31.250 - - [18/Jul/2025:18:20:06 +0000] "GET / HTTP/1.1" 200 17490 "-" "Hello from Palo Alto Networks, find out more about our scans in https://docs-cortex.paloaltonetworks.com/r/1/Cortex-Xpanse/Scanning-activity"
20.171.207.99 - - [18/Jul/2025:18:20:32 +0000] "GET /search.php?m063000731%3Fsrsltid=AfmBOoZiaNiaojUQy2pkFl_NMmdIv2N2U_YTtSe040-U-3rghYh60G HTTP/1.1" 200 86851 "-" "Mozilla/5.0 AppleWebKit/537.36 (KHTML, like Gecko; compatible; GPTBot/1.2; +https://openai.com/gptbot)"
20.171.207.99 - - [18/Jul/2025:18:21:32 +0000] "GET /search.php?planning137048952.html HTTP/1.1" 200 88089 "-" "Mozilla/5.0 AppleWebKit/537.36 (KHTML, like Gecko; compatible; GPTBot/1.2; +https://openai.com/gptbot)"
209.74.77.214 - - [18/Jul/2025:18:21:36 +0000] "POST /wp-cron.php?doing_wp_cron=1752862896.2892069816589355468750 HTTP/1.1" 403 33 "-" "WordPress/6.8.2; https://topflowroofingplumbing.com.au"
51.222.253.17 - - [18/Jul/2025:18:21:35 +0000] "GET /shopbrand/5057310 HTTP/1.1" 404 11695 "-" "Mozilla/5.0 (compatible; AhrefsBot/7.0; +http://ahrefs.com/robot/)"
20.171.207.99 - - [18/Jul/2025:18:22:34 +0000] "GET /search.php?lawsuit189045264.html HTTP/1.1" 200 87432 "-" "Mozilla/5.0 AppleWebKit/537.36 (KHTML, like Gecko; compatible; GPTBot/1.2; +https://openai.com/gptbot)"
20.171.207.99 - - [18/Jul/2025:18:23:35 +0000] "GET /search.php?eligible137048956.html HTTP/1.1" 200 86433 "-" "Mozilla/5.0 AppleWebKit/537.36 (KHTML, like Gecko; compatible; GPTBot/1.2; +https://openai.com/gptbot)"
209.74.77.214 - - [18/Jul/2025:18:24:37 +0000] "POST /wp-cron.php?doing_wp_cron=1752863077.3706109523773193359375 HTTP/1.1" 403 33 "-" "WordPress/6.8.2; https://topflowroofingplumbing.com.au"
20.171.207.99 - - [18/Jul/2025:18:24:35 +0000] "GET /?_bd_prev_page=https%3A%2F%2Ftopflowroofingplumbing.com.au%2Fsuper.php%3Fm085003595%3Fsrsltid%3DAfmBOoHtiZeSIGtJAKH4Ug_NSh6rPZxmZ_hBm8Dgbr-W-MUvFwjFMd&_bdsid=gj9gbu.n%7EXKZYM.173731041.175731817&_gz=2.190550713.194459015.171265578-867736498.163300847 HTTP/1.1" 301 - "-" "Mozilla/5.0 AppleWebKit/537.36 (KHTML, like Gecko; compatible; GPTBot/1.2; +https://openai.com/gptbot)"
20.171.207.99 - - [18/Jul/2025:18:24:37 +0000] "GET /?_bd_prev_page=https%3A%2F%2Ftopflowroofingplumbing.com.au%2Fsuper.php%3Fm085003595%3Fsrsltid%3DAfmBOoHtiZeSIGtJAKH4Ug_NSh6rPZxmZ_hBm8Dgbr-W-MUvFwjFMd&_bdsid=gj9gbu.n~XKZYM.173731041.175731817&_gz=2.190550713.194459015.171265578-867736498.163300847 HTTP/1.1" 200 17672 "-" "Mozilla/5.0 AppleWebKit/537.36 (KHTML, like Gecko; compatible; GPTBot/1.2; +https://openai.com/gptbot)"
2a03:2880:f800:1c:: - - [18/Jul/2025:18:24:56 +0000] "GET /shopbrand/347460707 HTTP/1.1" 404 11695 "-" "meta-externalagent/1.1 (+https://developers.facebook.com/docs/sharing/webmasters/crawler)"
2a03:2880:f800:11:: - - [18/Jul/2025:18:25:00 +0000] "GET /shopbrand/67927887 HTTP/1.1" 404 11695 "-" "meta-externalagent/1.1 (+https://developers.facebook.com/docs/sharing/webmasters/crawler)"
20.171.207.99 - - [18/Jul/2025:18:25:40 +0000] "GET /search.php?consume236048765.html HTTP/1.1" 200 86730 "-" "Mozilla/5.0 AppleWebKit/537.36 (KHTML, like Gecko; compatible; GPTBot/1.2; +https://openai.com/gptbot)"
209.74.77.214 - - [18/Jul/2025:18:25:52 +0000] "POST /wp-cron.php?doing_wp_cron=1752863152.1034638881683349609375 HTTP/1.1" 403 33 "-" "WordPress/6.8.2; https://topflowroofingplumbing.com.au"
51.222.253.8 - - [18/Jul/2025:18:25:50 +0000] "GET /shopbrand/5062295 HTTP/1.1" 404 11695 "-" "Mozilla/5.0 (compatible; AhrefsBot/7.0; +http://ahrefs.com/robot/)"
20.171.207.99 - - [18/Jul/2025:18:26:45 +0000] "GET /search.php?bedroom193042572.html HTTP/1.1" 200 86992 "-" "Mozilla/5.0 AppleWebKit/537.36 (KHTML, like Gecko; compatible; GPTBot/1.2; +https://openai.com/gptbot)"
20.171.207.99 - - [18/Jul/2025:18:27:48 +0000] "GET /search.php?possibly193042572.html HTTP/1.1" 200 87158 "-" "Mozilla/5.0 AppleWebKit/537.36 (KHTML, like Gecko; compatible; GPTBot/1.2; +https://openai.com/gptbot)"
20.171.207.99 - - [18/Jul/2025:18:28:51 +0000] "GET /search.php?m001000147%3Fsrsltid=AfmBOoGKSNNwFwZHP8w9Ii_6O2L1nmX2D_T1dZa2k1-H-i5j87wXp4 HTTP/1.1" 200 86564 "-" "Mozilla/5.0 AppleWebKit/537.36 (KHTML, like Gecko; compatible; GPTBot/1.2; +https://openai.com/gptbot)"
20.171.207.99 - - [18/Jul/2025:18:29:56 +0000] "GET /search.php?m034000894%3Fsrsltid=AfmBOobLmASALTci917ZbT_D1hEYqtRCr_Y6kdMonN-N-OxRecLHuL HTTP/1.1" 200 86945 "-" "Mozilla/5.0 AppleWebKit/537.36 (KHTML, like Gecko; compatible; GPTBot/1.2; +https://openai.com/gptbot)"
209.74.77.214 - - [18/Jul/2025:18:29:58 +0000] "POST /wp-cron.php?doing_wp_cron=1752863398.2487349510192871093750 HTTP/1.1" 403 33 "-" "WordPress/6.8.2; https://topflowroofingplumbing.com.au"
51.222.253.15 - - [18/Jul/2025:18:29:57 +0000] "GET /shopbrand/5109282 HTTP/1.1" 404 11695 "-" "Mozilla/5.0 (compatible; AhrefsBot/7.0; +http://ahrefs.com/robot/)"
20.171.207.99 - - [18/Jul/2025:18:30:58 +0000] "GET /search.php?cottage137048956.html HTTP/1.1" 200 87217 "-" "Mozilla/5.0 AppleWebKit/537.36 (KHTML, like Gecko; compatible; GPTBot/1.2; +https://openai.com/gptbot)"
20.171.207.99 - - [18/Jul/2025:18:32:02 +0000] "GET /search.php?radical137048952.html HTTP/1.1" 200 87524 "-" "Mozilla/5.0 AppleWebKit/537.36 (KHTML, like Gecko; compatible; GPTBot/1.2; +https://openai.com/gptbot)"
20.171.207.99 - - [18/Jul/2025:18:33:06 +0000] "GET /search.php?account184036721.html HTTP/1.1" 200 87778 "-" "Mozilla/5.0 AppleWebKit/537.36 (KHTML, like Gecko; compatible; GPTBot/1.2; +https://openai.com/gptbot)"
20.171.207.99 - - [18/Jul/2025:18:34:10 +0000] "GET /search.php?foreign150028611.html HTTP/1.1" 200 86740 "-" "Mozilla/5.0 AppleWebKit/537.36 (KHTML, like Gecko; compatible; GPTBot/1.2; +https://openai.com/gptbot)"
209.74.77.214 - - [18/Jul/2025:18:34:28 +0000] "POST /wp-cron.php?doing_wp_cron=1752863668.4314680099487304687500 HTTP/1.1" 403 33 "-" "WordPress/6.8.2; https://topflowroofingplumbing.com.au"
51.222.253.1 - - [18/Jul/2025:18:34:27 +0000] "GET /shopbrand/56333970 HTTP/1.1" 404 11695 "-" "Mozilla/5.0 (compatible; AhrefsBot/7.0; +http://ahrefs.com/robot/)"
20.171.207.99 - - [18/Jul/2025:18:35:14 +0000] "GET /search.php?m061048319%3Fsrsltid=AfmBOoPiTcGOAVpfRAlgx6_FY7wNSMufb_eQCWFTZy-Q-XPvLOh7J2 HTTP/1.1" 200 85812 "-" "Mozilla/5.0 AppleWebKit/537.36 (KHTML, like Gecko; compatible; GPTBot/1.2; +https://openai.com/gptbot)"
20.171.207.99 - - [18/Jul/2025:18:36:19 +0000] "GET /search.php?product/edit/hirochishop-pchpd080c-tn HTTP/1.1" 200 86535 "-" "Mozilla/5.0 AppleWebKit/537.36 (KHTML, like Gecko; compatible; GPTBot/1.2; +https://openai.com/gptbot)"
209.74.77.214 - - [18/Jul/2025:18:37:18 +0000] "POST /wp-cron.php?doing_wp_cron=1752863838.4702060222625732421875 HTTP/1.1" 403 33 "-" "WordPress/6.8.2; https://topflowroofingplumbing.com.au"
2a03:2880:f800:7:: - - [18/Jul/2025:18:37:16 +0000] "GET /shopdetail/152180052 HTTP/1.1" 404 11695 "-" "meta-externalagent/1.1 (+https://developers.facebook.com/docs/sharing/webmasters/crawler)"
20.171.207.99 - - [18/Jul/2025:18:37:24 +0000] "GET /search.php?occasion197045630.html HTTP/1.1" 200 88604 "-" "Mozilla/5.0 AppleWebKit/537.36 (KHTML, like Gecko; compatible; GPTBot/1.2; +https://openai.com/gptbot)"
20.171.207.99 - - [18/Jul/2025:18:38:28 +0000] "GET /search.php?outside139016540.html HTTP/1.1" 200 86453 "-" "Mozilla/5.0 AppleWebKit/537.36 (KHTML, like Gecko; compatible; GPTBot/1.2; +https://openai.com/gptbot)"
20.171.207.99 - - [18/Jul/2025:18:39:33 +0000] "GET /search.php?contain172028369.html HTTP/1.1" 200 87627 "-" "Mozilla/5.0 AppleWebKit/537.36 (KHTML, like Gecko; compatible; GPTBot/1.2; +https://openai.com/gptbot)"
20.171.207.99 - - [18/Jul/2025:18:40:39 +0000] "GET /search.php?initial175038924.html HTTP/1.1" 200 86587 "-" "Mozilla/5.0 AppleWebKit/537.36 (KHTML, like Gecko; compatible; GPTBot/1.2; +https://openai.com/gptbot)"
20.171.207.99 - - [18/Jul/2025:18:41:44 +0000] "GET /search.php?skilled197045630.html HTTP/1.1" 200 87097 "-" "Mozilla/5.0 AppleWebKit/537.36 (KHTML, like Gecko; compatible; GPTBot/1.2; +https://openai.com/gptbot)"
20.171.207.99 - - [18/Jul/2025:18:42:45 +0000] "GET /search.php?funeral176032843.html HTTP/1.1" 200 86445 "-" "Mozilla/5.0 AppleWebKit/537.36 (KHTML, like Gecko; compatible; GPTBot/1.2; +https://openai.com/gptbot)"
20.171.207.99 - - [18/Jul/2025:18:43:49 +0000] "GET /search.php?m039000469%3Fsrsltid=AfmBOoGBEZGsRoijXOLouk_YvILx8gjES_rz4cBFDK-J-tQIDEomme HTTP/1.1" 200 87454 "-" "Mozilla/5.0 AppleWebKit/537.36 (KHTML, like Gecko; compatible; GPTBot/1.2; +https://openai.com/gptbot)"
20.171.207.99 - - [18/Jul/2025:18:44:54 +0000] "GET /search.php?m011000187%3Fsrsltid=AfmBOocVtRwCsuFBujtkgP_yOLkQ1MFX3_iNUXpzGL-X-OwU62EoJJ HTTP/1.1" 200 88795 "-" "Mozilla/5.0 AppleWebKit/537.36 (KHTML, like Gecko; compatible; GPTBot/1.2; +https://openai.com/gptbot)"
209.74.77.214 - - [18/Jul/2025:18:45:46 +0000] "POST /wp-cron.php?doing_wp_cron=1752864346.7688128948211669921875 HTTP/1.1" 403 33 "-" "WordPress/6.8.2; https://topflowroofingplumbing.com.au"
51.222.253.4 - - [18/Jul/2025:18:45:45 +0000] "GET /shopbrand/60243750 HTTP/1.1" 404 11695 "-" "Mozilla/5.0 (compatible; AhrefsBot/7.0; +http://ahrefs.com/robot/)"
20.171.207.99 - - [18/Jul/2025:18:45:54 +0000] "GET /search.php?actively176032843.html HTTP/1.1" 200 88047 "-" "Mozilla/5.0 AppleWebKit/537.36 (KHTML, like Gecko; compatible; GPTBot/1.2; +https://openai.com/gptbot)"
20.171.207.99 - - [18/Jul/2025:18:46:58 +0000] "GET /search.php?function072030471.html HTTP/1.1" 200 86435 "-" "Mozilla/5.0 AppleWebKit/537.36 (KHTML, like Gecko; compatible; GPTBot/1.2; +https://openai.com/gptbot)"
209.74.77.214 - - [18/Jul/2025:18:48:01 +0000] "POST /wp-cron.php?doing_wp_cron=1752864480.9280209541320800781250 HTTP/1.1" 403 33 "-" "WordPress/6.8.2; https://topflowroofingplumbing.com.au"
20.171.207.99 - - [18/Jul/2025:18:47:59 +0000] "GET /?_bd_prev_page=https%3A%2F%2Ftopflowroofingplumbing.com.au%2Fsuper.php%3Fm292021556%3Fsrsltid%3DAfmBOoVHmVLTxptMAbh1O3_VSK01jnGbG_961MfbKj-B-LiCE7D7ad&_bdsid=gj9gbu.n%7EXKZYM.173731041.175731817&_gz=2.190550713.194459015.171265578-867736498.163300847 HTTP/1.1" 301 - "-" "Mozilla/5.0 AppleWebKit/537.36 (KHTML, like Gecko; compatible; GPTBot/1.2; +https://openai.com/gptbot)"
20.171.207.99 - - [18/Jul/2025:18:48:01 +0000] "GET /?_bd_prev_page=https%3A%2F%2Ftopflowroofingplumbing.com.au%2Fsuper.php%3Fm292021556%3Fsrsltid%3DAfmBOoVHmVLTxptMAbh1O3_VSK01jnGbG_961MfbKj-B-LiCE7D7ad&_bdsid=gj9gbu.n~XKZYM.173731041.175731817&_gz=2.190550713.194459015.171265578-867736498.163300847 HTTP/1.1" 200 17669 "-" "Mozilla/5.0 AppleWebKit/537.36 (KHTML, like Gecko; compatible; GPTBot/1.2; +https://openai.com/gptbot)"
20.171.207.99 - - [18/Jul/2025:18:49:05 +0000] "GET /search.php?survivor237012504.html HTTP/1.1" 200 88076 "-" "Mozilla/5.0 AppleWebKit/537.36 (KHTML, like Gecko; compatible; GPTBot/1.2; +https://openai.com/gptbot)"
20.171.207.99 - - [18/Jul/2025:18:50:05 +0000] "GET /search.php?frontier137049154.html HTTP/1.1" 200 86488 "-" "Mozilla/5.0 AppleWebKit/537.36 (KHTML, like Gecko; compatible; GPTBot/1.2; +https://openai.com/gptbot)"
51.222.253.17 - - [18/Jul/2025:18:50:18 +0000] "GET /?sitemap278.xml HTTP/1.1" 200 33 "-" "Mozilla/5.0 (compatible; AhrefsBot/7.0; +http://ahrefs.com/robot/)"
209.74.77.214 - - [18/Jul/2025:18:51:08 +0000] "POST /wp-cron.php?doing_wp_cron=1752864668.3606638908386230468750 HTTP/1.1" 403 33 "-" "WordPress/6.8.2; https://topflowroofingplumbing.com.au"
209.141.47.37 - - [18/Jul/2025:18:51:06 +0000] "GET /wp-login.php HTTP/1.1" 302 - "-" "Mozilla/5.0 (iPhone; CPU iPhone OS 7_1 like Mac OS X) AppleWebKit/537.51.2 (KHTML, like Gecko) Version/7.0 Mobile/11D167 Safari/9537.53"
20.171.207.99 - - [18/Jul/2025:18:51:10 +0000] "GET /search.php?testing175038936.html HTTP/1.1" 200 87326 "-" "Mozilla/5.0 AppleWebKit/537.36 (KHTML, like Gecko; compatible; GPTBot/1.2; +https://openai.com/gptbot)"
209.141.47.37 - - [18/Jul/2025:18:51:15 +0000] "GET /wp-login.php HTTP/1.1" 302 - "-" "Mozilla/5.0 (iPhone; CPU iPhone OS 7_1 like Mac OS X) AppleWebKit/537.51.2 (KHTML, like Gecko) Version/7.0 Mobile/11D167 Safari/9537.53"
209.141.47.37 - - [18/Jul/2025:18:51:19 +0000] "GET /wp-login.php HTTP/1.1" 302 - "-" "Mozilla/5.0 (iPhone; CPU iPhone OS 7_1 like Mac OS X) AppleWebKit/537.51.2 (KHTML, like Gecko) Version/7.0 Mobile/11D167 Safari/9537.53"
209.141.47.37 - - [18/Jul/2025:18:51:19 +0000] "GET /wp-login.php HTTP/1.1" 302 - "-" "Mozilla/5.0 (iPhone; CPU iPhone OS 7_1 like Mac OS X) AppleWebKit/537.51.2 (KHTML, like Gecko) Version/7.0 Mobile/11D167 Safari/9537.53"
209.141.47.37 - - [18/Jul/2025:18:51:19 +0000] "GET /wp-login.php HTTP/1.1" 302 - "-" "Mozilla/5.0 (iPhone; CPU iPhone OS 7_1 like Mac OS X) AppleWebKit/537.51.2 (KHTML, like Gecko) Version/7.0 Mobile/11D167 Safari/9537.53"
209.141.47.37 - - [18/Jul/2025:18:51:26 +0000] "GET /wp-login.php HTTP/1.1" 302 - "-" "Mozilla/5.0 (iPhone; CPU iPhone OS 7_1 like Mac OS X) AppleWebKit/537.51.2 (KHTML, like Gecko) Version/7.0 Mobile/11D167 Safari/9537.53"
209.141.47.37 - - [18/Jul/2025:18:51:30 +0000] "GET /wp-login.php HTTP/1.1" 302 - "-" "Mozilla/5.0 (iPhone; CPU iPhone OS 7_1 like Mac OS X) AppleWebKit/537.51.2 (KHTML, like Gecko) Version/7.0 Mobile/11D167 Safari/9537.53"
209.141.47.37 - - [18/Jul/2025:18:51:30 +0000] "GET /wp-login.php HTTP/1.1" 302 - "-" "Mozilla/5.0 (iPhone; CPU iPhone OS 7_1 like Mac OS X) AppleWebKit/537.51.2 (KHTML, like Gecko) Version/7.0 Mobile/11D167 Safari/9537.53"
209.141.47.37 - - [18/Jul/2025:18:51:46 +0000] "GET /wp-login.php HTTP/1.1" 302 - "-" "Mozilla/5.0 (iPhone; CPU iPhone OS 7_1 like Mac OS X) AppleWebKit/537.51.2 (KHTML, like Gecko) Version/7.0 Mobile/11D167 Safari/9537.53"
209.141.47.37 - - [18/Jul/2025:18:52:02 +0000] "GET /wp-login.php HTTP/1.1" 302 - "-" "Mozilla/5.0 (iPhone; CPU iPhone OS 7_1 like Mac OS X) AppleWebKit/537.51.2 (KHTML, like Gecko) Version/7.0 Mobile/11D167 Safari/9537.53"
209.141.47.37 - - [18/Jul/2025:18:52:02 +0000] "GET /wp-login.php HTTP/1.1" 302 - "-" "Mozilla/5.0 (iPhone; CPU iPhone OS 7_1 like Mac OS X) AppleWebKit/537.51.2 (KHTML, like Gecko) Version/7.0 Mobile/11D167 Safari/9537.53"
209.141.47.37 - - [18/Jul/2025:18:52:03 +0000] "GET /wp-login.php HTTP/1.1" 302 - "-" "Mozilla/5.0 (iPhone; CPU iPhone OS 7_1 like Mac OS X) AppleWebKit/537.51.2 (KHTML, like Gecko) Version/7.0 Mobile/11D167 Safari/9537.53"
209.141.47.37 - - [18/Jul/2025:18:52:07 +0000] "GET /wp-login.php HTTP/1.1" 302 - "-" "Mozilla/5.0 (iPhone; CPU iPhone OS 7_1 like Mac OS X) AppleWebKit/537.51.2 (KHTML, like Gecko) Version/7.0 Mobile/11D167 Safari/9537.53"
209.74.77.214 - - [18/Jul/2025:18:52:09 +0000] "POST /wp-cron.php?doing_wp_cron=1752864729.2831039428710937500000 HTTP/1.1" 403 33 "-" "WordPress/6.8.2; https://topflowroofingplumbing.com.au"
209.141.47.37 - - [18/Jul/2025:18:52:09 +0000] "GET /wp-login.php HTTP/1.1" 302 - "-" "Mozilla/5.0 (iPhone; CPU iPhone OS 7_1 like Mac OS X) AppleWebKit/537.51.2 (KHTML, like Gecko) Version/7.0 Mobile/11D167 Safari/9537.53"
20.171.207.99 - - [18/Jul/2025:18:52:14 +0000] "GET /search.php?fishing219005746.html HTTP/1.1" 200 86156 "-" "Mozilla/5.0 AppleWebKit/537.36 (KHTML, like Gecko; compatible; GPTBot/1.2; +https://openai.com/gptbot)"
209.141.47.37 - - [18/Jul/2025:18:52:16 +0000] "GET /wp-login.php HTTP/1.1" 302 - "-" "Mozilla/5.0 (iPhone; CPU iPhone OS 7_1 like Mac OS X) AppleWebKit/537.51.2 (KHTML, like Gecko) Version/7.0 Mobile/11D167 Safari/9537.53"
209.141.47.37 - - [18/Jul/2025:18:52:16 +0000] "GET /wp-login.php HTTP/1.1" 302 - "-" "Mozilla/5.0 (iPhone; CPU iPhone OS 7_1 like Mac OS X) AppleWebKit/537.51.2 (KHTML, like Gecko) Version/7.0 Mobile/11D167 Safari/9537.53"
209.141.47.37 - - [18/Jul/2025:18:52:16 +0000] "GET /wp-login.php HTTP/1.1" 302 - "-" "Mozilla/5.0 (iPhone; CPU iPhone OS 7_1 like Mac OS X) AppleWebKit/537.51.2 (KHTML, like Gecko) Version/7.0 Mobile/11D167 Safari/9537.53"
209.141.47.37 - - [18/Jul/2025:18:52:17 +0000] "GET /wp-login.php HTTP/1.1" 302 - "-" "Mozilla/5.0 (iPhone; CPU iPhone OS 7_1 like Mac OS X) AppleWebKit/537.51.2 (KHTML, like Gecko) Version/7.0 Mobile/11D167 Safari/9537.53"
209.141.47.37 - - [18/Jul/2025:18:52:27 +0000] "GET /wp-login.php HTTP/1.1" 302 - "-" "Mozilla/5.0 (iPhone; CPU iPhone OS 7_1 like Mac OS X) AppleWebKit/537.51.2 (KHTML, like Gecko) Version/7.0 Mobile/11D167 Safari/9537.53"
209.141.47.37 - - [18/Jul/2025:18:52:28 +0000] "GET /wp-login.php HTTP/1.1" 302 - "-" "Mozilla/5.0 (iPhone; CPU iPhone OS 7_1 like Mac OS X) AppleWebKit/537.51.2 (KHTML, like Gecko) Version/7.0 Mobile/11D167 Safari/9537.53"
209.141.47.37 - - [18/Jul/2025:18:52:28 +0000] "GET /wp-login.php HTTP/1.1" 302 - "-" "Mozilla/5.0 (iPhone; CPU iPhone OS 7_1 like Mac OS X) AppleWebKit/537.51.2 (KHTML, like Gecko) Version/7.0 Mobile/11D167 Safari/9537.53"
209.141.47.37 - - [18/Jul/2025:18:52:29 +0000] "GET /wp-login.php HTTP/1.1" 302 - "-" "Mozilla/5.0 (iPhone; CPU iPhone OS 7_1 like Mac OS X) AppleWebKit/537.51.2 (KHTML, like Gecko) Version/7.0 Mobile/11D167 Safari/9537.53"
209.141.47.37 - - [18/Jul/2025:18:52:34 +0000] "GET /wp-login.php HTTP/1.1" 302 - "-" "Mozilla/5.0 (iPhone; CPU iPhone OS 7_1 like Mac OS X) AppleWebKit/537.51.2 (KHTML, like Gecko) Version/7.0 Mobile/11D167 Safari/9537.53"
209.141.47.37 - - [18/Jul/2025:18:52:41 +0000] "GET /wp-login.php HTTP/1.1" 302 - "-" "Mozilla/5.0 (iPhone; CPU iPhone OS 7_1 like Mac OS X) AppleWebKit/537.51.2 (KHTML, like Gecko) Version/7.0 Mobile/11D167 Safari/9537.53"
209.141.47.37 - - [18/Jul/2025:18:52:42 +0000] "GET /wp-login.php HTTP/1.1" 302 - "-" "Mozilla/5.0 (iPhone; CPU iPhone OS 7_1 like Mac OS X) AppleWebKit/537.51.2 (KHTML, like Gecko) Version/7.0 Mobile/11D167 Safari/9537.53"
209.141.47.37 - - [18/Jul/2025:18:52:42 +0000] "GET /wp-login.php HTTP/1.1" 302 - "-" "Mozilla/5.0 (iPhone; CPU iPhone OS 7_1 like Mac OS X) AppleWebKit/537.51.2 (KHTML, like Gecko) Version/7.0 Mobile/11D167 Safari/9537.53"
209.141.47.37 - - [18/Jul/2025:18:52:50 +0000] "GET /wp-login.php HTTP/1.1" 302 - "-" "Mozilla/5.0 (iPhone; CPU iPhone OS 7_1 like Mac OS X) AppleWebKit/537.51.2 (KHTML, like Gecko) Version/7.0 Mobile/11D167 Safari/9537.53"
209.141.47.37 - - [18/Jul/2025:18:52:58 +0000] "GET /wp-login.php HTTP/1.1" 302 - "-" "Mozilla/5.0 (iPhone; CPU iPhone OS 7_1 like Mac OS X) AppleWebKit/537.51.2 (KHTML, like Gecko) Version/7.0 Mobile/11D167 Safari/9537.53"
209.141.47.37 - - [18/Jul/2025:18:53:00 +0000] "GET /wp-login.php HTTP/1.1" 302 - "-" "Mozilla/5.0 (iPhone; CPU iPhone OS 7_1 like Mac OS X) AppleWebKit/537.51.2 (KHTML, like Gecko) Version/7.0 Mobile/11D167 Safari/9537.53"
209.141.47.37 - - [18/Jul/2025:18:53:00 +0000] "GET /wp-login.php HTTP/1.1" 302 - "-" "Mozilla/5.0 (iPhone; CPU iPhone OS 7_1 like Mac OS X) AppleWebKit/537.51.2 (KHTML, like Gecko) Version/7.0 Mobile/11D167 Safari/9537.53"
209.141.47.37 - - [18/Jul/2025:18:53:00 +0000] "GET /wp-login.php HTTP/1.1" 302 - "-" "Mozilla/5.0 (iPhone; CPU iPhone OS 7_1 like Mac OS X) AppleWebKit/537.51.2 (KHTML, like Gecko) Version/7.0 Mobile/11D167 Safari/9537.53"
20.171.207.99 - - [18/Jul/2025:18:53:18 +0000] "GET /search.php?rapidly189045266.html HTTP/1.1" 200 86538 "-" "Mozilla/5.0 AppleWebKit/537.36 (KHTML, like Gecko; compatible; GPTBot/1.2; +https://openai.com/gptbot)"
20.171.207.99 - - [18/Jul/2025:18:54:19 +0000] "GET /search.php?against175038928.html HTTP/1.1" 200 87385 "-" "Mozilla/5.0 AppleWebKit/537.36 (KHTML, like Gecko; compatible; GPTBot/1.2; +https://openai.com/gptbot)"
20.171.207.99 - - [18/Jul/2025:18:55:23 +0000] "GET /search.php?driving140025165.html HTTP/1.1" 200 87264 "-" "Mozilla/5.0 AppleWebKit/537.36 (KHTML, like Gecko; compatible; GPTBot/1.2; +https://openai.com/gptbot)"
66.249.73.97 - - [18/Jul/2025:18:55:51 +0000] "GET /robots.txt HTTP/1.1" 304 - "-" "Mozilla/5.0 (compatible; Googlebot/2.1; +http://www.google.com/bot.html)"
66.249.73.103 - - [18/Jul/2025:18:55:51 +0000] "GET /026036064.htm HTTP/1.1" 200 85522 "-" "Mozilla/5.0 (Linux; Android 6.0.1; Nexus 5X Build/MMB29P) AppleWebKit/537.36 (KHTML, like Gecko) Chrome/137.0.7151.103 Mobile Safari/537.36 (compatible; Googlebot/2.1; +http://www.google.com/bot.html)"
20.171.207.99 - - [18/Jul/2025:18:56:27 +0000] "GET /search.php?analyze119042358.html HTTP/1.1" 200 87452 "-" "Mozilla/5.0 AppleWebKit/537.36 (KHTML, like Gecko; compatible; GPTBot/1.2; +https://openai.com/gptbot)"
51.222.253.9 - - [18/Jul/2025:18:56:43 +0000] "GET /?sitemap975.xml HTTP/1.1" 200 33 "-" "Mozilla/5.0 (compatible; AhrefsBot/7.0; +http://ahrefs.com/robot/)"
209.74.77.214 - - [18/Jul/2025:18:56:45 +0000] "POST /wp-cron.php?doing_wp_cron=1752865004.9948918819427490234375 HTTP/1.1" 403 33 "-" "WordPress/6.8.2; https://topflowroofingplumbing.com.au"
57.141.0.15 - - [18/Jul/2025:18:56:44 +0000] "GET /shopdetail/41163352 HTTP/1.1" 404 11695 "-" "meta-externalagent/1.1 (+https://developers.facebook.com/docs/sharing/webmasters/crawler)"
20.171.207.99 - - [18/Jul/2025:18:57:29 +0000] "GET /search.php?interval176032855.html HTTP/1.1" 200 87532 "-" "Mozilla/5.0 AppleWebKit/537.36 (KHTML, like Gecko; compatible; GPTBot/1.2; +https://openai.com/gptbot)"
20.171.207.99 - - [18/Jul/2025:18:58:33 +0000] "GET /search.php?announce189045262.html HTTP/1.1" 200 86666 "-" "Mozilla/5.0 AppleWebKit/537.36 (KHTML, like Gecko; compatible; GPTBot/1.2; +https://openai.com/gptbot)"
209.74.77.214 - - [18/Jul/2025:18:58:49 +0000] "POST /wp-cron.php?doing_wp_cron=1752865129.2819459438323974609375 HTTP/1.1" 403 33 "-" "WordPress/6.8.2; https://topflowroofingplumbing.com.au"
2a03:2880:f800:8:: - - [18/Jul/2025:18:58:48 +0000] "GET /shopbrand/347473420 HTTP/1.1" 404 11695 "-" "meta-externalagent/1.1 (+https://developers.facebook.com/docs/sharing/webmasters/crawler)"
2a03:2880:f800:11:: - - [18/Jul/2025:18:58:53 +0000] "GET /shopbrand/67930623 HTTP/1.1" 404 11695 "-" "meta-externalagent/1.1 (+https://developers.facebook.com/docs/sharing/webmasters/crawler)"
2a03:2880:f800:1c:: - - [18/Jul/2025:18:58:57 +0000] "GET /shopbrand/347419379 HTTP/1.1" 404 11695 "-" "meta-externalagent/1.1 (+https://developers.facebook.com/docs/sharing/webmasters/crawler)"
2a03:2880:f800:18:: - - [18/Jul/2025:18:59:00 +0000] "GET /shopbrand/67987658 HTTP/1.1" 404 11695 "-" "meta-externalagent/1.1 (+https://developers.facebook.com/docs/sharing/webmasters/crawler)"
2a03:2880:f800:13:: - - [18/Jul/2025:18:59:10 +0000] "GET /shopbrand/67985075 HTTP/1.1" 404 11695 "-" "meta-externalagent/1.1 (+https://developers.facebook.com/docs/sharing/webmasters/crawler)"
2a03:2880:f800:15:: - - [18/Jul/2025:18:59:10 +0000] "GET /shopbrand/347504664 HTTP/1.1" 404 11695 "-" "meta-externalagent/1.1 (+https://developers.facebook.com/docs/sharing/webmasters/crawler)"
2a03:2880:f800:17:: - - [18/Jul/2025:18:59:10 +0000] "GET /shopbrand/67958638 HTTP/1.1" 404 11695 "-" "meta-externalagent/1.1 (+https://developers.facebook.com/docs/sharing/webmasters/crawler)"
2a03:2880:f800:1d:: - - [18/Jul/2025:18:59:14 +0000] "GET /shopbrand/67975027 HTTP/1.1" 404 11695 "-" "meta-externalagent/1.1 (+https://developers.facebook.com/docs/sharing/webmasters/crawler)"
2a03:2880:f800:9:: - - [18/Jul/2025:18:59:14 +0000] "GET /shopbrand/67979412 HTTP/1.1" 404 11695 "-" "meta-externalagent/1.1 (+https://developers.facebook.com/docs/sharing/webmasters/crawler)"
2a03:2880:f800:: - - [18/Jul/2025:18:59:15 +0000] "GET /shopbrand/347468780 HTTP/1.1" 404 11695 "-" "meta-externalagent/1.1 (+https://developers.facebook.com/docs/sharing/webmasters/crawler)"
2a03:2880:f800:10:: - - [18/Jul/2025:18:59:22 +0000] "GET /shopbrand/67978204 HTTP/1.1" 404 11695 "-" "meta-externalagent/1.1 (+https://developers.facebook.com/docs/sharing/webmasters/crawler)"
20.171.207.99 - - [18/Jul/2025:18:59:37 +0000] "GET /search.php?analyze184036719.html HTTP/1.1" 200 86761 "-" "Mozilla/5.0 AppleWebKit/537.36 (KHTML, like Gecko; compatible; GPTBot/1.2; +https://openai.com/gptbot)"
20.171.207.99 - - [18/Jul/2025:19:00:39 +0000] "GET /search.php?recently129037586.html HTTP/1.1" 200 87579 "-" "Mozilla/5.0 AppleWebKit/537.36 (KHTML, like Gecko; compatible; GPTBot/1.2; +https://openai.com/gptbot)"
20.171.207.99 - - [18/Jul/2025:19:01:43 +0000] "GET /search.php?producer176032845.html HTTP/1.1" 200 86413 "-" "Mozilla/5.0 AppleWebKit/537.36 (KHTML, like Gecko; compatible; GPTBot/1.2; +https://openai.com/gptbot)"
209.74.77.214 - - [18/Jul/2025:19:02:04 +0000] "POST /wp-cron.php?doing_wp_cron=1752865324.7535738945007324218750 HTTP/1.1" 403 33 "-" "WordPress/6.8.2; https://topflowroofingplumbing.com.au"
51.222.253.6 - - [18/Jul/2025:19:02:03 +0000] "GET /shopbrand/15896531 HTTP/1.1" 404 11695 "-" "Mozilla/5.0 (compatible; AhrefsBot/7.0; +http://ahrefs.com/robot/)"
20.171.207.99 - - [18/Jul/2025:19:02:44 +0000] "GET /search.php?items%2F029001768.html%3Fsrsltid=AfmBOokjtTlzMAXRgXJaN76QMrMOnXOKU2xgZIeJdCRQg7sKVT9q HTTP/1.1" 200 86869 "-" "Mozilla/5.0 AppleWebKit/537.36 (KHTML, like Gecko; compatible; GPTBot/1.2; +https://openai.com/gptbot)"
20.171.207.99 - - [18/Jul/2025:19:03:45 +0000] "GET /search.php?items%2F001000554.html%3Fsrsltid=AfmBOomftARWZKBMRBglqwGnWNwlBGlTbVX7DtGnPei4AKEiwVsY HTTP/1.1" 200 86731 "-" "Mozilla/5.0 AppleWebKit/537.36 (KHTML, like Gecko; compatible; GPTBot/1.2; +https://openai.com/gptbot)"
66.249.65.98 - - [18/Jul/2025:19:03:48 +0000] "GET /robots.txt HTTP/1.1" 304 - "-" "Mozilla/5.0 (compatible; Googlebot/2.1; +http://www.google.com/bot.html)"
66.249.65.97 - - [18/Jul/2025:19:03:48 +0000] "GET /shopbrand/9319824 HTTP/1.1" 200 86217 "-" "Mozilla/5.0 (Linux; Android 6.0.1; Nexus 5X Build/MMB29P) AppleWebKit/537.36 (KHTML, like Gecko) Chrome/137.0.7151.103 Mobile Safari/537.36 (compatible; Googlebot/2.1; +http://www.google.com/bot.html)"
20.171.207.99 - - [18/Jul/2025:19:04:46 +0000] "GET /search.php?graduate129049356.html HTTP/1.1" 200 86623 "-" "Mozilla/5.0 AppleWebKit/537.36 (KHTML, like Gecko; compatible; GPTBot/1.2; +https://openai.com/gptbot)"
20.171.207.99 - - [18/Jul/2025:19:05:47 +0000] "GET /search.php?product/edit/honkeya-ds-2415864 HTTP/1.1" 200 86722 "-" "Mozilla/5.0 AppleWebKit/537.36 (KHTML, like Gecko; compatible; GPTBot/1.2; +https://openai.com/gptbot)"
209.74.77.214 - - [18/Jul/2025:19:06:10 +0000] "POST /wp-cron.php?doing_wp_cron=1752865570.4704329967498779296875 HTTP/1.1" 403 33 "-" "WordPress/6.8.2; https://topflowroofingplumbing.com.au"
2a03:2880:f800:19:: - - [18/Jul/2025:19:06:09 +0000] "GET /shopbrand/67938531 HTTP/1.1" 404 11695 "-" "meta-externalagent/1.1 (+https://developers.facebook.com/docs/sharing/webmasters/crawler)"
20.171.207.99 - - [18/Jul/2025:19:06:51 +0000] "GET /search.php?items%2F004000483.html%3Fsrsltid=AfmBOonzsgpHQeSiTsLCGYRqBUsDQmefWSS9lI6PEwthzmd5zHSz HTTP/1.1" 200 87896 "-" "Mozilla/5.0 AppleWebKit/537.36 (KHTML, like Gecko; compatible; GPTBot/1.2; +https://openai.com/gptbot)"
209.74.77.214 - - [18/Jul/2025:19:07:19 +0000] "POST /wp-cron.php?doing_wp_cron=1752865638.8702189922332763671875 HTTP/1.1" 403 33 "-" "WordPress/6.8.2; https://topflowroofingplumbing.com.au"
51.222.253.9 - - [18/Jul/2025:19:07:17 +0000] "GET /shopbrand/38554196 HTTP/1.1" 404 11695 "-" "Mozilla/5.0 (compatible; AhrefsBot/7.0; +http://ahrefs.com/robot/)"
20.171.207.99 - - [18/Jul/2025:19:07:51 +0000] "GET /search.php?examine193042566.html HTTP/1.1" 200 87427 "-" "Mozilla/5.0 AppleWebKit/537.36 (KHTML, like Gecko; compatible; GPTBot/1.2; +https://openai.com/gptbot)"
20.171.207.99 - - [18/Jul/2025:19:08:52 +0000] "GET /search.php?examine193042564.html HTTP/1.1" 200 87272 "-" "Mozilla/5.0 AppleWebKit/537.36 (KHTML, like Gecko; compatible; GPTBot/1.2; +https://openai.com/gptbot)"
17.241.75.152 - - [18/Jul/2025:19:09:46 +0000] "GET /robots.txt HTTP/1.1" 200 140 "-" "Mozilla/5.0 (Macintosh; Intel Mac OS X 10_15_7) AppleWebKit/605.1.15 (KHTML, like Gecko) Version/17.4 Safari/605.1.15 (Applebot/0.1; +http://www.apple.com/go/applebot)"
209.74.77.214 - - [18/Jul/2025:19:09:48 +0000] "POST /wp-cron.php?doing_wp_cron=1752865788.5049450397491455078125 HTTP/1.1" 403 33 "-" "WordPress/6.8.2; https://topflowroofingplumbing.com.au"
17.241.75.152 - - [18/Jul/2025:19:09:46 +0000] "GET /5-ways-to-hire-painter-for-painting-in-your-home/ HTTP/1.1" 200 13356 "-" "Mozilla/5.0 (Macintosh; Intel Mac OS X 10_15_7) AppleWebKit/605.1.15 (KHTML, like Gecko) Version/17.4 Safari/605.1.15 (Applebot/0.1; +http://www.apple.com/go/applebot)"
20.171.207.99 - - [18/Jul/2025:19:09:54 +0000] "GET /search.php?silence129037586.html HTTP/1.1" 200 86576 "-" "Mozilla/5.0 AppleWebKit/537.36 (KHTML, like Gecko; compatible; GPTBot/1.2; +https://openai.com/gptbot)"
20.171.207.99 - - [18/Jul/2025:19:10:57 +0000] "GET /search.php?possibly175038932.html HTTP/1.1" 200 86882 "-" "Mozilla/5.0 AppleWebKit/537.36 (KHTML, like Gecko; compatible; GPTBot/1.2; +https://openai.com/gptbot)"
20.171.207.99 - - [18/Jul/2025:19:11:58 +0000] "GET /search.php?zhHant%2Fproduct%2Fsurugaya%2Forangetool-nt-1627902%3Fcampaign_uid=f64d716db5e979ed2f947dbaf4296895b951ae7f HTTP/1.1" 200 86945 "-" "Mozilla/5.0 AppleWebKit/537.36 (KHTML, like Gecko; compatible; GPTBot/1.2; +https://openai.com/gptbot)"
209.74.77.214 - - [18/Jul/2025:19:12:06 +0000] "POST /wp-cron.php?doing_wp_cron=1752865925.9909451007843017578125 HTTP/1.1" 403 33 "-" "WordPress/6.8.2; https://topflowroofingplumbing.com.au"
51.222.253.10 - - [18/Jul/2025:19:12:04 +0000] "GET /shopbrand/39506 HTTP/1.1" 404 11695 "-" "Mozilla/5.0 (compatible; AhrefsBot/7.0; +http://ahrefs.com/robot/)"
20.171.207.99 - - [18/Jul/2025:19:12:59 +0000] "GET /search.php?monitor175038928.html HTTP/1.1" 200 86464 "-" "Mozilla/5.0 AppleWebKit/537.36 (KHTML, like Gecko; compatible; GPTBot/1.2; +https://openai.com/gptbot)"
209.74.77.214 - - [18/Jul/2025:19:13:59 +0000] "POST /wp-cron.php?doing_wp_cron=1752866038.8852050304412841796875 HTTP/1.1" 403 33 "-" "WordPress/6.8.2; https://topflowroofingplumbing.com.au"
45.227.253.15 - - [18/Jul/2025:19:13:57 +0000] "GET /index.php/jk HTTP/1.1" 301 - "-" "Mozilla/5.0 (Windows NT 6.1; WOW64; rv:71.0) Gecko/20100101 Firefox/71.0"
45.227.253.15 - - [18/Jul/2025:19:13:59 +0000] "GET /jk HTTP/1.1" 200 209 "https://topflowroofingplumbing.com.au/index.php/jk" "Mozilla/5.0 (Windows NT 6.1; WOW64; rv:71.0) Gecko/20100101 Firefox/71.0"
20.171.207.99 - - [18/Jul/2025:19:14:00 +0000] "GET /search.php?advanced193042572.html HTTP/1.1" 200 86915 "-" "Mozilla/5.0 AppleWebKit/537.36 (KHTML, like Gecko; compatible; GPTBot/1.2; +https://openai.com/gptbot)"
20.171.207.99 - - [18/Jul/2025:19:15:01 +0000] "GET /search.php?compound186013509.html HTTP/1.1" 200 86686 "-" "Mozilla/5.0 AppleWebKit/537.36 (KHTML, like Gecko; compatible; GPTBot/1.2; +https://openai.com/gptbot)"
209.74.77.214 - - [18/Jul/2025:19:15:57 +0000] "POST /wp-cron.php?doing_wp_cron=1752866157.6756720542907714843750 HTTP/1.1" 403 33 "-" "WordPress/6.8.2; https://topflowroofingplumbing.com.au"
2a03:2880:f800:18:: - - [18/Jul/2025:19:15:56 +0000] "GET /shopbrand/347514052 HTTP/1.1" 404 11695 "-" "meta-externalagent/1.1 (+https://developers.facebook.com/docs/sharing/webmasters/crawler)"
20.171.207.99 - - [18/Jul/2025:19:16:02 +0000] "GET /search.php?possible143029678.html HTTP/1.1" 200 88206 "-" "Mozilla/5.0 AppleWebKit/537.36 (KHTML, like Gecko; compatible; GPTBot/1.2; +https://openai.com/gptbot)"
2a03:2880:f800:13:: - - [18/Jul/2025:19:16:24 +0000] "GET /shopbrand/347478316 HTTP/1.1" 404 11695 "-" "meta-externalagent/1.1 (+https://developers.facebook.com/docs/sharing/webmasters/crawler)"
20.171.207.99 - - [18/Jul/2025:19:17:03 +0000] "GET /search.php?numerous193042566.html HTTP/1.1" 200 87398 "-" "Mozilla/5.0 AppleWebKit/537.36 (KHTML, like Gecko; compatible; GPTBot/1.2; +https://openai.com/gptbot)"
209.74.77.214 - - [18/Jul/2025:19:17:24 +0000] "POST /wp-cron.php?doing_wp_cron=1752866244.3211419582366943359375 HTTP/1.1" 403 33 "-" "WordPress/6.8.2; https://topflowroofingplumbing.com.au"
51.222.253.17 - - [18/Jul/2025:19:17:23 +0000] "GET /shopbrand/39921221 HTTP/1.1" 404 11695 "-" "Mozilla/5.0 (compatible; AhrefsBot/7.0; +http://ahrefs.com/robot/)"
20.171.207.99 - - [18/Jul/2025:19:18:07 +0000] "GET /search.php?m096000900%3Fsrsltid=AfmBOoyuCqIvPrehvAmQiF_Gd81JVibqA_emESwC6U-Z-NMWiq3hBl HTTP/1.1" 200 86484 "-" "Mozilla/5.0 AppleWebKit/537.36 (KHTML, like Gecko; compatible; GPTBot/1.2; +https://openai.com/gptbot)"
20.171.207.99 - - [18/Jul/2025:19:19:07 +0000] "GET /search.php?against193042570.html HTTP/1.1" 200 87992 "-" "Mozilla/5.0 AppleWebKit/537.36 (KHTML, like Gecko; compatible; GPTBot/1.2; +https://openai.com/gptbot)"
20.171.207.99 - - [18/Jul/2025:19:20:09 +0000] "GET /search.php?outline229041548.html HTTP/1.1" 200 87566 "-" "Mozilla/5.0 AppleWebKit/537.36 (KHTML, like Gecko; compatible; GPTBot/1.2; +https://openai.com/gptbot)"
66.249.73.97 - - [18/Jul/2025:19:20:52 +0000] "GET /095010401.htm HTTP/1.1" 200 85949 "-" "Mozilla/5.0 (Linux; Android 6.0.1; Nexus 5X Build/MMB29P) AppleWebKit/537.36 (KHTML, like Gecko) Chrome/137.0.7151.103 Mobile Safari/537.36 (compatible; Googlebot/2.1; +http://www.google.com/bot.html)"
20.171.207.99 - - [18/Jul/2025:19:21:13 +0000] "GET /search.php?directly197045620.html HTTP/1.1" 200 88148 "-" "Mozilla/5.0 AppleWebKit/537.36 (KHTML, like Gecko; compatible; GPTBot/1.2; +https://openai.com/gptbot)"
66.249.65.98 - - [18/Jul/2025:19:21:13 +0000] "GET /boyslove.html HTTP/1.1" 200 87096 "-" "Mozilla/5.0 (Linux; Android 6.0.1; Nexus 5X Build/MMB29P) AppleWebKit/537.36 (KHTML, like Gecko) Chrome/137.0.7151.103 Mobile Safari/537.36 (compatible; Googlebot/2.1; +http://www.google.com/bot.html)"
20.171.207.99 - - [18/Jul/2025:19:22:16 +0000] "GET /search.php?missing126005783.html HTTP/1.1" 200 87945 "-" "Mozilla/5.0 AppleWebKit/537.36 (KHTML, like Gecko; compatible; GPTBot/1.2; +https://openai.com/gptbot)"
209.74.77.214 - - [18/Jul/2025:19:22:29 +0000] "POST /wp-cron.php?doing_wp_cron=1752866549.6864910125732421875000 HTTP/1.1" 403 33 "-" "WordPress/6.8.2; https://topflowroofingplumbing.com.au"
51.222.253.4 - - [18/Jul/2025:19:22:28 +0000] "GET /shopbrand/5049660 HTTP/1.1" 404 11695 "-" "Mozilla/5.0 (compatible; AhrefsBot/7.0; +http://ahrefs.com/robot/)"
20.171.207.99 - - [18/Jul/2025:19:23:19 +0000] "GET /search.php?disorder175038936.html HTTP/1.1" 200 87565 "-" "Mozilla/5.0 AppleWebKit/537.36 (KHTML, like Gecko; compatible; GPTBot/1.2; +https://openai.com/gptbot)"
20.171.207.99 - - [18/Jul/2025:19:24:24 +0000] "GET /search.php?items%2F015000060.html%3Fsrsltid=AfmBOoyucRlIQwlCsoUmLyGWGKmBDfuWQUARKLRyg1N5jr6cI5sP HTTP/1.1" 200 86908 "-" "Mozilla/5.0 AppleWebKit/537.36 (KHTML, like Gecko; compatible; GPTBot/1.2; +https://openai.com/gptbot)"
66.249.65.98 - - [18/Jul/2025:19:24:53 +0000] "GET /shopbrand/9799310 HTTP/1.1" 200 85830 "-" "Mozilla/5.0 (Linux; Android 6.0.1; Nexus 5X Build/MMB29P) AppleWebKit/537.36 (KHTML, like Gecko) Chrome/137.0.7151.103 Mobile Safari/537.36 (compatible; Googlebot/2.1; +http://www.google.com/bot.html)"
20.171.207.99 - - [18/Jul/2025:19:25:27 +0000] "GET /search.php?pcmypage%3Fcallback=%2Fproduct%2Fdetail%252nippon-clever-clv-dn-6-1 HTTP/1.1" 200 88044 "-" "Mozilla/5.0 AppleWebKit/537.36 (KHTML, like Gecko; compatible; GPTBot/1.2; +https://openai.com/gptbot)"
20.171.207.99 - - [18/Jul/2025:19:26:32 +0000] "GET /search.php?occasion184036723.html HTTP/1.1" 200 86583 "-" "Mozilla/5.0 AppleWebKit/537.36 (KHTML, like Gecko; compatible; GPTBot/1.2; +https://openai.com/gptbot)"
209.74.77.214 - - [18/Jul/2025:19:26:37 +0000] "POST /wp-cron.php?doing_wp_cron=1752866797.0350489616394042968750 HTTP/1.1" 403 33 "-" "WordPress/6.8.2; https://topflowroofingplumbing.com.au"
2a03:2880:f800:13:: - - [18/Jul/2025:19:26:35 +0000] "GET /shopbrand/68002428 HTTP/1.1" 404 11695 "-" "meta-externalagent/1.1 (+https://developers.facebook.com/docs/sharing/webmasters/crawler)"
20.171.207.99 - - [18/Jul/2025:19:27:36 +0000] "GET /search.php?solution257038112.html HTTP/1.1" 200 87906 "-" "Mozilla/5.0 AppleWebKit/537.36 (KHTML, like Gecko; compatible; GPTBot/1.2; +https://openai.com/gptbot)"
20.171.207.99 - - [18/Jul/2025:19:28:40 +0000] "GET /search.php?visible186014293.html HTTP/1.1" 200 86835 "-" "Mozilla/5.0 AppleWebKit/537.36 (KHTML, like Gecko; compatible; GPTBot/1.2; +https://openai.com/gptbot)"
20.171.207.99 - - [18/Jul/2025:19:29:42 +0000] "GET /search.php?discount274032535.html HTTP/1.1" 200 87268 "-" "Mozilla/5.0 AppleWebKit/537.36 (KHTML, like Gecko; compatible; GPTBot/1.2; +https://openai.com/gptbot)"
