66.249.79.2 - - [20/Jul/2025:05:37:37 +0000] "GET /item/crush60570709/ HTTP/1.1" 200 41042 "-" "Mozilla/5.0 (Linux; Android 6.0.1; Nexus 5X Build/MMB29P) AppleWebKit/537.36 (KHTML, like Gecko) Chrome/137.0.7151.103 Mobile Safari/537.36 (compatible; Googlebot/2.1; +http://www.google.com/bot.html)"
66.249.79.2 - - [20/Jul/2025:05:37:39 +0000] "GET /item/store60712517/ HTTP/1.1" 200 40034 "-" "Mozilla/5.0 (Linux; Android 6.0.1; Nexus 5X Build/MMB29P) AppleWebKit/537.36 (KHTML, like Gecko) Chrome/137.0.7151.103 Mobile Safari/537.36 (compatible; Googlebot/2.1; +http://www.google.com/bot.html)"
66.249.79.3 - - [20/Jul/2025:05:37:42 +0000] "GET /item/escal52333700/ HTTP/1.1" 200 39916 "-" "Mozilla/5.0 (Linux; Android 6.0.1; Nexus 5X Build/MMB29P) AppleWebKit/537.36 (KHTML, like Gecko) Chrome/137.0.7151.103 Mobile Safari/537.36 (compatible; Googlebot/2.1; +http://www.google.com/bot.html)"
66.249.79.2 - - [20/Jul/2025:05:37:45 +0000] "GET /item/sunda31156866/ HTTP/1.1" 200 40054 "-" "Mozilla/5.0 (Linux; Android 6.0.1; Nexus 5X Build/MMB29P) AppleWebKit/537.36 (KHTML, like Gecko) Chrome/137.0.7151.103 Mobile Safari/537.36 (compatible; Googlebot/2.1; +http://www.google.com/bot.html)"
66.249.79.4 - - [20/Jul/2025:05:37:47 +0000] "GET /item/playe71349806/ HTTP/1.1" 200 40136 "-" "Mozilla/5.0 (Linux; Android 6.0.1; Nexus 5X Build/MMB29P) AppleWebKit/537.36 (KHTML, like Gecko) Chrome/137.0.7151.103 Mobile Safari/537.36 (compatible; Googlebot/2.1; +http://www.google.com/bot.html)"
66.249.79.2 - - [20/Jul/2025:05:37:49 +0000] "POST /get-message-notify HTTP/1.1" 200 40330 "http://abl.academy/item/susta31874058/" "Mozilla/5.0 (Linux; Android 6.0.1; Nexus 5X Build/MMB29P) AppleWebKit/537.36 (KHTML, like Gecko) Chrome/137.0.7151.119 Mobile Safari/537.36 (compatible; Googlebot/2.1; +http://www.google.com/bot.html)"
66.249.79.3 - - [20/Jul/2025:05:37:50 +0000] "GET /item/sente30377242/ HTTP/1.1" 200 40048 "-" "Mozilla/5.0 (Linux; Android 6.0.1; Nexus 5X Build/MMB29P) AppleWebKit/537.36 (KHTML, like Gecko) Chrome/137.0.7151.103 Mobile Safari/537.36 (compatible; Googlebot/2.1; +http://www.google.com/bot.html)"
66.249.79.3 - - [20/Jul/2025:05:38:58 +0000] "GET /item/sell50121788/ HTTP/1.1" 200 40062 "-" "Mozilla/5.0 (Linux; Android 6.0.1; Nexus 5X Build/MMB29P) AppleWebKit/537.36 (KHTML, like Gecko) Chrome/137.0.7151.103 Mobile Safari/537.36 (compatible; Googlebot/2.1; +http://www.google.com/bot.html)"
209.74.77.214 - - [20/Jul/2025:05:39:13 +0000] "POST /wp-cron.php?doing_wp_cron=1752989953.8546679019927978515625 HTTP/1.1" 200 - "-" "WordPress/6.8.2; https://abl.academy"
43.133.187.11 - - [20/Jul/2025:05:39:13 +0000] "GET / HTTP/1.1" 301 - "-" "Mozilla/5.0 (iPhone; CPU iPhone OS 13_2_3 like Mac OS X) AppleWebKit/605.1.15 (KHTML, like Gecko) Version/13.0.3 Mobile/15E148 Safari/604.1"
66.249.79.2 - - [20/Jul/2025:05:39:41 +0000] "GET /item/blade50750820/ HTTP/1.1" 200 40190 "-" "Mozilla/5.0 (Linux; Android 6.0.1; Nexus 5X Build/MMB29P) AppleWebKit/537.36 (KHTML, like Gecko) Chrome/137.0.7151.103 Mobile Safari/537.36 (compatible; Googlebot/2.1; +http://www.google.com/bot.html)"
66.249.79.2 - - [20/Jul/2025:05:39:53 +0000] "POST /get-message-notify HTTP/1.1" 200 40281 "http://abl.academy/item/sell50121788/" "Mozilla/5.0 (Linux; Android 6.0.1; Nexus 5X Build/MMB29P) AppleWebKit/537.36 (KHTML, like Gecko) Chrome/137.0.7151.119 Mobile Safari/537.36 (compatible; Googlebot/2.1; +http://www.google.com/bot.html)"
66.249.79.3 - - [20/Jul/2025:05:40:03 +0000] "GET /sitemapf.xml HTTP/1.1" 200 16970 "-" "Mozilla/5.0 (compatible; Googlebot/2.1; +http://www.google.com/bot.html)"
66.249.79.2 - - [20/Jul/2025:05:40:19 +0000] "POST /get-message-notify HTTP/1.1" 200 40246 "http://abl.academy/item/blade50750820/" "Mozilla/5.0 (Linux; Android 6.0.1; Nexus 5X Build/MMB29P) AppleWebKit/537.36 (KHTML, like Gecko) Chrome/137.0.7151.119 Mobile Safari/537.36 (compatible; Googlebot/2.1; +http://www.google.com/bot.html)"
209.74.77.214 - - [20/Jul/2025:05:48:02 +0000] "POST /wp-cron.php?doing_wp_cron=1752990482.4952731132507324218750 HTTP/1.1" 200 - "-" "WordPress/6.8.2; https://abl.academy"
157.245.102.160 - - [20/Jul/2025:05:47:59 +0000] "GET /wp-admin/css/ HTTP/1.1" 404 9558 "binance.com" "Mozilla/5.0 (Windows NT 10.0; Win64; x64) AppleWebKit/537.36 (KHTML, like Gecko) Chrome/90.0.4430.85 Safari/537.36"
157.245.102.160 - - [20/Jul/2025:05:48:07 +0000] "GET /.well-known/ HTTP/1.1" 404 9559 "binance.com" "Mozilla/5.0 (Windows NT 10.0; Win64; x64) AppleWebKit/537.36 (KHTML, like Gecko) Chrome/90.0.4430.85 Safari/537.36"
157.245.102.160 - - [20/Jul/2025:05:48:09 +0000] "GET /sites/default/files/ HTTP/1.1" 404 9559 "binance.com" "Mozilla/5.0 (Windows NT 10.0; Win64; x64) AppleWebKit/537.36 (KHTML, like Gecko) Chrome/90.0.4430.85 Safari/537.36"
209.74.77.214 - - [20/Jul/2025:05:48:12 +0000] "POST /wp-cron.php?doing_wp_cron=1752990492.7277529239654541015625 HTTP/1.1" 200 - "-" "WordPress/6.8.2; https://abl.academy"
157.245.102.160 - - [20/Jul/2025:05:48:12 +0000] "GET /admin/controller/extension/extension/ HTTP/1.1" 404 9558 "binance.com" "Mozilla/5.0 (Windows NT 10.0; Win64; x64) AppleWebKit/537.36 (KHTML, like Gecko) Chrome/90.0.4430.85 Safari/537.36"
157.245.102.160 - - [20/Jul/2025:05:48:15 +0000] "GET /uploads/ HTTP/1.1" 404 9559 "binance.com" "Mozilla/5.0 (Windows NT 10.0; Win64; x64) AppleWebKit/537.36 (KHTML, like Gecko) Chrome/90.0.4430.85 Safari/537.36"
157.245.102.160 - - [20/Jul/2025:05:48:19 +0000] "GET /images/ HTTP/1.1" 404 9559 "binance.com" "Mozilla/5.0 (Windows NT 10.0; Win64; x64) AppleWebKit/537.36 (KHTML, like Gecko) Chrome/90.0.4430.85 Safari/537.36"
157.245.102.160 - - [20/Jul/2025:05:48:22 +0000] "GET /files/ HTTP/1.1" 404 9558 "binance.com" "Mozilla/5.0 (Windows NT 10.0; Win64; x64) AppleWebKit/537.36 (KHTML, like Gecko) Chrome/90.0.4430.85 Safari/537.36"
216.73.216.179 - - [20/Jul/2025:05:58:53 +0000] "GET /robots.txt HTTP/1.1" 200 114 "-" "Mozilla/5.0 AppleWebKit/537.36 (KHTML, like Gecko; compatible; ClaudeBot/1.0; [email protected])"
209.74.77.214 - - [20/Jul/2025:05:58:55 +0000] "POST /wp-cron.php?doing_wp_cron=1752991135.2495439052581787109375 HTTP/1.1" 200 - "-" "WordPress/6.8.2; https://abl.academy"
216.73.216.179 - - [20/Jul/2025:05:58:53 +0000] "GET /item/stock40586075 HTTP/1.1" 404 9559 "-" "Mozilla/5.0 AppleWebKit/537.36 (KHTML, like Gecko; compatible; ClaudeBot/1.0; [email protected])"
209.74.77.214 - - [20/Jul/2025:06:08:08 +0000] "POST /wp-cron.php?doing_wp_cron=1752991688.7245860099792480468750 HTTP/1.1" 200 - "-" "WordPress/6.8.2; https://abl.academy"
118.195.165.218 - - [20/Jul/2025:06:08:06 +0000] "GET / HTTP/1.1" 301 - "-" "Mozilla/5.0 (iPhone; CPU iPhone OS 13_2_3 like Mac OS X) AppleWebKit/605.1.15 (KHTML, like Gecko) Version/13.0.3 Mobile/15E148 Safari/604.1"
209.74.77.214 - - [20/Jul/2025:06:10:32 +0000] "POST /wp-cron.php?doing_wp_cron=1752991832.8650100231170654296875 HTTP/1.1" 200 - "-" "WordPress/6.8.2; https://abl.academy"
128.199.139.77 - - [20/Jul/2025:06:10:31 +0000] "GET /wp-admin/css/ HTTP/1.1" 404 9558 "binance.com" "Mozilla/5.0 (Windows NT 10.0; Win64; x64) AppleWebKit/537.36 (KHTML, like Gecko) Chrome/90.0.4430.85 Safari/537.36"
128.199.139.77 - - [20/Jul/2025:06:10:36 +0000] "GET /.well-known/ HTTP/1.1" 404 9558 "binance.com" "Mozilla/5.0 (Windows NT 10.0; Win64; x64) AppleWebKit/537.36 (KHTML, like Gecko) Chrome/90.0.4430.85 Safari/537.36"
128.199.139.77 - - [20/Jul/2025:06:10:41 +0000] "GET /sites/default/files/ HTTP/1.1" 404 9559 "binance.com" "Mozilla/5.0 (Windows NT 10.0; Win64; x64) AppleWebKit/537.36 (KHTML, like Gecko) Chrome/90.0.4430.85 Safari/537.36"
128.199.139.77 - - [20/Jul/2025:06:10:46 +0000] "GET /admin/controller/extension/extension/ HTTP/1.1" 404 9559 "binance.com" "Mozilla/5.0 (Windows NT 10.0; Win64; x64) AppleWebKit/537.36 (KHTML, like Gecko) Chrome/90.0.4430.85 Safari/537.36"
128.199.139.77 - - [20/Jul/2025:06:10:51 +0000] "GET /uploads/ HTTP/1.1" 404 9559 "binance.com" "Mozilla/5.0 (Windows NT 10.0; Win64; x64) AppleWebKit/537.36 (KHTML, like Gecko) Chrome/90.0.4430.85 Safari/537.36"
128.199.139.77 - - [20/Jul/2025:06:10:55 +0000] "GET /images/ HTTP/1.1" 404 9559 "binance.com" "Mozilla/5.0 (Windows NT 10.0; Win64; x64) AppleWebKit/537.36 (KHTML, like Gecko) Chrome/90.0.4430.85 Safari/537.36"
128.199.139.77 - - [20/Jul/2025:06:10:57 +0000] "GET /files/ HTTP/1.1" 404 9559 "binance.com" "Mozilla/5.0 (Windows NT 10.0; Win64; x64) AppleWebKit/537.36 (KHTML, like Gecko) Chrome/90.0.4430.85 Safari/537.36"
209.74.77.214 - - [20/Jul/2025:06:45:39 +0000] "POST /wp-cron.php?doing_wp_cron=1752993939.5027189254760742187500 HTTP/1.1" 200 - "-" "WordPress/6.8.2; https://abl.academy"
45.88.186.202 - - [20/Jul/2025:06:45:38 +0000] "GET / HTTP/1.1" 301 - "-" "Mozlila/5.0 (Linux; Android 7.0; SM-G892A Bulid/NRD90M; wv) AppleWebKit/537.36 (KHTML, like Gecko) Version/4.0 Chrome/60.0.3112.107 Moblie Safari/537.36"
209.74.77.214 - - [20/Jul/2025:06:45:39 +0000] "POST /wp-cron.php?doing_wp_cron=1752993939.4958748817443847656250 HTTP/1.1" 200 - "-" "WordPress/6.8.2; https://abl.academy"
209.74.77.214 - - [20/Jul/2025:06:45:39 +0000] "POST /wp-cron.php?doing_wp_cron=1752993939.4996070861816406250000 HTTP/1.1" 200 - "-" "WordPress/6.8.2; https://abl.academy"
45.88.186.202 - - [20/Jul/2025:06:45:38 +0000] "POST /ALFA_DATA/alfacgiapi/perl.alfa HTTP/1.1" 404 44279 "www.google.com" "Mozlila/5.0 (Linux; Android 7.0; SM-G892A Bulid/NRD90M; wv) AppleWebKit/537.36 (KHTML, like Gecko) Version/4.0 Chrome/60.0.3112.107 Moblie Safari/537.36"
45.88.186.202 - - [20/Jul/2025:06:45:38 +0000] "POST /wp-plain.php HTTP/1.1" 404 44350 "www.google.com" "Mozilla/5.0 (Linux; Android 7.0; SM-G892A Bulid/NRD90M; wv) AppleWebKit/537.36 (KHTML, like Gecko) Version/4.0 Chrome/60.0.3112.107 Moblie Safari/537.36"
45.88.186.202 - - [20/Jul/2025:06:45:38 +0000] "GET /wp-content/themes/seotheme/db.php?u HTTP/1.1" 404 44356 "www.google.com" "Mozlila/5.0 (Linux; Android 7.0; SM-G892A Bulid/NRD90M; wv) AppleWebKit/537.36 (KHTML, like Gecko) Version/4.0 Chrome/60.0.3112.107 Moblie Safari/537.36"
45.88.186.202 - - [20/Jul/2025:06:45:38 +0000] "GET /wp-content/plugins/fix/up.php HTTP/1.1" 404 44350 "-" "Mozilla/5.0 (Windows NT 10.0; Win64; x64) AppleWebKit/537.36 (KHTML, like Gecko) Chrome/85.0.4183.102 Safari/537.36"
45.88.186.202 - - [20/Jul/2025:06:45:39 +0000] "GET /qkjlkfuy.php?Fox=d3wL7 HTTP/1.1" 404 44350 "www.google.com" "Mozilla/5.0 (Linux; Android 7.0; SM-G892A Bulid/NRD90M; wv) AppleWebKit/537.36 (KHTML, like Gecko) Version/4.0 Chrome/60.0.3112.107 Moblie Safari/537.36"
45.88.186.202 - - [20/Jul/2025:06:45:39 +0000] "POST /alfacgiapi/perl.alfa HTTP/1.1" 404 44279 "www.google.com" "Mozlila/5.0 (Linux; Android 7.0; SM-G892A Bulid/NRD90M; wv) AppleWebKit/537.36 (KHTML, like Gecko) Version/4.0 Chrome/60.0.3112.107 Moblie Safari/537.36"
209.74.77.214 - - [20/Jul/2025:07:09:44 +0000] "POST /wp-cron.php?doing_wp_cron=1752995384.9477748870849609375000 HTTP/1.1" 200 - "-" "WordPress/6.8.2; https://abl.academy"
45.80.158.190 - - [20/Jul/2025:07:09:43 +0000] "GET /style.php HTTP/1.1" 301 - "-" "Mozilla/5.0 (Linux; Android 7.0; SM-G892A Build/NRD90M; wv) AppleWebKit/537.36 (KHTML, like Gecko) Version/4.0 Chrome/60.0.3112.107 Mobile Safari/537.36"
45.80.158.190 - - [20/Jul/2025:07:09:46 +0000] "GET /style.php HTTP/1.1" 404 9559 "-" "Mozilla/5.0 (Linux; Android 7.0; SM-G892A Build/NRD90M; wv) AppleWebKit/537.36 (KHTML, like Gecko) Version/4.0 Chrome/60.0.3112.107 Mobile Safari/537.36"
Page not found – Hello World !