174.138.37.59 - - [19/Jul/2025:20:33:09 +0000] "GET /wp-includes/sodium_compat/namespaced HTTP/1.1" 301 271 "-" "Mozlila/5.0 (Linux; Android 7.0; SM-G892A Bulid/NRD90M; wv) AppleWebKit/537.36 (KHTML, like Gecko) Version/4.0 Chrome/60.0.3112.107 Moblie Safari/537.36"
174.138.37.59 - - [19/Jul/2025:20:33:10 +0000] "GET /wp-includes/sodium_compat/namespaced HTTP/1.1" 301 271 "-" "Mozlila/5.0 (Linux; Android 7.0; SM-G892A Bulid/NRD90M; wv) AppleWebKit/537.36 (KHTML, like Gecko) Version/4.0 Chrome/60.0.3112.107 Moblie Safari/537.36"
174.138.37.59 - - [19/Jul/2025:20:33:11 +0000] "GET /wp-includes/theme-compat/theme-compat/ HTTP/1.1" 404 13328 "-" "Mozlila/5.0 (Linux; Android 7.0; SM-G892A Bulid/NRD90M; wv) AppleWebKit/537.36 (KHTML, like Gecko) Version/4.0 Chrome/60.0.3112.107 Moblie Safari/537.36"
174.138.37.59 - - [19/Jul/2025:20:33:16 +0000] "GET /wp-includes/theme-compat/theme-compat/ HTTP/1.1" 404 13328 "-" "Mozlila/5.0 (Linux; Android 7.0; SM-G892A Bulid/NRD90M; wv) AppleWebKit/537.36 (KHTML, like Gecko) Version/4.0 Chrome/60.0.3112.107 Moblie Safari/537.36"
174.138.37.59 - - [19/Jul/2025:20:33:21 +0000] "GET /wp-includes/rest-api/fields/ HTTP/1.1" 404 13328 "-" "Mozlila/5.0 (Linux; Android 7.0; SM-G892A Bulid/NRD90M; wv) AppleWebKit/537.36 (KHTML, like Gecko) Version/4.0 Chrome/60.0.3112.107 Moblie Safari/537.36"
174.138.37.59 - - [19/Jul/2025:20:33:25 +0000] "GET /wp-includes/rest-api/fields/ HTTP/1.1" 404 13328 "-" "Mozlila/5.0 (Linux; Android 7.0; SM-G892A Bulid/NRD90M; wv) AppleWebKit/537.36 (KHTML, like Gecko) Version/4.0 Chrome/60.0.3112.107 Moblie Safari/537.36"
174.138.37.59 - - [19/Jul/2025:20:33:30 +0000] "GET /wp-includes/Requests/library/ HTTP/1.1" 404 13328 "-" "Mozlila/5.0 (Linux; Android 7.0; SM-G892A Bulid/NRD90M; wv) AppleWebKit/537.36 (KHTML, like Gecko) Version/4.0 Chrome/60.0.3112.107 Moblie Safari/537.36"
174.138.37.59 - - [19/Jul/2025:20:33:34 +0000] "GET /wp-includes/Requests/library/ HTTP/1.1" 404 13328 "-" "Mozlila/5.0 (Linux; Android 7.0; SM-G892A Bulid/NRD90M; wv) AppleWebKit/537.36 (KHTML, like Gecko) Version/4.0 Chrome/60.0.3112.107 Moblie Safari/537.36"
174.138.37.59 - - [19/Jul/2025:20:33:39 +0000] "GET /wp-includes/Requests/src/ HTTP/1.1" 404 13328 "-" "Mozlila/5.0 (Linux; Android 7.0; SM-G892A Bulid/NRD90M; wv) AppleWebKit/537.36 (KHTML, like Gecko) Version/4.0 Chrome/60.0.3112.107 Moblie Safari/537.36"
209.74.77.214 - - [19/Jul/2025:20:33:44 +0000] "POST /wp-cron.php?doing_wp_cron=1752957224.1331250667572021484375 HTTP/1.1" 200 - "-" "WordPress/6.8.2; https://akaventures.com.au"
174.138.37.59 - - [19/Jul/2025:20:33:43 +0000] "GET /wp-includes/Requests/src/ HTTP/1.1" 404 13328 "-" "Mozlila/5.0 (Linux; Android 7.0; SM-G892A Bulid/NRD90M; wv) AppleWebKit/537.36 (KHTML, like Gecko) Version/4.0 Chrome/60.0.3112.107 Moblie Safari/537.36"
174.138.37.59 - - [19/Jul/2025:20:33:48 +0000] "GET /wp-includes/rest-api/endpoints/ HTTP/1.1" 404 13328 "-" "Mozlila/5.0 (Linux; Android 7.0; SM-G892A Bulid/NRD90M; wv) AppleWebKit/537.36 (KHTML, like Gecko) Version/4.0 Chrome/60.0.3112.107 Moblie Safari/537.36"
174.138.37.59 - - [19/Jul/2025:20:33:52 +0000] "GET /wp-includes/rest-api/endpoints/ HTTP/1.1" 404 13328 "-" "Mozlila/5.0 (Linux; Android 7.0; SM-G892A Bulid/NRD90M; wv) AppleWebKit/537.36 (KHTML, like Gecko) Version/4.0 Chrome/60.0.3112.107 Moblie Safari/537.36"
174.138.37.59 - - [19/Jul/2025:20:33:57 +0000] "GET /wp-includes/rest-api/search/ HTTP/1.1" 404 13328 "-" "Mozlila/5.0 (Linux; Android 7.0; SM-G892A Bulid/NRD90M; wv) AppleWebKit/537.36 (KHTML, like Gecko) Version/4.0 Chrome/60.0.3112.107 Moblie Safari/537.36"
209.74.77.214 - - [19/Jul/2025:20:34:02 +0000] "POST /wp-cron.php?doing_wp_cron=1752957242.6701669692993164062500 HTTP/1.1" 200 - "-" "WordPress/6.8.2; https://akaventures.com.au"
174.138.37.59 - - [19/Jul/2025:20:34:02 +0000] "GET /wp-includes/rest-api/search/ HTTP/1.1" 404 13328 "-" "Mozlila/5.0 (Linux; Android 7.0; SM-G892A Bulid/NRD90M; wv) AppleWebKit/537.36 (KHTML, like Gecko) Version/4.0 Chrome/60.0.3112.107 Moblie Safari/537.36"
174.138.37.59 - - [19/Jul/2025:20:34:07 +0000] "GET /wp-includes/Text/Diff/ HTTP/1.1" 404 13328 "-" "Mozlila/5.0 (Linux; Android 7.0; SM-G892A Bulid/NRD90M; wv) AppleWebKit/537.36 (KHTML, like Gecko) Version/4.0 Chrome/60.0.3112.107 Moblie Safari/537.36"
174.138.37.59 - - [19/Jul/2025:20:34:12 +0000] "GET /wp-includes/Text/Diff/ HTTP/1.1" 404 13328 "-" "Mozlila/5.0 (Linux; Android 7.0; SM-G892A Bulid/NRD90M; wv) AppleWebKit/537.36 (KHTML, like Gecko) Version/4.0 Chrome/60.0.3112.107 Moblie Safari/537.36"
174.138.37.59 - - [19/Jul/2025:20:34:16 +0000] "GET /wp-includes/sitemaps/providers/ HTTP/1.1" 404 13328 "-" "Mozlila/5.0 (Linux; Android 7.0; SM-G892A Bulid/NRD90M; wv) AppleWebKit/537.36 (KHTML, like Gecko) Version/4.0 Chrome/60.0.3112.107 Moblie Safari/537.36"
174.138.37.59 - - [19/Jul/2025:20:34:20 +0000] "GET /wp-includes/sitemaps/providers/ HTTP/1.1" 404 13328 "-" "Mozlila/5.0 (Linux; Android 7.0; SM-G892A Bulid/NRD90M; wv) AppleWebKit/537.36 (KHTML, like Gecko) Version/4.0 Chrome/60.0.3112.107 Moblie Safari/537.36"
174.138.37.59 - - [19/Jul/2025:20:34:25 +0000] "GET /wp-includes/sodium_compat/src/ HTTP/1.1" 404 13328 "-" "Mozlila/5.0 (Linux; Android 7.0; SM-G892A Bulid/NRD90M; wv) AppleWebKit/537.36 (KHTML, like Gecko) Version/4.0 Chrome/60.0.3112.107 Moblie Safari/537.36"
174.138.37.59 - - [19/Jul/2025:20:34:29 +0000] "GET /wp-includes/sodium_compat/src/ HTTP/1.1" 404 13327 "-" "Mozlila/5.0 (Linux; Android 7.0; SM-G892A Bulid/NRD90M; wv) AppleWebKit/537.36 (KHTML, like Gecko) Version/4.0 Chrome/60.0.3112.107 Moblie Safari/537.36"
174.138.37.59 - - [19/Jul/2025:20:34:34 +0000] "GET /wp-includes/Text/Diff/Engine/ HTTP/1.1" 404 13327 "-" "Mozlila/5.0 (Linux; Android 7.0; SM-G892A Bulid/NRD90M; wv) AppleWebKit/537.36 (KHTML, like Gecko) Version/4.0 Chrome/60.0.3112.107 Moblie Safari/537.36"
174.138.37.59 - - [19/Jul/2025:20:34:38 +0000] "GET /wp-includes/Text/Diff/Engine/ HTTP/1.1" 404 13327 "-" "Mozlila/5.0 (Linux; Android 7.0; SM-G892A Bulid/NRD90M; wv) AppleWebKit/537.36 (KHTML, like Gecko) Version/4.0 Chrome/60.0.3112.107 Moblie Safari/537.36"
209.74.77.214 - - [19/Jul/2025:21:42:29 +0000] "POST /wp-cron.php?doing_wp_cron=1752961349.6527719497680664062500 HTTP/1.1" 200 - "-" "WordPress/6.8.2; https://akaventures.com.au"
57.141.2.6 - - [19/Jul/2025:21:42:27 +0000] "GET /entity/1370752288.shtm HTTP/1.1" 404 61480 "-" "meta-externalagent/1.1 (+https://developers.facebook.com/docs/sharing/webmasters/crawler)"
209.74.77.214 - - [19/Jul/2025:22:04:39 +0000] "POST /wp-cron.php?doing_wp_cron=1752962679.1170558929443359375000 HTTP/1.1" 200 - "-" "WordPress/6.8.2; https://akaventures.com.au"
57.141.2.24 - - [19/Jul/2025:22:04:36 +0000] "GET /entity/1370461888.shtm HTTP/1.1" 404 61480 "-" "meta-externalagent/1.1 (+https://developers.facebook.com/docs/sharing/webmasters/crawler)"
57.141.2.27 - - [19/Jul/2025:22:23:29 +0000] "GET /entity/1370729792.shtm HTTP/1.1" 404 61480 "-" "meta-externalagent/1.1 (+https://developers.facebook.com/docs/sharing/webmasters/crawler)"
209.74.77.214 - - [19/Jul/2025:22:50:34 +0000] "POST /wp-cron.php?doing_wp_cron=1752965434.4186520576477050781250 HTTP/1.1" 200 - "-" "WordPress/6.8.2; https://akaventures.com.au"
57.141.2.13 - - [19/Jul/2025:22:50:33 +0000] "GET /entity/1370765593.shtm HTTP/1.1" 404 61480 "-" "meta-externalagent/1.1 (+https://developers.facebook.com/docs/sharing/webmasters/crawler)"
209.74.77.214 - - [19/Jul/2025:23:06:00 +0000] "POST /wp-cron.php?doing_wp_cron=1752966360.3578109741210937500000 HTTP/1.1" 200 - "-" "WordPress/6.8.2; https://akaventures.com.au"
172.200.246.121 - - [19/Jul/2025:23:05:58 +0000] "GET / HTTP/1.1" 301 - "-" "-"
209.74.77.214 - - [19/Jul/2025:23:06:02 +0000] "POST /wp-cron.php?doing_wp_cron=1752966362.6418509483337402343750 HTTP/1.1" 200 - "-" "WordPress/6.8.2; https://akaventures.com.au"
172.200.246.121 - - [19/Jul/2025:23:06:02 +0000] "GET /wordpress HTTP/1.1" 404 61480 "-" "-"
172.200.246.121 - - [19/Jul/2025:23:06:03 +0000] "GET /wp-admin/setup-config.php HTTP/1.1" 409 2665 "-" "-"
172.200.246.121 - - [19/Jul/2025:23:06:03 +0000] "GET /wp-admin/install.php HTTP/1.1" 404 61480 "-" "-"
172.200.246.121 - - [19/Jul/2025:23:06:04 +0000] "GET /wp HTTP/1.1" 404 61480 "-" "-"
172.200.246.121 - - [19/Jul/2025:23:06:05 +0000] "GET /blog HTTP/1.1" 404 61480 "-" "-"
172.200.246.121 - - [19/Jul/2025:23:06:06 +0000] "GET /new HTTP/1.1" 404 61480 "-" "-"
172.200.246.121 - - [19/Jul/2025:23:06:07 +0000] "GET /old HTTP/1.1" 404 61480 "-" "-"
172.200.246.121 - - [19/Jul/2025:23:06:08 +0000] "GET /newsite HTTP/1.1" 404 61480 "-" "-"
172.200.246.121 - - [19/Jul/2025:23:06:11 +0000] "GET /test HTTP/1.1" 301 - "-" "-"
172.200.246.121 - - [19/Jul/2025:23:06:16 +0000] "GET /main HTTP/1.1" 404 61480 "-" "-"
172.200.246.121 - - [19/Jul/2025:23:06:19 +0000] "GET /testing HTTP/1.1" 404 61480 "-" "-"
172.200.246.121 - - [19/Jul/2025:23:06:22 +0000] "GET /site HTTP/1.1" 404 61480 "-" "-"
172.200.246.121 - - [19/Jul/2025:23:06:24 +0000] "GET /backup HTTP/1.1" 404 61480 "-" "-"
172.200.246.121 - - [19/Jul/2025:23:06:26 +0000] "GET /demo HTTP/1.1" 404 61480 "-" "-"
172.200.246.121 - - [19/Jul/2025:23:06:28 +0000] "GET /home HTTP/1.1" 301 - "-" "-"
172.200.246.121 - - [19/Jul/2025:23:06:41 +0000] "GET /tmp HTTP/1.1" 500 2431 "-" "-"
172.200.246.121 - - [19/Jul/2025:23:06:47 +0000] "GET /tmp HTTP/1.1" 500 2431 "-" "-"
172.200.246.121 - - [19/Jul/2025:23:06:52 +0000] "GET /tmp HTTP/1.1" 500 2431 "-" "-"
172.200.246.121 - - [19/Jul/2025:23:09:08 +0000] "GET /dev HTTP/1.1" 500 2431 "-" "-"
172.200.246.121 - - [19/Jul/2025:23:09:08 +0000] "GET /dev HTTP/1.1" 500 2431 "-" "-"
172.200.246.121 - - [19/Jul/2025:23:09:08 +0000] "GET /dev HTTP/1.1" 500 2431 "-" "-"
172.200.246.121 - - [19/Jul/2025:23:09:08 +0000] "GET /cms HTTP/1.1" 500 2431 "-" "-"
172.200.246.121 - - [19/Jul/2025:23:09:08 +0000] "GET /cms HTTP/1.1" 500 2431 "-" "-"
172.200.246.121 - - [19/Jul/2025:23:09:08 +0000] "GET /cms HTTP/1.1" 500 2431 "-" "-"
172.200.246.121 - - [19/Jul/2025:23:09:08 +0000] "GET /dev HTTP/1.1" 500 2431 "-" "-"
172.200.246.121 - - [19/Jul/2025:23:09:08 +0000] "GET /dev HTTP/1.1" 500 2431 "-" "-"
172.200.246.121 - - [19/Jul/2025:23:09:08 +0000] "GET /cms HTTP/1.1" 500 2431 "-" "-"
172.200.246.121 - - [19/Jul/2025:23:09:09 +0000] "GET /web HTTP/1.1" 500 2431 "-" "-"
172.200.246.121 - - [19/Jul/2025:23:09:09 +0000] "GET /web HTTP/1.1" 500 2431 "-" "-"
172.200.246.121 - - [19/Jul/2025:23:09:09 +0000] "GET /web HTTP/1.1" 500 2431 "-" "-"
172.200.246.121 - - [19/Jul/2025:23:09:08 +0000] "GET /tmp HTTP/1.1" 500 2431 "-" "-"
172.200.246.121 - - [19/Jul/2025:23:09:08 +0000] "GET /portal HTTP/1.1" 500 2431 "-" "-"
172.200.246.121 - - [19/Jul/2025:23:09:08 +0000] "GET /portal HTTP/1.1" 500 2431 "-" "-"
172.200.246.121 - - [19/Jul/2025:23:09:08 +0000] "GET /portal HTTP/1.1" 500 2431 "-" "-"
172.200.246.121 - - [19/Jul/2025:23:09:09 +0000] "GET /web HTTP/1.1" 500 2431 "-" "-"
172.200.246.121 - - [19/Jul/2025:23:09:08 +0000] "GET /cms HTTP/1.1" 500 2431 "-" "-"
172.200.246.121 - - [19/Jul/2025:23:09:09 +0000] "GET /portal HTTP/1.1" 500 2431 "-" "-"
172.200.246.121 - - [19/Jul/2025:23:09:09 +0000] "GET /portal HTTP/1.1" 500 2431 "-" "-"
172.200.246.121 - - [19/Jul/2025:23:09:09 +0000] "GET /web HTTP/1.1" 500 2431 "-" "-"
209.74.77.214 - - [19/Jul/2025:23:23:33 +0000] "POST /wp-cron.php?doing_wp_cron=1752967413.4300088882446289062500 HTTP/1.1" 200 - "-" "WordPress/6.8.2; https://akaventures.com.au"
57.141.2.9 - - [19/Jul/2025:23:23:31 +0000] "GET /entity/1370739300.shtm HTTP/1.1" 404 61480 "-" "meta-externalagent/1.1 (+https://developers.facebook.com/docs/sharing/webmasters/crawler)"
209.74.77.214 - - [19/Jul/2025:23:27:53 +0000] "POST /wp-cron.php?doing_wp_cron=1752967673.2329039573669433593750 HTTP/1.1" 200 - "-" "WordPress/6.8.2; https://akaventures.com.au"
57.141.2.8 - - [19/Jul/2025:23:27:51 +0000] "GET /entity/1370488309.shtm HTTP/1.1" 404 61480 "-" "meta-externalagent/1.1 (+https://developers.facebook.com/docs/sharing/webmasters/crawler)"
209.74.77.214 - - [20/Jul/2025:00:47:28 +0000] "POST /wp-cron.php?doing_wp_cron=1752972448.6411919593811035156250 HTTP/1.1" 200 - "-" "WordPress/6.8.2; https://akaventures.com.au"
57.141.2.8 - - [20/Jul/2025:00:47:26 +0000] "GET /entity/1370434319.shtm HTTP/1.1" 404 61480 "-" "meta-externalagent/1.1 (+https://developers.facebook.com/docs/sharing/webmasters/crawler)"
209.74.77.214 - - [20/Jul/2025:00:47:44 +0000] "POST /wp-cron.php?doing_wp_cron=1752972464.2052888870239257812500 HTTP/1.1" 200 - "-" "WordPress/6.8.2; https://akaventures.com.au"
57.141.2.29 - - [20/Jul/2025:00:47:44 +0000] "GET /entity/1370639485.shtm HTTP/1.1" 404 61480 "-" "meta-externalagent/1.1 (+https://developers.facebook.com/docs/sharing/webmasters/crawler)"
209.74.77.214 - - [20/Jul/2025:01:42:33 +0000] "POST /wp-cron.php?doing_wp_cron=1752975753.8512659072875976562500 HTTP/1.1" 200 - "-" "WordPress/6.8.2; https://akaventures.com.au"
57.141.2.26 - - [20/Jul/2025:01:42:32 +0000] "GET /entity/1370688073.shtm HTTP/1.1" 404 61480 "-" "meta-externalagent/1.1 (+https://developers.facebook.com/docs/sharing/webmasters/crawler)"
209.74.77.214 - - [20/Jul/2025:01:42:44 +0000] "POST /wp-cron.php?doing_wp_cron=1752975764.1960859298706054687500 HTTP/1.1" 200 - "-" "WordPress/6.8.2; https://akaventures.com.au"
57.141.2.27 - - [20/Jul/2025:01:42:43 +0000] "GET /entity/1370815666.shtm HTTP/1.1" 404 61480 "-" "meta-externalagent/1.1 (+https://developers.facebook.com/docs/sharing/webmasters/crawler)"
209.74.77.214 - - [20/Jul/2025:02:27:03 +0000] "POST /wp-cron.php?doing_wp_cron=1752978423.4682879447937011718750 HTTP/1.1" 200 - "-" "WordPress/6.8.2; https://akaventures.com.au"
57.141.2.14 - - [20/Jul/2025:02:27:01 +0000] "GET /entity/1370610620.shtm HTTP/1.1" 404 61480 "-" "meta-externalagent/1.1 (+https://developers.facebook.com/docs/sharing/webmasters/crawler)"
209.74.77.214 - - [20/Jul/2025:03:34:41 +0000] "POST /wp-cron.php?doing_wp_cron=1752982481.3914980888366699218750 HTTP/1.1" 200 - "-" "WordPress/6.8.2; https://akaventures.com.au"
45.138.16.130 - - [20/Jul/2025:03:34:39 +0000] "GET /style.php HTTP/1.1" 404 13303 "-" "Mozilla/5.0 (Linux; Android 7.0; SM-G892A Build/NRD90M; wv) AppleWebKit/537.36 (KHTML, like Gecko) Version/4.0 Chrome/60.0.3112.107 Mobile Safari/537.36"
209.74.77.214 - - [20/Jul/2025:03:37:59 +0000] "POST /wp-cron.php?doing_wp_cron=1752982679.5986549854278564453125 HTTP/1.1" 200 - "-" "WordPress/6.8.2; https://akaventures.com.au"
164.90.208.56 - - [20/Jul/2025:03:37:58 +0000] "GET / HTTP/1.1" 301 - "-" "-"
209.74.77.214 - - [20/Jul/2025:03:48:41 +0000] "POST /wp-cron.php?doing_wp_cron=1752983321.8957090377807617187500 HTTP/1.1" 200 - "-" "WordPress/6.8.2; https://akaventures.com.au"
3.146.99.138 - - [20/Jul/2025:03:48:39 +0000] "GET / HTTP/1.1" 301 - "-" "Mozilla/5.0 zgrab/0.x"
164.90.208.56 - - [20/Jul/2025:05:27:13 +0000] "GET / HTTP/1.1" 301 - "-" "-"
164.90.208.56 - - [20/Jul/2025:05:27:14 +0000] "GET / HTTP/1.1" 301 - "-" "Mozilla/5.0 (Linux; Android 6.0; HTC One M9 Build/MRA311168) AppleWebKit/537.36 (KHTML, like Gecko) Chrome/52.0.3511.98 Mobile Safari/537.3"
164.90.208.56 - - [20/Jul/2025:05:27:14 +0000] "GET /@vite/env HTTP/1.1" 404 13303 "-" "Go-http-client/1.1"
164.90.208.56 - - [20/Jul/2025:05:27:15 +0000] "GET /actuator/env HTTP/1.1" 404 13303 "-" "Go-http-client/1.1"
164.90.208.56 - - [20/Jul/2025:05:27:15 +0000] "GET /server HTTP/1.1" 404 13303 "-" "Go-http-client/1.1"
164.90.208.56 - - [20/Jul/2025:05:27:16 +0000] "GET /.vscode/sftp.json HTTP/1.1" 404 13303 "-" "Go-http-client/1.1"
164.90.208.56 - - [20/Jul/2025:05:27:17 +0000] "GET /about HTTP/1.1" 301 - "-" "Go-http-client/1.1"
164.90.208.56 - - [20/Jul/2025:05:27:17 +0000] "GET /debug/default/view?panel=config HTTP/1.1" 404 13328 "-" "Go-http-client/1.1"
164.90.208.56 - - [20/Jul/2025:05:27:18 +0000] "GET /v2/_catalog HTTP/1.1" 404 13303 "-" "Go-http-client/1.1"
164.90.208.56 - - [20/Jul/2025:05:27:18 +0000] "GET /ecp/Current/exporttool/microsoft.exchange.ediscovery.exporttool.application HTTP/1.1" 404 13328 "-" "Go-http-client/1.1"
164.90.208.56 - - [20/Jul/2025:05:27:19 +0000] "GET /server-status HTTP/1.1" 404 13303 "-" "Go-http-client/1.1"
164.90.208.56 - - [20/Jul/2025:05:27:20 +0000] "GET /login.action HTTP/1.1" 404 13303 "-" "Go-http-client/1.1"
164.90.208.56 - - [20/Jul/2025:05:27:20 +0000] "GET /_all_dbs HTTP/1.1" 404 13303 "-" "Mozilla/5.0 (l9scan/2.0.431323e27373e24373e2930323; +https://leakix.net)"
164.90.208.56 - - [20/Jul/2025:05:27:21 +0000] "GET /.DS_Store HTTP/1.1" 404 13303 "-" "Go-http-client/1.1"
164.90.208.56 - - [20/Jul/2025:05:27:21 +0000] "GET /.env HTTP/1.1" 404 13303 "-" "Go-http-client/1.1"
164.90.208.56 - - [20/Jul/2025:05:27:22 +0000] "GET /.git/config HTTP/1.1" 404 13303 "-" "Go-http-client/1.1"
164.90.208.56 - - [20/Jul/2025:05:27:23 +0000] "GET /s/431323e27373e24373e2930323/_/;/META-INF/maven/com.atlassian.jira/jira-webapp-dist/pom.properties HTTP/1.1" 404 13328 "-" "Go-http-client/1.1"
164.90.208.56 - - [20/Jul/2025:05:27:24 +0000] "GET /config.json HTTP/1.1" 404 13303 "-" "Go-http-client/1.1"
164.90.208.56 - - [20/Jul/2025:05:27:24 +0000] "GET /telescope/requests HTTP/1.1" 404 13303 "-" "Go-http-client/1.1"
164.90.208.56 - - [20/Jul/2025:05:27:25 +0000] "GET /info.php HTTP/1.1" 404 13303 "-" "Go-http-client/1.1"
164.90.208.56 - - [20/Jul/2025:05:27:26 +0000] "GET /?rest_route=/wp/v2/users/ HTTP/1.1" 200 367 "-" "Go-http-client/1.1"
103.131.71.198 - - [20/Jul/2025:06:04:41 +0000] "GET /robots.txt HTTP/1.1" 200 97 "-" "Mozilla/5.0 (compatible; coccocbot-image/1.0; +http://help.coccoc.com/searchengine)"
209.74.77.214 - - [20/Jul/2025:06:07:37 +0000] "POST /wp-cron.php?doing_wp_cron=1752991657.7360179424285888671875 HTTP/1.1" 200 - "-" "WordPress/6.8.2; https://akaventures.com.au"
57.141.2.30 - - [20/Jul/2025:06:07:35 +0000] "GET /entity/1370817787.shtm HTTP/1.1" 404 61480 "-" "meta-externalagent/1.1 (+https://developers.facebook.com/docs/sharing/webmasters/crawler)"
209.74.77.214 - - [20/Jul/2025:06:07:53 +0000] "POST /wp-cron.php?doing_wp_cron=1752991673.6721789836883544921875 HTTP/1.1" 200 - "-" "WordPress/6.8.2; https://akaventures.com.au"
57.141.2.20 - - [20/Jul/2025:06:07:53 +0000] "GET /entity/524518327.shtm HTTP/1.1" 404 61480 "-" "meta-externalagent/1.1 (+https://developers.facebook.com/docs/sharing/webmasters/crawler)"
209.74.77.214 - - [20/Jul/2025:06:20:45 +0000] "POST /wp-cron.php?doing_wp_cron=1752992445.1527400016784667968750 HTTP/1.1" 200 - "-" "WordPress/6.8.2; https://akaventures.com.au"
185.177.72.3 - - [20/Jul/2025:06:20:42 +0000] "GET /.git/HEAD HTTP/1.1" 301 - "-" "-"
185.177.72.3 - - [20/Jul/2025:06:20:46 +0000] "GET /.env HTTP/1.1" 301 - "-" "Mozilla/5.0 (Windows NT 10.0; Win64; x64) AppleWebKit/537.36 (KHTML, like Gecko) Chrome/91.0.4472.124 Safari/537.36"
185.177.72.3 - - [20/Jul/2025:06:20:51 +0000] "GET /.env HTTP/1.1" 404 13303 "-" "Mozilla/5.0 (Windows NT 10.0; Win64; x64) AppleWebKit/537.36 (KHTML, like Gecko) Chrome/91.0.4472.124 Safari/537.36"
185.177.72.3 - - [20/Jul/2025:06:20:52 +0000] "GET /phpinfo HTTP/1.1" 404 13303 "-" "Mozilla/5.0 (Windows NT 10.0; Win64; x64) AppleWebKit/537.36 (KHTML, like Gecko) Chrome/91.0.4472.124 Safari/537.36"
185.177.72.3 - - [20/Jul/2025:06:20:53 +0000] "GET /_profiler/phpinfo HTTP/1.1" 404 13303 "-" "Mozilla/5.0 (Windows NT 10.0; Win64; x64) AppleWebKit/537.36 (KHTML, like Gecko) Chrome/91.0.4472.124 Safari/537.36"
185.177.72.3 - - [20/Jul/2025:06:20:53 +0000] "GET /info.php HTTP/1.1" 404 13303 "-" "Mozilla/5.0 (Windows NT 10.0; Win64; x64) AppleWebKit/537.36 (KHTML, like Gecko) Chrome/91.0.4472.124 Safari/537.36"
185.177.72.3 - - [20/Jul/2025:06:20:54 +0000] "GET /index.html HTTP/1.1" 404 13303 "-" "Mozilla/5.0 (Windows NT 10.0; Win64; x64) AppleWebKit/537.36 (KHTML, like Gecko) Chrome/91.0.4472.124 Safari/537.36"
185.177.72.3 - - [20/Jul/2025:06:20:54 +0000] "GET /backend/.env HTTP/1.1" 404 13303 "-" "Mozilla/5.0 (Windows NT 10.0; Win64; x64) AppleWebKit/537.36 (KHTML, like Gecko) Chrome/91.0.4472.124 Safari/537.36"
185.177.72.3 - - [20/Jul/2025:06:20:55 +0000] "GET /api/.env HTTP/1.1" 404 13303 "-" "Mozilla/5.0 (Windows NT 10.0; Win64; x64) AppleWebKit/537.36 (KHTML, like Gecko) Chrome/91.0.4472.124 Safari/537.36"
185.177.72.3 - - [20/Jul/2025:06:20:55 +0000] "GET /env.backup HTTP/1.1" 404 13303 "-" "Mozilla/5.0 (Windows NT 10.0; Win64; x64) AppleWebKit/537.36 (KHTML, like Gecko) Chrome/91.0.4472.124 Safari/537.36"
185.177.72.3 - - [20/Jul/2025:06:20:56 +0000] "GET /phpinfo.php HTTP/1.1" 404 13303 "-" "Mozilla/5.0 (Windows NT 10.0; Win64; x64) AppleWebKit/537.36 (KHTML, like Gecko) Chrome/91.0.4472.124 Safari/537.36"
185.177.72.3 - - [20/Jul/2025:06:20:56 +0000] "GET /main/.env HTTP/1.1" 404 13303 "-" "Mozilla/5.0 (Windows NT 10.0; Win64; x64) AppleWebKit/537.36 (KHTML, like Gecko) Chrome/91.0.4472.124 Safari/537.36"
185.177.72.3 - - [20/Jul/2025:06:20:57 +0000] "GET /.env.old HTTP/1.1" 404 13303 "-" "Mozilla/5.0 (Windows NT 10.0; Win64; x64) AppleWebKit/537.36 (KHTML, like Gecko) Chrome/91.0.4472.124 Safari/537.36"
185.177.72.3 - - [20/Jul/2025:06:20:57 +0000] "GET /api/config.env HTTP/1.1" 404 13303 "-" "Mozilla/5.0 (Windows NT 10.0; Win64; x64) AppleWebKit/537.36 (KHTML, like Gecko) Chrome/91.0.4472.124 Safari/537.36"
185.177.72.3 - - [20/Jul/2025:06:20:58 +0000] "GET /.aws/credentials HTTP/1.1" 404 13303 "-" "Mozilla/5.0 (Windows NT 10.0; Win64; x64) AppleWebKit/537.36 (KHTML, like Gecko) Chrome/91.0.4472.124 Safari/537.36"
185.177.72.3 - - [20/Jul/2025:06:20:58 +0000] "GET /lara/phpinfo.php HTTP/1.1" 404 13303 "-" "Mozilla/5.0 (Windows NT 10.0; Win64; x64) AppleWebKit/537.36 (KHTML, like Gecko) Chrome/91.0.4472.124 Safari/537.36"
185.177.72.3 - - [20/Jul/2025:06:20:59 +0000] "GET /core/.env HTTP/1.1" 404 13303 "-" "Mozilla/5.0 (Windows NT 10.0; Win64; x64) AppleWebKit/537.36 (KHTML, like Gecko) Chrome/91.0.4472.124 Safari/537.36"
185.177.72.3 - - [20/Jul/2025:06:20:59 +0000] "GET /application.properties HTTP/1.1" 404 13303 "-" "Mozilla/5.0 (Windows NT 10.0; Win64; x64) AppleWebKit/537.36 (KHTML, like Gecko) Chrome/91.0.4472.124 Safari/537.36"
185.177.72.3 - - [20/Jul/2025:06:20:59 +0000] "GET /prod/.env HTTP/1.1" 404 13303 "-" "Mozilla/5.0 (Windows NT 10.0; Win64; x64) AppleWebKit/537.36 (KHTML, like Gecko) Chrome/91.0.4472.124 Safari/537.36"
185.177.72.3 - - [20/Jul/2025:06:21:00 +0000] "GET /kyc/.env HTTP/1.1" 404 13303 "-" "Mozilla/5.0 (Windows NT 10.0; Win64; x64) AppleWebKit/537.36 (KHTML, like Gecko) Chrome/91.0.4472.124 Safari/537.36"
185.177.72.3 - - [20/Jul/2025:06:21:00 +0000] "GET /aws/credentials HTTP/1.1" 404 13303 "-" "Mozilla/5.0 (Windows NT 10.0; Win64; x64) AppleWebKit/537.36 (KHTML, like Gecko) Chrome/91.0.4472.124 Safari/537.36"
185.177.72.3 - - [20/Jul/2025:06:21:01 +0000] "GET /laravael/core/.env HTTP/1.1" 404 13328 "-" "Mozilla/5.0 (Windows NT 10.0; Win64; x64) AppleWebKit/537.36 (KHTML, like Gecko) Chrome/91.0.4472.124 Safari/537.36"
209.74.77.214 - - [20/Jul/2025:06:21:02 +0000] "POST /wp-cron.php?doing_wp_cron=1752992462.2053039073944091796875 HTTP/1.1" 200 - "-" "WordPress/6.8.2; https://akaventures.com.au"
185.177.72.3 - - [20/Jul/2025:06:21:01 +0000] "GET /server-info.php HTTP/1.1" 404 13303 "-" "Mozilla/5.0 (Windows NT 10.0; Win64; x64) AppleWebKit/537.36 (KHTML, like Gecko) Chrome/91.0.4472.124 Safari/537.36"
185.177.72.3 - - [20/Jul/2025:06:21:02 +0000] "GET /.aws/config HTTP/1.1" 404 13303 "-" "Mozilla/5.0 (Windows NT 10.0; Win64; x64) AppleWebKit/537.36 (KHTML, like Gecko) Chrome/91.0.4472.124 Safari/537.36"
185.177.72.3 - - [20/Jul/2025:06:21:03 +0000] "GET /docker/app/.env HTTP/1.1" 404 13328 "-" "Mozilla/5.0 (Windows NT 10.0; Win64; x64) AppleWebKit/537.36 (KHTML, like Gecko) Chrome/91.0.4472.124 Safari/537.36"
185.177.72.3 - - [20/Jul/2025:06:21:03 +0000] "GET /lara/info.php HTTP/1.1" 404 13303 "-" "Mozilla/5.0 (Windows NT 10.0; Win64; x64) AppleWebKit/537.36 (KHTML, like Gecko) Chrome/91.0.4472.124 Safari/537.36"
185.177.72.3 - - [20/Jul/2025:06:21:03 +0000] "GET /.env.prod HTTP/1.1" 404 13303 "-" "Mozilla/5.0 (Windows NT 10.0; Win64; x64) AppleWebKit/537.36 (KHTML, like Gecko) Chrome/91.0.4472.124 Safari/537.36"
185.177.72.3 - - [20/Jul/2025:06:21:04 +0000] "GET /config/local.yml HTTP/1.1" 404 13303 "-" "Mozilla/5.0 (Windows NT 10.0; Win64; x64) AppleWebKit/537.36 (KHTML, like Gecko) Chrome/91.0.4472.124 Safari/537.36"
185.177.72.3 - - [20/Jul/2025:06:21:04 +0000] "GET /secrets/aws_ses.env HTTP/1.1" 404 13303 "-" "Mozilla/5.0 (Windows NT 10.0; Win64; x64) AppleWebKit/537.36 (KHTML, like Gecko) Chrome/91.0.4472.124 Safari/537.36"
185.177.72.3 - - [20/Jul/2025:06:21:05 +0000] "GET /awsstats/.env HTTP/1.1" 404 13303 "-" "Mozilla/5.0 (Windows NT 10.0; Win64; x64) AppleWebKit/537.36 (KHTML, like Gecko) Chrome/91.0.4472.124 Safari/537.36"
185.177.72.3 - - [20/Jul/2025:06:21:05 +0000] "GET /wp-config.php.bak HTTP/1.1" 404 13303 "-" "Mozilla/5.0 (Windows NT 10.0; Win64; x64) AppleWebKit/537.36 (KHTML, like Gecko) Chrome/91.0.4472.124 Safari/537.36"
185.177.72.3 - - [20/Jul/2025:06:21:06 +0000] "GET /admin/.env HTTP/1.1" 404 13303 "-" "Mozilla/5.0 (Windows NT 10.0; Win64; x64) AppleWebKit/537.36 (KHTML, like Gecko) Chrome/91.0.4472.124 Safari/537.36"
185.177.72.3 - - [20/Jul/2025:06:21:06 +0000] "GET /config/storage.yml HTTP/1.1" 404 13303 "-" "Mozilla/5.0 (Windows NT 10.0; Win64; x64) AppleWebKit/537.36 (KHTML, like Gecko) Chrome/91.0.4472.124 Safari/537.36"
185.177.72.3 - - [20/Jul/2025:06:21:07 +0000] "GET /settings.py HTTP/1.1" 404 13303 "-" "Mozilla/5.0 (Windows NT 10.0; Win64; x64) AppleWebKit/537.36 (KHTML, like Gecko) Chrome/91.0.4472.124 Safari/537.36"
185.177.72.3 - - [20/Jul/2025:06:21:07 +0000] "GET /apps/.env HTTP/1.1" 404 13303 "-" "Mozilla/5.0 (Windows NT 10.0; Win64; x64) AppleWebKit/537.36 (KHTML, like Gecko) Chrome/91.0.4472.124 Safari/537.36"
185.177.72.3 - - [20/Jul/2025:06:21:08 +0000] "GET /opt/aws/ses.env HTTP/1.1" 404 13328 "-" "Mozilla/5.0 (Windows NT 10.0; Win64; x64) AppleWebKit/537.36 (KHTML, like Gecko) Chrome/91.0.4472.124 Safari/537.36"
185.177.72.3 - - [20/Jul/2025:06:21:08 +0000] "GET /logs/aws/ses.log HTTP/1.1" 404 13328 "-" "Mozilla/5.0 (Windows NT 10.0; Win64; x64) AppleWebKit/537.36 (KHTML, like Gecko) Chrome/91.0.4472.124 Safari/537.36"
185.177.72.3 - - [20/Jul/2025:06:21:09 +0000] "GET /private/.env HTTP/1.1" 404 13303 "-" "Mozilla/5.0 (Windows NT 10.0; Win64; x64) AppleWebKit/537.36 (KHTML, like Gecko) Chrome/91.0.4472.124 Safari/537.36"
185.177.72.3 - - [20/Jul/2025:06:21:09 +0000] "GET /docker-compose.yml HTTP/1.1" 404 13303 "-" "Mozilla/5.0 (Windows NT 10.0; Win64; x64) AppleWebKit/537.36 (KHTML, like Gecko) Chrome/91.0.4472.124 Safari/537.36"
185.177.72.3 - - [20/Jul/2025:06:21:10 +0000] "GET /.git/config HTTP/1.1" 404 13303 "-" "Mozilla/5.0 (Windows NT 10.0; Win64; x64) AppleWebKit/537.36 (KHTML, like Gecko) Chrome/91.0.4472.124 Safari/537.36"
209.74.77.214 - - [20/Jul/2025:06:38:23 +0000] "POST /wp-cron.php?doing_wp_cron=1752993503.1399669647216796875000 HTTP/1.1" 200 - "-" "WordPress/6.8.2; https://akaventures.com.au"
57.141.2.9 - - [20/Jul/2025:06:38:21 +0000] "GET /entity/524380907.shtm HTTP/1.1" 404 61480 "-" "meta-externalagent/1.1 (+https://developers.facebook.com/docs/sharing/webmasters/crawler)"
209.74.77.214 - - [20/Jul/2025:06:41:10 +0000] "POST /wp-cron.php?doing_wp_cron=1752993670.2104570865631103515625 HTTP/1.1" 200 - "-" "WordPress/6.8.2; https://akaventures.com.au"
57.141.2.19 - - [20/Jul/2025:06:41:08 +0000] "GET /entity/1370470510.shtm HTTP/1.1" 404 61480 "-" "meta-externalagent/1.1 (+https://developers.facebook.com/docs/sharing/webmasters/crawler)"
209.74.77.214 - - [20/Jul/2025:06:45:54 +0000] "POST /wp-cron.php?doing_wp_cron=1752993954.7542669773101806640625 HTTP/1.1" 200 - "-" "WordPress/6.8.2; https://akaventures.com.au"
209.74.77.214 - - [20/Jul/2025:06:45:54 +0000] "POST /wp-cron.php?doing_wp_cron=1752993954.7542650699615478515625 HTTP/1.1" 200 - "-" "WordPress/6.8.2; https://akaventures.com.au"
45.88.186.202 - - [20/Jul/2025:06:45:53 +0000] "GET / HTTP/1.1" 301 - "-" "Mozlila/5.0 (Linux; Android 7.0; SM-G892A Bulid/NRD90M; wv) AppleWebKit/537.36 (KHTML, like Gecko) Version/4.0 Chrome/60.0.3112.107 Moblie Safari/537.36"
45.88.186.202 - - [20/Jul/2025:06:45:53 +0000] "POST /ALFA_DATA/alfacgiapi/perl.alfa HTTP/1.1" 404 61516 "www.google.com" "Mozlila/5.0 (Linux; Android 7.0; SM-G892A Bulid/NRD90M; wv) AppleWebKit/537.36 (KHTML, like Gecko) Version/4.0 Chrome/60.0.3112.107 Moblie Safari/537.36"
45.88.186.202 - - [20/Jul/2025:06:45:53 +0000] "POST /wp-plain.php HTTP/1.1" 404 61480 "www.google.com" "Mozilla/5.0 (Linux; Android 7.0; SM-G892A Bulid/NRD90M; wv) AppleWebKit/537.36 (KHTML, like Gecko) Version/4.0 Chrome/60.0.3112.107 Moblie Safari/537.36"
45.88.186.202 - - [20/Jul/2025:06:45:53 +0000] "GET /wp-content/themes/seotheme/db.php?u HTTP/1.1" 404 61587 "www.google.com" "Mozlila/5.0 (Linux; Android 7.0; SM-G892A Bulid/NRD90M; wv) AppleWebKit/537.36 (KHTML, like Gecko) Version/4.0 Chrome/60.0.3112.107 Moblie Safari/537.36"
45.88.186.202 - - [20/Jul/2025:06:45:53 +0000] "GET /wp-content/plugins/fix/up.php HTTP/1.1" 404 61587 "-" "Mozilla/5.0 (Windows NT 10.0; Win64; x64) AppleWebKit/537.36 (KHTML, like Gecko) Chrome/85.0.4183.102 Safari/537.36"
45.88.186.202 - - [20/Jul/2025:06:45:55 +0000] "GET /bdxqqrwt.php?Fox=d3wL7 HTTP/1.1" 404 61480 "www.google.com" "Mozilla/5.0 (Linux; Android 7.0; SM-G892A Bulid/NRD90M; wv) AppleWebKit/537.36 (KHTML, like Gecko) Version/4.0 Chrome/60.0.3112.107 Moblie Safari/537.36"
45.88.186.202 - - [20/Jul/2025:06:45:55 +0000] "POST /alfacgiapi/perl.alfa HTTP/1.1" 404 61409 "www.google.com" "Mozlila/5.0 (Linux; Android 7.0; SM-G892A Bulid/NRD90M; wv) AppleWebKit/537.36 (KHTML, like Gecko) Version/4.0 Chrome/60.0.3112.107 Moblie Safari/537.36"
209.74.77.214 - - [20/Jul/2025:07:55:19 +0000] "POST /wp-cron.php?doing_wp_cron=1752998119.5000059604644775390625 HTTP/1.1" 200 - "-" "WordPress/6.8.2; https://akaventures.com.au"
57.141.2.16 - - [20/Jul/2025:07:55:17 +0000] "GET /entity/1370403150.shtm HTTP/1.1" 404 61480 "-" "meta-externalagent/1.1 (+https://developers.facebook.com/docs/sharing/webmasters/crawler)"
Page not found – Hello World !