57.141.2.17 - - [19/Jul/2025:14:45:38 +0000] "GET /entity/1370496986.shtm HTTP/1.1" 404 61480 "-" "meta-externalagent/1.1 (+https://developers.facebook.com/docs/sharing/webmasters/crawler)"
209.74.77.214 - - [19/Jul/2025:14:46:13 +0000] "POST /wp-cron.php?doing_wp_cron=1752936373.5820159912109375000000 HTTP/1.1" 200 - "-" "WordPress/6.8.2; https://akaventures.com.au"
57.141.2.26 - - [19/Jul/2025:14:46:12 +0000] "GET /entity/1370630554.shtm HTTP/1.1" 404 61480 "-" "meta-externalagent/1.1 (+https://developers.facebook.com/docs/sharing/webmasters/crawler)"
209.74.77.214 - - [19/Jul/2025:14:47:45 +0000] "POST /wp-cron.php?doing_wp_cron=1752936465.6412949562072753906250 HTTP/1.1" 200 - "-" "WordPress/6.8.2; https://akaventures.com.au"
57.141.2.23 - - [19/Jul/2025:14:47:44 +0000] "GET /entity/1370430457.shtm HTTP/1.1" 404 61480 "-" "meta-externalagent/1.1 (+https://developers.facebook.com/docs/sharing/webmasters/crawler)"
209.74.77.214 - - [19/Jul/2025:14:48:46 +0000] "POST /wp-cron.php?doing_wp_cron=1752936526.9012720584869384765625 HTTP/1.1" 200 - "-" "WordPress/6.8.2; https://akaventures.com.au"
57.141.2.23 - - [19/Jul/2025:14:48:45 +0000] "GET /entity/1370808206.shtm HTTP/1.1" 404 61480 "-" "meta-externalagent/1.1 (+https://developers.facebook.com/docs/sharing/webmasters/crawler)"
209.74.77.214 - - [19/Jul/2025:14:49:20 +0000] "POST /wp-cron.php?doing_wp_cron=1752936560.1475679874420166015625 HTTP/1.1" 200 - "-" "WordPress/6.8.2; https://akaventures.com.au"
57.141.2.4 - - [19/Jul/2025:14:49:19 +0000] "GET /entity/1370423135.shtm HTTP/1.1" 404 61480 "-" "meta-externalagent/1.1 (+https://developers.facebook.com/docs/sharing/webmasters/crawler)"
57.141.2.4 - - [19/Jul/2025:14:50:39 +0000] "GET /entity/1370417024.shtm HTTP/1.1" 404 61480 "-" "meta-externalagent/1.1 (+https://developers.facebook.com/docs/sharing/webmasters/crawler)"
209.74.77.214 - - [19/Jul/2025:14:53:14 +0000] "POST /wp-cron.php?doing_wp_cron=1752936794.7691500186920166015625 HTTP/1.1" 200 - "-" "WordPress/6.8.2; https://akaventures.com.au"
57.141.2.12 - - [19/Jul/2025:14:53:13 +0000] "GET /entity/1370348768.shtm HTTP/1.1" 404 61480 "-" "meta-externalagent/1.1 (+https://developers.facebook.com/docs/sharing/webmasters/crawler)"
57.141.2.21 - - [19/Jul/2025:14:53:25 +0000] "GET /entity/1370715329.shtm HTTP/1.1" 404 61480 "-" "meta-externalagent/1.1 (+https://developers.facebook.com/docs/sharing/webmasters/crawler)"
57.141.2.22 - - [19/Jul/2025:14:53:36 +0000] "GET /entity/1370540887.shtm HTTP/1.1" 404 61480 "-" "meta-externalagent/1.1 (+https://developers.facebook.com/docs/sharing/webmasters/crawler)"
57.141.2.5 - - [19/Jul/2025:14:53:37 +0000] "GET /entity/1370655484.shtm HTTP/1.1" 404 61480 "-" "meta-externalagent/1.1 (+https://developers.facebook.com/docs/sharing/webmasters/crawler)"
209.74.77.214 - - [19/Jul/2025:14:54:08 +0000] "POST /wp-cron.php?doing_wp_cron=1752936848.3579750061035156250000 HTTP/1.1" 200 - "-" "WordPress/6.8.2; https://akaventures.com.au"
57.141.2.29 - - [19/Jul/2025:14:54:08 +0000] "GET /entity/1370781592.shtm HTTP/1.1" 404 61480 "-" "meta-externalagent/1.1 (+https://developers.facebook.com/docs/sharing/webmasters/crawler)"
209.74.77.214 - - [19/Jul/2025:14:55:09 +0000] "POST /wp-cron.php?doing_wp_cron=1752936909.3708391189575195312500 HTTP/1.1" 200 - "-" "WordPress/6.8.2; https://akaventures.com.au"
57.141.2.28 - - [19/Jul/2025:14:55:07 +0000] "GET /entity/1370395367.shtm HTTP/1.1" 404 61480 "-" "meta-externalagent/1.1 (+https://developers.facebook.com/docs/sharing/webmasters/crawler)"
209.74.77.214 - - [19/Jul/2025:14:55:58 +0000] "POST /wp-cron.php?doing_wp_cron=1752936958.8949589729309082031250 HTTP/1.1" 200 - "-" "WordPress/6.8.2; https://akaventures.com.au"
57.141.2.8 - - [19/Jul/2025:14:55:57 +0000] "GET /entity/1370827618.shtm HTTP/1.1" 404 61480 "-" "meta-externalagent/1.1 (+https://developers.facebook.com/docs/sharing/webmasters/crawler)"
209.74.77.214 - - [19/Jul/2025:14:56:56 +0000] "POST /wp-cron.php?doing_wp_cron=1752937016.4547588825225830078125 HTTP/1.1" 200 - "-" "WordPress/6.8.2; https://akaventures.com.au"
51.75.249.247 - - [19/Jul/2025:14:56:55 +0000] "GET /api/index.php/v1/config/application?public=true HTTP/1.1" 301 - "-" "python-requests/2.22.0"
51.75.249.247 - - [19/Jul/2025:14:56:56 +0000] "GET /api/v1/config/application?public=true HTTP/1.1" 404 13328 "-" "python-requests/2.22.0"
209.74.77.214 - - [19/Jul/2025:14:57:58 +0000] "POST /wp-cron.php?doing_wp_cron=1752937078.0924050807952880859375 HTTP/1.1" 200 - "-" "WordPress/6.8.2; https://akaventures.com.au"
57.141.2.1 - - [19/Jul/2025:14:57:56 +0000] "GET /entity/1370725999.shtm HTTP/1.1" 404 61480 "-" "meta-externalagent/1.1 (+https://developers.facebook.com/docs/sharing/webmasters/crawler)"
209.74.77.214 - - [19/Jul/2025:14:58:10 +0000] "POST /wp-cron.php?doing_wp_cron=1752937090.5578379631042480468750 HTTP/1.1" 200 - "-" "WordPress/6.8.2; https://akaventures.com.au"
57.141.2.4 - - [19/Jul/2025:14:58:10 +0000] "GET /entity/1370658639.shtm HTTP/1.1" 404 61480 "-" "meta-externalagent/1.1 (+https://developers.facebook.com/docs/sharing/webmasters/crawler)"
57.141.2.11 - - [19/Jul/2025:14:58:20 +0000] "GET /entity/1370758968.shtm HTTP/1.1" 404 61480 "-" "meta-externalagent/1.1 (+https://developers.facebook.com/docs/sharing/webmasters/crawler)"
209.74.77.214 - - [19/Jul/2025:14:59:02 +0000] "POST /wp-cron.php?doing_wp_cron=1752937142.7305650711059570312500 HTTP/1.1" 200 - "-" "WordPress/6.8.2; https://akaventures.com.au"
57.141.2.27 - - [19/Jul/2025:14:59:01 +0000] "GET /entity/524550912.shtm HTTP/1.1" 404 61480 "-" "meta-externalagent/1.1 (+https://developers.facebook.com/docs/sharing/webmasters/crawler)"
57.141.2.3 - - [19/Jul/2025:14:59:17 +0000] "GET /entity/1370334500.shtm HTTP/1.1" 404 61480 "-" "meta-externalagent/1.1 (+https://developers.facebook.com/docs/sharing/webmasters/crawler)"
173.252.87.12 - - [19/Jul/2025:14:59:40 +0000] "GET /robots.txt HTTP/1.1" 206 83 "-" "facebookexternalhit/1.1 (+http://www.facebook.com/externalhit_uatext.php)"
209.74.77.214 - - [19/Jul/2025:15:00:15 +0000] "POST /wp-cron.php?doing_wp_cron=1752937215.5992310047149658203125 HTTP/1.1" 200 - "-" "WordPress/6.8.2; https://akaventures.com.au"
57.141.2.4 - - [19/Jul/2025:15:00:14 +0000] "GET /entity/1370669951.shtm HTTP/1.1" 404 61480 "-" "meta-externalagent/1.1 (+https://developers.facebook.com/docs/sharing/webmasters/crawler)"
209.74.77.214 - - [19/Jul/2025:15:03:08 +0000] "POST /wp-cron.php?doing_wp_cron=1752937388.3759839534759521484375 HTTP/1.1" 200 - "-" "WordPress/6.8.2; https://akaventures.com.au"
57.141.2.1 - - [19/Jul/2025:15:03:06 +0000] "GET /entity/1370735318.shtm HTTP/1.1" 404 61480 "-" "meta-externalagent/1.1 (+https://developers.facebook.com/docs/sharing/webmasters/crawler)"
57.141.2.26 - - [19/Jul/2025:15:03:23 +0000] "GET /entity/1370858856.shtm HTTP/1.1" 404 61480 "-" "meta-externalagent/1.1 (+https://developers.facebook.com/docs/sharing/webmasters/crawler)"
209.74.77.214 - - [19/Jul/2025:15:06:31 +0000] "POST /wp-cron.php?doing_wp_cron=1752937591.0057249069213867187500 HTTP/1.1" 200 - "-" "WordPress/6.8.2; https://akaventures.com.au"
57.141.2.30 - - [19/Jul/2025:15:06:29 +0000] "GET /entity/1370711219.shtm HTTP/1.1" 404 61480 "-" "meta-externalagent/1.1 (+https://developers.facebook.com/docs/sharing/webmasters/crawler)"
209.74.77.214 - - [19/Jul/2025:15:06:53 +0000] "POST /wp-cron.php?doing_wp_cron=1752937613.6808860301971435546875 HTTP/1.1" 200 - "-" "WordPress/6.8.2; https://akaventures.com.au"
57.141.2.4 - - [19/Jul/2025:15:06:53 +0000] "GET /entity/1370755116.shtm HTTP/1.1" 404 61480 "-" "meta-externalagent/1.1 (+https://developers.facebook.com/docs/sharing/webmasters/crawler)"
57.141.2.19 - - [19/Jul/2025:15:06:55 +0000] "GET /entity/524542243.shtm HTTP/1.1" 404 61480 "-" "meta-externalagent/1.1 (+https://developers.facebook.com/docs/sharing/webmasters/crawler)"
209.74.77.214 - - [19/Jul/2025:15:07:04 +0000] "POST /wp-cron.php?doing_wp_cron=1752937624.2989149093627929687500 HTTP/1.1" 200 - "-" "WordPress/6.8.2; https://akaventures.com.au"
57.141.2.7 - - [19/Jul/2025:15:07:04 +0000] "GET /entity/524314254.shtm HTTP/1.1" 404 61480 "-" "meta-externalagent/1.1 (+https://developers.facebook.com/docs/sharing/webmasters/crawler)"
209.74.77.214 - - [19/Jul/2025:15:09:03 +0000] "POST /wp-cron.php?doing_wp_cron=1752937743.0436561107635498046875 HTTP/1.1" 200 - "-" "WordPress/6.8.2; https://akaventures.com.au"
57.141.2.10 - - [19/Jul/2025:15:09:01 +0000] "GET /entity/1370461053.shtm HTTP/1.1" 404 61480 "-" "meta-externalagent/1.1 (+https://developers.facebook.com/docs/sharing/webmasters/crawler)"
57.141.2.20 - - [19/Jul/2025:15:09:10 +0000] "GET /entity/1370694436.shtm HTTP/1.1" 404 61480 "-" "meta-externalagent/1.1 (+https://developers.facebook.com/docs/sharing/webmasters/crawler)"
209.74.77.214 - - [19/Jul/2025:15:11:48 +0000] "POST /wp-cron.php?doing_wp_cron=1752937908.7909250259399414062500 HTTP/1.1" 200 - "-" "WordPress/6.8.2; https://akaventures.com.au"
57.141.2.12 - - [19/Jul/2025:15:11:47 +0000] "GET /entity/1370737122.shtm HTTP/1.1" 404 61480 "-" "meta-externalagent/1.1 (+https://developers.facebook.com/docs/sharing/webmasters/crawler)"
209.74.77.214 - - [19/Jul/2025:15:12:12 +0000] "POST /wp-cron.php?doing_wp_cron=1752937932.0838539600372314453125 HTTP/1.1" 200 - "-" "WordPress/6.8.2; https://akaventures.com.au"
57.141.2.6 - - [19/Jul/2025:15:12:11 +0000] "GET /entity/1370715071.shtm HTTP/1.1" 404 61480 "-" "meta-externalagent/1.1 (+https://developers.facebook.com/docs/sharing/webmasters/crawler)"
209.74.77.214 - - [19/Jul/2025:15:12:42 +0000] "POST /wp-cron.php?doing_wp_cron=1752937961.9841980934143066406250 HTTP/1.1" 200 - "-" "WordPress/6.8.2; https://akaventures.com.au"
57.141.2.22 - - [19/Jul/2025:15:12:41 +0000] "GET /entity/1370815016.shtm HTTP/1.1" 404 61480 "-" "meta-externalagent/1.1 (+https://developers.facebook.com/docs/sharing/webmasters/crawler)"
209.74.77.214 - - [19/Jul/2025:15:14:03 +0000] "POST /wp-cron.php?doing_wp_cron=1752938043.0002989768981933593750 HTTP/1.1" 200 - "-" "WordPress/6.8.2; https://akaventures.com.au"
57.141.2.15 - - [19/Jul/2025:15:14:01 +0000] "GET /entity/1370736472.shtm HTTP/1.1" 404 61480 "-" "meta-externalagent/1.1 (+https://developers.facebook.com/docs/sharing/webmasters/crawler)"
57.141.2.26 - - [19/Jul/2025:15:14:30 +0000] "GET /entity/1370699068.shtm HTTP/1.1" 404 61480 "-" "meta-externalagent/1.1 (+https://developers.facebook.com/docs/sharing/webmasters/crawler)"
209.74.77.214 - - [19/Jul/2025:15:15:12 +0000] "POST /wp-cron.php?doing_wp_cron=1752938112.5339539051055908203125 HTTP/1.1" 200 - "-" "WordPress/6.8.2; https://akaventures.com.au"
57.141.2.19 - - [19/Jul/2025:15:15:11 +0000] "GET /entity/1370737825.shtm HTTP/1.1" 404 61480 "-" "meta-externalagent/1.1 (+https://developers.facebook.com/docs/sharing/webmasters/crawler)"
209.74.77.214 - - [19/Jul/2025:15:16:07 +0000] "POST /wp-cron.php?doing_wp_cron=1752938167.3707730770111083984375 HTTP/1.1" 200 - "-" "WordPress/6.8.2; https://akaventures.com.au"
57.141.2.9 - - [19/Jul/2025:15:16:05 +0000] "GET /entity/1370737183.shtm HTTP/1.1" 404 61480 "-" "meta-externalagent/1.1 (+https://developers.facebook.com/docs/sharing/webmasters/crawler)"
57.141.2.16 - - [19/Jul/2025:15:16:07 +0000] "GET /entity/1370723813.shtm HTTP/1.1" 404 61480 "-" "meta-externalagent/1.1 (+https://developers.facebook.com/docs/sharing/webmasters/crawler)"
209.74.77.214 - - [19/Jul/2025:15:16:56 +0000] "POST /wp-cron.php?doing_wp_cron=1752938216.3785130977630615234375 HTTP/1.1" 200 - "-" "WordPress/6.8.2; https://akaventures.com.au"
57.141.2.21 - - [19/Jul/2025:15:16:54 +0000] "GET /entity/1370867529.shtm HTTP/1.1" 404 61480 "-" "meta-externalagent/1.1 (+https://developers.facebook.com/docs/sharing/webmasters/crawler)"
209.74.77.214 - - [19/Jul/2025:15:17:05 +0000] "POST /wp-cron.php?doing_wp_cron=1752938225.1762371063232421875000 HTTP/1.1" 200 - "-" "WordPress/6.8.2; https://akaventures.com.au"
57.141.2.4 - - [19/Jul/2025:15:17:04 +0000] "GET /entity/1370374419.shtm HTTP/1.1" 404 61480 "-" "meta-externalagent/1.1 (+https://developers.facebook.com/docs/sharing/webmasters/crawler)"
209.74.77.214 - - [19/Jul/2025:15:18:08 +0000] "POST /wp-cron.php?doing_wp_cron=1752938288.8370280265808105468750 HTTP/1.1" 200 - "-" "WordPress/6.8.2; https://akaventures.com.au"
57.141.2.11 - - [19/Jul/2025:15:18:07 +0000] "GET /entity/1370457778.shtm HTTP/1.1" 404 61480 "-" "meta-externalagent/1.1 (+https://developers.facebook.com/docs/sharing/webmasters/crawler)"
209.74.77.214 - - [19/Jul/2025:15:19:03 +0000] "POST /wp-cron.php?doing_wp_cron=1752938343.8313429355621337890625 HTTP/1.1" 200 - "-" "WordPress/6.8.2; https://akaventures.com.au"
57.141.2.5 - - [19/Jul/2025:15:19:02 +0000] "GET /entity/1370713336.shtm HTTP/1.1" 404 61480 "-" "meta-externalagent/1.1 (+https://developers.facebook.com/docs/sharing/webmasters/crawler)"
209.74.77.214 - - [19/Jul/2025:15:21:11 +0000] "POST /wp-cron.php?doing_wp_cron=1752938471.2244501113891601562500 HTTP/1.1" 200 - "-" "WordPress/6.8.2; https://akaventures.com.au"
57.141.2.3 - - [19/Jul/2025:15:21:09 +0000] "GET /entity/1370687756.shtm HTTP/1.1" 404 61480 "-" "meta-externalagent/1.1 (+https://developers.facebook.com/docs/sharing/webmasters/crawler)"
209.74.77.214 - - [19/Jul/2025:15:23:42 +0000] "POST /wp-cron.php?doing_wp_cron=1752938622.5248169898986816406250 HTTP/1.1" 200 - "-" "WordPress/6.8.2; https://akaventures.com.au"
57.141.2.30 - - [19/Jul/2025:15:23:41 +0000] "GET /entity/1370819518.shtm HTTP/1.1" 404 61480 "-" "meta-externalagent/1.1 (+https://developers.facebook.com/docs/sharing/webmasters/crawler)"
209.74.77.214 - - [19/Jul/2025:15:31:42 +0000] "POST /wp-cron.php?doing_wp_cron=1752939102.4910290241241455078125 HTTP/1.1" 200 - "-" "WordPress/6.8.2; https://akaventures.com.au"
209.74.77.214 - - [19/Jul/2025:15:31:42 +0000] "POST /wp-cron.php?doing_wp_cron=1752939102.4909338951110839843750 HTTP/1.1" 200 - "-" "WordPress/6.8.2; https://akaventures.com.au"
57.141.2.19 - - [19/Jul/2025:15:31:41 +0000] "GET /entity/1370464403.shtm HTTP/1.1" 404 61480 "-" "meta-externalagent/1.1 (+https://developers.facebook.com/docs/sharing/webmasters/crawler)"
57.141.2.5 - - [19/Jul/2025:15:31:41 +0000] "GET /entity/1370681135.shtm HTTP/1.1" 404 61480 "-" "meta-externalagent/1.1 (+https://developers.facebook.com/docs/sharing/webmasters/crawler)"
209.74.77.214 - - [19/Jul/2025:15:32:47 +0000] "POST /wp-cron.php?doing_wp_cron=1752939167.5580780506134033203125 HTTP/1.1" 200 - "-" "WordPress/6.8.2; https://akaventures.com.au"
57.141.2.27 - - [19/Jul/2025:15:32:46 +0000] "GET /entity/1370639355.shtm HTTP/1.1" 404 61480 "-" "meta-externalagent/1.1 (+https://developers.facebook.com/docs/sharing/webmasters/crawler)"
209.74.77.214 - - [19/Jul/2025:16:34:00 +0000] "POST /wp-cron.php?doing_wp_cron=1752942840.0661170482635498046875 HTTP/1.1" 200 - "-" "WordPress/6.8.2; https://akaventures.com.au"
57.141.2.7 - - [19/Jul/2025:16:33:58 +0000] "GET /entity/1370294585.shtm HTTP/1.1" 404 61480 "-" "meta-externalagent/1.1 (+https://developers.facebook.com/docs/sharing/webmasters/crawler)"
209.74.77.214 - - [19/Jul/2025:16:35:22 +0000] "POST /wp-cron.php?doing_wp_cron=1752942922.2899858951568603515625 HTTP/1.1" 200 - "-" "WordPress/6.8.2; https://akaventures.com.au"
57.141.2.19 - - [19/Jul/2025:16:35:20 +0000] "GET /entity/1370436436.shtm HTTP/1.1" 404 61480 "-" "meta-externalagent/1.1 (+https://developers.facebook.com/docs/sharing/webmasters/crawler)"
209.74.77.214 - - [19/Jul/2025:16:53:31 +0000] "POST /wp-cron.php?doing_wp_cron=1752944011.7175719738006591796875 HTTP/1.1" 200 - "-" "WordPress/6.8.2; https://akaventures.com.au"
205.210.31.19 - - [19/Jul/2025:16:53:30 +0000] "GET / HTTP/1.1" 301 - "-" "-"
209.74.77.214 - - [19/Jul/2025:17:59:39 +0000] "POST /wp-cron.php?doing_wp_cron=1752947979.9268939495086669921875 HTTP/1.1" 200 - "-" "WordPress/6.8.2; https://akaventures.com.au"
57.141.2.24 - - [19/Jul/2025:17:59:38 +0000] "GET /entity/1370510421.shtm HTTP/1.1" 404 61480 "-" "meta-externalagent/1.1 (+https://developers.facebook.com/docs/sharing/webmasters/crawler)"
209.74.77.214 - - [19/Jul/2025:18:04:01 +0000] "POST /wp-cron.php?doing_wp_cron=1752948241.3863658905029296875000 HTTP/1.1" 200 - "-" "WordPress/6.8.2; https://akaventures.com.au"
57.141.2.3 - - [19/Jul/2025:18:03:59 +0000] "GET /entity/1370628043.shtm HTTP/1.1" 404 61480 "-" "meta-externalagent/1.1 (+https://developers.facebook.com/docs/sharing/webmasters/crawler)"
103.131.71.38 - - [19/Jul/2025:18:58:43 +0000] "GET /robots.txt HTTP/1.1" 200 97 "-" "Mozilla/5.0 (compatible; coccocbot-image/1.0; +http://help.coccoc.com/searchengine)"
209.74.77.214 - - [19/Jul/2025:19:54:01 +0000] "POST /wp-cron.php?doing_wp_cron=1752954841.7670109272003173828125 HTTP/1.1" 200 - "-" "WordPress/6.8.2; https://akaventures.com.au"
57.141.2.27 - - [19/Jul/2025:19:53:59 +0000] "GET /entity/1370730493.shtm HTTP/1.1" 404 61480 "-" "meta-externalagent/1.1 (+https://developers.facebook.com/docs/sharing/webmasters/crawler)"
209.74.77.214 - - [19/Jul/2025:19:54:07 +0000] "POST /wp-cron.php?doing_wp_cron=1752954847.5643548965454101562500 HTTP/1.1" 200 - "-" "WordPress/6.8.2; https://akaventures.com.au"
57.141.2.16 - - [19/Jul/2025:19:54:07 +0000] "GET /entity/1370319395.shtm HTTP/1.1" 404 61480 "-" "meta-externalagent/1.1 (+https://developers.facebook.com/docs/sharing/webmasters/crawler)"
209.74.77.214 - - [19/Jul/2025:19:56:23 +0000] "POST /wp-cron.php?doing_wp_cron=1752954983.2217500209808349609375 HTTP/1.1" 200 - "-" "WordPress/6.8.2; https://akaventures.com.au"
57.141.2.8 - - [19/Jul/2025:19:56:21 +0000] "GET /entity/1370306025.shtm HTTP/1.1" 404 61480 "-" "meta-externalagent/1.1 (+https://developers.facebook.com/docs/sharing/webmasters/crawler)"
209.74.77.214 - - [19/Jul/2025:20:23:59 +0000] "POST /wp-cron.php?doing_wp_cron=1752956639.1230130195617675781250 HTTP/1.1" 200 - "-" "WordPress/6.8.2; https://akaventures.com.au"
174.138.37.59 - - [19/Jul/2025:20:23:54 +0000] "GET /wp-content/uploads/ HTTP/1.1" 404 13303 "-" "Mozlila/5.0 (Linux; Android 7.0; SM-G892A Bulid/NRD90M; wv) AppleWebKit/537.36 (KHTML, like Gecko) Version/4.0 Chrome/60.0.3112.107 Moblie Safari/537.36"
209.74.77.214 - - [19/Jul/2025:20:24:05 +0000] "POST /wp-cron.php?doing_wp_cron=1752956645.6628060340881347656250 HTTP/1.1" 200 - "-" "WordPress/6.8.2; https://akaventures.com.au"
174.138.37.59 - - [19/Jul/2025:20:24:05 +0000] "GET /wp-content/uploads/ HTTP/1.1" 404 13303 "-" "Mozlila/5.0 (Linux; Android 7.0; SM-G892A Bulid/NRD90M; wv) AppleWebKit/537.36 (KHTML, like Gecko) Version/4.0 Chrome/60.0.3112.107 Moblie Safari/537.36"
174.138.37.59 - - [19/Jul/2025:20:24:10 +0000] "GET /wp-includes/ HTTP/1.1" 404 13303 "-" "Mozlila/5.0 (Linux; Android 7.0; SM-G892A Bulid/NRD90M; wv) AppleWebKit/537.36 (KHTML, like Gecko) Version/4.0 Chrome/60.0.3112.107 Moblie Safari/537.36"
174.138.37.59 - - [19/Jul/2025:20:24:15 +0000] "GET /wp-includes/ HTTP/1.1" 404 13303 "-" "Mozlila/5.0 (Linux; Android 7.0; SM-G892A Bulid/NRD90M; wv) AppleWebKit/537.36 (KHTML, like Gecko) Version/4.0 Chrome/60.0.3112.107 Moblie Safari/537.36"
174.138.37.59 - - [19/Jul/2025:20:24:20 +0000] "GET /.well-known/ HTTP/1.1" 404 13302 "-" "Mozlila/5.0 (Linux; Android 7.0; SM-G892A Bulid/NRD90M; wv) AppleWebKit/537.36 (KHTML, like Gecko) Version/4.0 Chrome/60.0.3112.107 Moblie Safari/537.36"
174.138.37.59 - - [19/Jul/2025:20:24:25 +0000] "GET /.well-known/ HTTP/1.1" 404 13302 "-" "Mozlila/5.0 (Linux; Android 7.0; SM-G892A Bulid/NRD90M; wv) AppleWebKit/537.36 (KHTML, like Gecko) Version/4.0 Chrome/60.0.3112.107 Moblie Safari/537.36"
174.138.37.59 - - [19/Jul/2025:20:24:29 +0000] "GET /ALFA_DATA/ HTTP/1.1" 404 13303 "-" "Mozlila/5.0 (Linux; Android 7.0; SM-G892A Bulid/NRD90M; wv) AppleWebKit/537.36 (KHTML, like Gecko) Version/4.0 Chrome/60.0.3112.107 Moblie Safari/537.36"
174.138.37.59 - - [19/Jul/2025:20:24:34 +0000] "GET /ALFA_DATA/ HTTP/1.1" 404 13302 "-" "Mozlila/5.0 (Linux; Android 7.0; SM-G892A Bulid/NRD90M; wv) AppleWebKit/537.36 (KHTML, like Gecko) Version/4.0 Chrome/60.0.3112.107 Moblie Safari/537.36"
174.138.37.59 - - [19/Jul/2025:20:24:38 +0000] "GET /.well-knownold/ HTTP/1.1" 404 13303 "-" "Mozlila/5.0 (Linux; Android 7.0; SM-G892A Bulid/NRD90M; wv) AppleWebKit/537.36 (KHTML, like Gecko) Version/4.0 Chrome/60.0.3112.107 Moblie Safari/537.36"
209.74.77.214 - - [19/Jul/2025:20:24:44 +0000] "POST /wp-cron.php?doing_wp_cron=1752956684.1656610965728759765625 HTTP/1.1" 200 - "-" "WordPress/6.8.2; https://akaventures.com.au"
174.138.37.59 - - [19/Jul/2025:20:24:43 +0000] "GET /.well-knownold/ HTTP/1.1" 404 13302 "-" "Mozlila/5.0 (Linux; Android 7.0; SM-G892A Bulid/NRD90M; wv) AppleWebKit/537.36 (KHTML, like Gecko) Version/4.0 Chrome/60.0.3112.107 Moblie Safari/537.36"
174.138.37.59 - - [19/Jul/2025:20:24:48 +0000] "GET /.well-known/acme-challenge/ HTTP/1.1" 404 13302 "-" "Mozlila/5.0 (Linux; Android 7.0; SM-G892A Bulid/NRD90M; wv) AppleWebKit/537.36 (KHTML, like Gecko) Version/4.0 Chrome/60.0.3112.107 Moblie Safari/537.36"
174.138.37.59 - - [19/Jul/2025:20:24:52 +0000] "GET /.well-known/acme-challenge/ HTTP/1.1" 404 13303 "-" "Mozlila/5.0 (Linux; Android 7.0; SM-G892A Bulid/NRD90M; wv) AppleWebKit/537.36 (KHTML, like Gecko) Version/4.0 Chrome/60.0.3112.107 Moblie Safari/537.36"
174.138.37.59 - - [19/Jul/2025:20:24:57 +0000] "GET /.well-known/pki-validation/ HTTP/1.1" 200 391 "-" "Mozlila/5.0 (Linux; Android 7.0; SM-G892A Bulid/NRD90M; wv) AppleWebKit/537.36 (KHTML, like Gecko) Version/4.0 Chrome/60.0.3112.107 Moblie Safari/537.36"
174.138.37.59 - - [19/Jul/2025:20:25:00 +0000] "GET /.well-known/pki-validation/ HTTP/1.1" 200 391 "-" "Mozlila/5.0 (Linux; Android 7.0; SM-G892A Bulid/NRD90M; wv) AppleWebKit/537.36 (KHTML, like Gecko) Version/4.0 Chrome/60.0.3112.107 Moblie Safari/537.36"
209.74.77.214 - - [19/Jul/2025:20:25:05 +0000] "POST /wp-cron.php?doing_wp_cron=1752956705.0553889274597167968750 HTTP/1.1" 200 - "-" "WordPress/6.8.2; https://akaventures.com.au"
174.138.37.59 - - [19/Jul/2025:20:25:04 +0000] "GET /images/ HTTP/1.1" 404 13303 "-" "Mozlila/5.0 (Linux; Android 7.0; SM-G892A Bulid/NRD90M; wv) AppleWebKit/537.36 (KHTML, like Gecko) Version/4.0 Chrome/60.0.3112.107 Moblie Safari/537.36"
174.138.37.59 - - [19/Jul/2025:20:25:09 +0000] "GET /images/ HTTP/1.1" 404 13303 "-" "Mozlila/5.0 (Linux; Android 7.0; SM-G892A Bulid/NRD90M; wv) AppleWebKit/537.36 (KHTML, like Gecko) Version/4.0 Chrome/60.0.3112.107 Moblie Safari/537.36"
174.138.37.59 - - [19/Jul/2025:20:25:14 +0000] "GET /assets/ HTTP/1.1" 404 13303 "-" "Mozlila/5.0 (Linux; Android 7.0; SM-G892A Bulid/NRD90M; wv) AppleWebKit/537.36 (KHTML, like Gecko) Version/4.0 Chrome/60.0.3112.107 Moblie Safari/537.36"
174.138.37.59 - - [19/Jul/2025:20:25:18 +0000] "GET /assets/ HTTP/1.1" 404 13303 "-" "Mozlila/5.0 (Linux; Android 7.0; SM-G892A Bulid/NRD90M; wv) AppleWebKit/537.36 (KHTML, like Gecko) Version/4.0 Chrome/60.0.3112.107 Moblie Safari/537.36"
174.138.37.59 - - [19/Jul/2025:20:25:23 +0000] "GET /wp-includes/js/ HTTP/1.1" 404 13303 "-" "Mozlila/5.0 (Linux; Android 7.0; SM-G892A Bulid/NRD90M; wv) AppleWebKit/537.36 (KHTML, like Gecko) Version/4.0 Chrome/60.0.3112.107 Moblie Safari/537.36"
174.138.37.59 - - [19/Jul/2025:20:25:28 +0000] "GET /wp-includes/js/ HTTP/1.1" 404 13303 "-" "Mozlila/5.0 (Linux; Android 7.0; SM-G892A Bulid/NRD90M; wv) AppleWebKit/537.36 (KHTML, like Gecko) Version/4.0 Chrome/60.0.3112.107 Moblie Safari/537.36"
174.138.37.59 - - [19/Jul/2025:20:25:33 +0000] "GET /wp-includes/pomo/ HTTP/1.1" 404 13303 "-" "Mozlila/5.0 (Linux; Android 7.0; SM-G892A Bulid/NRD90M; wv) AppleWebKit/537.36 (KHTML, like Gecko) Version/4.0 Chrome/60.0.3112.107 Moblie Safari/537.36"
174.138.37.59 - - [19/Jul/2025:20:25:37 +0000] "GET /wp-includes/pomo/ HTTP/1.1" 404 13303 "-" "Mozlila/5.0 (Linux; Android 7.0; SM-G892A Bulid/NRD90M; wv) AppleWebKit/537.36 (KHTML, like Gecko) Version/4.0 Chrome/60.0.3112.107 Moblie Safari/537.36"
209.74.77.214 - - [19/Jul/2025:20:25:44 +0000] "POST /wp-cron.php?doing_wp_cron=1752956744.0199890136718750000000 HTTP/1.1" 200 - "-" "WordPress/6.8.2; https://akaventures.com.au"
174.138.37.59 - - [19/Jul/2025:20:25:43 +0000] "GET /wp-includes/rest-api/ HTTP/1.1" 404 13302 "-" "Mozlila/5.0 (Linux; Android 7.0; SM-G892A Bulid/NRD90M; wv) AppleWebKit/537.36 (KHTML, like Gecko) Version/4.0 Chrome/60.0.3112.107 Moblie Safari/537.36"
174.138.37.59 - - [19/Jul/2025:20:25:45 +0000] "GET /wp-includes/rest-api/ HTTP/1.1" 404 13303 "-" "Mozlila/5.0 (Linux; Android 7.0; SM-G892A Bulid/NRD90M; wv) AppleWebKit/537.36 (KHTML, like Gecko) Version/4.0 Chrome/60.0.3112.107 Moblie Safari/537.36"
174.138.37.59 - - [19/Jul/2025:20:25:49 +0000] "GET /wp-includes/widgets/ HTTP/1.1" 404 13303 "-" "Mozlila/5.0 (Linux; Android 7.0; SM-G892A Bulid/NRD90M; wv) AppleWebKit/537.36 (KHTML, like Gecko) Version/4.0 Chrome/60.0.3112.107 Moblie Safari/537.36"
174.138.37.59 - - [19/Jul/2025:20:25:54 +0000] "GET /wp-includes/widgets/ HTTP/1.1" 404 13303 "-" "Mozlila/5.0 (Linux; Android 7.0; SM-G892A Bulid/NRD90M; wv) AppleWebKit/537.36 (KHTML, like Gecko) Version/4.0 Chrome/60.0.3112.107 Moblie Safari/537.36"
174.138.37.59 - - [19/Jul/2025:20:25:59 +0000] "GET /wp-admin/css/ HTTP/1.1" 404 13303 "-" "Mozlila/5.0 (Linux; Android 7.0; SM-G892A Bulid/NRD90M; wv) AppleWebKit/537.36 (KHTML, like Gecko) Version/4.0 Chrome/60.0.3112.107 Moblie Safari/537.36"
209.74.77.214 - - [19/Jul/2025:20:26:04 +0000] "POST /wp-cron.php?doing_wp_cron=1752956764.5638780593872070312500 HTTP/1.1" 200 - "-" "WordPress/6.8.2; https://akaventures.com.au"
174.138.37.59 - - [19/Jul/2025:20:26:04 +0000] "GET /wp-admin/css/ HTTP/1.1" 404 13303 "-" "Mozlila/5.0 (Linux; Android 7.0; SM-G892A Bulid/NRD90M; wv) AppleWebKit/537.36 (KHTML, like Gecko) Version/4.0 Chrome/60.0.3112.107 Moblie Safari/537.36"
174.138.37.59 - - [19/Jul/2025:20:26:09 +0000] "GET /wp-admin/images/ HTTP/1.1" 404 13303 "-" "Mozlila/5.0 (Linux; Android 7.0; SM-G892A Bulid/NRD90M; wv) AppleWebKit/537.36 (KHTML, like Gecko) Version/4.0 Chrome/60.0.3112.107 Moblie Safari/537.36"
174.138.37.59 - - [19/Jul/2025:20:26:14 +0000] "GET /wp-admin/images/ HTTP/1.1" 404 13303 "-" "Mozlila/5.0 (Linux; Android 7.0; SM-G892A Bulid/NRD90M; wv) AppleWebKit/537.36 (KHTML, like Gecko) Version/4.0 Chrome/60.0.3112.107 Moblie Safari/537.36"
174.138.37.59 - - [19/Jul/2025:20:26:19 +0000] "GET /wp-admin/maint/ HTTP/1.1" 404 13303 "-" "Mozlila/5.0 (Linux; Android 7.0; SM-G892A Bulid/NRD90M; wv) AppleWebKit/537.36 (KHTML, like Gecko) Version/4.0 Chrome/60.0.3112.107 Moblie Safari/537.36"
174.138.37.59 - - [19/Jul/2025:20:26:24 +0000] "GET /wp-admin/maint/ HTTP/1.1" 404 13303 "-" "Mozlila/5.0 (Linux; Android 7.0; SM-G892A Bulid/NRD90M; wv) AppleWebKit/537.36 (KHTML, like Gecko) Version/4.0 Chrome/60.0.3112.107 Moblie Safari/537.36"
174.138.37.59 - - [19/Jul/2025:20:26:29 +0000] "GET /wp-admin/meta/ HTTP/1.1" 404 13303 "-" "Mozlila/5.0 (Linux; Android 7.0; SM-G892A Bulid/NRD90M; wv) AppleWebKit/537.36 (KHTML, like Gecko) Version/4.0 Chrome/60.0.3112.107 Moblie Safari/537.36"
174.138.37.59 - - [19/Jul/2025:20:26:34 +0000] "GET /wp-admin/meta/ HTTP/1.1" 404 13303 "-" "Mozlila/5.0 (Linux; Android 7.0; SM-G892A Bulid/NRD90M; wv) AppleWebKit/537.36 (KHTML, like Gecko) Version/4.0 Chrome/60.0.3112.107 Moblie Safari/537.36"
174.138.37.59 - - [19/Jul/2025:20:26:39 +0000] "GET /wp-admin/network/ HTTP/1.1" 404 13303 "-" "Mozlila/5.0 (Linux; Android 7.0; SM-G892A Bulid/NRD90M; wv) AppleWebKit/537.36 (KHTML, like Gecko) Version/4.0 Chrome/60.0.3112.107 Moblie Safari/537.36"
209.74.77.214 - - [19/Jul/2025:20:26:44 +0000] "POST /wp-cron.php?doing_wp_cron=1752956804.1666400432586669921875 HTTP/1.1" 200 - "-" "WordPress/6.8.2; https://akaventures.com.au"
174.138.37.59 - - [19/Jul/2025:20:26:43 +0000] "GET /wp-admin/network/ HTTP/1.1" 404 13302 "-" "Mozlila/5.0 (Linux; Android 7.0; SM-G892A Bulid/NRD90M; wv) AppleWebKit/537.36 (KHTML, like Gecko) Version/4.0 Chrome/60.0.3112.107 Moblie Safari/537.36"
174.138.37.59 - - [19/Jul/2025:20:26:49 +0000] "GET /wp-admin/user/ HTTP/1.1" 404 13303 "-" "Mozlila/5.0 (Linux; Android 7.0; SM-G892A Bulid/NRD90M; wv) AppleWebKit/537.36 (KHTML, like Gecko) Version/4.0 Chrome/60.0.3112.107 Moblie Safari/537.36"
174.138.37.59 - - [19/Jul/2025:20:26:54 +0000] "GET /wp-admin/user/ HTTP/1.1" 404 13303 "-" "Mozlila/5.0 (Linux; Android 7.0; SM-G892A Bulid/NRD90M; wv) AppleWebKit/537.36 (KHTML, like Gecko) Version/4.0 Chrome/60.0.3112.107 Moblie Safari/537.36"
174.138.37.59 - - [19/Jul/2025:20:26:59 +0000] "GET /wp-content/ HTTP/1.1" 200 - "-" "Mozlila/5.0 (Linux; Android 7.0; SM-G892A Bulid/NRD90M; wv) AppleWebKit/537.36 (KHTML, like Gecko) Version/4.0 Chrome/60.0.3112.107 Moblie Safari/537.36"
174.138.37.59 - - [19/Jul/2025:20:27:00 +0000] "GET /wp-content/ HTTP/1.1" 200 - "-" "Mozlila/5.0 (Linux; Android 7.0; SM-G892A Bulid/NRD90M; wv) AppleWebKit/537.36 (KHTML, like Gecko) Version/4.0 Chrome/60.0.3112.107 Moblie Safari/537.36"
209.74.77.214 - - [19/Jul/2025:20:27:02 +0000] "POST /wp-cron.php?doing_wp_cron=1752956822.4385569095611572265625 HTTP/1.1" 200 - "-" "WordPress/6.8.2; https://akaventures.com.au"
174.138.37.59 - - [19/Jul/2025:20:27:01 +0000] "GET /wp-content/plugins/ HTTP/1.1" 404 13303 "-" "Mozlila/5.0 (Linux; Android 7.0; SM-G892A Bulid/NRD90M; wv) AppleWebKit/537.36 (KHTML, like Gecko) Version/4.0 Chrome/60.0.3112.107 Moblie Safari/537.36"
174.138.37.59 - - [19/Jul/2025:20:27:07 +0000] "GET /wp-content/plugins/ HTTP/1.1" 404 13303 "-" "Mozlila/5.0 (Linux; Android 7.0; SM-G892A Bulid/NRD90M; wv) AppleWebKit/537.36 (KHTML, like Gecko) Version/4.0 Chrome/60.0.3112.107 Moblie Safari/537.36"
174.138.37.59 - - [19/Jul/2025:20:27:11 +0000] "GET /wp-content/themes/ HTTP/1.1" 404 13303 "-" "Mozlila/5.0 (Linux; Android 7.0; SM-G892A Bulid/NRD90M; wv) AppleWebKit/537.36 (KHTML, like Gecko) Version/4.0 Chrome/60.0.3112.107 Moblie Safari/537.36"
174.138.37.59 - - [19/Jul/2025:20:27:15 +0000] "GET /wp-content/themes/ HTTP/1.1" 404 13303 "-" "Mozlila/5.0 (Linux; Android 7.0; SM-G892A Bulid/NRD90M; wv) AppleWebKit/537.36 (KHTML, like Gecko) Version/4.0 Chrome/60.0.3112.107 Moblie Safari/537.36"
174.138.37.59 - - [19/Jul/2025:20:27:20 +0000] "GET /wp-admin/includes/ HTTP/1.1" 404 13303 "-" "Mozlila/5.0 (Linux; Android 7.0; SM-G892A Bulid/NRD90M; wv) AppleWebKit/537.36 (KHTML, like Gecko) Version/4.0 Chrome/60.0.3112.107 Moblie Safari/537.36"
174.138.37.59 - - [19/Jul/2025:20:27:25 +0000] "GET /wp-admin/includes/ HTTP/1.1" 404 13303 "-" "Mozlila/5.0 (Linux; Android 7.0; SM-G892A Bulid/NRD90M; wv) AppleWebKit/537.36 (KHTML, like Gecko) Version/4.0 Chrome/60.0.3112.107 Moblie Safari/537.36"
174.138.37.59 - - [19/Jul/2025:20:27:28 +0000] "GET /wp-admin/ HTTP/1.1" 302 - "-" "Mozlila/5.0 (Linux; Android 7.0; SM-G892A Bulid/NRD90M; wv) AppleWebKit/537.36 (KHTML, like Gecko) Version/4.0 Chrome/60.0.3112.107 Moblie Safari/537.36"
174.138.37.59 - - [19/Jul/2025:20:27:30 +0000] "GET /wp-admin/ HTTP/1.1" 302 - "-" "Mozlila/5.0 (Linux; Android 7.0; SM-G892A Bulid/NRD90M; wv) AppleWebKit/537.36 (KHTML, like Gecko) Version/4.0 Chrome/60.0.3112.107 Moblie Safari/537.36"
174.138.37.59 - - [19/Jul/2025:20:27:37 +0000] "GET /wp-includes/css/ HTTP/1.1" 404 13303 "-" "Mozlila/5.0 (Linux; Android 7.0; SM-G892A Bulid/NRD90M; wv) AppleWebKit/537.36 (KHTML, like Gecko) Version/4.0 Chrome/60.0.3112.107 Moblie Safari/537.36"
209.74.77.214 - - [19/Jul/2025:20:27:41 +0000] "POST /wp-cron.php?doing_wp_cron=1752956861.8555340766906738281250 HTTP/1.1" 200 - "-" "WordPress/6.8.2; https://akaventures.com.au"
174.138.37.59 - - [19/Jul/2025:20:27:41 +0000] "GET /wp-includes/css/ HTTP/1.1" 404 13303 "-" "Mozlila/5.0 (Linux; Android 7.0; SM-G892A Bulid/NRD90M; wv) AppleWebKit/537.36 (KHTML, like Gecko) Version/4.0 Chrome/60.0.3112.107 Moblie Safari/537.36"
174.138.37.59 - - [19/Jul/2025:20:27:46 +0000] "GET /wp-includes/ID3/ HTTP/1.1" 404 13303 "-" "Mozlila/5.0 (Linux; Android 7.0; SM-G892A Bulid/NRD90M; wv) AppleWebKit/537.36 (KHTML, like Gecko) Version/4.0 Chrome/60.0.3112.107 Moblie Safari/537.36"
174.138.37.59 - - [19/Jul/2025:20:27:51 +0000] "GET /wp-includes/ID3/ HTTP/1.1" 404 13303 "-" "Mozlila/5.0 (Linux; Android 7.0; SM-G892A Bulid/NRD90M; wv) AppleWebKit/537.36 (KHTML, like Gecko) Version/4.0 Chrome/60.0.3112.107 Moblie Safari/537.36"
174.138.37.59 - - [19/Jul/2025:20:27:57 +0000] "GET /wp-includes/IXR/ HTTP/1.1" 404 13303 "-" "Mozlila/5.0 (Linux; Android 7.0; SM-G892A Bulid/NRD90M; wv) AppleWebKit/537.36 (KHTML, like Gecko) Version/4.0 Chrome/60.0.3112.107 Moblie Safari/537.36"
209.74.77.214 - - [19/Jul/2025:20:28:04 +0000] "POST /wp-cron.php?doing_wp_cron=1752956883.9975519180297851562500 HTTP/1.1" 200 - "-" "WordPress/6.8.2; https://akaventures.com.au"
174.138.37.59 - - [19/Jul/2025:20:28:03 +0000] "GET /wp-includes/IXR/ HTTP/1.1" 404 13303 "-" "Mozlila/5.0 (Linux; Android 7.0; SM-G892A Bulid/NRD90M; wv) AppleWebKit/537.36 (KHTML, like Gecko) Version/4.0 Chrome/60.0.3112.107 Moblie Safari/537.36"
174.138.37.59 - - [19/Jul/2025:20:28:09 +0000] "GET /wp-includes/Requests/ HTTP/1.1" 404 13303 "-" "Mozlila/5.0 (Linux; Android 7.0; SM-G892A Bulid/NRD90M; wv) AppleWebKit/537.36 (KHTML, like Gecko) Version/4.0 Chrome/60.0.3112.107 Moblie Safari/537.36"
174.138.37.59 - - [19/Jul/2025:20:28:14 +0000] "GET /wp-includes/Requests/ HTTP/1.1" 404 13303 "-" "Mozlila/5.0 (Linux; Android 7.0; SM-G892A Bulid/NRD90M; wv) AppleWebKit/537.36 (KHTML, like Gecko) Version/4.0 Chrome/60.0.3112.107 Moblie Safari/537.36"
174.138.37.59 - - [19/Jul/2025:20:28:18 +0000] "GET /wp-includes/SimplePie/ HTTP/1.1" 404 13303 "-" "Mozlila/5.0 (Linux; Android 7.0; SM-G892A Bulid/NRD90M; wv) AppleWebKit/537.36 (KHTML, like Gecko) Version/4.0 Chrome/60.0.3112.107 Moblie Safari/537.36"
174.138.37.59 - - [19/Jul/2025:20:28:23 +0000] "GET /wp-includes/SimplePie/ HTTP/1.1" 404 13303 "-" "Mozlila/5.0 (Linux; Android 7.0; SM-G892A Bulid/NRD90M; wv) AppleWebKit/537.36 (KHTML, like Gecko) Version/4.0 Chrome/60.0.3112.107 Moblie Safari/537.36"
174.138.37.59 - - [19/Jul/2025:20:28:28 +0000] "GET /wp-includes/Text/ HTTP/1.1" 404 13302 "-" "Mozlila/5.0 (Linux; Android 7.0; SM-G892A Bulid/NRD90M; wv) AppleWebKit/537.36 (KHTML, like Gecko) Version/4.0 Chrome/60.0.3112.107 Moblie Safari/537.36"
174.138.37.59 - - [19/Jul/2025:20:28:33 +0000] "GET /wp-includes/Text/ HTTP/1.1" 404 13303 "-" "Mozlila/5.0 (Linux; Android 7.0; SM-G892A Bulid/NRD90M; wv) AppleWebKit/537.36 (KHTML, like Gecko) Version/4.0 Chrome/60.0.3112.107 Moblie Safari/537.36"
174.138.37.59 - - [19/Jul/2025:20:28:38 +0000] "GET /wp-includes/Text/Diff/Renderer/ HTTP/1.1" 404 13328 "-" "Mozlila/5.0 (Linux; Android 7.0; SM-G892A Bulid/NRD90M; wv) AppleWebKit/537.36 (KHTML, like Gecko) Version/4.0 Chrome/60.0.3112.107 Moblie Safari/537.36"
209.74.77.214 - - [19/Jul/2025:20:28:42 +0000] "POST /wp-cron.php?doing_wp_cron=1752956922.4366879463195800781250 HTTP/1.1" 200 - "-" "WordPress/6.8.2; https://akaventures.com.au"
174.138.37.59 - - [19/Jul/2025:20:28:42 +0000] "GET /wp-includes/Text/Diff/Renderer/ HTTP/1.1" 404 13328 "-" "Mozlila/5.0 (Linux; Android 7.0; SM-G892A Bulid/NRD90M; wv) AppleWebKit/537.36 (KHTML, like Gecko) Version/4.0 Chrome/60.0.3112.107 Moblie Safari/537.36"
174.138.37.59 - - [19/Jul/2025:20:28:47 +0000] "GET /wp-includes/blocks/ HTTP/1.1" 404 13303 "-" "Mozlila/5.0 (Linux; Android 7.0; SM-G892A Bulid/NRD90M; wv) AppleWebKit/537.36 (KHTML, like Gecko) Version/4.0 Chrome/60.0.3112.107 Moblie Safari/537.36"
174.138.37.59 - - [19/Jul/2025:20:28:52 +0000] "GET /wp-includes/blocks/ HTTP/1.1" 404 13303 "-" "Mozlila/5.0 (Linux; Android 7.0; SM-G892A Bulid/NRD90M; wv) AppleWebKit/537.36 (KHTML, like Gecko) Version/4.0 Chrome/60.0.3112.107 Moblie Safari/537.36"
174.138.37.59 - - [19/Jul/2025:20:28:57 +0000] "GET /wp-includes/certificates/ HTTP/1.1" 404 13303 "-" "Mozlila/5.0 (Linux; Android 7.0; SM-G892A Bulid/NRD90M; wv) AppleWebKit/537.36 (KHTML, like Gecko) Version/4.0 Chrome/60.0.3112.107 Moblie Safari/537.36"
209.74.77.214 - - [19/Jul/2025:20:29:04 +0000] "POST /wp-cron.php?doing_wp_cron=1752956944.0071599483489990234375 HTTP/1.1" 200 - "-" "WordPress/6.8.2; https://akaventures.com.au"
174.138.37.59 - - [19/Jul/2025:20:29:03 +0000] "GET /wp-includes/certificates/ HTTP/1.1" 404 13303 "-" "Mozlila/5.0 (Linux; Android 7.0; SM-G892A Bulid/NRD90M; wv) AppleWebKit/537.36 (KHTML, like Gecko) Version/4.0 Chrome/60.0.3112.107 Moblie Safari/537.36"
174.138.37.59 - - [19/Jul/2025:20:29:08 +0000] "GET /wp-includes/customize/ HTTP/1.1" 404 13303 "-" "Mozlila/5.0 (Linux; Android 7.0; SM-G892A Bulid/NRD90M; wv) AppleWebKit/537.36 (KHTML, like Gecko) Version/4.0 Chrome/60.0.3112.107 Moblie Safari/537.36"
174.138.37.59 - - [19/Jul/2025:20:29:14 +0000] "GET /wp-includes/customize/ HTTP/1.1" 404 13303 "-" "Mozlila/5.0 (Linux; Android 7.0; SM-G892A Bulid/NRD90M; wv) AppleWebKit/537.36 (KHTML, like Gecko) Version/4.0 Chrome/60.0.3112.107 Moblie Safari/537.36"
174.138.37.59 - - [19/Jul/2025:20:29:19 +0000] "GET /wp-includes/fonts/ HTTP/1.1" 404 13303 "-" "Mozlila/5.0 (Linux; Android 7.0; SM-G892A Bulid/NRD90M; wv) AppleWebKit/537.36 (KHTML, like Gecko) Version/4.0 Chrome/60.0.3112.107 Moblie Safari/537.36"
174.138.37.59 - - [19/Jul/2025:20:29:23 +0000] "GET /wp-includes/fonts/ HTTP/1.1" 404 13303 "-" "Mozlila/5.0 (Linux; Android 7.0; SM-G892A Bulid/NRD90M; wv) AppleWebKit/537.36 (KHTML, like Gecko) Version/4.0 Chrome/60.0.3112.107 Moblie Safari/537.36"
174.138.37.59 - - [19/Jul/2025:20:29:29 +0000] "GET /wp-includes/images/ HTTP/1.1" 404 13302 "-" "Mozlila/5.0 (Linux; Android 7.0; SM-G892A Bulid/NRD90M; wv) AppleWebKit/537.36 (KHTML, like Gecko) Version/4.0 Chrome/60.0.3112.107 Moblie Safari/537.36"
174.138.37.59 - - [19/Jul/2025:20:29:34 +0000] "GET /wp-includes/images/ HTTP/1.1" 404 13303 "-" "Mozlila/5.0 (Linux; Android 7.0; SM-G892A Bulid/NRD90M; wv) AppleWebKit/537.36 (KHTML, like Gecko) Version/4.0 Chrome/60.0.3112.107 Moblie Safari/537.36"
209.74.77.214 - - [19/Jul/2025:20:29:41 +0000] "POST /wp-cron.php?doing_wp_cron=1752956981.1676681041717529296875 HTTP/1.1" 200 - "-" "WordPress/6.8.2; https://akaventures.com.au"
174.138.37.59 - - [19/Jul/2025:20:29:40 +0000] "GET /wp-includes/js/codemirror/ HTTP/1.1" 404 13328 "-" "Mozlila/5.0 (Linux; Android 7.0; SM-G892A Bulid/NRD90M; wv) AppleWebKit/537.36 (KHTML, like Gecko) Version/4.0 Chrome/60.0.3112.107 Moblie Safari/537.36"
174.138.37.59 - - [19/Jul/2025:20:29:46 +0000] "GET /wp-includes/js/codemirror/ HTTP/1.1" 404 13328 "-" "Mozlila/5.0 (Linux; Android 7.0; SM-G892A Bulid/NRD90M; wv) AppleWebKit/537.36 (KHTML, like Gecko) Version/4.0 Chrome/60.0.3112.107 Moblie Safari/537.36"
174.138.37.59 - - [19/Jul/2025:20:29:51 +0000] "GET /wp-includes/js/crop/ HTTP/1.1" 404 13328 "-" "Mozlila/5.0 (Linux; Android 7.0; SM-G892A Bulid/NRD90M; wv) AppleWebKit/537.36 (KHTML, like Gecko) Version/4.0 Chrome/60.0.3112.107 Moblie Safari/537.36"
174.138.37.59 - - [19/Jul/2025:20:29:56 +0000] "GET /wp-includes/js/crop/ HTTP/1.1" 404 13328 "-" "Mozlila/5.0 (Linux; Android 7.0; SM-G892A Bulid/NRD90M; wv) AppleWebKit/537.36 (KHTML, like Gecko) Version/4.0 Chrome/60.0.3112.107 Moblie Safari/537.36"
209.74.77.214 - - [19/Jul/2025:20:30:04 +0000] "POST /wp-cron.php?doing_wp_cron=1752957004.1282839775085449218750 HTTP/1.1" 200 - "-" "WordPress/6.8.2; https://akaventures.com.au"
174.138.37.59 - - [19/Jul/2025:20:30:03 +0000] "GET /wp-includes/js/dist/ HTTP/1.1" 404 13328 "-" "Mozlila/5.0 (Linux; Android 7.0; SM-G892A Bulid/NRD90M; wv) AppleWebKit/537.36 (KHTML, like Gecko) Version/4.0 Chrome/60.0.3112.107 Moblie Safari/537.36"
174.138.37.59 - - [19/Jul/2025:20:30:09 +0000] "GET /wp-includes/js/dist/ HTTP/1.1" 404 13328 "-" "Mozlila/5.0 (Linux; Android 7.0; SM-G892A Bulid/NRD90M; wv) AppleWebKit/537.36 (KHTML, like Gecko) Version/4.0 Chrome/60.0.3112.107 Moblie Safari/537.36"
174.138.37.59 - - [19/Jul/2025:20:30:15 +0000] "GET /wp-includes/js/dist/development/ HTTP/1.1" 404 13328 "-" "Mozlila/5.0 (Linux; Android 7.0; SM-G892A Bulid/NRD90M; wv) AppleWebKit/537.36 (KHTML, like Gecko) Version/4.0 Chrome/60.0.3112.107 Moblie Safari/537.36"
174.138.37.59 - - [19/Jul/2025:20:30:21 +0000] "GET /wp-includes/js/dist/development/ HTTP/1.1" 404 13328 "-" "Mozlila/5.0 (Linux; Android 7.0; SM-G892A Bulid/NRD90M; wv) AppleWebKit/537.36 (KHTML, like Gecko) Version/4.0 Chrome/60.0.3112.107 Moblie Safari/537.36"
174.138.37.59 - - [19/Jul/2025:20:30:26 +0000] "GET /wp-includes/js/dist/vendor/ HTTP/1.1" 404 13328 "-" "Mozlila/5.0 (Linux; Android 7.0; SM-G892A Bulid/NRD90M; wv) AppleWebKit/537.36 (KHTML, like Gecko) Version/4.0 Chrome/60.0.3112.107 Moblie Safari/537.36"
174.138.37.59 - - [19/Jul/2025:20:30:31 +0000] "GET /wp-includes/js/dist/vendor/ HTTP/1.1" 404 13328 "-" "Mozlila/5.0 (Linux; Android 7.0; SM-G892A Bulid/NRD90M; wv) AppleWebKit/537.36 (KHTML, like Gecko) Version/4.0 Chrome/60.0.3112.107 Moblie Safari/537.36"
174.138.37.59 - - [19/Jul/2025:20:30:37 +0000] "GET /wp-includes/js/imgareaselect/ HTTP/1.1" 404 13328 "-" "Mozlila/5.0 (Linux; Android 7.0; SM-G892A Bulid/NRD90M; wv) AppleWebKit/537.36 (KHTML, like Gecko) Version/4.0 Chrome/60.0.3112.107 Moblie Safari/537.36"
209.74.77.214 - - [19/Jul/2025:20:30:43 +0000] "POST /wp-cron.php?doing_wp_cron=1752957043.6792230606079101562500 HTTP/1.1" 200 - "-" "WordPress/6.8.2; https://akaventures.com.au"
174.138.37.59 - - [19/Jul/2025:20:30:43 +0000] "GET /wp-includes/js/imgareaselect/ HTTP/1.1" 404 13328 "-" "Mozlila/5.0 (Linux; Android 7.0; SM-G892A Bulid/NRD90M; wv) AppleWebKit/537.36 (KHTML, like Gecko) Version/4.0 Chrome/60.0.3112.107 Moblie Safari/537.36"
174.138.37.59 - - [19/Jul/2025:20:30:48 +0000] "GET /wp-includes/js/tinymce/ HTTP/1.1" 404 13328 "-" "Mozlila/5.0 (Linux; Android 7.0; SM-G892A Bulid/NRD90M; wv) AppleWebKit/537.36 (KHTML, like Gecko) Version/4.0 Chrome/60.0.3112.107 Moblie Safari/537.36"
174.138.37.59 - - [19/Jul/2025:20:30:53 +0000] "GET /wp-includes/js/tinymce/ HTTP/1.1" 404 13328 "-" "Mozlila/5.0 (Linux; Android 7.0; SM-G892A Bulid/NRD90M; wv) AppleWebKit/537.36 (KHTML, like Gecko) Version/4.0 Chrome/60.0.3112.107 Moblie Safari/537.36"
174.138.37.59 - - [19/Jul/2025:20:30:58 +0000] "GET /wp-includes/js/tinymce/langs/ HTTP/1.1" 404 13328 "-" "Mozlila/5.0 (Linux; Android 7.0; SM-G892A Bulid/NRD90M; wv) AppleWebKit/537.36 (KHTML, like Gecko) Version/4.0 Chrome/60.0.3112.107 Moblie Safari/537.36"
209.74.77.214 - - [19/Jul/2025:20:31:04 +0000] "POST /wp-cron.php?doing_wp_cron=1752957064.7404921054840087890625 HTTP/1.1" 200 - "-" "WordPress/6.8.2; https://akaventures.com.au"
174.138.37.59 - - [19/Jul/2025:20:31:04 +0000] "GET /wp-includes/js/tinymce/langs/ HTTP/1.1" 404 13328 "-" "Mozlila/5.0 (Linux; Android 7.0; SM-G892A Bulid/NRD90M; wv) AppleWebKit/537.36 (KHTML, like Gecko) Version/4.0 Chrome/60.0.3112.107 Moblie Safari/537.36"
174.138.37.59 - - [19/Jul/2025:20:31:10 +0000] "GET /wp-includes/js/tinymce/plugins/compat3x/ HTTP/1.1" 404 13328 "-" "Mozlila/5.0 (Linux; Android 7.0; SM-G892A Bulid/NRD90M; wv) AppleWebKit/537.36 (KHTML, like Gecko) Version/4.0 Chrome/60.0.3112.107 Moblie Safari/537.36"
174.138.37.59 - - [19/Jul/2025:20:31:16 +0000] "GET /wp-includes/js/tinymce/plugins/compat3x/ HTTP/1.1" 404 13328 "-" "Mozlila/5.0 (Linux; Android 7.0; SM-G892A Bulid/NRD90M; wv) AppleWebKit/537.36 (KHTML, like Gecko) Version/4.0 Chrome/60.0.3112.107 Moblie Safari/537.36"
174.138.37.59 - - [19/Jul/2025:20:31:21 +0000] "GET /wp-includes/js/tinymce/skins/lightgray/ HTTP/1.1" 404 13328 "-" "Mozlila/5.0 (Linux; Android 7.0; SM-G892A Bulid/NRD90M; wv) AppleWebKit/537.36 (KHTML, like Gecko) Version/4.0 Chrome/60.0.3112.107 Moblie Safari/537.36"
174.138.37.59 - - [19/Jul/2025:20:31:26 +0000] "GET /wp-includes/js/tinymce/skins/lightgray/ HTTP/1.1" 404 13328 "-" "Mozlila/5.0 (Linux; Android 7.0; SM-G892A Bulid/NRD90M; wv) AppleWebKit/537.36 (KHTML, like Gecko) Version/4.0 Chrome/60.0.3112.107 Moblie Safari/537.36"
174.138.37.59 - - [19/Jul/2025:20:31:32 +0000] "GET /wp-includes/js/jcrop/ HTTP/1.1" 404 13328 "-" "Mozlila/5.0 (Linux; Android 7.0; SM-G892A Bulid/NRD90M; wv) AppleWebKit/537.36 (KHTML, like Gecko) Version/4.0 Chrome/60.0.3112.107 Moblie Safari/537.36"
174.138.37.59 - - [19/Jul/2025:20:31:37 +0000] "GET /wp-includes/js/jcrop/ HTTP/1.1" 404 13328 "-" "Mozlila/5.0 (Linux; Android 7.0; SM-G892A Bulid/NRD90M; wv) AppleWebKit/537.36 (KHTML, like Gecko) Version/4.0 Chrome/60.0.3112.107 Moblie Safari/537.36"
209.74.77.214 - - [19/Jul/2025:20:31:43 +0000] "POST /wp-cron.php?doing_wp_cron=1752957103.1211628913879394531250 HTTP/1.1" 200 - "-" "WordPress/6.8.2; https://akaventures.com.au"
174.138.37.59 - - [19/Jul/2025:20:31:42 +0000] "GET /wp-includes/js/jquery/ HTTP/1.1" 404 13328 "-" "Mozlila/5.0 (Linux; Android 7.0; SM-G892A Bulid/NRD90M; wv) AppleWebKit/537.36 (KHTML, like Gecko) Version/4.0 Chrome/60.0.3112.107 Moblie Safari/537.36"
174.138.37.59 - - [19/Jul/2025:20:31:47 +0000] "GET /wp-includes/js/jquery/ HTTP/1.1" 404 13328 "-" "Mozlila/5.0 (Linux; Android 7.0; SM-G892A Bulid/NRD90M; wv) AppleWebKit/537.36 (KHTML, like Gecko) Version/4.0 Chrome/60.0.3112.107 Moblie Safari/537.36"
174.138.37.59 - - [19/Jul/2025:20:31:52 +0000] "GET /wp-includes/js/mediaelement/ HTTP/1.1" 404 13328 "-" "Mozlila/5.0 (Linux; Android 7.0; SM-G892A Bulid/NRD90M; wv) AppleWebKit/537.36 (KHTML, like Gecko) Version/4.0 Chrome/60.0.3112.107 Moblie Safari/537.36"
174.138.37.59 - - [19/Jul/2025:20:31:56 +0000] "GET /wp-includes/js/mediaelement/ HTTP/1.1" 404 13328 "-" "Mozlila/5.0 (Linux; Android 7.0; SM-G892A Bulid/NRD90M; wv) AppleWebKit/537.36 (KHTML, like Gecko) Version/4.0 Chrome/60.0.3112.107 Moblie Safari/537.36"
174.138.37.59 - - [19/Jul/2025:20:32:01 +0000] "GET /wp-includes/js/mediaelement/renderers/ HTTP/1.1" 404 13328 "-" "Mozlila/5.0 (Linux; Android 7.0; SM-G892A Bulid/NRD90M; wv) AppleWebKit/537.36 (KHTML, like Gecko) Version/4.0 Chrome/60.0.3112.107 Moblie Safari/537.36"
209.74.77.214 - - [19/Jul/2025:20:32:06 +0000] "POST /wp-cron.php?doing_wp_cron=1752957126.7896931171417236328125 HTTP/1.1" 200 - "-" "WordPress/6.8.2; https://akaventures.com.au"
174.138.37.59 - - [19/Jul/2025:20:32:06 +0000] "GET /wp-includes/js/mediaelement/renderers/ HTTP/1.1" 404 13328 "-" "Mozlila/5.0 (Linux; Android 7.0; SM-G892A Bulid/NRD90M; wv) AppleWebKit/537.36 (KHTML, like Gecko) Version/4.0 Chrome/60.0.3112.107 Moblie Safari/537.36"
174.138.37.59 - - [19/Jul/2025:20:32:11 +0000] "GET /wp-includes/js/plupload/ HTTP/1.1" 404 13328 "-" "Mozlila/5.0 (Linux; Android 7.0; SM-G892A Bulid/NRD90M; wv) AppleWebKit/537.36 (KHTML, like Gecko) Version/4.0 Chrome/60.0.3112.107 Moblie Safari/537.36"
174.138.37.59 - - [19/Jul/2025:20:32:16 +0000] "GET /wp-includes/js/plupload/ HTTP/1.1" 404 13328 "-" "Mozlila/5.0 (Linux; Android 7.0; SM-G892A Bulid/NRD90M; wv) AppleWebKit/537.36 (KHTML, like Gecko) Version/4.0 Chrome/60.0.3112.107 Moblie Safari/537.36"
174.138.37.59 - - [19/Jul/2025:20:32:20 +0000] "GET /wp-includes/js/swfupload/ HTTP/1.1" 404 13328 "-" "Mozlila/5.0 (Linux; Android 7.0; SM-G892A Bulid/NRD90M; wv) AppleWebKit/537.36 (KHTML, like Gecko) Version/4.0 Chrome/60.0.3112.107 Moblie Safari/537.36"
174.138.37.59 - - [19/Jul/2025:20:32:25 +0000] "GET /wp-includes/js/swfupload/ HTTP/1.1" 404 13328 "-" "Mozlila/5.0 (Linux; Android 7.0; SM-G892A Bulid/NRD90M; wv) AppleWebKit/537.36 (KHTML, like Gecko) Version/4.0 Chrome/60.0.3112.107 Moblie Safari/537.36"
174.138.37.59 - - [19/Jul/2025:20:32:30 +0000] "GET /wp-includes/images/crystal/ HTTP/1.1" 404 13328 "-" "Mozlila/5.0 (Linux; Android 7.0; SM-G892A Bulid/NRD90M; wv) AppleWebKit/537.36 (KHTML, like Gecko) Version/4.0 Chrome/60.0.3112.107 Moblie Safari/537.36"
174.138.37.59 - - [19/Jul/2025:20:32:35 +0000] "GET /wp-includes/images/crystal/ HTTP/1.1" 404 13328 "-" "Mozlila/5.0 (Linux; Android 7.0; SM-G892A Bulid/NRD90M; wv) AppleWebKit/537.36 (KHTML, like Gecko) Version/4.0 Chrome/60.0.3112.107 Moblie Safari/537.36"
174.138.37.59 - - [19/Jul/2025:20:32:40 +0000] "GET /wp-includes/js/thickbox/ HTTP/1.1" 404 13328 "-" "Mozlila/5.0 (Linux; Android 7.0; SM-G892A Bulid/NRD90M; wv) AppleWebKit/537.36 (KHTML, like Gecko) Version/4.0 Chrome/60.0.3112.107 Moblie Safari/537.36"
209.74.77.214 - - [19/Jul/2025:20:32:45 +0000] "POST /wp-cron.php?doing_wp_cron=1752957165.1217470169067382812500 HTTP/1.1" 200 - "-" "WordPress/6.8.2; https://akaventures.com.au"
174.138.37.59 - - [19/Jul/2025:20:32:44 +0000] "GET /wp-includes/js/thickbox/ HTTP/1.1" 404 13328 "-" "Mozlila/5.0 (Linux; Android 7.0; SM-G892A Bulid/NRD90M; wv) AppleWebKit/537.36 (KHTML, like Gecko) Version/4.0 Chrome/60.0.3112.107 Moblie Safari/537.36"
174.138.37.59 - - [19/Jul/2025:20:32:49 +0000] "GET /wp-includes/images/media/ HTTP/1.1" 404 13328 "-" "Mozlila/5.0 (Linux; Android 7.0; SM-G892A Bulid/NRD90M; wv) AppleWebKit/537.36 (KHTML, like Gecko) Version/4.0 Chrome/60.0.3112.107 Moblie Safari/537.36"
174.138.37.59 - - [19/Jul/2025:20:32:54 +0000] "GET /wp-includes/images/media/ HTTP/1.1" 404 13328 "-" "Mozlila/5.0 (Linux; Android 7.0; SM-G892A Bulid/NRD90M; wv) AppleWebKit/537.36 (KHTML, like Gecko) Version/4.0 Chrome/60.0.3112.107 Moblie Safari/537.36"
174.138.37.59 - - [19/Jul/2025:20:32:59 +0000] "GET /wp-includes/sodium_compat/namespaced/Core/ HTTP/1.1" 404 13328 "-" "Mozlila/5.0 (Linux; Android 7.0; SM-G892A Bulid/NRD90M; wv) AppleWebKit/537.36 (KHTML, like Gecko) Version/4.0 Chrome/60.0.3112.107 Moblie Safari/537.36"
209.74.77.214 - - [19/Jul/2025:20:33:04 +0000] "POST /wp-cron.php?doing_wp_cron=1752957184.9660370349884033203125 HTTP/1.1" 200 - "-" "WordPress/6.8.2; https://akaventures.com.au"
174.138.37.59 - - [19/Jul/2025:20:33:04 +0000] "GET /wp-includes/sodium_compat/namespaced/Core/ HTTP/1.1" 404 13328 "-" "Mozlila/5.0 (Linux; Android 7.0; SM-G892A Bulid/NRD90M; wv) AppleWebKit/537.36 (KHTML, like Gecko) Version/4.0 Chrome/60.0.3112.107 Moblie Safari/537.36"
