20.171.207.106 - - [19/Jul/2025:19:16:23 +0000] "GET /entity/1788555160.shtm HTTP/1.1" 404 13293 "-" "Mozilla/5.0 AppleWebKit/537.36 (KHTML, like Gecko; compatible; GPTBot/1.2; +https://openai.com/gptbot)"
20.171.207.106 - - [19/Jul/2025:19:16:26 +0000] "GET /entity/1788077789.shtm HTTP/1.1" 404 13293 "-" "Mozilla/5.0 AppleWebKit/537.36 (KHTML, like Gecko; compatible; GPTBot/1.2; +https://openai.com/gptbot)"
20.171.207.106 - - [19/Jul/2025:19:16:31 +0000] "GET /entity/1788134999.shtm HTTP/1.1" 404 13293 "-" "Mozilla/5.0 AppleWebKit/537.36 (KHTML, like Gecko; compatible; GPTBot/1.2; +https://openai.com/gptbot)"
20.171.207.106 - - [19/Jul/2025:19:16:34 +0000] "GET /entity/1788066999.shtm HTTP/1.1" 404 13293 "-" "Mozilla/5.0 AppleWebKit/537.36 (KHTML, like Gecko; compatible; GPTBot/1.2; +https://openai.com/gptbot)"
20.171.207.106 - - [19/Jul/2025:19:16:39 +0000] "GET /entity/1788444033.shtm HTTP/1.1" 404 13293 "-" "Mozilla/5.0 AppleWebKit/537.36 (KHTML, like Gecko; compatible; GPTBot/1.2; +https://openai.com/gptbot)"
20.171.207.106 - - [19/Jul/2025:19:16:40 +0000] "GET /entity/1788479444.shtm HTTP/1.1" 404 13293 "-" "Mozilla/5.0 AppleWebKit/537.36 (KHTML, like Gecko; compatible; GPTBot/1.2; +https://openai.com/gptbot)"
209.74.77.214 - - [19/Jul/2025:19:16:45 +0000] "POST /wp-cron.php?doing_wp_cron=1752952605.1003699302673339843750 HTTP/1.1" 200 - "-" "WordPress/6.8.2; https://akaventures.com.au"
20.171.207.106 - - [19/Jul/2025:19:16:44 +0000] "GET /entity/1788210004.shtm HTTP/1.1" 404 13293 "-" "Mozilla/5.0 AppleWebKit/537.36 (KHTML, like Gecko; compatible; GPTBot/1.2; +https://openai.com/gptbot)"
20.171.207.106 - - [19/Jul/2025:19:16:47 +0000] "GET /entity/1788455666.shtm HTTP/1.1" 404 13293 "-" "Mozilla/5.0 AppleWebKit/537.36 (KHTML, like Gecko; compatible; GPTBot/1.2; +https://openai.com/gptbot)"
20.171.207.106 - - [19/Jul/2025:19:16:50 +0000] "GET /entity/1788299988.shtm HTTP/1.1" 404 13293 "-" "Mozilla/5.0 AppleWebKit/537.36 (KHTML, like Gecko; compatible; GPTBot/1.2; +https://openai.com/gptbot)"
20.171.207.106 - - [19/Jul/2025:19:16:53 +0000] "GET /entity/1788105557.shtm HTTP/1.1" 404 13293 "-" "Mozilla/5.0 AppleWebKit/537.36 (KHTML, like Gecko; compatible; GPTBot/1.2; +https://openai.com/gptbot)"
20.171.207.106 - - [19/Jul/2025:19:16:56 +0000] "GET /entity/1788444033.shtm HTTP/1.1" 404 13293 "-" "Mozilla/5.0 AppleWebKit/537.36 (KHTML, like Gecko; compatible; GPTBot/1.2; +https://openai.com/gptbot)"
20.171.207.106 - - [19/Jul/2025:19:17:00 +0000] "GET /entity/1788455666.shtm HTTP/1.1" 404 13293 "-" "Mozilla/5.0 AppleWebKit/537.36 (KHTML, like Gecko; compatible; GPTBot/1.2; +https://openai.com/gptbot)"
66.249.68.3 - - [19/Jul/2025:19:19:16 +0000] "GET /?y=5644559021940&mod=c20cbf08&uri=dp.php%3Fid%3D188470-315%26name%3Dautofahrer+uhr+70er+jahre HTTP/1.1" 200 19392 "-" "Mozilla/5.0 (Linux; Android 6.0.1; Nexus 5X Build/MMB29P) AppleWebKit/537.36 (KHTML, like Gecko) Chrome/137.0.7151.103 Mobile Safari/537.36 (compatible; Googlebot/2.1; +http://www.google.com/bot.html)"
66.249.68.4 - - [19/Jul/2025:19:50:39 +0000] "GET /?y=64224947061940&mod=aef546f2&uri=category-info.php%3Fid%3D2143241-64%26name%3Dsw+squadrons+vr HTTP/1.1" 200 19417 "-" "Mozilla/5.0 (Linux; Android 6.0.1; Nexus 5X Build/MMB29P) AppleWebKit/537.36 (KHTML, like Gecko) Chrome/137.0.7151.103 Mobile Safari/537.36 (compatible; Googlebot/2.1; +http://www.google.com/bot.html)"
66.249.68.4 - - [19/Jul/2025:19:50:43 +0000] "POST /get-message-notify HTTP/1.1" 200 18285 "https://akaventures.com.au/?y=64224947061940&mod=aef546f2&uri=category-info.php%3Fid%3D2143241-64%26name%3Dsw+squadrons+vr" "Mozilla/5.0 (Linux; Android 6.0.1; Nexus 5X Build/MMB29P) AppleWebKit/537.36 (KHTML, like Gecko) Chrome/137.0.7151.119 Mobile Safari/537.36 (compatible; Googlebot/2.1; +http://www.google.com/bot.html)"
66.249.68.5 - - [19/Jul/2025:19:56:22 +0000] "POST /get-message-notify HTTP/1.1" 200 18285 "https://akaventures.com.au/corporate" "Mozilla/5.0 AppleWebKit/537.36 (KHTML, like Gecko; compatible; GoogleOther) Chrome/137.0.7151.119 Safari/537.36"
209.74.77.214 - - [19/Jul/2025:20:13:19 +0000] "POST /wp-cron.php?doing_wp_cron=1752955999.3898329734802246093750 HTTP/1.1" 200 - "-" "WordPress/6.8.2; https://akaventures.com.au"
20.169.6.229 - - [19/Jul/2025:20:13:17 +0000] "GET /?mod=f18398f8&uri=dp.php%3Fid%3D186989-332%26name%3Da+paan+wala+babu+sambalpuri&y=5601080041940 HTTP/1.1" 301 - "-" "Mozilla/5.0 (Macintosh; Intel Mac OS X 10_15_7) AppleWebKit/537.36 (KHTML, like Gecko) Chrome/131.0.0.0 Safari/537.36; compatible; OAI-SearchBot/1.0; +https://openai.com/searchbot"
20.169.6.229 - - [19/Jul/2025:20:13:19 +0000] "GET /?mod=f18398f8&uri=dp.php%3Fid%3D186989-332%26name%3Da%20paan%20wala%20babu%20sambalpuri&y=5601080041940 HTTP/1.1" 200 21885 "-" "Mozilla/5.0 (Macintosh; Intel Mac OS X 10_15_7) AppleWebKit/537.36 (KHTML, like Gecko) Chrome/131.0.0.0 Safari/537.36; compatible; OAI-SearchBot/1.0; +https://openai.com/searchbot"
66.249.68.4 - - [19/Jul/2025:20:22:57 +0000] "GET /?y=5743745071940&mod=587fa921&uri=brands.php%3Fid%3D191811-335%26name%3Dsonos+beam+lip+sync+sony+bravia HTTP/1.1" 200 19415 "-" "Mozilla/5.0 (Linux; Android 6.0.1; Nexus 5X Build/MMB29P) AppleWebKit/537.36 (KHTML, like Gecko) Chrome/137.0.7151.103 Mobile Safari/537.36 (compatible; Googlebot/2.1; +http://www.google.com/bot.html)"
174.138.37.59 - - [19/Jul/2025:20:27:31 +0000] "GET /wp-admin/ HTTP/1.1" 302 - "-" "Mozlila/5.0 (Linux; Android 7.0; SM-G892A Bulid/NRD90M; wv) AppleWebKit/537.36 (KHTML, like Gecko) Version/4.0 Chrome/60.0.3112.107 Moblie Safari/537.36"
174.138.37.59 - - [19/Jul/2025:20:27:33 +0000] "GET /wp-login.php?redirect_to=https%3A%2F%2Fakaventures.com.au%2Fwp-admin%2F&reauth=1 HTTP/1.1" 200 1964 "-" "Mozlila/5.0 (Linux; Android 7.0; SM-G892A Bulid/NRD90M; wv) AppleWebKit/537.36 (KHTML, like Gecko) Version/4.0 Chrome/60.0.3112.107 Moblie Safari/537.36"
66.249.68.4 - - [19/Jul/2025:21:30:27 +0000] "GET /?y=5511034031940&mod=20877bef&uri=dp.php%3Fid%3D183981-310%26name%3D2021+sea+doo+gtx+170 HTTP/1.1" 200 19396 "-" "Mozilla/5.0 (Linux; Android 6.0.1; Nexus 5X Build/MMB29P) AppleWebKit/537.36 (KHTML, like Gecko) Chrome/137.0.7151.103 Mobile Safari/537.36 (compatible; Googlebot/2.1; +http://www.google.com/bot.html)"
66.249.68.5 - - [19/Jul/2025:21:33:12 +0000] "POST /get-message-notify HTTP/1.1" 200 18285 "https://akaventures.com.au/?y=5511034031940&mod=20877bef&uri=dp.php%3Fid%3D183981-310%26name%3D2021+sea+doo+gtx+170" "Mozilla/5.0 (Linux; Android 6.0.1; Nexus 5X Build/MMB29P) AppleWebKit/537.36 (KHTML, like Gecko) Chrome/137.0.7151.119 Mobile Safari/537.36 (compatible; Googlebot/2.1; +http://www.google.com/bot.html)"
209.74.77.214 - - [19/Jul/2025:21:51:04 +0000] "POST /wp-cron.php?doing_wp_cron=1752961864.3371899127960205078125 HTTP/1.1" 200 - "-" "WordPress/6.8.2; https://akaventures.com.au"
57.141.2.10 - - [19/Jul/2025:21:51:02 +0000] "GET /entity/889387788.shtm HTTP/1.1" 404 61537 "-" "meta-externalagent/1.1 (+https://developers.facebook.com/docs/sharing/webmasters/crawler)"
66.249.68.4 - - [19/Jul/2025:21:52:57 +0000] "GET /?y=5265405041940&mod=539c2943&uri=article.php%3Fid%3D175788-294%26name%3Dbrown+clear+gemstone HTTP/1.1" 200 19399 "-" "Mozilla/5.0 (Linux; Android 6.0.1; Nexus 5X Build/MMB29P) AppleWebKit/537.36 (KHTML, like Gecko) Chrome/137.0.7151.103 Mobile Safari/537.36 (compatible; Googlebot/2.1; +http://www.google.com/bot.html)"
66.249.68.4 - - [19/Jul/2025:22:17:19 +0000] "GET /?y=29720641041940&mod=c6f60fbe&uri=pin.php?entity/3726857.shtm HTTP/1.1" 200 19442 "-" "Mozilla/5.0 (Linux; Android 6.0.1; Nexus 5X Build/MMB29P) AppleWebKit/537.36 (KHTML, like Gecko) Chrome/137.0.7151.103 Mobile Safari/537.36 (compatible; GoogleOther)"
66.249.68.3 - - [19/Jul/2025:22:17:56 +0000] "GET /?y=46343825021940&mod=afcf99a0&uri=pin.php?entity/740310059.shtm HTTP/1.1" 200 19449 "-" "Mozilla/5.0 (Linux; Android 6.0.1; Nexus 5X Build/MMB29P) AppleWebKit/537.36 (KHTML, like Gecko) Chrome/137.0.7151.103 Mobile Safari/537.36 (compatible; GoogleOther)"
66.249.68.5 - - [19/Jul/2025:22:18:32 +0000] "GET /?y=60576233021940&mod=0eab014d&uri=pin.php?entity/13096495.shtm HTTP/1.1" 200 19434 "-" "Mozilla/5.0 (Linux; Android 6.0.1; Nexus 5X Build/MMB29P) AppleWebKit/537.36 (KHTML, like Gecko) Chrome/137.0.7151.103 Mobile Safari/537.36 (compatible; GoogleOther)"
66.249.68.4 - - [19/Jul/2025:22:19:46 +0000] "GET /?y=6133505021940&mod=306708aa&uri=shared.php?entity/2380169.shtm HTTP/1.1" 200 19494 "-" "Mozilla/5.0 (Linux; Android 6.0.1; Nexus 5X Build/MMB29P) AppleWebKit/537.36 (KHTML, like Gecko) Chrome/137.0.7151.103 Mobile Safari/537.36 (compatible; GoogleOther)"
66.249.68.4 - - [19/Jul/2025:22:21:00 +0000] "GET /?y=6123755031940&mod=306708aa&uri=search.php?%3Fid%3D204493-208%26name%3Dsony+pmw+200+video+camera HTTP/1.1" 200 19407 "-" "Mozilla/5.0 (Linux; Android 6.0.1; Nexus 5X Build/MMB29P) AppleWebKit/537.36 (KHTML, like Gecko) Chrome/137.0.7151.103 Mobile Safari/537.36 (compatible; GoogleOther)"
209.74.77.214 - - [19/Jul/2025:22:23:13 +0000] "POST /wp-cron.php?doing_wp_cron=1752963793.7753679752349853515625 HTTP/1.1" 200 - "-" "WordPress/6.8.2; https://akaventures.com.au"
172.110.147.239 - - [19/Jul/2025:22:23:11 +0000] "GET / HTTP/1.1" 200 21885 "-" "Mozilla/5.0 (Macintosh; Intel Mac OS X 10_15_7) AppleWebKit/537.36 (KHTML, like Gecko) Chrome/131.0.0.0 Safari/537.36"
172.110.147.239 - - [19/Jul/2025:22:23:14 +0000] "GET /services/ HTTP/1.1" 200 16105 "-" "Mozilla/5.0 (Macintosh; Intel Mac OS X 10_15_7) AppleWebKit/537.36 (KHTML, like Gecko) Chrome/131.0.0.0 Safari/537.36"
172.110.147.239 - - [19/Jul/2025:22:23:15 +0000] "GET /about/ HTTP/1.1" 200 19000 "-" "Mozilla/5.0 (Macintosh; Intel Mac OS X 10_15_7) AppleWebKit/537.36 (KHTML, like Gecko) Chrome/131.0.0.0 Safari/537.36"
172.110.147.239 - - [19/Jul/2025:22:23:15 +0000] "GET /contact/ HTTP/1.1" 200 15485 "-" "Mozilla/5.0 (Macintosh; Intel Mac OS X 10_15_7) AppleWebKit/537.36 (KHTML, like Gecko) Chrome/131.0.0.0 Safari/537.36"
172.110.147.239 - - [19/Jul/2025:22:23:16 +0000] "GET /wp-content/plugins/leadconnector/public/js/lc-public.js?ver=3.0.10.1 HTTP/1.1" 200 1322 "-" "Mozilla/5.0 (Macintosh; Intel Mac OS X 10_15_7) AppleWebKit/537.36 (KHTML, like Gecko) Chrome/131.0.0.0 Safari/537.36"
172.110.147.239 - - [19/Jul/2025:22:23:16 +0000] "GET /wp-content/plugins/metform/public/assets/lib/cute-alert/cute-alert.js?ver=4.0.2 HTTP/1.1" 200 1177 "-" "Mozilla/5.0 (Macintosh; Intel Mac OS X 10_15_7) AppleWebKit/537.36 (KHTML, like Gecko) Chrome/131.0.0.0 Safari/537.36"
172.110.147.239 - - [19/Jul/2025:22:23:16 +0000] "GET /wp-content/themes/hello-elementor/assets/js/hello-frontend.js?ver=3.4.4 HTTP/1.1" 200 553 "-" "Mozilla/5.0 (Macintosh; Intel Mac OS X 10_15_7) AppleWebKit/537.36 (KHTML, like Gecko) Chrome/131.0.0.0 Safari/537.36"
172.110.147.239 - - [19/Jul/2025:22:23:16 +0000] "GET /wp-content/plugins/elementor/assets/js/webpack.runtime.min.js?ver=3.30.2 HTTP/1.1" 200 2516 "-" "Mozilla/5.0 (Macintosh; Intel Mac OS X 10_15_7) AppleWebKit/537.36 (KHTML, like Gecko) Chrome/131.0.0.0 Safari/537.36"
172.110.147.239 - - [19/Jul/2025:22:23:16 +0000] "GET /wp-content/plugins/elementor/assets/js/frontend-modules.min.js?ver=3.30.2 HTTP/1.1" 200 14815 "-" "Mozilla/5.0 (Macintosh; Intel Mac OS X 10_15_7) AppleWebKit/537.36 (KHTML, like Gecko) Chrome/131.0.0.0 Safari/537.36"
66.249.68.4 - - [19/Jul/2025:22:30:38 +0000] "GET /?y=5555974011940&mod=e58bdc60&uri=dp.php%3Fid%3D185479-220%26name%3Dwashed+black+denim+shirt HTTP/1.1" 200 19396 "-" "Mozilla/5.0 (Linux; Android 6.0.1; Nexus 5X Build/MMB29P) AppleWebKit/537.36 (KHTML, like Gecko) Chrome/137.0.7151.103 Mobile Safari/537.36 (compatible; Googlebot/2.1; +http://www.google.com/bot.html)"
66.249.68.4 - - [19/Jul/2025:22:30:49 +0000] "POST /get-message-notify HTTP/1.1" 200 18285 "https://akaventures.com.au/?y=5555974011940&mod=e58bdc60&uri=dp.php%3Fid%3D185479-220%26name%3Dwashed+black+denim+shirt" "Mozilla/5.0 (Linux; Android 6.0.1; Nexus 5X Build/MMB29P) AppleWebKit/537.36 (KHTML, like Gecko) Chrome/137.0.7151.119 Mobile Safari/537.36 (compatible; Googlebot/2.1; +http://www.google.com/bot.html)"
66.249.68.3 - - [19/Jul/2025:22:33:31 +0000] "GET /?y=17745716011940&mod=c25196c4&uri=dp.php?feature/yokohama_maruicity/index.html HTTP/1.1" 200 19147 "-" "Mozilla/5.0 (Linux; Android 6.0.1; Nexus 5X Build/MMB29P) AppleWebKit/537.36 (KHTML, like Gecko) Chrome/137.0.7151.103 Mobile Safari/537.36 (compatible; Googlebot/2.1; +http://www.google.com/bot.html)"
66.249.68.3 - - [19/Jul/2025:22:33:35 +0000] "GET /?y=17744366041940&mod=748c1f15&uri=us.php?feature/yokohama_maruicity/index.html HTTP/1.1" 200 19144 "-" "Mozilla/5.0 (Linux; Android 6.0.1; Nexus 5X Build/MMB29P) AppleWebKit/537.36 (KHTML, like Gecko) Chrome/137.0.7151.103 Mobile Safari/537.36 (compatible; Googlebot/2.1; +http://www.google.com/bot.html)"
45.227.253.15 - - [19/Jul/2025:22:35:15 +0000] "GET /index.php/jk HTTP/1.1" 200 59 "-" "Mozilla/5.0 (Macintosh; Intel Mac OS X 10.13; rv:103.0) Gecko/20100101 Firefox/102.0"
54.185.86.97 - - [19/Jul/2025:22:58:01 +0000] "GET /robots.txt HTTP/1.1" 200 97 "-" "HawaiiBot"
66.249.68.4 - - [19/Jul/2025:22:58:12 +0000] "GET /?y=98769483031940&mod=ecd9710f&uri=dp.php?entity/39691908.shtm HTTP/1.1" 200 18596 "-" "Mozilla/5.0 (Linux; Android 6.0.1; Nexus 5X Build/MMB29P) AppleWebKit/537.36 (KHTML, like Gecko) Chrome/137.0.7151.103 Mobile Safari/537.36 (compatible; GoogleOther)"
209.74.77.214 - - [19/Jul/2025:23:02:30 +0000] "POST /wp-cron.php?doing_wp_cron=1752966150.2056169509887695312500 HTTP/1.1" 200 - "-" "WordPress/6.8.2; https://akaventures.com.au"
198.46.234.28 - - [19/Jul/2025:23:02:28 +0000] "POST /index.php/wp-json/litespeed/v1/cdn_status HTTP/1.1" 404 117 "https://akaventures.com.au/wp-admin/update.php?action=upload-plugin" "Mozilla/5.0 (Windows NT 10.0; Win64; x64; rv:128.0) Gecko/20100101 Firefox/128.0"
172.200.246.121 - - [19/Jul/2025:23:06:00 +0000] "GET / HTTP/1.1" 200 145910 "-" "-"
172.200.246.121 - - [19/Jul/2025:23:06:13 +0000] "GET /testimonials/ HTTP/1.1" 200 113541 "-" "-"
209.74.77.214 - - [19/Jul/2025:23:09:13 +0000] "POST /wp-cron.php?doing_wp_cron=1752966553.2853600978851318359375 HTTP/1.1" 200 - "-" "WordPress/6.8.2; https://akaventures.com.au"
172.200.246.121 - - [19/Jul/2025:23:06:30 +0000] "GET / HTTP/1.1" 200 145910 "-" "-"
45.227.253.15 - - [19/Jul/2025:23:30:31 +0000] "GET /wp-admin/css/colors/coffee/coffee/index.php?ARRAY=7o2230223n313735323937313533382p2231223n22687474703n5p2s5p2s7n7334383376313373752r746s6566612r626p6s675p2s3s6p633q78696164616r5s72616r645s7061746826743q313735323936373933382q3431303631363235326665376130626665336263303563623433316363323664222p2232223n223663616162396430336137366531636235643263646330623866653466303039222p2233223n223934356438666134663530376639383361656238376163666666646565326364222p2262696r675s70617373223n2231322q33382q35382q36392q37342q38332q3237227q HTTP/1.1" 200 467 "-" "Mozilla/5.0 (iPad; U; CPU OS 4_2_1 like Mac OS X; ja) AppleWebKit/533.17.9 (KHTML, like Gecko) Version/5.0.2 Mobile/8C148 Safari/6533.18.5"
66.249.68.4 - - [19/Jul/2025:23:38:35 +0000] "GET /?y=46343825021940&mod=afcf99a0&uri=pin.php?entity/783623487.shtm HTTP/1.1" 200 19430 "-" "Mozilla/5.0 (Linux; Android 6.0.1; Nexus 5X Build/MMB29P) AppleWebKit/537.36 (KHTML, like Gecko) Chrome/137.0.7151.103 Mobile Safari/537.36 (compatible; GoogleOther)"
66.249.68.3 - - [19/Jul/2025:23:39:34 +0000] "GET /?y=94195989051940&mod=748c1f15&uri=dp.php?text/terms HTTP/1.1" 200 18931 "-" "Mozilla/5.0 (Linux; Android 6.0.1; Nexus 5X Build/MMB29P) AppleWebKit/537.36 (KHTML, like Gecko) Chrome/137.0.7151.103 Mobile Safari/537.36 (compatible; Googlebot/2.1; +http://www.google.com/bot.html)"
66.249.68.5 - - [19/Jul/2025:23:41:07 +0000] "GET /?y=44666485011940&mod=d2f385fc&uri=us.php?text/terms HTTP/1.1" 200 18936 "-" "Mozilla/5.0 (Linux; Android 6.0.1; Nexus 5X Build/MMB29P) AppleWebKit/537.36 (KHTML, like Gecko) Chrome/137.0.7151.103 Mobile Safari/537.36 (compatible; Googlebot/2.1; +http://www.google.com/bot.html)"
66.249.68.5 - - [19/Jul/2025:23:43:12 +0000] "GET /?y=5446842041940&mod=edb446b6&uri=itm.php%3Fid%3D181839-59%26name%3Dvestiti+damigelle+fucsia HTTP/1.1" 200 19396 "-" "Mozilla/5.0 (Linux; Android 6.0.1; Nexus 5X Build/MMB29P) AppleWebKit/537.36 (KHTML, like Gecko) Chrome/137.0.7151.103 Mobile Safari/537.36 (compatible; Googlebot/2.1; +http://www.google.com/bot.html)"
66.249.68.4 - - [19/Jul/2025:23:43:40 +0000] "GET /?y=5269605051940&mod=539c2943&uri=shop.php%3Fid%3D175928-294%26name%3Dkate+middleton+zeen+earrings HTTP/1.1" 200 19401 "-" "Mozilla/5.0 (Linux; Android 6.0.1; Nexus 5X Build/MMB29P) AppleWebKit/537.36 (KHTML, like Gecko) Chrome/137.0.7151.103 Mobile Safari/537.36 (compatible; Googlebot/2.1; +http://www.google.com/bot.html)"
66.249.68.4 - - [19/Jul/2025:23:48:51 +0000] "GET /?y=5529514011940&mod=20877bef&uri=article.php%3Fid%3D184597-310%26name%3Dgtx+1650+super+rgb HTTP/1.1" 200 19402 "-" "Mozilla/5.0 (Linux; Android 6.0.1; Nexus 5X Build/MMB29P) AppleWebKit/537.36 (KHTML, like Gecko) Chrome/137.0.7151.103 Mobile Safari/537.36 (compatible; Googlebot/2.1; +http://www.google.com/bot.html)"
66.249.68.3 - - [19/Jul/2025:23:49:58 +0000] "GET /?y=5399715091940&mod=da960bb5&uri=form.php%3Fid%3D180267-270%26name%3Dfaber+castell+comic+3d+set HTTP/1.1" 200 19403 "-" "Mozilla/5.0 (Linux; Android 6.0.1; Nexus 5X Build/MMB29P) AppleWebKit/537.36 (KHTML, like Gecko) Chrome/137.0.7151.103 Mobile Safari/537.36 (compatible; Googlebot/2.1; +http://www.google.com/bot.html)"
66.249.68.4 - - [19/Jul/2025:23:50:09 +0000] "GET /?y=119745815021940&mod=91109a77&uri=form.php%3Fid%3D3996281-141%26name%3Dvestido+camisero+alba+conde HTTP/1.1" 200 19414 "-" "Mozilla/5.0 (Linux; Android 6.0.1; Nexus 5X Build/MMB29P) AppleWebKit/537.36 (KHTML, like Gecko) Chrome/137.0.7151.103 Mobile Safari/537.36 (compatible; Googlebot/2.1; +http://www.google.com/bot.html)"
66.249.68.3 - - [19/Jul/2025:23:50:15 +0000] "POST /get-message-notify HTTP/1.1" 200 18285 "https://akaventures.com.au/?y=5399715091940&mod=da960bb5&uri=form.php%3Fid%3D180267-270%26name%3Dfaber+castell+comic+3d+set" "Mozilla/5.0 (Linux; Android 6.0.1; Nexus 5X Build/MMB29P) AppleWebKit/537.36 (KHTML, like Gecko) Chrome/137.0.7151.119 Mobile Safari/537.36 (compatible; Googlebot/2.1; +http://www.google.com/bot.html)"
66.249.68.5 - - [19/Jul/2025:23:52:12 +0000] "GET /?y=5354562071940&mod=01bfa6f2&uri=product.php%3Fid%3D178761-321%26name%3Dbeautiful+cats+and+dogs HTTP/1.1" 200 19404 "-" "Mozilla/5.0 (Linux; Android 6.0.1; Nexus 5X Build/MMB29P) AppleWebKit/537.36 (KHTML, like Gecko) Chrome/137.0.7151.103 Mobile Safari/537.36 (compatible; Googlebot/2.1; +http://www.google.com/bot.html)"
66.249.68.4 - - [19/Jul/2025:23:52:35 +0000] "GET /feature/honten/index.html HTTP/1.1" 200 18697 "-" "Mozilla/5.0 (Linux; Android 6.0.1; Nexus 5X Build/MMB29P) AppleWebKit/537.36 (KHTML, like Gecko) Chrome/137.0.7151.103 Mobile Safari/537.36 (compatible; Googlebot/2.1; +http://www.google.com/bot.html)"
45.227.253.15 - - [19/Jul/2025:23:53:55 +0000] "GET /index.php/jk HTTP/1.1" 200 59 "-" "Mozilla/5.0 (Macintosh; Intel Mac OS X 10.12; rv:103.0) Gecko/20100101 Firefox/103.0"
66.249.68.3 - - [20/Jul/2025:00:00:40 +0000] "GET /?y=5211945061940&mod=75a380a0&uri=news.php%3Fid%3D173994-187%26name%3Dconjuring+tamilyogi HTTP/1.1" 200 19386 "-" "Mozilla/5.0 (Linux; Android 6.0.1; Nexus 5X Build/MMB29P) AppleWebKit/537.36 (KHTML, like Gecko) Chrome/137.0.7151.103 Mobile Safari/537.36 (compatible; Googlebot/2.1; +http://www.google.com/bot.html)"
107.23.62.75 - - [20/Jul/2025:00:00:48 +0000] "GET /robots.txt HTTP/1.1" 200 97 "-" "Mozilla/5.0 AppleWebKit/537.36 (KHTML, like Gecko; compatible; Amazonbot/0.1; +https://developer.amazon.com/support/amazonbot) Chrome/119.0.6045.214 Safari/537.36"
209.74.77.214 - - [20/Jul/2025:00:00:49 +0000] "POST /wp-cron.php?doing_wp_cron=1752969649.6986079216003417968750 HTTP/1.1" 200 - "-" "WordPress/6.8.2; https://akaventures.com.au"
107.22.208.39 - - [20/Jul/2025:00:00:48 +0000] "GET / HTTP/1.1" 200 21886 "-" "Mozilla/5.0 AppleWebKit/537.36 (KHTML, like Gecko; compatible; Amazonbot/0.1; +https://developer.amazon.com/support/amazonbot) Chrome/119.0.6045.214 Safari/537.36"
4.227.36.23 - - [20/Jul/2025:00:10:13 +0000] "GET /robots.txt HTTP/1.1" 200 97 "-" "Mozilla/5.0 AppleWebKit/537.36 (KHTML, like Gecko; compatible; GPTBot/1.2; +https://openai.com/gptbot)"
209.74.77.214 - - [20/Jul/2025:00:10:15 +0000] "POST /wp-cron.php?doing_wp_cron=1752970215.9253110885620117187500 HTTP/1.1" 200 - "-" "WordPress/6.8.2; https://akaventures.com.au"
172.182.194.149 - - [20/Jul/2025:00:10:13 +0000] "GET /?mod=75a380a0&uri=info.php%3Fid%3D3698400-187%26name%3Dseiko+srpe+55&y=110819483001940 HTTP/1.1" 301 - "-" "Mozilla/5.0 (Macintosh; Intel Mac OS X 10_15_7) AppleWebKit/537.36 (KHTML, like Gecko) Chrome/131.0.0.0 Safari/537.36; compatible; OAI-SearchBot/1.0; +https://openai.com/searchbot"
172.182.194.149 - - [20/Jul/2025:00:10:16 +0000] "GET /?mod=75a380a0&uri=info.php%3Fid%3D3698400-187%26name%3Dseiko%20srpe%2055&y=110819483001940 HTTP/1.1" 200 21886 "-" "Mozilla/5.0 (Macintosh; Intel Mac OS X 10_15_7) AppleWebKit/537.36 (KHTML, like Gecko) Chrome/131.0.0.0 Safari/537.36; compatible; OAI-SearchBot/1.0; +https://openai.com/searchbot"
66.249.68.5 - - [20/Jul/2025:00:31:01 +0000] "GET /man/customer_guide HTTP/1.1" 200 18970 "-" "Mozilla/5.0 (Linux; Android 6.0.1; Nexus 5X Build/MMB29P) AppleWebKit/537.36 (KHTML, like Gecko) Chrome/137.0.7151.103 Mobile Safari/537.36 (compatible; Googlebot/2.1; +http://www.google.com/bot.html)"
66.249.68.3 - - [20/Jul/2025:00:31:05 +0000] "GET /toiawase HTTP/1.1" 200 19185 "-" "Mozilla/5.0 (Linux; Android 6.0.1; Nexus 5X Build/MMB29P) AppleWebKit/537.36 (KHTML, like Gecko) Chrome/137.0.7151.103 Mobile Safari/537.36 (compatible; Googlebot/2.1; +http://www.google.com/bot.html)"
66.249.68.5 - - [20/Jul/2025:00:32:01 +0000] "POST /get-message-notify HTTP/1.1" 200 18285 "https://akaventures.com.au/man/customer_guide" "Mozilla/5.0 (Linux; Android 6.0.1; Nexus 5X Build/MMB29P) AppleWebKit/537.36 (KHTML, like Gecko) Chrome/137.0.7151.119 Mobile Safari/537.36 (compatible; Googlebot/2.1; +http://www.google.com/bot.html)"
66.249.68.4 - - [20/Jul/2025:00:32:45 +0000] "GET /testimonials/ HTTP/1.1" 200 18380 "-" "Mozilla/5.0 (Linux; Android 6.0.1; Nexus 5X Build/MMB29P) AppleWebKit/537.36 (KHTML, like Gecko) Chrome/137.0.7151.103 Mobile Safari/537.36 (compatible; Googlebot/2.1; +http://www.google.com/bot.html)"
66.249.68.5 - - [20/Jul/2025:00:33:26 +0000] "GET /events/ HTTP/1.1" 200 18647 "-" "Mozilla/5.0 (Linux; Android 6.0.1; Nexus 5X Build/MMB29P) AppleWebKit/537.36 (KHTML, like Gecko) Chrome/137.0.7151.103 Mobile Safari/537.36 (compatible; Googlebot/2.1; +http://www.google.com/bot.html)"
66.249.68.5 - - [20/Jul/2025:00:33:28 +0000] "GET /game.html HTTP/1.1" 200 18508 "-" "Mozilla/5.0 (Linux; Android 6.0.1; Nexus 5X Build/MMB29P) AppleWebKit/537.36 (KHTML, like Gecko) Chrome/137.0.7151.103 Mobile Safari/537.36 (compatible; Googlebot/2.1; +http://www.google.com/bot.html)"
66.249.68.4 - - [20/Jul/2025:00:33:31 +0000] "GET /kaden.html HTTP/1.1" 200 18914 "-" "Mozilla/5.0 (Linux; Android 6.0.1; Nexus 5X Build/MMB29P) AppleWebKit/537.36 (KHTML, like Gecko) Chrome/137.0.7151.103 Mobile Safari/537.36 (compatible; Googlebot/2.1; +http://www.google.com/bot.html)"
66.249.68.3 - - [20/Jul/2025:00:33:33 +0000] "GET /toreka/goods_menu.html HTTP/1.1" 200 19434 "-" "Mozilla/5.0 (Linux; Android 6.0.1; Nexus 5X Build/MMB29P) AppleWebKit/537.36 (KHTML, like Gecko) Chrome/137.0.7151.103 Mobile Safari/537.36 (compatible; Googlebot/2.1; +http://www.google.com/bot.html)"
66.249.68.3 - - [20/Jul/2025:00:33:38 +0000] "GET /?y=5527714051940&mod=20877bef&uri=brands.php%3Fid%3D184537-310%26name%3Dhis+470+8gb HTTP/1.1" 200 19385 "-" "Mozilla/5.0 (Linux; Android 6.0.1; Nexus 5X Build/MMB29P) AppleWebKit/537.36 (KHTML, like Gecko) Chrome/137.0.7151.103 Mobile Safari/537.36 (compatible; Googlebot/2.1; +http://www.google.com/bot.html)"
66.249.68.3 - - [20/Jul/2025:00:33:42 +0000] "GET /?y=5174141071940&mod=c9c346f0&uri=info.php%3Fid%3D172729-155%26name%3Donlite+bt+003 HTTP/1.1" 200 19387 "-" "Mozilla/5.0 (Linux; Android 6.0.1; Nexus 5X Build/MMB29P) AppleWebKit/537.36 (KHTML, like Gecko) Chrome/137.0.7151.103 Mobile Safari/537.36 (compatible; Googlebot/2.1; +http://www.google.com/bot.html)"
66.249.68.3 - - [20/Jul/2025:00:33:47 +0000] "POST /get-message-notify HTTP/1.1" 200 18285 "https://akaventures.com.au/?y=5527714051940&mod=20877bef&uri=brands.php%3Fid%3D184537-310%26name%3Dhis+470+8gb" "Mozilla/5.0 (Linux; Android 6.0.1; Nexus 5X Build/MMB29P) AppleWebKit/537.36 (KHTML, like Gecko) Chrome/137.0.7151.119 Mobile Safari/537.36 (compatible; Googlebot/2.1; +http://www.google.com/bot.html)"
66.249.68.3 - - [20/Jul/2025:00:33:51 +0000] "GET /?y=5213408031940&mod=75a380a0&uri=search.php%3Fid%3D174046-187%26name%3Dgame+over+tamilyogi HTTP/1.1" 200 19388 "-" "Mozilla/5.0 (Linux; Android 6.0.1; Nexus 5X Build/MMB29P) AppleWebKit/537.36 (KHTML, like Gecko) Chrome/137.0.7151.103 Mobile Safari/537.36 (compatible; Googlebot/2.1; +http://www.google.com/bot.html)"
66.249.68.3 - - [20/Jul/2025:00:33:54 +0000] "GET /?y=5215075011940&mod=75a380a0&uri=form.php%3Fid%3D174104-187%26name%3Dipl+2021+current+match+score HTTP/1.1" 200 19406 "-" "Mozilla/5.0 (Linux; Android 6.0.1; Nexus 5X Build/MMB29P) AppleWebKit/537.36 (KHTML, like Gecko) Chrome/137.0.7151.103 Mobile Safari/537.36 (compatible; Googlebot/2.1; +http://www.google.com/bot.html)"
66.249.68.3 - - [20/Jul/2025:00:33:57 +0000] "GET /?y=5215607041940&mod=75a380a0&uri=article.php%3Fid%3D174122-187%26name%3Dtamilyogi+tamil+2019 HTTP/1.1" 200 19401 "-" "Mozilla/5.0 (Linux; Android 6.0.1; Nexus 5X Build/MMB29P) AppleWebKit/537.36 (KHTML, like Gecko) Chrome/137.0.7151.103 Mobile Safari/537.36 (compatible; Googlebot/2.1; +http://www.google.com/bot.html)"
66.249.68.5 - - [20/Jul/2025:00:34:01 +0000] "GET /?y=5352555001940&mod=01bfa6f2&uri=brands.php%3Fid%3D178694-321%26name%3Destrela+dog+breed HTTP/1.1" 200 19395 "-" "Mozilla/5.0 (Linux; Android 6.0.1; Nexus 5X Build/MMB29P) AppleWebKit/537.36 (KHTML, like Gecko) Chrome/137.0.7151.103 Mobile Safari/537.36 (compatible; Googlebot/2.1; +http://www.google.com/bot.html)"
66.249.68.3 - - [20/Jul/2025:00:34:04 +0000] "POST /get-message-notify HTTP/1.1" 200 18285 "https://akaventures.com.au/?y=5213408031940&mod=75a380a0&uri=search.php%3Fid%3D174046-187%26name%3Dgame+over+tamilyogi" "Mozilla/5.0 (Linux; Android 6.0.1; Nexus 5X Build/MMB29P) AppleWebKit/537.36 (KHTML, like Gecko) Chrome/137.0.7151.119 Mobile Safari/537.36 (compatible; Googlebot/2.1; +http://www.google.com/bot.html)"
66.249.68.4 - - [20/Jul/2025:00:34:11 +0000] "GET /?y=5976605041940&mod=33880528&uri=shared.php%3Fid%3D199580-345%26name%3Dvestido+sudadera+roxy HTTP/1.1" 200 19403 "-" "Mozilla/5.0 (Linux; Android 6.0.1; Nexus 5X Build/MMB29P) AppleWebKit/537.36 (KHTML, like Gecko) Chrome/137.0.7151.103 Mobile Safari/537.36 (compatible; Googlebot/2.1; +http://www.google.com/bot.html)"
66.249.68.3 - - [20/Jul/2025:00:34:26 +0000] "GET /?y=5288984021940&mod=54eb5510&uri=products.php%3Fid%3D176574-144%26name%3Dtopshop+gowns HTTP/1.1" 200 19391 "-" "Mozilla/5.0 (Linux; Android 6.0.1; Nexus 5X Build/MMB29P) AppleWebKit/537.36 (KHTML, like Gecko) Chrome/137.0.7151.103 Mobile Safari/537.36 (compatible; Googlebot/2.1; +http://www.google.com/bot.html)"
66.249.68.3 - - [20/Jul/2025:00:34:29 +0000] "GET /?y=5401185041940&mod=da960bb5&uri=pin.php%3Fid%3D180316-270%26name%3Drudi+kellner+germany HTTP/1.1" 200 19393 "-" "Mozilla/5.0 (Linux; Android 6.0.1; Nexus 5X Build/MMB29P) AppleWebKit/537.36 (KHTML, like Gecko) Chrome/137.0.7151.103 Mobile Safari/537.36 (compatible; Googlebot/2.1; +http://www.google.com/bot.html)"
66.249.68.3 - - [20/Jul/2025:00:34:31 +0000] "GET /?y=5226162121940&mod=75a380a0&uri=pin.php%3Fid%3D174477-187%26name%3Dharry+potter+the+sorcerer%27s+stone+in+hindi HTTP/1.1" 200 19431 "-" "Mozilla/5.0 (Linux; Android 6.0.1; Nexus 5X Build/MMB29P) AppleWebKit/537.36 (KHTML, like Gecko) Chrome/137.0.7151.103 Mobile Safari/537.36 (compatible; Googlebot/2.1; +http://www.google.com/bot.html)"
66.249.68.3 - - [20/Jul/2025:00:34:33 +0000] "GET /?y=5576155131940&mod=dc19fa59&uri=info.php%3Fid%3D186153-331%26name%3Dsize+14+prada+shoes HTTP/1.1" 200 19392 "-" "Mozilla/5.0 (Linux; Android 6.0.1; Nexus 5X Build/MMB29P) AppleWebKit/537.36 (KHTML, like Gecko) Chrome/137.0.7151.103 Mobile Safari/537.36 (compatible; Googlebot/2.1; +http://www.google.com/bot.html)"
66.249.68.3 - - [20/Jul/2025:00:34:36 +0000] "GET /?y=5521054041940&mod=20877bef&uri=news.php%3Fid%3D184315-310%26name%3Din+with+nvidia+graphics HTTP/1.1" 200 19396 "-" "Mozilla/5.0 (Linux; Android 6.0.1; Nexus 5X Build/MMB29P) AppleWebKit/537.36 (KHTML, like Gecko) Chrome/137.0.7151.103 Mobile Safari/537.36 (compatible; Googlebot/2.1; +http://www.google.com/bot.html)"
66.249.68.3 - - [20/Jul/2025:00:34:38 +0000] "GET /?y=5261655081940&mod=539c2943&uri=dp.php%3Fid%3D175663-294%26name%3Devermore+jewelry+taylor+swift HTTP/1.1" 200 19406 "-" "Mozilla/5.0 (Linux; Android 6.0.1; Nexus 5X Build/MMB29P) AppleWebKit/537.36 (KHTML, like Gecko) Chrome/137.0.7151.103 Mobile Safari/537.36 (compatible; Googlebot/2.1; +http://www.google.com/bot.html)"
66.249.68.3 - - [20/Jul/2025:00:34:41 +0000] "POST /get-message-notify HTTP/1.1" 200 18285 "https://akaventures.com.au/?y=5261655081940&mod=539c2943&uri=dp.php%3Fid%3D175663-294%26name%3Devermore+jewelry+taylor+swift" "Mozilla/5.0 (Linux; Android 6.0.1; Nexus 5X Build/MMB29P) AppleWebKit/537.36 (KHTML, like Gecko) Chrome/137.0.7151.119 Mobile Safari/537.36 (compatible; Googlebot/2.1; +http://www.google.com/bot.html)"
66.249.68.3 - - [20/Jul/2025:00:34:45 +0000] "GET /?y=5718585031940&mod=ed6e6434&uri=info.php%3Fid%3D190957-334%26name%3Dbaal+veer+returns+265 HTTP/1.1" 200 19396 "-" "Mozilla/5.0 (Linux; Android 6.0.1; Nexus 5X Build/MMB29P) AppleWebKit/537.36 (KHTML, like Gecko) Chrome/137.0.7151.103 Mobile Safari/537.36 (compatible; Googlebot/2.1; +http://www.google.com/bot.html)"
66.249.68.3 - - [20/Jul/2025:00:34:47 +0000] "GET /?y=5722253041940&mod=ed6e6434&uri=brands.php%3Fid%3D191083-334%26name%3Dchhoti+sardarni+serial+today HTTP/1.1" 200 19409 "-" "Mozilla/5.0 (Linux; Android 6.0.1; Nexus 5X Build/MMB29P) AppleWebKit/537.36 (KHTML, like Gecko) Chrome/137.0.7151.103 Mobile Safari/537.36 (compatible; Googlebot/2.1; +http://www.google.com/bot.html)"
66.249.68.3 - - [20/Jul/2025:00:34:49 +0000] "POST /get-message-notify HTTP/1.1" 200 18285 "https://akaventures.com.au/?y=5722253041940&mod=ed6e6434&uri=brands.php%3Fid%3D191083-334%26name%3Dchhoti+sardarni+serial+today" "Mozilla/5.0 (Linux; Android 6.0.1; Nexus 5X Build/MMB29P) AppleWebKit/537.36 (KHTML, like Gecko) Chrome/137.0.7151.119 Mobile Safari/537.36 (compatible; Googlebot/2.1; +http://www.google.com/bot.html)"
66.249.68.3 - - [20/Jul/2025:00:34:50 +0000] "GET /?y=5725311041940&mod=ed6e6434&uri=dp.php%3Fid%3D191188-334%26name%3Dapps+to+watch+jujutsu+kaisen HTTP/1.1" 200 19408 "-" "Mozilla/5.0 (Linux; Android 6.0.1; Nexus 5X Build/MMB29P) AppleWebKit/537.36 (KHTML, like Gecko) Chrome/137.0.7151.103 Mobile Safari/537.36 (compatible; Googlebot/2.1; +http://www.google.com/bot.html)"
66.249.68.3 - - [20/Jul/2025:00:34:55 +0000] "GET /?y=5594705051940&mod=dc19fa59&uri=goods.php%3Fid%3D186772-331%26name%3Dbasket+nike+joyride HTTP/1.1" 200 19392 "-" "Mozilla/5.0 (Linux; Android 6.0.1; Nexus 5X Build/MMB29P) AppleWebKit/537.36 (KHTML, like Gecko) Chrome/137.0.7151.103 Mobile Safari/537.36 (compatible; Googlebot/2.1; +http://www.google.com/bot.html)"
66.249.68.4 - - [20/Jul/2025:00:35:00 +0000] "GET /?y=5976875031940&mod=33880528&uri=article.php%3Fid%3D199589-345%26name%3Dpantalon+nieve+usado HTTP/1.1" 200 19408 "-" "Mozilla/5.0 (Linux; Android 6.0.1; Nexus 5X Build/MMB29P) AppleWebKit/537.36 (KHTML, like Gecko) Chrome/137.0.7151.103 Mobile Safari/537.36 (compatible; Googlebot/2.1; +http://www.google.com/bot.html)"
66.249.68.3 - - [20/Jul/2025:00:35:00 +0000] "POST /get-message-notify HTTP/1.1" 200 18285 "https://akaventures.com.au/?y=5725311041940&mod=ed6e6434&uri=dp.php%3Fid%3D191188-334%26name%3Dapps+to+watch+jujutsu+kaisen" "Mozilla/5.0 (Linux; Android 6.0.1; Nexus 5X Build/MMB29P) AppleWebKit/537.36 (KHTML, like Gecko) Chrome/137.0.7151.119 Mobile Safari/537.36 (compatible; Googlebot/2.1; +http://www.google.com/bot.html)"
66.249.68.4 - - [20/Jul/2025:00:35:05 +0000] "POST /get-message-notify HTTP/1.1" 200 18285 "https://akaventures.com.au/?y=5976875031940&mod=33880528&uri=article.php%3Fid%3D199589-345%26name%3Dpantalon+nieve+usado" "Mozilla/5.0 (Linux; Android 6.0.1; Nexus 5X Build/MMB29P) AppleWebKit/537.36 (KHTML, like Gecko) Chrome/137.0.7151.119 Mobile Safari/537.36 (compatible; Googlebot/2.1; +http://www.google.com/bot.html)"
66.249.68.4 - - [20/Jul/2025:00:35:05 +0000] "GET /?y=5974730011940&mod=33880528&uri=category-info.php%3Fid%3D199517-345%26name%3Dchaquetas+para+ir+a+la+nieve HTTP/1.1" 200 19444 "-" "Mozilla/5.0 (Linux; Android 6.0.1; Nexus 5X Build/MMB29P) AppleWebKit/537.36 (KHTML, like Gecko) Chrome/137.0.7151.103 Mobile Safari/537.36 (compatible; Googlebot/2.1; +http://www.google.com/bot.html)"
66.249.68.3 - - [20/Jul/2025:00:35:10 +0000] "GET /?y=5249042001940&mod=889b262e&uri=category-info.php%3Fid%3D175242-312%26name%3Dreloj+munich+el+corte+ingles HTTP/1.1" 200 19438 "-" "Mozilla/5.0 (Linux; Android 6.0.1; Nexus 5X Build/MMB29P) AppleWebKit/537.36 (KHTML, like Gecko) Chrome/137.0.7151.103 Mobile Safari/537.36 (compatible; Googlebot/2.1; +http://www.google.com/bot.html)"
66.249.68.3 - - [20/Jul/2025:00:35:12 +0000] "POST /get-message-notify HTTP/1.1" 200 18285 "https://akaventures.com.au/?y=5249042001940&mod=889b262e&uri=category-info.php%3Fid%3D175242-312%26name%3Dreloj+munich+el+corte+ingles" "Mozilla/5.0 (Linux; Android 6.0.1; Nexus 5X Build/MMB29P) AppleWebKit/537.36 (KHTML, like Gecko) Chrome/137.0.7151.119 Mobile Safari/537.36 (compatible; Googlebot/2.1; +http://www.google.com/bot.html)"
66.249.68.3 - - [20/Jul/2025:00:35:14 +0000] "GET /?y=5248262011940&mod=889b262e&uri=goods.php%3Fid%3D175216-312%26name%3Dcorte+ingles+munich+mujer HTTP/1.1" 200 19403 "-" "Mozilla/5.0 (Linux; Android 6.0.1; Nexus 5X Build/MMB29P) AppleWebKit/537.36 (KHTML, like Gecko) Chrome/137.0.7151.103 Mobile Safari/537.36 (compatible; Googlebot/2.1; +http://www.google.com/bot.html)"
66.249.68.3 - - [20/Jul/2025:00:35:28 +0000] "GET /?y=5248082101940&mod=889b262e&uri=pin.php%3Fid%3D175210-312%26name%3Dzapatillas+salomon+en+temuco+chile HTTP/1.1" 200 19419 "-" "Mozilla/5.0 (Linux; Android 6.0.1; Nexus 5X Build/MMB29P) AppleWebKit/537.36 (KHTML, like Gecko) Chrome/137.0.7151.103 Mobile Safari/537.36 (compatible; Googlebot/2.1; +http://www.google.com/bot.html)"
66.249.68.3 - - [20/Jul/2025:00:35:30 +0000] "GET /?y=5249402041940&mod=889b262e&uri=news.php%3Fid%3D175254-312%26name%3Dbototos+salomon+chile HTTP/1.1" 200 19395 "-" "Mozilla/5.0 (Linux; Android 6.0.1; Nexus 5X Build/MMB29P) AppleWebKit/537.36 (KHTML, like Gecko) Chrome/137.0.7151.103 Mobile Safari/537.36 (compatible; Googlebot/2.1; +http://www.google.com/bot.html)"
66.249.68.3 - - [20/Jul/2025:00:35:32 +0000] "GET /?y=5249342041940&mod=1731592a&uri=search.php%3Fid%3D175252-44%26name%3Dsneaker+waschmaschine+grad HTTP/1.1" 200 19397 "-" "Mozilla/5.0 (Linux; Android 6.0.1; Nexus 5X Build/MMB29P) AppleWebKit/537.36 (KHTML, like Gecko) Chrome/137.0.7151.103 Mobile Safari/537.36 (compatible; Googlebot/2.1; +http://www.google.com/bot.html)"
66.249.68.3 - - [20/Jul/2025:00:35:36 +0000] "POST /get-message-notify HTTP/1.1" 200 18285 "https://akaventures.com.au/?y=5248262011940&mod=889b262e&uri=goods.php%3Fid%3D175216-312%26name%3Dcorte+ingles+munich+mujer" "Mozilla/5.0 (Linux; Android 6.0.1; Nexus 5X Build/MMB29P) AppleWebKit/537.36 (KHTML, like Gecko) Chrome/137.0.7151.119 Mobile Safari/537.36 (compatible; Googlebot/2.1; +http://www.google.com/bot.html)"
66.249.68.3 - - [20/Jul/2025:00:35:39 +0000] "GET /?y=5480412001940&mod=234c7ac2&uri=shared.php%3Fid%3D182958-326%26name%3Dsudadera+supreme+louis+vuitton+precio HTTP/1.1" 200 19424 "-" "Mozilla/5.0 (Linux; Android 6.0.1; Nexus 5X Build/MMB29P) AppleWebKit/537.36 (KHTML, like Gecko) Chrome/137.0.7151.103 Mobile Safari/537.36 (compatible; Googlebot/2.1; +http://www.google.com/bot.html)"
66.249.68.3 - - [20/Jul/2025:00:35:41 +0000] "GET /?y=5483742021940&mod=234c7ac2&uri=goods.php%3Fid%3D183069-326%26name%3Dvinilo+louis+vuitton HTTP/1.1" 200 19389 "-" "Mozilla/5.0 (Linux; Android 6.0.1; Nexus 5X Build/MMB29P) AppleWebKit/537.36 (KHTML, like Gecko) Chrome/137.0.7151.103 Mobile Safari/537.36 (compatible; Googlebot/2.1; +http://www.google.com/bot.html)"
66.249.68.3 - - [20/Jul/2025:00:35:43 +0000] "POST /get-message-notify HTTP/1.1" 200 18285 "https://akaventures.com.au/?y=5480412001940&mod=234c7ac2&uri=shared.php%3Fid%3D182958-326%26name%3Dsudadera+supreme+louis+vuitton+precio" "Mozilla/5.0 (Linux; Android 6.0.1; Nexus 5X Build/MMB29P) AppleWebKit/537.36 (KHTML, like Gecko) Chrome/137.0.7151.119 Mobile Safari/537.36 (compatible; Googlebot/2.1; +http://www.google.com/bot.html)"
66.249.68.3 - - [20/Jul/2025:00:35:44 +0000] "GET /?y=5981178011940&mod=33880528&uri=pin.php%3Fid%3D199733-345%26name%3Dropa+usada+por+fardo HTTP/1.1" 200 19392 "-" "Mozilla/5.0 (Linux; Android 6.0.1; Nexus 5X Build/MMB29P) AppleWebKit/537.36 (KHTML, like Gecko) Chrome/137.0.7151.103 Mobile Safari/537.36 (compatible; Googlebot/2.1; +http://www.google.com/bot.html)"
66.249.68.3 - - [20/Jul/2025:00:35:46 +0000] "POST /get-message-notify HTTP/1.1" 200 18285 "https://akaventures.com.au/?y=5981178011940&mod=33880528&uri=pin.php%3Fid%3D199733-345%26name%3Dropa+usada+por+fardo" "Mozilla/5.0 (Linux; Android 6.0.1; Nexus 5X Build/MMB29P) AppleWebKit/537.36 (KHTML, like Gecko) Chrome/137.0.7151.119 Mobile Safari/537.36 (compatible; Googlebot/2.1; +http://www.google.com/bot.html)"
66.249.68.4 - - [20/Jul/2025:00:35:48 +0000] "GET /?y=5440902031940&mod=84106259&uri=info.php%3Fid%3D181641-219%26name%3Dexhaust+fan+for+room+cooling HTTP/1.1" 200 19408 "-" "Mozilla/5.0 (Linux; Android 6.0.1; Nexus 5X Build/MMB29P) AppleWebKit/537.36 (KHTML, like Gecko) Chrome/137.0.7151.103 Mobile Safari/537.36 (compatible; Googlebot/2.1; +http://www.google.com/bot.html)"
66.249.68.4 - - [20/Jul/2025:00:35:53 +0000] "GET /?y=5341329081940&mod=ca50333d&uri=products.php%3Fid%3D178319-318%26name%3Dzapatos+adidas+estilo+vans HTTP/1.1" 200 19412 "-" "Mozilla/5.0 (Linux; Android 6.0.1; Nexus 5X Build/MMB29P) AppleWebKit/537.36 (KHTML, like Gecko) Chrome/137.0.7151.103 Mobile Safari/537.36 (compatible; Googlebot/2.1; +http://www.google.com/bot.html)"
66.249.68.3 - - [20/Jul/2025:00:35:58 +0000] "GET /?y=5345169011940&mod=ca50333d&uri=info.php%3Fid%3D178447-318%26name%3Dzapatillas+adidas+verano+2018 HTTP/1.1" 200 19407 "-" "Mozilla/5.0 (Linux; Android 6.0.1; Nexus 5X Build/MMB29P) AppleWebKit/537.36 (KHTML, like Gecko) Chrome/137.0.7151.103 Mobile Safari/537.36 (compatible; Googlebot/2.1; +http://www.google.com/bot.html)"
66.249.68.3 - - [20/Jul/2025:00:36:02 +0000] "GET /?y=5322099021940&mod=ca50333d&uri=product.php%3Fid%3D177678-318%26name%3Dzapatillas+adidas+superstar+blancas+originales HTTP/1.1" 200 19434 "-" "Mozilla/5.0 (Linux; Android 6.0.1; Nexus 5X Build/MMB29P) AppleWebKit/537.36 (KHTML, like Gecko) Chrome/137.0.7151.103 Mobile Safari/537.36 (compatible; Googlebot/2.1; +http://www.google.com/bot.html)"
66.249.68.3 - - [20/Jul/2025:00:36:05 +0000] "POST /get-message-notify HTTP/1.1" 200 18285 "https://akaventures.com.au/?y=5322099021940&mod=ca50333d&uri=product.php%3Fid%3D177678-318%26name%3Dzapatillas+adidas+superstar+blancas+originales" "Mozilla/5.0 (Linux; Android 6.0.1; Nexus 5X Build/MMB29P) AppleWebKit/537.36 (KHTML, like Gecko) Chrome/137.0.7151.119 Mobile Safari/537.36 (compatible; Googlebot/2.1; +http://www.google.com/bot.html)"
66.249.68.3 - - [20/Jul/2025:00:36:07 +0000] "GET /?y=5321919011940&mod=ca50333d&uri=category-info.php%3Fid%3D177672-318%26name%3Dzapatillas+adidas+para+mujer+ultimos+modelos HTTP/1.1" 200 19459 "-" "Mozilla/5.0 (Linux; Android 6.0.1; Nexus 5X Build/MMB29P) AppleWebKit/537.36 (KHTML, like Gecko) Chrome/137.0.7151.103 Mobile Safari/537.36 (compatible; Googlebot/2.1; +http://www.google.com/bot.html)"
66.249.68.3 - - [20/Jul/2025:00:36:12 +0000] "GET /?y=5485722051940&mod=234c7ac2&uri=info.php%3Fid%3D183135-326%26name%3Dlouis+vuitton+bolsa+hombre HTTP/1.1" 200 19404 "-" "Mozilla/5.0 (Linux; Android 6.0.1; Nexus 5X Build/MMB29P) AppleWebKit/537.36 (KHTML, like Gecko) Chrome/137.0.7151.103 Mobile Safari/537.36 (compatible; Googlebot/2.1; +http://www.google.com/bot.html)"
66.249.68.3 - - [20/Jul/2025:00:36:17 +0000] "GET /?y=5477622031940&mod=234c7ac2&uri=info.php%3Fid%3D182865-326%26name%3Dfrases+de+louis+vuitton HTTP/1.1" 200 19399 "-" "Mozilla/5.0 (Linux; Android 6.0.1; Nexus 5X Build/MMB29P) AppleWebKit/537.36 (KHTML, like Gecko) Chrome/137.0.7151.103 Mobile Safari/537.36 (compatible; Googlebot/2.1; +http://www.google.com/bot.html)"
66.249.68.3 - - [20/Jul/2025:00:36:22 +0000] "GET /?y=5476362051940&mod=234c7ac2&uri=dp.php%3Fid%3D182823-326%26name%3Dfotos+louis+vuitton HTTP/1.1" 200 19385 "-" "Mozilla/5.0 (Linux; Android 6.0.1; Nexus 5X Build/MMB29P) AppleWebKit/537.36 (KHTML, like Gecko) Chrome/137.0.7151.103 Mobile Safari/537.36 (compatible; Googlebot/2.1; +http://www.google.com/bot.html)"
66.249.68.3 - - [20/Jul/2025:00:36:31 +0000] "GET /?y=5339349051940&mod=ca50333d&uri=product.php%3Fid%3D178253-318%26name%3Dultimas+zapatillas+adidas+deportivas HTTP/1.1" 200 19416 "-" "Mozilla/5.0 (Linux; Android 6.0.1; Nexus 5X Build/MMB29P) AppleWebKit/537.36 (KHTML, like Gecko) Chrome/137.0.7151.103 Mobile Safari/537.36 (compatible; Googlebot/2.1; +http://www.google.com/bot.html)"
66.249.68.3 - - [20/Jul/2025:00:36:33 +0000] "GET /?y=69290569091940&mod=75a380a0&uri=news.php%3Fid%3D2312319-187%26name%3Dipl+match+dekhne+ka HTTP/1.1" 200 19399 "-" "Mozilla/5.0 (Linux; Android 6.0.1; Nexus 5X Build/MMB29P) AppleWebKit/537.36 (KHTML, like Gecko) Chrome/137.0.7151.103 Mobile Safari/537.36 (compatible; Googlebot/2.1; +http://www.google.com/bot.html)"
66.249.68.3 - - [20/Jul/2025:00:36:36 +0000] "GET /?y=5620900041940&mod=f18398f8&uri=goods.php%3Fid%3D187674-332%26name%3Dudajahaja HTTP/1.1" 200 19377 "-" "Mozilla/5.0 (Linux; Android 6.0.1; Nexus 5X Build/MMB29P) AppleWebKit/537.36 (KHTML, like Gecko) Chrome/137.0.7151.103 Mobile Safari/537.36 (compatible; Googlebot/2.1; +http://www.google.com/bot.html)"
66.249.68.3 - - [20/Jul/2025:00:36:37 +0000] "POST /get-message-notify HTTP/1.1" 200 18285 "https://akaventures.com.au/?y=69290569091940&mod=75a380a0&uri=news.php%3Fid%3D2312319-187%26name%3Dipl+match+dekhne+ka" "Mozilla/5.0 (Linux; Android 6.0.1; Nexus 5X Build/MMB29P) AppleWebKit/537.36 (KHTML, like Gecko) Chrome/137.0.7151.119 Mobile Safari/537.36 (compatible; Googlebot/2.1; +http://www.google.com/bot.html)"
45.227.253.15 - - [20/Jul/2025:00:36:38 +0000] "GET /?of=1 HTTP/1.1" 200 7899 "-" "Mozilla/5.0 (Macintosh; Intel Mac OS X 10.13; rv:103.0) Gecko/20100101 Firefox/102.0"
66.249.68.3 - - [20/Jul/2025:00:36:45 +0000] "GET /?y=5620751091940&mod=f18398f8&uri=goods.php%3Fid%3D187669-332%26name%3Dtamil+new+kuthu+songs+mp3 HTTP/1.1" 200 19408 "-" "Mozilla/5.0 (Linux; Android 6.0.1; Nexus 5X Build/MMB29P) AppleWebKit/537.36 (KHTML, like Gecko) Chrome/137.0.7151.103 Mobile Safari/537.36 (compatible; Googlebot/2.1; +http://www.google.com/bot.html)"
66.249.68.3 - - [20/Jul/2025:00:36:47 +0000] "GET /?y=59498508051940&mod=f18398f8&uri=form.php%3Fid%3D1985501-332%26name%3Dbest+apple+smartwatch+copy HTTP/1.1" 200 19406 "-" "Mozilla/5.0 (Linux; Android 6.0.1; Nexus 5X Build/MMB29P) AppleWebKit/537.36 (KHTML, like Gecko) Chrome/137.0.7151.103 Mobile Safari/537.36 (compatible; Googlebot/2.1; +http://www.google.com/bot.html)"
66.249.68.3 - - [20/Jul/2025:00:36:50 +0000] "GET /?y=59505946071940&mod=f18398f8&uri=search.php%3Fid%3D1985749-332%26name%3Dsister+sentiment+songs+in+kannada HTTP/1.1" 200 19416 "-" "Mozilla/5.0 (Linux; Android 6.0.1; Nexus 5X Build/MMB29P) AppleWebKit/537.36 (KHTML, like Gecko) Chrome/137.0.7151.103 Mobile Safari/537.36 (compatible; Googlebot/2.1; +http://www.google.com/bot.html)"
66.249.68.3 - - [20/Jul/2025:00:36:55 +0000] "GET /?y=5622811091940&mod=f18398f8&uri=shop.php%3Fid%3D187739-332%26name%3Dold+sambalpuri+bhajan HTTP/1.1" 200 19395 "-" "Mozilla/5.0 (Linux; Android 6.0.1; Nexus 5X Build/MMB29P) AppleWebKit/537.36 (KHTML, like Gecko) Chrome/137.0.7151.103 Mobile Safari/537.36 (compatible; Googlebot/2.1; +http://www.google.com/bot.html)"
66.249.68.5 - - [20/Jul/2025:00:37:00 +0000] "GET /?y=5480322031940&mod=234c7ac2&uri=shared.php%3Fid%3D182955-326%26name%3Dconglomerado+lvmh HTTP/1.1" 200 19393 "-" "Mozilla/5.0 (Linux; Android 6.0.1; Nexus 5X Build/MMB29P) AppleWebKit/537.36 (KHTML, like Gecko) Chrome/137.0.7151.103 Mobile Safari/537.36 (compatible; Googlebot/2.1; +http://www.google.com/bot.html)"
66.249.68.3 - - [20/Jul/2025:00:37:05 +0000] "GET /?y=5809718011940&mod=db081d0b&uri=form.php%3Fid%3D194011-336%26name%3Dmichael+kors+borse+outlet+settimo+torinese HTTP/1.1" 200 19422 "-" "Mozilla/5.0 (Linux; Android 6.0.1; Nexus 5X Build/MMB29P) AppleWebKit/537.36 (KHTML, like Gecko) Chrome/137.0.7151.103 Mobile Safari/537.36 (compatible; Googlebot/2.1; +http://www.google.com/bot.html)"
66.249.68.3 - - [20/Jul/2025:00:37:14 +0000] "GET /?y=59493491051940&mod=f18398f8&uri=dp.php%3Fid%3D1985333-332%26name%3Dapple+watch+2nd+copy HTTP/1.1" 200 19395 "-" "Mozilla/5.0 (Linux; Android 6.0.1; Nexus 5X Build/MMB29P) AppleWebKit/537.36 (KHTML, like Gecko) Chrome/137.0.7151.103 Mobile Safari/537.36 (compatible; Googlebot/2.1; +http://www.google.com/bot.html)"
66.249.68.3 - - [20/Jul/2025:00:37:16 +0000] "GET /?y=59504506051940&mod=f18398f8&uri=shared.php%3Fid%3D1985701-332%26name%3Dgarmin+noel+leeming HTTP/1.1" 200 19398 "-" "Mozilla/5.0 (Linux; Android 6.0.1; Nexus 5X Build/MMB29P) AppleWebKit/537.36 (KHTML, like Gecko) Chrome/137.0.7151.103 Mobile Safari/537.36 (compatible; Googlebot/2.1; +http://www.google.com/bot.html)"
66.249.68.3 - - [20/Jul/2025:00:37:19 +0000] "GET /?y=5318114051940&mod=ca50333d&uri=us.php%3Fid%3D177545-318%26name%3Dpromociones+de+adidas HTTP/1.1" 200 19386 "-" "Mozilla/5.0 (Linux; Android 6.0.1; Nexus 5X Build/MMB29P) AppleWebKit/537.36 (KHTML, like Gecko) Chrome/137.0.7151.103 Mobile Safari/537.36 (compatible; Googlebot/2.1; +http://www.google.com/bot.html)"
66.249.68.3 - - [20/Jul/2025:00:37:22 +0000] "POST /get-message-notify HTTP/1.1" 200 18285 "https://akaventures.com.au/?y=59504506051940&mod=f18398f8&uri=shared.php%3Fid%3D1985701-332%26name%3Dgarmin+noel+leeming" "Mozilla/5.0 (Linux; Android 6.0.1; Nexus 5X Build/MMB29P) AppleWebKit/537.36 (KHTML, like Gecko) Chrome/137.0.7151.119 Mobile Safari/537.36 (compatible; Googlebot/2.1; +http://www.google.com/bot.html)"
66.249.68.3 - - [20/Jul/2025:00:37:28 +0000] "GET /?y=5612397041940&mod=f18398f8&uri=dp.php%3Fid%3D187380-332%26name%3Druku+suna+mp3 HTTP/1.1" 200 19382 "-" "Mozilla/5.0 (Linux; Android 6.0.1; Nexus 5X Build/MMB29P) AppleWebKit/537.36 (KHTML, like Gecko) Chrome/137.0.7151.103 Mobile Safari/537.36 (compatible; Googlebot/2.1; +http://www.google.com/bot.html)"
66.249.68.3 - - [20/Jul/2025:00:37:30 +0000] "GET /?y=99017349031940&mod=ce5193a0&uri=shop.php%3Fid%3D3304457-60%26name%3Dmaglia+della+nazionale+verde HTTP/1.1" 200 19409 "-" "Mozilla/5.0 (Linux; Android 6.0.1; Nexus 5X Build/MMB29P) AppleWebKit/537.36 (KHTML, like Gecko) Chrome/137.0.7151.103 Mobile Safari/537.36 (compatible; Googlebot/2.1; +http://www.google.com/bot.html)"
66.249.68.3 - - [20/Jul/2025:00:37:32 +0000] "POST /get-message-notify HTTP/1.1" 200 18285 "https://akaventures.com.au/?y=5612397041940&mod=f18398f8&uri=dp.php%3Fid%3D187380-332%26name%3Druku+suna+mp3" "Mozilla/5.0 (Linux; Android 6.0.1; Nexus 5X Build/MMB29P) AppleWebKit/537.36 (KHTML, like Gecko) Chrome/137.0.7151.119 Mobile Safari/537.36 (compatible; Googlebot/2.1; +http://www.google.com/bot.html)"
66.249.68.3 - - [20/Jul/2025:00:37:32 +0000] "POST /get-message-notify HTTP/1.1" 200 18285 "https://akaventures.com.au/?y=5622811091940&mod=f18398f8&uri=shop.php%3Fid%3D187739-332%26name%3Dold+sambalpuri+bhajan" "Mozilla/5.0 (Linux; Android 6.0.1; Nexus 5X Build/MMB29P) AppleWebKit/537.36 (KHTML, like Gecko) Chrome/137.0.7151.119 Mobile Safari/537.36 (compatible; Googlebot/2.1; +http://www.google.com/bot.html)"
66.249.68.3 - - [20/Jul/2025:00:37:33 +0000] "GET /?y=5439072081940&mod=ce5193a0&uri=itm.php%3Fid%3D181580-60%26name%3Dcamicia+di+seta+neonato HTTP/1.1" 200 19397 "-" "Mozilla/5.0 (Linux; Android 6.0.1; Nexus 5X Build/MMB29P) AppleWebKit/537.36 (KHTML, like Gecko) Chrome/137.0.7151.103 Mobile Safari/537.36 (compatible; Googlebot/2.1; +http://www.google.com/bot.html)"
66.249.68.3 - - [20/Jul/2025:00:37:34 +0000] "POST /get-message-notify HTTP/1.1" 200 18285 "https://akaventures.com.au/?y=99017349031940&mod=ce5193a0&uri=shop.php%3Fid%3D3304457-60%26name%3Dmaglia+della+nazionale+verde" "Mozilla/5.0 (Linux; Android 6.0.1; Nexus 5X Build/MMB29P) AppleWebKit/537.36 (KHTML, like Gecko) Chrome/137.0.7151.119 Mobile Safari/537.36 (compatible; Googlebot/2.1; +http://www.google.com/bot.html)"
66.249.68.3 - - [20/Jul/2025:00:37:38 +0000] "GET /?y=5339649021940&mod=ca50333d&uri=search.php%3Fid%3D178263-318%26name%3Dzapatos+deportivos+de+mujer+adidas+2018 HTTP/1.1" 200 19415 "-" "Mozilla/5.0 (Linux; Android 6.0.1; Nexus 5X Build/MMB29P) AppleWebKit/537.36 (KHTML, like Gecko) Chrome/137.0.7151.103 Mobile Safari/537.36 (compatible; Googlebot/2.1; +http://www.google.com/bot.html)"
