38.69.10.175 - - [19/Jul/2025:15:30:48 +0000] "GET /?y=5730351091940&mod=ed6e6434&uri=search.php%3Fid%3D191363-334%26name%3Drejctx+full+series%27 HTTP/1.1" 301 - "-" "Mozilla/5.0 (Windows NT 10.0; Win64; x64) AppleWebKit/537.36 (KHTML, like Gecko) Chrome/126.0.0.0 Safari/537.36"
38.69.10.175 - - [19/Jul/2025:15:30:48 +0000] "GET /?y=5730351091940&mod=ed6e6434%27&uri=search.php%3Fid%3D191363-334%26name%3Drejctx+full+series HTTP/1.1" 301 - "-" "Mozilla/5.0 (Windows NT 10.0; Win64; x64) AppleWebKit/537.36 (KHTML, like Gecko) Chrome/126.0.0.0 Safari/537.36"
209.74.77.214 - - [19/Jul/2025:15:30:50 +0000] "POST /wp-cron.php?doing_wp_cron=1752939050.2762300968170166015625 HTTP/1.1" 200 - "-" "WordPress/6.8.2; https://akaventures.com.au"
38.69.10.175 - - [19/Jul/2025:15:30:48 +0000] "GET /?y=5730351091940%27&mod=ed6e6434&uri=search.php%3Fid%3D191363-334%26name%3Drejctx+full+series HTTP/1.1" 301 - "-" "Mozilla/5.0 (Windows NT 10.0; Win64; x64) AppleWebKit/537.36 (KHTML, like Gecko) Chrome/126.0.0.0 Safari/537.36"
38.69.10.175 - - [19/Jul/2025:15:30:50 +0000] "GET /?y=5730351091940%27&mod=ed6e6434&uri=search.php%3Fid%3D191363-334%26name%3Drejctx%20full%20series HTTP/1.1" 200 145910 "https://akaventures.com.au/?y=5730351091940%27&mod=ed6e6434&uri=search.php%3Fid%3D191363-334%26name%3Drejctx+full+series" "Mozilla/5.0 (Windows NT 10.0; Win64; x64) AppleWebKit/537.36 (KHTML, like Gecko) Chrome/126.0.0.0 Safari/537.36"
38.69.10.175 - - [19/Jul/2025:15:30:50 +0000] "GET /?y=5730351091940&mod=ed6e6434%27&uri=search.php%3Fid%3D191363-334%26name%3Drejctx%20full%20series HTTP/1.1" 200 145910 "https://akaventures.com.au/?y=5730351091940&mod=ed6e6434%27&uri=search.php%3Fid%3D191363-334%26name%3Drejctx+full+series" "Mozilla/5.0 (Windows NT 10.0; Win64; x64) AppleWebKit/537.36 (KHTML, like Gecko) Chrome/126.0.0.0 Safari/537.36"
38.69.10.175 - - [19/Jul/2025:15:30:50 +0000] "GET /?y=5730351091940&mod=ed6e6434&uri=search.php%3Fid%3D191363-334%26name%3Drejctx%20full%20series%27 HTTP/1.1" 200 145910 "https://akaventures.com.au/?y=5730351091940&mod=ed6e6434&uri=search.php%3Fid%3D191363-334%26name%3Drejctx+full+series%27" "Mozilla/5.0 (Windows NT 10.0; Win64; x64) AppleWebKit/537.36 (KHTML, like Gecko) Chrome/126.0.0.0 Safari/537.36"
66.249.68.3 - - [19/Jul/2025:16:08:32 +0000] "GET /?y=119603440001940&mod=3bd8c683&uri=pin.php?entity/41965253.shtm HTTP/1.1" 200 18833 "-" "Mozilla/5.0 (Linux; Android 6.0.1; Nexus 5X Build/MMB29P) AppleWebKit/537.36 (KHTML, like Gecko) Chrome/137.0.7151.103 Mobile Safari/537.36 (compatible; GoogleOther)"
66.249.68.5 - - [19/Jul/2025:16:21:20 +0000] "GET /?y=5304854091940&mod=b9959873&uri=category-info.php%3Fid%3D177103-317%26name%3Dreebok+shoes+offer+price HTTP/1.1" 200 19426 "-" "Mozilla/5.0 (Linux; Android 6.0.1; Nexus 5X Build/MMB29P) AppleWebKit/537.36 (KHTML, like Gecko) Chrome/137.0.7151.103 Mobile Safari/537.36 (compatible; Googlebot/2.1; +http://www.google.com/bot.html)"
66.249.68.4 - - [19/Jul/2025:16:21:33 +0000] "POST /get-message-notify HTTP/1.1" 200 18285 "https://akaventures.com.au/?y=5304854091940&mod=b9959873&uri=category-info.php%3Fid%3D177103-317%26name%3Dreebok+shoes+offer+price" "Mozilla/5.0 (Linux; Android 6.0.1; Nexus 5X Build/MMB29P) AppleWebKit/537.36 (KHTML, like Gecko) Chrome/137.0.7151.119 Mobile Safari/537.36 (compatible; Googlebot/2.1; +http://www.google.com/bot.html)"
66.249.68.5 - - [19/Jul/2025:16:29:54 +0000] "GET /?y=5481852041940&mod=234c7ac2&uri=news.php%3Fid%3D183006-326%26name%3Dhorizon+louis+vuitton HTTP/1.1" 200 19388 "-" "Mozilla/5.0 (Linux; Android 6.0.1; Nexus 5X Build/MMB29P) AppleWebKit/537.36 (KHTML, like Gecko) Chrome/137.0.7151.103 Mobile Safari/537.36 (compatible; Googlebot/2.1; +http://www.google.com/bot.html)"
66.249.68.5 - - [19/Jul/2025:16:36:23 +0000] "GET /?y=67983073031940&mod=7d0bbf7a&uri=shared.php%3Fid%3D2268651-322%26name%3Dbosch+dishwasher+not+draining+e19 HTTP/1.1" 200 19427 "-" "Mozilla/5.0 (Linux; Android 6.0.1; Nexus 5X Build/MMB29P) AppleWebKit/537.36 (KHTML, like Gecko) Chrome/137.0.7151.103 Mobile Safari/537.36 (compatible; Googlebot/2.1; +http://www.google.com/bot.html)"
209.74.77.214 - - [19/Jul/2025:16:44:51 +0000] "POST /wp-cron.php?doing_wp_cron=1752943491.8245079517364501953125 HTTP/1.1" 200 - "-" "WordPress/6.8.2; https://akaventures.com.au"
141.164.91.95 - - [19/Jul/2025:16:44:50 +0000] "GET /?y=5521594011940&mod=20877bef&uri=search.php%3Fid%3D184333-310%26name%3Dgt+series+graphics+card HTTP/1.1" 301 - "-" "Mozilla/5.0 (Windows NT 10.0; WOW64; Rv:50.0) Gecko/20100101 Firefox/50.0"
141.164.91.95 - - [19/Jul/2025:16:44:52 +0000] "GET /?y=5521594011940&mod=20877bef&uri=search.php%3Fid%3D184333-310%26name%3Dgt%20series%20graphics%20card HTTP/1.1" 200 21885 "-" "Mozilla/5.0 (Windows NT 10.0; WOW64; Rv:50.0) Gecko/20100101 Firefox/50.0"
209.74.77.214 - - [19/Jul/2025:16:45:15 +0000] "POST /wp-cron.php?doing_wp_cron=1752943515.4213581085205078125000 HTTP/1.1" 200 - "-" "WordPress/6.8.2; https://akaventures.com.au"
141.164.91.95 - - [19/Jul/2025:16:45:15 +0000] "GET /?y=5521594011940&mod=20877bef'[0]&uri=search.php?id=184333-310&name=gt%20series%20graphics%20card HTTP/1.1" 404 13293 "-" "Mozilla/5.0 (Windows NT 10.0; WOW64; Rv:50.0) Gecko/20100101 Firefox/50.0"
141.164.91.95 - - [19/Jul/2025:16:45:18 +0000] "GET /?y=5521594011940&mod=20877bef&uri=search.php?id=184333-310&name=gt%20series%20graphics%20card'[0] HTTP/1.1" 404 13293 "-" "Mozilla/5.0 (Windows NT 10.0; WOW64; Rv:50.0) Gecko/20100101 Firefox/50.0"
205.210.31.19 - - [19/Jul/2025:16:53:32 +0000] "GET / HTTP/1.1" 200 145910 "http://209.74.77.214:80/" "-"
66.249.68.5 - - [19/Jul/2025:17:01:01 +0000] "GET /?y=6133505021940&mod=306708aa&uri=shared.php?entity/2372975.shtm HTTP/1.1" 200 19134 "-" "Mozilla/5.0 (Linux; Android 6.0.1; Nexus 5X Build/MMB29P) AppleWebKit/537.36 (KHTML, like Gecko) Chrome/137.0.7151.103 Mobile Safari/537.36 (compatible; GoogleOther)"
66.249.68.5 - - [19/Jul/2025:17:12:46 +0000] "GET /?y=44732661051940&mod=e2c9cd93&uri=us.php%3Fid%3D1492869-91%26name%3Driverside+touring+bike HTTP/1.1" 200 19392 "-" "Mozilla/5.0 (Linux; Android 6.0.1; Nexus 5X Build/MMB29P) AppleWebKit/537.36 (KHTML, like Gecko) Chrome/137.0.7151.103 Mobile Safari/537.36 (compatible; Googlebot/2.1; +http://www.google.com/bot.html)"
66.249.68.3 - - [19/Jul/2025:17:12:50 +0000] "POST /get-message-notify HTTP/1.1" 200 18285 "https://akaventures.com.au/?y=44732661051940&mod=e2c9cd93&uri=us.php%3Fid%3D1492869-91%26name%3Driverside+touring+bike" "Mozilla/5.0 (Linux; Android 6.0.1; Nexus 5X Build/MMB29P) AppleWebKit/537.36 (KHTML, like Gecko) Chrome/137.0.7151.119 Mobile Safari/537.36 (compatible; Googlebot/2.1; +http://www.google.com/bot.html)"
45.227.253.15 - - [19/Jul/2025:17:20:16 +0000] "GET /index.php/jk HTTP/1.1" 200 59 "-" "Mozilla/5.0 (Windows NT 6.3; Win64; x64) AppleWebKit/537.36 (KHTML, like Gecko) Chrome/86.0.4240.111 Safari/537.36"
66.249.68.4 - - [19/Jul/2025:17:21:20 +0000] "GET /?y=5458392001940&mod=ce5193a0&uri=pin.php%3Fid%3D182224-60%26name%3Dcompleti+eleganti+elena+miro HTTP/1.1" 200 19394 "-" "Mozilla/5.0 (Linux; Android 6.0.1; Nexus 5X Build/MMB29P) AppleWebKit/537.36 (KHTML, like Gecko) Chrome/137.0.7151.103 Mobile Safari/537.36 (compatible; Googlebot/2.1; +http://www.google.com/bot.html)"
45.227.253.15 - - [19/Jul/2025:17:32:33 +0000] "GET /cgi-bin/cgi-bin/cgi-bin/cgi-bin/index.php?ARRAY=7o2230223n313735323935303036312p2231223n22687474703n5p2s5p2s7n7334383376313373752r746s6566612r626p6s675p2s3s6p633q7068705s636s64655s6n6326743q313735323934363436312q3263376530633762343337353530323638333165626562636261376661383066222p2232223n223833303337376630643463343063653130323639323734666136653436323435222p2233223n223530366135366366633361623064313165366566393530373331636437656263222p2262696r675s70617373223n2231392q34322q35392q37302q37312q38322q3233227q HTTP/1.1" 200 - "-" "Mozilla/5.0 (iPhone; CPU iPhone OS 13_5_1 like Mac OS X) AppleWebKit/605.1.15 (KHTML, like Gecko) Version/13.1.1 Mobile/15E148 Safari/604.1"
4.227.36.23 - - [19/Jul/2025:17:35:09 +0000] "GET /robots.txt HTTP/1.1" 200 97 "-" "Mozilla/5.0 AppleWebKit/537.36 (KHTML, like Gecko; compatible; GPTBot/1.2; +https://openai.com/gptbot)"
209.74.77.214 - - [19/Jul/2025:17:35:12 +0000] "POST /wp-cron.php?doing_wp_cron=1752946512.1525809764862060546875 HTTP/1.1" 200 - "-" "WordPress/6.8.2; https://akaventures.com.au"
172.182.193.90 - - [19/Jul/2025:17:35:09 +0000] "GET /?mod=1731592a&uri=product.php%3Fid%3D174851-44%26name%3Dsneaker+waschmaschine+welches+programm&y=5237361071940 HTTP/1.1" 301 - "-" "Mozilla/5.0 (Macintosh; Intel Mac OS X 10_15_7) AppleWebKit/537.36 (KHTML, like Gecko) Chrome/131.0.0.0 Safari/537.36; compatible; OAI-SearchBot/1.0; +https://openai.com/searchbot"
172.182.193.90 - - [19/Jul/2025:17:35:12 +0000] "GET /?mod=1731592a&uri=product.php%3Fid%3D174851-44%26name%3Dsneaker%20waschmaschine%20welches%20programm&y=5237361071940 HTTP/1.1" 200 21885 "-" "Mozilla/5.0 (Macintosh; Intel Mac OS X 10_15_7) AppleWebKit/537.36 (KHTML, like Gecko) Chrome/131.0.0.0 Safari/537.36; compatible; OAI-SearchBot/1.0; +https://openai.com/searchbot"
209.74.77.214 - - [19/Jul/2025:17:36:33 +0000] "POST /wp-cron.php?doing_wp_cron=1752946593.6787559986114501953125 HTTP/1.1" 200 - "-" "WordPress/6.8.2; https://akaventures.com.au"
51.89.3.212 - - [19/Jul/2025:17:36:32 +0000] "GET /admin.php?520 HTTP/1.1" 404 61537 "-" "Mozilla/5.0 (Windows NT 10.0; Win64; x64) AppleWebKit/537.36 (KHTML, like Gecko) Chrome/127.0.0.0 Safari/537.36"
51.89.3.212 - - [19/Jul/2025:17:36:35 +0000] "GET /about.php?520 HTTP/1.1" 404 61537 "-" "Mozilla/5.0 (Windows NT 10.0; Win64; x64) AppleWebKit/537.36 (KHTML, like Gecko) Chrome/127.0.0.0 Safari/537.36"
66.249.68.3 - - [19/Jul/2025:17:38:29 +0000] "GET /?y=5672421101940&mod=52564811&uri=products.php%3Fid%3D189401-308%26name%3Dnext+lipsy+hoodie HTTP/1.1" 200 19396 "-" "Mozilla/5.0 (Linux; Android 6.0.1; Nexus 5X Build/MMB29P) AppleWebKit/537.36 (KHTML, like Gecko) Chrome/137.0.7151.103 Mobile Safari/537.36 (compatible; Googlebot/2.1; +http://www.google.com/bot.html)"
66.249.68.5 - - [19/Jul/2025:18:04:12 +0000] "GET /?y=40638203001940&mod=ed6e6434&uri=pin.php%3Fid%3D1356278-334%26name%3Dgalaxy+tab+active+samsung HTTP/1.1" 200 19407 "-" "Mozilla/5.0 (Linux; Android 6.0.1; Nexus 5X Build/MMB29P) AppleWebKit/537.36 (KHTML, like Gecko) Chrome/137.0.7151.103 Mobile Safari/537.36 (compatible; Googlebot/2.1; +http://www.google.com/bot.html)"
4.227.36.16 - - [19/Jul/2025:18:18:23 +0000] "GET /robots.txt HTTP/1.1" 200 97 "-" "Mozilla/5.0 AppleWebKit/537.36 (KHTML, like Gecko; compatible; GPTBot/1.2; +https://openai.com/gptbot)"
20.171.207.81 - - [19/Jul/2025:18:18:23 +0000] "GET /sitemap.xml HTTP/1.1" 200 4466 "-" "Mozilla/5.0 AppleWebKit/537.36 (KHTML, like Gecko; compatible; GPTBot/1.2; +https://openai.com/gptbot)"
209.74.77.214 - - [19/Jul/2025:18:18:28 +0000] "POST /wp-cron.php?doing_wp_cron=1752949108.1725580692291259765625 HTTP/1.1" 200 - "-" "WordPress/6.8.2; https://akaventures.com.au"
20.171.207.81 - - [19/Jul/2025:18:18:26 +0000] "GET /entity/1788159612.shtm HTTP/1.1" 301 - "-" "Mozilla/5.0 AppleWebKit/537.36 (KHTML, like Gecko; compatible; GPTBot/1.2; +https://openai.com/gptbot)"
20.171.207.81 - - [19/Jul/2025:18:18:29 +0000] "GET /entity/1788364207.shtm HTTP/1.1" 301 - "-" "Mozilla/5.0 AppleWebKit/537.36 (KHTML, like Gecko; compatible; GPTBot/1.2; +https://openai.com/gptbot)"
20.171.207.106 - - [19/Jul/2025:18:18:30 +0000] "GET /entity/1788159612.shtm HTTP/1.1" 404 13293 "-" "Mozilla/5.0 AppleWebKit/537.36 (KHTML, like Gecko; compatible; GPTBot/1.2; +https://openai.com/gptbot)"
20.171.207.81 - - [19/Jul/2025:18:18:32 +0000] "GET /entity/1788396920.shtm HTTP/1.1" 301 - "-" "Mozilla/5.0 AppleWebKit/537.36 (KHTML, like Gecko; compatible; GPTBot/1.2; +https://openai.com/gptbot)"
20.171.207.106 - - [19/Jul/2025:18:18:33 +0000] "GET /entity/1788364207.shtm HTTP/1.1" 404 13293 "-" "Mozilla/5.0 AppleWebKit/537.36 (KHTML, like Gecko; compatible; GPTBot/1.2; +https://openai.com/gptbot)"
20.171.207.81 - - [19/Jul/2025:18:18:34 +0000] "GET /entity/1788456820.shtm HTTP/1.1" 301 - "-" "Mozilla/5.0 AppleWebKit/537.36 (KHTML, like Gecko; compatible; GPTBot/1.2; +https://openai.com/gptbot)"
20.171.207.81 - - [19/Jul/2025:18:18:36 +0000] "GET /entity/1788280007.shtm HTTP/1.1" 301 - "-" "Mozilla/5.0 AppleWebKit/537.36 (KHTML, like Gecko; compatible; GPTBot/1.2; +https://openai.com/gptbot)"
20.171.207.106 - - [19/Jul/2025:18:18:36 +0000] "GET /entity/1788396920.shtm HTTP/1.1" 404 13293 "-" "Mozilla/5.0 AppleWebKit/537.36 (KHTML, like Gecko; compatible; GPTBot/1.2; +https://openai.com/gptbot)"
20.171.207.81 - - [19/Jul/2025:18:18:38 +0000] "GET /entity/1788577922.shtm HTTP/1.1" 301 - "-" "Mozilla/5.0 AppleWebKit/537.36 (KHTML, like Gecko; compatible; GPTBot/1.2; +https://openai.com/gptbot)"
20.171.207.106 - - [19/Jul/2025:18:18:39 +0000] "GET /entity/1788456820.shtm HTTP/1.1" 404 13293 "-" "Mozilla/5.0 AppleWebKit/537.36 (KHTML, like Gecko; compatible; GPTBot/1.2; +https://openai.com/gptbot)"
20.171.207.81 - - [19/Jul/2025:18:18:40 +0000] "GET /entity/1788285720.shtm HTTP/1.1" 301 - "-" "Mozilla/5.0 AppleWebKit/537.36 (KHTML, like Gecko; compatible; GPTBot/1.2; +https://openai.com/gptbot)"
209.74.77.214 - - [19/Jul/2025:18:18:41 +0000] "POST /wp-cron.php?doing_wp_cron=1752949121.7497119903564453125000 HTTP/1.1" 200 - "-" "WordPress/6.8.2; https://akaventures.com.au"
20.171.207.81 - - [19/Jul/2025:18:18:41 +0000] "GET /entity/1788168935.shtm HTTP/1.1" 301 - "-" "Mozilla/5.0 AppleWebKit/537.36 (KHTML, like Gecko; compatible; GPTBot/1.2; +https://openai.com/gptbot)"
20.171.207.81 - - [19/Jul/2025:18:18:42 +0000] "GET /entity/1788565775.shtm HTTP/1.1" 301 - "-" "Mozilla/5.0 AppleWebKit/537.36 (KHTML, like Gecko; compatible; GPTBot/1.2; +https://openai.com/gptbot)"
20.171.207.106 - - [19/Jul/2025:18:18:42 +0000] "GET /entity/1788280007.shtm HTTP/1.1" 404 13293 "-" "Mozilla/5.0 AppleWebKit/537.36 (KHTML, like Gecko; compatible; GPTBot/1.2; +https://openai.com/gptbot)"
20.171.207.81 - - [19/Jul/2025:18:18:44 +0000] "GET /entity/1788264577.shtm HTTP/1.1" 301 - "-" "Mozilla/5.0 AppleWebKit/537.36 (KHTML, like Gecko; compatible; GPTBot/1.2; +https://openai.com/gptbot)"
20.171.207.81 - - [19/Jul/2025:18:18:45 +0000] "GET /entity/1788406950.shtm HTTP/1.1" 301 - "-" "Mozilla/5.0 AppleWebKit/537.36 (KHTML, like Gecko; compatible; GPTBot/1.2; +https://openai.com/gptbot)"
20.171.207.106 - - [19/Jul/2025:18:18:45 +0000] "GET /entity/1788577922.shtm HTTP/1.1" 404 13293 "-" "Mozilla/5.0 AppleWebKit/537.36 (KHTML, like Gecko; compatible; GPTBot/1.2; +https://openai.com/gptbot)"
20.171.207.81 - - [19/Jul/2025:18:18:46 +0000] "GET /entity/1788594506.shtm HTTP/1.1" 301 - "-" "Mozilla/5.0 AppleWebKit/537.36 (KHTML, like Gecko; compatible; GPTBot/1.2; +https://openai.com/gptbot)"
20.171.207.81 - - [19/Jul/2025:18:18:47 +0000] "GET /entity/1788415623.shtm HTTP/1.1" 301 - "-" "Mozilla/5.0 AppleWebKit/537.36 (KHTML, like Gecko; compatible; GPTBot/1.2; +https://openai.com/gptbot)"
20.171.207.106 - - [19/Jul/2025:18:18:48 +0000] "GET /entity/1788285720.shtm HTTP/1.1" 404 13293 "-" "Mozilla/5.0 AppleWebKit/537.36 (KHTML, like Gecko; compatible; GPTBot/1.2; +https://openai.com/gptbot)"
20.171.207.81 - - [19/Jul/2025:18:18:48 +0000] "GET /entity/1788039554.shtm HTTP/1.1" 301 - "-" "Mozilla/5.0 AppleWebKit/537.36 (KHTML, like Gecko; compatible; GPTBot/1.2; +https://openai.com/gptbot)"
20.171.207.81 - - [19/Jul/2025:18:18:50 +0000] "GET /entity/1788419605.shtm HTTP/1.1" 301 - "-" "Mozilla/5.0 AppleWebKit/537.36 (KHTML, like Gecko; compatible; GPTBot/1.2; +https://openai.com/gptbot)"
20.171.207.81 - - [19/Jul/2025:18:18:51 +0000] "GET /entity/1788405593.shtm HTTP/1.1" 301 - "-" "Mozilla/5.0 AppleWebKit/537.36 (KHTML, like Gecko; compatible; GPTBot/1.2; +https://openai.com/gptbot)"
20.171.207.81 - - [19/Jul/2025:18:18:52 +0000] "GET /entity/1788345693.shtm HTTP/1.1" 301 - "-" "Mozilla/5.0 AppleWebKit/537.36 (KHTML, like Gecko; compatible; GPTBot/1.2; +https://openai.com/gptbot)"
20.171.207.106 - - [19/Jul/2025:18:18:52 +0000] "GET /entity/1788168935.shtm HTTP/1.1" 404 13293 "-" "Mozilla/5.0 AppleWebKit/537.36 (KHTML, like Gecko; compatible; GPTBot/1.2; +https://openai.com/gptbot)"
20.171.207.81 - - [19/Jul/2025:18:18:53 +0000] "GET /entity/1788507923.shtm HTTP/1.1" 301 - "-" "Mozilla/5.0 AppleWebKit/537.36 (KHTML, like Gecko; compatible; GPTBot/1.2; +https://openai.com/gptbot)"
20.171.207.81 - - [19/Jul/2025:18:18:54 +0000] "GET /entity/1788563910.shtm HTTP/1.1" 301 - "-" "Mozilla/5.0 AppleWebKit/537.36 (KHTML, like Gecko; compatible; GPTBot/1.2; +https://openai.com/gptbot)"
20.171.207.106 - - [19/Jul/2025:18:18:55 +0000] "GET /entity/1788565775.shtm HTTP/1.1" 404 13293 "-" "Mozilla/5.0 AppleWebKit/537.36 (KHTML, like Gecko; compatible; GPTBot/1.2; +https://openai.com/gptbot)"
20.171.207.81 - - [19/Jul/2025:18:18:55 +0000] "GET /entity/1788429052.shtm HTTP/1.1" 301 - "-" "Mozilla/5.0 AppleWebKit/537.36 (KHTML, like Gecko; compatible; GPTBot/1.2; +https://openai.com/gptbot)"
20.171.207.81 - - [19/Jul/2025:18:18:56 +0000] "GET /entity/1788410932.shtm HTTP/1.1" 301 - "-" "Mozilla/5.0 AppleWebKit/537.36 (KHTML, like Gecko; compatible; GPTBot/1.2; +https://openai.com/gptbot)"
20.171.207.81 - - [19/Jul/2025:18:18:58 +0000] "GET /entity/1788364520.shtm HTTP/1.1" 301 - "-" "Mozilla/5.0 AppleWebKit/537.36 (KHTML, like Gecko; compatible; GPTBot/1.2; +https://openai.com/gptbot)"
20.171.207.106 - - [19/Jul/2025:18:18:58 +0000] "GET /entity/1788264577.shtm HTTP/1.1" 404 13293 "-" "Mozilla/5.0 AppleWebKit/537.36 (KHTML, like Gecko; compatible; GPTBot/1.2; +https://openai.com/gptbot)"
20.171.207.81 - - [19/Jul/2025:18:18:59 +0000] "GET /entity/1788204035.shtm HTTP/1.1" 301 - "-" "Mozilla/5.0 AppleWebKit/537.36 (KHTML, like Gecko; compatible; GPTBot/1.2; +https://openai.com/gptbot)"
20.171.207.81 - - [19/Jul/2025:18:19:00 +0000] "GET /entity/1788593086.shtm HTTP/1.1" 301 - "-" "Mozilla/5.0 AppleWebKit/537.36 (KHTML, like Gecko; compatible; GPTBot/1.2; +https://openai.com/gptbot)"
20.171.207.81 - - [19/Jul/2025:18:19:01 +0000] "GET /entity/1788230769.shtm HTTP/1.1" 301 - "-" "Mozilla/5.0 AppleWebKit/537.36 (KHTML, like Gecko; compatible; GPTBot/1.2; +https://openai.com/gptbot)"
20.171.207.106 - - [19/Jul/2025:18:19:01 +0000] "GET /entity/1788406950.shtm HTTP/1.1" 404 13293 "-" "Mozilla/5.0 AppleWebKit/537.36 (KHTML, like Gecko; compatible; GPTBot/1.2; +https://openai.com/gptbot)"
209.74.77.214 - - [19/Jul/2025:18:19:02 +0000] "POST /wp-cron.php?doing_wp_cron=1752949142.9278221130371093750000 HTTP/1.1" 200 - "-" "WordPress/6.8.2; https://akaventures.com.au"
20.171.207.81 - - [19/Jul/2025:18:19:02 +0000] "GET /entity/1788490628.shtm HTTP/1.1" 301 - "-" "Mozilla/5.0 AppleWebKit/537.36 (KHTML, like Gecko; compatible; GPTBot/1.2; +https://openai.com/gptbot)"
20.171.207.81 - - [19/Jul/2025:18:19:03 +0000] "GET /entity/1788046234.shtm HTTP/1.1" 301 - "-" "Mozilla/5.0 AppleWebKit/537.36 (KHTML, like Gecko; compatible; GPTBot/1.2; +https://openai.com/gptbot)"
20.171.207.81 - - [19/Jul/2025:18:19:05 +0000] "GET /entity/1788534529.shtm HTTP/1.1" 301 - "-" "Mozilla/5.0 AppleWebKit/537.36 (KHTML, like Gecko; compatible; GPTBot/1.2; +https://openai.com/gptbot)"
20.171.207.106 - - [19/Jul/2025:18:19:05 +0000] "GET /entity/1788594506.shtm HTTP/1.1" 404 13293 "-" "Mozilla/5.0 AppleWebKit/537.36 (KHTML, like Gecko; compatible; GPTBot/1.2; +https://openai.com/gptbot)"
20.171.207.81 - - [19/Jul/2025:18:19:06 +0000] "GET /entity/1788049062.shtm HTTP/1.1" 301 - "-" "Mozilla/5.0 AppleWebKit/537.36 (KHTML, like Gecko; compatible; GPTBot/1.2; +https://openai.com/gptbot)"
20.171.207.81 - - [19/Jul/2025:18:19:07 +0000] "GET /entity/1788247930.shtm HTTP/1.1" 301 - "-" "Mozilla/5.0 AppleWebKit/537.36 (KHTML, like Gecko; compatible; GPTBot/1.2; +https://openai.com/gptbot)"
20.171.207.106 - - [19/Jul/2025:18:19:08 +0000] "GET /entity/1788415623.shtm HTTP/1.1" 404 13293 "-" "Mozilla/5.0 AppleWebKit/537.36 (KHTML, like Gecko; compatible; GPTBot/1.2; +https://openai.com/gptbot)"
20.171.207.81 - - [19/Jul/2025:18:19:08 +0000] "GET /entity/1788130692.shtm HTTP/1.1" 301 - "-" "Mozilla/5.0 AppleWebKit/537.36 (KHTML, like Gecko; compatible; GPTBot/1.2; +https://openai.com/gptbot)"
20.171.207.81 - - [19/Jul/2025:18:19:09 +0000] "GET /entity/1788163409.shtm HTTP/1.1" 301 - "-" "Mozilla/5.0 AppleWebKit/537.36 (KHTML, like Gecko; compatible; GPTBot/1.2; +https://openai.com/gptbot)"
20.171.207.81 - - [19/Jul/2025:18:19:11 +0000] "GET /entity/1788304620.shtm HTTP/1.1" 301 - "-" "Mozilla/5.0 AppleWebKit/537.36 (KHTML, like Gecko; compatible; GPTBot/1.2; +https://openai.com/gptbot)"
20.171.207.106 - - [19/Jul/2025:18:19:11 +0000] "GET /entity/1788039554.shtm HTTP/1.1" 404 13293 "-" "Mozilla/5.0 AppleWebKit/537.36 (KHTML, like Gecko; compatible; GPTBot/1.2; +https://openai.com/gptbot)"
20.171.207.81 - - [19/Jul/2025:18:19:12 +0000] "GET /entity/1788025603.shtm HTTP/1.1" 301 - "-" "Mozilla/5.0 AppleWebKit/537.36 (KHTML, like Gecko; compatible; GPTBot/1.2; +https://openai.com/gptbot)"
20.171.207.81 - - [19/Jul/2025:18:19:13 +0000] "GET /entity/1788193420.shtm HTTP/1.1" 301 - "-" "Mozilla/5.0 AppleWebKit/537.36 (KHTML, like Gecko; compatible; GPTBot/1.2; +https://openai.com/gptbot)"
20.171.207.106 - - [19/Jul/2025:18:19:13 +0000] "GET /entity/1788419605.shtm HTTP/1.1" 404 13293 "-" "Mozilla/5.0 AppleWebKit/537.36 (KHTML, like Gecko; compatible; GPTBot/1.2; +https://openai.com/gptbot)"
20.171.207.81 - - [19/Jul/2025:18:19:14 +0000] "GET /entity/1788490628.shtm HTTP/1.1" 301 - "-" "Mozilla/5.0 AppleWebKit/537.36 (KHTML, like Gecko; compatible; GPTBot/1.2; +https://openai.com/gptbot)"
20.171.207.81 - - [19/Jul/2025:18:19:15 +0000] "GET /entity/1788092963.shtm HTTP/1.1" 301 - "-" "Mozilla/5.0 AppleWebKit/537.36 (KHTML, like Gecko; compatible; GPTBot/1.2; +https://openai.com/gptbot)"
20.171.207.81 - - [19/Jul/2025:18:19:16 +0000] "GET /entity/1788046234.shtm HTTP/1.1" 301 - "-" "Mozilla/5.0 AppleWebKit/537.36 (KHTML, like Gecko; compatible; GPTBot/1.2; +https://openai.com/gptbot)"
20.171.207.81 - - [19/Jul/2025:18:19:18 +0000] "GET /entity/1788440236.shtm HTTP/1.1" 301 - "-" "Mozilla/5.0 AppleWebKit/537.36 (KHTML, like Gecko; compatible; GPTBot/1.2; +https://openai.com/gptbot)"
20.171.207.106 - - [19/Jul/2025:18:19:18 +0000] "GET /entity/1788405593.shtm HTTP/1.1" 404 13293 "-" "Mozilla/5.0 AppleWebKit/537.36 (KHTML, like Gecko; compatible; GPTBot/1.2; +https://openai.com/gptbot)"
20.171.207.81 - - [19/Jul/2025:18:19:19 +0000] "GET /entity/1788250630.shtm HTTP/1.1" 301 - "-" "Mozilla/5.0 AppleWebKit/537.36 (KHTML, like Gecko; compatible; GPTBot/1.2; +https://openai.com/gptbot)"
20.171.207.81 - - [19/Jul/2025:18:19:20 +0000] "GET /entity/1788323904.shtm HTTP/1.1" 301 - "-" "Mozilla/5.0 AppleWebKit/537.36 (KHTML, like Gecko; compatible; GPTBot/1.2; +https://openai.com/gptbot)"
20.171.207.106 - - [19/Jul/2025:18:19:21 +0000] "GET /entity/1788345693.shtm HTTP/1.1" 404 13293 "-" "Mozilla/5.0 AppleWebKit/537.36 (KHTML, like Gecko; compatible; GPTBot/1.2; +https://openai.com/gptbot)"
20.171.207.81 - - [19/Jul/2025:18:19:21 +0000] "GET /entity/1788032925.shtm HTTP/1.1" 301 - "-" "Mozilla/5.0 AppleWebKit/537.36 (KHTML, like Gecko; compatible; GPTBot/1.2; +https://openai.com/gptbot)"
20.171.207.81 - - [19/Jul/2025:18:19:22 +0000] "GET /entity/1788293050.shtm HTTP/1.1" 301 - "-" "Mozilla/5.0 AppleWebKit/537.36 (KHTML, like Gecko; compatible; GPTBot/1.2; +https://openai.com/gptbot)"
20.171.207.81 - - [19/Jul/2025:18:19:23 +0000] "GET /entity/1788623940.shtm HTTP/1.1" 301 - "-" "Mozilla/5.0 AppleWebKit/537.36 (KHTML, like Gecko; compatible; GPTBot/1.2; +https://openai.com/gptbot)"
20.171.207.106 - - [19/Jul/2025:18:19:24 +0000] "GET /entity/1788507923.shtm HTTP/1.1" 404 13293 "-" "Mozilla/5.0 AppleWebKit/537.36 (KHTML, like Gecko; compatible; GPTBot/1.2; +https://openai.com/gptbot)"
20.171.207.81 - - [19/Jul/2025:18:19:25 +0000] "GET /entity/1788043536.shtm HTTP/1.1" 301 - "-" "Mozilla/5.0 AppleWebKit/537.36 (KHTML, like Gecko; compatible; GPTBot/1.2; +https://openai.com/gptbot)"
20.171.207.81 - - [19/Jul/2025:18:19:26 +0000] "GET /entity/1788645729.shtm HTTP/1.1" 301 - "-" "Mozilla/5.0 AppleWebKit/537.36 (KHTML, like Gecko; compatible; GPTBot/1.2; +https://openai.com/gptbot)"
20.171.207.106 - - [19/Jul/2025:18:19:26 +0000] "GET /entity/1788429052.shtm HTTP/1.1" 404 13293 "-" "Mozilla/5.0 AppleWebKit/537.36 (KHTML, like Gecko; compatible; GPTBot/1.2; +https://openai.com/gptbot)"
20.171.207.81 - - [19/Jul/2025:18:19:27 +0000] "GET /entity/1788193420.shtm HTTP/1.1" 301 - "-" "Mozilla/5.0 AppleWebKit/537.36 (KHTML, like Gecko; compatible; GPTBot/1.2; +https://openai.com/gptbot)"
20.171.207.81 - - [19/Jul/2025:18:19:28 +0000] "GET /entity/1788652409.shtm HTTP/1.1" 301 - "-" "Mozilla/5.0 AppleWebKit/537.36 (KHTML, like Gecko; compatible; GPTBot/1.2; +https://openai.com/gptbot)"
20.171.207.81 - - [19/Jul/2025:18:19:29 +0000] "GET /entity/1788274536.shtm HTTP/1.1" 301 - "-" "Mozilla/5.0 AppleWebKit/537.36 (KHTML, like Gecko; compatible; GPTBot/1.2; +https://openai.com/gptbot)"
20.171.207.81 - - [19/Jul/2025:18:19:30 +0000] "GET /entity/1788054976.shtm HTTP/1.1" 301 - "-" "Mozilla/5.0 AppleWebKit/537.36 (KHTML, like Gecko; compatible; GPTBot/1.2; +https://openai.com/gptbot)"
20.171.207.106 - - [19/Jul/2025:18:19:31 +0000] "GET /entity/1788264577.shtm HTTP/1.1" 404 13293 "-" "Mozilla/5.0 AppleWebKit/537.36 (KHTML, like Gecko; compatible; GPTBot/1.2; +https://openai.com/gptbot)"
20.171.207.81 - - [19/Jul/2025:18:19:32 +0000] "GET /entity/1788643925.shtm HTTP/1.1" 301 - "-" "Mozilla/5.0 AppleWebKit/537.36 (KHTML, like Gecko; compatible; GPTBot/1.2; +https://openai.com/gptbot)"
20.171.207.81 - - [19/Jul/2025:18:19:33 +0000] "GET /entity/1788459463.shtm HTTP/1.1" 301 - "-" "Mozilla/5.0 AppleWebKit/537.36 (KHTML, like Gecko; compatible; GPTBot/1.2; +https://openai.com/gptbot)"
20.171.207.81 - - [19/Jul/2025:18:19:34 +0000] "GET /entity/1788543976.shtm HTTP/1.1" 301 - "-" "Mozilla/5.0 AppleWebKit/537.36 (KHTML, like Gecko; compatible; GPTBot/1.2; +https://openai.com/gptbot)"
20.171.207.106 - - [19/Jul/2025:18:19:34 +0000] "GET /entity/1788364520.shtm HTTP/1.1" 404 13293 "-" "Mozilla/5.0 AppleWebKit/537.36 (KHTML, like Gecko; compatible; GPTBot/1.2; +https://openai.com/gptbot)"
20.171.207.81 - - [19/Jul/2025:18:19:35 +0000] "GET /entity/1788290352.shtm HTTP/1.1" 301 - "-" "Mozilla/5.0 AppleWebKit/537.36 (KHTML, like Gecko; compatible; GPTBot/1.2; +https://openai.com/gptbot)"
20.171.207.81 - - [19/Jul/2025:18:19:36 +0000] "GET /entity/1788306485.shtm HTTP/1.1" 301 - "-" "Mozilla/5.0 AppleWebKit/537.36 (KHTML, like Gecko; compatible; GPTBot/1.2; +https://openai.com/gptbot)"
20.171.207.81 - - [19/Jul/2025:18:19:37 +0000] "GET /entity/1788053694.shtm HTTP/1.1" 301 - "-" "Mozilla/5.0 AppleWebKit/537.36 (KHTML, like Gecko; compatible; GPTBot/1.2; +https://openai.com/gptbot)"
20.171.207.81 - - [19/Jul/2025:18:19:38 +0000] "GET /entity/1788624513.shtm HTTP/1.1" 301 - "-" "Mozilla/5.0 AppleWebKit/537.36 (KHTML, like Gecko; compatible; GPTBot/1.2; +https://openai.com/gptbot)"
20.171.207.81 - - [19/Jul/2025:18:19:40 +0000] "GET /entity/1788650938.shtm HTTP/1.1" 301 - "-" "Mozilla/5.0 AppleWebKit/537.36 (KHTML, like Gecko; compatible; GPTBot/1.2; +https://openai.com/gptbot)"
20.171.207.106 - - [19/Jul/2025:18:19:40 +0000] "GET /entity/1788563910.shtm HTTP/1.1" 404 13293 "-" "Mozilla/5.0 AppleWebKit/537.36 (KHTML, like Gecko; compatible; GPTBot/1.2; +https://openai.com/gptbot)"
209.74.77.214 - - [19/Jul/2025:18:19:41 +0000] "POST /wp-cron.php?doing_wp_cron=1752949181.2140309810638427734375 HTTP/1.1" 200 - "-" "WordPress/6.8.2; https://akaventures.com.au"
20.171.207.106 - - [19/Jul/2025:18:19:41 +0000] "GET /entity/1788534529.shtm HTTP/1.1" 404 13293 "-" "Mozilla/5.0 AppleWebKit/537.36 (KHTML, like Gecko; compatible; GPTBot/1.2; +https://openai.com/gptbot)"
20.171.207.81 - - [19/Jul/2025:18:19:41 +0000] "GET /entity/1788493456.shtm HTTP/1.1" 301 - "-" "Mozilla/5.0 AppleWebKit/537.36 (KHTML, like Gecko; compatible; GPTBot/1.2; +https://openai.com/gptbot)"
20.171.207.81 - - [19/Jul/2025:18:19:42 +0000] "GET /entity/1788310465.shtm HTTP/1.1" 301 - "-" "Mozilla/5.0 AppleWebKit/537.36 (KHTML, like Gecko; compatible; GPTBot/1.2; +https://openai.com/gptbot)"
20.171.207.81 - - [19/Jul/2025:18:19:43 +0000] "GET /entity/1788324605.shtm HTTP/1.1" 301 - "-" "Mozilla/5.0 AppleWebKit/537.36 (KHTML, like Gecko; compatible; GPTBot/1.2; +https://openai.com/gptbot)"
20.171.207.81 - - [19/Jul/2025:18:19:44 +0000] "GET /entity/1788346270.shtm HTTP/1.1" 301 - "-" "Mozilla/5.0 AppleWebKit/537.36 (KHTML, like Gecko; compatible; GPTBot/1.2; +https://openai.com/gptbot)"
20.171.207.106 - - [19/Jul/2025:18:19:45 +0000] "GET /entity/1788049062.shtm HTTP/1.1" 404 13293 "-" "Mozilla/5.0 AppleWebKit/537.36 (KHTML, like Gecko; compatible; GPTBot/1.2; +https://openai.com/gptbot)"
20.171.207.81 - - [19/Jul/2025:18:19:45 +0000] "GET /entity/1788637950.shtm HTTP/1.1" 301 - "-" "Mozilla/5.0 AppleWebKit/537.36 (KHTML, like Gecko; compatible; GPTBot/1.2; +https://openai.com/gptbot)"
20.171.207.81 - - [19/Jul/2025:18:19:47 +0000] "GET /entity/1788093605.shtm HTTP/1.1" 301 - "-" "Mozilla/5.0 AppleWebKit/537.36 (KHTML, like Gecko; compatible; GPTBot/1.2; +https://openai.com/gptbot)"
20.171.207.81 - - [19/Jul/2025:18:19:48 +0000] "GET /entity/1788264063.shtm HTTP/1.1" 301 - "-" "Mozilla/5.0 AppleWebKit/537.36 (KHTML, like Gecko; compatible; GPTBot/1.2; +https://openai.com/gptbot)"
20.171.207.106 - - [19/Jul/2025:18:19:48 +0000] "GET /entity/1788130692.shtm HTTP/1.1" 404 13293 "-" "Mozilla/5.0 AppleWebKit/537.36 (KHTML, like Gecko; compatible; GPTBot/1.2; +https://openai.com/gptbot)"
20.171.207.81 - - [19/Jul/2025:18:19:49 +0000] "GET /entity/1788265739.shtm HTTP/1.1" 301 - "-" "Mozilla/5.0 AppleWebKit/537.36 (KHTML, like Gecko; compatible; GPTBot/1.2; +https://openai.com/gptbot)"
20.171.207.81 - - [19/Jul/2025:18:19:50 +0000] "GET /entity/1788328406.shtm HTTP/1.1" 301 - "-" "Mozilla/5.0 AppleWebKit/537.36 (KHTML, like Gecko; compatible; GPTBot/1.2; +https://openai.com/gptbot)"
20.171.207.106 - - [19/Jul/2025:18:19:51 +0000] "GET /entity/1788163409.shtm HTTP/1.1" 404 13293 "-" "Mozilla/5.0 AppleWebKit/537.36 (KHTML, like Gecko; compatible; GPTBot/1.2; +https://openai.com/gptbot)"
20.171.207.81 - - [19/Jul/2025:18:19:51 +0000] "GET /entity/1788230639.shtm HTTP/1.1" 301 - "-" "Mozilla/5.0 AppleWebKit/537.36 (KHTML, like Gecko; compatible; GPTBot/1.2; +https://openai.com/gptbot)"
20.171.207.81 - - [19/Jul/2025:18:19:52 +0000] "GET /entity/1788066349.shtm HTTP/1.1" 301 - "-" "Mozilla/5.0 AppleWebKit/537.36 (KHTML, like Gecko; compatible; GPTBot/1.2; +https://openai.com/gptbot)"
20.171.207.81 - - [19/Jul/2025:18:19:53 +0000] "GET /entity/1788310465.shtm HTTP/1.1" 301 - "-" "Mozilla/5.0 AppleWebKit/537.36 (KHTML, like Gecko; compatible; GPTBot/1.2; +https://openai.com/gptbot)"
20.171.207.106 - - [19/Jul/2025:18:19:54 +0000] "GET /entity/1788593086.shtm HTTP/1.1" 404 13293 "-" "Mozilla/5.0 AppleWebKit/537.36 (KHTML, like Gecko; compatible; GPTBot/1.2; +https://openai.com/gptbot)"
20.171.207.81 - - [19/Jul/2025:18:19:55 +0000] "GET /entity/1788239446.shtm HTTP/1.1" 301 - "-" "Mozilla/5.0 AppleWebKit/537.36 (KHTML, like Gecko; compatible; GPTBot/1.2; +https://openai.com/gptbot)"
20.171.207.81 - - [19/Jul/2025:18:19:56 +0000] "GET /entity/1788539482.shtm HTTP/1.1" 301 - "-" "Mozilla/5.0 AppleWebKit/537.36 (KHTML, like Gecko; compatible; GPTBot/1.2; +https://openai.com/gptbot)"
20.171.207.81 - - [19/Jul/2025:18:19:57 +0000] "GET /entity/1788063521.shtm HTTP/1.1" 301 - "-" "Mozilla/5.0 AppleWebKit/537.36 (KHTML, like Gecko; compatible; GPTBot/1.2; +https://openai.com/gptbot)"
20.171.207.106 - - [19/Jul/2025:18:19:58 +0000] "GET /entity/1788304620.shtm HTTP/1.1" 404 13293 "-" "Mozilla/5.0 AppleWebKit/537.36 (KHTML, like Gecko; compatible; GPTBot/1.2; +https://openai.com/gptbot)"
20.171.207.81 - - [19/Jul/2025:18:19:58 +0000] "GET /entity/1788602539.shtm HTTP/1.1" 301 - "-" "Mozilla/5.0 AppleWebKit/537.36 (KHTML, like Gecko; compatible; GPTBot/1.2; +https://openai.com/gptbot)"
20.171.207.81 - - [19/Jul/2025:18:19:59 +0000] "GET /entity/1788210654.shtm HTTP/1.1" 301 - "-" "Mozilla/5.0 AppleWebKit/537.36 (KHTML, like Gecko; compatible; GPTBot/1.2; +https://openai.com/gptbot)"
20.171.207.81 - - [19/Jul/2025:18:20:00 +0000] "GET /entity/1788535492.shtm HTTP/1.1" 301 - "-" "Mozilla/5.0 AppleWebKit/537.36 (KHTML, like Gecko; compatible; GPTBot/1.2; +https://openai.com/gptbot)"
20.171.207.106 - - [19/Jul/2025:18:20:01 +0000] "GET /entity/1788193420.shtm HTTP/1.1" 404 13292 "-" "Mozilla/5.0 AppleWebKit/537.36 (KHTML, like Gecko; compatible; GPTBot/1.2; +https://openai.com/gptbot)"
209.74.77.214 - - [19/Jul/2025:18:20:02 +0000] "POST /wp-cron.php?doing_wp_cron=1752949202.3294661045074462890625 HTTP/1.1" 200 - "-" "WordPress/6.8.2; https://akaventures.com.au"
20.171.207.81 - - [19/Jul/2025:18:20:02 +0000] "GET /entity/1788584602.shtm HTTP/1.1" 301 - "-" "Mozilla/5.0 AppleWebKit/537.36 (KHTML, like Gecko; compatible; GPTBot/1.2; +https://openai.com/gptbot)"
20.171.207.81 - - [19/Jul/2025:18:20:03 +0000] "GET /entity/1788243940.shtm HTTP/1.1" 301 - "-" "Mozilla/5.0 AppleWebKit/537.36 (KHTML, like Gecko; compatible; GPTBot/1.2; +https://openai.com/gptbot)"
20.171.207.81 - - [19/Jul/2025:18:20:04 +0000] "GET /entity/1788369024.shtm HTTP/1.1" 301 - "-" "Mozilla/5.0 AppleWebKit/537.36 (KHTML, like Gecko; compatible; GPTBot/1.2; +https://openai.com/gptbot)"
20.171.207.106 - - [19/Jul/2025:18:20:04 +0000] "GET /entity/1788429052.shtm HTTP/1.1" 404 13292 "-" "Mozilla/5.0 AppleWebKit/537.36 (KHTML, like Gecko; compatible; GPTBot/1.2; +https://openai.com/gptbot)"
20.171.207.81 - - [19/Jul/2025:18:20:05 +0000] "GET /entity/1788553429.shtm HTTP/1.1" 301 - "-" "Mozilla/5.0 AppleWebKit/537.36 (KHTML, like Gecko; compatible; GPTBot/1.2; +https://openai.com/gptbot)"
20.171.207.81 - - [19/Jul/2025:18:20:06 +0000] "GET /entity/1788359002.shtm HTTP/1.1" 301 - "-" "Mozilla/5.0 AppleWebKit/537.36 (KHTML, like Gecko; compatible; GPTBot/1.2; +https://openai.com/gptbot)"
20.171.207.106 - - [19/Jul/2025:18:20:07 +0000] "GET /entity/1788250630.shtm HTTP/1.1" 404 13293 "-" "Mozilla/5.0 AppleWebKit/537.36 (KHTML, like Gecko; compatible; GPTBot/1.2; +https://openai.com/gptbot)"
20.171.207.81 - - [19/Jul/2025:18:20:07 +0000] "GET /entity/1788452968.shtm HTTP/1.1" 301 - "-" "Mozilla/5.0 AppleWebKit/537.36 (KHTML, like Gecko; compatible; GPTBot/1.2; +https://openai.com/gptbot)"
20.171.207.81 - - [19/Jul/2025:18:20:08 +0000] "GET /entity/1788628503.shtm HTTP/1.1" 301 - "-" "Mozilla/5.0 AppleWebKit/537.36 (KHTML, like Gecko; compatible; GPTBot/1.2; +https://openai.com/gptbot)"
20.171.207.106 - - [19/Jul/2025:18:20:09 +0000] "GET /entity/1788032925.shtm HTTP/1.1" 404 13292 "-" "Mozilla/5.0 AppleWebKit/537.36 (KHTML, like Gecko; compatible; GPTBot/1.2; +https://openai.com/gptbot)"
20.171.207.81 - - [19/Jul/2025:18:20:10 +0000] "GET /entity/1788652931.shtm HTTP/1.1" 301 - "-" "Mozilla/5.0 AppleWebKit/537.36 (KHTML, like Gecko; compatible; GPTBot/1.2; +https://openai.com/gptbot)"
20.171.207.81 - - [19/Jul/2025:18:20:11 +0000] "GET /entity/1788399620.shtm HTTP/1.1" 301 - "-" "Mozilla/5.0 AppleWebKit/537.36 (KHTML, like Gecko; compatible; GPTBot/1.2; +https://openai.com/gptbot)"
20.171.207.81 - - [19/Jul/2025:18:20:12 +0000] "GET /entity/1788629145.shtm HTTP/1.1" 301 - "-" "Mozilla/5.0 AppleWebKit/537.36 (KHTML, like Gecko; compatible; GPTBot/1.2; +https://openai.com/gptbot)"
20.171.207.106 - - [19/Jul/2025:18:20:12 +0000] "GET /entity/1788274536.shtm HTTP/1.1" 404 13292 "-" "Mozilla/5.0 AppleWebKit/537.36 (KHTML, like Gecko; compatible; GPTBot/1.2; +https://openai.com/gptbot)"
20.171.207.81 - - [19/Jul/2025:18:20:13 +0000] "GET /entity/1788235456.shtm HTTP/1.1" 301 - "-" "Mozilla/5.0 AppleWebKit/537.36 (KHTML, like Gecko; compatible; GPTBot/1.2; +https://openai.com/gptbot)"
20.171.207.81 - - [19/Jul/2025:18:20:14 +0000] "GET /entity/1788325639.shtm HTTP/1.1" 301 - "-" "Mozilla/5.0 AppleWebKit/537.36 (KHTML, like Gecko; compatible; GPTBot/1.2; +https://openai.com/gptbot)"
20.171.207.81 - - [19/Jul/2025:18:20:15 +0000] "GET /entity/1788499250.shtm HTTP/1.1" 301 - "-" "Mozilla/5.0 AppleWebKit/537.36 (KHTML, like Gecko; compatible; GPTBot/1.2; +https://openai.com/gptbot)"
20.171.207.81 - - [19/Jul/2025:18:20:17 +0000] "GET /entity/1788295043.shtm HTTP/1.1" 301 - "-" "Mozilla/5.0 AppleWebKit/537.36 (KHTML, like Gecko; compatible; GPTBot/1.2; +https://openai.com/gptbot)"
20.171.207.106 - - [19/Jul/2025:18:20:17 +0000] "GET /entity/1788534529.shtm HTTP/1.1" 404 13293 "-" "Mozilla/5.0 AppleWebKit/537.36 (KHTML, like Gecko; compatible; GPTBot/1.2; +https://openai.com/gptbot)"
20.171.207.81 - - [19/Jul/2025:18:20:18 +0000] "GET /entity/1788406243.shtm HTTP/1.1" 301 - "-" "Mozilla/5.0 AppleWebKit/537.36 (KHTML, like Gecko; compatible; GPTBot/1.2; +https://openai.com/gptbot)"
20.171.207.81 - - [19/Jul/2025:18:20:19 +0000] "GET /entity/1788350902.shtm HTTP/1.1" 301 - "-" "Mozilla/5.0 AppleWebKit/537.36 (KHTML, like Gecko; compatible; GPTBot/1.2; +https://openai.com/gptbot)"
20.171.207.81 - - [19/Jul/2025:18:20:20 +0000] "GET /entity/1788537296.shtm HTTP/1.1" 301 - "-" "Mozilla/5.0 AppleWebKit/537.36 (KHTML, like Gecko; compatible; GPTBot/1.2; +https://openai.com/gptbot)"
20.171.207.81 - - [19/Jul/2025:18:20:21 +0000] "GET /entity/1788459520.shtm HTTP/1.1" 301 - "-" "Mozilla/5.0 AppleWebKit/537.36 (KHTML, like Gecko; compatible; GPTBot/1.2; +https://openai.com/gptbot)"
20.171.207.81 - - [19/Jul/2025:18:20:22 +0000] "GET /entity/1788439529.shtm HTTP/1.1" 301 - "-" "Mozilla/5.0 AppleWebKit/537.36 (KHTML, like Gecko; compatible; GPTBot/1.2; +https://openai.com/gptbot)"
20.171.207.81 - - [19/Jul/2025:18:20:24 +0000] "GET /entity/1788472953.shtm HTTP/1.1" 301 - "-" "Mozilla/5.0 AppleWebKit/537.36 (KHTML, like Gecko; compatible; GPTBot/1.2; +https://openai.com/gptbot)"
20.171.207.106 - - [19/Jul/2025:18:20:24 +0000] "GET /entity/1788645729.shtm HTTP/1.1" 404 13293 "-" "Mozilla/5.0 AppleWebKit/537.36 (KHTML, like Gecko; compatible; GPTBot/1.2; +https://openai.com/gptbot)"
20.171.207.81 - - [19/Jul/2025:18:20:25 +0000] "GET /entity/1788235456.shtm HTTP/1.1" 301 - "-" "Mozilla/5.0 AppleWebKit/537.36 (KHTML, like Gecko; compatible; GPTBot/1.2; +https://openai.com/gptbot)"
20.171.207.81 - - [19/Jul/2025:18:20:26 +0000] "GET /entity/1788362403.shtm HTTP/1.1" 301 - "-" "Mozilla/5.0 AppleWebKit/537.36 (KHTML, like Gecko; compatible; GPTBot/1.2; +https://openai.com/gptbot)"
20.171.207.106 - - [19/Jul/2025:18:20:27 +0000] "GET /entity/1788054976.shtm HTTP/1.1" 404 13293 "-" "Mozilla/5.0 AppleWebKit/537.36 (KHTML, like Gecko; compatible; GPTBot/1.2; +https://openai.com/gptbot)"
20.171.207.81 - - [19/Jul/2025:18:20:27 +0000] "GET /entity/1788589234.shtm HTTP/1.1" 301 - "-" "Mozilla/5.0 AppleWebKit/537.36 (KHTML, like Gecko; compatible; GPTBot/1.2; +https://openai.com/gptbot)"
20.171.207.81 - - [19/Jul/2025:18:20:28 +0000] "GET /entity/1788241953.shtm HTTP/1.1" 301 - "-" "Mozilla/5.0 AppleWebKit/537.36 (KHTML, like Gecko; compatible; GPTBot/1.2; +https://openai.com/gptbot)"
20.171.207.81 - - [19/Jul/2025:18:20:29 +0000] "GET /entity/1788026245.shtm HTTP/1.1" 301 - "-" "Mozilla/5.0 AppleWebKit/537.36 (KHTML, like Gecko; compatible; GPTBot/1.2; +https://openai.com/gptbot)"
20.171.207.106 - - [19/Jul/2025:18:20:30 +0000] "GET /entity/1788130692.shtm HTTP/1.1" 404 13293 "-" "Mozilla/5.0 AppleWebKit/537.36 (KHTML, like Gecko; compatible; GPTBot/1.2; +https://openai.com/gptbot)"
20.171.207.81 - - [19/Jul/2025:18:20:30 +0000] "GET /entity/1788426935.shtm HTTP/1.1" 301 - "-" "Mozilla/5.0 AppleWebKit/537.36 (KHTML, like Gecko; compatible; GPTBot/1.2; +https://openai.com/gptbot)"
20.171.207.81 - - [19/Jul/2025:18:20:32 +0000] "GET /entity/1788036915.shtm HTTP/1.1" 301 - "-" "Mozilla/5.0 AppleWebKit/537.36 (KHTML, like Gecko; compatible; GPTBot/1.2; +https://openai.com/gptbot)"
20.171.207.106 - - [19/Jul/2025:18:20:33 +0000] "GET /entity/1788643925.shtm HTTP/1.1" 404 13293 "-" "Mozilla/5.0 AppleWebKit/537.36 (KHTML, like Gecko; compatible; GPTBot/1.2; +https://openai.com/gptbot)"
20.171.207.81 - - [19/Jul/2025:18:20:33 +0000] "GET /entity/1788495260.shtm HTTP/1.1" 301 - "-" "Mozilla/5.0 AppleWebKit/537.36 (KHTML, like Gecko; compatible; GPTBot/1.2; +https://openai.com/gptbot)"
20.171.207.81 - - [19/Jul/2025:18:20:34 +0000] "GET /entity/1788374997.shtm HTTP/1.1" 301 - "-" "Mozilla/5.0 AppleWebKit/537.36 (KHTML, like Gecko; compatible; GPTBot/1.2; +https://openai.com/gptbot)"
20.171.207.81 - - [19/Jul/2025:18:20:35 +0000] "GET /entity/1788332388.shtm HTTP/1.1" 301 - "-" "Mozilla/5.0 AppleWebKit/537.36 (KHTML, like Gecko; compatible; GPTBot/1.2; +https://openai.com/gptbot)"
20.171.207.106 - - [19/Jul/2025:18:20:35 +0000] "GET /entity/1788265739.shtm HTTP/1.1" 404 13293 "-" "Mozilla/5.0 AppleWebKit/537.36 (KHTML, like Gecko; compatible; GPTBot/1.2; +https://openai.com/gptbot)"
20.171.207.81 - - [19/Jul/2025:18:20:36 +0000] "GET /entity/1788581774.shtm HTTP/1.1" 301 - "-" "Mozilla/5.0 AppleWebKit/537.36 (KHTML, like Gecko; compatible; GPTBot/1.2; +https://openai.com/gptbot)"
20.171.207.81 - - [19/Jul/2025:18:20:37 +0000] "GET /entity/1788458173.shtm HTTP/1.1" 301 - "-" "Mozilla/5.0 AppleWebKit/537.36 (KHTML, like Gecko; compatible; GPTBot/1.2; +https://openai.com/gptbot)"
20.171.207.106 - - [19/Jul/2025:18:20:38 +0000] "GET /entity/1788066349.shtm HTTP/1.1" 404 13293 "-" "Mozilla/5.0 AppleWebKit/537.36 (KHTML, like Gecko; compatible; GPTBot/1.2; +https://openai.com/gptbot)"
20.171.207.81 - - [19/Jul/2025:18:20:39 +0000] "GET /entity/1788221188.shtm HTTP/1.1" 301 - "-" "Mozilla/5.0 AppleWebKit/537.36 (KHTML, like Gecko; compatible; GPTBot/1.2; +https://openai.com/gptbot)"
20.171.207.81 - - [19/Jul/2025:18:20:40 +0000] "GET /entity/1788481309.shtm HTTP/1.1" 301 - "-" "Mozilla/5.0 AppleWebKit/537.36 (KHTML, like Gecko; compatible; GPTBot/1.2; +https://openai.com/gptbot)"
209.74.77.214 - - [19/Jul/2025:18:20:41 +0000] "POST /wp-cron.php?doing_wp_cron=1752949241.6151010990142822265625 HTTP/1.1" 200 - "-" "WordPress/6.8.2; https://akaventures.com.au"
20.171.207.81 - - [19/Jul/2025:18:20:41 +0000] "GET /entity/1788567892.shtm HTTP/1.1" 301 - "-" "Mozilla/5.0 AppleWebKit/537.36 (KHTML, like Gecko; compatible; GPTBot/1.2; +https://openai.com/gptbot)"
20.171.207.106 - - [19/Jul/2025:18:20:41 +0000] "GET /entity/1788602539.shtm HTTP/1.1" 404 13293 "-" "Mozilla/5.0 AppleWebKit/537.36 (KHTML, like Gecko; compatible; GPTBot/1.2; +https://openai.com/gptbot)"
20.171.207.81 - - [19/Jul/2025:18:20:42 +0000] "GET /entity/1788426935.shtm HTTP/1.1" 301 - "-" "Mozilla/5.0 AppleWebKit/537.36 (KHTML, like Gecko; compatible; GPTBot/1.2; +https://openai.com/gptbot)"
20.171.207.81 - - [19/Jul/2025:18:20:43 +0000] "GET /entity/1788568603.shtm HTTP/1.1" 301 - "-" "Mozilla/5.0 AppleWebKit/537.36 (KHTML, like Gecko; compatible; GPTBot/1.2; +https://openai.com/gptbot)"
20.171.207.106 - - [19/Jul/2025:18:20:44 +0000] "GET /entity/1788210654.shtm HTTP/1.1" 404 13293 "-" "Mozilla/5.0 AppleWebKit/537.36 (KHTML, like Gecko; compatible; GPTBot/1.2; +https://openai.com/gptbot)"
20.171.207.81 - - [19/Jul/2025:18:20:45 +0000] "GET /entity/1788244651.shtm HTTP/1.1" 301 - "-" "Mozilla/5.0 AppleWebKit/537.36 (KHTML, like Gecko; compatible; GPTBot/1.2; +https://openai.com/gptbot)"
20.171.207.81 - - [19/Jul/2025:18:20:46 +0000] "GET /entity/1788080300.shtm HTTP/1.1" 301 - "-" "Mozilla/5.0 AppleWebKit/537.36 (KHTML, like Gecko; compatible; GPTBot/1.2; +https://openai.com/gptbot)"
20.171.207.81 - - [19/Jul/2025:18:20:47 +0000] "GET /entity/1788448986.shtm HTTP/1.1" 301 - "-" "Mozilla/5.0 AppleWebKit/537.36 (KHTML, like Gecko; compatible; GPTBot/1.2; +https://openai.com/gptbot)"
20.171.207.106 - - [19/Jul/2025:18:20:48 +0000] "GET /entity/1788584602.shtm HTTP/1.1" 404 13293 "-" "Mozilla/5.0 AppleWebKit/537.36 (KHTML, like Gecko; compatible; GPTBot/1.2; +https://openai.com/gptbot)"
20.171.207.81 - - [19/Jul/2025:18:20:48 +0000] "GET /entity/1788579076.shtm HTTP/1.1" 301 - "-" "Mozilla/5.0 AppleWebKit/537.36 (KHTML, like Gecko; compatible; GPTBot/1.2; +https://openai.com/gptbot)"
20.171.207.81 - - [19/Jul/2025:18:20:49 +0000] "GET /entity/1788106914.shtm HTTP/1.1" 301 - "-" "Mozilla/5.0 AppleWebKit/537.36 (KHTML, like Gecko; compatible; GPTBot/1.2; +https://openai.com/gptbot)"
20.171.207.81 - - [19/Jul/2025:18:20:50 +0000] "GET /entity/1788275889.shtm HTTP/1.1" 301 - "-" "Mozilla/5.0 AppleWebKit/537.36 (KHTML, like Gecko; compatible; GPTBot/1.2; +https://openai.com/gptbot)"
20.171.207.81 - - [19/Jul/2025:18:20:52 +0000] "GET /entity/1788261877.shtm HTTP/1.1" 301 - "-" "Mozilla/5.0 AppleWebKit/537.36 (KHTML, like Gecko; compatible; GPTBot/1.2; +https://openai.com/gptbot)"
20.171.207.106 - - [19/Jul/2025:18:20:52 +0000] "GET /entity/1788247930.shtm HTTP/1.1" 404 13293 "-" "Mozilla/5.0 AppleWebKit/537.36 (KHTML, like Gecko; compatible; GPTBot/1.2; +https://openai.com/gptbot)"
20.171.207.81 - - [19/Jul/2025:18:20:53 +0000] "GET /entity/1788183398.shtm HTTP/1.1" 301 - "-" "Mozilla/5.0 AppleWebKit/537.36 (KHTML, like Gecko; compatible; GPTBot/1.2; +https://openai.com/gptbot)"
20.171.207.81 - - [19/Jul/2025:18:20:54 +0000] "GET /entity/1788428355.shtm HTTP/1.1" 301 - "-" "Mozilla/5.0 AppleWebKit/537.36 (KHTML, like Gecko; compatible; GPTBot/1.2; +https://openai.com/gptbot)"
20.171.207.106 - - [19/Jul/2025:18:20:54 +0000] "GET /entity/1788274536.shtm HTTP/1.1" 404 13293 "-" "Mozilla/5.0 AppleWebKit/537.36 (KHTML, like Gecko; compatible; GPTBot/1.2; +https://openai.com/gptbot)"
20.171.207.81 - - [19/Jul/2025:18:20:55 +0000] "GET /entity/1788626317.shtm HTTP/1.1" 301 - "-" "Mozilla/5.0 AppleWebKit/537.36 (KHTML, like Gecko; compatible; GPTBot/1.2; +https://openai.com/gptbot)"
20.171.207.81 - - [19/Jul/2025:18:20:56 +0000] "GET /entity/1788244651.shtm HTTP/1.1" 301 - "-" "Mozilla/5.0 AppleWebKit/537.36 (KHTML, like Gecko; compatible; GPTBot/1.2; +https://openai.com/gptbot)"
20.171.207.106 - - [19/Jul/2025:18:20:57 +0000] "GET /entity/1788652931.shtm HTTP/1.1" 404 13293 "-" "Mozilla/5.0 AppleWebKit/537.36 (KHTML, like Gecko; compatible; GPTBot/1.2; +https://openai.com/gptbot)"
20.171.207.81 - - [19/Jul/2025:18:20:58 +0000] "GET /entity/1788120219.shtm HTTP/1.1" 301 - "-" "Mozilla/5.0 AppleWebKit/537.36 (KHTML, like Gecko; compatible; GPTBot/1.2; +https://openai.com/gptbot)"
20.171.207.81 - - [19/Jul/2025:18:20:59 +0000] "GET /entity/1788397631.shtm HTTP/1.1" 301 - "-" "Mozilla/5.0 AppleWebKit/537.36 (KHTML, like Gecko; compatible; GPTBot/1.2; +https://openai.com/gptbot)"
20.171.207.81 - - [19/Jul/2025:18:21:00 +0000] "GET /entity/1788166814.shtm HTTP/1.1" 301 - "-" "Mozilla/5.0 AppleWebKit/537.36 (KHTML, like Gecko; compatible; GPTBot/1.2; +https://openai.com/gptbot)"
20.171.207.106 - - [19/Jul/2025:18:21:00 +0000] "GET /entity/1788295043.shtm HTTP/1.1" 404 13292 "-" "Mozilla/5.0 AppleWebKit/537.36 (KHTML, like Gecko; compatible; GPTBot/1.2; +https://openai.com/gptbot)"
20.171.207.81 - - [19/Jul/2025:18:21:01 +0000] "GET /entity/1788552787.shtm HTTP/1.1" 301 - "-" "Mozilla/5.0 AppleWebKit/537.36 (KHTML, like Gecko; compatible; GPTBot/1.2; +https://openai.com/gptbot)"
209.74.77.214 - - [19/Jul/2025:18:21:02 +0000] "POST /wp-cron.php?doing_wp_cron=1752949262.9693830013275146484375 HTTP/1.1" 200 - "-" "WordPress/6.8.2; https://akaventures.com.au"
20.171.207.81 - - [19/Jul/2025:18:21:02 +0000] "GET /entity/1788636987.shtm HTTP/1.1" 301 - "-" "Mozilla/5.0 AppleWebKit/537.36 (KHTML, like Gecko; compatible; GPTBot/1.2; +https://openai.com/gptbot)"
20.171.207.81 - - [19/Jul/2025:18:21:03 +0000] "GET /entity/1788233150.shtm HTTP/1.1" 301 - "-" "Mozilla/5.0 AppleWebKit/537.36 (KHTML, like Gecko; compatible; GPTBot/1.2; +https://openai.com/gptbot)"
20.171.207.106 - - [19/Jul/2025:18:21:05 +0000] "GET /entity/1788637950.shtm HTTP/1.1" 404 13293 "-" "Mozilla/5.0 AppleWebKit/537.36 (KHTML, like Gecko; compatible; GPTBot/1.2; +https://openai.com/gptbot)"
20.171.207.81 - - [19/Jul/2025:18:21:05 +0000] "GET /entity/1788261877.shtm HTTP/1.1" 301 - "-" "Mozilla/5.0 AppleWebKit/537.36 (KHTML, like Gecko; compatible; GPTBot/1.2; +https://openai.com/gptbot)"
20.171.207.81 - - [19/Jul/2025:18:21:06 +0000] "GET /entity/1788561271.shtm HTTP/1.1" 301 - "-" "Mozilla/5.0 AppleWebKit/537.36 (KHTML, like Gecko; compatible; GPTBot/1.2; +https://openai.com/gptbot)"
20.171.207.81 - - [19/Jul/2025:18:21:07 +0000] "GET /entity/1788530675.shtm HTTP/1.1" 301 - "-" "Mozilla/5.0 AppleWebKit/537.36 (KHTML, like Gecko; compatible; GPTBot/1.2; +https://openai.com/gptbot)"
20.171.207.106 - - [19/Jul/2025:18:21:07 +0000] "GET /entity/1788241953.shtm HTTP/1.1" 404 13293 "-" "Mozilla/5.0 AppleWebKit/537.36 (KHTML, like Gecko; compatible; GPTBot/1.2; +https://openai.com/gptbot)"
20.171.207.81 - - [19/Jul/2025:18:21:08 +0000] "GET /entity/1788368510.shtm HTTP/1.1" 301 - "-" "Mozilla/5.0 AppleWebKit/537.36 (KHTML, like Gecko; compatible; GPTBot/1.2; +https://openai.com/gptbot)"
20.171.207.81 - - [19/Jul/2025:18:21:09 +0000] "GET /entity/1788206152.shtm HTTP/1.1" 301 - "-" "Mozilla/5.0 AppleWebKit/537.36 (KHTML, like Gecko; compatible; GPTBot/1.2; +https://openai.com/gptbot)"
20.171.207.81 - - [19/Jul/2025:18:21:10 +0000] "GET /entity/1788461324.shtm HTTP/1.1" 301 - "-" "Mozilla/5.0 AppleWebKit/537.36 (KHTML, like Gecko; compatible; GPTBot/1.2; +https://openai.com/gptbot)"
20.171.207.106 - - [19/Jul/2025:18:21:10 +0000] "GET /entity/1788440236.shtm HTTP/1.1" 404 13292 "-" "Mozilla/5.0 AppleWebKit/537.36 (KHTML, like Gecko; compatible; GPTBot/1.2; +https://openai.com/gptbot)"
20.171.207.81 - - [19/Jul/2025:18:21:11 +0000] "GET /entity/1788615840.shtm HTTP/1.1" 301 - "-" "Mozilla/5.0 AppleWebKit/537.36 (KHTML, like Gecko; compatible; GPTBot/1.2; +https://openai.com/gptbot)"
