20.171.207.106 - - [20/Jul/2025:05:45:29 +0000] "GET /entity/888941525.shtm HTTP/1.1" 404 13293 "-" "Mozilla/5.0 AppleWebKit/537.36 (KHTML, like Gecko; compatible; GPTBot/1.2; +https://openai.com/gptbot)"
20.171.207.106 - - [20/Jul/2025:05:45:34 +0000] "GET /entity/888771260.shtm HTTP/1.1" 404 13293 "-" "Mozilla/5.0 AppleWebKit/537.36 (KHTML, like Gecko; compatible; GPTBot/1.2; +https://openai.com/gptbot)"
20.171.207.106 - - [20/Jul/2025:05:45:35 +0000] "GET /entity/888763938.shtm HTTP/1.1" 404 13293 "-" "Mozilla/5.0 AppleWebKit/537.36 (KHTML, like Gecko; compatible; GPTBot/1.2; +https://openai.com/gptbot)"
209.74.77.214 - - [20/Jul/2025:05:45:41 +0000] "POST /wp-cron.php?doing_wp_cron=1752990341.0010170936584472656250 HTTP/1.1" 200 - "-" "WordPress/6.8.2; https://akaventures.com.au"
20.171.207.106 - - [20/Jul/2025:05:45:40 +0000] "GET /entity/888981440.shtm HTTP/1.1" 404 13293 "-" "Mozilla/5.0 AppleWebKit/537.36 (KHTML, like Gecko; compatible; GPTBot/1.2; +https://openai.com/gptbot)"
20.171.207.106 - - [20/Jul/2025:05:45:41 +0000] "GET /entity/888719330.shtm HTTP/1.1" 404 13293 "-" "Mozilla/5.0 AppleWebKit/537.36 (KHTML, like Gecko; compatible; GPTBot/1.2; +https://openai.com/gptbot)"
20.171.207.106 - - [20/Jul/2025:05:45:47 +0000] "GET /entity/888973478.shtm HTTP/1.1" 404 13293 "-" "Mozilla/5.0 AppleWebKit/537.36 (KHTML, like Gecko; compatible; GPTBot/1.2; +https://openai.com/gptbot)"
20.171.207.106 - - [20/Jul/2025:05:45:48 +0000] "GET /entity/888724665.shtm HTTP/1.1" 404 13293 "-" "Mozilla/5.0 AppleWebKit/537.36 (KHTML, like Gecko; compatible; GPTBot/1.2; +https://openai.com/gptbot)"
20.171.207.106 - - [20/Jul/2025:05:45:50 +0000] "GET /entity/888777182.shtm HTTP/1.1" 404 13293 "-" "Mozilla/5.0 AppleWebKit/537.36 (KHTML, like Gecko; compatible; GPTBot/1.2; +https://openai.com/gptbot)"
20.171.207.106 - - [20/Jul/2025:05:45:53 +0000] "GET /entity/888906118.shtm HTTP/1.1" 404 13293 "-" "Mozilla/5.0 AppleWebKit/537.36 (KHTML, like Gecko; compatible; GPTBot/1.2; +https://openai.com/gptbot)"
20.171.207.106 - - [20/Jul/2025:05:45:57 +0000] "GET /entity/888933563.shtm HTTP/1.1" 404 13293 "-" "Mozilla/5.0 AppleWebKit/537.36 (KHTML, like Gecko; compatible; GPTBot/1.2; +https://openai.com/gptbot)"
20.171.207.106 - - [20/Jul/2025:05:45:58 +0000] "GET /entity/888983305.shtm HTTP/1.1" 404 13293 "-" "Mozilla/5.0 AppleWebKit/537.36 (KHTML, like Gecko; compatible; GPTBot/1.2; +https://openai.com/gptbot)"
209.74.77.214 - - [20/Jul/2025:05:46:02 +0000] "POST /wp-cron.php?doing_wp_cron=1752990362.0325500965118408203125 HTTP/1.1" 200 - "-" "WordPress/6.8.2; https://akaventures.com.au"
20.171.207.106 - - [20/Jul/2025:05:46:01 +0000] "GET /entity/888751279.shtm HTTP/1.1" 404 13293 "-" "Mozilla/5.0 AppleWebKit/537.36 (KHTML, like Gecko; compatible; GPTBot/1.2; +https://openai.com/gptbot)"
20.171.207.106 - - [20/Jul/2025:05:46:05 +0000] "GET /entity/888948343.shtm HTTP/1.1" 404 13293 "-" "Mozilla/5.0 AppleWebKit/537.36 (KHTML, like Gecko; compatible; GPTBot/1.2; +https://openai.com/gptbot)"
20.171.207.106 - - [20/Jul/2025:05:46:07 +0000] "GET /entity/888795176.shtm HTTP/1.1" 404 13293 "-" "Mozilla/5.0 AppleWebKit/537.36 (KHTML, like Gecko; compatible; GPTBot/1.2; +https://openai.com/gptbot)"
20.171.207.106 - - [20/Jul/2025:05:46:10 +0000] "GET /entity/888959527.shtm HTTP/1.1" 404 13292 "-" "Mozilla/5.0 AppleWebKit/537.36 (KHTML, like Gecko; compatible; GPTBot/1.2; +https://openai.com/gptbot)"
20.171.207.106 - - [20/Jul/2025:05:46:12 +0000] "GET /entity/888783992.shtm HTTP/1.1" 404 13293 "-" "Mozilla/5.0 AppleWebKit/537.36 (KHTML, like Gecko; compatible; GPTBot/1.2; +https://openai.com/gptbot)"
20.171.207.106 - - [20/Jul/2025:05:46:19 +0000] "GET /entity/888981440.shtm HTTP/1.1" 404 13293 "-" "Mozilla/5.0 AppleWebKit/537.36 (KHTML, like Gecko; compatible; GPTBot/1.2; +https://openai.com/gptbot)"
20.171.207.106 - - [20/Jul/2025:05:46:19 +0000] "GET /entity/888993463.shtm HTTP/1.1" 404 13293 "-" "Mozilla/5.0 AppleWebKit/537.36 (KHTML, like Gecko; compatible; GPTBot/1.2; +https://openai.com/gptbot)"
20.171.207.106 - - [20/Jul/2025:05:46:22 +0000] "GET /entity/888973478.shtm HTTP/1.1" 404 13292 "-" "Mozilla/5.0 AppleWebKit/537.36 (KHTML, like Gecko; compatible; GPTBot/1.2; +https://openai.com/gptbot)"
20.171.207.106 - - [20/Jul/2025:05:46:25 +0000] "GET /entity/888721837.shtm HTTP/1.1" 404 13293 "-" "Mozilla/5.0 AppleWebKit/537.36 (KHTML, like Gecko; compatible; GPTBot/1.2; +https://openai.com/gptbot)"
20.171.207.106 - - [20/Jul/2025:05:46:29 +0000] "GET /entity/888997573.shtm HTTP/1.1" 404 13293 "-" "Mozilla/5.0 AppleWebKit/537.36 (KHTML, like Gecko; compatible; GPTBot/1.2; +https://openai.com/gptbot)"
20.171.207.106 - - [20/Jul/2025:05:46:31 +0000] "GET /entity/888906118.shtm HTTP/1.1" 404 13293 "-" "Mozilla/5.0 AppleWebKit/537.36 (KHTML, like Gecko; compatible; GPTBot/1.2; +https://openai.com/gptbot)"
20.171.207.106 - - [20/Jul/2025:05:46:34 +0000] "GET /entity/888918901.shtm HTTP/1.1" 404 13293 "-" "Mozilla/5.0 AppleWebKit/537.36 (KHTML, like Gecko; compatible; GPTBot/1.2; +https://openai.com/gptbot)"
20.171.207.106 - - [20/Jul/2025:05:46:36 +0000] "GET /entity/888784565.shtm HTTP/1.1" 404 13293 "-" "Mozilla/5.0 AppleWebKit/537.36 (KHTML, like Gecko; compatible; GPTBot/1.2; +https://openai.com/gptbot)"
20.171.207.106 - - [20/Jul/2025:05:46:39 +0000] "GET /entity/888728133.shtm HTTP/1.1" 404 13293 "-" "Mozilla/5.0 AppleWebKit/537.36 (KHTML, like Gecko; compatible; GPTBot/1.2; +https://openai.com/gptbot)"
209.74.77.214 - - [20/Jul/2025:05:46:42 +0000] "POST /wp-cron.php?doing_wp_cron=1752990402.6955020427703857421875 HTTP/1.1" 200 - "-" "WordPress/6.8.2; https://akaventures.com.au"
20.171.207.106 - - [20/Jul/2025:05:46:42 +0000] "GET /entity/888974949.shtm HTTP/1.1" 404 13293 "-" "Mozilla/5.0 AppleWebKit/537.36 (KHTML, like Gecko; compatible; GPTBot/1.2; +https://openai.com/gptbot)"
20.171.207.106 - - [20/Jul/2025:05:46:47 +0000] "GET /entity/888968139.shtm HTTP/1.1" 404 13293 "-" "Mozilla/5.0 AppleWebKit/537.36 (KHTML, like Gecko; compatible; GPTBot/1.2; +https://openai.com/gptbot)"
20.171.207.106 - - [20/Jul/2025:05:46:48 +0000] "GET /entity/888959527.shtm HTTP/1.1" 404 13293 "-" "Mozilla/5.0 AppleWebKit/537.36 (KHTML, like Gecko; compatible; GPTBot/1.2; +https://openai.com/gptbot)"
20.171.207.106 - - [20/Jul/2025:05:46:51 +0000] "GET /entity/888781164.shtm HTTP/1.1" 404 13293 "-" "Mozilla/5.0 AppleWebKit/537.36 (KHTML, like Gecko; compatible; GPTBot/1.2; +https://openai.com/gptbot)"
20.171.207.106 - - [20/Jul/2025:05:46:55 +0000] "GET /entity/888961644.shtm HTTP/1.1" 404 13293 "-" "Mozilla/5.0 AppleWebKit/537.36 (KHTML, like Gecko; compatible; GPTBot/1.2; +https://openai.com/gptbot)"
20.171.207.106 - - [20/Jul/2025:05:46:59 +0000] "GET /entity/888923726.shtm HTTP/1.1" 404 13293 "-" "Mozilla/5.0 AppleWebKit/537.36 (KHTML, like Gecko; compatible; GPTBot/1.2; +https://openai.com/gptbot)"
20.171.207.106 - - [20/Jul/2025:05:47:01 +0000] "GET /entity/888790487.shtm HTTP/1.1" 404 13293 "-" "Mozilla/5.0 AppleWebKit/537.36 (KHTML, like Gecko; compatible; GPTBot/1.2; +https://openai.com/gptbot)"
209.74.77.214 - - [20/Jul/2025:05:47:02 +0000] "POST /wp-cron.php?doing_wp_cron=1752990422.5539789199829101562500 HTTP/1.1" 200 - "-" "WordPress/6.8.2; https://akaventures.com.au"
20.171.207.106 - - [20/Jul/2025:05:47:02 +0000] "GET /entity/888948026.shtm HTTP/1.1" 404 13293 "-" "Mozilla/5.0 AppleWebKit/537.36 (KHTML, like Gecko; compatible; GPTBot/1.2; +https://openai.com/gptbot)"
20.171.207.106 - - [20/Jul/2025:05:47:06 +0000] "GET /entity/888720033.shtm HTTP/1.1" 404 13293 "-" "Mozilla/5.0 AppleWebKit/537.36 (KHTML, like Gecko; compatible; GPTBot/1.2; +https://openai.com/gptbot)"
20.171.207.106 - - [20/Jul/2025:05:47:07 +0000] "GET /entity/888799678.shtm HTTP/1.1" 404 13293 "-" "Mozilla/5.0 AppleWebKit/537.36 (KHTML, like Gecko; compatible; GPTBot/1.2; +https://openai.com/gptbot)"
20.171.207.106 - - [20/Jul/2025:05:47:11 +0000] "GET /entity/888793315.shtm HTTP/1.1" 404 13292 "-" "Mozilla/5.0 AppleWebKit/537.36 (KHTML, like Gecko; compatible; GPTBot/1.2; +https://openai.com/gptbot)"
20.171.207.106 - - [20/Jul/2025:05:47:13 +0000] "GET /entity/888946222.shtm HTTP/1.1" 404 13293 "-" "Mozilla/5.0 AppleWebKit/537.36 (KHTML, like Gecko; compatible; GPTBot/1.2; +https://openai.com/gptbot)"
20.171.207.106 - - [20/Jul/2025:05:47:16 +0000] "GET /entity/888743246.shtm HTTP/1.1" 404 13293 "-" "Mozilla/5.0 AppleWebKit/537.36 (KHTML, like Gecko; compatible; GPTBot/1.2; +https://openai.com/gptbot)"
20.171.207.106 - - [20/Jul/2025:05:47:19 +0000] "GET /entity/888785985.shtm HTTP/1.1" 404 13293 "-" "Mozilla/5.0 AppleWebKit/537.36 (KHTML, like Gecko; compatible; GPTBot/1.2; +https://openai.com/gptbot)"
20.171.207.106 - - [20/Jul/2025:05:47:23 +0000] "GET /entity/888961644.shtm HTTP/1.1" 404 13293 "-" "Mozilla/5.0 AppleWebKit/537.36 (KHTML, like Gecko; compatible; GPTBot/1.2; +https://openai.com/gptbot)"
20.171.207.106 - - [20/Jul/2025:05:47:24 +0000] "GET /entity/888789837.shtm HTTP/1.1" 404 13293 "-" "Mozilla/5.0 AppleWebKit/537.36 (KHTML, like Gecko; compatible; GPTBot/1.2; +https://openai.com/gptbot)"
20.171.207.106 - - [20/Jul/2025:05:47:28 +0000] "GET /entity/889268882.shtm HTTP/1.1" 404 13293 "-" "Mozilla/5.0 AppleWebKit/537.36 (KHTML, like Gecko; compatible; GPTBot/1.2; +https://openai.com/gptbot)"
20.171.207.106 - - [20/Jul/2025:05:47:30 +0000] "GET /entity/888788683.shtm HTTP/1.1" 404 13293 "-" "Mozilla/5.0 AppleWebKit/537.36 (KHTML, like Gecko; compatible; GPTBot/1.2; +https://openai.com/gptbot)"
20.171.207.106 - - [20/Jul/2025:05:47:33 +0000] "GET /entity/888994883.shtm HTTP/1.1" 404 13293 "-" "Mozilla/5.0 AppleWebKit/537.36 (KHTML, like Gecko; compatible; GPTBot/1.2; +https://openai.com/gptbot)"
20.171.207.106 - - [20/Jul/2025:05:47:37 +0000] "GET /entity/888777885.shtm HTTP/1.1" 404 13293 "-" "Mozilla/5.0 AppleWebKit/537.36 (KHTML, like Gecko; compatible; GPTBot/1.2; +https://openai.com/gptbot)"
20.171.207.106 - - [20/Jul/2025:05:47:39 +0000] "GET /entity/888799678.shtm HTTP/1.1" 404 13293 "-" "Mozilla/5.0 AppleWebKit/537.36 (KHTML, like Gecko; compatible; GPTBot/1.2; +https://openai.com/gptbot)"
209.74.77.214 - - [20/Jul/2025:05:47:43 +0000] "POST /wp-cron.php?doing_wp_cron=1752990462.9902238845825195312500 HTTP/1.1" 200 - "-" "WordPress/6.8.2; https://akaventures.com.au"
20.171.207.106 - - [20/Jul/2025:05:47:42 +0000] "GET /entity/888968846.shtm HTTP/1.1" 404 13293 "-" "Mozilla/5.0 AppleWebKit/537.36 (KHTML, like Gecko; compatible; GPTBot/1.2; +https://openai.com/gptbot)"
20.171.207.106 - - [20/Jul/2025:05:47:44 +0000] "GET /entity/888938835.shtm HTTP/1.1" 404 13293 "-" "Mozilla/5.0 AppleWebKit/537.36 (KHTML, like Gecko; compatible; GPTBot/1.2; +https://openai.com/gptbot)"
20.171.207.106 - - [20/Jul/2025:05:47:47 +0000] "GET /entity/888781875.shtm HTTP/1.1" 404 13293 "-" "Mozilla/5.0 AppleWebKit/537.36 (KHTML, like Gecko; compatible; GPTBot/1.2; +https://openai.com/gptbot)"
20.171.207.106 - - [20/Jul/2025:05:47:53 +0000] "GET /entity/888743246.shtm HTTP/1.1" 404 13293 "-" "Mozilla/5.0 AppleWebKit/537.36 (KHTML, like Gecko; compatible; GPTBot/1.2; +https://openai.com/gptbot)"
20.171.207.106 - - [20/Jul/2025:05:47:53 +0000] "GET /entity/888728783.shtm HTTP/1.1" 404 13293 "-" "Mozilla/5.0 AppleWebKit/537.36 (KHTML, like Gecko; compatible; GPTBot/1.2; +https://openai.com/gptbot)"
20.171.207.106 - - [20/Jul/2025:05:47:56 +0000] "GET /entity/888972828.shtm HTTP/1.1" 404 13293 "-" "Mozilla/5.0 AppleWebKit/537.36 (KHTML, like Gecko; compatible; GPTBot/1.2; +https://openai.com/gptbot)"
20.171.207.106 - - [20/Jul/2025:05:47:59 +0000] "GET /entity/889232888.shtm HTTP/1.1" 404 13293 "-" "Mozilla/5.0 AppleWebKit/537.36 (KHTML, like Gecko; compatible; GPTBot/1.2; +https://openai.com/gptbot)"
209.74.77.214 - - [20/Jul/2025:05:48:03 +0000] "POST /wp-cron.php?doing_wp_cron=1752990483.1314098834991455078125 HTTP/1.1" 200 - "-" "WordPress/6.8.2; https://akaventures.com.au"
20.171.207.106 - - [20/Jul/2025:05:48:02 +0000] "GET /entity/888988258.shtm HTTP/1.1" 404 13293 "-" "Mozilla/5.0 AppleWebKit/537.36 (KHTML, like Gecko; compatible; GPTBot/1.2; +https://openai.com/gptbot)"
20.171.207.106 - - [20/Jul/2025:05:48:04 +0000] "GET /entity/888948985.shtm HTTP/1.1" 404 13293 "-" "Mozilla/5.0 AppleWebKit/537.36 (KHTML, like Gecko; compatible; GPTBot/1.2; +https://openai.com/gptbot)"
20.171.207.106 - - [20/Jul/2025:05:48:08 +0000] "GET /entity/889069888.shtm HTTP/1.1" 404 13293 "-" "Mozilla/5.0 AppleWebKit/537.36 (KHTML, like Gecko; compatible; GPTBot/1.2; +https://openai.com/gptbot)"
20.171.207.106 - - [20/Jul/2025:05:48:10 +0000] "GET /entity/888788366.shtm HTTP/1.1" 404 13293 "-" "Mozilla/5.0 AppleWebKit/537.36 (KHTML, like Gecko; compatible; GPTBot/1.2; +https://openai.com/gptbot)"
20.171.207.106 - - [20/Jul/2025:05:48:14 +0000] "GET /entity/888920898.shtm HTTP/1.1" 404 13293 "-" "Mozilla/5.0 AppleWebKit/537.36 (KHTML, like Gecko; compatible; GPTBot/1.2; +https://openai.com/gptbot)"
20.171.207.106 - - [20/Jul/2025:05:48:16 +0000] "GET /entity/889008885.shtm HTTP/1.1" 404 13293 "-" "Mozilla/5.0 AppleWebKit/537.36 (KHTML, like Gecko; compatible; GPTBot/1.2; +https://openai.com/gptbot)"
20.171.207.106 - - [20/Jul/2025:05:48:19 +0000] "GET /entity/888948985.shtm HTTP/1.1" 404 13292 "-" "Mozilla/5.0 AppleWebKit/537.36 (KHTML, like Gecko; compatible; GPTBot/1.2; +https://openai.com/gptbot)"
209.74.77.214 - - [20/Jul/2025:05:48:58 +0000] "POST /wp-cron.php?doing_wp_cron=1752990538.7077949047088623046875 HTTP/1.1" 200 - "-" "WordPress/6.8.2; https://akaventures.com.au"
74.125.150.3 - - [20/Jul/2025:05:48:56 +0000] "GET / HTTP/1.1" 200 21886 "-" "Mozilla/5.0 (X11; Linux x86_64) AppleWebKit/537.36 (KHTML, like Gecko) Chrome/129.0.0.0 Safari/537.36"
74.125.150.3 - - [20/Jul/2025:05:48:59 +0000] "GET /wp-content/plugins/metform/public/assets/lib/cute-alert/style.css?ver=4.0.2 HTTP/1.1" 200 1225 "https://akaventures.com.au/" "Mozilla/5.0 (X11; Linux x86_64) AppleWebKit/537.36 (KHTML, like Gecko) Chrome/129.0.0.0 Safari/537.36"
74.125.150.4 - - [20/Jul/2025:05:49:00 +0000] "GET /wp-content/plugins/metform/public/assets/css/text-editor.css?ver=4.0.2 HTTP/1.1" 200 3545 "https://akaventures.com.au/" "Mozilla/5.0 (X11; Linux x86_64) AppleWebKit/537.36 (KHTML, like Gecko) Chrome/129.0.0.0 Safari/537.36"
74.125.150.5 - - [20/Jul/2025:05:49:00 +0000] "GET /wp-content/plugins/leadconnector/public/css/lc-public.css?ver=3.0.10.1 HTTP/1.1" 200 106 "https://akaventures.com.au/" "Mozilla/5.0 (X11; Linux x86_64) AppleWebKit/537.36 (KHTML, like Gecko) Chrome/129.0.0.0 Safari/537.36"
74.125.150.4 - - [20/Jul/2025:05:49:00 +0000] "GET /wp-content/plugins/elementor/assets/css/frontend.min.css?ver=3.30.2 HTTP/1.1" 200 7117 "https://akaventures.com.au/" "Mozilla/5.0 (X11; Linux x86_64) AppleWebKit/537.36 (KHTML, like Gecko) Chrome/129.0.0.0 Safari/537.36"
74.125.150.4 - - [20/Jul/2025:05:49:00 +0000] "GET /wp-content/themes/hello-elementor/assets/css/header-footer.css?ver=3.4.4 HTTP/1.1" 200 1423 "https://akaventures.com.au/" "Mozilla/5.0 (X11; Linux x86_64) AppleWebKit/537.36 (KHTML, like Gecko) Chrome/129.0.0.0 Safari/537.36"
74.125.150.3 - - [20/Jul/2025:05:49:00 +0000] "GET /wp-content/uploads/elementor/css/post-15.css?ver=1752379116 HTTP/1.1" 200 1695 "https://akaventures.com.au/" "Mozilla/5.0 (X11; Linux x86_64) AppleWebKit/537.36 (KHTML, like Gecko) Chrome/129.0.0.0 Safari/537.36"
74.125.150.3 - - [20/Jul/2025:05:49:01 +0000] "GET /wp-content/plugins/metform/public/assets/css/style.css?ver=4.0.2 HTTP/1.1" 200 4763 "https://akaventures.com.au/" "Mozilla/5.0 (X11; Linux x86_64) AppleWebKit/537.36 (KHTML, like Gecko) Chrome/129.0.0.0 Safari/537.36"
74.125.150.3 - - [20/Jul/2025:05:49:01 +0000] "GET /wp-content/plugins/elementor/assets/lib/animations/styles/e-animation-float.min.css?ver=3.30.2 HTTP/1.1" 200 139 "https://akaventures.com.au/" "Mozilla/5.0 (X11; Linux x86_64) AppleWebKit/537.36 (KHTML, like Gecko) Chrome/129.0.0.0 Safari/537.36"
74.125.150.4 - - [20/Jul/2025:05:49:01 +0000] "GET /wp-content/plugins/elementor/assets/lib/animations/styles/fadeIn.min.css?ver=3.30.2 HTTP/1.1" 200 79 "https://akaventures.com.au/" "Mozilla/5.0 (X11; Linux x86_64) AppleWebKit/537.36 (KHTML, like Gecko) Chrome/129.0.0.0 Safari/537.36"
74.125.150.3 - - [20/Jul/2025:05:49:01 +0000] "GET /wp-content/plugins/elementor/assets/css/conditionals/apple-webkit.min.css?ver=3.30.2 HTTP/1.1" 200 557 "https://akaventures.com.au/" "Mozilla/5.0 (X11; Linux x86_64) AppleWebKit/537.36 (KHTML, like Gecko) Chrome/129.0.0.0 Safari/537.36"
74.125.150.4 - - [20/Jul/2025:05:49:01 +0000] "GET /wp-content/plugins/elementor/assets/css/widget-icon-list.min.css?ver=3.30.2 HTTP/1.1" 200 1069 "https://akaventures.com.au/" "Mozilla/5.0 (X11; Linux x86_64) AppleWebKit/537.36 (KHTML, like Gecko) Chrome/129.0.0.0 Safari/537.36"
74.125.150.4 - - [20/Jul/2025:05:49:02 +0000] "GET /wp-content/plugins/elementor/assets/lib/animations/styles/fadeInUp.min.css?ver=3.30.2 HTTP/1.1" 200 117 "https://akaventures.com.au/" "Mozilla/5.0 (X11; Linux x86_64) AppleWebKit/537.36 (KHTML, like Gecko) Chrome/129.0.0.0 Safari/537.36"
74.125.150.4 - - [20/Jul/2025:05:49:02 +0000] "GET /wp-content/plugins/elementor/assets/css/widget-heading.min.css?ver=3.30.2 HTTP/1.1" 200 188 "https://akaventures.com.au/" "Mozilla/5.0 (X11; Linux x86_64) AppleWebKit/537.36 (KHTML, like Gecko) Chrome/129.0.0.0 Safari/537.36"
74.125.150.3 - - [20/Jul/2025:05:49:02 +0000] "GET /wp-content/uploads/elementor/css/post-119.css?ver=1752379116 HTTP/1.1" 200 9581 "https://akaventures.com.au/" "Mozilla/5.0 (X11; Linux x86_64) AppleWebKit/537.36 (KHTML, like Gecko) Chrome/129.0.0.0 Safari/537.36"
74.125.150.3 - - [20/Jul/2025:05:49:02 +0000] "GET /wp-content/plugins/elementor/assets/css/widget-image-box.min.css?ver=3.30.2 HTTP/1.1" 200 379 "https://akaventures.com.au/" "Mozilla/5.0 (X11; Linux x86_64) AppleWebKit/537.36 (KHTML, like Gecko) Chrome/129.0.0.0 Safari/537.36"
74.125.150.3 - - [20/Jul/2025:05:49:02 +0000] "GET /wp-content/plugins/elementor/assets/css/widget-google_maps.min.css?ver=3.30.2 HTTP/1.1" 200 163 "https://akaventures.com.au/" "Mozilla/5.0 (X11; Linux x86_64) AppleWebKit/537.36 (KHTML, like Gecko) Chrome/129.0.0.0 Safari/537.36"
74.125.150.4 - - [20/Jul/2025:05:49:03 +0000] "GET /wp-content/plugins/elementor/assets/lib/animations/styles/fadeInRight.min.css?ver=3.30.2 HTTP/1.1" 200 120 "https://akaventures.com.au/" "Mozilla/5.0 (X11; Linux x86_64) AppleWebKit/537.36 (KHTML, like Gecko) Chrome/129.0.0.0 Safari/537.36"
74.125.150.4 - - [20/Jul/2025:05:49:03 +0000] "GET /wp-content/uploads/elementor/css/post-123.css?ver=1752379116 HTTP/1.1" 200 1988 "https://akaventures.com.au/" "Mozilla/5.0 (X11; Linux x86_64) AppleWebKit/537.36 (KHTML, like Gecko) Chrome/129.0.0.0 Safari/537.36"
74.125.150.4 - - [20/Jul/2025:05:49:03 +0000] "GET /wp-content/uploads/elementor/google-fonts/css/dmserifdisplay.css?ver=1742317692 HTTP/1.1" 200 455 "https://akaventures.com.au/" "Mozilla/5.0 (X11; Linux x86_64) AppleWebKit/537.36 (KHTML, like Gecko) Chrome/129.0.0.0 Safari/537.36"
74.125.150.4 - - [20/Jul/2025:05:49:03 +0000] "GET /wp-content/uploads/elementor/google-fonts/css/roboto.css?ver=1742274564 HTTP/1.1" 200 2868 "https://akaventures.com.au/" "Mozilla/5.0 (X11; Linux x86_64) AppleWebKit/537.36 (KHTML, like Gecko) Chrome/129.0.0.0 Safari/537.36"
74.125.150.4 - - [20/Jul/2025:05:49:03 +0000] "GET /wp-content/uploads/elementor/google-fonts/css/barlow.css?ver=1742274543 HTTP/1.1" 200 901 "https://akaventures.com.au/" "Mozilla/5.0 (X11; Linux x86_64) AppleWebKit/537.36 (KHTML, like Gecko) Chrome/129.0.0.0 Safari/537.36"
74.125.150.3 - - [20/Jul/2025:05:49:04 +0000] "GET /wp-includes/js/jquery/jquery-migrate.min.js?ver=3.4.1 HTTP/1.1" 200 4872 "https://akaventures.com.au/" "Mozilla/5.0 (X11; Linux x86_64) AppleWebKit/537.36 (KHTML, like Gecko) Chrome/129.0.0.0 Safari/537.36"
74.125.150.3 - - [20/Jul/2025:05:49:04 +0000] "GET /wp-content/plugins/elementor/assets/css/widget-testimonial.min.css?ver=3.30.2 HTTP/1.1" 200 378 "https://akaventures.com.au/" "Mozilla/5.0 (X11; Linux x86_64) AppleWebKit/537.36 (KHTML, like Gecko) Chrome/129.0.0.0 Safari/537.36"
74.125.150.3 - - [20/Jul/2025:05:49:04 +0000] "GET /wp-content/plugins/elementor/assets/lib/animations/styles/e-animation-bob.min.css?ver=3.30.2 HTTP/1.1" 200 236 "https://akaventures.com.au/" "Mozilla/5.0 (X11; Linux x86_64) AppleWebKit/537.36 (KHTML, like Gecko) Chrome/129.0.0.0 Safari/537.36"
74.125.150.4 - - [20/Jul/2025:05:49:04 +0000] "GET /wp-content/uploads/2024/11/banner-image-2.png HTTP/1.1" 200 136273 "https://akaventures.com.au/" "Mozilla/5.0 (X11; Linux x86_64) AppleWebKit/537.36 (KHTML, like Gecko) Chrome/129.0.0.0 Safari/537.36"
74.125.150.3 - - [20/Jul/2025:05:49:04 +0000] "GET /wp-content/plugins/leadconnector/public/js/lc-public.js?ver=3.0.10.1 HTTP/1.1" 200 1322 "https://akaventures.com.au/" "Mozilla/5.0 (X11; Linux x86_64) AppleWebKit/537.36 (KHTML, like Gecko) Chrome/129.0.0.0 Safari/537.36"
74.125.150.3 - - [20/Jul/2025:05:49:04 +0000] "GET /wp-content/uploads/2024/11/LOGO-1.png HTTP/1.1" 200 5055 "https://akaventures.com.au/" "Mozilla/5.0 (X11; Linux x86_64) AppleWebKit/537.36 (KHTML, like Gecko) Chrome/129.0.0.0 Safari/537.36"
74.125.150.3 - - [20/Jul/2025:05:49:05 +0000] "GET /wp-content/plugins/elementor/assets/lib/animations/styles/fadeInLeft.min.css?ver=3.30.2 HTTP/1.1" 200 120 "https://akaventures.com.au/" "Mozilla/5.0 (X11; Linux x86_64) AppleWebKit/537.36 (KHTML, like Gecko) Chrome/129.0.0.0 Safari/537.36"
74.125.150.3 - - [20/Jul/2025:05:49:05 +0000] "GET /wp-content/uploads/2024/12/dferUntitled-design.jpg HTTP/1.1" 200 80041 "https://akaventures.com.au/" "Mozilla/5.0 (X11; Linux x86_64) AppleWebKit/537.36 (KHTML, like Gecko) Chrome/129.0.0.0 Safari/537.36"
74.125.150.3 - - [20/Jul/2025:05:49:05 +0000] "GET /wp-content/plugins/elementor/assets/css/widget-image.min.css?ver=3.30.2 HTTP/1.1" 200 164 "https://akaventures.com.au/" "Mozilla/5.0 (X11; Linux x86_64) AppleWebKit/537.36 (KHTML, like Gecko) Chrome/129.0.0.0 Safari/537.36"
74.125.150.3 - - [20/Jul/2025:05:49:05 +0000] "GET /wp-content/plugins/elementor/assets/lib/animations/styles/e-animation-shrink.min.css?ver=3.30.2 HTTP/1.1" 200 118 "https://akaventures.com.au/" "Mozilla/5.0 (X11; Linux x86_64) AppleWebKit/537.36 (KHTML, like Gecko) Chrome/129.0.0.0 Safari/537.36"
74.125.150.3 - - [20/Jul/2025:05:49:06 +0000] "GET /wp-includes/js/jquery/jquery.min.js?ver=3.7.1 HTTP/1.1" 200 30368 "https://akaventures.com.au/" "Mozilla/5.0 (X11; Linux x86_64) AppleWebKit/537.36 (KHTML, like Gecko) Chrome/129.0.0.0 Safari/537.36"
74.125.150.3 - - [20/Jul/2025:05:49:06 +0000] "GET /wp-content/plugins/metform/public/assets/css/metform-ui.css?ver=4.0.2 HTTP/1.1" 200 15416 "https://akaventures.com.au/" "Mozilla/5.0 (X11; Linux x86_64) AppleWebKit/537.36 (KHTML, like Gecko) Chrome/129.0.0.0 Safari/537.36"
74.125.150.3 - - [20/Jul/2025:05:49:06 +0000] "GET /wp-includes/css/dashicons.min.css?ver=6.8.2 HTTP/1.1" 200 35730 "https://akaventures.com.au/" "Mozilla/5.0 (X11; Linux x86_64) AppleWebKit/537.36 (KHTML, like Gecko) Chrome/129.0.0.0 Safari/537.36"
74.125.150.3 - - [20/Jul/2025:05:49:06 +0000] "GET /wp-content/uploads/elementor/css/post-121.css?ver=1752379116 HTTP/1.1" 200 1704 "https://akaventures.com.au/" "Mozilla/5.0 (X11; Linux x86_64) AppleWebKit/537.36 (KHTML, like Gecko) Chrome/129.0.0.0 Safari/537.36"
74.125.150.3 - - [20/Jul/2025:05:49:06 +0000] "GET /wp-content/plugins/elementor/assets/css/widget-divider.min.css?ver=3.30.2 HTTP/1.1" 200 771 "https://akaventures.com.au/" "Mozilla/5.0 (X11; Linux x86_64) AppleWebKit/537.36 (KHTML, like Gecko) Chrome/129.0.0.0 Safari/537.36"
74.125.150.3 - - [20/Jul/2025:05:49:07 +0000] "GET /wp-content/uploads/elementor/google-fonts/css/playfairdisplay.css?ver=1742274537 HTTP/1.1" 200 816 "https://akaventures.com.au/" "Mozilla/5.0 (X11; Linux x86_64) AppleWebKit/537.36 (KHTML, like Gecko) Chrome/129.0.0.0 Safari/537.36"
74.125.150.3 - - [20/Jul/2025:05:49:07 +0000] "GET /wp-content/themes/hello-elementor/assets/css/theme.css?ver=3.4.4 HTTP/1.1" 200 1271 "https://akaventures.com.au/" "Mozilla/5.0 (X11; Linux x86_64) AppleWebKit/537.36 (KHTML, like Gecko) Chrome/129.0.0.0 Safari/537.36"
74.125.150.3 - - [20/Jul/2025:05:49:07 +0000] "GET /wp-content/themes/hello-elementor/assets/css/reset.css?ver=3.4.4 HTTP/1.1" 200 1792 "https://akaventures.com.au/" "Mozilla/5.0 (X11; Linux x86_64) AppleWebKit/537.36 (KHTML, like Gecko) Chrome/129.0.0.0 Safari/537.36"
74.125.150.3 - - [20/Jul/2025:05:49:07 +0000] "GET /wp-content/plugins/elementskit-lite/widgets/init/assets/css/responsive.css?ver=3.5.5 HTTP/1.1" 200 3161 "https://akaventures.com.au/" "Mozilla/5.0 (X11; Linux x86_64) AppleWebKit/537.36 (KHTML, like Gecko) Chrome/129.0.0.0 Safari/537.36"
74.125.150.3 - - [20/Jul/2025:05:49:07 +0000] "GET /wp-content/plugins/elementskit-lite/widgets/init/assets/css/widget-styles.css?ver=3.5.5 HTTP/1.1" 200 51548 "https://akaventures.com.au/" "Mozilla/5.0 (X11; Linux x86_64) AppleWebKit/537.36 (KHTML, like Gecko) Chrome/129.0.0.0 Safari/537.36"
74.125.150.3 - - [20/Jul/2025:05:49:08 +0000] "GET /wp-content/plugins/elementor/assets/css/widget-social-icons.min.css?ver=3.30.2 HTTP/1.1" 200 1170 "https://akaventures.com.au/" "Mozilla/5.0 (X11; Linux x86_64) AppleWebKit/537.36 (KHTML, like Gecko) Chrome/129.0.0.0 Safari/537.36"
74.125.150.3 - - [20/Jul/2025:05:49:08 +0000] "GET /wp-content/uploads/2024/11/AB_high_strength_concrete_mock-up-copy.webp HTTP/1.1" 200 21619 "https://akaventures.com.au/" "Mozilla/5.0 (X11; Linux x86_64) AppleWebKit/537.36 (KHTML, like Gecko) Chrome/129.0.0.0 Safari/537.36"
74.125.150.3 - - [20/Jul/2025:05:49:08 +0000] "GET /wp-content/plugins/elementor/assets/lib/font-awesome/css/all.min.css?ver=3.30.2 HTTP/1.1" 200 12869 "https://akaventures.com.au/" "Mozilla/5.0 (X11; Linux x86_64) AppleWebKit/537.36 (KHTML, like Gecko) Chrome/129.0.0.0 Safari/537.36"
74.125.150.3 - - [20/Jul/2025:05:49:08 +0000] "GET /wp-content/plugins/elementor/assets/lib/font-awesome/css/v4-shims.min.css?ver=3.30.2 HTTP/1.1" 200 4229 "https://akaventures.com.au/" "Mozilla/5.0 (X11; Linux x86_64) AppleWebKit/537.36 (KHTML, like Gecko) Chrome/129.0.0.0 Safari/537.36"
74.125.150.3 - - [20/Jul/2025:05:49:08 +0000] "GET /wp-content/plugins/elementskit-lite/modules/elementskit-icon-pack/assets/css/ekiticons.css?ver=3.5.5 HTTP/1.1" 200 13134 "https://akaventures.com.au/" "Mozilla/5.0 (X11; Linux x86_64) AppleWebKit/537.36 (KHTML, like Gecko) Chrome/129.0.0.0 Safari/537.36"
74.125.150.4 - - [20/Jul/2025:05:49:09 +0000] "GET /wp-content/themes/hello-elementor/assets/js/hello-frontend.js?ver=3.4.4 HTTP/1.1" 200 553 "https://akaventures.com.au/" "Mozilla/5.0 (X11; Linux x86_64) AppleWebKit/537.36 (KHTML, like Gecko) Chrome/129.0.0.0 Safari/537.36"
74.125.150.3 - - [20/Jul/2025:05:49:09 +0000] "GET /wp-content/plugins/elementor/assets/js/frontend.min.js?ver=3.30.2 HTTP/1.1" 200 10595 "https://akaventures.com.au/" "Mozilla/5.0 (X11; Linux x86_64) AppleWebKit/537.36 (KHTML, like Gecko) Chrome/129.0.0.0 Safari/537.36"
74.125.150.3 - - [20/Jul/2025:05:49:09 +0000] "GET /wp-includes/js/jquery/ui/core.min.js?ver=1.13.3 HTTP/1.1" 200 7106 "https://akaventures.com.au/" "Mozilla/5.0 (X11; Linux x86_64) AppleWebKit/537.36 (KHTML, like Gecko) Chrome/129.0.0.0 Safari/537.36"
74.125.150.4 - - [20/Jul/2025:05:49:09 +0000] "GET /wp-content/plugins/elementor/assets/js/frontend-modules.min.js?ver=3.30.2 HTTP/1.1" 200 14815 "https://akaventures.com.au/" "Mozilla/5.0 (X11; Linux x86_64) AppleWebKit/537.36 (KHTML, like Gecko) Chrome/129.0.0.0 Safari/537.36"
74.125.150.4 - - [20/Jul/2025:05:49:09 +0000] "GET /wp-content/plugins/elementor/assets/js/webpack.runtime.min.js?ver=3.30.2 HTTP/1.1" 200 2516 "https://akaventures.com.au/" "Mozilla/5.0 (X11; Linux x86_64) AppleWebKit/537.36 (KHTML, like Gecko) Chrome/129.0.0.0 Safari/537.36"
74.125.150.3 - - [20/Jul/2025:05:49:10 +0000] "GET /wp-content/plugins/metform/public/assets/lib/cute-alert/cute-alert.js?ver=4.0.2 HTTP/1.1" 200 1177 "https://akaventures.com.au/" "Mozilla/5.0 (X11; Linux x86_64) AppleWebKit/537.36 (KHTML, like Gecko) Chrome/129.0.0.0 Safari/537.36"
74.125.150.4 - - [20/Jul/2025:05:49:10 +0000] "GET /wp-content/plugins/metform/public/assets/js/htm.js?ver=4.0.2 HTTP/1.1" 200 675 "https://akaventures.com.au/" "Mozilla/5.0 (X11; Linux x86_64) AppleWebKit/537.36 (KHTML, like Gecko) Chrome/129.0.0.0 Safari/537.36"
74.125.150.3 - - [20/Jul/2025:05:49:10 +0000] "GET /wp-includes/js/dist/vendor/react-dom.min.js?ver=18.3.1.1 HTTP/1.1" 200 41888 "https://akaventures.com.au/" "Mozilla/5.0 (X11; Linux x86_64) AppleWebKit/537.36 (KHTML, like Gecko) Chrome/129.0.0.0 Safari/537.36"
74.125.150.3 - - [20/Jul/2025:05:49:10 +0000] "GET /wp-includes/js/dist/element.min.js?ver=a4eeeadd23c0d7ab1d2d HTTP/1.1" 200 4937 "https://akaventures.com.au/" "Mozilla/5.0 (X11; Linux x86_64) AppleWebKit/537.36 (KHTML, like Gecko) Chrome/129.0.0.0 Safari/537.36"
74.125.150.3 - - [20/Jul/2025:05:49:10 +0000] "GET /wp-content/plugins/elementskit-lite/widgets/init/assets/js/widget-scripts.js?ver=3.5.5 HTTP/1.1" 200 41596 "https://akaventures.com.au/" "Mozilla/5.0 (X11; Linux x86_64) AppleWebKit/537.36 (KHTML, like Gecko) Chrome/129.0.0.0 Safari/537.36"
74.125.150.4 - - [20/Jul/2025:05:49:11 +0000] "GET /wp-includes/js/dist/vendor/react.min.js?ver=18.3.1.1 HTTP/1.1" 200 4165 "https://akaventures.com.au/" "Mozilla/5.0 (X11; Linux x86_64) AppleWebKit/537.36 (KHTML, like Gecko) Chrome/129.0.0.0 Safari/537.36"
74.125.150.3 - - [20/Jul/2025:05:49:11 +0000] "GET /wp-content/plugins/elementskit-lite/widgets/init/assets/js/animate-circle.min.js?ver=3.5.5 HTTP/1.1" 200 451 "https://akaventures.com.au/" "Mozilla/5.0 (X11; Linux x86_64) AppleWebKit/537.36 (KHTML, like Gecko) Chrome/129.0.0.0 Safari/537.36"
74.125.150.4 - - [20/Jul/2025:05:49:11 +0000] "GET /wp-content/plugins/elementor/assets/lib/font-awesome/js/v4-shims.min.js?ver=3.30.2 HTTP/1.1" 200 4209 "https://akaventures.com.au/" "Mozilla/5.0 (X11; Linux x86_64) AppleWebKit/537.36 (KHTML, like Gecko) Chrome/129.0.0.0 Safari/537.36"
74.125.150.3 - - [20/Jul/2025:05:49:11 +0000] "GET /wp-includes/js/dist/i18n.min.js?ver=5e580eb46a90c2b997e6 HTTP/1.1" 200 3667 "https://akaventures.com.au/" "Mozilla/5.0 (X11; Linux x86_64) AppleWebKit/537.36 (KHTML, like Gecko) Chrome/129.0.0.0 Safari/537.36"
74.125.150.3 - - [20/Jul/2025:05:49:11 +0000] "GET /wp-includes/js/dist/hooks.min.js?ver=4d63a3d491d11ffd8ac6 HTTP/1.1" 200 1648 "https://akaventures.com.au/" "Mozilla/5.0 (X11; Linux x86_64) AppleWebKit/537.36 (KHTML, like Gecko) Chrome/129.0.0.0 Safari/537.36"
74.125.150.3 - - [20/Jul/2025:05:49:11 +0000] "GET /wp-content/plugins/metform/public/assets/js/app.js?ver=4.0.2 HTTP/1.1" 200 160764 "https://akaventures.com.au/" "Mozilla/5.0 (X11; Linux x86_64) AppleWebKit/537.36 (KHTML, like Gecko) Chrome/129.0.0.0 Safari/537.36"
74.125.150.3 - - [20/Jul/2025:05:49:12 +0000] "GET /wp-includes/js/dist/escape-html.min.js?ver=6561a406d2d232a6fbd2 HTTP/1.1" 200 532 "https://akaventures.com.au/" "Mozilla/5.0 (X11; Linux x86_64) AppleWebKit/537.36 (KHTML, like Gecko) Chrome/129.0.0.0 Safari/537.36"
74.125.150.3 - - [20/Jul/2025:05:49:12 +0000] "GET /wp-content/plugins/elementskit-lite/libs/framework/assets/js/frontend-script.js?ver=3.5.5 HTTP/1.1" 200 40 "https://akaventures.com.au/" "Mozilla/5.0 (X11; Linux x86_64) AppleWebKit/537.36 (KHTML, like Gecko) Chrome/129.0.0.0 Safari/537.36"
74.125.150.3 - - [20/Jul/2025:05:49:12 +0000] "GET /wp-content/uploads/2024/11/yjgyUntitled-design.png HTTP/1.1" 200 7017 "https://akaventures.com.au/" "Mozilla/5.0 (X11; Linux x86_64) AppleWebKit/537.36 (KHTML, like Gecko) Chrome/129.0.0.0 Safari/537.36"
74.125.150.4 - - [20/Jul/2025:05:49:12 +0000] "GET /wp-content/plugins/elementor-pro/assets/js/elements-handlers.min.js?ver=3.28.3 HTTP/1.1" 200 10701 "https://akaventures.com.au/" "Mozilla/5.0 (X11; Linux x86_64) AppleWebKit/537.36 (KHTML, like Gecko) Chrome/129.0.0.0 Safari/537.36"
74.125.150.3 - - [20/Jul/2025:05:49:12 +0000] "GET /wp-content/plugins/elementor-pro/assets/js/frontend.min.js?ver=3.28.3 HTTP/1.1" 200 6510 "https://akaventures.com.au/" "Mozilla/5.0 (X11; Linux x86_64) AppleWebKit/537.36 (KHTML, like Gecko) Chrome/129.0.0.0 Safari/537.36"
74.125.150.3 - - [20/Jul/2025:05:49:12 +0000] "GET /wp-content/plugins/elementskit-lite/widgets/init/assets/js/elementor.js?ver=3.5.5 HTTP/1.1" 200 5600 "https://akaventures.com.au/" "Mozilla/5.0 (X11; Linux x86_64) AppleWebKit/537.36 (KHTML, like Gecko) Chrome/129.0.0.0 Safari/537.36"
74.125.150.3 - - [20/Jul/2025:05:49:13 +0000] "GET /wp-content/plugins/elementor-pro/assets/js/webpack-pro.runtime.min.js?ver=3.28.3 HTTP/1.1" 200 2858 "https://akaventures.com.au/" "Mozilla/5.0 (X11; Linux x86_64) AppleWebKit/537.36 (KHTML, like Gecko) Chrome/129.0.0.0 Safari/537.36"
74.125.150.4 - - [20/Jul/2025:05:49:13 +0000] "GET /wp-content/uploads/2024/11/banner-left-shape.jpg HTTP/1.1" 200 37741 "https://akaventures.com.au/wp-content/uploads/elementor/css/post-119.css?ver=1752379116" "Mozilla/5.0 (X11; Linux x86_64) AppleWebKit/537.36 (KHTML, like Gecko) Chrome/129.0.0.0 Safari/537.36"
74.125.150.4 - - [20/Jul/2025:05:49:13 +0000] "GET /wp-content/uploads/2024/11/servicres-design-element.png HTTP/1.1" 200 5581 "https://akaventures.com.au/" "Mozilla/5.0 (X11; Linux x86_64) AppleWebKit/537.36 (KHTML, like Gecko) Chrome/129.0.0.0 Safari/537.36"
74.125.150.4 - - [20/Jul/2025:05:49:13 +0000] "GET /wp-content/uploads/2024/11/about-us-design-elemenent.png HTTP/1.1" 200 37399 "https://akaventures.com.au/wp-content/uploads/elementor/css/post-119.css?ver=1752379116" "Mozilla/5.0 (X11; Linux x86_64) AppleWebKit/537.36 (KHTML, like Gecko) Chrome/129.0.0.0 Safari/537.36"
74.125.150.4 - - [20/Jul/2025:05:49:14 +0000] "GET /wp-content/uploads/2024/11/about-usbackground-rectangle.png HTTP/1.1" 200 210 "https://akaventures.com.au/wp-content/uploads/elementor/css/post-119.css?ver=1752379116" "Mozilla/5.0 (X11; Linux x86_64) AppleWebKit/537.36 (KHTML, like Gecko) Chrome/129.0.0.0 Safari/537.36"
74.125.150.4 - - [20/Jul/2025:05:49:14 +0000] "GET /wp-content/uploads/2024/11/work-design.png HTTP/1.1" 200 10148 "https://akaventures.com.au/wp-content/uploads/elementor/css/post-119.css?ver=1752379116" "Mozilla/5.0 (X11; Linux x86_64) AppleWebKit/537.36 (KHTML, like Gecko) Chrome/129.0.0.0 Safari/537.36"
74.125.150.4 - - [20/Jul/2025:05:49:14 +0000] "GET /wp-content/uploads/2024/11/get-started-right-design-element.png HTTP/1.1" 200 7296 "https://akaventures.com.au/wp-content/uploads/elementor/css/post-119.css?ver=1752379116" "Mozilla/5.0 (X11; Linux x86_64) AppleWebKit/537.36 (KHTML, like Gecko) Chrome/129.0.0.0 Safari/537.36"
74.125.150.3 - - [20/Jul/2025:05:49:14 +0000] "GET /wp-content/uploads/2024/11/get-started-left-design-element.png HTTP/1.1" 200 7051 "https://akaventures.com.au/wp-content/uploads/elementor/css/post-119.css?ver=1752379116" "Mozilla/5.0 (X11; Linux x86_64) AppleWebKit/537.36 (KHTML, like Gecko) Chrome/129.0.0.0 Safari/537.36"
74.125.150.4 - - [20/Jul/2025:05:49:14 +0000] "GET /wp-content/uploads/2024/11/footer-background.png HTTP/1.1" 200 27939 "https://akaventures.com.au/wp-content/uploads/elementor/css/post-123.css?ver=1752379116" "Mozilla/5.0 (X11; Linux x86_64) AppleWebKit/537.36 (KHTML, like Gecko) Chrome/129.0.0.0 Safari/537.36"
74.125.150.3 - - [20/Jul/2025:05:49:14 +0000] "GET /wp-content/uploads/elementor/google-fonts/fonts/barlow-7chpv4kjgogqm7e_dms5.woff2 HTTP/1.1" 200 21167 "https://akaventures.com.au/wp-content/uploads/elementor/google-fonts/css/barlow.css?ver=1742274543" "Mozilla/5.0 (X11; Linux x86_64) AppleWebKit/537.36 (KHTML, like Gecko) Chrome/129.0.0.0 Safari/537.36"
74.125.150.3 - - [20/Jul/2025:05:49:15 +0000] "GET /wp-content/uploads/elementor/google-fonts/fonts/barlow-7chqv4kjgogqm7e3_-gs51os.woff2 HTTP/1.1" 200 20983 "https://akaventures.com.au/wp-content/uploads/elementor/google-fonts/css/barlow.css?ver=1742274543" "Mozilla/5.0 (X11; Linux x86_64) AppleWebKit/537.36 (KHTML, like Gecko) Chrome/129.0.0.0 Safari/537.36"
74.125.150.3 - - [20/Jul/2025:05:49:15 +0000] "GET /wp-content/uploads/elementor/google-fonts/fonts/playfairdisplay-nufid-vyszvivyub_rj3ij__anpxdtzyga.woff2 HTTP/1.1" 200 38289 "https://akaventures.com.au/wp-content/uploads/elementor/google-fonts/css/playfairdisplay.css?ver=1742274537" "Mozilla/5.0 (X11; Linux x86_64) AppleWebKit/537.36 (KHTML, like Gecko) Chrome/129.0.0.0 Safari/537.36"
74.125.150.4 - - [20/Jul/2025:05:49:15 +0000] "GET /wp-content/plugins/elementskit-lite/modules/elementskit-icon-pack/assets/fonts/elementskit.woff?y24e1e HTTP/1.1" 200 251549 "https://akaventures.com.au/wp-content/plugins/elementskit-lite/modules/elementskit-icon-pack/assets/css/ekiticons.css?ver=3.5.5" "Mozilla/5.0 (X11; Linux x86_64) AppleWebKit/537.36 (KHTML, like Gecko) Chrome/129.0.0.0 Safari/537.36"
74.125.150.3 - - [20/Jul/2025:05:49:15 +0000] "GET /wp-content/uploads/elementor/google-fonts/fonts/barlow-7chqv4kjgogqm7e3p-ks51os.woff2 HTTP/1.1" 200 21015 "https://akaventures.com.au/wp-content/uploads/elementor/google-fonts/css/barlow.css?ver=1742274543" "Mozilla/5.0 (X11; Linux x86_64) AppleWebKit/537.36 (KHTML, like Gecko) Chrome/129.0.0.0 Safari/537.36"
74.125.150.3 - - [20/Jul/2025:05:49:15 +0000] "GET /wp-includes/js/wp-emoji-release.min.js?ver=6.8.2 HTTP/1.1" 200 5163 "https://akaventures.com.au/" "Mozilla/5.0 (X11; Linux x86_64) AppleWebKit/537.36 (KHTML, like Gecko) Chrome/129.0.0.0 Safari/537.36"
74.125.150.4 - - [20/Jul/2025:05:49:15 +0000] "GET /wp-content/uploads/elementor/google-fonts/fonts/roboto-kfo7cnqeu92fr1me7ksn66agldtyluama3yuba.woff2 HTTP/1.1" 200 40156 "https://akaventures.com.au/wp-content/uploads/elementor/google-fonts/css/roboto.css?ver=1742274564" "Mozilla/5.0 (X11; Linux x86_64) AppleWebKit/537.36 (KHTML, like Gecko) Chrome/129.0.0.0 Safari/537.36"
74.125.150.3 - - [20/Jul/2025:05:49:16 +0000] "GET /wp-content/plugins/elementor/assets/js/section-frontend-handlers.d85ab872da118940910d.bundle.min.js HTTP/1.1" 200 297 "https://akaventures.com.au/" "Mozilla/5.0 (X11; Linux x86_64) AppleWebKit/537.36 (KHTML, like Gecko) Chrome/129.0.0.0 Safari/537.36"
74.125.150.4 - - [20/Jul/2025:05:49:16 +0000] "GET /wp-content/plugins/elementor/assets/js/shared-frontend-handlers.30dc2f9c080845a413a6.bundle.min.js HTTP/1.1" 200 2682 "https://akaventures.com.au/" "Mozilla/5.0 (X11; Linux x86_64) AppleWebKit/537.36 (KHTML, like Gecko) Chrome/129.0.0.0 Safari/537.36"
74.125.150.3 - - [20/Jul/2025:05:49:16 +0000] "GET /wp-content/plugins/elementor/assets/js/text-editor.c084ef86600b6f11690d.bundle.min.js HTTP/1.1" 200 685 "https://akaventures.com.au/" "Mozilla/5.0 (X11; Linux x86_64) AppleWebKit/537.36 (KHTML, like Gecko) Chrome/129.0.0.0 Safari/537.36"
209.74.77.214 - - [20/Jul/2025:05:49:17 +0000] "POST /wp-cron.php?doing_wp_cron=1752990557.1111268997192382812500 HTTP/1.1" 200 - "-" "WordPress/6.8.2; https://akaventures.com.au"
74.125.150.4 - - [20/Jul/2025:05:49:16 +0000] "POST /wp-json/metform/v1/forms/views/1876 HTTP/1.1" 200 - "https://akaventures.com.au/" "Mozilla/5.0 (X11; Linux x86_64) AppleWebKit/537.36 (KHTML, like Gecko) Chrome/129.0.0.0 Safari/537.36"
74.125.150.4 - - [20/Jul/2025:05:49:17 +0000] "GET /wp-content/plugins/elementor/assets/lib/font-awesome/webfonts/fa-solid-900.woff2 HTTP/1.1" 200 78099 "https://akaventures.com.au/wp-content/plugins/elementor/assets/lib/font-awesome/css/all.min.css?ver=3.30.2" "Mozilla/5.0 (X11; Linux x86_64) AppleWebKit/537.36 (KHTML, like Gecko) Chrome/129.0.0.0 Safari/537.36"
74.125.150.3 - - [20/Jul/2025:05:49:17 +0000] "GET /wp-content/uploads/2024/11/dotted-line.jpg HTTP/1.1" 200 1804 "https://akaventures.com.au/" "Mozilla/5.0 (X11; Linux x86_64) AppleWebKit/537.36 (KHTML, like Gecko) Chrome/129.0.0.0 Safari/537.36"
74.125.150.3 - - [20/Jul/2025:05:49:17 +0000] "GET /wp-content/uploads/2024/11/Deformed-Bars.png HTTP/1.1" 200 74355 "https://akaventures.com.au/" "Mozilla/5.0 (X11; Linux x86_64) AppleWebKit/537.36 (KHTML, like Gecko) Chrome/129.0.0.0 Safari/537.36"
74.125.150.3 - - [20/Jul/2025:05:49:17 +0000] "GET /wp-content/uploads/2024/11/about-us-right-image.png HTTP/1.1" 200 157875 "https://akaventures.com.au/" "Mozilla/5.0 (X11; Linux x86_64) AppleWebKit/537.36 (KHTML, like Gecko) Chrome/129.0.0.0 Safari/537.36"
74.125.150.3 - - [20/Jul/2025:05:49:18 +0000] "GET /wp-content/uploads/2024/11/work-process.jpg HTTP/1.1" 200 73312 "https://akaventures.com.au/" "Mozilla/5.0 (X11; Linux x86_64) AppleWebKit/537.36 (KHTML, like Gecko) Chrome/129.0.0.0 Safari/537.36"
74.125.150.3 - - [20/Jul/2025:05:49:18 +0000] "GET /wp-content/uploads/2024/11/iuyUntitled-design.png HTTP/1.1" 200 127232 "https://akaventures.com.au/" "Mozilla/5.0 (X11; Linux x86_64) AppleWebKit/537.36 (KHTML, like Gecko) Chrome/129.0.0.0 Safari/537.36"
74.125.150.3 - - [20/Jul/2025:05:49:19 +0000] "GET /wp-content/uploads/2024/11/projects-image-2.jpg HTTP/1.1" 200 87069 "https://akaventures.com.au/" "Mozilla/5.0 (X11; Linux x86_64) AppleWebKit/537.36 (KHTML, like Gecko) Chrome/129.0.0.0 Safari/537.36"
74.125.150.3 - - [20/Jul/2025:05:49:19 +0000] "GET /wp-content/uploads/2024/11/testimonial-image.png HTTP/1.1" 200 248244 "https://akaventures.com.au/" "Mozilla/5.0 (X11; Linux x86_64) AppleWebKit/537.36 (KHTML, like Gecko) Chrome/129.0.0.0 Safari/537.36"
74.125.150.4 - - [20/Jul/2025:05:49:19 +0000] "GET /wp-content/uploads/2024/11/projects-image-1.jpg HTTP/1.1" 200 84425 "https://akaventures.com.au/" "Mozilla/5.0 (X11; Linux x86_64) AppleWebKit/537.36 (KHTML, like Gecko) Chrome/129.0.0.0 Safari/537.36"
74.125.150.3 - - [20/Jul/2025:05:49:19 +0000] "GET /wp-content/uploads/2024/11/testimonial-backgroud.jpg HTTP/1.1" 200 2616 "https://akaventures.com.au/" "Mozilla/5.0 (X11; Linux x86_64) AppleWebKit/537.36 (KHTML, like Gecko) Chrome/129.0.0.0 Safari/537.36"
74.125.150.3 - - [20/Jul/2025:05:49:20 +0000] "GET /wp-content/uploads/2024/11/team-1.jpg HTTP/1.1" 200 33286 "https://akaventures.com.au/" "Mozilla/5.0 (X11; Linux x86_64) AppleWebKit/537.36 (KHTML, like Gecko) Chrome/129.0.0.0 Safari/537.36"
74.125.150.4 - - [20/Jul/2025:05:49:20 +0000] "GET /wp-content/uploads/2024/11/logo-4.jpg HTTP/1.1" 200 5198 "https://akaventures.com.au/" "Mozilla/5.0 (X11; Linux x86_64) AppleWebKit/537.36 (KHTML, like Gecko) Chrome/129.0.0.0 Safari/537.36"
74.125.150.4 - - [20/Jul/2025:05:49:20 +0000] "GET /wp-content/uploads/2024/11/logo-1.jpg HTTP/1.1" 200 6107 "https://akaventures.com.au/" "Mozilla/5.0 (X11; Linux x86_64) AppleWebKit/537.36 (KHTML, like Gecko) Chrome/129.0.0.0 Safari/537.36"
74.125.150.3 - - [20/Jul/2025:05:49:20 +0000] "GET /wp-content/uploads/2024/11/logo-3.jpg HTTP/1.1" 200 4464 "https://akaventures.com.au/" "Mozilla/5.0 (X11; Linux x86_64) AppleWebKit/537.36 (KHTML, like Gecko) Chrome/129.0.0.0 Safari/537.36"
74.125.150.3 - - [20/Jul/2025:05:49:20 +0000] "GET /wp-content/uploads/2024/11/projects-image-3.jpg HTTP/1.1" 200 114076 "https://akaventures.com.au/" "Mozilla/5.0 (X11; Linux x86_64) AppleWebKit/537.36 (KHTML, like Gecko) Chrome/129.0.0.0 Safari/537.36"
74.125.150.4 - - [20/Jul/2025:05:49:21 +0000] "GET /wp-content/uploads/2024/11/team-2.jpg HTTP/1.1" 200 45991 "https://akaventures.com.au/" "Mozilla/5.0 (X11; Linux x86_64) AppleWebKit/537.36 (KHTML, like Gecko) Chrome/129.0.0.0 Safari/537.36"
74.125.150.4 - - [20/Jul/2025:05:49:21 +0000] "GET /wp-content/uploads/2024/11/testimonial-person.png HTTP/1.1" 200 7093 "https://akaventures.com.au/" "Mozilla/5.0 (X11; Linux x86_64) AppleWebKit/537.36 (KHTML, like Gecko) Chrome/129.0.0.0 Safari/537.36"
74.125.150.3 - - [20/Jul/2025:05:49:21 +0000] "GET /wp-content/uploads/2024/11/team-3.jpg HTTP/1.1" 200 30812 "https://akaventures.com.au/" "Mozilla/5.0 (X11; Linux x86_64) AppleWebKit/537.36 (KHTML, like Gecko) Chrome/129.0.0.0 Safari/537.36"
74.125.150.3 - - [20/Jul/2025:05:49:21 +0000] "GET /wp-content/uploads/2024/11/logo-2.jpg HTTP/1.1" 200 5245 "https://akaventures.com.au/" "Mozilla/5.0 (X11; Linux x86_64) AppleWebKit/537.36 (KHTML, like Gecko) Chrome/129.0.0.0 Safari/537.36"
66.249.68.5 - - [20/Jul/2025:05:55:19 +0000] "GET /?y=113925450011940&mod=84106259&uri=pin.php?entity/16061054.shtm HTTP/1.1" 200 19259 "-" "Mozilla/5.0 (Linux; Android 6.0.1; Nexus 5X Build/MMB29P) AppleWebKit/537.36 (KHTML, like Gecko) Chrome/137.0.7151.103 Mobile Safari/537.36 (compatible; GoogleOther)"
209.74.77.214 - - [20/Jul/2025:06:04:47 +0000] "POST /wp-cron.php?doing_wp_cron=1752991487.0453948974609375000000 HTTP/1.1" 200 - "-" "WordPress/6.8.2; https://akaventures.com.au"
103.131.71.201 - - [20/Jul/2025:06:04:45 +0000] "GET /favicon.ico HTTP/1.1" 302 - "-" "Mozilla/5.0 (compatible; coccocbot-image/1.0; +http://help.coccoc.com/searchengine)"
103.131.71.203 - - [20/Jul/2025:06:05:53 +0000] "GET /wp-content/uploads/2024/11/cropped-AKA-32x32.png HTTP/1.1" 200 506 "-" "Mozilla/5.0 (compatible; coccocbot-image/1.0; +http://help.coccoc.com/searchengine)"
66.249.68.3 - - [20/Jul/2025:06:10:33 +0000] "GET /?y=60576233021940&mod=0eab014d&uri=pin.php?entity/189123805.shtm HTTP/1.1" 200 19037 "-" "Mozilla/5.0 (Linux; Android 6.0.1; Nexus 5X Build/MMB29P) AppleWebKit/537.36 (KHTML, like Gecko) Chrome/137.0.7151.103 Mobile Safari/537.36 (compatible; GoogleOther)"
45.227.253.15 - - [20/Jul/2025:06:39:26 +0000] "GET /index.php/jk HTTP/1.1" 200 59 "-" "Mozilla/5.0 (Windows NT 10.0; Win64; x64) AppleWebKit/537.36 (KHTML, like Gecko) Chrome/82.0.3292.140 Safari/537.36 Edge/18.18761"
45.88.186.202 - - [20/Jul/2025:06:45:54 +0000] "GET / HTTP/1.1" 200 145910 "-" "Mozlila/5.0 (Linux; Android 7.0; SM-G892A Bulid/NRD90M; wv) AppleWebKit/537.36 (KHTML, like Gecko) Version/4.0 Chrome/60.0.3112.107 Moblie Safari/537.36"
45.88.186.202 - - [20/Jul/2025:06:45:55 +0000] "GET /wp-content/themes/seotheme/db.php?u HTTP/1.1" 404 61644 "www.google.com" "Mozlila/5.0 (Linux; Android 7.0; SM-G892A Bulid/NRD90M; wv) AppleWebKit/537.36 (KHTML, like Gecko) Version/4.0 Chrome/60.0.3112.107 Moblie Safari/537.36"
45.88.186.202 - - [20/Jul/2025:06:45:55 +0000] "GET /wp-content/plugins/apikey/apikey.php?test=hello HTTP/1.1" 404 61644 "-" "Mozlila/5.0 (Linux; Android 7.0; SM-G892A Bulid/NRD90M; wv) AppleWebKit/537.36 (KHTML, like Gecko) Version/4.0 Chrome/60.0.3112.107 Moblie Safari/537.36"
45.88.186.202 - - [20/Jul/2025:06:45:55 +0000] "GET /plugins/content/apismtp/apismtp.php?test=hello HTTP/1.1" 404 61644 "-" "Mozlila/5.0 (Linux; Android 7.0; SM-G892A Bulid/NRD90M; wv) AppleWebKit/537.36 (KHTML, like Gecko) Version/4.0 Chrome/60.0.3112.107 Moblie Safari/537.36"
45.88.186.202 - - [20/Jul/2025:06:45:55 +0000] "POST /wp-plain.php HTTP/1.1" 404 61537 "www.google.com" "Mozilla/5.0 (Linux; Android 7.0; SM-G892A Bulid/NRD90M; wv) AppleWebKit/537.36 (KHTML, like Gecko) Version/4.0 Chrome/60.0.3112.107 Moblie Safari/537.36"
45.88.186.202 - - [20/Jul/2025:06:45:56 +0000] "GET /wp-content/plugins/apikey/apikey.php.suspected?test=hello HTTP/1.1" 404 61644 "-" "Mozlila/5.0 (Linux; Android 7.0; SM-G892A Bulid/NRD90M; wv) AppleWebKit/537.36 (KHTML, like Gecko) Version/4.0 Chrome/60.0.3112.107 Moblie Safari/537.36"
45.88.186.202 - - [20/Jul/2025:06:45:56 +0000] "GET /plugins/content/apismtp/apismtp.php.suspected?test=hello HTTP/1.1" 404 61644 "-" "Mozlila/5.0 (Linux; Android 7.0; SM-G892A Bulid/NRD90M; wv) AppleWebKit/537.36 (KHTML, like Gecko) Version/4.0 Chrome/60.0.3112.107 Moblie Safari/537.36"
209.74.77.214 - - [20/Jul/2025:06:51:41 +0000] "POST /wp-cron.php?doing_wp_cron=1752994301.5319240093231201171875 HTTP/1.1" 200 - "-" "WordPress/6.8.2; https://akaventures.com.au"
52.1.106.130 - - [20/Jul/2025:06:51:40 +0000] "GET /services/ HTTP/1.1" 200 16105 "-" "Mozilla/5.0 AppleWebKit/537.36 (KHTML, like Gecko; compatible; Amazonbot/0.1; +https://developer.amazon.com/support/amazonbot) Chrome/119.0.6045.214 Safari/537.36"
209.74.77.214 - - [20/Jul/2025:06:55:54 +0000] "POST /wp-cron.php?doing_wp_cron=1752994554.2303419113159179687500 HTTP/1.1" 200 - "-" "WordPress/6.8.2; https://akaventures.com.au"
57.141.2.10 - - [20/Jul/2025:06:55:52 +0000] "GET /entity/889388438.shtm HTTP/1.1" 404 61537 "-" "meta-externalagent/1.1 (+https://developers.facebook.com/docs/sharing/webmasters/crawler)"
66.249.68.4 - - [20/Jul/2025:07:45:29 +0000] "GET /?y=5728628121940&mod=ed6e6434&uri=goods.php?hobby/nuigurumi/nuigurumi.html HTTP/1.1" 200 18592 "-" "Mozilla/5.0 (Linux; Android 6.0.1; Nexus 5X Build/MMB29P) AppleWebKit/537.36 (KHTML, like Gecko) Chrome/137.0.7151.103 Mobile Safari/537.36 (compatible; Googlebot/2.1; +http://www.google.com/bot.html)"
66.249.68.4 - - [20/Jul/2025:08:00:01 +0000] "GET /?y=102118151021940&mod=906a14e7&uri=pin.php?entity/41549976.shtm HTTP/1.1" 200 19416 "-" "Mozilla/5.0 (Linux; Android 6.0.1; Nexus 5X Build/MMB29P) AppleWebKit/537.36 (KHTML, like Gecko) Chrome/137.0.7151.103 Mobile Safari/537.36 (compatible; GoogleOther)"
209.74.77.214 - - [20/Jul/2025:08:15:31 +0000] "POST /wp-cron.php?doing_wp_cron=1752999331.3107769489288330078125 HTTP/1.1" 200 - "-" "WordPress/6.8.2; https://akaventures.com.au"
47.82.5.90 - - [20/Jul/2025:08:15:29 +0000] "GET /?y=5455842041940&mod=edb446b6&uri=news.php?id%3D182139-59%26name%3Dvestiti+eleganti+roberto+cavalli HTTP/1.1" 301 - "https://akaventures.com.au/?y=5455842041940&mod=edb446b6&uri=news.php%3Fid%3D182139-59%26name%3Dvestiti+eleganti+roberto+cavalli" "Mozilla/5.0 (Windows NT 10.0; Win64; x64) AppleWebKit/537.36 (KHTML, like Gecko) Chrome/114.0.0.0 Safari/537.36 Edg/114.0.1823.43"
47.82.5.90 - - [20/Jul/2025:08:15:31 +0000] "GET /?y=5455842041940&mod=edb446b6&uri=news.php?id%3D182139-59%26name%3Dvestiti%20eleganti%20roberto%20cavalli HTTP/1.1" 301 - "https://akaventures.com.au/?y=5455842041940&mod=edb446b6&uri=news.php%3Fid%3D182139-59%26name%3Dvestiti+eleganti+roberto+cavalli" "Mozilla/5.0 (Windows NT 10.0; Win64; x64) AppleWebKit/537.36 (KHTML, like Gecko) Chrome/114.0.0.0 Safari/537.36 Edg/114.0.1823.43"
