20.171.207.106 - - [20/Jul/2025:05:14:46 +0000] "GET /entity/889241699.shtm HTTP/1.1" 404 13293 "-" "Mozilla/5.0 AppleWebKit/537.36 (KHTML, like Gecko; compatible; GPTBot/1.2; +https://openai.com/gptbot)"
20.171.207.106 - - [20/Jul/2025:05:14:48 +0000] "GET /entity/889259563.shtm HTTP/1.1" 404 13293 "-" "Mozilla/5.0 AppleWebKit/537.36 (KHTML, like Gecko; compatible; GPTBot/1.2; +https://openai.com/gptbot)"
20.171.207.106 - - [20/Jul/2025:05:14:51 +0000] "GET /entity/889017241.shtm HTTP/1.1" 404 13292 "-" "Mozilla/5.0 AppleWebKit/537.36 (KHTML, like Gecko; compatible; GPTBot/1.2; +https://openai.com/gptbot)"
20.171.207.106 - - [20/Jul/2025:05:14:56 +0000] "GET /entity/889246193.shtm HTTP/1.1" 404 13293 "-" "Mozilla/5.0 AppleWebKit/537.36 (KHTML, like Gecko; compatible; GPTBot/1.2; +https://openai.com/gptbot)"
20.171.207.106 - - [20/Jul/2025:05:14:56 +0000] "GET /entity/889167714.shtm HTTP/1.1" 404 13293 "-" "Mozilla/5.0 AppleWebKit/537.36 (KHTML, like Gecko; compatible; GPTBot/1.2; +https://openai.com/gptbot)"
209.74.77.214 - - [20/Jul/2025:05:15:02 +0000] "POST /wp-cron.php?doing_wp_cron=1752988502.6038899421691894531250 HTTP/1.1" 200 - "-" "WordPress/6.8.2; https://akaventures.com.au"
20.171.207.106 - - [20/Jul/2025:05:15:01 +0000] "GET /entity/889292788.shtm HTTP/1.1" 404 13293 "-" "Mozilla/5.0 AppleWebKit/537.36 (KHTML, like Gecko; compatible; GPTBot/1.2; +https://openai.com/gptbot)"
20.171.207.106 - - [20/Jul/2025:05:15:03 +0000] "GET /entity/889223441.shtm HTTP/1.1" 404 13293 "-" "Mozilla/5.0 AppleWebKit/537.36 (KHTML, like Gecko; compatible; GPTBot/1.2; +https://openai.com/gptbot)"
20.171.207.106 - - [20/Jul/2025:05:15:06 +0000] "GET /entity/889110504.shtm HTTP/1.1" 404 13293 "-" "Mozilla/5.0 AppleWebKit/537.36 (KHTML, like Gecko; compatible; GPTBot/1.2; +https://openai.com/gptbot)"
20.171.207.106 - - [20/Jul/2025:05:15:10 +0000] "GET /entity/889048800.shtm HTTP/1.1" 404 13293 "-" "Mozilla/5.0 AppleWebKit/537.36 (KHTML, like Gecko; compatible; GPTBot/1.2; +https://openai.com/gptbot)"
20.171.207.106 - - [20/Jul/2025:05:15:12 +0000] "GET /entity/889077279.shtm HTTP/1.1" 404 13292 "-" "Mozilla/5.0 AppleWebKit/537.36 (KHTML, like Gecko; compatible; GPTBot/1.2; +https://openai.com/gptbot)"
20.171.207.106 - - [20/Jul/2025:05:15:15 +0000] "GET /entity/889295488.shtm HTTP/1.1" 404 13292 "-" "Mozilla/5.0 AppleWebKit/537.36 (KHTML, like Gecko; compatible; GPTBot/1.2; +https://openai.com/gptbot)"
20.171.207.106 - - [20/Jul/2025:05:15:18 +0000] "GET /entity/889107814.shtm HTTP/1.1" 404 13292 "-" "Mozilla/5.0 AppleWebKit/537.36 (KHTML, like Gecko; compatible; GPTBot/1.2; +https://openai.com/gptbot)"
20.171.207.106 - - [20/Jul/2025:05:15:21 +0000] "GET /entity/889275635.shtm HTTP/1.1" 404 13292 "-" "Mozilla/5.0 AppleWebKit/537.36 (KHTML, like Gecko; compatible; GPTBot/1.2; +https://openai.com/gptbot)"
20.171.207.106 - - [20/Jul/2025:05:15:24 +0000] "GET /entity/889246193.shtm HTTP/1.1" 404 13292 "-" "Mozilla/5.0 AppleWebKit/537.36 (KHTML, like Gecko; compatible; GPTBot/1.2; +https://openai.com/gptbot)"
20.171.207.106 - - [20/Jul/2025:05:15:28 +0000] "GET /entity/889155762.shtm HTTP/1.1" 404 13292 "-" "Mozilla/5.0 AppleWebKit/537.36 (KHTML, like Gecko; compatible; GPTBot/1.2; +https://openai.com/gptbot)"
20.171.207.106 - - [20/Jul/2025:05:15:31 +0000] "GET /entity/889341193.shtm HTTP/1.1" 404 13292 "-" "Mozilla/5.0 AppleWebKit/537.36 (KHTML, like Gecko; compatible; GPTBot/1.2; +https://openai.com/gptbot)"
20.171.207.106 - - [20/Jul/2025:05:15:32 +0000] "GET /entity/889086021.shtm HTTP/1.1" 404 13292 "-" "Mozilla/5.0 AppleWebKit/537.36 (KHTML, like Gecko; compatible; GPTBot/1.2; +https://openai.com/gptbot)"
20.171.207.106 - - [20/Jul/2025:05:15:37 +0000] "GET /entity/889223441.shtm HTTP/1.1" 404 13293 "-" "Mozilla/5.0 AppleWebKit/537.36 (KHTML, like Gecko; compatible; GPTBot/1.2; +https://openai.com/gptbot)"
20.171.207.106 - - [20/Jul/2025:05:15:38 +0000] "GET /entity/889225566.shtm HTTP/1.1" 404 13293 "-" "Mozilla/5.0 AppleWebKit/537.36 (KHTML, like Gecko; compatible; GPTBot/1.2; +https://openai.com/gptbot)"
209.74.77.214 - - [20/Jul/2025:05:15:42 +0000] "POST /wp-cron.php?doing_wp_cron=1752988542.1653070449829101562500 HTTP/1.1" 200 - "-" "WordPress/6.8.2; https://akaventures.com.au"
20.171.207.106 - - [20/Jul/2025:05:15:41 +0000] "GET /entity/889110504.shtm HTTP/1.1" 404 13292 "-" "Mozilla/5.0 AppleWebKit/537.36 (KHTML, like Gecko; compatible; GPTBot/1.2; +https://openai.com/gptbot)"
20.171.207.106 - - [20/Jul/2025:05:15:43 +0000] "GET /entity/889070589.shtm HTTP/1.1" 404 13293 "-" "Mozilla/5.0 AppleWebKit/537.36 (KHTML, like Gecko; compatible; GPTBot/1.2; +https://openai.com/gptbot)"
20.171.207.106 - - [20/Jul/2025:05:15:47 +0000] "GET /entity/889048800.shtm HTTP/1.1" 404 13293 "-" "Mozilla/5.0 AppleWebKit/537.36 (KHTML, like Gecko; compatible; GPTBot/1.2; +https://openai.com/gptbot)"
20.171.207.106 - - [20/Jul/2025:05:15:49 +0000] "GET /entity/889128506.shtm HTTP/1.1" 404 13293 "-" "Mozilla/5.0 AppleWebKit/537.36 (KHTML, like Gecko; compatible; GPTBot/1.2; +https://openai.com/gptbot)"
20.171.207.106 - - [20/Jul/2025:05:15:52 +0000] "GET /entity/889230121.shtm HTTP/1.1" 404 13292 "-" "Mozilla/5.0 AppleWebKit/537.36 (KHTML, like Gecko; compatible; GPTBot/1.2; +https://openai.com/gptbot)"
20.171.207.106 - - [20/Jul/2025:05:15:56 +0000] "GET /entity/889062105.shtm HTTP/1.1" 404 13293 "-" "Mozilla/5.0 AppleWebKit/537.36 (KHTML, like Gecko; compatible; GPTBot/1.2; +https://openai.com/gptbot)"
20.171.207.106 - - [20/Jul/2025:05:15:57 +0000] "GET /entity/889107814.shtm HTTP/1.1" 404 13293 "-" "Mozilla/5.0 AppleWebKit/537.36 (KHTML, like Gecko; compatible; GPTBot/1.2; +https://openai.com/gptbot)"
20.171.207.106 - - [20/Jul/2025:05:16:00 +0000] "GET /entity/889081773.shtm HTTP/1.1" 404 13293 "-" "Mozilla/5.0 AppleWebKit/537.36 (KHTML, like Gecko; compatible; GPTBot/1.2; +https://openai.com/gptbot)"
209.74.77.214 - - [20/Jul/2025:05:16:04 +0000] "POST /wp-cron.php?doing_wp_cron=1752988564.1848199367523193359375 HTTP/1.1" 200 - "-" "WordPress/6.8.2; https://akaventures.com.au"
20.171.207.106 - - [20/Jul/2025:05:16:03 +0000] "GET /entity/889275635.shtm HTTP/1.1" 404 13292 "-" "Mozilla/5.0 AppleWebKit/537.36 (KHTML, like Gecko; compatible; GPTBot/1.2; +https://openai.com/gptbot)"
20.171.207.106 - - [20/Jul/2025:05:16:05 +0000] "GET /entity/889201780.shtm HTTP/1.1" 404 13293 "-" "Mozilla/5.0 AppleWebKit/537.36 (KHTML, like Gecko; compatible; GPTBot/1.2; +https://openai.com/gptbot)"
20.171.207.106 - - [20/Jul/2025:05:16:09 +0000] "GET /entity/889010882.shtm HTTP/1.1" 404 13293 "-" "Mozilla/5.0 AppleWebKit/537.36 (KHTML, like Gecko; compatible; GPTBot/1.2; +https://openai.com/gptbot)"
20.171.207.106 - - [20/Jul/2025:05:16:11 +0000] "GET /entity/889341193.shtm HTTP/1.1" 404 13292 "-" "Mozilla/5.0 AppleWebKit/537.36 (KHTML, like Gecko; compatible; GPTBot/1.2; +https://openai.com/gptbot)"
20.171.207.106 - - [20/Jul/2025:05:16:17 +0000] "GET /entity/889081911.shtm HTTP/1.1" 404 13292 "-" "Mozilla/5.0 AppleWebKit/537.36 (KHTML, like Gecko; compatible; GPTBot/1.2; +https://openai.com/gptbot)"
20.171.207.106 - - [20/Jul/2025:05:16:18 +0000] "GET /entity/889086021.shtm HTTP/1.1" 404 13292 "-" "Mozilla/5.0 AppleWebKit/537.36 (KHTML, like Gecko; compatible; GPTBot/1.2; +https://openai.com/gptbot)"
20.171.207.106 - - [20/Jul/2025:05:16:21 +0000] "GET /entity/889022194.shtm HTTP/1.1" 404 13292 "-" "Mozilla/5.0 AppleWebKit/537.36 (KHTML, like Gecko; compatible; GPTBot/1.2; +https://openai.com/gptbot)"
20.171.207.106 - - [20/Jul/2025:05:16:23 +0000] "GET /entity/889113019.shtm HTTP/1.1" 404 13292 "-" "Mozilla/5.0 AppleWebKit/537.36 (KHTML, like Gecko; compatible; GPTBot/1.2; +https://openai.com/gptbot)"
20.171.207.106 - - [20/Jul/2025:05:16:27 +0000] "GET /entity/889244072.shtm HTTP/1.1" 404 13292 "-" "Mozilla/5.0 AppleWebKit/537.36 (KHTML, like Gecko; compatible; GPTBot/1.2; +https://openai.com/gptbot)"
20.171.207.106 - - [20/Jul/2025:05:16:29 +0000] "GET /entity/889081200.shtm HTTP/1.1" 404 13292 "-" "Mozilla/5.0 AppleWebKit/537.36 (KHTML, like Gecko; compatible; GPTBot/1.2; +https://openai.com/gptbot)"
20.171.207.106 - - [20/Jul/2025:05:16:33 +0000] "GET /entity/889283991.shtm HTTP/1.1" 404 13293 "-" "Mozilla/5.0 AppleWebKit/537.36 (KHTML, like Gecko; compatible; GPTBot/1.2; +https://openai.com/gptbot)"
20.171.207.106 - - [20/Jul/2025:05:16:35 +0000] "GET /entity/889237709.shtm HTTP/1.1" 404 13293 "-" "Mozilla/5.0 AppleWebKit/537.36 (KHTML, like Gecko; compatible; GPTBot/1.2; +https://openai.com/gptbot)"
20.171.207.106 - - [20/Jul/2025:05:16:38 +0000] "GET /entity/889218937.shtm HTTP/1.1" 404 13293 "-" "Mozilla/5.0 AppleWebKit/537.36 (KHTML, like Gecko; compatible; GPTBot/1.2; +https://openai.com/gptbot)"
209.74.77.214 - - [20/Jul/2025:05:16:41 +0000] "POST /wp-cron.php?doing_wp_cron=1752988601.0438070297241210937500 HTTP/1.1" 200 - "-" "WordPress/6.8.2; https://akaventures.com.au"
20.171.207.106 - - [20/Jul/2025:05:16:40 +0000] "GET /entity/889241561.shtm HTTP/1.1" 404 13292 "-" "Mozilla/5.0 AppleWebKit/537.36 (KHTML, like Gecko; compatible; GPTBot/1.2; +https://openai.com/gptbot)"
20.171.207.106 - - [20/Jul/2025:05:16:44 +0000] "GET /entity/889226269.shtm HTTP/1.1" 404 13293 "-" "Mozilla/5.0 AppleWebKit/537.36 (KHTML, like Gecko; compatible; GPTBot/1.2; +https://openai.com/gptbot)"
20.171.207.106 - - [20/Jul/2025:05:16:46 +0000] "GET /entity/889285466.shtm HTTP/1.1" 404 13293 "-" "Mozilla/5.0 AppleWebKit/537.36 (KHTML, like Gecko; compatible; GPTBot/1.2; +https://openai.com/gptbot)"
20.171.207.106 - - [20/Jul/2025:05:16:52 +0000] "GET /entity/889169067.shtm HTTP/1.1" 404 13292 "-" "Mozilla/5.0 AppleWebKit/537.36 (KHTML, like Gecko; compatible; GPTBot/1.2; +https://openai.com/gptbot)"
20.171.207.106 - - [20/Jul/2025:05:16:52 +0000] "GET /entity/889186220.shtm HTTP/1.1" 404 13292 "-" "Mozilla/5.0 AppleWebKit/537.36 (KHTML, like Gecko; compatible; GPTBot/1.2; +https://openai.com/gptbot)"
20.171.207.106 - - [20/Jul/2025:05:16:56 +0000] "GET /entity/889244072.shtm HTTP/1.1" 404 13293 "-" "Mozilla/5.0 AppleWebKit/537.36 (KHTML, like Gecko; compatible; GPTBot/1.2; +https://openai.com/gptbot)"
20.171.207.106 - - [20/Jul/2025:05:16:58 +0000] "GET /entity/889188479.shtm HTTP/1.1" 404 13293 "-" "Mozilla/5.0 AppleWebKit/537.36 (KHTML, like Gecko; compatible; GPTBot/1.2; +https://openai.com/gptbot)"
209.74.77.214 - - [20/Jul/2025:05:17:02 +0000] "POST /wp-cron.php?doing_wp_cron=1752988622.9645359516143798828125 HTTP/1.1" 200 - "-" "WordPress/6.8.2; https://akaventures.com.au"
20.171.207.106 - - [20/Jul/2025:05:17:02 +0000] "GET /entity/889139625.shtm HTTP/1.1" 404 13293 "-" "Mozilla/5.0 AppleWebKit/537.36 (KHTML, like Gecko; compatible; GPTBot/1.2; +https://openai.com/gptbot)"
20.171.207.106 - - [20/Jul/2025:05:17:03 +0000] "GET /entity/889019366.shtm HTTP/1.1" 404 13292 "-" "Mozilla/5.0 AppleWebKit/537.36 (KHTML, like Gecko; compatible; GPTBot/1.2; +https://openai.com/gptbot)"
20.171.207.106 - - [20/Jul/2025:05:17:11 +0000] "GET /entity/889323384.shtm HTTP/1.1" 404 13292 "-" "Mozilla/5.0 AppleWebKit/537.36 (KHTML, like Gecko; compatible; GPTBot/1.2; +https://openai.com/gptbot)"
20.171.207.106 - - [20/Jul/2025:05:17:11 +0000] "GET /entity/889335535.shtm HTTP/1.1" 404 13292 "-" "Mozilla/5.0 AppleWebKit/537.36 (KHTML, like Gecko; compatible; GPTBot/1.2; +https://openai.com/gptbot)"
20.171.207.106 - - [20/Jul/2025:05:17:16 +0000] "GET /entity/889177167.shtm HTTP/1.1" 404 13292 "-" "Mozilla/5.0 AppleWebKit/537.36 (KHTML, like Gecko; compatible; GPTBot/1.2; +https://openai.com/gptbot)"
20.171.207.106 - - [20/Jul/2025:05:17:18 +0000] "GET /entity/889226269.shtm HTTP/1.1" 404 13292 "-" "Mozilla/5.0 AppleWebKit/537.36 (KHTML, like Gecko; compatible; GPTBot/1.2; +https://openai.com/gptbot)"
20.171.207.106 - - [20/Jul/2025:05:17:20 +0000] "GET /entity/889101707.shtm HTTP/1.1" 404 13292 "-" "Mozilla/5.0 AppleWebKit/537.36 (KHTML, like Gecko; compatible; GPTBot/1.2; +https://openai.com/gptbot)"
20.171.207.106 - - [20/Jul/2025:05:17:24 +0000] "GET /entity/889268305.shtm HTTP/1.1" 404 13292 "-" "Mozilla/5.0 AppleWebKit/537.36 (KHTML, like Gecko; compatible; GPTBot/1.2; +https://openai.com/gptbot)"
20.171.207.106 - - [20/Jul/2025:05:17:25 +0000] "GET /entity/889186220.shtm HTTP/1.1" 404 13292 "-" "Mozilla/5.0 AppleWebKit/537.36 (KHTML, like Gecko; compatible; GPTBot/1.2; +https://openai.com/gptbot)"
20.171.207.106 - - [20/Jul/2025:05:17:31 +0000] "GET /entity/889172919.shtm HTTP/1.1" 404 13292 "-" "Mozilla/5.0 AppleWebKit/537.36 (KHTML, like Gecko; compatible; GPTBot/1.2; +https://openai.com/gptbot)"
20.171.207.106 - - [20/Jul/2025:05:17:32 +0000] "GET /entity/889150553.shtm HTTP/1.1" 404 13292 "-" "Mozilla/5.0 AppleWebKit/537.36 (KHTML, like Gecko; compatible; GPTBot/1.2; +https://openai.com/gptbot)"
20.171.207.106 - - [20/Jul/2025:05:17:35 +0000] "GET /entity/889145921.shtm HTTP/1.1" 404 13293 "-" "Mozilla/5.0 AppleWebKit/537.36 (KHTML, like Gecko; compatible; GPTBot/1.2; +https://openai.com/gptbot)"
20.171.207.106 - - [20/Jul/2025:05:17:37 +0000] "GET /entity/889344021.shtm HTTP/1.1" 404 13293 "-" "Mozilla/5.0 AppleWebKit/537.36 (KHTML, like Gecko; compatible; GPTBot/1.2; +https://openai.com/gptbot)"
209.74.77.214 - - [20/Jul/2025:05:17:41 +0000] "POST /wp-cron.php?doing_wp_cron=1752988661.7570719718933105468750 HTTP/1.1" 200 - "-" "WordPress/6.8.2; https://akaventures.com.au"
20.171.207.106 - - [20/Jul/2025:05:17:41 +0000] "GET /entity/889021873.shtm HTTP/1.1" 404 13292 "-" "Mozilla/5.0 AppleWebKit/537.36 (KHTML, like Gecko; compatible; GPTBot/1.2; +https://openai.com/gptbot)"
20.171.207.106 - - [20/Jul/2025:05:17:43 +0000] "GET /entity/889230771.shtm HTTP/1.1" 404 13293 "-" "Mozilla/5.0 AppleWebKit/537.36 (KHTML, like Gecko; compatible; GPTBot/1.2; +https://openai.com/gptbot)"
20.171.207.106 - - [20/Jul/2025:05:17:46 +0000] "GET /entity/889309955.shtm HTTP/1.1" 404 13293 "-" "Mozilla/5.0 AppleWebKit/537.36 (KHTML, like Gecko; compatible; GPTBot/1.2; +https://openai.com/gptbot)"
20.171.207.106 - - [20/Jul/2025:05:17:50 +0000] "GET /entity/889003936.shtm HTTP/1.1" 404 13292 "-" "Mozilla/5.0 AppleWebKit/537.36 (KHTML, like Gecko; compatible; GPTBot/1.2; +https://openai.com/gptbot)"
20.171.207.106 - - [20/Jul/2025:05:17:51 +0000] "GET /entity/889101707.shtm HTTP/1.1" 404 13292 "-" "Mozilla/5.0 AppleWebKit/537.36 (KHTML, like Gecko; compatible; GPTBot/1.2; +https://openai.com/gptbot)"
20.171.207.106 - - [20/Jul/2025:05:17:55 +0000] "GET /entity/889290801.shtm HTTP/1.1" 404 13293 "-" "Mozilla/5.0 AppleWebKit/537.36 (KHTML, like Gecko; compatible; GPTBot/1.2; +https://openai.com/gptbot)"
20.171.207.106 - - [20/Jul/2025:05:17:58 +0000] "GET /entity/889238871.shtm HTTP/1.1" 404 13293 "-" "Mozilla/5.0 AppleWebKit/537.36 (KHTML, like Gecko; compatible; GPTBot/1.2; +https://openai.com/gptbot)"
20.171.207.106 - - [20/Jul/2025:05:18:00 +0000] "GET /entity/889150553.shtm HTTP/1.1" 404 13293 "-" "Mozilla/5.0 AppleWebKit/537.36 (KHTML, like Gecko; compatible; GPTBot/1.2; +https://openai.com/gptbot)"
209.74.77.214 - - [20/Jul/2025:05:18:04 +0000] "POST /wp-cron.php?doing_wp_cron=1752988684.2541511058807373046875 HTTP/1.1" 200 - "-" "WordPress/6.8.2; https://akaventures.com.au"
20.171.207.106 - - [20/Jul/2025:05:18:04 +0000] "GET /entity/889025991.shtm HTTP/1.1" 404 13292 "-" "Mozilla/5.0 AppleWebKit/537.36 (KHTML, like Gecko; compatible; GPTBot/1.2; +https://openai.com/gptbot)"
20.171.207.106 - - [20/Jul/2025:05:18:05 +0000] "GET /entity/889239578.shtm HTTP/1.1" 404 13293 "-" "Mozilla/5.0 AppleWebKit/537.36 (KHTML, like Gecko; compatible; GPTBot/1.2; +https://openai.com/gptbot)"
20.171.207.106 - - [20/Jul/2025:05:18:11 +0000] "GET /entity/889308604.shtm HTTP/1.1" 404 13292 "-" "Mozilla/5.0 AppleWebKit/537.36 (KHTML, like Gecko; compatible; GPTBot/1.2; +https://openai.com/gptbot)"
20.171.207.106 - - [20/Jul/2025:05:18:11 +0000] "GET /entity/889314900.shtm HTTP/1.1" 404 13292 "-" "Mozilla/5.0 AppleWebKit/537.36 (KHTML, like Gecko; compatible; GPTBot/1.2; +https://openai.com/gptbot)"
20.171.207.106 - - [20/Jul/2025:05:18:15 +0000] "GET /entity/889021873.shtm HTTP/1.1" 404 13292 "-" "Mozilla/5.0 AppleWebKit/537.36 (KHTML, like Gecko; compatible; GPTBot/1.2; +https://openai.com/gptbot)"
20.171.207.106 - - [20/Jul/2025:05:18:19 +0000] "GET /entity/889191041.shtm HTTP/1.1" 404 13292 "-" "Mozilla/5.0 AppleWebKit/537.36 (KHTML, like Gecko; compatible; GPTBot/1.2; +https://openai.com/gptbot)"
20.171.207.106 - - [20/Jul/2025:05:18:20 +0000] "GET /entity/889326027.shtm HTTP/1.1" 404 13292 "-" "Mozilla/5.0 AppleWebKit/537.36 (KHTML, like Gecko; compatible; GPTBot/1.2; +https://openai.com/gptbot)"
20.171.207.106 - - [20/Jul/2025:05:18:24 +0000] "GET /entity/889197148.shtm HTTP/1.1" 404 13292 "-" "Mozilla/5.0 AppleWebKit/537.36 (KHTML, like Gecko; compatible; GPTBot/1.2; +https://openai.com/gptbot)"
20.171.207.106 - - [20/Jul/2025:05:18:25 +0000] "GET /entity/889014551.shtm HTTP/1.1" 404 13292 "-" "Mozilla/5.0 AppleWebKit/537.36 (KHTML, like Gecko; compatible; GPTBot/1.2; +https://openai.com/gptbot)"
20.171.207.106 - - [20/Jul/2025:05:18:29 +0000] "GET /entity/889290801.shtm HTTP/1.1" 404 13293 "-" "Mozilla/5.0 AppleWebKit/537.36 (KHTML, like Gecko; compatible; GPTBot/1.2; +https://openai.com/gptbot)"
20.171.207.106 - - [20/Jul/2025:05:18:33 +0000] "GET /entity/889250368.shtm HTTP/1.1" 404 13293 "-" "Mozilla/5.0 AppleWebKit/537.36 (KHTML, like Gecko; compatible; GPTBot/1.2; +https://openai.com/gptbot)"
20.171.207.106 - - [20/Jul/2025:05:18:34 +0000] "GET /entity/889246900.shtm HTTP/1.1" 404 13293 "-" "Mozilla/5.0 AppleWebKit/537.36 (KHTML, like Gecko; compatible; GPTBot/1.2; +https://openai.com/gptbot)"
20.171.207.106 - - [20/Jul/2025:05:18:38 +0000] "GET /entity/889025991.shtm HTTP/1.1" 404 13293 "-" "Mozilla/5.0 AppleWebKit/537.36 (KHTML, like Gecko; compatible; GPTBot/1.2; +https://openai.com/gptbot)"
209.74.77.214 - - [20/Jul/2025:05:18:42 +0000] "POST /wp-cron.php?doing_wp_cron=1752988722.2666039466857910156250 HTTP/1.1" 200 - "-" "WordPress/6.8.2; https://akaventures.com.au"
20.171.207.106 - - [20/Jul/2025:05:18:42 +0000] "GET /entity/889337396.shtm HTTP/1.1" 404 13292 "-" "Mozilla/5.0 AppleWebKit/537.36 (KHTML, like Gecko; compatible; GPTBot/1.2; +https://openai.com/gptbot)"
20.171.207.106 - - [20/Jul/2025:05:18:43 +0000] "GET /entity/889303403.shtm HTTP/1.1" 404 13293 "-" "Mozilla/5.0 AppleWebKit/537.36 (KHTML, like Gecko; compatible; GPTBot/1.2; +https://openai.com/gptbot)"
20.171.207.106 - - [20/Jul/2025:05:18:47 +0000] "GET /entity/889314900.shtm HTTP/1.1" 404 13293 "-" "Mozilla/5.0 AppleWebKit/537.36 (KHTML, like Gecko; compatible; GPTBot/1.2; +https://openai.com/gptbot)"
20.171.207.106 - - [20/Jul/2025:05:18:50 +0000] "GET /entity/889184489.shtm HTTP/1.1" 404 13292 "-" "Mozilla/5.0 AppleWebKit/537.36 (KHTML, like Gecko; compatible; GPTBot/1.2; +https://openai.com/gptbot)"
20.171.207.106 - - [20/Jul/2025:05:18:51 +0000] "GET /entity/889235588.shtm HTTP/1.1" 404 13292 "-" "Mozilla/5.0 AppleWebKit/537.36 (KHTML, like Gecko; compatible; GPTBot/1.2; +https://openai.com/gptbot)"
20.171.207.106 - - [20/Jul/2025:05:18:55 +0000] "GET /entity/889191041.shtm HTTP/1.1" 404 13293 "-" "Mozilla/5.0 AppleWebKit/537.36 (KHTML, like Gecko; compatible; GPTBot/1.2; +https://openai.com/gptbot)"
20.171.207.106 - - [20/Jul/2025:05:18:57 +0000] "GET /entity/889148432.shtm HTTP/1.1" 404 13293 "-" "Mozilla/5.0 AppleWebKit/537.36 (KHTML, like Gecko; compatible; GPTBot/1.2; +https://openai.com/gptbot)"
20.171.207.106 - - [20/Jul/2025:05:19:00 +0000] "GET /entity/889086598.shtm HTTP/1.1" 404 13293 "-" "Mozilla/5.0 AppleWebKit/537.36 (KHTML, like Gecko; compatible; GPTBot/1.2; +https://openai.com/gptbot)"
209.74.77.214 - - [20/Jul/2025:05:19:03 +0000] "POST /wp-cron.php?doing_wp_cron=1752988743.1372931003570556640625 HTTP/1.1" 200 - "-" "WordPress/6.8.2; https://akaventures.com.au"
20.171.207.106 - - [20/Jul/2025:05:19:02 +0000] "GET /entity/889137248.shtm HTTP/1.1" 404 13293 "-" "Mozilla/5.0 AppleWebKit/537.36 (KHTML, like Gecko; compatible; GPTBot/1.2; +https://openai.com/gptbot)"
20.171.207.106 - - [20/Jul/2025:05:19:06 +0000] "GET /entity/889063974.shtm HTTP/1.1" 404 13293 "-" "Mozilla/5.0 AppleWebKit/537.36 (KHTML, like Gecko; compatible; GPTBot/1.2; +https://openai.com/gptbot)"
20.171.207.106 - - [20/Jul/2025:05:19:08 +0000] "GET /entity/889250368.shtm HTTP/1.1" 404 13293 "-" "Mozilla/5.0 AppleWebKit/537.36 (KHTML, like Gecko; compatible; GPTBot/1.2; +https://openai.com/gptbot)"
20.171.207.106 - - [20/Jul/2025:05:19:11 +0000] "GET /entity/889286819.shtm HTTP/1.1" 404 13292 "-" "Mozilla/5.0 AppleWebKit/537.36 (KHTML, like Gecko; compatible; GPTBot/1.2; +https://openai.com/gptbot)"
20.171.207.106 - - [20/Jul/2025:05:19:14 +0000] "GET /entity/889325377.shtm HTTP/1.1" 404 13292 "-" "Mozilla/5.0 AppleWebKit/537.36 (KHTML, like Gecko; compatible; GPTBot/1.2; +https://openai.com/gptbot)"
20.171.207.106 - - [20/Jul/2025:05:19:17 +0000] "GET /entity/889284304.shtm HTTP/1.1" 404 13292 "-" "Mozilla/5.0 AppleWebKit/537.36 (KHTML, like Gecko; compatible; GPTBot/1.2; +https://openai.com/gptbot)"
20.171.207.106 - - [20/Jul/2025:05:19:19 +0000] "GET /entity/889303403.shtm HTTP/1.1" 404 13292 "-" "Mozilla/5.0 AppleWebKit/537.36 (KHTML, like Gecko; compatible; GPTBot/1.2; +https://openai.com/gptbot)"
66.249.68.3 - - [20/Jul/2025:05:19:23 +0000] "GET /?y=5396625061940&mod=da960bb5&uri=shared.php%3Fid%3D180164-270%26name%3Dbest+pens+for+thin+paper HTTP/1.1" 200 19402 "-" "Mozilla/5.0 (Linux; Android 6.0.1; Nexus 5X Build/MMB29P) AppleWebKit/537.36 (KHTML, like Gecko) Chrome/137.0.7151.103 Mobile Safari/537.36 (compatible; Googlebot/2.1; +http://www.google.com/bot.html)"
20.171.207.106 - - [20/Jul/2025:05:19:24 +0000] "GET /entity/889261367.shtm HTTP/1.1" 404 13292 "-" "Mozilla/5.0 AppleWebKit/537.36 (KHTML, like Gecko; compatible; GPTBot/1.2; +https://openai.com/gptbot)"
20.171.207.106 - - [20/Jul/2025:05:19:25 +0000] "GET /entity/889223762.shtm HTTP/1.1" 404 13292 "-" "Mozilla/5.0 AppleWebKit/537.36 (KHTML, like Gecko; compatible; GPTBot/1.2; +https://openai.com/gptbot)"
66.249.68.3 - - [20/Jul/2025:05:19:28 +0000] "GET /?y=5401095011940&mod=da960bb5&uri=article.php%3Fid%3D180313-270%26name%3Dcopic+bg10 HTTP/1.1" 200 19392 "-" "Mozilla/5.0 (Linux; Android 6.0.1; Nexus 5X Build/MMB29P) AppleWebKit/537.36 (KHTML, like Gecko) Chrome/137.0.7151.103 Mobile Safari/537.36 (compatible; Googlebot/2.1; +http://www.google.com/bot.html)"
20.171.207.106 - - [20/Jul/2025:05:19:29 +0000] "GET /entity/889332707.shtm HTTP/1.1" 404 13293 "-" "Mozilla/5.0 AppleWebKit/537.36 (KHTML, like Gecko; compatible; GPTBot/1.2; +https://openai.com/gptbot)"
66.249.68.4 - - [20/Jul/2025:05:19:31 +0000] "GET /?y=5355582041940&mod=7d0bbf7a&uri=dp.php%3Fid%3D178795-322%26name%3Dmiele+g+6665+scvi+am HTTP/1.1" 200 19395 "-" "Mozilla/5.0 (Linux; Android 6.0.1; Nexus 5X Build/MMB29P) AppleWebKit/537.36 (KHTML, like Gecko) Chrome/137.0.7151.103 Mobile Safari/537.36 (compatible; Googlebot/2.1; +http://www.google.com/bot.html)"
20.171.207.106 - - [20/Jul/2025:05:19:31 +0000] "GET /entity/889061788.shtm HTTP/1.1" 404 13292 "-" "Mozilla/5.0 AppleWebKit/537.36 (KHTML, like Gecko; compatible; GPTBot/1.2; +https://openai.com/gptbot)"
66.249.68.3 - - [20/Jul/2025:05:19:33 +0000] "GET /?y=5338209041940&mod=ca50333d&uri=form.php%3Fid%3D178215-318%26name%3Dzapatillas+deportivas+adidas+hombre+2017 HTTP/1.1" 200 19421 "-" "Mozilla/5.0 (Linux; Android 6.0.1; Nexus 5X Build/MMB29P) AppleWebKit/537.36 (KHTML, like Gecko) Chrome/137.0.7151.103 Mobile Safari/537.36 (compatible; Googlebot/2.1; +http://www.google.com/bot.html)"
20.171.207.106 - - [20/Jul/2025:05:19:35 +0000] "GET /entity/889086598.shtm HTTP/1.1" 404 13293 "-" "Mozilla/5.0 AppleWebKit/537.36 (KHTML, like Gecko; compatible; GPTBot/1.2; +https://openai.com/gptbot)"
20.171.207.106 - - [20/Jul/2025:05:19:36 +0000] "GET /entity/889110642.shtm HTTP/1.1" 404 13293 "-" "Mozilla/5.0 AppleWebKit/537.36 (KHTML, like Gecko; compatible; GPTBot/1.2; +https://openai.com/gptbot)"
20.171.207.106 - - [20/Jul/2025:05:19:40 +0000] "GET /entity/889185651.shtm HTTP/1.1" 404 13293 "-" "Mozilla/5.0 AppleWebKit/537.36 (KHTML, like Gecko; compatible; GPTBot/1.2; +https://openai.com/gptbot)"
209.74.77.214 - - [20/Jul/2025:05:19:44 +0000] "POST /wp-cron.php?doing_wp_cron=1752988784.0300140380859375000000 HTTP/1.1" 200 - "-" "WordPress/6.8.2; https://akaventures.com.au"
20.171.207.106 - - [20/Jul/2025:05:19:43 +0000] "GET /entity/889134420.shtm HTTP/1.1" 404 13293 "-" "Mozilla/5.0 AppleWebKit/537.36 (KHTML, like Gecko; compatible; GPTBot/1.2; +https://openai.com/gptbot)"
20.171.207.106 - - [20/Jul/2025:05:19:45 +0000] "GET /entity/889277496.shtm HTTP/1.1" 404 13293 "-" "Mozilla/5.0 AppleWebKit/537.36 (KHTML, like Gecko; compatible; GPTBot/1.2; +https://openai.com/gptbot)"
20.171.207.106 - - [20/Jul/2025:05:19:48 +0000] "GET /entity/889121688.shtm HTTP/1.1" 404 13293 "-" "Mozilla/5.0 AppleWebKit/537.36 (KHTML, like Gecko; compatible; GPTBot/1.2; +https://openai.com/gptbot)"
20.171.207.106 - - [20/Jul/2025:05:19:51 +0000] "GET /entity/889063909.shtm HTTP/1.1" 404 13292 "-" "Mozilla/5.0 AppleWebKit/537.36 (KHTML, like Gecko; compatible; GPTBot/1.2; +https://openai.com/gptbot)"
20.171.207.106 - - [20/Jul/2025:05:19:53 +0000] "GET /entity/889179857.shtm HTTP/1.1" 404 13293 "-" "Mozilla/5.0 AppleWebKit/537.36 (KHTML, like Gecko; compatible; GPTBot/1.2; +https://openai.com/gptbot)"
209.74.77.214 - - [20/Jul/2025:05:20:02 +0000] "POST /wp-cron.php?doing_wp_cron=1752988802.2123830318450927734375 HTTP/1.1" 200 - "-" "WordPress/6.8.2; https://akaventures.com.au"
20.171.207.106 - - [20/Jul/2025:05:20:01 +0000] "GET /entity/889228256.shtm HTTP/1.1" 404 13292 "-" "Mozilla/5.0 AppleWebKit/537.36 (KHTML, like Gecko; compatible; GPTBot/1.2; +https://openai.com/gptbot)"
20.171.207.106 - - [20/Jul/2025:05:20:02 +0000] "GET /entity/889332707.shtm HTTP/1.1" 404 13292 "-" "Mozilla/5.0 AppleWebKit/537.36 (KHTML, like Gecko; compatible; GPTBot/1.2; +https://openai.com/gptbot)"
20.171.207.106 - - [20/Jul/2025:05:20:06 +0000] "GET /entity/889087752.shtm HTTP/1.1" 404 13293 "-" "Mozilla/5.0 AppleWebKit/537.36 (KHTML, like Gecko; compatible; GPTBot/1.2; +https://openai.com/gptbot)"
20.171.207.106 - - [20/Jul/2025:05:20:08 +0000] "GET /entity/889306800.shtm HTTP/1.1" 404 13293 "-" "Mozilla/5.0 AppleWebKit/537.36 (KHTML, like Gecko; compatible; GPTBot/1.2; +https://openai.com/gptbot)"
20.171.207.106 - - [20/Jul/2025:05:20:11 +0000] "GET /entity/889194970.shtm HTTP/1.1" 404 13292 "-" "Mozilla/5.0 AppleWebKit/537.36 (KHTML, like Gecko; compatible; GPTBot/1.2; +https://openai.com/gptbot)"
20.171.207.106 - - [20/Jul/2025:05:20:18 +0000] "GET /entity/889059984.shtm HTTP/1.1" 404 13293 "-" "Mozilla/5.0 AppleWebKit/537.36 (KHTML, like Gecko; compatible; GPTBot/1.2; +https://openai.com/gptbot)"
20.171.207.106 - - [20/Jul/2025:05:20:19 +0000] "GET /entity/889134420.shtm HTTP/1.1" 404 13293 "-" "Mozilla/5.0 AppleWebKit/537.36 (KHTML, like Gecko; compatible; GPTBot/1.2; +https://openai.com/gptbot)"
66.249.68.5 - - [20/Jul/2025:05:20:22 +0000] "GET /?y=5465292001940&mod=234c7ac2&uri=dp.php%3Fid%3D182454-326%26name%3Dzapatos+para+ser+mas+alto+hombres HTTP/1.1" 200 19411 "-" "Mozilla/5.0 (Linux; Android 6.0.1; Nexus 5X Build/MMB29P) AppleWebKit/537.36 (KHTML, like Gecko) Chrome/137.0.7151.103 Mobile Safari/537.36 (compatible; Googlebot/2.1; +http://www.google.com/bot.html)"
20.171.207.106 - - [20/Jul/2025:05:20:26 +0000] "GET /entity/889023348.shtm HTTP/1.1" 404 13293 "-" "Mozilla/5.0 AppleWebKit/537.36 (KHTML, like Gecko; compatible; GPTBot/1.2; +https://openai.com/gptbot)"
20.171.207.106 - - [20/Jul/2025:05:20:26 +0000] "GET /entity/889130438.shtm HTTP/1.1" 404 13293 "-" "Mozilla/5.0 AppleWebKit/537.36 (KHTML, like Gecko; compatible; GPTBot/1.2; +https://openai.com/gptbot)"
20.171.207.106 - - [20/Jul/2025:05:20:31 +0000] "GET /entity/889057156.shtm HTTP/1.1" 404 13293 "-" "Mozilla/5.0 AppleWebKit/537.36 (KHTML, like Gecko; compatible; GPTBot/1.2; +https://openai.com/gptbot)"
20.171.207.106 - - [20/Jul/2025:05:20:32 +0000] "GET /entity/889154405.shtm HTTP/1.1" 404 13293 "-" "Mozilla/5.0 AppleWebKit/537.36 (KHTML, like Gecko; compatible; GPTBot/1.2; +https://openai.com/gptbot)"
20.171.207.106 - - [20/Jul/2025:05:20:36 +0000] "GET /entity/889138983.shtm HTTP/1.1" 404 13293 "-" "Mozilla/5.0 AppleWebKit/537.36 (KHTML, like Gecko; compatible; GPTBot/1.2; +https://openai.com/gptbot)"
20.171.207.106 - - [20/Jul/2025:05:20:38 +0000] "GET /entity/889272864.shtm HTTP/1.1" 404 13293 "-" "Mozilla/5.0 AppleWebKit/537.36 (KHTML, like Gecko; compatible; GPTBot/1.2; +https://openai.com/gptbot)"
209.74.77.214 - - [20/Jul/2025:05:20:42 +0000] "POST /wp-cron.php?doing_wp_cron=1752988842.2264130115509033203125 HTTP/1.1" 200 - "-" "WordPress/6.8.2; https://akaventures.com.au"
20.171.207.106 - - [20/Jul/2025:05:20:41 +0000] "GET /entity/889239440.shtm HTTP/1.1" 404 13293 "-" "Mozilla/5.0 AppleWebKit/537.36 (KHTML, like Gecko; compatible; GPTBot/1.2; +https://openai.com/gptbot)"
20.171.207.106 - - [20/Jul/2025:05:20:43 +0000] "GET /entity/889128441.shtm HTTP/1.1" 404 13293 "-" "Mozilla/5.0 AppleWebKit/537.36 (KHTML, like Gecko; compatible; GPTBot/1.2; +https://openai.com/gptbot)"
20.171.207.106 - - [20/Jul/2025:05:20:46 +0000] "GET /entity/889125678.shtm HTTP/1.1" 404 13293 "-" "Mozilla/5.0 AppleWebKit/537.36 (KHTML, like Gecko; compatible; GPTBot/1.2; +https://openai.com/gptbot)"
20.171.207.106 - - [20/Jul/2025:05:20:50 +0000] "GET /entity/889268175.shtm HTTP/1.1" 404 13293 "-" "Mozilla/5.0 AppleWebKit/537.36 (KHTML, like Gecko; compatible; GPTBot/1.2; +https://openai.com/gptbot)"
20.171.207.106 - - [20/Jul/2025:05:20:52 +0000] "GET /entity/889131141.shtm HTTP/1.1" 404 13293 "-" "Mozilla/5.0 AppleWebKit/537.36 (KHTML, like Gecko; compatible; GPTBot/1.2; +https://openai.com/gptbot)"
20.171.207.106 - - [20/Jul/2025:05:20:55 +0000] "GET /entity/889242268.shtm HTTP/1.1" 404 13293 "-" "Mozilla/5.0 AppleWebKit/537.36 (KHTML, like Gecko; compatible; GPTBot/1.2; +https://openai.com/gptbot)"
20.171.207.106 - - [20/Jul/2025:05:20:59 +0000] "GET /entity/889088402.shtm HTTP/1.1" 404 13293 "-" "Mozilla/5.0 AppleWebKit/537.36 (KHTML, like Gecko; compatible; GPTBot/1.2; +https://openai.com/gptbot)"
20.171.207.106 - - [20/Jul/2025:05:21:00 +0000] "GET /entity/889154405.shtm HTTP/1.1" 404 13292 "-" "Mozilla/5.0 AppleWebKit/537.36 (KHTML, like Gecko; compatible; GPTBot/1.2; +https://openai.com/gptbot)"
209.74.77.214 - - [20/Jul/2025:05:21:05 +0000] "POST /wp-cron.php?doing_wp_cron=1752988865.1596529483795166015625 HTTP/1.1" 200 - "-" "WordPress/6.8.2; https://akaventures.com.au"
20.171.207.106 - - [20/Jul/2025:05:21:04 +0000] "GET /entity/889217466.shtm HTTP/1.1" 404 13293 "-" "Mozilla/5.0 AppleWebKit/537.36 (KHTML, like Gecko; compatible; GPTBot/1.2; +https://openai.com/gptbot)"
20.171.207.106 - - [20/Jul/2025:05:21:06 +0000] "GET /entity/889210136.shtm HTTP/1.1" 404 13293 "-" "Mozilla/5.0 AppleWebKit/537.36 (KHTML, like Gecko; compatible; GPTBot/1.2; +https://openai.com/gptbot)"
20.171.207.106 - - [20/Jul/2025:05:21:09 +0000] "GET /entity/889274985.shtm HTTP/1.1" 404 13292 "-" "Mozilla/5.0 AppleWebKit/537.36 (KHTML, like Gecko; compatible; GPTBot/1.2; +https://openai.com/gptbot)"
20.171.207.106 - - [20/Jul/2025:05:21:12 +0000] "GET /entity/889159614.shtm HTTP/1.1" 404 13292 "-" "Mozilla/5.0 AppleWebKit/537.36 (KHTML, like Gecko; compatible; GPTBot/1.2; +https://openai.com/gptbot)"
20.171.207.106 - - [20/Jul/2025:05:21:15 +0000] "GET /entity/889004074.shtm HTTP/1.1" 404 13292 "-" "Mozilla/5.0 AppleWebKit/537.36 (KHTML, like Gecko; compatible; GPTBot/1.2; +https://openai.com/gptbot)"
20.171.207.106 - - [20/Jul/2025:05:21:17 +0000] "GET /entity/889125678.shtm HTTP/1.1" 404 13292 "-" "Mozilla/5.0 AppleWebKit/537.36 (KHTML, like Gecko; compatible; GPTBot/1.2; +https://openai.com/gptbot)"
20.171.207.106 - - [20/Jul/2025:05:21:20 +0000] "GET /entity/889027852.shtm HTTP/1.1" 404 13292 "-" "Mozilla/5.0 AppleWebKit/537.36 (KHTML, like Gecko; compatible; GPTBot/1.2; +https://openai.com/gptbot)"
20.171.207.106 - - [20/Jul/2025:05:21:26 +0000] "GET /entity/889141100.shtm HTTP/1.1" 404 13292 "-" "Mozilla/5.0 AppleWebKit/537.36 (KHTML, like Gecko; compatible; GPTBot/1.2; +https://openai.com/gptbot)"
20.171.207.106 - - [20/Jul/2025:05:21:26 +0000] "GET /entity/889281614.shtm HTTP/1.1" 404 13292 "-" "Mozilla/5.0 AppleWebKit/537.36 (KHTML, like Gecko; compatible; GPTBot/1.2; +https://openai.com/gptbot)"
20.171.207.106 - - [20/Jul/2025:05:21:33 +0000] "GET /entity/889242268.shtm HTTP/1.1" 404 13292 "-" "Mozilla/5.0 AppleWebKit/537.36 (KHTML, like Gecko; compatible; GPTBot/1.2; +https://openai.com/gptbot)"
20.171.207.106 - - [20/Jul/2025:05:21:33 +0000] "GET /entity/889300120.shtm HTTP/1.1" 404 13292 "-" "Mozilla/5.0 AppleWebKit/537.36 (KHTML, like Gecko; compatible; GPTBot/1.2; +https://openai.com/gptbot)"
20.171.207.106 - - [20/Jul/2025:05:21:36 +0000] "GET /entity/889147725.shtm HTTP/1.1" 404 13292 "-" "Mozilla/5.0 AppleWebKit/537.36 (KHTML, like Gecko; compatible; GPTBot/1.2; +https://openai.com/gptbot)"
20.171.207.106 - - [20/Jul/2025:05:21:40 +0000] "GET /entity/889332837.shtm HTTP/1.1" 404 13292 "-" "Mozilla/5.0 AppleWebKit/537.36 (KHTML, like Gecko; compatible; GPTBot/1.2; +https://openai.com/gptbot)"
209.74.77.214 - - [20/Jul/2025:05:21:42 +0000] "POST /wp-cron.php?doing_wp_cron=1752988902.0366129875183105468750 HTTP/1.1" 200 - "-" "WordPress/6.8.2; https://akaventures.com.au"
20.171.207.106 - - [20/Jul/2025:05:21:41 +0000] "GET /entity/889313425.shtm HTTP/1.1" 404 13292 "-" "Mozilla/5.0 AppleWebKit/537.36 (KHTML, like Gecko; compatible; GPTBot/1.2; +https://openai.com/gptbot)"
20.171.207.106 - - [20/Jul/2025:05:21:45 +0000] "GET /entity/889198952.shtm HTTP/1.1" 404 13292 "-" "Mozilla/5.0 AppleWebKit/537.36 (KHTML, like Gecko; compatible; GPTBot/1.2; +https://openai.com/gptbot)"
20.171.207.106 - - [20/Jul/2025:05:21:47 +0000] "GET /entity/889252883.shtm HTTP/1.1" 404 13292 "-" "Mozilla/5.0 AppleWebKit/537.36 (KHTML, like Gecko; compatible; GPTBot/1.2; +https://openai.com/gptbot)"
20.171.207.106 - - [20/Jul/2025:05:21:51 +0000] "GET /entity/889170221.shtm HTTP/1.1" 404 13292 "-" "Mozilla/5.0 AppleWebKit/537.36 (KHTML, like Gecko; compatible; GPTBot/1.2; +https://openai.com/gptbot)"
20.171.207.106 - - [20/Jul/2025:05:21:52 +0000] "GET /entity/889301599.shtm HTTP/1.1" 404 13292 "-" "Mozilla/5.0 AppleWebKit/537.36 (KHTML, like Gecko; compatible; GPTBot/1.2; +https://openai.com/gptbot)"
20.171.207.106 - - [20/Jul/2025:05:21:55 +0000] "GET /entity/889141100.shtm HTTP/1.1" 404 13292 "-" "Mozilla/5.0 AppleWebKit/537.36 (KHTML, like Gecko; compatible; GPTBot/1.2; +https://openai.com/gptbot)"
66.249.68.3 - - [20/Jul/2025:05:21:58 +0000] "GET /?y=5991659131940&mod=33880528&uri=category-info.php%3Fid%3D200083-345%26name%3Dimportacion+ropa+americana HTTP/1.1" 200 19428 "-" "Mozilla/5.0 (Linux; Android 6.0.1; Nexus 5X Build/MMB29P) AppleWebKit/537.36 (KHTML, like Gecko) Chrome/137.0.7151.103 Mobile Safari/537.36 (compatible; Googlebot/2.1; +http://www.google.com/bot.html)"
20.171.207.106 - - [20/Jul/2025:05:21:59 +0000] "GET /entity/889308921.shtm HTTP/1.1" 404 13292 "-" "Mozilla/5.0 AppleWebKit/537.36 (KHTML, like Gecko; compatible; GPTBot/1.2; +https://openai.com/gptbot)"
20.171.207.106 - - [20/Jul/2025:05:22:01 +0000] "GET /entity/889336689.shtm HTTP/1.1" 404 13292 "-" "Mozilla/5.0 AppleWebKit/537.36 (KHTML, like Gecko; compatible; GPTBot/1.2; +https://openai.com/gptbot)"
209.74.77.214 - - [20/Jul/2025:05:22:04 +0000] "POST /wp-cron.php?doing_wp_cron=1752988924.9119598865509033203125 HTTP/1.1" 200 - "-" "WordPress/6.8.2; https://akaventures.com.au"
20.171.207.106 - - [20/Jul/2025:05:22:04 +0000] "GET /entity/889237067.shtm HTTP/1.1" 404 13293 "-" "Mozilla/5.0 AppleWebKit/537.36 (KHTML, like Gecko; compatible; GPTBot/1.2; +https://openai.com/gptbot)"
20.171.207.106 - - [20/Jul/2025:05:22:08 +0000] "GET /entity/889228967.shtm HTTP/1.1" 404 13293 "-" "Mozilla/5.0 AppleWebKit/537.36 (KHTML, like Gecko; compatible; GPTBot/1.2; +https://openai.com/gptbot)"
66.249.68.3 - - [20/Jul/2025:05:22:10 +0000] "GET /?y=5637602031940&mod=c20cbf08&uri=info.php%3Fid%3D188237-315%26name%3Ddelorean+uhren HTTP/1.1" 200 19380 "-" "Mozilla/5.0 (Linux; Android 6.0.1; Nexus 5X Build/MMB29P) AppleWebKit/537.36 (KHTML, like Gecko) Chrome/137.0.7151.103 Mobile Safari/537.36 (compatible; Googlebot/2.1; +http://www.google.com/bot.html)"
20.171.207.106 - - [20/Jul/2025:05:22:11 +0000] "GET /entity/889264323.shtm HTTP/1.1" 404 13292 "-" "Mozilla/5.0 AppleWebKit/537.36 (KHTML, like Gecko; compatible; GPTBot/1.2; +https://openai.com/gptbot)"
20.171.207.106 - - [20/Jul/2025:05:22:12 +0000] "GET /entity/889266054.shtm HTTP/1.1" 404 13292 "-" "Mozilla/5.0 AppleWebKit/537.36 (KHTML, like Gecko; compatible; GPTBot/1.2; +https://openai.com/gptbot)"
66.249.68.3 - - [20/Jul/2025:05:22:13 +0000] "GET /?y=48078210011940&mod=68b7007a&uri=brands.php%3Fid%3D1604483-341%26name%3Dcamara+web+elegate HTTP/1.1" 200 19401 "-" "Mozilla/5.0 (Linux; Android 6.0.1; Nexus 5X Build/MMB29P) AppleWebKit/537.36 (KHTML, like Gecko) Chrome/137.0.7151.103 Mobile Safari/537.36 (compatible; Googlebot/2.1; +http://www.google.com/bot.html)"
66.249.68.4 - - [20/Jul/2025:05:22:15 +0000] "GET /?y=5237841101940&mod=db07748a&uri=goods.php%3Fid%3D174867-314%26name%3Dwei%C3%83%C2%9Fe+lange+strickjacke+damen HTTP/1.1" 200 19430 "-" "Mozilla/5.0 (Linux; Android 6.0.1; Nexus 5X Build/MMB29P) AppleWebKit/537.36 (KHTML, like Gecko) Chrome/137.0.7151.103 Mobile Safari/537.36 (compatible; Googlebot/2.1; +http://www.google.com/bot.html)"
20.171.207.106 - - [20/Jul/2025:05:22:16 +0000] "GET /entity/889337339.shtm HTTP/1.1" 404 13292 "-" "Mozilla/5.0 AppleWebKit/537.36 (KHTML, like Gecko; compatible; GPTBot/1.2; +https://openai.com/gptbot)"
66.249.68.4 - - [20/Jul/2025:05:22:16 +0000] "POST /get-message-notify HTTP/1.1" 200 18285 "https://akaventures.com.au/?y=5637602031940&mod=c20cbf08&uri=info.php%3Fid%3D188237-315%26name%3Ddelorean+uhren" "Mozilla/5.0 (Linux; Android 6.0.1; Nexus 5X Build/MMB29P) AppleWebKit/537.36 (KHTML, like Gecko) Chrome/137.0.7151.119 Mobile Safari/537.36 (compatible; Googlebot/2.1; +http://www.google.com/bot.html)"
20.171.207.106 - - [20/Jul/2025:05:22:18 +0000] "GET /entity/889103885.shtm HTTP/1.1" 404 13292 "-" "Mozilla/5.0 AppleWebKit/537.36 (KHTML, like Gecko; compatible; GPTBot/1.2; +https://openai.com/gptbot)"
66.249.68.3 - - [20/Jul/2025:05:22:18 +0000] "POST /get-message-notify HTTP/1.1" 200 18285 "https://akaventures.com.au/?y=5237841101940&mod=db07748a&uri=goods.php%3Fid%3D174867-314%26name%3Dwei%C3%83%C2%9Fe+lange+strickjacke+damen" "Mozilla/5.0 (Linux; Android 6.0.1; Nexus 5X Build/MMB29P) AppleWebKit/537.36 (KHTML, like Gecko) Chrome/137.0.7151.119 Mobile Safari/537.36 (compatible; Googlebot/2.1; +http://www.google.com/bot.html)"
20.171.207.106 - - [20/Jul/2025:05:22:21 +0000] "GET /entity/889134993.shtm HTTP/1.1" 404 13292 "-" "Mozilla/5.0 AppleWebKit/537.36 (KHTML, like Gecko; compatible; GPTBot/1.2; +https://openai.com/gptbot)"
66.249.68.3 - - [20/Jul/2025:05:22:21 +0000] "GET /?y=5450982011940&mod=edb446b6&uri=dp.php%3Fid%3D181977-59%26name%3Dabito+elegante+con+giacca HTTP/1.1" 200 19392 "-" "Mozilla/5.0 (Linux; Android 6.0.1; Nexus 5X Build/MMB29P) AppleWebKit/537.36 (KHTML, like Gecko) Chrome/137.0.7151.103 Mobile Safari/537.36 (compatible; Googlebot/2.1; +http://www.google.com/bot.html)"
66.249.68.3 - - [20/Jul/2025:05:22:22 +0000] "GET /?y=5590685061940&mod=dc19fa59&uri=pin.php%3Fid%3D186638-331%26name%3Dprada+milano+shoes+mens HTTP/1.1" 200 19398 "-" "Mozilla/5.0 (Linux; Android 6.0.1; Nexus 5X Build/MMB29P) AppleWebKit/537.36 (KHTML, like Gecko) Chrome/137.0.7151.103 Mobile Safari/537.36 (compatible; Googlebot/2.1; +http://www.google.com/bot.html)"
20.171.207.106 - - [20/Jul/2025:05:22:24 +0000] "GET /entity/889173049.shtm HTTP/1.1" 404 13292 "-" "Mozilla/5.0 AppleWebKit/537.36 (KHTML, like Gecko; compatible; GPTBot/1.2; +https://openai.com/gptbot)"
66.249.68.3 - - [20/Jul/2025:05:22:24 +0000] "POST /get-message-notify HTTP/1.1" 200 18285 "https://akaventures.com.au/?y=5450982011940&mod=edb446b6&uri=dp.php%3Fid%3D181977-59%26name%3Dabito+elegante+con+giacca" "Mozilla/5.0 (Linux; Android 6.0.1; Nexus 5X Build/MMB29P) AppleWebKit/537.36 (KHTML, like Gecko) Chrome/137.0.7151.119 Mobile Safari/537.36 (compatible; Googlebot/2.1; +http://www.google.com/bot.html)"
66.249.68.3 - - [20/Jul/2025:05:22:25 +0000] "GET /?y=5488844021940&mod=3c50daca&uri=info.php%3Fid%3D183240-328%26name%3Dtommy+hilfiger+essentials+longboot HTTP/1.1" 200 19420 "-" "Mozilla/5.0 (Linux; Android 6.0.1; Nexus 5X Build/MMB29P) AppleWebKit/537.36 (KHTML, like Gecko) Chrome/137.0.7151.103 Mobile Safari/537.36 (compatible; Googlebot/2.1; +http://www.google.com/bot.html)"
20.171.207.106 - - [20/Jul/2025:05:22:28 +0000] "GET /entity/889308921.shtm HTTP/1.1" 404 13292 "-" "Mozilla/5.0 AppleWebKit/537.36 (KHTML, like Gecko; compatible; GPTBot/1.2; +https://openai.com/gptbot)"
66.249.68.3 - - [20/Jul/2025:05:22:28 +0000] "GET /index.php/items/alcohol/alcohol/4761524/ HTTP/1.1" 200 19035 "-" "Mozilla/5.0 (Linux; Android 6.0.1; Nexus 5X Build/MMB29P) AppleWebKit/537.36 (KHTML, like Gecko) Chrome/137.0.7151.103 Mobile Safari/537.36 (compatible; Googlebot/2.1; +http://www.google.com/bot.html)"
20.171.207.106 - - [20/Jul/2025:05:22:29 +0000] "GET /entity/889161737.shtm HTTP/1.1" 404 13293 "-" "Mozilla/5.0 AppleWebKit/537.36 (KHTML, like Gecko; compatible; GPTBot/1.2; +https://openai.com/gptbot)"
66.249.68.3 - - [20/Jul/2025:05:22:31 +0000] "GET /index.php/items/fashion/outerwear/2088912/ HTTP/1.1" 200 17937 "-" "Mozilla/5.0 (Linux; Android 6.0.1; Nexus 5X Build/MMB29P) AppleWebKit/537.36 (KHTML, like Gecko) Chrome/137.0.7151.103 Mobile Safari/537.36 (compatible; Googlebot/2.1; +http://www.google.com/bot.html)"
20.171.207.106 - - [20/Jul/2025:05:22:33 +0000] "GET /entity/889286108.shtm HTTP/1.1" 404 13292 "-" "Mozilla/5.0 AppleWebKit/537.36 (KHTML, like Gecko; compatible; GPTBot/1.2; +https://openai.com/gptbot)"
66.249.68.3 - - [20/Jul/2025:05:22:33 +0000] "GET /index.php/items/goods/rebirth-for-you/3998892/ HTTP/1.1" 200 19578 "-" "Mozilla/5.0 (Linux; Android 6.0.1; Nexus 5X Build/MMB29P) AppleWebKit/537.36 (KHTML, like Gecko) Chrome/137.0.7151.103 Mobile Safari/537.36 (compatible; Googlebot/2.1; +http://www.google.com/bot.html)"
66.249.68.3 - - [20/Jul/2025:05:22:34 +0000] "POST /get-message-notify HTTP/1.1" 200 18285 "https://akaventures.com.au/index.php/items/fashion/outerwear/2088912/" "Mozilla/5.0 (Linux; Android 6.0.1; Nexus 5X Build/MMB29P) AppleWebKit/537.36 (KHTML, like Gecko) Chrome/137.0.7151.119 Mobile Safari/537.36 (compatible; Googlebot/2.1; +http://www.google.com/bot.html)"
20.171.207.106 - - [20/Jul/2025:05:22:37 +0000] "GET /entity/889237067.shtm HTTP/1.1" 404 13292 "-" "Mozilla/5.0 AppleWebKit/537.36 (KHTML, like Gecko; compatible; GPTBot/1.2; +https://openai.com/gptbot)"
20.171.207.106 - - [20/Jul/2025:05:22:38 +0000] "GET /entity/889161034.shtm HTTP/1.1" 404 13292 "-" "Mozilla/5.0 AppleWebKit/537.36 (KHTML, like Gecko; compatible; GPTBot/1.2; +https://openai.com/gptbot)"
209.74.77.214 - - [20/Jul/2025:05:22:42 +0000] "POST /wp-cron.php?doing_wp_cron=1752988962.5540170669555664062500 HTTP/1.1" 200 - "-" "WordPress/6.8.2; https://akaventures.com.au"
20.171.207.106 - - [20/Jul/2025:05:22:42 +0000] "GET /entity/889339328.shtm HTTP/1.1" 404 13292 "-" "Mozilla/5.0 AppleWebKit/537.36 (KHTML, like Gecko; compatible; GPTBot/1.2; +https://openai.com/gptbot)"
20.171.207.106 - - [20/Jul/2025:05:22:44 +0000] "GET /entity/889168417.shtm HTTP/1.1" 404 13292 "-" "Mozilla/5.0 AppleWebKit/537.36 (KHTML, like Gecko; compatible; GPTBot/1.2; +https://openai.com/gptbot)"
20.171.207.106 - - [20/Jul/2025:05:22:47 +0000] "GET /entity/889097203.shtm HTTP/1.1" 404 13292 "-" "Mozilla/5.0 AppleWebKit/537.36 (KHTML, like Gecko; compatible; GPTBot/1.2; +https://openai.com/gptbot)"
20.171.207.106 - - [20/Jul/2025:05:22:49 +0000] "GET /entity/889307962.shtm HTTP/1.1" 404 13293 "-" "Mozilla/5.0 AppleWebKit/537.36 (KHTML, like Gecko; compatible; GPTBot/1.2; +https://openai.com/gptbot)"
20.171.207.106 - - [20/Jul/2025:05:22:52 +0000] "GET /entity/889330586.shtm HTTP/1.1" 404 13292 "-" "Mozilla/5.0 AppleWebKit/537.36 (KHTML, like Gecko; compatible; GPTBot/1.2; +https://openai.com/gptbot)"
20.171.207.106 - - [20/Jul/2025:05:22:55 +0000] "GET /entity/889057294.shtm HTTP/1.1" 404 13292 "-" "Mozilla/5.0 AppleWebKit/537.36 (KHTML, like Gecko; compatible; GPTBot/1.2; +https://openai.com/gptbot)"
66.249.68.3 - - [20/Jul/2025:05:22:55 +0000] "POST /get-message-notify HTTP/1.1" 200 18285 "https://akaventures.com.au/?y=5590685061940&mod=dc19fa59&uri=pin.php%3Fid%3D186638-331%26name%3Dprada+milano+shoes+mens" "Mozilla/5.0 (Linux; Android 6.0.1; Nexus 5X Build/MMB29P) AppleWebKit/537.36 (KHTML, like Gecko) Chrome/137.0.7151.119 Mobile Safari/537.36 (compatible; Googlebot/2.1; +http://www.google.com/bot.html)"
20.171.207.106 - - [20/Jul/2025:05:22:59 +0000] "GET /entity/889035499.shtm HTTP/1.1" 404 13292 "-" "Mozilla/5.0 AppleWebKit/537.36 (KHTML, like Gecko; compatible; GPTBot/1.2; +https://openai.com/gptbot)"
20.171.207.106 - - [20/Jul/2025:05:23:01 +0000] "GET /entity/889346008.shtm HTTP/1.1" 404 13293 "-" "Mozilla/5.0 AppleWebKit/537.36 (KHTML, like Gecko; compatible; GPTBot/1.2; +https://openai.com/gptbot)"
209.74.77.214 - - [20/Jul/2025:05:23:04 +0000] "POST /wp-cron.php?doing_wp_cron=1752988984.4897708892822265625000 HTTP/1.1" 200 - "-" "WordPress/6.8.2; https://akaventures.com.au"
20.171.207.106 - - [20/Jul/2025:05:23:04 +0000] "GET /entity/889286108.shtm HTTP/1.1" 404 13292 "-" "Mozilla/5.0 AppleWebKit/537.36 (KHTML, like Gecko; compatible; GPTBot/1.2; +https://openai.com/gptbot)"
20.171.207.106 - - [20/Jul/2025:05:23:08 +0000] "GET /entity/889248379.shtm HTTP/1.1" 404 13293 "-" "Mozilla/5.0 AppleWebKit/537.36 (KHTML, like Gecko; compatible; GPTBot/1.2; +https://openai.com/gptbot)"
20.171.207.106 - - [20/Jul/2025:05:23:09 +0000] "GET /entity/889037360.shtm HTTP/1.1" 404 13293 "-" "Mozilla/5.0 AppleWebKit/537.36 (KHTML, like Gecko; compatible; GPTBot/1.2; +https://openai.com/gptbot)"
66.249.68.4 - - [20/Jul/2025:05:23:10 +0000] "POST /get-message-notify HTTP/1.1" 200 18285 "https://akaventures.com.au/index.php/items/alcohol/alcohol/4761524/" "Mozilla/5.0 (Linux; Android 6.0.1; Nexus 5X Build/MMB29P) AppleWebKit/537.36 (KHTML, like Gecko) Chrome/137.0.7151.119 Mobile Safari/537.36 (compatible; Googlebot/2.1; +http://www.google.com/bot.html)"
20.171.207.106 - - [20/Jul/2025:05:23:12 +0000] "GET /entity/889112369.shtm HTTP/1.1" 404 13292 "-" "Mozilla/5.0 AppleWebKit/537.36 (KHTML, like Gecko; compatible; GPTBot/1.2; +https://openai.com/gptbot)"
20.171.207.106 - - [20/Jul/2025:05:23:16 +0000] "GET /entity/889048487.shtm HTTP/1.1" 404 13292 "-" "Mozilla/5.0 AppleWebKit/537.36 (KHTML, like Gecko; compatible; GPTBot/1.2; +https://openai.com/gptbot)"
20.171.207.106 - - [20/Jul/2025:05:23:18 +0000] "GET /entity/889283341.shtm HTTP/1.1" 404 13292 "-" "Mozilla/5.0 AppleWebKit/537.36 (KHTML, like Gecko; compatible; GPTBot/1.2; +https://openai.com/gptbot)"
20.171.207.106 - - [20/Jul/2025:05:23:21 +0000] "GET /entity/889307962.shtm HTTP/1.1" 404 13291 "-" "Mozilla/5.0 AppleWebKit/537.36 (KHTML, like Gecko; compatible; GPTBot/1.2; +https://openai.com/gptbot)"
20.171.207.106 - - [20/Jul/2025:05:23:25 +0000] "GET /entity/889293499.shtm HTTP/1.1" 404 13291 "-" "Mozilla/5.0 AppleWebKit/537.36 (KHTML, like Gecko; compatible; GPTBot/1.2; +https://openai.com/gptbot)"
20.171.207.106 - - [20/Jul/2025:05:23:26 +0000] "GET /entity/889330586.shtm HTTP/1.1" 404 13291 "-" "Mozilla/5.0 AppleWebKit/537.36 (KHTML, like Gecko; compatible; GPTBot/1.2; +https://openai.com/gptbot)"
20.171.207.106 - - [20/Jul/2025:05:23:29 +0000] "GET /entity/889083898.shtm HTTP/1.1" 404 13291 "-" "Mozilla/5.0 AppleWebKit/537.36 (KHTML, like Gecko; compatible; GPTBot/1.2; +https://openai.com/gptbot)"
20.171.207.106 - - [20/Jul/2025:05:23:33 +0000] "GET /entity/889118998.shtm HTTP/1.1" 404 13293 "-" "Mozilla/5.0 AppleWebKit/537.36 (KHTML, like Gecko; compatible; GPTBot/1.2; +https://openai.com/gptbot)"
20.171.207.106 - - [20/Jul/2025:05:23:35 +0000] "GET /entity/888837212.shtm HTTP/1.1" 404 13293 "-" "Mozilla/5.0 AppleWebKit/537.36 (KHTML, like Gecko; compatible; GPTBot/1.2; +https://openai.com/gptbot)"
20.171.207.106 - - [20/Jul/2025:05:23:38 +0000] "GET /entity/888848396.shtm HTTP/1.1" 404 13293 "-" "Mozilla/5.0 AppleWebKit/537.36 (KHTML, like Gecko; compatible; GPTBot/1.2; +https://openai.com/gptbot)"
209.74.77.214 - - [20/Jul/2025:05:23:44 +0000] "POST /wp-cron.php?doing_wp_cron=1752989024.9288570880889892578125 HTTP/1.1" 200 - "-" "WordPress/6.8.2; https://akaventures.com.au"
20.171.207.106 - - [20/Jul/2025:05:23:44 +0000] "GET /entity/888803146.shtm HTTP/1.1" 404 13293 "-" "Mozilla/5.0 AppleWebKit/537.36 (KHTML, like Gecko; compatible; GPTBot/1.2; +https://openai.com/gptbot)"
20.171.207.106 - - [20/Jul/2025:05:23:45 +0000] "GET /entity/888895637.shtm HTTP/1.1" 404 13293 "-" "Mozilla/5.0 AppleWebKit/537.36 (KHTML, like Gecko; compatible; GPTBot/1.2; +https://openai.com/gptbot)"
20.171.207.106 - - [20/Jul/2025:05:23:47 +0000] "GET /entity/888894934.shtm HTTP/1.1" 404 13293 "-" "Mozilla/5.0 AppleWebKit/537.36 (KHTML, like Gecko; compatible; GPTBot/1.2; +https://openai.com/gptbot)"
20.171.207.106 - - [20/Jul/2025:05:23:50 +0000] "GET /entity/889048487.shtm HTTP/1.1" 404 13293 "-" "Mozilla/5.0 AppleWebKit/537.36 (KHTML, like Gecko; compatible; GPTBot/1.2; +https://openai.com/gptbot)"
20.171.207.106 - - [20/Jul/2025:05:23:55 +0000] "GET /entity/888841775.shtm HTTP/1.1" 404 13293 "-" "Mozilla/5.0 AppleWebKit/537.36 (KHTML, like Gecko; compatible; GPTBot/1.2; +https://openai.com/gptbot)"
