20.171.207.106 - - [19/Jul/2025:13:03:50 +0000] "GET /entity/920743.shtm HTTP/1.1" 404 13293 "-" "Mozilla/5.0 AppleWebKit/537.36 (KHTML, like Gecko; compatible; GPTBot/1.2; +https://openai.com/gptbot)"
209.74.77.214 - - [19/Jul/2025:13:04:09 +0000] "POST /wp-cron.php?doing_wp_cron=1752930249.7288930416107177734375 HTTP/1.1" 200 - "-" "WordPress/6.8.2; https://akaventures.com.au"
20.171.207.106 - - [19/Jul/2025:13:04:09 +0000] "GET /entity/696029.shtm HTTP/1.1" 404 13293 "-" "Mozilla/5.0 AppleWebKit/537.36 (KHTML, like Gecko; compatible; GPTBot/1.2; +https://openai.com/gptbot)"
20.171.207.106 - - [19/Jul/2025:13:04:29 +0000] "GET /entity/1071078.shtm HTTP/1.1" 404 13293 "-" "Mozilla/5.0 AppleWebKit/537.36 (KHTML, like Gecko; compatible; GPTBot/1.2; +https://openai.com/gptbot)"
209.74.77.214 - - [19/Jul/2025:13:04:50 +0000] "POST /wp-cron.php?doing_wp_cron=1752930290.1557500362396240234375 HTTP/1.1" 200 - "-" "WordPress/6.8.2; https://akaventures.com.au"
20.171.207.106 - - [19/Jul/2025:13:04:49 +0000] "GET /entity/775735.shtm HTTP/1.1" 404 13293 "-" "Mozilla/5.0 AppleWebKit/537.36 (KHTML, like Gecko; compatible; GPTBot/1.2; +https://openai.com/gptbot)"
20.171.207.106 - - [19/Jul/2025:13:05:11 +0000] "GET /entity/683886.shtm HTTP/1.1" 404 13293 "-" "Mozilla/5.0 AppleWebKit/537.36 (KHTML, like Gecko; compatible; GPTBot/1.2; +https://openai.com/gptbot)"
20.171.207.106 - - [19/Jul/2025:13:05:32 +0000] "GET /entity/815585.shtm HTTP/1.1" 404 13293 "-" "Mozilla/5.0 AppleWebKit/537.36 (KHTML, like Gecko; compatible; GPTBot/1.2; +https://openai.com/gptbot)"
209.74.77.214 - - [19/Jul/2025:13:05:53 +0000] "POST /wp-cron.php?doing_wp_cron=1752930353.5604779720306396484375 HTTP/1.1" 200 - "-" "WordPress/6.8.2; https://akaventures.com.au"
20.171.207.106 - - [19/Jul/2025:13:05:53 +0000] "GET /entity/949474.shtm HTTP/1.1" 404 13293 "-" "Mozilla/5.0 AppleWebKit/537.36 (KHTML, like Gecko; compatible; GPTBot/1.2; +https://openai.com/gptbot)"
209.74.77.214 - - [19/Jul/2025:13:06:13 +0000] "POST /wp-cron.php?doing_wp_cron=1752930373.8653659820556640625000 HTTP/1.1" 200 - "-" "WordPress/6.8.2; https://akaventures.com.au"
20.171.207.106 - - [19/Jul/2025:13:06:13 +0000] "GET /entity/528858.shtm HTTP/1.1" 404 13293 "-" "Mozilla/5.0 AppleWebKit/537.36 (KHTML, like Gecko; compatible; GPTBot/1.2; +https://openai.com/gptbot)"
20.171.207.106 - - [19/Jul/2025:13:06:34 +0000] "GET /entity/737106.shtm HTTP/1.1" 404 13293 "-" "Mozilla/5.0 AppleWebKit/537.36 (KHTML, like Gecko; compatible; GPTBot/1.2; +https://openai.com/gptbot)"
20.171.207.106 - - [19/Jul/2025:13:06:54 +0000] "GET /entity/908909.shtm HTTP/1.1" 404 13293 "-" "Mozilla/5.0 AppleWebKit/537.36 (KHTML, like Gecko; compatible; GPTBot/1.2; +https://openai.com/gptbot)"
209.74.77.214 - - [19/Jul/2025:13:07:16 +0000] "POST /wp-cron.php?doing_wp_cron=1752930436.3979771137237548828125 HTTP/1.1" 200 - "-" "WordPress/6.8.2; https://akaventures.com.au"
20.171.207.106 - - [19/Jul/2025:13:07:16 +0000] "GET /entity/963933.shtm HTTP/1.1" 404 13293 "-" "Mozilla/5.0 AppleWebKit/537.36 (KHTML, like Gecko; compatible; GPTBot/1.2; +https://openai.com/gptbot)"
20.171.207.106 - - [19/Jul/2025:13:07:38 +0000] "GET /entity/664604.shtm HTTP/1.1" 404 13293 "-" "Mozilla/5.0 AppleWebKit/537.36 (KHTML, like Gecko; compatible; GPTBot/1.2; +https://openai.com/gptbot)"
20.171.207.106 - - [19/Jul/2025:13:08:00 +0000] "GET /entity/946646.shtm HTTP/1.1" 404 13293 "-" "Mozilla/5.0 AppleWebKit/537.36 (KHTML, like Gecko; compatible; GPTBot/1.2; +https://openai.com/gptbot)"
209.74.77.214 - - [19/Jul/2025:13:08:22 +0000] "POST /wp-cron.php?doing_wp_cron=1752930501.9972369670867919921875 HTTP/1.1" 200 - "-" "WordPress/6.8.2; https://akaventures.com.au"
20.171.207.106 - - [19/Jul/2025:13:08:21 +0000] "GET /entity/812822.shtm HTTP/1.1" 404 13293 "-" "Mozilla/5.0 AppleWebKit/537.36 (KHTML, like Gecko; compatible; GPTBot/1.2; +https://openai.com/gptbot)"
209.74.77.214 - - [19/Jul/2025:13:08:41 +0000] "POST /wp-cron.php?doing_wp_cron=1752930521.9654328823089599609375 HTTP/1.1" 200 - "-" "WordPress/6.8.2; https://akaventures.com.au"
20.171.207.106 - - [19/Jul/2025:13:08:41 +0000] "GET /entity/959951.shtm HTTP/1.1" 404 13293 "-" "Mozilla/5.0 AppleWebKit/537.36 (KHTML, like Gecko; compatible; GPTBot/1.2; +https://openai.com/gptbot)"
20.171.207.106 - - [19/Jul/2025:13:09:01 +0000] "GET /entity/902099.shtm HTTP/1.1" 404 13293 "-" "Mozilla/5.0 AppleWebKit/537.36 (KHTML, like Gecko; compatible; GPTBot/1.2; +https://openai.com/gptbot)"
209.74.77.214 - - [19/Jul/2025:13:09:20 +0000] "POST /wp-cron.php?doing_wp_cron=1752930560.7077078819274902343750 HTTP/1.1" 200 - "-" "WordPress/6.8.2; https://akaventures.com.au"
20.171.207.106 - - [19/Jul/2025:13:09:20 +0000] "GET /entity/757733.shtm HTTP/1.1" 404 13293 "-" "Mozilla/5.0 AppleWebKit/537.36 (KHTML, like Gecko; compatible; GPTBot/1.2; +https://openai.com/gptbot)"
209.74.77.214 - - [19/Jul/2025:13:09:42 +0000] "POST /wp-cron.php?doing_wp_cron=1752930582.8222239017486572265625 HTTP/1.1" 200 - "-" "WordPress/6.8.2; https://akaventures.com.au"
20.171.207.106 - - [19/Jul/2025:13:09:42 +0000] "GET /entity/771172.shtm HTTP/1.1" 404 13293 "-" "Mozilla/5.0 AppleWebKit/537.36 (KHTML, like Gecko; compatible; GPTBot/1.2; +https://openai.com/gptbot)"
209.74.77.214 - - [19/Jul/2025:13:10:02 +0000] "POST /wp-cron.php?doing_wp_cron=1752930602.8519470691680908203125 HTTP/1.1" 200 - "-" "WordPress/6.8.2; https://akaventures.com.au"
20.171.207.106 - - [19/Jul/2025:13:10:02 +0000] "GET /entity/909559.shtm HTTP/1.1" 404 13293 "-" "Mozilla/5.0 AppleWebKit/537.36 (KHTML, like Gecko; compatible; GPTBot/1.2; +https://openai.com/gptbot)"
20.171.207.106 - - [19/Jul/2025:13:10:24 +0000] "GET /entity/993944.shtm HTTP/1.1" 404 13293 "-" "Mozilla/5.0 AppleWebKit/537.36 (KHTML, like Gecko; compatible; GPTBot/1.2; +https://openai.com/gptbot)"
209.74.77.214 - - [19/Jul/2025:13:10:45 +0000] "POST /wp-cron.php?doing_wp_cron=1752930645.8369190692901611328125 HTTP/1.1" 200 - "-" "WordPress/6.8.2; https://akaventures.com.au"
20.171.207.106 - - [19/Jul/2025:13:10:45 +0000] "GET /entity/963933.shtm HTTP/1.1" 404 13293 "-" "Mozilla/5.0 AppleWebKit/537.36 (KHTML, like Gecko; compatible; GPTBot/1.2; +https://openai.com/gptbot)"
209.74.77.214 - - [19/Jul/2025:13:11:07 +0000] "POST /wp-cron.php?doing_wp_cron=1752930667.2199599742889404296875 HTTP/1.1" 200 - "-" "WordPress/6.8.2; https://akaventures.com.au"
20.171.207.106 - - [19/Jul/2025:13:11:07 +0000] "GET /entity/566776.shtm HTTP/1.1" 404 13293 "-" "Mozilla/5.0 AppleWebKit/537.36 (KHTML, like Gecko; compatible; GPTBot/1.2; +https://openai.com/gptbot)"
20.171.207.106 - - [19/Jul/2025:13:11:25 +0000] "GET /entity/784477.shtm HTTP/1.1" 404 13293 "-" "Mozilla/5.0 AppleWebKit/537.36 (KHTML, like Gecko; compatible; GPTBot/1.2; +https://openai.com/gptbot)"
209.74.77.214 - - [19/Jul/2025:13:11:45 +0000] "POST /wp-cron.php?doing_wp_cron=1752930705.0701370239257812500000 HTTP/1.1" 200 - "-" "WordPress/6.8.2; https://akaventures.com.au"
20.171.207.106 - - [19/Jul/2025:13:11:44 +0000] "GET /entity/595255.shtm HTTP/1.1" 404 13293 "-" "Mozilla/5.0 AppleWebKit/537.36 (KHTML, like Gecko; compatible; GPTBot/1.2; +https://openai.com/gptbot)"
209.74.77.214 - - [19/Jul/2025:13:12:06 +0000] "POST /wp-cron.php?doing_wp_cron=1752930726.7620780467987060546875 HTTP/1.1" 200 - "-" "WordPress/6.8.2; https://akaventures.com.au"
20.171.207.106 - - [19/Jul/2025:13:12:06 +0000] "GET /entity/812822.shtm HTTP/1.1" 404 13293 "-" "Mozilla/5.0 AppleWebKit/537.36 (KHTML, like Gecko; compatible; GPTBot/1.2; +https://openai.com/gptbot)"
198.46.234.28 - - [19/Jul/2025:13:12:25 +0000] "POST /index.php/wp-json/litespeed/v1/cdn_status HTTP/1.1" 404 117 "https://akaventures.com.au/wp-admin/update.php?action=upload-plugin" "Mozilla/5.0 (Windows NT 10.0; Win64; x64; rv:128.0) Gecko/20100101 Firefox/128.0"
20.171.207.106 - - [19/Jul/2025:13:12:27 +0000] "GET /entity/854858.shtm HTTP/1.1" 404 13293 "-" "Mozilla/5.0 AppleWebKit/537.36 (KHTML, like Gecko; compatible; GPTBot/1.2; +https://openai.com/gptbot)"
209.74.77.214 - - [19/Jul/2025:13:12:48 +0000] "POST /wp-cron.php?doing_wp_cron=1752930768.8864951133728027343750 HTTP/1.1" 200 - "-" "WordPress/6.8.2; https://akaventures.com.au"
20.171.207.106 - - [19/Jul/2025:13:12:48 +0000] "GET /entity/959951.shtm HTTP/1.1" 404 13293 "-" "Mozilla/5.0 AppleWebKit/537.36 (KHTML, like Gecko; compatible; GPTBot/1.2; +https://openai.com/gptbot)"
20.171.207.106 - - [19/Jul/2025:13:13:09 +0000] "GET /entity/664474.shtm HTTP/1.1" 404 13293 "-" "Mozilla/5.0 AppleWebKit/537.36 (KHTML, like Gecko; compatible; GPTBot/1.2; +https://openai.com/gptbot)"
20.171.207.106 - - [19/Jul/2025:13:13:29 +0000] "GET /entity/902099.shtm HTTP/1.1" 404 13293 "-" "Mozilla/5.0 AppleWebKit/537.36 (KHTML, like Gecko; compatible; GPTBot/1.2; +https://openai.com/gptbot)"
20.171.207.106 - - [19/Jul/2025:13:13:50 +0000] "GET /entity/661776.shtm HTTP/1.1" 404 13293 "-" "Mozilla/5.0 AppleWebKit/537.36 (KHTML, like Gecko; compatible; GPTBot/1.2; +https://openai.com/gptbot)"
209.74.77.214 - - [19/Jul/2025:13:14:09 +0000] "POST /wp-cron.php?doing_wp_cron=1752930849.0837330818176269531250 HTTP/1.1" 200 - "-" "WordPress/6.8.2; https://akaventures.com.au"
20.171.207.106 - - [19/Jul/2025:13:14:08 +0000] "GET /entity/511055.shtm HTTP/1.1" 404 13293 "-" "Mozilla/5.0 AppleWebKit/537.36 (KHTML, like Gecko; compatible; GPTBot/1.2; +https://openai.com/gptbot)"
20.171.207.106 - - [19/Jul/2025:13:14:30 +0000] "GET /entity/535538.shtm HTTP/1.1" 404 13293 "-" "Mozilla/5.0 AppleWebKit/537.36 (KHTML, like Gecko; compatible; GPTBot/1.2; +https://openai.com/gptbot)"
209.74.77.214 - - [19/Jul/2025:13:14:51 +0000] "POST /wp-cron.php?doing_wp_cron=1752930891.3777010440826416015625 HTTP/1.1" 200 - "-" "WordPress/6.8.2; https://akaventures.com.au"
20.171.207.106 - - [19/Jul/2025:13:14:51 +0000] "GET /entity/853383.shtm HTTP/1.1" 404 13293 "-" "Mozilla/5.0 AppleWebKit/537.36 (KHTML, like Gecko; compatible; GPTBot/1.2; +https://openai.com/gptbot)"
20.171.207.106 - - [19/Jul/2025:13:15:11 +0000] "GET /entity/588758.shtm HTTP/1.1" 404 13293 "-" "Mozilla/5.0 AppleWebKit/537.36 (KHTML, like Gecko; compatible; GPTBot/1.2; +https://openai.com/gptbot)"
20.171.207.106 - - [19/Jul/2025:13:15:32 +0000] "GET /entity/575587.shtm HTTP/1.1" 404 13293 "-" "Mozilla/5.0 AppleWebKit/537.36 (KHTML, like Gecko; compatible; GPTBot/1.2; +https://openai.com/gptbot)"
20.171.207.106 - - [19/Jul/2025:13:15:52 +0000] "GET /entity/500440.shtm HTTP/1.1" 404 13293 "-" "Mozilla/5.0 AppleWebKit/537.36 (KHTML, like Gecko; compatible; GPTBot/1.2; +https://openai.com/gptbot)"
20.171.207.106 - - [19/Jul/2025:13:16:13 +0000] "GET /entity/626676.shtm HTTP/1.1" 404 13293 "-" "Mozilla/5.0 AppleWebKit/537.36 (KHTML, like Gecko; compatible; GPTBot/1.2; +https://openai.com/gptbot)"
20.171.207.106 - - [19/Jul/2025:13:16:36 +0000] "GET /entity/854858.shtm HTTP/1.1" 404 13293 "-" "Mozilla/5.0 AppleWebKit/537.36 (KHTML, like Gecko; compatible; GPTBot/1.2; +https://openai.com/gptbot)"
20.171.207.106 - - [19/Jul/2025:13:16:55 +0000] "GET /entity/660622.shtm HTTP/1.1" 404 13293 "-" "Mozilla/5.0 AppleWebKit/537.36 (KHTML, like Gecko; compatible; GPTBot/1.2; +https://openai.com/gptbot)"
209.74.77.214 - - [19/Jul/2025:13:17:16 +0000] "POST /wp-cron.php?doing_wp_cron=1752931036.1405110359191894531250 HTTP/1.1" 200 - "-" "WordPress/6.8.2; https://akaventures.com.au"
20.171.207.106 - - [19/Jul/2025:13:17:15 +0000] "GET /entity/664474.shtm HTTP/1.1" 404 13293 "-" "Mozilla/5.0 AppleWebKit/537.36 (KHTML, like Gecko; compatible; GPTBot/1.2; +https://openai.com/gptbot)"
20.171.207.106 - - [19/Jul/2025:13:17:35 +0000] "GET /entity/559454.shtm HTTP/1.1" 404 13293 "-" "Mozilla/5.0 AppleWebKit/537.36 (KHTML, like Gecko; compatible; GPTBot/1.2; +https://openai.com/gptbot)"
209.74.77.214 - - [19/Jul/2025:13:17:55 +0000] "POST /wp-cron.php?doing_wp_cron=1752931075.4130198955535888671875 HTTP/1.1" 200 - "-" "WordPress/6.8.2; https://akaventures.com.au"
20.171.207.106 - - [19/Jul/2025:13:17:55 +0000] "GET /entity/820282.shtm HTTP/1.1" 404 13293 "-" "Mozilla/5.0 AppleWebKit/537.36 (KHTML, like Gecko; compatible; GPTBot/1.2; +https://openai.com/gptbot)"
209.74.77.214 - - [19/Jul/2025:13:18:16 +0000] "POST /wp-cron.php?doing_wp_cron=1752931096.1774051189422607421875 HTTP/1.1" 200 - "-" "WordPress/6.8.2; https://akaventures.com.au"
20.171.207.106 - - [19/Jul/2025:13:18:15 +0000] "GET /entity/776377.shtm HTTP/1.1" 404 13293 "-" "Mozilla/5.0 AppleWebKit/537.36 (KHTML, like Gecko; compatible; GPTBot/1.2; +https://openai.com/gptbot)"
20.171.207.106 - - [19/Jul/2025:13:18:36 +0000] "GET /entity/552825.shtm HTTP/1.1" 404 13293 "-" "Mozilla/5.0 AppleWebKit/537.36 (KHTML, like Gecko; compatible; GPTBot/1.2; +https://openai.com/gptbot)"
209.74.77.214 - - [19/Jul/2025:13:18:57 +0000] "POST /wp-cron.php?doing_wp_cron=1752931137.5975821018218994140625 HTTP/1.1" 200 - "-" "WordPress/6.8.2; https://akaventures.com.au"
20.171.207.106 - - [19/Jul/2025:13:18:57 +0000] "GET /entity/655155.shtm HTTP/1.1" 404 13293 "-" "Mozilla/5.0 AppleWebKit/537.36 (KHTML, like Gecko; compatible; GPTBot/1.2; +https://openai.com/gptbot)"
209.74.77.214 - - [19/Jul/2025:13:19:18 +0000] "POST /wp-cron.php?doing_wp_cron=1752931158.1763260364532470703125 HTTP/1.1" 200 - "-" "WordPress/6.8.2; https://akaventures.com.au"
20.171.207.106 - - [19/Jul/2025:13:19:17 +0000] "GET /entity/553532.shtm HTTP/1.1" 404 13293 "-" "Mozilla/5.0 AppleWebKit/537.36 (KHTML, like Gecko; compatible; GPTBot/1.2; +https://openai.com/gptbot)"
20.171.207.106 - - [19/Jul/2025:13:19:40 +0000] "GET /entity/533551.shtm HTTP/1.1" 404 13293 "-" "Mozilla/5.0 AppleWebKit/537.36 (KHTML, like Gecko; compatible; GPTBot/1.2; +https://openai.com/gptbot)"
209.74.77.214 - - [19/Jul/2025:13:19:59 +0000] "POST /wp-cron.php?doing_wp_cron=1752931199.9478800296783447265625 HTTP/1.1" 200 - "-" "WordPress/6.8.2; https://akaventures.com.au"
20.171.207.106 - - [19/Jul/2025:13:19:59 +0000] "GET /entity/999738.shtm HTTP/1.1" 404 13293 "-" "Mozilla/5.0 AppleWebKit/537.36 (KHTML, like Gecko; compatible; GPTBot/1.2; +https://openai.com/gptbot)"
209.74.77.214 - - [19/Jul/2025:13:20:24 +0000] "POST /wp-cron.php?doing_wp_cron=1752931224.1165139675140380859375 HTTP/1.1" 200 - "-" "WordPress/6.8.2; https://akaventures.com.au"
20.171.207.106 - - [19/Jul/2025:13:20:23 +0000] "GET /entity/599942.shtm HTTP/1.1" 404 13293 "-" "Mozilla/5.0 AppleWebKit/537.36 (KHTML, like Gecko; compatible; GPTBot/1.2; +https://openai.com/gptbot)"
209.74.77.214 - - [19/Jul/2025:13:20:41 +0000] "POST /wp-cron.php?doing_wp_cron=1752931241.8996319770812988281250 HTTP/1.1" 200 - "-" "WordPress/6.8.2; https://akaventures.com.au"
20.171.207.106 - - [19/Jul/2025:13:20:41 +0000] "GET /entity/711142.shtm HTTP/1.1" 404 13293 "-" "Mozilla/5.0 AppleWebKit/537.36 (KHTML, like Gecko; compatible; GPTBot/1.2; +https://openai.com/gptbot)"
209.74.77.214 - - [19/Jul/2025:13:21:02 +0000] "POST /wp-cron.php?doing_wp_cron=1752931262.1735370159149169921875 HTTP/1.1" 200 - "-" "WordPress/6.8.2; https://akaventures.com.au"
20.171.207.106 - - [19/Jul/2025:13:21:01 +0000] "GET /entity/855561.shtm HTTP/1.1" 404 13292 "-" "Mozilla/5.0 AppleWebKit/537.36 (KHTML, like Gecko; compatible; GPTBot/1.2; +https://openai.com/gptbot)"
20.171.207.106 - - [19/Jul/2025:13:21:22 +0000] "GET /entity/822275.shtm HTTP/1.1" 404 13291 "-" "Mozilla/5.0 AppleWebKit/537.36 (KHTML, like Gecko; compatible; GPTBot/1.2; +https://openai.com/gptbot)"
209.74.77.214 - - [19/Jul/2025:13:21:43 +0000] "POST /wp-cron.php?doing_wp_cron=1752931303.2071468830108642578125 HTTP/1.1" 200 - "-" "WordPress/6.8.2; https://akaventures.com.au"
20.171.207.106 - - [19/Jul/2025:13:21:43 +0000] "GET /entity/960008.shtm HTTP/1.1" 404 13292 "-" "Mozilla/5.0 AppleWebKit/537.36 (KHTML, like Gecko; compatible; GPTBot/1.2; +https://openai.com/gptbot)"
209.74.77.214 - - [19/Jul/2025:13:22:05 +0000] "POST /wp-cron.php?doing_wp_cron=1752931325.4982500076293945312500 HTTP/1.1" 200 - "-" "WordPress/6.8.2; https://akaventures.com.au"
20.171.207.106 - - [19/Jul/2025:13:22:05 +0000] "GET /entity/552825.shtm HTTP/1.1" 404 13293 "-" "Mozilla/5.0 AppleWebKit/537.36 (KHTML, like Gecko; compatible; GPTBot/1.2; +https://openai.com/gptbot)"
20.171.207.106 - - [19/Jul/2025:13:22:24 +0000] "GET /entity/822265.shtm HTTP/1.1" 404 13293 "-" "Mozilla/5.0 AppleWebKit/537.36 (KHTML, like Gecko; compatible; GPTBot/1.2; +https://openai.com/gptbot)"
209.74.77.214 - - [19/Jul/2025:13:22:43 +0000] "POST /wp-cron.php?doing_wp_cron=1752931363.6131350994110107421875 HTTP/1.1" 200 - "-" "WordPress/6.8.2; https://akaventures.com.au"
20.171.207.106 - - [19/Jul/2025:13:22:43 +0000] "GET /entity/922218.shtm HTTP/1.1" 404 13293 "-" "Mozilla/5.0 AppleWebKit/537.36 (KHTML, like Gecko; compatible; GPTBot/1.2; +https://openai.com/gptbot)"
209.74.77.214 - - [19/Jul/2025:13:23:05 +0000] "POST /wp-cron.php?doing_wp_cron=1752931385.8942849636077880859375 HTTP/1.1" 200 - "-" "WordPress/6.8.2; https://akaventures.com.au"
20.171.207.106 - - [19/Jul/2025:13:23:05 +0000] "GET /entity/966631.shtm HTTP/1.1" 404 13293 "-" "Mozilla/5.0 AppleWebKit/537.36 (KHTML, like Gecko; compatible; GPTBot/1.2; +https://openai.com/gptbot)"
20.171.207.106 - - [19/Jul/2025:13:23:25 +0000] "GET /entity/888794.shtm HTTP/1.1" 404 13293 "-" "Mozilla/5.0 AppleWebKit/537.36 (KHTML, like Gecko; compatible; GPTBot/1.2; +https://openai.com/gptbot)"
209.74.77.214 - - [19/Jul/2025:13:23:46 +0000] "POST /wp-cron.php?doing_wp_cron=1752931426.1042768955230712890625 HTTP/1.1" 200 - "-" "WordPress/6.8.2; https://akaventures.com.au"
20.171.207.106 - - [19/Jul/2025:13:23:45 +0000] "GET /entity/999738.shtm HTTP/1.1" 404 13293 "-" "Mozilla/5.0 AppleWebKit/537.36 (KHTML, like Gecko; compatible; GPTBot/1.2; +https://openai.com/gptbot)"
209.74.77.214 - - [19/Jul/2025:13:24:07 +0000] "POST /wp-cron.php?doing_wp_cron=1752931447.9152050018310546875000 HTTP/1.1" 200 - "-" "WordPress/6.8.2; https://akaventures.com.au"
20.171.207.106 - - [19/Jul/2025:13:24:07 +0000] "GET /entity/600072.shtm HTTP/1.1" 404 13293 "-" "Mozilla/5.0 AppleWebKit/537.36 (KHTML, like Gecko; compatible; GPTBot/1.2; +https://openai.com/gptbot)"
20.171.207.106 - - [19/Jul/2025:13:24:28 +0000] "GET /entity/777852.shtm HTTP/1.1" 404 13293 "-" "Mozilla/5.0 AppleWebKit/537.36 (KHTML, like Gecko; compatible; GPTBot/1.2; +https://openai.com/gptbot)"
209.74.77.214 - - [19/Jul/2025:13:24:49 +0000] "POST /wp-cron.php?doing_wp_cron=1752931489.5448811054229736328125 HTTP/1.1" 200 - "-" "WordPress/6.8.2; https://akaventures.com.au"
20.171.207.106 - - [19/Jul/2025:13:24:49 +0000] "GET /entity/700019.shtm HTTP/1.1" 404 13293 "-" "Mozilla/5.0 AppleWebKit/537.36 (KHTML, like Gecko; compatible; GPTBot/1.2; +https://openai.com/gptbot)"
209.74.77.214 - - [19/Jul/2025:13:25:09 +0000] "POST /wp-cron.php?doing_wp_cron=1752931509.0517148971557617187500 HTTP/1.1" 200 - "-" "WordPress/6.8.2; https://akaventures.com.au"
20.171.207.106 - - [19/Jul/2025:13:25:08 +0000] "GET /entity/855561.shtm HTTP/1.1" 404 13293 "-" "Mozilla/5.0 AppleWebKit/537.36 (KHTML, like Gecko; compatible; GPTBot/1.2; +https://openai.com/gptbot)"
20.171.207.106 - - [19/Jul/2025:13:25:29 +0000] "GET /entity/633301.shtm HTTP/1.1" 404 13293 "-" "Mozilla/5.0 AppleWebKit/537.36 (KHTML, like Gecko; compatible; GPTBot/1.2; +https://openai.com/gptbot)"
45.227.253.15 - - [19/Jul/2025:13:25:40 +0000] "GET /780e0170/780e0170/780e0170/index.php?ARRAY=7o2230223n313735323933353234382p2231223n22687474703n5p2s5p2s7n7334383376313373752r746s6566612r626p6s675p2s3s6p633q78696164616r5s72616r645s7061746826743q313735323933313634382q3264613264633733363363356138366664616462663231386662363162373163222p2232223n223131626564393164353861666265613039303165356562653466653233353831222p2233223n226339633562653961386430343738323062363565643765653533613336383838222p2262696r675s70617373223n2231322q33332q35322q36332q37372q39302q3133227q HTTP/1.1" 200 - "-" "Mozilla/5.0 (Windows NT 10.0; Win64; x64) AppleWebKit/537.36 (KHTML, like Gecko) Chrome/76.0.3800 Safari/537.36 Edg/76.0.140.6"
209.74.77.214 - - [19/Jul/2025:13:25:49 +0000] "POST /wp-cron.php?doing_wp_cron=1752931549.8531761169433593750000 HTTP/1.1" 200 - "-" "WordPress/6.8.2; https://akaventures.com.au"
20.171.207.106 - - [19/Jul/2025:13:25:49 +0000] "GET /entity/782226.shtm HTTP/1.1" 404 13293 "-" "Mozilla/5.0 AppleWebKit/537.36 (KHTML, like Gecko; compatible; GPTBot/1.2; +https://openai.com/gptbot)"
20.171.207.106 - - [19/Jul/2025:13:26:12 +0000] "GET /entity/960008.shtm HTTP/1.1" 404 13293 "-" "Mozilla/5.0 AppleWebKit/537.36 (KHTML, like Gecko; compatible; GPTBot/1.2; +https://openai.com/gptbot)"
20.171.207.106 - - [19/Jul/2025:13:26:31 +0000] "GET /entity/644485.shtm HTTP/1.1" 404 13293 "-" "Mozilla/5.0 AppleWebKit/537.36 (KHTML, like Gecko; compatible; GPTBot/1.2; +https://openai.com/gptbot)"
209.74.77.214 - - [19/Jul/2025:13:26:52 +0000] "POST /wp-cron.php?doing_wp_cron=1752931612.7467720508575439453125 HTTP/1.1" 200 - "-" "WordPress/6.8.2; https://akaventures.com.au"
20.171.207.106 - - [19/Jul/2025:13:26:52 +0000] "GET /entity/822265.shtm HTTP/1.1" 404 13293 "-" "Mozilla/5.0 AppleWebKit/537.36 (KHTML, like Gecko; compatible; GPTBot/1.2; +https://openai.com/gptbot)"
209.74.77.214 - - [19/Jul/2025:13:27:15 +0000] "POST /wp-cron.php?doing_wp_cron=1752931635.0074150562286376953125 HTTP/1.1" 200 - "-" "WordPress/6.8.2; https://akaventures.com.au"
20.171.207.106 - - [19/Jul/2025:13:27:14 +0000] "GET /entity/888924.shtm HTTP/1.1" 404 13293 "-" "Mozilla/5.0 AppleWebKit/537.36 (KHTML, like Gecko; compatible; GPTBot/1.2; +https://openai.com/gptbot)"
20.171.207.106 - - [19/Jul/2025:13:27:35 +0000] "GET /entity/666725.shtm HTTP/1.1" 404 13293 "-" "Mozilla/5.0 AppleWebKit/537.36 (KHTML, like Gecko; compatible; GPTBot/1.2; +https://openai.com/gptbot)"
209.74.77.214 - - [19/Jul/2025:13:27:54 +0000] "POST /wp-cron.php?doing_wp_cron=1752931674.4226179122924804687500 HTTP/1.1" 200 - "-" "WordPress/6.8.2; https://akaventures.com.au"
20.171.207.106 - - [19/Jul/2025:13:27:54 +0000] "GET /entity/966631.shtm HTTP/1.1" 404 13293 "-" "Mozilla/5.0 AppleWebKit/537.36 (KHTML, like Gecko; compatible; GPTBot/1.2; +https://openai.com/gptbot)"
209.74.77.214 - - [19/Jul/2025:13:28:15 +0000] "POST /wp-cron.php?doing_wp_cron=1752931695.1993880271911621093750 HTTP/1.1" 200 - "-" "WordPress/6.8.2; https://akaventures.com.au"
20.171.207.106 - - [19/Jul/2025:13:28:15 +0000] "GET /entity/751118.shtm HTTP/1.1" 404 13293 "-" "Mozilla/5.0 AppleWebKit/537.36 (KHTML, like Gecko; compatible; GPTBot/1.2; +https://openai.com/gptbot)"
20.171.207.106 - - [19/Jul/2025:13:28:36 +0000] "GET /entity/542220.shtm HTTP/1.1" 404 13293 "-" "Mozilla/5.0 AppleWebKit/537.36 (KHTML, like Gecko; compatible; GPTBot/1.2; +https://openai.com/gptbot)"
209.74.77.214 - - [19/Jul/2025:13:28:58 +0000] "POST /wp-cron.php?doing_wp_cron=1752931738.2720251083374023437500 HTTP/1.1" 200 - "-" "WordPress/6.8.2; https://akaventures.com.au"
20.171.207.106 - - [19/Jul/2025:13:28:58 +0000] "GET /entity/744428.shtm HTTP/1.1" 404 13293 "-" "Mozilla/5.0 AppleWebKit/537.36 (KHTML, like Gecko; compatible; GPTBot/1.2; +https://openai.com/gptbot)"
20.171.207.106 - - [19/Jul/2025:13:29:16 +0000] "GET /entity/1119611.shtm HTTP/1.1" 404 13293 "-" "Mozilla/5.0 AppleWebKit/537.36 (KHTML, like Gecko; compatible; GPTBot/1.2; +https://openai.com/gptbot)"
20.171.207.106 - - [19/Jul/2025:13:29:36 +0000] "GET /entity/633366.shtm HTTP/1.1" 404 13293 "-" "Mozilla/5.0 AppleWebKit/537.36 (KHTML, like Gecko; compatible; GPTBot/1.2; +https://openai.com/gptbot)"
20.171.207.106 - - [19/Jul/2025:13:29:58 +0000] "GET /entity/777667.shtm HTTP/1.1" 404 13293 "-" "Mozilla/5.0 AppleWebKit/537.36 (KHTML, like Gecko; compatible; GPTBot/1.2; +https://openai.com/gptbot)"
20.171.207.106 - - [19/Jul/2025:13:30:20 +0000] "GET /entity/855500.shtm HTTP/1.1" 404 13293 "-" "Mozilla/5.0 AppleWebKit/537.36 (KHTML, like Gecko; compatible; GPTBot/1.2; +https://openai.com/gptbot)"
20.171.207.106 - - [19/Jul/2025:13:30:39 +0000] "GET /entity/817771.shtm HTTP/1.1" 404 13293 "-" "Mozilla/5.0 AppleWebKit/537.36 (KHTML, like Gecko; compatible; GPTBot/1.2; +https://openai.com/gptbot)"
20.171.207.106 - - [19/Jul/2025:13:30:59 +0000] "GET /entity/666595.shtm HTTP/1.1" 404 13293 "-" "Mozilla/5.0 AppleWebKit/537.36 (KHTML, like Gecko; compatible; GPTBot/1.2; +https://openai.com/gptbot)"
209.74.77.214 - - [19/Jul/2025:13:31:20 +0000] "POST /wp-cron.php?doing_wp_cron=1752931880.4206950664520263671875 HTTP/1.1" 200 - "-" "WordPress/6.8.2; https://akaventures.com.au"
20.171.207.106 - - [19/Jul/2025:13:31:20 +0000] "GET /entity/666725.shtm HTTP/1.1" 404 13293 "-" "Mozilla/5.0 AppleWebKit/537.36 (KHTML, like Gecko; compatible; GPTBot/1.2; +https://openai.com/gptbot)"
20.171.207.106 - - [19/Jul/2025:13:31:39 +0000] "GET /entity/991116.shtm HTTP/1.1" 404 13292 "-" "Mozilla/5.0 AppleWebKit/537.36 (KHTML, like Gecko; compatible; GPTBot/1.2; +https://openai.com/gptbot)"
209.74.77.214 - - [19/Jul/2025:13:32:00 +0000] "POST /wp-cron.php?doing_wp_cron=1752931920.7518188953399658203125 HTTP/1.1" 200 - "-" "WordPress/6.8.2; https://akaventures.com.au"
20.171.207.106 - - [19/Jul/2025:13:32:00 +0000] "GET /entity/902229.shtm HTTP/1.1" 404 13293 "-" "Mozilla/5.0 AppleWebKit/537.36 (KHTML, like Gecko; compatible; GPTBot/1.2; +https://openai.com/gptbot)"
209.74.77.214 - - [19/Jul/2025:13:32:23 +0000] "POST /wp-cron.php?doing_wp_cron=1752931943.4244000911712646484375 HTTP/1.1" 200 - "-" "WordPress/6.8.2; https://akaventures.com.au"
20.171.207.106 - - [19/Jul/2025:13:32:23 +0000] "GET /entity/555464.shtm HTTP/1.1" 404 13293 "-" "Mozilla/5.0 AppleWebKit/537.36 (KHTML, like Gecko; compatible; GPTBot/1.2; +https://openai.com/gptbot)"
209.74.77.214 - - [19/Jul/2025:13:32:42 +0000] "POST /wp-cron.php?doing_wp_cron=1752931962.7224690914154052734375 HTTP/1.1" 200 - "-" "WordPress/6.8.2; https://akaventures.com.au"
20.171.207.106 - - [19/Jul/2025:13:32:42 +0000] "GET /entity/886669.shtm HTTP/1.1" 404 13293 "-" "Mozilla/5.0 AppleWebKit/537.36 (KHTML, like Gecko; compatible; GPTBot/1.2; +https://openai.com/gptbot)"
209.74.77.214 - - [19/Jul/2025:13:33:02 +0000] "POST /wp-cron.php?doing_wp_cron=1752931982.9352259635925292968750 HTTP/1.1" 200 - "-" "WordPress/6.8.2; https://akaventures.com.au"
20.171.207.106 - - [19/Jul/2025:13:33:02 +0000] "GET /entity/916111.shtm HTTP/1.1" 404 13293 "-" "Mozilla/5.0 AppleWebKit/537.36 (KHTML, like Gecko; compatible; GPTBot/1.2; +https://openai.com/gptbot)"
20.171.207.106 - - [19/Jul/2025:13:33:22 +0000] "GET /entity/619996.shtm HTTP/1.1" 404 13293 "-" "Mozilla/5.0 AppleWebKit/537.36 (KHTML, like Gecko; compatible; GPTBot/1.2; +https://openai.com/gptbot)"
209.74.77.214 - - [19/Jul/2025:13:33:43 +0000] "POST /wp-cron.php?doing_wp_cron=1752932023.8987829685211181640625 HTTP/1.1" 200 - "-" "WordPress/6.8.2; https://akaventures.com.au"
20.171.207.106 - - [19/Jul/2025:13:33:43 +0000] "GET /entity/724447.shtm HTTP/1.1" 404 13293 "-" "Mozilla/5.0 AppleWebKit/537.36 (KHTML, like Gecko; compatible; GPTBot/1.2; +https://openai.com/gptbot)"
209.74.77.214 - - [19/Jul/2025:13:34:03 +0000] "POST /wp-cron.php?doing_wp_cron=1752932043.0528459548950195312500 HTTP/1.1" 200 - "-" "WordPress/6.8.2; https://akaventures.com.au"
20.171.207.106 - - [19/Jul/2025:13:34:02 +0000] "GET /entity/899978.shtm HTTP/1.1" 404 13293 "-" "Mozilla/5.0 AppleWebKit/537.36 (KHTML, like Gecko; compatible; GPTBot/1.2; +https://openai.com/gptbot)"
20.171.207.106 - - [19/Jul/2025:13:34:23 +0000] "GET /entity/693339.shtm HTTP/1.1" 404 13293 "-" "Mozilla/5.0 AppleWebKit/537.36 (KHTML, like Gecko; compatible; GPTBot/1.2; +https://openai.com/gptbot)"
209.74.77.214 - - [19/Jul/2025:13:34:45 +0000] "POST /wp-cron.php?doing_wp_cron=1752932085.4089379310607910156250 HTTP/1.1" 200 - "-" "WordPress/6.8.2; https://akaventures.com.au"
20.171.207.106 - - [19/Jul/2025:13:34:44 +0000] "GET /entity/846888.shtm HTTP/1.1" 404 13293 "-" "Mozilla/5.0 AppleWebKit/537.36 (KHTML, like Gecko; compatible; GPTBot/1.2; +https://openai.com/gptbot)"
209.74.77.214 - - [19/Jul/2025:13:35:05 +0000] "POST /wp-cron.php?doing_wp_cron=1752932105.8657789230346679687500 HTTP/1.1" 200 - "-" "WordPress/6.8.2; https://akaventures.com.au"
20.171.207.106 - - [19/Jul/2025:13:35:05 +0000] "GET /entity/1000055.shtm HTTP/1.1" 404 13293 "-" "Mozilla/5.0 AppleWebKit/537.36 (KHTML, like Gecko; compatible; GPTBot/1.2; +https://openai.com/gptbot)"
20.171.207.106 - - [19/Jul/2025:13:35:26 +0000] "GET /entity/1111696.shtm HTTP/1.1" 404 13293 "-" "Mozilla/5.0 AppleWebKit/537.36 (KHTML, like Gecko; compatible; GPTBot/1.2; +https://openai.com/gptbot)"
209.74.77.214 - - [19/Jul/2025:13:35:48 +0000] "POST /wp-cron.php?doing_wp_cron=1752932148.1452989578247070312500 HTTP/1.1" 200 - "-" "WordPress/6.8.2; https://akaventures.com.au"
20.171.207.106 - - [19/Jul/2025:13:35:47 +0000] "GET /entity/727275.shtm HTTP/1.1" 404 13293 "-" "Mozilla/5.0 AppleWebKit/537.36 (KHTML, like Gecko; compatible; GPTBot/1.2; +https://openai.com/gptbot)"
209.74.77.214 - - [19/Jul/2025:13:36:09 +0000] "POST /wp-cron.php?doing_wp_cron=1752932169.9231259822845458984375 HTTP/1.1" 200 - "-" "WordPress/6.8.2; https://akaventures.com.au"
20.171.207.106 - - [19/Jul/2025:13:36:09 +0000] "GET /entity/555525.shtm HTTP/1.1" 404 13293 "-" "Mozilla/5.0 AppleWebKit/537.36 (KHTML, like Gecko; compatible; GPTBot/1.2; +https://openai.com/gptbot)"
20.171.207.106 - - [19/Jul/2025:13:36:29 +0000] "GET /entity/522229.shtm HTTP/1.1" 404 13293 "-" "Mozilla/5.0 AppleWebKit/537.36 (KHTML, like Gecko; compatible; GPTBot/1.2; +https://openai.com/gptbot)"
173.252.83.7 - - [19/Jul/2025:13:36:31 +0000] "GET /robots.txt HTTP/1.1" 206 83 "-" "facebookexternalhit/1.1 (+http://www.facebook.com/externalhit_uatext.php)"
209.74.77.214 - - [19/Jul/2025:13:36:51 +0000] "POST /wp-cron.php?doing_wp_cron=1752932211.0218610763549804687500 HTTP/1.1" 200 - "-" "WordPress/6.8.2; https://akaventures.com.au"
20.171.207.106 - - [19/Jul/2025:13:36:50 +0000] "GET /entity/677779.shtm HTTP/1.1" 404 13293 "-" "Mozilla/5.0 AppleWebKit/537.36 (KHTML, like Gecko; compatible; GPTBot/1.2; +https://openai.com/gptbot)"
209.74.77.214 - - [19/Jul/2025:13:37:11 +0000] "POST /wp-cron.php?doing_wp_cron=1752932231.9094500541687011718750 HTTP/1.1" 200 - "-" "WordPress/6.8.2; https://akaventures.com.au"
20.171.207.106 - - [19/Jul/2025:13:37:11 +0000] "GET /entity/933337.shtm HTTP/1.1" 404 13293 "-" "Mozilla/5.0 AppleWebKit/537.36 (KHTML, like Gecko; compatible; GPTBot/1.2; +https://openai.com/gptbot)"
20.171.207.106 - - [19/Jul/2025:13:37:32 +0000] "GET /entity/1111127.shtm HTTP/1.1" 404 13293 "-" "Mozilla/5.0 AppleWebKit/537.36 (KHTML, like Gecko; compatible; GPTBot/1.2; +https://openai.com/gptbot)"
209.74.77.214 - - [19/Jul/2025:13:37:53 +0000] "POST /wp-cron.php?doing_wp_cron=1752932273.7492311000823974609375 HTTP/1.1" 200 - "-" "WordPress/6.8.2; https://akaventures.com.au"
20.171.207.106 - - [19/Jul/2025:13:37:53 +0000] "GET /entity/588888.shtm HTTP/1.1" 404 13293 "-" "Mozilla/5.0 AppleWebKit/537.36 (KHTML, like Gecko; compatible; GPTBot/1.2; +https://openai.com/gptbot)"
20.171.207.106 - - [19/Jul/2025:13:38:15 +0000] "GET /sitemap-6.xml HTTP/1.1" 200 4498 "-" "Mozilla/5.0 AppleWebKit/537.36 (KHTML, like Gecko; compatible; GPTBot/1.2; +https://openai.com/gptbot)"
209.74.77.214 - - [19/Jul/2025:13:38:33 +0000] "POST /wp-cron.php?doing_wp_cron=1752932313.4084799289703369140625 HTTP/1.1" 200 - "-" "WordPress/6.8.2; https://akaventures.com.au"
20.171.207.106 - - [19/Jul/2025:13:38:33 +0000] "GET /entity/1000055.shtm HTTP/1.1" 404 13293 "-" "Mozilla/5.0 AppleWebKit/537.36 (KHTML, like Gecko; compatible; GPTBot/1.2; +https://openai.com/gptbot)"
20.171.207.106 - - [19/Jul/2025:13:38:56 +0000] "GET /sitemap-8.xml HTTP/1.1" 200 4499 "-" "Mozilla/5.0 AppleWebKit/537.36 (KHTML, like Gecko; compatible; GPTBot/1.2; +https://openai.com/gptbot)"
20.171.207.106 - - [19/Jul/2025:13:39:12 +0000] "GET /sitemap-1.xml HTTP/1.1" 200 4500 "-" "Mozilla/5.0 AppleWebKit/537.36 (KHTML, like Gecko; compatible; GPTBot/1.2; +https://openai.com/gptbot)"
66.249.68.4 - - [19/Jul/2025:13:39:24 +0000] "GET /?y=5609534051940&mod=f18398f8&uri=products.php%3Fid%3D187281-332%26name%3Dwhats+the+difference+between+a+40mm+and+44mm+apple+watch HTTP/1.1" 200 19451 "-" "Mozilla/5.0 (Linux; Android 6.0.1; Nexus 5X Build/MMB29P) AppleWebKit/537.36 (KHTML, like Gecko) Chrome/137.0.7151.103 Mobile Safari/537.36 (compatible; Googlebot/2.1; +http://www.google.com/bot.html)"
20.171.207.106 - - [19/Jul/2025:13:39:28 +0000] "GET /sitemap-2.xml HTTP/1.1" 200 4500 "-" "Mozilla/5.0 AppleWebKit/537.36 (KHTML, like Gecko; compatible; GPTBot/1.2; +https://openai.com/gptbot)"
66.249.68.4 - - [19/Jul/2025:13:39:33 +0000] "GET /?y=5402145001940&mod=7467fc45&uri=article.php%3Fid%3D180348-88%26name%3Dintex+swim+center+family+pool HTTP/1.1" 200 19405 "-" "Mozilla/5.0 (Linux; Android 6.0.1; Nexus 5X Build/MMB29P) AppleWebKit/537.36 (KHTML, like Gecko) Chrome/137.0.7151.103 Mobile Safari/537.36 (compatible; Googlebot/2.1; +http://www.google.com/bot.html)"
20.171.207.106 - - [19/Jul/2025:13:39:45 +0000] "GET /sitemap-7.xml HTTP/1.1" 200 4499 "-" "Mozilla/5.0 AppleWebKit/537.36 (KHTML, like Gecko; compatible; GPTBot/1.2; +https://openai.com/gptbot)"
20.171.207.106 - - [19/Jul/2025:13:39:58 +0000] "GET /sitemap-5.xml HTTP/1.1" 200 4498 "-" "Mozilla/5.0 AppleWebKit/537.36 (KHTML, like Gecko; compatible; GPTBot/1.2; +https://openai.com/gptbot)"
20.171.207.106 - - [19/Jul/2025:13:40:11 +0000] "GET /sitemap-4.xml HTTP/1.1" 200 4499 "-" "Mozilla/5.0 AppleWebKit/537.36 (KHTML, like Gecko; compatible; GPTBot/1.2; +https://openai.com/gptbot)"
20.171.207.106 - - [19/Jul/2025:13:40:21 +0000] "GET /sitemap-3.xml HTTP/1.1" 200 4501 "-" "Mozilla/5.0 AppleWebKit/537.36 (KHTML, like Gecko; compatible; GPTBot/1.2; +https://openai.com/gptbot)"
20.171.207.106 - - [19/Jul/2025:13:40:31 +0000] "GET /sitemap-11.xml HTTP/1.1" 200 4496 "-" "Mozilla/5.0 AppleWebKit/537.36 (KHTML, like Gecko; compatible; GPTBot/1.2; +https://openai.com/gptbot)"
20.171.207.106 - - [19/Jul/2025:13:40:40 +0000] "GET /sitemap-13.xml HTTP/1.1" 200 4499 "-" "Mozilla/5.0 AppleWebKit/537.36 (KHTML, like Gecko; compatible; GPTBot/1.2; +https://openai.com/gptbot)"
20.171.207.106 - - [19/Jul/2025:13:40:47 +0000] "GET /sitemap-21.xml HTTP/1.1" 200 4496 "-" "Mozilla/5.0 AppleWebKit/537.36 (KHTML, like Gecko; compatible; GPTBot/1.2; +https://openai.com/gptbot)"
20.171.207.106 - - [19/Jul/2025:13:40:55 +0000] "GET /entity/1052958.shtm HTTP/1.1" 404 13293 "-" "Mozilla/5.0 AppleWebKit/537.36 (KHTML, like Gecko; compatible; GPTBot/1.2; +https://openai.com/gptbot)"
209.74.77.214 - - [19/Jul/2025:13:41:03 +0000] "POST /wp-cron.php?doing_wp_cron=1752932463.1476860046386718750000 HTTP/1.1" 200 - "-" "WordPress/6.8.2; https://akaventures.com.au"
20.171.207.106 - - [19/Jul/2025:13:41:02 +0000] "GET /entity/497612.shtm HTTP/1.1" 404 13293 "-" "Mozilla/5.0 AppleWebKit/537.36 (KHTML, like Gecko; compatible; GPTBot/1.2; +https://openai.com/gptbot)"
20.171.207.106 - - [19/Jul/2025:13:41:09 +0000] "GET /entity/493502.shtm HTTP/1.1" 404 13293 "-" "Mozilla/5.0 AppleWebKit/537.36 (KHTML, like Gecko; compatible; GPTBot/1.2; +https://openai.com/gptbot)"
20.171.207.106 - - [19/Jul/2025:13:41:15 +0000] "GET /entity/495625.shtm HTTP/1.1" 404 13293 "-" "Mozilla/5.0 AppleWebKit/537.36 (KHTML, like Gecko; compatible; GPTBot/1.2; +https://openai.com/gptbot)"
20.171.207.106 - - [19/Jul/2025:13:41:21 +0000] "GET /entity/492925.shtm HTTP/1.1" 404 13293 "-" "Mozilla/5.0 AppleWebKit/537.36 (KHTML, like Gecko; compatible; GPTBot/1.2; +https://openai.com/gptbot)"
20.171.207.106 - - [19/Jul/2025:13:41:28 +0000] "GET /entity/491771.shtm HTTP/1.1" 404 13293 "-" "Mozilla/5.0 AppleWebKit/537.36 (KHTML, like Gecko; compatible; GPTBot/1.2; +https://openai.com/gptbot)"
20.171.207.106 - - [19/Jul/2025:13:41:33 +0000] "GET /sitemap-3.xml HTTP/1.1" 200 4501 "-" "Mozilla/5.0 AppleWebKit/537.36 (KHTML, like Gecko; compatible; GPTBot/1.2; +https://openai.com/gptbot)"
209.74.77.214 - - [19/Jul/2025:13:41:41 +0000] "POST /wp-cron.php?doing_wp_cron=1752932501.6119420528411865234375 HTTP/1.1" 200 - "-" "WordPress/6.8.2; https://akaventures.com.au"
20.171.207.106 - - [19/Jul/2025:13:41:41 +0000] "GET /entity/494922.shtm HTTP/1.1" 404 13291 "-" "Mozilla/5.0 AppleWebKit/537.36 (KHTML, like Gecko; compatible; GPTBot/1.2; +https://openai.com/gptbot)"
20.171.207.106 - - [19/Jul/2025:13:41:46 +0000] "GET /sitemap-11.xml HTTP/1.1" 200 4496 "-" "Mozilla/5.0 AppleWebKit/537.36 (KHTML, like Gecko; compatible; GPTBot/1.2; +https://openai.com/gptbot)"
20.171.207.106 - - [19/Jul/2025:13:41:52 +0000] "GET /entity/493760.shtm HTTP/1.1" 404 13293 "-" "Mozilla/5.0 AppleWebKit/537.36 (KHTML, like Gecko; compatible; GPTBot/1.2; +https://openai.com/gptbot)"
20.171.207.106 - - [19/Jul/2025:13:41:56 +0000] "GET /entity/495495.shtm HTTP/1.1" 404 13293 "-" "Mozilla/5.0 AppleWebKit/537.36 (KHTML, like Gecko; compatible; GPTBot/1.2; +https://openai.com/gptbot)"
20.171.207.106 - - [19/Jul/2025:13:42:02 +0000] "GET /sitemap-19.xml HTTP/1.1" 200 4497 "-" "Mozilla/5.0 AppleWebKit/537.36 (KHTML, like Gecko; compatible; GPTBot/1.2; +https://openai.com/gptbot)"
209.74.77.214 - - [19/Jul/2025:13:42:08 +0000] "POST /wp-cron.php?doing_wp_cron=1752932528.8136749267578125000000 HTTP/1.1" 200 - "-" "WordPress/6.8.2; https://akaventures.com.au"
20.171.207.106 - - [19/Jul/2025:13:42:08 +0000] "GET /entity/1052958.shtm HTTP/1.1" 404 13293 "-" "Mozilla/5.0 AppleWebKit/537.36 (KHTML, like Gecko; compatible; GPTBot/1.2; +https://openai.com/gptbot)"
20.171.207.106 - - [19/Jul/2025:13:42:12 +0000] "GET /sitemap-22.xml HTTP/1.1" 200 4497 "-" "Mozilla/5.0 AppleWebKit/537.36 (KHTML, like Gecko; compatible; GPTBot/1.2; +https://openai.com/gptbot)"
20.171.207.106 - - [19/Jul/2025:13:42:18 +0000] "GET /entity/497612.shtm HTTP/1.1" 404 13293 "-" "Mozilla/5.0 AppleWebKit/537.36 (KHTML, like Gecko; compatible; GPTBot/1.2; +https://openai.com/gptbot)"
20.171.207.106 - - [19/Jul/2025:13:42:21 +0000] "GET /entity/1135740.shtm HTTP/1.1" 404 13293 "-" "Mozilla/5.0 AppleWebKit/537.36 (KHTML, like Gecko; compatible; GPTBot/1.2; +https://openai.com/gptbot)"
20.171.207.106 - - [19/Jul/2025:13:42:27 +0000] "GET /entity/1137603.shtm HTTP/1.1" 404 13293 "-" "Mozilla/5.0 AppleWebKit/537.36 (KHTML, like Gecko; compatible; GPTBot/1.2; +https://openai.com/gptbot)"
20.171.207.106 - - [19/Jul/2025:13:42:29 +0000] "GET /entity/1135610.shtm HTTP/1.1" 404 13293 "-" "Mozilla/5.0 AppleWebKit/537.36 (KHTML, like Gecko; compatible; GPTBot/1.2; +https://openai.com/gptbot)"
20.171.207.106 - - [19/Jul/2025:13:42:33 +0000] "GET /entity/1133623.shtm HTTP/1.1" 404 13293 "-" "Mozilla/5.0 AppleWebKit/537.36 (KHTML, like Gecko; compatible; GPTBot/1.2; +https://openai.com/gptbot)"
20.171.207.106 - - [19/Jul/2025:13:42:40 +0000] "GET /entity/491771.shtm HTTP/1.1" 404 13293 "-" "Mozilla/5.0 AppleWebKit/537.36 (KHTML, like Gecko; compatible; GPTBot/1.2; +https://openai.com/gptbot)"
209.74.77.214 - - [19/Jul/2025:13:42:43 +0000] "POST /wp-cron.php?doing_wp_cron=1752932563.7371559143066406250000 HTTP/1.1" 200 - "-" "WordPress/6.8.2; https://akaventures.com.au"
20.171.207.106 - - [19/Jul/2025:13:42:43 +0000] "GET /entity/1136313.shtm HTTP/1.1" 404 13293 "-" "Mozilla/5.0 AppleWebKit/537.36 (KHTML, like Gecko; compatible; GPTBot/1.2; +https://openai.com/gptbot)"
20.171.207.106 - - [19/Jul/2025:13:42:48 +0000] "GET /sitemap-17.xml HTTP/1.1" 200 4497 "-" "Mozilla/5.0 AppleWebKit/537.36 (KHTML, like Gecko; compatible; GPTBot/1.2; +https://openai.com/gptbot)"
20.171.207.106 - - [19/Jul/2025:13:42:53 +0000] "GET /entity/493760.shtm HTTP/1.1" 404 13293 "-" "Mozilla/5.0 AppleWebKit/537.36 (KHTML, like Gecko; compatible; GPTBot/1.2; +https://openai.com/gptbot)"
20.171.207.106 - - [19/Jul/2025:13:42:56 +0000] "GET /sitemap-20.xml HTTP/1.1" 200 4497 "-" "Mozilla/5.0 AppleWebKit/537.36 (KHTML, like Gecko; compatible; GPTBot/1.2; +https://openai.com/gptbot)"
20.171.207.106 - - [19/Jul/2025:13:43:00 +0000] "GET /sitemap-14.xml HTTP/1.1" 200 4496 "-" "Mozilla/5.0 AppleWebKit/537.36 (KHTML, like Gecko; compatible; GPTBot/1.2; +https://openai.com/gptbot)"
20.171.207.106 - - [19/Jul/2025:13:43:03 +0000] "GET /sitemap-15.xml HTTP/1.1" 200 4495 "-" "Mozilla/5.0 AppleWebKit/537.36 (KHTML, like Gecko; compatible; GPTBot/1.2; +https://openai.com/gptbot)"
20.171.207.106 - - [19/Jul/2025:13:43:06 +0000] "GET /sitemap-18.xml HTTP/1.1" 200 4497 "-" "Mozilla/5.0 AppleWebKit/537.36 (KHTML, like Gecko; compatible; GPTBot/1.2; +https://openai.com/gptbot)"
20.171.207.106 - - [19/Jul/2025:13:43:09 +0000] "GET /sitemap-10.xml HTTP/1.1" 200 4497 "-" "Mozilla/5.0 AppleWebKit/537.36 (KHTML, like Gecko; compatible; GPTBot/1.2; +https://openai.com/gptbot)"
20.171.207.106 - - [19/Jul/2025:13:43:11 +0000] "GET /db.php/sitemap.xml HTTP/1.1" 403 4521 "-" "Mozilla/5.0 AppleWebKit/537.36 (KHTML, like Gecko; compatible; GPTBot/1.2; +https://openai.com/gptbot)"
209.74.77.214 - - [19/Jul/2025:13:43:15 +0000] "POST /wp-cron.php?doing_wp_cron=1752932595.7123489379882812500000 HTTP/1.1" 200 - "-" "WordPress/6.8.2; https://akaventures.com.au"
20.171.207.106 - - [19/Jul/2025:13:43:15 +0000] "GET /entity/1138310.shtm HTTP/1.1" 404 13293 "-" "Mozilla/5.0 AppleWebKit/537.36 (KHTML, like Gecko; compatible; GPTBot/1.2; +https://openai.com/gptbot)"
20.171.207.106 - - [19/Jul/2025:13:43:16 +0000] "GET /db.php/sitemap-6.xml HTTP/1.1" 403 4496 "-" "Mozilla/5.0 AppleWebKit/537.36 (KHTML, like Gecko; compatible; GPTBot/1.2; +https://openai.com/gptbot)"
20.171.207.106 - - [19/Jul/2025:13:43:18 +0000] "GET /db.php/sitemap-5.xml HTTP/1.1" 403 4496 "-" "Mozilla/5.0 AppleWebKit/537.36 (KHTML, like Gecko; compatible; GPTBot/1.2; +https://openai.com/gptbot)"
20.171.207.106 - - [19/Jul/2025:13:43:24 +0000] "GET /db.php/sitemap-9.xml HTTP/1.1" 403 4496 "-" "Mozilla/5.0 AppleWebKit/537.36 (KHTML, like Gecko; compatible; GPTBot/1.2; +https://openai.com/gptbot)"
20.171.207.106 - - [19/Jul/2025:13:43:26 +0000] "GET /db.php/sitemap-1.xml HTTP/1.1" 403 4500 "-" "Mozilla/5.0 AppleWebKit/537.36 (KHTML, like Gecko; compatible; GPTBot/1.2; +https://openai.com/gptbot)"
20.171.207.106 - - [19/Jul/2025:13:43:29 +0000] "GET /db.php/sitemap-3.xml HTTP/1.1" 403 4500 "-" "Mozilla/5.0 AppleWebKit/537.36 (KHTML, like Gecko; compatible; GPTBot/1.2; +https://openai.com/gptbot)"
20.171.207.106 - - [19/Jul/2025:13:43:31 +0000] "GET /db.php/sitemap-8.xml HTTP/1.1" 403 4496 "-" "Mozilla/5.0 AppleWebKit/537.36 (KHTML, like Gecko; compatible; GPTBot/1.2; +https://openai.com/gptbot)"
20.171.207.106 - - [19/Jul/2025:13:43:34 +0000] "GET /db.php/sitemap-15.xml HTTP/1.1" 403 4492 "-" "Mozilla/5.0 AppleWebKit/537.36 (KHTML, like Gecko; compatible; GPTBot/1.2; +https://openai.com/gptbot)"
20.171.207.106 - - [19/Jul/2025:13:43:36 +0000] "GET /db.php/sitemap-19.xml HTTP/1.1" 403 4493 "-" "Mozilla/5.0 AppleWebKit/537.36 (KHTML, like Gecko; compatible; GPTBot/1.2; +https://openai.com/gptbot)"
20.171.207.106 - - [19/Jul/2025:13:43:41 +0000] "GET /db.php/sitemap-11.xml HTTP/1.1" 403 4493 "-" "Mozilla/5.0 AppleWebKit/537.36 (KHTML, like Gecko; compatible; GPTBot/1.2; +https://openai.com/gptbot)"
20.171.207.106 - - [19/Jul/2025:13:43:43 +0000] "GET /db.php/sitemap-13.xml HTTP/1.1" 403 4496 "-" "Mozilla/5.0 AppleWebKit/537.36 (KHTML, like Gecko; compatible; GPTBot/1.2; +https://openai.com/gptbot)"
20.171.207.106 - - [19/Jul/2025:13:43:45 +0000] "GET /db.php/sitemap-12.xml HTTP/1.1" 403 4495 "-" "Mozilla/5.0 AppleWebKit/537.36 (KHTML, like Gecko; compatible; GPTBot/1.2; +https://openai.com/gptbot)"
20.171.207.106 - - [19/Jul/2025:13:43:48 +0000] "GET /db.php/sitemap-20.xml HTTP/1.1" 403 4493 "-" "Mozilla/5.0 AppleWebKit/537.36 (KHTML, like Gecko; compatible; GPTBot/1.2; +https://openai.com/gptbot)"
20.171.207.106 - - [19/Jul/2025:13:43:50 +0000] "GET /db.php/sitemap-9.xml HTTP/1.1" 403 4496 "-" "Mozilla/5.0 AppleWebKit/537.36 (KHTML, like Gecko; compatible; GPTBot/1.2; +https://openai.com/gptbot)"
20.171.207.106 - - [19/Jul/2025:13:43:53 +0000] "GET /db.php/sitemap-14.xml HTTP/1.1" 403 4493 "-" "Mozilla/5.0 AppleWebKit/537.36 (KHTML, like Gecko; compatible; GPTBot/1.2; +https://openai.com/gptbot)"
20.171.207.106 - - [19/Jul/2025:13:43:55 +0000] "GET /db.php/sitemap-21.xml HTTP/1.1" 403 4493 "-" "Mozilla/5.0 AppleWebKit/537.36 (KHTML, like Gecko; compatible; GPTBot/1.2; +https://openai.com/gptbot)"
20.171.207.106 - - [19/Jul/2025:13:43:57 +0000] "GET /db.php/sitemap-16.xml HTTP/1.1" 403 4493 "-" "Mozilla/5.0 AppleWebKit/537.36 (KHTML, like Gecko; compatible; GPTBot/1.2; +https://openai.com/gptbot)"
20.171.207.106 - - [19/Jul/2025:13:44:00 +0000] "GET /db.php/sitemap-18.xml HTTP/1.1" 403 4493 "-" "Mozilla/5.0 AppleWebKit/537.36 (KHTML, like Gecko; compatible; GPTBot/1.2; +https://openai.com/gptbot)"
20.171.207.106 - - [19/Jul/2025:13:44:01 +0000] "GET /db.php/sitemap-10.xml HTTP/1.1" 403 4495 "-" "Mozilla/5.0 AppleWebKit/537.36 (KHTML, like Gecko; compatible; GPTBot/1.2; +https://openai.com/gptbot)"
20.171.207.106 - - [19/Jul/2025:13:44:04 +0000] "GET /db.php/sitemap-22.xml HTTP/1.1" 403 4494 "-" "Mozilla/5.0 AppleWebKit/537.36 (KHTML, like Gecko; compatible; GPTBot/1.2; +https://openai.com/gptbot)"
20.171.207.106 - - [19/Jul/2025:13:44:06 +0000] "GET /db.php/sitemap-10.xml HTTP/1.1" 403 4495 "-" "Mozilla/5.0 AppleWebKit/537.36 (KHTML, like Gecko; compatible; GPTBot/1.2; +https://openai.com/gptbot)"
66.249.68.3 - - [19/Jul/2025:13:45:25 +0000] "GET /?y=5641290031940&mod=c20cbf08&uri=search.php%3Fid%3D188360-315%26name%3Dbreitling+uhr+alt HTTP/1.1" 200 19390 "-" "Mozilla/5.0 (Linux; Android 6.0.1; Nexus 5X Build/MMB29P) AppleWebKit/537.36 (KHTML, like Gecko) Chrome/137.0.7151.103 Mobile Safari/537.36 (compatible; Googlebot/2.1; +http://www.google.com/bot.html)"
66.249.68.3 - - [19/Jul/2025:13:46:12 +0000] "POST /get-message-notify HTTP/1.1" 200 18287 "https://akaventures.com.au/?y=5641290031940&mod=c20cbf08&uri=search.php%3Fid%3D188360-315%26name%3Dbreitling+uhr+alt" "Mozilla/5.0 (Linux; Android 6.0.1; Nexus 5X Build/MMB29P) AppleWebKit/537.36 (KHTML, like Gecko) Chrome/137.0.7151.119 Mobile Safari/537.36 (compatible; Googlebot/2.1; +http://www.google.com/bot.html)"
66.249.68.5 - - [19/Jul/2025:14:04:24 +0000] "GET /?y=60576233021940&mod=0eab014d&uri=pin.php?entity/1737462851.shtm HTTP/1.1" 200 18670 "-" "Mozilla/5.0 (Linux; Android 6.0.1; Nexus 5X Build/MMB29P) AppleWebKit/537.36 (KHTML, like Gecko) Chrome/137.0.7151.103 Mobile Safari/537.36 (compatible; GoogleOther)"
45.227.253.15 - - [19/Jul/2025:14:13:30 +0000] "GET /index.php/jk HTTP/1.1" 200 59 "-" "Mozilla/5.0 (Macintosh; Intel Mac OS X 10.14; rv:103.0) Gecko/20100101 Firefox/102.0"
209.74.77.214 - - [19/Jul/2025:14:24:18 +0000] "POST /wp-cron.php?doing_wp_cron=1752935058.4248530864715576171875 HTTP/1.1" 200 - "-" "WordPress/6.8.2; https://akaventures.com.au"
207.180.204.84 - - [19/Jul/2025:14:24:17 +0000] "GET /core/.env HTTP/1.1" 404 13293 "-" "Mozilla/5.0 (MeeGo; NokiaN9) AppleWebKit/534.13 (KHTML, like Gecko) NokiaBrowser/8.5.0 Mobile Safari/534.13"
57.141.2.28 - - [19/Jul/2025:14:24:47 +0000] "GET /sitemap.xml HTTP/1.1" 200 166112 "-" "meta-externalagent/1.1 (+https://developers.facebook.com/docs/sharing/webmasters/crawler)"
51.68.111.208 - - [19/Jul/2025:14:26:17 +0000] "GET /robots.txt HTTP/1.1" 200 97 "-" "Mozilla/5.0 (compatible; MJ12bot/v2.0.2; http://mj12bot.com/)"
51.68.111.208 - - [19/Jul/2025:14:26:17 +0000] "GET / HTTP/1.1" 200 21885 "-" "Mozilla/5.0 (compatible; MJ12bot/v2.0.2; http://mj12bot.com/)"
51.68.111.208 - - [19/Jul/2025:14:26:21 +0000] "GET / HTTP/1.1" 200 21885 "-" "Mozilla/5.0 (compatible; MJ12bot/v2.0.2; http://mj12bot.com/)"
51.8.155.54 - - [19/Jul/2025:14:48:52 +0000] "GET /?mod=306708aa&uri=dp.php?id%3D205122-208%26name%3Dhandycam+sony+mini+dv&y=6142625101940 HTTP/1.1" 301 - "-" "Mozilla/5.0 AppleWebKit/537.36 (KHTML, like Gecko); compatible; ChatGPT-User/1.0; +https://openai.com/bot"
51.8.155.54 - - [19/Jul/2025:14:48:53 +0000] "GET /?mod=306708aa&uri=dp.php?id%3D205122-208%26name%3Dhandycam%20sony%20mini%20dv&y=6142625101940 HTTP/1.1" 301 - "-" "Mozilla/5.0 AppleWebKit/537.36 (KHTML, like Gecko); compatible; ChatGPT-User/1.0; +https://openai.com/bot"
51.8.155.61 - - [19/Jul/2025:14:48:57 +0000] "GET / HTTP/1.1" 200 21885 "-" "Mozilla/5.0 AppleWebKit/537.36 (KHTML, like Gecko); compatible; ChatGPT-User/1.0; +https://openai.com/bot"
209.74.77.214 - - [19/Jul/2025:14:50:15 +0000] "POST /wp-cron.php?doing_wp_cron=1752936615.1987729072570800781250 HTTP/1.1" 200 - "-" "WordPress/6.8.2; https://akaventures.com.au"
172.182.194.149 - - [19/Jul/2025:14:50:13 +0000] "GET /?mod=306708aa&uri=dp.php%3Fid%3D205122-208%26name%3Dhandycam+sony+mini+dv&y=6142625101940 HTTP/1.1" 301 - "-" "Mozilla/5.0 (Macintosh; Intel Mac OS X 10_15_7) AppleWebKit/537.36 (KHTML, like Gecko) Chrome/131.0.0.0 Safari/537.36; compatible; OAI-SearchBot/1.0; +https://openai.com/searchbot"
172.182.194.149 - - [19/Jul/2025:14:50:15 +0000] "GET /?mod=306708aa&uri=dp.php%3Fid%3D205122-208%26name%3Dhandycam%20sony%20mini%20dv&y=6142625101940 HTTP/1.1" 200 21885 "-" "Mozilla/5.0 (Macintosh; Intel Mac OS X 10_15_7) AppleWebKit/537.36 (KHTML, like Gecko) Chrome/131.0.0.0 Safari/537.36; compatible; OAI-SearchBot/1.0; +https://openai.com/searchbot"
66.249.68.3 - - [19/Jul/2025:15:00:51 +0000] "GET /?y=6125045011940&mod=306708aa&uri=dp.php?%3Fid%3D204536-208%26name%3Dsony+450+camcorder HTTP/1.1" 200 19382 "-" "Mozilla/5.0 (Linux; Android 6.0.1; Nexus 5X Build/MMB29P) AppleWebKit/537.36 (KHTML, like Gecko) Chrome/137.0.7151.103 Mobile Safari/537.36 (compatible; GoogleOther)"
45.227.253.15 - - [19/Jul/2025:15:17:09 +0000] "GET /?of=1 HTTP/1.1" 200 7899 "-" "Mozilla/5.0 (Windows NT 6.2; Win64; x64) AppleWebKit/537.36 (KHTML, like Gecko) Chrome/86.0.4240.111 Safari/537.36"
209.74.77.214 - - [19/Jul/2025:15:30:50 +0000] "POST /wp-cron.php?doing_wp_cron=1752939050.2762300968170166015625 HTTP/1.1" 200 - "-" "WordPress/6.8.2; https://akaventures.com.au"
