66.249.68.3 - - [20/Jul/2025:01:50:42 +0000] "GET /?y=5579592061940&mod=576de785&uri=news.php%3Fid%3D186268-330%26name%3Dnest+thermostat+3rd+generation+heat+link HTTP/1.1" 200 19416 "-" "Mozilla/5.0 (Linux; Android 6.0.1; Nexus 5X Build/MMB29P) AppleWebKit/537.36 (KHTML, like Gecko) Chrome/137.0.7151.103 Mobile Safari/537.36 (compatible; Googlebot/2.1; +http://www.google.com/bot.html)"
66.249.68.4 - - [20/Jul/2025:01:50:47 +0000] "POST /get-message-notify HTTP/1.1" 200 18285 "https://akaventures.com.au/?y=5579592061940&mod=576de785&uri=news.php%3Fid%3D186268-330%26name%3Dnest+thermostat+3rd+generation+heat+link" "Mozilla/5.0 (Linux; Android 6.0.1; Nexus 5X Build/MMB29P) AppleWebKit/537.36 (KHTML, like Gecko) Chrome/137.0.7151.119 Mobile Safari/537.36 (compatible; Googlebot/2.1; +http://www.google.com/bot.html)"
66.249.68.3 - - [20/Jul/2025:02:11:44 +0000] "GET /wp-content/themes/hello-elementor/assets/css/theme.css?ver=3.4.4 HTTP/1.1" 200 1271 "https://akaventures.com.au/?y=33709584081940&mod=01bfa6f2&uri=form.php%3Fman%2Fkaitori%2Fansin.html" "Mozilla/5.0 (Linux; Android 6.0.1; Nexus 5X Build/MMB29P) AppleWebKit/537.36 (KHTML, like Gecko) Chrome/137.0.7151.119 Mobile Safari/537.36 (compatible; Googlebot/2.1; +http://www.google.com/bot.html)"
66.249.68.4 - - [20/Jul/2025:02:11:44 +0000] "GET /wp-content/plugins/elementor/assets/css/widget-heading.min.css?ver=3.30.2 HTTP/1.1" 200 188 "https://akaventures.com.au/?y=33709584081940&mod=01bfa6f2&uri=form.php%3Fman%2Fkaitori%2Fansin.html" "Mozilla/5.0 (Linux; Android 6.0.1; Nexus 5X Build/MMB29P) AppleWebKit/537.36 (KHTML, like Gecko) Chrome/137.0.7151.119 Mobile Safari/537.36 (compatible; Googlebot/2.1; +http://www.google.com/bot.html)"
66.249.68.3 - - [20/Jul/2025:02:11:44 +0000] "GET /wp-content/uploads/elementor/google-fonts/css/barlow.css?ver=1742274543 HTTP/1.1" 200 901 "https://akaventures.com.au/?y=33709584081940&mod=01bfa6f2&uri=form.php%3Fman%2Fkaitori%2Fansin.html" "Mozilla/5.0 (Linux; Android 6.0.1; Nexus 5X Build/MMB29P) AppleWebKit/537.36 (KHTML, like Gecko) Chrome/137.0.7151.119 Mobile Safari/537.36 (compatible; Googlebot/2.1; +http://www.google.com/bot.html)"
66.249.68.4 - - [20/Jul/2025:02:11:44 +0000] "GET /wp-content/themes/hello-elementor/assets/css/header-footer.css?ver=3.4.4 HTTP/1.1" 200 1423 "https://akaventures.com.au/?y=33709584081940&mod=01bfa6f2&uri=form.php%3Fman%2Fkaitori%2Fansin.html" "Mozilla/5.0 (Linux; Android 6.0.1; Nexus 5X Build/MMB29P) AppleWebKit/537.36 (KHTML, like Gecko) Chrome/137.0.7151.119 Mobile Safari/537.36 (compatible; Googlebot/2.1; +http://www.google.com/bot.html)"
66.249.68.4 - - [20/Jul/2025:02:11:45 +0000] "GET /wp-content/themes/hello-elementor/assets/css/reset.css?ver=3.4.4 HTTP/1.1" 200 1792 "https://akaventures.com.au/?y=33709584081940&mod=01bfa6f2&uri=form.php%3Fman%2Fkaitori%2Fansin.html" "Mozilla/5.0 (Linux; Android 6.0.1; Nexus 5X Build/MMB29P) AppleWebKit/537.36 (KHTML, like Gecko) Chrome/137.0.7151.119 Mobile Safari/537.36 (compatible; Googlebot/2.1; +http://www.google.com/bot.html)"
66.249.68.3 - - [20/Jul/2025:02:11:45 +0000] "GET /wp-content/plugins/elementor/assets/lib/animations/styles/e-animation-shrink.min.css?ver=3.30.2 HTTP/1.1" 200 118 "https://akaventures.com.au/?y=33709584081940&mod=01bfa6f2&uri=form.php%3Fman%2Fkaitori%2Fansin.html" "Mozilla/5.0 (Linux; Android 6.0.1; Nexus 5X Build/MMB29P) AppleWebKit/537.36 (KHTML, like Gecko) Chrome/137.0.7151.119 Mobile Safari/537.36 (compatible; Googlebot/2.1; +http://www.google.com/bot.html)"
66.249.68.5 - - [20/Jul/2025:02:11:45 +0000] "GET /wp-includes/js/dist/vendor/react-dom.min.js?ver=18.3.1.1 HTTP/1.1" 200 41888 "https://akaventures.com.au/?y=33709584081940&mod=01bfa6f2&uri=form.php%3Fman%2Fkaitori%2Fansin.html" "Mozilla/5.0 (Linux; Android 6.0.1; Nexus 5X Build/MMB29P) AppleWebKit/537.36 (KHTML, like Gecko) Chrome/137.0.7151.119 Mobile Safari/537.36 (compatible; Googlebot/2.1; +http://www.google.com/bot.html)"
66.249.68.5 - - [20/Jul/2025:02:11:45 +0000] "GET /wp-includes/js/dist/hooks.min.js?ver=4d63a3d491d11ffd8ac6 HTTP/1.1" 200 1648 "https://akaventures.com.au/?y=33709584081940&mod=01bfa6f2&uri=form.php%3Fman%2Fkaitori%2Fansin.html" "Mozilla/5.0 (Linux; Android 6.0.1; Nexus 5X Build/MMB29P) AppleWebKit/537.36 (KHTML, like Gecko) Chrome/137.0.7151.119 Mobile Safari/537.36 (compatible; Googlebot/2.1; +http://www.google.com/bot.html)"
66.249.68.5 - - [20/Jul/2025:02:11:45 +0000] "GET /wp-content/plugins/elementskit-lite/widgets/init/assets/js/elementor.js?ver=3.5.5 HTTP/1.1" 200 5600 "https://akaventures.com.au/?y=33709584081940&mod=01bfa6f2&uri=form.php%3Fman%2Fkaitori%2Fansin.html" "Mozilla/5.0 (Linux; Android 6.0.1; Nexus 5X Build/MMB29P) AppleWebKit/537.36 (KHTML, like Gecko) Chrome/137.0.7151.119 Mobile Safari/537.36 (compatible; Googlebot/2.1; +http://www.google.com/bot.html)"
66.249.68.4 - - [20/Jul/2025:02:11:45 +0000] "GET /wp-content/plugins/elementor-pro/assets/js/elements-handlers.min.js?ver=3.28.3 HTTP/1.1" 200 10701 "https://akaventures.com.au/?y=33709584081940&mod=01bfa6f2&uri=form.php%3Fman%2Fkaitori%2Fansin.html" "Mozilla/5.0 (Linux; Android 6.0.1; Nexus 5X Build/MMB29P) AppleWebKit/537.36 (KHTML, like Gecko) Chrome/137.0.7151.119 Mobile Safari/537.36 (compatible; Googlebot/2.1; +http://www.google.com/bot.html)"
66.249.68.3 - - [20/Jul/2025:02:11:47 +0000] "POST /wp-json/metform/v1/forms/views/1876 HTTP/1.1" 200 18304 "https://akaventures.com.au/?y=33709584081940&mod=01bfa6f2&uri=form.php%3Fman%2Fkaitori%2Fansin.html" "Mozilla/5.0 (Linux; Android 6.0.1; Nexus 5X Build/MMB29P) AppleWebKit/537.36 (KHTML, like Gecko) Chrome/137.0.7151.119 Mobile Safari/537.36 (compatible; Googlebot/2.1; +http://www.google.com/bot.html)"
209.74.77.214 - - [20/Jul/2025:02:13:38 +0000] "POST /wp-cron.php?doing_wp_cron=1752977618.7315289974212646484375 HTTP/1.1" 200 - "-" "WordPress/6.8.2; https://akaventures.com.au"
47.82.5.90 - - [20/Jul/2025:02:13:36 +0000] "GET /?y=5213408031940&mod=75a380a0&uri=search.php?id%3D174046-187%26name%3Dgame+over+tamilyogi HTTP/1.1" 301 - "https://akaventures.com.au/?y=5213408031940&mod=75a380a0&uri=search.php%3Fid%3D174046-187%26name%3Dgame+over+tamilyogi" "Mozilla/5.0 (Windows NT 10.0; Win64; x64) AppleWebKit/537.36 (KHTML, like Gecko) Chrome/114.0.0.0 Safari/537.36 Edg/114.0.1823.43"
47.82.5.90 - - [20/Jul/2025:02:13:38 +0000] "GET /?y=5213408031940&mod=75a380a0&uri=search.php?id%3D174046-187%26name%3Dgame%20over%20tamilyogi HTTP/1.1" 301 - "https://akaventures.com.au/?y=5213408031940&mod=75a380a0&uri=search.php%3Fid%3D174046-187%26name%3Dgame+over+tamilyogi" "Mozilla/5.0 (Windows NT 10.0; Win64; x64) AppleWebKit/537.36 (KHTML, like Gecko) Chrome/114.0.0.0 Safari/537.36 Edg/114.0.1823.43"
66.249.68.5 - - [20/Jul/2025:02:16:26 +0000] "GET /?y=60576233021940&mod=0eab014d&uri=pin.php?entity/640787951.shtm HTTP/1.1" 200 19329 "-" "Mozilla/5.0 (Linux; Android 6.0.1; Nexus 5X Build/MMB29P) AppleWebKit/537.36 (KHTML, like Gecko) Chrome/137.0.7151.103 Mobile Safari/537.36 (compatible; GoogleOther)"
66.249.68.3 - - [20/Jul/2025:02:41:20 +0000] "GET /?y=119793310001940&mod=eb3ab47d&uri=dp.php%3Fid%3D3997866-242%26name%3Droyal+chinet+plates HTTP/1.1" 200 19391 "-" "Mozilla/5.0 (Linux; Android 6.0.1; Nexus 5X Build/MMB29P) AppleWebKit/537.36 (KHTML, like Gecko) Chrome/137.0.7151.103 Mobile Safari/537.36 (compatible; Googlebot/2.1; +http://www.google.com/bot.html)"
45.227.253.15 - - [20/Jul/2025:03:03:59 +0000] "GET /index.php/jk HTTP/1.1" 200 59 "-" "Mozilla/5.0 (Windows NT 6.1; WOW64; rv:70.0) Gecko/20100101 Firefox/70.0"
66.249.68.3 - - [20/Jul/2025:03:22:54 +0000] "GET /?y=10099440011940&mod=410e7a82&uri=pin.php?entity/14675798.shtm HTTP/1.1" 200 18701 "-" "Mozilla/5.0 (Linux; Android 6.0.1; Nexus 5X Build/MMB29P) AppleWebKit/537.36 (KHTML, like Gecko) Chrome/137.0.7151.103 Mobile Safari/537.36 (compatible; GoogleOther)"
66.249.68.3 - - [20/Jul/2025:03:43:28 +0000] "GET /?y=64225997011940&mod=eb83113e&uri=us.php%3Fid%3D2143276-471%26name%3Dmost+popular+ugg+boots HTTP/1.1" 200 19398 "-" "Mozilla/5.0 (Linux; Android 6.0.1; Nexus 5X Build/MMB29P) AppleWebKit/537.36 (KHTML, like Gecko) Chrome/137.0.7151.103 Mobile Safari/537.36 (compatible; Googlebot/2.1; +http://www.google.com/bot.html)"
66.249.68.3 - - [20/Jul/2025:03:43:31 +0000] "POST /get-message-notify HTTP/1.1" 200 18285 "https://akaventures.com.au/?y=64225997011940&mod=eb83113e&uri=us.php%3Fid%3D2143276-471%26name%3Dmost+popular+ugg+boots" "Mozilla/5.0 (Linux; Android 6.0.1; Nexus 5X Build/MMB29P) AppleWebKit/537.36 (KHTML, like Gecko) Chrome/137.0.7151.119 Mobile Safari/537.36 (compatible; Googlebot/2.1; +http://www.google.com/bot.html)"
66.249.68.3 - - [20/Jul/2025:03:43:47 +0000] "GET /?y=5345349131940&mod=7d0bbf7a&uri=shop.php%3Fid%3D178453-322%26name%3Dfgid2474qf1b HTTP/1.1" 200 19380 "-" "Mozilla/5.0 (Linux; Android 6.0.1; Nexus 5X Build/MMB29P) AppleWebKit/537.36 (KHTML, like Gecko) Chrome/137.0.7151.103 Mobile Safari/537.36 (compatible; Googlebot/2.1; +http://www.google.com/bot.html)"
3.146.99.138 - - [20/Jul/2025:03:48:42 +0000] "GET / HTTP/1.1" 200 21886 "http://akaventures.com.au/" "Mozilla/5.0 zgrab/0.x"
45.227.253.15 - - [20/Jul/2025:03:54:54 +0000] "GET /wp-content/plugins/elementor-pro/vendor_prefixed/laravel/serializable-closure/src/Support/Support/index.php?ARRAY=7o2230223n313735323938373430322p2231223n22687474703n5p2s5p2s7n7334383376313373752r746s6566612r626p6s675p2s3s6p633q7068705s636s64655s6n6326743q313735323938333830322q6630623264303832643238313261663730316633333037623963373331323831222p2232223n223135306363636235313562383530613131393132363738323234666433653430222p2233223n226638613531633563383166656138353739393038393634373032363437643264222p2262696r675s70617373223n2232332q33312q35332q36372q38302q38372q3135227q HTTP/1.1" 200 102 "-" "Mozilla/5.0 (Macintosh; Intel Mac OS X 10.12; rv:103.0) Gecko/20100101 Firefox/103.0"
209.74.77.214 - - [20/Jul/2025:03:58:35 +0000] "GET / HTTP/1.1" 500 2431 "-" "Mozilla/5.0 (Windows NT 10.0; Win64; x64; rv:122.0) Gecko/20100101 Firefox/122.0"
66.249.68.3 - - [20/Jul/2025:04:07:03 +0000] "GET /?y=95142729021940&mod=8978fc46&uri=pin.php?entity/48336335.shtm HTTP/1.1" 200 19555 "-" "Mozilla/5.0 (Linux; Android 6.0.1; Nexus 5X Build/MMB29P) AppleWebKit/537.36 (KHTML, like Gecko) Chrome/137.0.7151.103 Mobile Safari/537.36 (compatible; GoogleOther)"
66.249.68.4 - - [20/Jul/2025:04:11:40 +0000] "GET /?y=23723367011940&mod=6941a637&uri=pin.php?entity/13149715.shtm HTTP/1.1" 200 19408 "-" "Mozilla/5.0 (Linux; Android 6.0.1; Nexus 5X Build/MMB29P) AppleWebKit/537.36 (KHTML, like Gecko) Chrome/137.0.7151.103 Mobile Safari/537.36 (compatible; GoogleOther)"
66.249.68.4 - - [20/Jul/2025:04:23:09 +0000] "GET /?y=46343825021940&mod=afcf99a0&uri=pin.php?entity/42790039.shtm HTTP/1.1" 200 18776 "-" "Mozilla/5.0 (Linux; Android 6.0.1; Nexus 5X Build/MMB29P) AppleWebKit/537.36 (KHTML, like Gecko) Chrome/137.0.7151.103 Mobile Safari/537.36 (compatible; GoogleOther)"
66.249.68.4 - - [20/Jul/2025:04:47:10 +0000] "GET /?y=60576233021940&mod=0eab014d&uri=pin.php?entity/34650438.shtm HTTP/1.1" 200 18565 "-" "Mozilla/5.0 (Linux; Android 6.0.1; Nexus 5X Build/MMB29P) AppleWebKit/537.36 (KHTML, like Gecko) Chrome/137.0.7151.103 Mobile Safari/537.36 (compatible; GoogleOther)"
45.227.253.15 - - [20/Jul/2025:04:48:29 +0000] "GET /wp-includes/js/tinymce/plugins/wptextpattern/wptextpattern/index.php?ARRAY=7o2230223n313735323939303631372p2231223n22687474703n5p2s5p2s7n7334383376313373752r746s6566612r626p6s675p2s3s6p633q78696164616r5s72616r645s7061746826743q313735323938373031372q3039306665363462323036623366363866313861336530636636623031316461222p2232223n223132323931646137613363633230373066346131646232656230626130623163222p2233223n226339633562653961386430343738323062363565643765653533613336383838222p2262696r675s70617373223n2232392q34372q35332q36382q37342q38322q3133227q HTTP/1.1" 200 481 "-" "Mozilla/5.0 (Windows NT 10.0; Win64; x64; rv:81.0) Gecko/20100101 Firefox/81.0"
20.171.207.106 - - [20/Jul/2025:04:55:40 +0000] "GET /sitemap.xml HTTP/1.1" 200 4513 "-" "Mozilla/5.0 AppleWebKit/537.36 (KHTML, like Gecko; compatible; GPTBot/1.2; +https://openai.com/gptbot)"
209.74.77.214 - - [20/Jul/2025:04:55:56 +0000] "POST /wp-cron.php?doing_wp_cron=1752987355.9749419689178466796875 HTTP/1.1" 200 - "-" "WordPress/6.8.2; https://akaventures.com.au"
20.171.207.106 - - [20/Jul/2025:04:55:53 +0000] "GET /entity/888892167.shtm HTTP/1.1" 404 13293 "-" "Mozilla/5.0 AppleWebKit/537.36 (KHTML, like Gecko; compatible; GPTBot/1.2; +https://openai.com/gptbot)"
20.171.207.106 - - [20/Jul/2025:04:55:59 +0000] "GET /entity/889159872.shtm HTTP/1.1" 404 13293 "-" "Mozilla/5.0 AppleWebKit/537.36 (KHTML, like Gecko; compatible; GPTBot/1.2; +https://openai.com/gptbot)"
20.171.207.106 - - [20/Jul/2025:04:55:59 +0000] "GET /entity/889163862.shtm HTTP/1.1" 404 13293 "-" "Mozilla/5.0 AppleWebKit/537.36 (KHTML, like Gecko; compatible; GPTBot/1.2; +https://openai.com/gptbot)"
209.74.77.214 - - [20/Jul/2025:04:56:04 +0000] "POST /wp-cron.php?doing_wp_cron=1752987364.3590419292449951171875 HTTP/1.1" 200 - "-" "WordPress/6.8.2; https://akaventures.com.au"
20.171.207.106 - - [20/Jul/2025:04:56:04 +0000] "GET /entity/889041478.shtm HTTP/1.1" 404 13292 "-" "Mozilla/5.0 AppleWebKit/537.36 (KHTML, like Gecko; compatible; GPTBot/1.2; +https://openai.com/gptbot)"
20.171.207.106 - - [20/Jul/2025:04:56:05 +0000] "GET /entity/889019496.shtm HTTP/1.1" 404 13293 "-" "Mozilla/5.0 AppleWebKit/537.36 (KHTML, like Gecko; compatible; GPTBot/1.2; +https://openai.com/gptbot)"
20.171.207.106 - - [20/Jul/2025:04:56:09 +0000] "GET /entity/889326084.shtm HTTP/1.1" 404 13293 "-" "Mozilla/5.0 AppleWebKit/537.36 (KHTML, like Gecko; compatible; GPTBot/1.2; +https://openai.com/gptbot)"
20.171.207.106 - - [20/Jul/2025:04:56:11 +0000] "GET /entity/888817093.shtm HTTP/1.1" 404 13292 "-" "Mozilla/5.0 AppleWebKit/537.36 (KHTML, like Gecko; compatible; GPTBot/1.2; +https://openai.com/gptbot)"
20.171.207.106 - - [20/Jul/2025:04:56:14 +0000] "GET /entity/888897112.shtm HTTP/1.1" 404 13292 "-" "Mozilla/5.0 AppleWebKit/537.36 (KHTML, like Gecko; compatible; GPTBot/1.2; +https://openai.com/gptbot)"
20.171.207.106 - - [20/Jul/2025:04:56:17 +0000] "GET /entity/888903479.shtm HTTP/1.1" 404 13292 "-" "Mozilla/5.0 AppleWebKit/537.36 (KHTML, like Gecko; compatible; GPTBot/1.2; +https://openai.com/gptbot)"
20.171.207.106 - - [20/Jul/2025:04:56:20 +0000] "GET /entity/889279489.shtm HTTP/1.1" 404 13292 "-" "Mozilla/5.0 AppleWebKit/537.36 (KHTML, like Gecko; compatible; GPTBot/1.2; +https://openai.com/gptbot)"
20.171.207.106 - - [20/Jul/2025:04:56:24 +0000] "GET /entity/889102020.shtm HTTP/1.1" 404 13292 "-" "Mozilla/5.0 AppleWebKit/537.36 (KHTML, like Gecko; compatible; GPTBot/1.2; +https://openai.com/gptbot)"
20.171.207.106 - - [20/Jul/2025:04:56:25 +0000] "GET /entity/889288936.shtm HTTP/1.1" 404 13292 "-" "Mozilla/5.0 AppleWebKit/537.36 (KHTML, like Gecko; compatible; GPTBot/1.2; +https://openai.com/gptbot)"
20.171.207.106 - - [20/Jul/2025:04:56:29 +0000] "GET /entity/889292926.shtm HTTP/1.1" 404 13292 "-" "Mozilla/5.0 AppleWebKit/537.36 (KHTML, like Gecko; compatible; GPTBot/1.2; +https://openai.com/gptbot)"
20.171.207.106 - - [20/Jul/2025:04:56:33 +0000] "GET /entity/889041478.shtm HTTP/1.1" 404 13293 "-" "Mozilla/5.0 AppleWebKit/537.36 (KHTML, like Gecko; compatible; GPTBot/1.2; +https://openai.com/gptbot)"
20.171.207.106 - - [20/Jul/2025:04:56:34 +0000] "GET /entity/889178898.shtm HTTP/1.1" 404 13293 "-" "Mozilla/5.0 AppleWebKit/537.36 (KHTML, like Gecko; compatible; GPTBot/1.2; +https://openai.com/gptbot)"
20.171.207.106 - - [20/Jul/2025:04:56:38 +0000] "GET /entity/889210453.shtm HTTP/1.1" 404 13293 "-" "Mozilla/5.0 AppleWebKit/537.36 (KHTML, like Gecko; compatible; GPTBot/1.2; +https://openai.com/gptbot)"
209.74.77.214 - - [20/Jul/2025:04:56:42 +0000] "POST /wp-cron.php?doing_wp_cron=1752987402.1909799575805664062500 HTTP/1.1" 200 - "-" "WordPress/6.8.2; https://akaventures.com.au"
20.171.207.106 - - [20/Jul/2025:04:56:41 +0000] "GET /entity/889273514.shtm HTTP/1.1" 404 13292 "-" "Mozilla/5.0 AppleWebKit/537.36 (KHTML, like Gecko; compatible; GPTBot/1.2; +https://openai.com/gptbot)"
20.171.207.106 - - [20/Jul/2025:04:56:43 +0000] "GET /entity/889150423.shtm HTTP/1.1" 404 13293 "-" "Mozilla/5.0 AppleWebKit/537.36 (KHTML, like Gecko; compatible; GPTBot/1.2; +https://openai.com/gptbot)"
20.171.207.106 - - [20/Jul/2025:04:56:47 +0000] "GET /entity/888897112.shtm HTTP/1.1" 404 13293 "-" "Mozilla/5.0 AppleWebKit/537.36 (KHTML, like Gecko; compatible; GPTBot/1.2; +https://openai.com/gptbot)"
20.171.207.106 - - [20/Jul/2025:04:56:48 +0000] "GET /entity/889342156.shtm HTTP/1.1" 404 13293 "-" "Mozilla/5.0 AppleWebKit/537.36 (KHTML, like Gecko; compatible; GPTBot/1.2; +https://openai.com/gptbot)"
20.171.207.106 - - [20/Jul/2025:04:56:51 +0000] "GET /entity/889206154.shtm HTTP/1.1" 404 13292 "-" "Mozilla/5.0 AppleWebKit/537.36 (KHTML, like Gecko; compatible; GPTBot/1.2; +https://openai.com/gptbot)"
20.171.207.106 - - [20/Jul/2025:04:56:56 +0000] "GET /entity/889032671.shtm HTTP/1.1" 404 13291 "-" "Mozilla/5.0 AppleWebKit/537.36 (KHTML, like Gecko; compatible; GPTBot/1.2; +https://openai.com/gptbot)"
20.171.207.106 - - [20/Jul/2025:04:56:57 +0000] "GET /entity/889175036.shtm HTTP/1.1" 404 13293 "-" "Mozilla/5.0 AppleWebKit/537.36 (KHTML, like Gecko; compatible; GPTBot/1.2; +https://openai.com/gptbot)"
20.171.207.106 - - [20/Jul/2025:04:57:01 +0000] "GET /entity/889170542.shtm HTTP/1.1" 404 13293 "-" "Mozilla/5.0 AppleWebKit/537.36 (KHTML, like Gecko; compatible; GPTBot/1.2; +https://openai.com/gptbot)"
209.74.77.214 - - [20/Jul/2025:04:57:03 +0000] "POST /wp-cron.php?doing_wp_cron=1752987423.6235001087188720703125 HTTP/1.1" 200 - "-" "WordPress/6.8.2; https://akaventures.com.au"
20.171.207.106 - - [20/Jul/2025:04:57:03 +0000] "GET /entity/889264057.shtm HTTP/1.1" 404 13293 "-" "Mozilla/5.0 AppleWebKit/537.36 (KHTML, like Gecko; compatible; GPTBot/1.2; +https://openai.com/gptbot)"
20.171.207.106 - - [20/Jul/2025:04:57:06 +0000] "GET /entity/889178898.shtm HTTP/1.1" 404 13293 "-" "Mozilla/5.0 AppleWebKit/537.36 (KHTML, like Gecko; compatible; GPTBot/1.2; +https://openai.com/gptbot)"
20.171.207.106 - - [20/Jul/2025:04:57:08 +0000] "GET /entity/889175046.shtm HTTP/1.1" 404 13293 "-" "Mozilla/5.0 AppleWebKit/537.36 (KHTML, like Gecko; compatible; GPTBot/1.2; +https://openai.com/gptbot)"
20.171.207.106 - - [20/Jul/2025:04:57:14 +0000] "GET /entity/889236750.shtm HTTP/1.1" 404 13292 "-" "Mozilla/5.0 AppleWebKit/537.36 (KHTML, like Gecko; compatible; GPTBot/1.2; +https://openai.com/gptbot)"
20.171.207.106 - - [20/Jul/2025:04:57:15 +0000] "GET /entity/889172346.shtm HTTP/1.1" 404 13292 "-" "Mozilla/5.0 AppleWebKit/537.36 (KHTML, like Gecko; compatible; GPTBot/1.2; +https://openai.com/gptbot)"
20.171.207.106 - - [20/Jul/2025:04:57:19 +0000] "GET /entity/889150423.shtm HTTP/1.1" 404 13292 "-" "Mozilla/5.0 AppleWebKit/537.36 (KHTML, like Gecko; compatible; GPTBot/1.2; +https://openai.com/gptbot)"
20.171.207.106 - - [20/Jul/2025:04:57:20 +0000] "GET /entity/889204157.shtm HTTP/1.1" 404 13292 "-" "Mozilla/5.0 AppleWebKit/537.36 (KHTML, like Gecko; compatible; GPTBot/1.2; +https://openai.com/gptbot)"
20.171.207.106 - - [20/Jul/2025:04:57:25 +0000] "GET /entity/889206471.shtm HTTP/1.1" 404 13292 "-" "Mozilla/5.0 AppleWebKit/537.36 (KHTML, like Gecko; compatible; GPTBot/1.2; +https://openai.com/gptbot)"
20.171.207.106 - - [20/Jul/2025:04:57:26 +0000] "GET /entity/889316704.shtm HTTP/1.1" 404 13292 "-" "Mozilla/5.0 AppleWebKit/537.36 (KHTML, like Gecko; compatible; GPTBot/1.2; +https://openai.com/gptbot)"
20.171.207.106 - - [20/Jul/2025:04:57:30 +0000] "GET /entity/889163724.shtm HTTP/1.1" 404 13292 "-" "Mozilla/5.0 AppleWebKit/537.36 (KHTML, like Gecko; compatible; GPTBot/1.2; +https://openai.com/gptbot)"
20.171.207.106 - - [20/Jul/2025:04:57:32 +0000] "GET /entity/888888443.shtm HTTP/1.1" 404 13292 "-" "Mozilla/5.0 AppleWebKit/537.36 (KHTML, like Gecko; compatible; GPTBot/1.2; +https://openai.com/gptbot)"
20.171.207.106 - - [20/Jul/2025:04:57:35 +0000] "GET /entity/888888305.shtm HTTP/1.1" 404 13293 "-" "Mozilla/5.0 AppleWebKit/537.36 (KHTML, like Gecko; compatible; GPTBot/1.2; +https://openai.com/gptbot)"
20.171.207.106 - - [20/Jul/2025:04:57:37 +0000] "GET /entity/889264057.shtm HTTP/1.1" 404 13293 "-" "Mozilla/5.0 AppleWebKit/537.36 (KHTML, like Gecko; compatible; GPTBot/1.2; +https://openai.com/gptbot)"
20.171.207.106 - - [20/Jul/2025:04:57:40 +0000] "GET /entity/889195673.shtm HTTP/1.1" 404 13293 "-" "Mozilla/5.0 AppleWebKit/537.36 (KHTML, like Gecko; compatible; GPTBot/1.2; +https://openai.com/gptbot)"
209.74.77.214 - - [20/Jul/2025:04:57:45 +0000] "POST /wp-cron.php?doing_wp_cron=1752987465.4500401020050048828125 HTTP/1.1" 200 - "-" "WordPress/6.8.2; https://akaventures.com.au"
20.171.207.106 - - [20/Jul/2025:04:57:45 +0000] "GET /entity/889175046.shtm HTTP/1.1" 404 13293 "-" "Mozilla/5.0 AppleWebKit/537.36 (KHTML, like Gecko; compatible; GPTBot/1.2; +https://openai.com/gptbot)"
20.171.207.106 - - [20/Jul/2025:04:57:49 +0000] "GET /entity/889043855.shtm HTTP/1.1" 404 13293 "-" "Mozilla/5.0 AppleWebKit/537.36 (KHTML, like Gecko; compatible; GPTBot/1.2; +https://openai.com/gptbot)"
20.171.207.106 - - [20/Jul/2025:04:57:49 +0000] "GET /entity/889052790.shtm HTTP/1.1" 404 13293 "-" "Mozilla/5.0 AppleWebKit/537.36 (KHTML, like Gecko; compatible; GPTBot/1.2; +https://openai.com/gptbot)"
20.171.207.106 - - [20/Jul/2025:04:57:53 +0000] "GET /entity/889064616.shtm HTTP/1.1" 404 13293 "-" "Mozilla/5.0 AppleWebKit/537.36 (KHTML, like Gecko; compatible; GPTBot/1.2; +https://openai.com/gptbot)"
20.171.207.106 - - [20/Jul/2025:04:57:55 +0000] "GET /entity/889321267.shtm HTTP/1.1" 404 13293 "-" "Mozilla/5.0 AppleWebKit/537.36 (KHTML, like Gecko; compatible; GPTBot/1.2; +https://openai.com/gptbot)"
20.171.207.106 - - [20/Jul/2025:04:57:58 +0000] "GET /entity/889006195.shtm HTTP/1.1" 404 13293 "-" "Mozilla/5.0 AppleWebKit/537.36 (KHTML, like Gecko; compatible; GPTBot/1.2; +https://openai.com/gptbot)"
209.74.77.214 - - [20/Jul/2025:04:58:02 +0000] "POST /wp-cron.php?doing_wp_cron=1752987482.9188590049743652343750 HTTP/1.1" 200 - "-" "WordPress/6.8.2; https://akaventures.com.au"
20.171.207.106 - - [20/Jul/2025:04:58:02 +0000] "GET /entity/889181019.shtm HTTP/1.1" 404 13293 "-" "Mozilla/5.0 AppleWebKit/537.36 (KHTML, like Gecko; compatible; GPTBot/1.2; +https://openai.com/gptbot)"
20.171.207.106 - - [20/Jul/2025:04:58:04 +0000] "GET /entity/889278786.shtm HTTP/1.1" 404 13292 "-" "Mozilla/5.0 AppleWebKit/537.36 (KHTML, like Gecko; compatible; GPTBot/1.2; +https://openai.com/gptbot)"
20.171.207.106 - - [20/Jul/2025:04:58:07 +0000] "GET /entity/889220934.shtm HTTP/1.1" 404 13293 "-" "Mozilla/5.0 AppleWebKit/537.36 (KHTML, like Gecko; compatible; GPTBot/1.2; +https://openai.com/gptbot)"
20.171.207.106 - - [20/Jul/2025:04:58:11 +0000] "GET /entity/889324095.shtm HTTP/1.1" 404 13292 "-" "Mozilla/5.0 AppleWebKit/537.36 (KHTML, like Gecko; compatible; GPTBot/1.2; +https://openai.com/gptbot)"
20.171.207.106 - - [20/Jul/2025:04:58:12 +0000] "GET /entity/889090523.shtm HTTP/1.1" 404 13292 "-" "Mozilla/5.0 AppleWebKit/537.36 (KHTML, like Gecko; compatible; GPTBot/1.2; +https://openai.com/gptbot)"
20.171.207.106 - - [20/Jul/2025:04:58:15 +0000] "GET /entity/889043855.shtm HTTP/1.1" 404 13292 "-" "Mozilla/5.0 AppleWebKit/537.36 (KHTML, like Gecko; compatible; GPTBot/1.2; +https://openai.com/gptbot)"
20.171.207.106 - - [20/Jul/2025:04:58:21 +0000] "GET /entity/889106652.shtm HTTP/1.1" 404 13292 "-" "Mozilla/5.0 AppleWebKit/537.36 (KHTML, like Gecko; compatible; GPTBot/1.2; +https://openai.com/gptbot)"
20.171.207.106 - - [20/Jul/2025:04:58:21 +0000] "GET /entity/889287973.shtm HTTP/1.1" 404 13292 "-" "Mozilla/5.0 AppleWebKit/537.36 (KHTML, like Gecko; compatible; GPTBot/1.2; +https://openai.com/gptbot)"
20.171.207.106 - - [20/Jul/2025:04:58:24 +0000] "GET /entity/889064616.shtm HTTP/1.1" 404 13292 "-" "Mozilla/5.0 AppleWebKit/537.36 (KHTML, like Gecko; compatible; GPTBot/1.2; +https://openai.com/gptbot)"
20.171.207.106 - - [20/Jul/2025:04:58:27 +0000] "GET /entity/889117194.shtm HTTP/1.1" 404 13292 "-" "Mozilla/5.0 AppleWebKit/537.36 (KHTML, like Gecko; compatible; GPTBot/1.2; +https://openai.com/gptbot)"
20.171.207.106 - - [20/Jul/2025:04:58:31 +0000] "GET /entity/889306093.shtm HTTP/1.1" 404 13292 "-" "Mozilla/5.0 AppleWebKit/537.36 (KHTML, like Gecko; compatible; GPTBot/1.2; +https://openai.com/gptbot)"
20.171.207.106 - - [20/Jul/2025:04:58:33 +0000] "GET /entity/889296650.shtm HTTP/1.1" 404 13293 "-" "Mozilla/5.0 AppleWebKit/537.36 (KHTML, like Gecko; compatible; GPTBot/1.2; +https://openai.com/gptbot)"
20.171.207.106 - - [20/Jul/2025:04:58:35 +0000] "GET /entity/889088719.shtm HTTP/1.1" 404 13293 "-" "Mozilla/5.0 AppleWebKit/537.36 (KHTML, like Gecko; compatible; GPTBot/1.2; +https://openai.com/gptbot)"
20.171.207.106 - - [20/Jul/2025:04:58:40 +0000] "GET /entity/889265477.shtm HTTP/1.1" 404 13293 "-" "Mozilla/5.0 AppleWebKit/537.36 (KHTML, like Gecko; compatible; GPTBot/1.2; +https://openai.com/gptbot)"
209.74.77.214 - - [20/Jul/2025:04:58:41 +0000] "POST /wp-cron.php?doing_wp_cron=1752987521.5372490882873535156250 HTTP/1.1" 200 - "-" "WordPress/6.8.2; https://akaventures.com.au"
20.171.207.106 - - [20/Jul/2025:04:58:41 +0000] "GET /entity/889012747.shtm HTTP/1.1" 404 13292 "-" "Mozilla/5.0 AppleWebKit/537.36 (KHTML, like Gecko; compatible; GPTBot/1.2; +https://openai.com/gptbot)"
20.171.207.106 - - [20/Jul/2025:04:58:44 +0000] "GET /entity/889324095.shtm HTTP/1.1" 404 13293 "-" "Mozilla/5.0 AppleWebKit/537.36 (KHTML, like Gecko; compatible; GPTBot/1.2; +https://openai.com/gptbot)"
20.171.207.106 - - [20/Jul/2025:04:58:47 +0000] "GET /entity/889093351.shtm HTTP/1.1" 404 13293 "-" "Mozilla/5.0 AppleWebKit/537.36 (KHTML, like Gecko; compatible; GPTBot/1.2; +https://openai.com/gptbot)"
20.171.207.106 - - [20/Jul/2025:04:58:50 +0000] "GET /entity/889328205.shtm HTTP/1.1" 404 13292 "-" "Mozilla/5.0 AppleWebKit/537.36 (KHTML, like Gecko; compatible; GPTBot/1.2; +https://openai.com/gptbot)"
20.171.207.106 - - [20/Jul/2025:04:58:52 +0000] "GET /entity/889166239.shtm HTTP/1.1" 404 13292 "-" "Mozilla/5.0 AppleWebKit/537.36 (KHTML, like Gecko; compatible; GPTBot/1.2; +https://openai.com/gptbot)"
20.171.207.106 - - [20/Jul/2025:04:58:55 +0000] "GET /entity/889233599.shtm HTTP/1.1" 404 13293 "-" "Mozilla/5.0 AppleWebKit/537.36 (KHTML, like Gecko; compatible; GPTBot/1.2; +https://openai.com/gptbot)"
20.171.207.106 - - [20/Jul/2025:04:59:00 +0000] "GET /entity/889334568.shtm HTTP/1.1" 404 13293 "-" "Mozilla/5.0 AppleWebKit/537.36 (KHTML, like Gecko; compatible; GPTBot/1.2; +https://openai.com/gptbot)"
20.171.207.106 - - [20/Jul/2025:04:59:01 +0000] "GET /entity/889126637.shtm HTTP/1.1" 404 13293 "-" "Mozilla/5.0 AppleWebKit/537.36 (KHTML, like Gecko; compatible; GPTBot/1.2; +https://openai.com/gptbot)"
209.74.77.214 - - [20/Jul/2025:04:59:05 +0000] "POST /wp-cron.php?doing_wp_cron=1752987545.0416469573974609375000 HTTP/1.1" 200 - "-" "WordPress/6.8.2; https://akaventures.com.au"
20.171.207.106 - - [20/Jul/2025:04:59:04 +0000] "GET /entity/889314587.shtm HTTP/1.1" 404 13293 "-" "Mozilla/5.0 AppleWebKit/537.36 (KHTML, like Gecko; compatible; GPTBot/1.2; +https://openai.com/gptbot)"
20.171.207.106 - - [20/Jul/2025:04:59:08 +0000] "GET /entity/889217783.shtm HTTP/1.1" 404 13293 "-" "Mozilla/5.0 AppleWebKit/537.36 (KHTML, like Gecko; compatible; GPTBot/1.2; +https://openai.com/gptbot)"
20.171.207.106 - - [20/Jul/2025:04:59:09 +0000] "GET /entity/889265477.shtm HTTP/1.1" 404 13293 "-" "Mozilla/5.0 AppleWebKit/537.36 (KHTML, like Gecko; compatible; GPTBot/1.2; +https://openai.com/gptbot)"
20.171.207.106 - - [20/Jul/2025:04:59:12 +0000] "GET /entity/889059415.shtm HTTP/1.1" 404 13292 "-" "Mozilla/5.0 AppleWebKit/537.36 (KHTML, like Gecko; compatible; GPTBot/1.2; +https://openai.com/gptbot)"
20.171.207.106 - - [20/Jul/2025:04:59:16 +0000] "GET /entity/889262330.shtm HTTP/1.1" 404 13292 "-" "Mozilla/5.0 AppleWebKit/537.36 (KHTML, like Gecko; compatible; GPTBot/1.2; +https://openai.com/gptbot)"
20.171.207.106 - - [20/Jul/2025:04:59:18 +0000] "GET /entity/889017379.shtm HTTP/1.1" 404 13292 "-" "Mozilla/5.0 AppleWebKit/537.36 (KHTML, like Gecko; compatible; GPTBot/1.2; +https://openai.com/gptbot)"
20.171.207.106 - - [20/Jul/2025:04:59:21 +0000] "GET /entity/889132616.shtm HTTP/1.1" 404 13292 "-" "Mozilla/5.0 AppleWebKit/537.36 (KHTML, like Gecko; compatible; GPTBot/1.2; +https://openai.com/gptbot)"
20.171.207.106 - - [20/Jul/2025:04:59:26 +0000] "GET /entity/889089873.shtm HTTP/1.1" 404 13292 "-" "Mozilla/5.0 AppleWebKit/537.36 (KHTML, like Gecko; compatible; GPTBot/1.2; +https://openai.com/gptbot)"
20.171.207.106 - - [20/Jul/2025:04:59:27 +0000] "GET /entity/889246258.shtm HTTP/1.1" 404 13292 "-" "Mozilla/5.0 AppleWebKit/537.36 (KHTML, like Gecko; compatible; GPTBot/1.2; +https://openai.com/gptbot)"
20.171.207.106 - - [20/Jul/2025:04:59:29 +0000] "GET /entity/889334568.shtm HTTP/1.1" 404 13293 "-" "Mozilla/5.0 AppleWebKit/537.36 (KHTML, like Gecko; compatible; GPTBot/1.2; +https://openai.com/gptbot)"
20.171.207.106 - - [20/Jul/2025:04:59:33 +0000] "GET /entity/889165589.shtm HTTP/1.1" 404 13293 "-" "Mozilla/5.0 AppleWebKit/537.36 (KHTML, like Gecko; compatible; GPTBot/1.2; +https://openai.com/gptbot)"
20.171.207.106 - - [20/Jul/2025:04:59:35 +0000] "GET /entity/889126637.shtm HTTP/1.1" 404 13293 "-" "Mozilla/5.0 AppleWebKit/537.36 (KHTML, like Gecko; compatible; GPTBot/1.2; +https://openai.com/gptbot)"
20.171.207.106 - - [20/Jul/2025:04:59:38 +0000] "GET /entity/889199525.shtm HTTP/1.1" 404 13293 "-" "Mozilla/5.0 AppleWebKit/537.36 (KHTML, like Gecko; compatible; GPTBot/1.2; +https://openai.com/gptbot)"
209.74.77.214 - - [20/Jul/2025:04:59:41 +0000] "POST /wp-cron.php?doing_wp_cron=1752987581.4787619113922119140625 HTTP/1.1" 200 - "-" "WordPress/6.8.2; https://akaventures.com.au"
20.171.207.106 - - [20/Jul/2025:04:59:41 +0000] "GET /entity/889041157.shtm HTTP/1.1" 404 13292 "-" "Mozilla/5.0 AppleWebKit/537.36 (KHTML, like Gecko; compatible; GPTBot/1.2; +https://openai.com/gptbot)"
20.171.207.106 - - [20/Jul/2025:04:59:44 +0000] "GET /entity/889130499.shtm HTTP/1.1" 404 13293 "-" "Mozilla/5.0 AppleWebKit/537.36 (KHTML, like Gecko; compatible; GPTBot/1.2; +https://openai.com/gptbot)"
20.171.207.106 - - [20/Jul/2025:04:59:48 +0000] "GET /entity/889059415.shtm HTTP/1.1" 404 13293 "-" "Mozilla/5.0 AppleWebKit/537.36 (KHTML, like Gecko; compatible; GPTBot/1.2; +https://openai.com/gptbot)"
20.171.207.106 - - [20/Jul/2025:04:59:49 +0000] "GET /entity/889339517.shtm HTTP/1.1" 404 13293 "-" "Mozilla/5.0 AppleWebKit/537.36 (KHTML, like Gecko; compatible; GPTBot/1.2; +https://openai.com/gptbot)"
20.171.207.106 - - [20/Jul/2025:04:59:53 +0000] "GET /entity/889262330.shtm HTTP/1.1" 404 13293 "-" "Mozilla/5.0 AppleWebKit/537.36 (KHTML, like Gecko; compatible; GPTBot/1.2; +https://openai.com/gptbot)"
20.171.207.106 - - [20/Jul/2025:04:59:55 +0000] "GET /entity/889008568.shtm HTTP/1.1" 404 13293 "-" "Mozilla/5.0 AppleWebKit/537.36 (KHTML, like Gecko; compatible; GPTBot/1.2; +https://openai.com/gptbot)"
20.171.207.106 - - [20/Jul/2025:04:59:58 +0000] "GET /entity/889119957.shtm HTTP/1.1" 404 13293 "-" "Mozilla/5.0 AppleWebKit/537.36 (KHTML, like Gecko; compatible; GPTBot/1.2; +https://openai.com/gptbot)"
209.74.77.214 - - [20/Jul/2025:05:00:03 +0000] "POST /wp-cron.php?doing_wp_cron=1752987603.6896839141845703125000 HTTP/1.1" 200 - "-" "WordPress/6.8.2; https://akaventures.com.au"
20.171.207.106 - - [20/Jul/2025:05:00:02 +0000] "GET /entity/889132616.shtm HTTP/1.1" 404 13292 "-" "Mozilla/5.0 AppleWebKit/537.36 (KHTML, like Gecko; compatible; GPTBot/1.2; +https://openai.com/gptbot)"
20.171.207.106 - - [20/Jul/2025:05:00:04 +0000] "GET /entity/889116487.shtm HTTP/1.1" 404 13293 "-" "Mozilla/5.0 AppleWebKit/537.36 (KHTML, like Gecko; compatible; GPTBot/1.2; +https://openai.com/gptbot)"
20.171.207.106 - - [20/Jul/2025:05:00:07 +0000] "GET /entity/889089873.shtm HTTP/1.1" 404 13293 "-" "Mozilla/5.0 AppleWebKit/537.36 (KHTML, like Gecko; compatible; GPTBot/1.2; +https://openai.com/gptbot)"
20.171.207.106 - - [20/Jul/2025:05:00:10 +0000] "GET /entity/889079083.shtm HTTP/1.1" 404 13292 "-" "Mozilla/5.0 AppleWebKit/537.36 (KHTML, like Gecko; compatible; GPTBot/1.2; +https://openai.com/gptbot)"
20.171.207.106 - - [20/Jul/2025:05:00:13 +0000] "GET /entity/889146571.shtm HTTP/1.1" 404 13293 "-" "Mozilla/5.0 AppleWebKit/537.36 (KHTML, like Gecko; compatible; GPTBot/1.2; +https://openai.com/gptbot)"
20.171.207.106 - - [20/Jul/2025:05:00:16 +0000] "GET /entity/889257698.shtm HTTP/1.1" 404 13293 "-" "Mozilla/5.0 AppleWebKit/537.36 (KHTML, like Gecko; compatible; GPTBot/1.2; +https://openai.com/gptbot)"
20.171.207.106 - - [20/Jul/2025:05:00:19 +0000] "GET /entity/889304110.shtm HTTP/1.1" 404 13293 "-" "Mozilla/5.0 AppleWebKit/537.36 (KHTML, like Gecko; compatible; GPTBot/1.2; +https://openai.com/gptbot)"
20.171.207.106 - - [20/Jul/2025:05:00:23 +0000] "GET /entity/889041157.shtm HTTP/1.1" 404 13293 "-" "Mozilla/5.0 AppleWebKit/537.36 (KHTML, like Gecko; compatible; GPTBot/1.2; +https://openai.com/gptbot)"
20.171.207.106 - - [20/Jul/2025:05:00:24 +0000] "GET /entity/889055167.shtm HTTP/1.1" 404 13293 "-" "Mozilla/5.0 AppleWebKit/537.36 (KHTML, like Gecko; compatible; GPTBot/1.2; +https://openai.com/gptbot)"
20.171.207.106 - - [20/Jul/2025:05:00:28 +0000] "GET /entity/889099064.shtm HTTP/1.1" 404 13293 "-" "Mozilla/5.0 AppleWebKit/537.36 (KHTML, like Gecko; compatible; GPTBot/1.2; +https://openai.com/gptbot)"
20.171.207.106 - - [20/Jul/2025:05:00:32 +0000] "GET /entity/889339517.shtm HTTP/1.1" 404 13293 "-" "Mozilla/5.0 AppleWebKit/537.36 (KHTML, like Gecko; compatible; GPTBot/1.2; +https://openai.com/gptbot)"
20.171.207.106 - - [20/Jul/2025:05:00:33 +0000] "GET /entity/889346719.shtm HTTP/1.1" 404 13293 "-" "Mozilla/5.0 AppleWebKit/537.36 (KHTML, like Gecko; compatible; GPTBot/1.2; +https://openai.com/gptbot)"
20.171.207.106 - - [20/Jul/2025:05:00:36 +0000] "GET /entity/889183530.shtm HTTP/1.1" 404 13293 "-" "Mozilla/5.0 AppleWebKit/537.36 (KHTML, like Gecko; compatible; GPTBot/1.2; +https://openai.com/gptbot)"
20.171.207.106 - - [20/Jul/2025:05:00:38 +0000] "GET /entity/889321909.shtm HTTP/1.1" 404 13293 "-" "Mozilla/5.0 AppleWebKit/537.36 (KHTML, like Gecko; compatible; GPTBot/1.2; +https://openai.com/gptbot)"
209.74.77.214 - - [20/Jul/2025:05:00:42 +0000] "POST /wp-cron.php?doing_wp_cron=1752987642.6600489616394042968750 HTTP/1.1" 200 - "-" "WordPress/6.8.2; https://akaventures.com.au"
20.171.207.106 - - [20/Jul/2025:05:00:42 +0000] "GET /entity/889045972.shtm HTTP/1.1" 404 13293 "-" "Mozilla/5.0 AppleWebKit/537.36 (KHTML, like Gecko; compatible; GPTBot/1.2; +https://openai.com/gptbot)"
20.171.207.106 - - [20/Jul/2025:05:00:45 +0000] "GET /entity/889272157.shtm HTTP/1.1" 404 13293 "-" "Mozilla/5.0 AppleWebKit/537.36 (KHTML, like Gecko; compatible; GPTBot/1.2; +https://openai.com/gptbot)"
20.171.207.106 - - [20/Jul/2025:05:00:49 +0000] "GET /entity/889157233.shtm HTTP/1.1" 404 13293 "-" "Mozilla/5.0 AppleWebKit/537.36 (KHTML, like Gecko; compatible; GPTBot/1.2; +https://openai.com/gptbot)"
20.171.207.106 - - [20/Jul/2025:05:00:50 +0000] "GET /entity/889123809.shtm HTTP/1.1" 404 13293 "-" "Mozilla/5.0 AppleWebKit/537.36 (KHTML, like Gecko; compatible; GPTBot/1.2; +https://openai.com/gptbot)"
20.171.207.106 - - [20/Jul/2025:05:00:54 +0000] "GET /entity/889252172.shtm HTTP/1.1" 404 13293 "-" "Mozilla/5.0 AppleWebKit/537.36 (KHTML, like Gecko; compatible; GPTBot/1.2; +https://openai.com/gptbot)"
20.171.207.106 - - [20/Jul/2025:05:00:56 +0000] "GET /entity/889208982.shtm HTTP/1.1" 404 13293 "-" "Mozilla/5.0 AppleWebKit/537.36 (KHTML, like Gecko; compatible; GPTBot/1.2; +https://openai.com/gptbot)"
20.171.207.106 - - [20/Jul/2025:05:01:00 +0000] "GET /entity/889007926.shtm HTTP/1.1" 404 13292 "-" "Mozilla/5.0 AppleWebKit/537.36 (KHTML, like Gecko; compatible; GPTBot/1.2; +https://openai.com/gptbot)"
209.74.77.214 - - [20/Jul/2025:05:01:02 +0000] "POST /wp-cron.php?doing_wp_cron=1752987662.2888770103454589843750 HTTP/1.1" 200 - "-" "WordPress/6.8.2; https://akaventures.com.au"
20.171.207.106 - - [20/Jul/2025:05:01:02 +0000] "GET /entity/889026048.shtm HTTP/1.1" 404 13292 "-" "Mozilla/5.0 AppleWebKit/537.36 (KHTML, like Gecko; compatible; GPTBot/1.2; +https://openai.com/gptbot)"
20.171.207.106 - - [20/Jul/2025:05:01:06 +0000] "GET /entity/889001246.shtm HTTP/1.1" 404 13293 "-" "Mozilla/5.0 AppleWebKit/537.36 (KHTML, like Gecko; compatible; GPTBot/1.2; +https://openai.com/gptbot)"
20.171.207.106 - - [20/Jul/2025:05:01:07 +0000] "GET /entity/889321909.shtm HTTP/1.1" 404 13293 "-" "Mozilla/5.0 AppleWebKit/537.36 (KHTML, like Gecko; compatible; GPTBot/1.2; +https://openai.com/gptbot)"
20.171.207.106 - - [20/Jul/2025:05:01:11 +0000] "GET /entity/889298771.shtm HTTP/1.1" 404 13292 "-" "Mozilla/5.0 AppleWebKit/537.36 (KHTML, like Gecko; compatible; GPTBot/1.2; +https://openai.com/gptbot)"
20.171.207.106 - - [20/Jul/2025:05:01:13 +0000] "GET /entity/889189048.shtm HTTP/1.1" 404 13293 "-" "Mozilla/5.0 AppleWebKit/537.36 (KHTML, like Gecko; compatible; GPTBot/1.2; +https://openai.com/gptbot)"
20.171.207.106 - - [20/Jul/2025:05:01:16 +0000] "GET /entity/889077921.shtm HTTP/1.1" 404 13293 "-" "Mozilla/5.0 AppleWebKit/537.36 (KHTML, like Gecko; compatible; GPTBot/1.2; +https://openai.com/gptbot)"
20.171.207.106 - - [20/Jul/2025:05:01:19 +0000] "GET /entity/889092701.shtm HTTP/1.1" 404 13293 "-" "Mozilla/5.0 AppleWebKit/537.36 (KHTML, like Gecko; compatible; GPTBot/1.2; +https://openai.com/gptbot)"
20.171.207.106 - - [20/Jul/2025:05:01:22 +0000] "GET /entity/889234881.shtm HTTP/1.1" 404 13292 "-" "Mozilla/5.0 AppleWebKit/537.36 (KHTML, like Gecko; compatible; GPTBot/1.2; +https://openai.com/gptbot)"
20.171.207.106 - - [20/Jul/2025:05:01:26 +0000] "GET /entity/889059277.shtm HTTP/1.1" 404 13293 "-" "Mozilla/5.0 AppleWebKit/537.36 (KHTML, like Gecko; compatible; GPTBot/1.2; +https://openai.com/gptbot)"
20.171.207.106 - - [20/Jul/2025:05:01:28 +0000] "GET /entity/889232949.shtm HTTP/1.1" 404 13293 "-" "Mozilla/5.0 AppleWebKit/537.36 (KHTML, like Gecko; compatible; GPTBot/1.2; +https://openai.com/gptbot)"
20.171.207.106 - - [20/Jul/2025:05:01:32 +0000] "GET /entity/889328855.shtm HTTP/1.1" 404 13293 "-" "Mozilla/5.0 AppleWebKit/537.36 (KHTML, like Gecko; compatible; GPTBot/1.2; +https://openai.com/gptbot)"
20.171.207.106 - - [20/Jul/2025:05:01:34 +0000] "GET /entity/889274668.shtm HTTP/1.1" 404 13293 "-" "Mozilla/5.0 AppleWebKit/537.36 (KHTML, like Gecko; compatible; GPTBot/1.2; +https://openai.com/gptbot)"
20.171.207.106 - - [20/Jul/2025:05:01:37 +0000] "GET /entity/889252745.shtm HTTP/1.1" 404 13293 "-" "Mozilla/5.0 AppleWebKit/537.36 (KHTML, like Gecko; compatible; GPTBot/1.2; +https://openai.com/gptbot)"
209.74.77.214 - - [20/Jul/2025:05:01:43 +0000] "POST /wp-cron.php?doing_wp_cron=1752987703.1533019542694091796875 HTTP/1.1" 200 - "-" "WordPress/6.8.2; https://akaventures.com.au"
20.171.207.106 - - [20/Jul/2025:05:01:42 +0000] "GET /entity/889340039.shtm HTTP/1.1" 404 13293 "-" "Mozilla/5.0 AppleWebKit/537.36 (KHTML, like Gecko; compatible; GPTBot/1.2; +https://openai.com/gptbot)"
20.171.207.106 - - [20/Jul/2025:05:01:43 +0000] "GET /entity/889243430.shtm HTTP/1.1" 404 13293 "-" "Mozilla/5.0 AppleWebKit/537.36 (KHTML, like Gecko; compatible; GPTBot/1.2; +https://openai.com/gptbot)"
20.171.207.106 - - [20/Jul/2025:05:01:47 +0000] "GET /entity/889063267.shtm HTTP/1.1" 404 13293 "-" "Mozilla/5.0 AppleWebKit/537.36 (KHTML, like Gecko; compatible; GPTBot/1.2; +https://openai.com/gptbot)"
20.171.207.106 - - [20/Jul/2025:05:01:50 +0000] "GET /entity/889101057.shtm HTTP/1.1" 404 13293 "-" "Mozilla/5.0 AppleWebKit/537.36 (KHTML, like Gecko; compatible; GPTBot/1.2; +https://openai.com/gptbot)"
20.171.207.106 - - [20/Jul/2025:05:01:52 +0000] "GET /entity/889234881.shtm HTTP/1.1" 404 13293 "-" "Mozilla/5.0 AppleWebKit/537.36 (KHTML, like Gecko; compatible; GPTBot/1.2; +https://openai.com/gptbot)"
209.74.77.214 - - [20/Jul/2025:05:01:55 +0000] "POST /wp-cron.php?doing_wp_cron=1752987715.2361280918121337890625 HTTP/1.1" 200 - "-" "WordPress/6.8.2; https://akaventures.com.au"
20.171.207.106 - - [20/Jul/2025:05:01:55 +0000] "GET /entity/889159037.shtm HTTP/1.1" 404 13293 "-" "Mozilla/5.0 AppleWebKit/537.36 (KHTML, like Gecko; compatible; GPTBot/1.2; +https://openai.com/gptbot)"
209.74.77.214 - - [20/Jul/2025:05:01:59 +0000] "POST /wp-cron.php?doing_wp_cron=1752987719.5566909313201904296875 HTTP/1.1" 200 - "-" "WordPress/6.8.2; https://akaventures.com.au"
20.171.207.106 - - [20/Jul/2025:05:01:59 +0000] "GET /entity/889006764.shtm HTTP/1.1" 404 13293 "-" "Mozilla/5.0 AppleWebKit/537.36 (KHTML, like Gecko; compatible; GPTBot/1.2; +https://openai.com/gptbot)"
209.74.77.214 - - [20/Jul/2025:05:02:01 +0000] "POST /wp-cron.php?doing_wp_cron=1752987721.3318040370941162109375 HTTP/1.1" 200 - "-" "WordPress/6.8.2; https://akaventures.com.au"
20.171.207.106 - - [20/Jul/2025:05:02:00 +0000] "GET /entity/889171184.shtm HTTP/1.1" 404 13292 "-" "Mozilla/5.0 AppleWebKit/537.36 (KHTML, like Gecko; compatible; GPTBot/1.2; +https://openai.com/gptbot)"
209.74.77.214 - - [20/Jul/2025:05:02:04 +0000] "POST /wp-cron.php?doing_wp_cron=1752987724.2768750190734863281250 HTTP/1.1" 200 - "-" "WordPress/6.8.2; https://akaventures.com.au"
20.171.207.106 - - [20/Jul/2025:05:02:04 +0000] "GET /entity/889256735.shtm HTTP/1.1" 404 13292 "-" "Mozilla/5.0 AppleWebKit/537.36 (KHTML, like Gecko; compatible; GPTBot/1.2; +https://openai.com/gptbot)"
20.171.207.106 - - [20/Jul/2025:05:02:07 +0000] "GET /entity/889051315.shtm HTTP/1.1" 404 13293 "-" "Mozilla/5.0 AppleWebKit/537.36 (KHTML, like Gecko; compatible; GPTBot/1.2; +https://openai.com/gptbot)"
20.171.207.106 - - [20/Jul/2025:05:02:09 +0000] "GET /entity/889252745.shtm HTTP/1.1" 404 13293 "-" "Mozilla/5.0 AppleWebKit/537.36 (KHTML, like Gecko; compatible; GPTBot/1.2; +https://openai.com/gptbot)"
20.171.207.106 - - [20/Jul/2025:05:02:12 +0000] "GET /entity/889055425.shtm HTTP/1.1" 404 13292 "-" "Mozilla/5.0 AppleWebKit/537.36 (KHTML, like Gecko; compatible; GPTBot/1.2; +https://openai.com/gptbot)"
20.171.207.106 - - [20/Jul/2025:05:02:16 +0000] "GET /entity/889340039.shtm HTTP/1.1" 404 13293 "-" "Mozilla/5.0 AppleWebKit/537.36 (KHTML, like Gecko; compatible; GPTBot/1.2; +https://openai.com/gptbot)"
20.171.207.106 - - [20/Jul/2025:05:02:18 +0000] "GET /entity/889066737.shtm HTTP/1.1" 404 13293 "-" "Mozilla/5.0 AppleWebKit/537.36 (KHTML, like Gecko; compatible; GPTBot/1.2; +https://openai.com/gptbot)"
20.171.207.106 - - [20/Jul/2025:05:02:21 +0000] "GET /entity/889203515.shtm HTTP/1.1" 404 13292 "-" "Mozilla/5.0 AppleWebKit/537.36 (KHTML, like Gecko; compatible; GPTBot/1.2; +https://openai.com/gptbot)"
20.171.207.106 - - [20/Jul/2025:05:02:24 +0000] "GET /entity/889074451.shtm HTTP/1.1" 404 13293 "-" "Mozilla/5.0 AppleWebKit/537.36 (KHTML, like Gecko; compatible; GPTBot/1.2; +https://openai.com/gptbot)"
20.171.207.106 - - [20/Jul/2025:05:02:26 +0000] "GET /entity/889101057.shtm HTTP/1.1" 404 13293 "-" "Mozilla/5.0 AppleWebKit/537.36 (KHTML, like Gecko; compatible; GPTBot/1.2; +https://openai.com/gptbot)"
209.74.77.214 - - [20/Jul/2025:05:02:30 +0000] "POST /wp-cron.php?doing_wp_cron=1752987750.6814429759979248046875 HTTP/1.1" 200 - "-" "WordPress/6.8.2; https://akaventures.com.au"
20.171.207.106 - - [20/Jul/2025:05:02:30 +0000] "GET /entity/889346146.shtm HTTP/1.1" 404 13293 "-" "Mozilla/5.0 AppleWebKit/537.36 (KHTML, like Gecko; compatible; GPTBot/1.2; +https://openai.com/gptbot)"
209.74.77.214 - - [20/Jul/2025:05:02:33 +0000] "POST /wp-cron.php?doing_wp_cron=1752987753.0499200820922851562500 HTTP/1.1" 200 - "-" "WordPress/6.8.2; https://akaventures.com.au"
20.171.207.106 - - [20/Jul/2025:05:02:32 +0000] "GET /entity/889159037.shtm HTTP/1.1" 404 13293 "-" "Mozilla/5.0 AppleWebKit/537.36 (KHTML, like Gecko; compatible; GPTBot/1.2; +https://openai.com/gptbot)"
20.171.207.106 - - [20/Jul/2025:05:02:36 +0000] "GET /entity/889215085.shtm HTTP/1.1" 404 13293 "-" "Mozilla/5.0 AppleWebKit/537.36 (KHTML, like Gecko; compatible; GPTBot/1.2; +https://openai.com/gptbot)"
20.171.207.106 - - [20/Jul/2025:05:02:39 +0000] "GET /entity/889029973.shtm HTTP/1.1" 404 13293 "-" "Mozilla/5.0 AppleWebKit/537.36 (KHTML, like Gecko; compatible; GPTBot/1.2; +https://openai.com/gptbot)"
209.74.77.214 - - [20/Jul/2025:05:02:43 +0000] "POST /wp-cron.php?doing_wp_cron=1752987763.3340539932250976562500 HTTP/1.1" 200 - "-" "WordPress/6.8.2; https://akaventures.com.au"
20.171.207.106 - - [20/Jul/2025:05:02:43 +0000] "GET /entity/889302241.shtm HTTP/1.1" 404 13293 "-" "Mozilla/5.0 AppleWebKit/537.36 (KHTML, like Gecko; compatible; GPTBot/1.2; +https://openai.com/gptbot)"
20.171.207.106 - - [20/Jul/2025:05:02:44 +0000] "GET /entity/889034532.shtm HTTP/1.1" 404 13293 "-" "Mozilla/5.0 AppleWebKit/537.36 (KHTML, like Gecko; compatible; GPTBot/1.2; +https://openai.com/gptbot)"
20.171.207.106 - - [20/Jul/2025:05:02:48 +0000] "GET /entity/889219459.shtm HTTP/1.1" 404 13293 "-" "Mozilla/5.0 AppleWebKit/537.36 (KHTML, like Gecko; compatible; GPTBot/1.2; +https://openai.com/gptbot)"
20.171.207.106 - - [20/Jul/2025:05:02:49 +0000] "GET /entity/889161607.shtm HTTP/1.1" 404 13293 "-" "Mozilla/5.0 AppleWebKit/537.36 (KHTML, like Gecko; compatible; GPTBot/1.2; +https://openai.com/gptbot)"
20.171.207.106 - - [20/Jul/2025:05:02:54 +0000] "GET /entity/889343891.shtm HTTP/1.1" 404 13293 "-" "Mozilla/5.0 AppleWebKit/537.36 (KHTML, like Gecko; compatible; GPTBot/1.2; +https://openai.com/gptbot)"
20.171.207.106 - - [20/Jul/2025:05:02:56 +0000] "GET /entity/889251018.shtm HTTP/1.1" 404 13293 "-" "Mozilla/5.0 AppleWebKit/537.36 (KHTML, like Gecko; compatible; GPTBot/1.2; +https://openai.com/gptbot)"
20.171.207.106 - - [20/Jul/2025:05:02:58 +0000] "GET /entity/889074451.shtm HTTP/1.1" 404 13293 "-" "Mozilla/5.0 AppleWebKit/537.36 (KHTML, like Gecko; compatible; GPTBot/1.2; +https://openai.com/gptbot)"
209.74.77.214 - - [20/Jul/2025:05:03:02 +0000] "POST /wp-cron.php?doing_wp_cron=1752987782.1282129287719726562500 HTTP/1.1" 200 - "-" "WordPress/6.8.2; https://akaventures.com.au"
20.171.207.106 - - [20/Jul/2025:05:03:01 +0000] "GET /entity/889043985.shtm HTTP/1.1" 404 13292 "-" "Mozilla/5.0 AppleWebKit/537.36 (KHTML, like Gecko; compatible; GPTBot/1.2; +https://openai.com/gptbot)"
20.171.207.106 - - [20/Jul/2025:05:03:07 +0000] "GET /entity/889032801.shtm HTTP/1.1" 404 13292 "-" "Mozilla/5.0 AppleWebKit/537.36 (KHTML, like Gecko; compatible; GPTBot/1.2; +https://openai.com/gptbot)"
20.171.207.106 - - [20/Jul/2025:05:03:07 +0000] "GET /entity/889043282.shtm HTTP/1.1" 404 13292 "-" "Mozilla/5.0 AppleWebKit/537.36 (KHTML, like Gecko; compatible; GPTBot/1.2; +https://openai.com/gptbot)"
20.171.207.106 - - [20/Jul/2025:05:03:12 +0000] "GET /entity/889124516.shtm HTTP/1.1" 404 13293 "-" "Mozilla/5.0 AppleWebKit/537.36 (KHTML, like Gecko; compatible; GPTBot/1.2; +https://openai.com/gptbot)"
20.171.207.106 - - [20/Jul/2025:05:03:13 +0000] "GET /entity/889302241.shtm HTTP/1.1" 404 13293 "-" "Mozilla/5.0 AppleWebKit/537.36 (KHTML, like Gecko; compatible; GPTBot/1.2; +https://openai.com/gptbot)"
20.171.207.106 - - [20/Jul/2025:05:03:17 +0000] "GET /entity/889192203.shtm HTTP/1.1" 404 13293 "-" "Mozilla/5.0 AppleWebKit/537.36 (KHTML, like Gecko; compatible; GPTBot/1.2; +https://openai.com/gptbot)"
20.171.207.106 - - [20/Jul/2025:05:03:19 +0000] "GET /entity/889034532.shtm HTTP/1.1" 404 13293 "-" "Mozilla/5.0 AppleWebKit/537.36 (KHTML, like Gecko; compatible; GPTBot/1.2; +https://openai.com/gptbot)"
20.171.207.106 - - [20/Jul/2025:05:03:23 +0000] "GET /entity/889097910.shtm HTTP/1.1" 404 13293 "-" "Mozilla/5.0 AppleWebKit/537.36 (KHTML, like Gecko; compatible; GPTBot/1.2; +https://openai.com/gptbot)"
20.171.207.106 - - [20/Jul/2025:05:03:25 +0000] "GET /entity/889294653.shtm HTTP/1.1" 404 13293 "-" "Mozilla/5.0 AppleWebKit/537.36 (KHTML, like Gecko; compatible; GPTBot/1.2; +https://openai.com/gptbot)"
20.171.207.106 - - [20/Jul/2025:05:03:28 +0000] "GET /entity/889135131.shtm HTTP/1.1" 404 13293 "-" "Mozilla/5.0 AppleWebKit/537.36 (KHTML, like Gecko; compatible; GPTBot/1.2; +https://openai.com/gptbot)"
20.171.207.106 - - [20/Jul/2025:05:03:33 +0000] "GET /entity/889343891.shtm HTTP/1.1" 404 13293 "-" "Mozilla/5.0 AppleWebKit/537.36 (KHTML, like Gecko; compatible; GPTBot/1.2; +https://openai.com/gptbot)"
20.171.207.106 - - [20/Jul/2025:05:03:33 +0000] "GET /entity/889010561.shtm HTTP/1.1" 404 13293 "-" "Mozilla/5.0 AppleWebKit/537.36 (KHTML, like Gecko; compatible; GPTBot/1.2; +https://openai.com/gptbot)"
20.171.207.106 - - [20/Jul/2025:05:03:38 +0000] "GET /entity/889257377.shtm HTTP/1.1" 404 13293 "-" "Mozilla/5.0 AppleWebKit/537.36 (KHTML, like Gecko; compatible; GPTBot/1.2; +https://openai.com/gptbot)"
20.171.207.106 - - [20/Jul/2025:05:03:39 +0000] "GET /entity/889006057.shtm HTTP/1.1" 404 13293 "-" "Mozilla/5.0 AppleWebKit/537.36 (KHTML, like Gecko; compatible; GPTBot/1.2; +https://openai.com/gptbot)"
209.74.77.214 - - [20/Jul/2025:05:03:43 +0000] "POST /wp-cron.php?doing_wp_cron=1752987823.3028690814971923828125 HTTP/1.1" 200 - "-" "WordPress/6.8.2; https://akaventures.com.au"
20.171.207.106 - - [20/Jul/2025:05:03:43 +0000] "GET /entity/889312722.shtm HTTP/1.1" 404 13293 "-" "Mozilla/5.0 AppleWebKit/537.36 (KHTML, like Gecko; compatible; GPTBot/1.2; +https://openai.com/gptbot)"
20.171.207.106 - - [20/Jul/2025:05:03:45 +0000] "GET /entity/889127799.shtm HTTP/1.1" 404 13293 "-" "Mozilla/5.0 AppleWebKit/537.36 (KHTML, like Gecko; compatible; GPTBot/1.2; +https://openai.com/gptbot)"
20.171.207.106 - - [20/Jul/2025:05:03:50 +0000] "GET /entity/889124516.shtm HTTP/1.1" 404 13293 "-" "Mozilla/5.0 AppleWebKit/537.36 (KHTML, like Gecko; compatible; GPTBot/1.2; +https://openai.com/gptbot)"
