66.249.68.5 - - [20/Jul/2025:08:16:49 +0000] "GET /?y=21239180091940&mod=e5a460bb&uri=pin.php?entity/11898468.shtm HTTP/1.1" 200 19478 "-" "Mozilla/5.0 (Linux; Android 6.0.1; Nexus 5X Build/MMB29P) AppleWebKit/537.36 (KHTML, like Gecko) Chrome/137.0.7151.103 Mobile Safari/537.36 (compatible; GoogleOther)"
66.249.68.4 - - [20/Jul/2025:08:33:17 +0000] "GET /?y=60576233021940&mod=0eab014d&uri=pin.php?entity/1939567071.shtm HTTP/1.1" 200 19501 "-" "Mozilla/5.0 (Linux; Android 6.0.1; Nexus 5X Build/MMB29P) AppleWebKit/537.36 (KHTML, like Gecko) Chrome/137.0.7151.103 Mobile Safari/537.36 (compatible; GoogleOther)"
209.74.77.214 - - [20/Jul/2025:08:34:19 +0000] "POST /wp-cron.php?doing_wp_cron=1753000459.4431400299072265625000 HTTP/1.1" 200 - "-" "WordPress/6.8.2; https://akaventures.com.au"
13.62.20.132 - - [20/Jul/2025:08:34:17 +0000] "GET /?y=%27nvOpzp;%20AND%201=1%20OR%20(%3C%27%22%3EiKO)),&mod=%27nvOpzp;%20AND%201=1%20OR%20(%3C%27%22%3EiKO)),&uri=%27nvOpzp;%20AND%201=1%20OR%20(%3C%27%22%3EiKO)), HTTP/1.1" 301 - "-" "-"
13.62.20.132 - - [20/Jul/2025:08:34:19 +0000] "GET /?y=%27nvOpzp%3B%20AND%201%3D1%20OR%20%28%3C%27%22%3EiKO%29%29%2C&mod=%27nvOpzp%3B%20AND%201%3D1%20OR%20%28%3C%27%22%3EiKO%29%29%2C&uri=%27nvOpzp%3B%20AND%201%3D1%20OR%20%28%3C%27%22%3EiKO%29%29%2C HTTP/1.1" 200 21886 "https://akaventures.com.au/?y=%27nvOpzp;%20AND%201=1%20OR%20(%3C%27%22%3EiKO)),&mod=%27nvOpzp;%20AND%201=1%20OR%20(%3C%27%22%3EiKO)),&uri=%27nvOpzp;%20AND%201=1%20OR%20(%3C%27%22%3EiKO))," "-"
209.74.77.214 - - [20/Jul/2025:08:40:40 +0000] "POST /wp-cron.php?doing_wp_cron=1753000840.9136040210723876953125 HTTP/1.1" 200 - "-" "WordPress/6.8.2; https://akaventures.com.au"
13.62.20.132 - - [20/Jul/2025:08:40:39 +0000] "GET /?y=%27nvOpzp;%20AND%201=1%20OR%20(%3C%27%22%3EiKO)),&mod=%27nvOpzp;%20AND%201=1%20OR%20(%3C%27%22%3EiKO)),&uri=%27nvOpzp;%20AND%201=1%20OR%20(%3C%27%22%3EiKO)), HTTP/1.1" 301 - "-" "-"
13.62.20.132 - - [20/Jul/2025:08:40:41 +0000] "GET /?y=%27nvOpzp%3B%20AND%201%3D1%20OR%20%28%3C%27%22%3EiKO%29%29%2C&mod=%27nvOpzp%3B%20AND%201%3D1%20OR%20%28%3C%27%22%3EiKO%29%29%2C&uri=%27nvOpzp%3B%20AND%201%3D1%20OR%20%28%3C%27%22%3EiKO%29%29%2C HTTP/1.1" 200 21886 "https://akaventures.com.au/?y=%27nvOpzp;%20AND%201=1%20OR%20(%3C%27%22%3EiKO)),&mod=%27nvOpzp;%20AND%201=1%20OR%20(%3C%27%22%3EiKO)),&uri=%27nvOpzp;%20AND%201=1%20OR%20(%3C%27%22%3EiKO))," "-"
209.74.77.214 - - [20/Jul/2025:08:45:00 +0000] "POST /wp-cron.php?doing_wp_cron=1753001100.2424509525299072265625 HTTP/1.1" 200 - "-" "WordPress/6.8.2; https://akaventures.com.au"
13.62.20.132 - - [20/Jul/2025:08:44:58 +0000] "GET /?y=%27nvOpzp;%20AND%201=1%20OR%20(%3C%27%22%3EiKO)),&mod=%27nvOpzp;%20AND%201=1%20OR%20(%3C%27%22%3EiKO)),&uri=%27nvOpzp;%20AND%201=1%20OR%20(%3C%27%22%3EiKO)), HTTP/1.1" 301 - "-" "-"
13.62.20.132 - - [20/Jul/2025:08:45:00 +0000] "GET /?y=%27nvOpzp%3B%20AND%201%3D1%20OR%20%28%3C%27%22%3EiKO%29%29%2C&mod=%27nvOpzp%3B%20AND%201%3D1%20OR%20%28%3C%27%22%3EiKO%29%29%2C&uri=%27nvOpzp%3B%20AND%201%3D1%20OR%20%28%3C%27%22%3EiKO%29%29%2C HTTP/1.1" 200 21886 "https://akaventures.com.au/?y=%27nvOpzp;%20AND%201=1%20OR%20(%3C%27%22%3EiKO)),&mod=%27nvOpzp;%20AND%201=1%20OR%20(%3C%27%22%3EiKO)),&uri=%27nvOpzp;%20AND%201=1%20OR%20(%3C%27%22%3EiKO))," "-"
209.74.77.214 - - [20/Jul/2025:08:46:11 +0000] "POST /wp-cron.php?doing_wp_cron=1753001171.5889890193939208984375 HTTP/1.1" 200 - "-" "WordPress/6.8.2; https://akaventures.com.au"
47.82.0.65 - - [20/Jul/2025:08:46:10 +0000] "GET /?y=5474862011940&mod=234c7ac2&uri=brands.php?id%3D182773-326%26name%3Dbufanda+louis+vuitton+precio HTTP/1.1" 301 - "https://akaventures.com.au/?y=5474862011940&mod=234c7ac2&uri=brands.php%3Fid%3D182773-326%26name%3Dbufanda+louis+vuitton+precio" "Mozilla/5.0 (Windows NT 10.0; Win64; x64) AppleWebKit/537.36 (KHTML, like Gecko) Chrome/114.0.0.0 Safari/537.36 Edg/114.0.1823.43"
47.82.0.65 - - [20/Jul/2025:08:46:11 +0000] "GET /?y=5474862011940&mod=234c7ac2&uri=brands.php?id%3D182773-326%26name%3Dbufanda%20louis%20vuitton%20precio HTTP/1.1" 301 - "https://akaventures.com.au/?y=5474862011940&mod=234c7ac2&uri=brands.php%3Fid%3D182773-326%26name%3Dbufanda+louis+vuitton+precio" "Mozilla/5.0 (Windows NT 10.0; Win64; x64) AppleWebKit/537.36 (KHTML, like Gecko) Chrome/114.0.0.0 Safari/537.36 Edg/114.0.1823.43"
13.62.20.132 - - [20/Jul/2025:08:46:25 +0000] "GET /?y=%27nvOpzp;%20AND%201=1%20OR%20(%3C%27%22%3EiKO)),&mod=%27nvOpzp;%20AND%201=1%20OR%20(%3C%27%22%3EiKO)),&uri=%27nvOpzp;%20AND%201=1%20OR%20(%3C%27%22%3EiKO)), HTTP/1.1" 301 - "-" "-"
13.62.20.132 - - [20/Jul/2025:08:46:26 +0000] "GET /?y=%27nvOpzp%3B%20AND%201%3D1%20OR%20%28%3C%27%22%3EiKO%29%29%2C&mod=%27nvOpzp%3B%20AND%201%3D1%20OR%20%28%3C%27%22%3EiKO%29%29%2C&uri=%27nvOpzp%3B%20AND%201%3D1%20OR%20%28%3C%27%22%3EiKO%29%29%2C HTTP/1.1" 200 21886 "https://akaventures.com.au/?y=%27nvOpzp;%20AND%201=1%20OR%20(%3C%27%22%3EiKO)),&mod=%27nvOpzp;%20AND%201=1%20OR%20(%3C%27%22%3EiKO)),&uri=%27nvOpzp;%20AND%201=1%20OR%20(%3C%27%22%3EiKO))," "-"
209.74.77.214 - - [20/Jul/2025:08:48:22 +0000] "POST /wp-cron.php?doing_wp_cron=1753001302.6153810024261474609375 HTTP/1.1" 200 - "-" "WordPress/6.8.2; https://akaventures.com.au"
13.62.20.132 - - [20/Jul/2025:08:48:20 +0000] "GET /?y=%27nvOpzp;%20AND%201=1%20OR%20(%3C%27%22%3EiKO)),&mod=%27nvOpzp;%20AND%201=1%20OR%20(%3C%27%22%3EiKO)),&uri=%27nvOpzp;%20AND%201=1%20OR%20(%3C%27%22%3EiKO)), HTTP/1.1" 301 - "-" "-"
13.62.20.132 - - [20/Jul/2025:08:48:22 +0000] "GET /?y=%27nvOpzp%3B%20AND%201%3D1%20OR%20%28%3C%27%22%3EiKO%29%29%2C&mod=%27nvOpzp%3B%20AND%201%3D1%20OR%20%28%3C%27%22%3EiKO%29%29%2C&uri=%27nvOpzp%3B%20AND%201%3D1%20OR%20%28%3C%27%22%3EiKO%29%29%2C HTTP/1.1" 200 21886 "https://akaventures.com.au/?y=%27nvOpzp;%20AND%201=1%20OR%20(%3C%27%22%3EiKO)),&mod=%27nvOpzp;%20AND%201=1%20OR%20(%3C%27%22%3EiKO)),&uri=%27nvOpzp;%20AND%201=1%20OR%20(%3C%27%22%3EiKO))," "-"
13.62.20.132 - - [20/Jul/2025:08:48:38 +0000] "GET /?y=%27nvOpzp;%20AND%201=1%20OR%20(%3C%27%22%3EiKO)),&mod=%27nvOpzp;%20AND%201=1%20OR%20(%3C%27%22%3EiKO)),&uri=%27nvOpzp;%20AND%201=1%20OR%20(%3C%27%22%3EiKO)), HTTP/1.1" 301 - "-" "-"
13.62.20.132 - - [20/Jul/2025:08:48:38 +0000] "GET /?y=%27nvOpzp;%20AND%201=1%20OR%20(%3C%27%22%3EiKO)),&mod=%27nvOpzp;%20AND%201=1%20OR%20(%3C%27%22%3EiKO)),&uri=%27nvOpzp;%20AND%201=1%20OR%20(%3C%27%22%3EiKO)), HTTP/1.1" 301 - "-" "-"
13.62.20.132 - - [20/Jul/2025:08:48:39 +0000] "GET /?y=%27nvOpzp%3B%20AND%201%3D1%20OR%20%28%3C%27%22%3EiKO%29%29%2C&mod=%27nvOpzp%3B%20AND%201%3D1%20OR%20%28%3C%27%22%3EiKO%29%29%2C&uri=%27nvOpzp%3B%20AND%201%3D1%20OR%20%28%3C%27%22%3EiKO%29%29%2C HTTP/1.1" 200 21886 "https://akaventures.com.au/?y=%27nvOpzp;%20AND%201=1%20OR%20(%3C%27%22%3EiKO)),&mod=%27nvOpzp;%20AND%201=1%20OR%20(%3C%27%22%3EiKO)),&uri=%27nvOpzp;%20AND%201=1%20OR%20(%3C%27%22%3EiKO))," "-"
13.62.20.132 - - [20/Jul/2025:08:48:39 +0000] "GET /?y=%27nvOpzp%3B%20AND%201%3D1%20OR%20%28%3C%27%22%3EiKO%29%29%2C&mod=%27nvOpzp%3B%20AND%201%3D1%20OR%20%28%3C%27%22%3EiKO%29%29%2C&uri=%27nvOpzp%3B%20AND%201%3D1%20OR%20%28%3C%27%22%3EiKO%29%29%2C HTTP/1.1" 200 21886 "https://akaventures.com.au/?y=%27nvOpzp;%20AND%201=1%20OR%20(%3C%27%22%3EiKO)),&mod=%27nvOpzp;%20AND%201=1%20OR%20(%3C%27%22%3EiKO)),&uri=%27nvOpzp;%20AND%201=1%20OR%20(%3C%27%22%3EiKO))," "-"
66.249.68.4 - - [20/Jul/2025:08:49:55 +0000] "GET /?y=60576233021940&mod=0eab014d&uri=pin.php?entity/1942332112.shtm HTTP/1.1" 200 19277 "-" "Mozilla/5.0 (Linux; Android 6.0.1; Nexus 5X Build/MMB29P) AppleWebKit/537.36 (KHTML, like Gecko) Chrome/137.0.7151.103 Mobile Safari/537.36 (compatible; GoogleOther)"
209.74.77.214 - - [20/Jul/2025:08:52:13 +0000] "POST /wp-cron.php?doing_wp_cron=1753001533.6537020206451416015625 HTTP/1.1" 200 - "-" "WordPress/6.8.2; https://akaventures.com.au"
13.62.20.132 - - [20/Jul/2025:08:52:11 +0000] "GET /?y=%27nvOpzp;%20AND%201=1%20OR%20(%3C%27%22%3EiKO)),&mod=%27nvOpzp;%20AND%201=1%20OR%20(%3C%27%22%3EiKO)),&uri=%27nvOpzp;%20AND%201=1%20OR%20(%3C%27%22%3EiKO)), HTTP/1.1" 301 - "-" "-"
13.62.20.132 - - [20/Jul/2025:08:52:13 +0000] "GET /?y=%27nvOpzp%3B%20AND%201%3D1%20OR%20%28%3C%27%22%3EiKO%29%29%2C&mod=%27nvOpzp%3B%20AND%201%3D1%20OR%20%28%3C%27%22%3EiKO%29%29%2C&uri=%27nvOpzp%3B%20AND%201%3D1%20OR%20%28%3C%27%22%3EiKO%29%29%2C HTTP/1.1" 200 21886 "https://akaventures.com.au/?y=%27nvOpzp;%20AND%201=1%20OR%20(%3C%27%22%3EiKO)),&mod=%27nvOpzp;%20AND%201=1%20OR%20(%3C%27%22%3EiKO)),&uri=%27nvOpzp;%20AND%201=1%20OR%20(%3C%27%22%3EiKO))," "-"
209.74.77.214 - - [20/Jul/2025:08:55:13 +0000] "POST /wp-cron.php?doing_wp_cron=1753001713.7013530731201171875000 HTTP/1.1" 200 - "-" "WordPress/6.8.2; https://akaventures.com.au"
13.62.20.132 - - [20/Jul/2025:08:55:12 +0000] "GET /?y=%27nvOpzp;%20AND%201=1%20OR%20(%3C%27%22%3EiKO)),&mod=%27nvOpzp;%20AND%201=1%20OR%20(%3C%27%22%3EiKO)),&uri=%27nvOpzp;%20AND%201=1%20OR%20(%3C%27%22%3EiKO)), HTTP/1.1" 301 - "-" "-"
13.62.20.132 - - [20/Jul/2025:08:55:13 +0000] "GET /?y=%27nvOpzp%3B%20AND%201%3D1%20OR%20%28%3C%27%22%3EiKO%29%29%2C&mod=%27nvOpzp%3B%20AND%201%3D1%20OR%20%28%3C%27%22%3EiKO%29%29%2C&uri=%27nvOpzp%3B%20AND%201%3D1%20OR%20%28%3C%27%22%3EiKO%29%29%2C HTTP/1.1" 200 21886 "https://akaventures.com.au/?y=%27nvOpzp;%20AND%201=1%20OR%20(%3C%27%22%3EiKO)),&mod=%27nvOpzp;%20AND%201=1%20OR%20(%3C%27%22%3EiKO)),&uri=%27nvOpzp;%20AND%201=1%20OR%20(%3C%27%22%3EiKO))," "-"
198.46.234.28 - - [20/Jul/2025:08:55:36 +0000] "POST /index.php/wp-json/litespeed/v1/cdn_status HTTP/1.1" 404 117 "https://akaventures.com.au/wp-admin/update.php?action=upload-plugin" "Mozilla/5.0 (Windows NT 10.0; Win64; x64; rv:128.0) Gecko/20100101 Firefox/128.0"
209.74.77.214 - - [20/Jul/2025:08:55:48 +0000] "POST /wp-cron.php?doing_wp_cron=1753001748.1979210376739501953125 HTTP/1.1" 200 - "-" "WordPress/6.8.2; https://akaventures.com.au"
13.62.20.132 - - [20/Jul/2025:08:55:47 +0000] "GET /?y=%27nvOpzp;%20AND%201=1%20OR%20(%3C%27%22%3EiKO)),&mod=%27nvOpzp;%20AND%201=1%20OR%20(%3C%27%22%3EiKO)),&uri=%27nvOpzp;%20AND%201=1%20OR%20(%3C%27%22%3EiKO)), HTTP/1.1" 301 - "-" "-"
13.62.20.132 - - [20/Jul/2025:08:55:48 +0000] "GET /?y=%27nvOpzp%3B%20AND%201%3D1%20OR%20%28%3C%27%22%3EiKO%29%29%2C&mod=%27nvOpzp%3B%20AND%201%3D1%20OR%20%28%3C%27%22%3EiKO%29%29%2C&uri=%27nvOpzp%3B%20AND%201%3D1%20OR%20%28%3C%27%22%3EiKO%29%29%2C HTTP/1.1" 200 21886 "https://akaventures.com.au/?y=%27nvOpzp;%20AND%201=1%20OR%20(%3C%27%22%3EiKO)),&mod=%27nvOpzp;%20AND%201=1%20OR%20(%3C%27%22%3EiKO)),&uri=%27nvOpzp;%20AND%201=1%20OR%20(%3C%27%22%3EiKO))," "-"
4.227.36.23 - - [20/Jul/2025:08:56:41 +0000] "GET /robots.txt HTTP/1.1" 200 97 "-" "Mozilla/5.0 AppleWebKit/537.36 (KHTML, like Gecko; compatible; GPTBot/1.2; +https://openai.com/gptbot)"
209.74.77.214 - - [20/Jul/2025:08:56:43 +0000] "POST /wp-cron.php?doing_wp_cron=1753001803.8754699230194091796875 HTTP/1.1" 200 - "-" "WordPress/6.8.2; https://akaventures.com.au"
13.62.20.132 - - [20/Jul/2025:08:56:42 +0000] "GET /?y=%27nvOpzp;%20AND%201=1%20OR%20(%3C%27%22%3EiKO)),&mod=%27nvOpzp;%20AND%201=1%20OR%20(%3C%27%22%3EiKO)),&uri=%27nvOpzp;%20AND%201=1%20OR%20(%3C%27%22%3EiKO)), HTTP/1.1" 301 - "-" "-"
20.171.207.106 - - [20/Jul/2025:08:56:43 +0000] "GET /db.php/sitemap-7.xml HTTP/1.1" 403 4498 "-" "Mozilla/5.0 AppleWebKit/537.36 (KHTML, like Gecko; compatible; GPTBot/1.2; +https://openai.com/gptbot)"
13.62.20.132 - - [20/Jul/2025:08:56:44 +0000] "GET /?y=%27nvOpzp%3B%20AND%201%3D1%20OR%20%28%3C%27%22%3EiKO%29%29%2C&mod=%27nvOpzp%3B%20AND%201%3D1%20OR%20%28%3C%27%22%3EiKO%29%29%2C&uri=%27nvOpzp%3B%20AND%201%3D1%20OR%20%28%3C%27%22%3EiKO%29%29%2C HTTP/1.1" 200 21886 "https://akaventures.com.au/?y=%27nvOpzp;%20AND%201=1%20OR%20(%3C%27%22%3EiKO)),&mod=%27nvOpzp;%20AND%201=1%20OR%20(%3C%27%22%3EiKO)),&uri=%27nvOpzp;%20AND%201=1%20OR%20(%3C%27%22%3EiKO))," "-"
20.171.207.106 - - [20/Jul/2025:08:57:10 +0000] "GET /sitemap-7.xml HTTP/1.1" 200 4499 "-" "Mozilla/5.0 AppleWebKit/537.36 (KHTML, like Gecko; compatible; GPTBot/1.2; +https://openai.com/gptbot)"
209.74.77.214 - - [20/Jul/2025:08:57:18 +0000] "POST /wp-cron.php?doing_wp_cron=1753001838.0506680011749267578125 HTTP/1.1" 200 - "-" "WordPress/6.8.2; https://akaventures.com.au"
13.62.20.132 - - [20/Jul/2025:08:57:17 +0000] "GET /?y=%27nvOpzp;%20AND%201=1%20OR%20(%3C%27%22%3EiKO)),&mod=%27nvOpzp;%20AND%201=1%20OR%20(%3C%27%22%3EiKO)),&uri=%27nvOpzp;%20AND%201=1%20OR%20(%3C%27%22%3EiKO)), HTTP/1.1" 301 - "-" "-"
13.62.20.132 - - [20/Jul/2025:08:57:18 +0000] "GET /?y=%27nvOpzp%3B%20AND%201%3D1%20OR%20%28%3C%27%22%3EiKO%29%29%2C&mod=%27nvOpzp%3B%20AND%201%3D1%20OR%20%28%3C%27%22%3EiKO%29%29%2C&uri=%27nvOpzp%3B%20AND%201%3D1%20OR%20%28%3C%27%22%3EiKO%29%29%2C HTTP/1.1" 200 21886 "https://akaventures.com.au/?y=%27nvOpzp;%20AND%201=1%20OR%20(%3C%27%22%3EiKO)),&mod=%27nvOpzp;%20AND%201=1%20OR%20(%3C%27%22%3EiKO)),&uri=%27nvOpzp;%20AND%201=1%20OR%20(%3C%27%22%3EiKO))," "-"
20.171.207.106 - - [20/Jul/2025:08:57:19 +0000] "GET /sitemap-16.xml HTTP/1.1" 200 4497 "-" "Mozilla/5.0 AppleWebKit/537.36 (KHTML, like Gecko; compatible; GPTBot/1.2; +https://openai.com/gptbot)"
20.171.207.106 - - [20/Jul/2025:08:58:01 +0000] "GET /db.php/sitemap-6.xml HTTP/1.1" 403 4496 "-" "Mozilla/5.0 AppleWebKit/537.36 (KHTML, like Gecko; compatible; GPTBot/1.2; +https://openai.com/gptbot)"
20.171.207.106 - - [20/Jul/2025:08:58:12 +0000] "GET /db.php/sitemap-17.xml HTTP/1.1" 403 4494 "-" "Mozilla/5.0 AppleWebKit/537.36 (KHTML, like Gecko; compatible; GPTBot/1.2; +https://openai.com/gptbot)"
209.74.77.214 - - [20/Jul/2025:08:58:17 +0000] "POST /wp-cron.php?doing_wp_cron=1753001897.6622850894927978515625 HTTP/1.1" 200 - "-" "WordPress/6.8.2; https://akaventures.com.au"
13.62.20.132 - - [20/Jul/2025:08:58:16 +0000] "GET /?y=%27nvOpzp;%20AND%201=1%20OR%20(%3C%27%22%3EiKO)),&mod=%27nvOpzp;%20AND%201=1%20OR%20(%3C%27%22%3EiKO)),&uri=%27nvOpzp;%20AND%201=1%20OR%20(%3C%27%22%3EiKO)), HTTP/1.1" 301 - "-" "-"
13.62.20.132 - - [20/Jul/2025:08:58:17 +0000] "GET /?y=%27nvOpzp%3B%20AND%201%3D1%20OR%20%28%3C%27%22%3EiKO%29%29%2C&mod=%27nvOpzp%3B%20AND%201%3D1%20OR%20%28%3C%27%22%3EiKO%29%29%2C&uri=%27nvOpzp%3B%20AND%201%3D1%20OR%20%28%3C%27%22%3EiKO%29%29%2C HTTP/1.1" 200 21886 "https://akaventures.com.au/?y=%27nvOpzp;%20AND%201=1%20OR%20(%3C%27%22%3EiKO)),&mod=%27nvOpzp;%20AND%201=1%20OR%20(%3C%27%22%3EiKO)),&uri=%27nvOpzp;%20AND%201=1%20OR%20(%3C%27%22%3EiKO))," "-"
20.171.207.106 - - [20/Jul/2025:08:58:37 +0000] "GET /sitemap-20.xml HTTP/1.1" 200 4497 "-" "Mozilla/5.0 AppleWebKit/537.36 (KHTML, like Gecko; compatible; GPTBot/1.2; +https://openai.com/gptbot)"
20.171.207.106 - - [20/Jul/2025:08:58:46 +0000] "GET /db.php/sitemap-15.xml HTTP/1.1" 403 4492 "-" "Mozilla/5.0 AppleWebKit/537.36 (KHTML, like Gecko; compatible; GPTBot/1.2; +https://openai.com/gptbot)"
20.171.207.106 - - [20/Jul/2025:08:58:48 +0000] "GET /db.php/sitemap-15.xml HTTP/1.1" 403 4492 "-" "Mozilla/5.0 AppleWebKit/537.36 (KHTML, like Gecko; compatible; GPTBot/1.2; +https://openai.com/gptbot)"
20.171.207.106 - - [20/Jul/2025:08:58:52 +0000] "GET /sitemap-9.xml HTTP/1.1" 200 4499 "-" "Mozilla/5.0 AppleWebKit/537.36 (KHTML, like Gecko; compatible; GPTBot/1.2; +https://openai.com/gptbot)"
20.171.207.106 - - [20/Jul/2025:08:58:57 +0000] "GET /sitemap-5.xml HTTP/1.1" 200 4498 "-" "Mozilla/5.0 AppleWebKit/537.36 (KHTML, like Gecko; compatible; GPTBot/1.2; +https://openai.com/gptbot)"
20.171.207.106 - - [20/Jul/2025:08:58:59 +0000] "GET /db.php/sitemap-3.xml HTTP/1.1" 403 4500 "-" "Mozilla/5.0 AppleWebKit/537.36 (KHTML, like Gecko; compatible; GPTBot/1.2; +https://openai.com/gptbot)"
20.171.207.106 - - [20/Jul/2025:08:59:03 +0000] "GET /sitemap-14.xml HTTP/1.1" 200 4496 "-" "Mozilla/5.0 AppleWebKit/537.36 (KHTML, like Gecko; compatible; GPTBot/1.2; +https://openai.com/gptbot)"
20.171.207.106 - - [20/Jul/2025:08:59:03 +0000] "GET /sitemap-14.xml HTTP/1.1" 200 4496 "-" "Mozilla/5.0 AppleWebKit/537.36 (KHTML, like Gecko; compatible; GPTBot/1.2; +https://openai.com/gptbot)"
20.171.207.106 - - [20/Jul/2025:08:59:05 +0000] "GET /sitemap-13.xml HTTP/1.1" 200 4499 "-" "Mozilla/5.0 AppleWebKit/537.36 (KHTML, like Gecko; compatible; GPTBot/1.2; +https://openai.com/gptbot)"
20.171.207.106 - - [20/Jul/2025:08:59:07 +0000] "GET /sitemap-12.xml HTTP/1.1" 200 4498 "-" "Mozilla/5.0 AppleWebKit/537.36 (KHTML, like Gecko; compatible; GPTBot/1.2; +https://openai.com/gptbot)"
20.171.207.106 - - [20/Jul/2025:08:59:08 +0000] "GET /db.php/sitemap-4.xml HTTP/1.1" 403 4498 "-" "Mozilla/5.0 AppleWebKit/537.36 (KHTML, like Gecko; compatible; GPTBot/1.2; +https://openai.com/gptbot)"
20.171.207.106 - - [20/Jul/2025:08:59:13 +0000] "GET /db.php/sitemap-5.xml HTTP/1.1" 403 4496 "-" "Mozilla/5.0 AppleWebKit/537.36 (KHTML, like Gecko; compatible; GPTBot/1.2; +https://openai.com/gptbot)"
20.171.207.106 - - [20/Jul/2025:08:59:29 +0000] "GET /db.php/sitemap-2.xml HTTP/1.1" 403 4499 "-" "Mozilla/5.0 AppleWebKit/537.36 (KHTML, like Gecko; compatible; GPTBot/1.2; +https://openai.com/gptbot)"
20.171.207.106 - - [20/Jul/2025:08:59:39 +0000] "GET /db.php/sitemap.xml HTTP/1.1" 403 4474 "-" "Mozilla/5.0 AppleWebKit/537.36 (KHTML, like Gecko; compatible; GPTBot/1.2; +https://openai.com/gptbot)"
20.171.207.106 - - [20/Jul/2025:08:59:42 +0000] "GET /db.php/sitemap.xml HTTP/1.1" 403 4493 "-" "Mozilla/5.0 AppleWebKit/537.36 (KHTML, like Gecko; compatible; GPTBot/1.2; +https://openai.com/gptbot)"
20.171.207.106 - - [20/Jul/2025:08:59:49 +0000] "GET /db.php/sitemap-14.xml HTTP/1.1" 403 4493 "-" "Mozilla/5.0 AppleWebKit/537.36 (KHTML, like Gecko; compatible; GPTBot/1.2; +https://openai.com/gptbot)"
20.171.207.106 - - [20/Jul/2025:09:00:00 +0000] "GET /sitemap-8.xml HTTP/1.1" 200 4499 "-" "Mozilla/5.0 AppleWebKit/537.36 (KHTML, like Gecko; compatible; GPTBot/1.2; +https://openai.com/gptbot)"
20.171.207.106 - - [20/Jul/2025:09:00:01 +0000] "GET /sitemap-8.xml HTTP/1.1" 200 4499 "-" "Mozilla/5.0 AppleWebKit/537.36 (KHTML, like Gecko; compatible; GPTBot/1.2; +https://openai.com/gptbot)"
20.171.207.106 - - [20/Jul/2025:09:00:18 +0000] "GET /db.php/sitemap-1.xml HTTP/1.1" 403 4500 "-" "Mozilla/5.0 AppleWebKit/537.36 (KHTML, like Gecko; compatible; GPTBot/1.2; +https://openai.com/gptbot)"
209.74.77.214 - - [20/Jul/2025:09:00:23 +0000] "POST /wp-cron.php?doing_wp_cron=1753002023.4830160140991210937500 HTTP/1.1" 200 - "-" "WordPress/6.8.2; https://akaventures.com.au"
13.62.20.132 - - [20/Jul/2025:09:00:23 +0000] "GET /?y=%27nvOpzp;%20AND%201=1%20OR%20(%3C%27%22%3EiKO)),&mod=%27nvOpzp;%20AND%201=1%20OR%20(%3C%27%22%3EiKO)),&uri=%27nvOpzp;%20AND%201=1%20OR%20(%3C%27%22%3EiKO)), HTTP/1.1" 301 - "-" "-"
20.171.207.106 - - [20/Jul/2025:09:00:23 +0000] "GET /sitemap-11.xml HTTP/1.1" 200 4496 "-" "Mozilla/5.0 AppleWebKit/537.36 (KHTML, like Gecko; compatible; GPTBot/1.2; +https://openai.com/gptbot)"
13.62.20.132 - - [20/Jul/2025:09:00:23 +0000] "GET /?y=%27nvOpzp%3B%20AND%201%3D1%20OR%20%28%3C%27%22%3EiKO%29%29%2C&mod=%27nvOpzp%3B%20AND%201%3D1%20OR%20%28%3C%27%22%3EiKO%29%29%2C&uri=%27nvOpzp%3B%20AND%201%3D1%20OR%20%28%3C%27%22%3EiKO%29%29%2C HTTP/1.1" 200 21886 "https://akaventures.com.au/?y=%27nvOpzp;%20AND%201=1%20OR%20(%3C%27%22%3EiKO)),&mod=%27nvOpzp;%20AND%201=1%20OR%20(%3C%27%22%3EiKO)),&uri=%27nvOpzp;%20AND%201=1%20OR%20(%3C%27%22%3EiKO))," "-"
20.171.207.106 - - [20/Jul/2025:09:00:29 +0000] "GET /sitemap-3.xml HTTP/1.1" 200 4502 "-" "Mozilla/5.0 AppleWebKit/537.36 (KHTML, like Gecko; compatible; GPTBot/1.2; +https://openai.com/gptbot)"
20.171.207.106 - - [20/Jul/2025:09:00:30 +0000] "GET /db.php/sitemap-16.xml HTTP/1.1" 403 4494 "-" "Mozilla/5.0 AppleWebKit/537.36 (KHTML, like Gecko; compatible; GPTBot/1.2; +https://openai.com/gptbot)"
209.74.77.214 - - [20/Jul/2025:09:01:20 +0000] "POST /wp-cron.php?doing_wp_cron=1753002079.9621419906616210937500 HTTP/1.1" 200 - "-" "WordPress/6.8.2; https://akaventures.com.au"
13.62.20.132 - - [20/Jul/2025:09:01:16 +0000] "GET /?y=%27nvOpzp;%20AND%201=1%20OR%20(%3C%27%22%3EiKO)),&mod=%27nvOpzp;%20AND%201=1%20OR%20(%3C%27%22%3EiKO)),&uri=%27nvOpzp;%20AND%201=1%20OR%20(%3C%27%22%3EiKO)), HTTP/1.1" 301 - "-" "-"
20.171.207.106 - - [20/Jul/2025:09:01:19 +0000] "GET /sitemap-6.xml HTTP/1.1" 200 4498 "-" "Mozilla/5.0 AppleWebKit/537.36 (KHTML, like Gecko; compatible; GPTBot/1.2; +https://openai.com/gptbot)"
13.62.20.132 - - [20/Jul/2025:09:01:20 +0000] "GET /?y=%27nvOpzp%3B%20AND%201%3D1%20OR%20%28%3C%27%22%3EiKO%29%29%2C&mod=%27nvOpzp%3B%20AND%201%3D1%20OR%20%28%3C%27%22%3EiKO%29%29%2C&uri=%27nvOpzp%3B%20AND%201%3D1%20OR%20%28%3C%27%22%3EiKO%29%29%2C HTTP/1.1" 200 21886 "https://akaventures.com.au/?y=%27nvOpzp;%20AND%201=1%20OR%20(%3C%27%22%3EiKO)),&mod=%27nvOpzp;%20AND%201=1%20OR%20(%3C%27%22%3EiKO)),&uri=%27nvOpzp;%20AND%201=1%20OR%20(%3C%27%22%3EiKO))," "-"
20.171.207.106 - - [20/Jul/2025:09:01:30 +0000] "GET /db.php/sitemap-21.xml HTTP/1.1" 403 4493 "-" "Mozilla/5.0 AppleWebKit/537.36 (KHTML, like Gecko; compatible; GPTBot/1.2; +https://openai.com/gptbot)"
20.171.207.106 - - [20/Jul/2025:09:01:35 +0000] "GET /db.php/sitemap-22.xml HTTP/1.1" 403 4494 "-" "Mozilla/5.0 AppleWebKit/537.36 (KHTML, like Gecko; compatible; GPTBot/1.2; +https://openai.com/gptbot)"
20.171.207.106 - - [20/Jul/2025:09:01:40 +0000] "GET /sitemap-10.xml HTTP/1.1" 200 4497 "-" "Mozilla/5.0 AppleWebKit/537.36 (KHTML, like Gecko; compatible; GPTBot/1.2; +https://openai.com/gptbot)"
20.171.207.106 - - [20/Jul/2025:09:02:34 +0000] "GET /sitemap-21.xml HTTP/1.1" 200 4496 "-" "Mozilla/5.0 AppleWebKit/537.36 (KHTML, like Gecko; compatible; GPTBot/1.2; +https://openai.com/gptbot)"
20.171.207.106 - - [20/Jul/2025:09:02:36 +0000] "GET /sitemap-21.xml HTTP/1.1" 200 4496 "-" "Mozilla/5.0 AppleWebKit/537.36 (KHTML, like Gecko; compatible; GPTBot/1.2; +https://openai.com/gptbot)"
20.171.207.106 - - [20/Jul/2025:09:02:49 +0000] "GET /db.php/sitemap-9.xml HTTP/1.1" 403 4496 "-" "Mozilla/5.0 AppleWebKit/537.36 (KHTML, like Gecko; compatible; GPTBot/1.2; +https://openai.com/gptbot)"
20.171.207.106 - - [20/Jul/2025:09:02:54 +0000] "GET /sitemap-2.xml HTTP/1.1" 200 4500 "-" "Mozilla/5.0 AppleWebKit/537.36 (KHTML, like Gecko; compatible; GPTBot/1.2; +https://openai.com/gptbot)"
209.74.77.214 - - [20/Jul/2025:09:03:12 +0000] "POST /wp-cron.php?doing_wp_cron=1753002191.9790399074554443359375 HTTP/1.1" 200 - "-" "WordPress/6.8.2; https://akaventures.com.au"
13.62.20.132 - - [20/Jul/2025:09:03:11 +0000] "GET /?y=%27nvOpzp;%20AND%201=1%20OR%20(%3C%27%22%3EiKO)),&mod=%27nvOpzp;%20AND%201=1%20OR%20(%3C%27%22%3EiKO)),&uri=%27nvOpzp;%20AND%201=1%20OR%20(%3C%27%22%3EiKO)), HTTP/1.1" 301 - "-" "-"
13.62.20.132 - - [20/Jul/2025:09:03:12 +0000] "GET /?y=%27nvOpzp%3B%20AND%201%3D1%20OR%20%28%3C%27%22%3EiKO%29%29%2C&mod=%27nvOpzp%3B%20AND%201%3D1%20OR%20%28%3C%27%22%3EiKO%29%29%2C&uri=%27nvOpzp%3B%20AND%201%3D1%20OR%20%28%3C%27%22%3EiKO%29%29%2C HTTP/1.1" 200 21886 "https://akaventures.com.au/?y=%27nvOpzp;%20AND%201=1%20OR%20(%3C%27%22%3EiKO)),&mod=%27nvOpzp;%20AND%201=1%20OR%20(%3C%27%22%3EiKO)),&uri=%27nvOpzp;%20AND%201=1%20OR%20(%3C%27%22%3EiKO))," "-"
20.171.207.106 - - [20/Jul/2025:09:03:44 +0000] "GET /db.php/sitemap-8.xml HTTP/1.1" 403 4497 "-" "Mozilla/5.0 AppleWebKit/537.36 (KHTML, like Gecko; compatible; GPTBot/1.2; +https://openai.com/gptbot)"
20.171.207.106 - - [20/Jul/2025:09:03:45 +0000] "GET /db.php/sitemap-8.xml HTTP/1.1" 403 4497 "-" "Mozilla/5.0 AppleWebKit/537.36 (KHTML, like Gecko; compatible; GPTBot/1.2; +https://openai.com/gptbot)"
20.171.207.106 - - [20/Jul/2025:09:03:52 +0000] "GET /db.php/sitemap-12.xml HTTP/1.1" 403 4495 "-" "Mozilla/5.0 AppleWebKit/537.36 (KHTML, like Gecko; compatible; GPTBot/1.2; +https://openai.com/gptbot)"
20.171.207.106 - - [20/Jul/2025:09:04:04 +0000] "GET /db.php/sitemap-10.xml HTTP/1.1" 403 4495 "-" "Mozilla/5.0 AppleWebKit/537.36 (KHTML, like Gecko; compatible; GPTBot/1.2; +https://openai.com/gptbot)"
20.171.207.106 - - [20/Jul/2025:09:04:04 +0000] "GET /db.php/sitemap-10.xml HTTP/1.1" 403 4495 "-" "Mozilla/5.0 AppleWebKit/537.36 (KHTML, like Gecko; compatible; GPTBot/1.2; +https://openai.com/gptbot)"
20.171.207.106 - - [20/Jul/2025:09:04:15 +0000] "GET /sitemap-15.xml HTTP/1.1" 200 4496 "-" "Mozilla/5.0 AppleWebKit/537.36 (KHTML, like Gecko; compatible; GPTBot/1.2; +https://openai.com/gptbot)"
20.171.207.106 - - [20/Jul/2025:09:04:24 +0000] "GET /sitemap-1.xml HTTP/1.1" 200 4500 "-" "Mozilla/5.0 AppleWebKit/537.36 (KHTML, like Gecko; compatible; GPTBot/1.2; +https://openai.com/gptbot)"
20.171.207.106 - - [20/Jul/2025:09:04:25 +0000] "GET /db.php/sitemap-13.xml HTTP/1.1" 403 4496 "-" "Mozilla/5.0 AppleWebKit/537.36 (KHTML, like Gecko; compatible; GPTBot/1.2; +https://openai.com/gptbot)"
20.171.207.106 - - [20/Jul/2025:09:04:26 +0000] "GET /db.php/sitemap-13.xml HTTP/1.1" 403 4496 "-" "Mozilla/5.0 AppleWebKit/537.36 (KHTML, like Gecko; compatible; GPTBot/1.2; +https://openai.com/gptbot)"
20.171.207.106 - - [20/Jul/2025:09:04:39 +0000] "GET /db.php/sitemap-19.xml HTTP/1.1" 403 4494 "-" "Mozilla/5.0 AppleWebKit/537.36 (KHTML, like Gecko; compatible; GPTBot/1.2; +https://openai.com/gptbot)"
20.171.207.106 - - [20/Jul/2025:09:04:42 +0000] "GET /sitemap-19.xml HTTP/1.1" 200 4497 "-" "Mozilla/5.0 AppleWebKit/537.36 (KHTML, like Gecko; compatible; GPTBot/1.2; +https://openai.com/gptbot)"
20.171.207.106 - - [20/Jul/2025:09:05:09 +0000] "GET /sitemap-17.xml HTTP/1.1" 200 4497 "-" "Mozilla/5.0 AppleWebKit/537.36 (KHTML, like Gecko; compatible; GPTBot/1.2; +https://openai.com/gptbot)"
20.171.207.106 - - [20/Jul/2025:09:05:13 +0000] "GET /sitemap-17.xml HTTP/1.1" 200 4497 "-" "Mozilla/5.0 AppleWebKit/537.36 (KHTML, like Gecko; compatible; GPTBot/1.2; +https://openai.com/gptbot)"
20.171.207.106 - - [20/Jul/2025:09:05:20 +0000] "GET /sitemap-18.xml HTTP/1.1" 200 4497 "-" "Mozilla/5.0 AppleWebKit/537.36 (KHTML, like Gecko; compatible; GPTBot/1.2; +https://openai.com/gptbot)"
20.171.207.106 - - [20/Jul/2025:09:05:29 +0000] "GET /db.php/sitemap-18.xml HTTP/1.1" 403 4493 "-" "Mozilla/5.0 AppleWebKit/537.36 (KHTML, like Gecko; compatible; GPTBot/1.2; +https://openai.com/gptbot)"
20.171.207.106 - - [20/Jul/2025:09:05:39 +0000] "GET /sitemap-4.xml HTTP/1.1" 200 4499 "-" "Mozilla/5.0 AppleWebKit/537.36 (KHTML, like Gecko; compatible; GPTBot/1.2; +https://openai.com/gptbot)"
209.74.77.214 - - [20/Jul/2025:09:05:51 +0000] "POST /wp-cron.php?doing_wp_cron=1753002351.3351430892944335937500 HTTP/1.1" 200 - "-" "WordPress/6.8.2; https://akaventures.com.au"
13.62.20.132 - - [20/Jul/2025:09:05:49 +0000] "GET /?y=%27nvOpzp;%20AND%201=1%20OR%20(%3C%27%22%3EiKO)),&mod=%27nvOpzp;%20AND%201=1%20OR%20(%3C%27%22%3EiKO)),&uri=%27nvOpzp;%20AND%201=1%20OR%20(%3C%27%22%3EiKO)), HTTP/1.1" 301 - "-" "-"
13.62.20.132 - - [20/Jul/2025:09:05:51 +0000] "GET /?y=%27nvOpzp%3B%20AND%201%3D1%20OR%20%28%3C%27%22%3EiKO%29%29%2C&mod=%27nvOpzp%3B%20AND%201%3D1%20OR%20%28%3C%27%22%3EiKO%29%29%2C&uri=%27nvOpzp%3B%20AND%201%3D1%20OR%20%28%3C%27%22%3EiKO%29%29%2C HTTP/1.1" 200 21886 "https://akaventures.com.au/?y=%27nvOpzp;%20AND%201=1%20OR%20(%3C%27%22%3EiKO)),&mod=%27nvOpzp;%20AND%201=1%20OR%20(%3C%27%22%3EiKO)),&uri=%27nvOpzp;%20AND%201=1%20OR%20(%3C%27%22%3EiKO))," "-"
20.171.207.106 - - [20/Jul/2025:09:06:07 +0000] "GET /db.php/sitemap-11.xml HTTP/1.1" 403 4493 "-" "Mozilla/5.0 AppleWebKit/537.36 (KHTML, like Gecko; compatible; GPTBot/1.2; +https://openai.com/gptbot)"
209.74.77.214 - - [20/Jul/2025:09:06:59 +0000] "POST /wp-cron.php?doing_wp_cron=1753002419.4290080070495605468750 HTTP/1.1" 200 - "-" "WordPress/6.8.2; https://akaventures.com.au"
47.79.117.89 - - [20/Jul/2025:09:06:57 +0000] "GET /?y=5214115061940&mod=32f79142&uri=product.php?id%3D174070-139%26name%3Darmani+giorgio+logo HTTP/1.1" 301 - "https://akaventures.com.au/?y=5214115061940&mod=32f79142&uri=product.php%3Fid%3D174070-139%26name%3Darmani+giorgio+logo" "Mozilla/5.0 (Windows NT 10.0; Win64; x64) AppleWebKit/537.36 (KHTML, like Gecko) Chrome/114.0.0.0 Safari/537.36 Edg/114.0.1823.43"
47.79.117.89 - - [20/Jul/2025:09:06:59 +0000] "GET /?y=5214115061940&mod=32f79142&uri=product.php?id%3D174070-139%26name%3Darmani%20giorgio%20logo HTTP/1.1" 301 - "https://akaventures.com.au/?y=5214115061940&mod=32f79142&uri=product.php%3Fid%3D174070-139%26name%3Darmani+giorgio+logo" "Mozilla/5.0 (Windows NT 10.0; Win64; x64) AppleWebKit/537.36 (KHTML, like Gecko) Chrome/114.0.0.0 Safari/537.36 Edg/114.0.1823.43"
66.249.68.4 - - [20/Jul/2025:09:07:07 +0000] "POST /get-message-notify HTTP/1.1" 200 18285 "https://akaventures.com.au/corporate" "Mozilla/5.0 AppleWebKit/537.36 (KHTML, like Gecko; compatible; GoogleOther) Chrome/137.0.7151.119 Safari/537.36"
20.171.207.106 - - [20/Jul/2025:09:07:19 +0000] "GET /sitemap-22.xml HTTP/1.1" 200 4497 "-" "Mozilla/5.0 AppleWebKit/537.36 (KHTML, like Gecko; compatible; GPTBot/1.2; +https://openai.com/gptbot)"
20.171.207.106 - - [20/Jul/2025:09:07:20 +0000] "GET /sitemap-22.xml HTTP/1.1" 200 4497 "-" "Mozilla/5.0 AppleWebKit/537.36 (KHTML, like Gecko; compatible; GPTBot/1.2; +https://openai.com/gptbot)"
20.171.207.106 - - [20/Jul/2025:09:07:21 +0000] "GET /db.php/sitemap-20.xml HTTP/1.1" 403 4493 "-" "Mozilla/5.0 AppleWebKit/537.36 (KHTML, like Gecko; compatible; GPTBot/1.2; +https://openai.com/gptbot)"
209.74.77.214 - - [20/Jul/2025:09:11:59 +0000] "POST /wp-cron.php?doing_wp_cron=1753002719.6464600563049316406250 HTTP/1.1" 200 - "-" "WordPress/6.8.2; https://akaventures.com.au"
13.62.20.132 - - [20/Jul/2025:09:11:58 +0000] "GET /?y=%27nvOpzp;%20AND%201=1%20OR%20(%3C%27%22%3EiKO)),&mod=%27nvOpzp;%20AND%201=1%20OR%20(%3C%27%22%3EiKO)),&uri=%27nvOpzp;%20AND%201=1%20OR%20(%3C%27%22%3EiKO)), HTTP/1.1" 301 - "-" "-"
13.62.20.132 - - [20/Jul/2025:09:11:57 +0000] "GET /?y=%27nvOpzp;%20AND%201=1%20OR%20(%3C%27%22%3EiKO)),&mod=%27nvOpzp;%20AND%201=1%20OR%20(%3C%27%22%3EiKO)),&uri=%27nvOpzp;%20AND%201=1%20OR%20(%3C%27%22%3EiKO)), HTTP/1.1" 301 - "-" "-"
13.62.20.132 - - [20/Jul/2025:09:11:59 +0000] "GET /?y=%27nvOpzp%3B%20AND%201%3D1%20OR%20%28%3C%27%22%3EiKO%29%29%2C&mod=%27nvOpzp%3B%20AND%201%3D1%20OR%20%28%3C%27%22%3EiKO%29%29%2C&uri=%27nvOpzp%3B%20AND%201%3D1%20OR%20%28%3C%27%22%3EiKO%29%29%2C HTTP/1.1" 200 21886 "https://akaventures.com.au/?y=%27nvOpzp;%20AND%201=1%20OR%20(%3C%27%22%3EiKO)),&mod=%27nvOpzp;%20AND%201=1%20OR%20(%3C%27%22%3EiKO)),&uri=%27nvOpzp;%20AND%201=1%20OR%20(%3C%27%22%3EiKO))," "-"
13.62.20.132 - - [20/Jul/2025:09:11:59 +0000] "GET /?y=%27nvOpzp%3B%20AND%201%3D1%20OR%20%28%3C%27%22%3EiKO%29%29%2C&mod=%27nvOpzp%3B%20AND%201%3D1%20OR%20%28%3C%27%22%3EiKO%29%29%2C&uri=%27nvOpzp%3B%20AND%201%3D1%20OR%20%28%3C%27%22%3EiKO%29%29%2C HTTP/1.1" 200 21886 "https://akaventures.com.au/?y=%27nvOpzp;%20AND%201=1%20OR%20(%3C%27%22%3EiKO)),&mod=%27nvOpzp;%20AND%201=1%20OR%20(%3C%27%22%3EiKO)),&uri=%27nvOpzp;%20AND%201=1%20OR%20(%3C%27%22%3EiKO))," "-"
103.131.71.18 - - [20/Jul/2025:09:13:30 +0000] "GET /wp-content/uploads/2024/11/logo-2.jpg HTTP/1.1" 304 - "-" "Mozilla/5.0 (compatible; coccocbot-image/1.0; +http://help.coccoc.com/searchengine)"
209.74.77.214 - - [20/Jul/2025:09:13:42 +0000] "POST /wp-cron.php?doing_wp_cron=1753002822.0993781089782714843750 HTTP/1.1" 200 - "-" "WordPress/6.8.2; https://akaventures.com.au"
47.82.2.93 - - [20/Jul/2025:09:13:40 +0000] "GET /?y=5360922021940&mod=7d0bbf7a&uri=info.php?id%3D178973-322%26name%3Dmiele+g4920+dishwasher HTTP/1.1" 301 - "https://akaventures.com.au/?y=5360922021940&mod=7d0bbf7a&uri=info.php%3Fid%3D178973-322%26name%3Dmiele+g4920+dishwasher" "Mozilla/5.0 (Windows NT 10.0; Win64; x64) AppleWebKit/537.36 (KHTML, like Gecko) Chrome/114.0.0.0 Safari/537.36 Edg/114.0.1823.43"
47.82.2.93 - - [20/Jul/2025:09:13:42 +0000] "GET /?y=5360922021940&mod=7d0bbf7a&uri=info.php?id%3D178973-322%26name%3Dmiele%20g4920%20dishwasher HTTP/1.1" 301 - "https://akaventures.com.au/?y=5360922021940&mod=7d0bbf7a&uri=info.php%3Fid%3D178973-322%26name%3Dmiele+g4920+dishwasher" "Mozilla/5.0 (Windows NT 10.0; Win64; x64) AppleWebKit/537.36 (KHTML, like Gecko) Chrome/114.0.0.0 Safari/537.36 Edg/114.0.1823.43"
209.74.77.214 - - [20/Jul/2025:09:14:29 +0000] "POST /wp-cron.php?doing_wp_cron=1753002869.7596240043640136718750 HTTP/1.1" 200 - "-" "WordPress/6.8.2; https://akaventures.com.au"
13.62.20.132 - - [20/Jul/2025:09:14:28 +0000] "GET /?y=%27nvOpzp;%20AND%201=1%20OR%20(%3C%27%22%3EiKO)),&mod=%27nvOpzp;%20AND%201=1%20OR%20(%3C%27%22%3EiKO)),&uri=%27nvOpzp;%20AND%201=1%20OR%20(%3C%27%22%3EiKO)), HTTP/1.1" 301 - "-" "-"
13.62.20.132 - - [20/Jul/2025:09:14:30 +0000] "GET /?y=%27nvOpzp%3B%20AND%201%3D1%20OR%20%28%3C%27%22%3EiKO%29%29%2C&mod=%27nvOpzp%3B%20AND%201%3D1%20OR%20%28%3C%27%22%3EiKO%29%29%2C&uri=%27nvOpzp%3B%20AND%201%3D1%20OR%20%28%3C%27%22%3EiKO%29%29%2C HTTP/1.1" 200 21886 "https://akaventures.com.au/?y=%27nvOpzp;%20AND%201=1%20OR%20(%3C%27%22%3EiKO)),&mod=%27nvOpzp;%20AND%201=1%20OR%20(%3C%27%22%3EiKO)),&uri=%27nvOpzp;%20AND%201=1%20OR%20(%3C%27%22%3EiKO))," "-"
13.62.20.132 - - [20/Jul/2025:09:14:37 +0000] "GET /?y=%27nvOpzp;%20AND%201=1%20OR%20(%3C%27%22%3EiKO)),&mod=%27nvOpzp;%20AND%201=1%20OR%20(%3C%27%22%3EiKO)),&uri=%27nvOpzp;%20AND%201=1%20OR%20(%3C%27%22%3EiKO)), HTTP/1.1" 301 - "-" "-"
13.62.20.132 - - [20/Jul/2025:09:14:37 +0000] "GET /?y=%27nvOpzp%3B%20AND%201%3D1%20OR%20%28%3C%27%22%3EiKO%29%29%2C&mod=%27nvOpzp%3B%20AND%201%3D1%20OR%20%28%3C%27%22%3EiKO%29%29%2C&uri=%27nvOpzp%3B%20AND%201%3D1%20OR%20%28%3C%27%22%3EiKO%29%29%2C HTTP/1.1" 200 21886 "https://akaventures.com.au/?y=%27nvOpzp;%20AND%201=1%20OR%20(%3C%27%22%3EiKO)),&mod=%27nvOpzp;%20AND%201=1%20OR%20(%3C%27%22%3EiKO)),&uri=%27nvOpzp;%20AND%201=1%20OR%20(%3C%27%22%3EiKO))," "-"
209.74.77.214 - - [20/Jul/2025:09:15:56 +0000] "POST /wp-cron.php?doing_wp_cron=1753002955.9920079708099365234375 HTTP/1.1" 200 - "-" "WordPress/6.8.2; https://akaventures.com.au"
209.74.77.214 - - [20/Jul/2025:09:15:56 +0000] "POST /wp-cron.php?doing_wp_cron=1753002955.9919710159301757812500 HTTP/1.1" 200 - "-" "WordPress/6.8.2; https://akaventures.com.au"
13.62.20.132 - - [20/Jul/2025:09:15:55 +0000] "GET /?y=%27nvOpzp;%20AND%201=1%20OR%20(%3C%27%22%3EiKO)),&mod=%27nvOpzp;%20AND%201=1%20OR%20(%3C%27%22%3EiKO)),&uri=%27nvOpzp;%20AND%201=1%20OR%20(%3C%27%22%3EiKO)), HTTP/1.1" 301 - "-" "-"
13.62.20.132 - - [20/Jul/2025:09:15:54 +0000] "GET /?y=%27nvOpzp;%20AND%201=1%20OR%20(%3C%27%22%3EiKO)),&mod=%27nvOpzp;%20AND%201=1%20OR%20(%3C%27%22%3EiKO)),&uri=%27nvOpzp;%20AND%201=1%20OR%20(%3C%27%22%3EiKO)), HTTP/1.1" 301 - "-" "-"
13.62.20.132 - - [20/Jul/2025:09:15:56 +0000] "GET /?y=%27nvOpzp%3B%20AND%201%3D1%20OR%20%28%3C%27%22%3EiKO%29%29%2C&mod=%27nvOpzp%3B%20AND%201%3D1%20OR%20%28%3C%27%22%3EiKO%29%29%2C&uri=%27nvOpzp%3B%20AND%201%3D1%20OR%20%28%3C%27%22%3EiKO%29%29%2C HTTP/1.1" 200 21886 "https://akaventures.com.au/?y=%27nvOpzp;%20AND%201=1%20OR%20(%3C%27%22%3EiKO)),&mod=%27nvOpzp;%20AND%201=1%20OR%20(%3C%27%22%3EiKO)),&uri=%27nvOpzp;%20AND%201=1%20OR%20(%3C%27%22%3EiKO))," "-"
13.62.20.132 - - [20/Jul/2025:09:15:56 +0000] "GET /?y=%27nvOpzp%3B%20AND%201%3D1%20OR%20%28%3C%27%22%3EiKO%29%29%2C&mod=%27nvOpzp%3B%20AND%201%3D1%20OR%20%28%3C%27%22%3EiKO%29%29%2C&uri=%27nvOpzp%3B%20AND%201%3D1%20OR%20%28%3C%27%22%3EiKO%29%29%2C HTTP/1.1" 200 21886 "https://akaventures.com.au/?y=%27nvOpzp;%20AND%201=1%20OR%20(%3C%27%22%3EiKO)),&mod=%27nvOpzp;%20AND%201=1%20OR%20(%3C%27%22%3EiKO)),&uri=%27nvOpzp;%20AND%201=1%20OR%20(%3C%27%22%3EiKO))," "-"
209.74.77.214 - - [20/Jul/2025:09:18:02 +0000] "POST /wp-cron.php?doing_wp_cron=1753003082.0533409118652343750000 HTTP/1.1" 200 - "-" "WordPress/6.8.2; https://akaventures.com.au"
13.62.20.132 - - [20/Jul/2025:09:18:00 +0000] "GET /?y=%27nvOpzp;%20AND%201=1%20OR%20(%3C%27%22%3EiKO)),&mod=%27nvOpzp;%20AND%201=1%20OR%20(%3C%27%22%3EiKO)),&uri=%27nvOpzp;%20AND%201=1%20OR%20(%3C%27%22%3EiKO)), HTTP/1.1" 301 - "-" "-"
13.62.20.132 - - [20/Jul/2025:09:18:02 +0000] "GET /?y=%27nvOpzp%3B%20AND%201%3D1%20OR%20%28%3C%27%22%3EiKO%29%29%2C&mod=%27nvOpzp%3B%20AND%201%3D1%20OR%20%28%3C%27%22%3EiKO%29%29%2C&uri=%27nvOpzp%3B%20AND%201%3D1%20OR%20%28%3C%27%22%3EiKO%29%29%2C HTTP/1.1" 200 21886 "https://akaventures.com.au/?y=%27nvOpzp;%20AND%201=1%20OR%20(%3C%27%22%3EiKO)),&mod=%27nvOpzp;%20AND%201=1%20OR%20(%3C%27%22%3EiKO)),&uri=%27nvOpzp;%20AND%201=1%20OR%20(%3C%27%22%3EiKO))," "-"
13.62.20.132 - - [20/Jul/2025:09:18:37 +0000] "GET /?y=%27nvOpzp;%20AND%201=1%20OR%20(%3C%27%22%3EiKO)),&mod=%27nvOpzp;%20AND%201=1%20OR%20(%3C%27%22%3EiKO)),&uri=%27nvOpzp;%20AND%201=1%20OR%20(%3C%27%22%3EiKO)), HTTP/1.1" 301 - "-" "-"
13.62.20.132 - - [20/Jul/2025:09:18:39 +0000] "GET /?y=%27nvOpzp%3B%20AND%201%3D1%20OR%20%28%3C%27%22%3EiKO%29%29%2C&mod=%27nvOpzp%3B%20AND%201%3D1%20OR%20%28%3C%27%22%3EiKO%29%29%2C&uri=%27nvOpzp%3B%20AND%201%3D1%20OR%20%28%3C%27%22%3EiKO%29%29%2C HTTP/1.1" 200 21886 "https://akaventures.com.au/?y=%27nvOpzp;%20AND%201=1%20OR%20(%3C%27%22%3EiKO)),&mod=%27nvOpzp;%20AND%201=1%20OR%20(%3C%27%22%3EiKO)),&uri=%27nvOpzp;%20AND%201=1%20OR%20(%3C%27%22%3EiKO))," "-"
209.74.77.214 - - [20/Jul/2025:09:19:18 +0000] "POST /wp-cron.php?doing_wp_cron=1753003158.0509109497070312500000 HTTP/1.1" 200 - "-" "WordPress/6.8.2; https://akaventures.com.au"
13.62.20.132 - - [20/Jul/2025:09:19:16 +0000] "GET /?y=%27nvOpzp;%20AND%201=1%20OR%20(%3C%27%22%3EiKO)),&mod=%27nvOpzp;%20AND%201=1%20OR%20(%3C%27%22%3EiKO)),&uri=%27nvOpzp;%20AND%201=1%20OR%20(%3C%27%22%3EiKO)), HTTP/1.1" 301 - "-" "-"
13.62.20.132 - - [20/Jul/2025:09:19:18 +0000] "GET /?y=%27nvOpzp%3B%20AND%201%3D1%20OR%20%28%3C%27%22%3EiKO%29%29%2C&mod=%27nvOpzp%3B%20AND%201%3D1%20OR%20%28%3C%27%22%3EiKO%29%29%2C&uri=%27nvOpzp%3B%20AND%201%3D1%20OR%20%28%3C%27%22%3EiKO%29%29%2C HTTP/1.1" 200 21886 "https://akaventures.com.au/?y=%27nvOpzp;%20AND%201=1%20OR%20(%3C%27%22%3EiKO)),&mod=%27nvOpzp;%20AND%201=1%20OR%20(%3C%27%22%3EiKO)),&uri=%27nvOpzp;%20AND%201=1%20OR%20(%3C%27%22%3EiKO))," "-"
209.74.77.214 - - [20/Jul/2025:09:20:05 +0000] "POST /wp-cron.php?doing_wp_cron=1753003205.5757451057434082031250 HTTP/1.1" 200 - "-" "WordPress/6.8.2; https://akaventures.com.au"
13.62.20.132 - - [20/Jul/2025:09:20:04 +0000] "GET /?y=%27nvOpzp;%20AND%201=1%20OR%20(%3C%27%22%3EiKO)),&mod=%27nvOpzp;%20AND%201=1%20OR%20(%3C%27%22%3EiKO)),&uri=%27nvOpzp;%20AND%201=1%20OR%20(%3C%27%22%3EiKO)), HTTP/1.1" 301 - "-" "-"
13.62.20.132 - - [20/Jul/2025:09:20:05 +0000] "GET /?y=%27nvOpzp%3B%20AND%201%3D1%20OR%20%28%3C%27%22%3EiKO%29%29%2C&mod=%27nvOpzp%3B%20AND%201%3D1%20OR%20%28%3C%27%22%3EiKO%29%29%2C&uri=%27nvOpzp%3B%20AND%201%3D1%20OR%20%28%3C%27%22%3EiKO%29%29%2C HTTP/1.1" 200 21886 "https://akaventures.com.au/?y=%27nvOpzp;%20AND%201=1%20OR%20(%3C%27%22%3EiKO)),&mod=%27nvOpzp;%20AND%201=1%20OR%20(%3C%27%22%3EiKO)),&uri=%27nvOpzp;%20AND%201=1%20OR%20(%3C%27%22%3EiKO))," "-"
209.74.77.214 - - [20/Jul/2025:09:23:41 +0000] "POST /wp-cron.php?doing_wp_cron=1753003421.3363630771636962890625 HTTP/1.1" 200 - "-" "WordPress/6.8.2; https://akaventures.com.au"
13.62.20.132 - - [20/Jul/2025:09:23:39 +0000] "GET /?y=%27nvOpzp;%20AND%201=1%20OR%20(%3C%27%22%3EiKO)),&mod=%27nvOpzp;%20AND%201=1%20OR%20(%3C%27%22%3EiKO)),&uri=%27nvOpzp;%20AND%201=1%20OR%20(%3C%27%22%3EiKO)), HTTP/1.1" 301 - "-" "-"
13.62.20.132 - - [20/Jul/2025:09:23:41 +0000] "GET /?y=%27nvOpzp%3B%20AND%201%3D1%20OR%20%28%3C%27%22%3EiKO%29%29%2C&mod=%27nvOpzp%3B%20AND%201%3D1%20OR%20%28%3C%27%22%3EiKO%29%29%2C&uri=%27nvOpzp%3B%20AND%201%3D1%20OR%20%28%3C%27%22%3EiKO%29%29%2C HTTP/1.1" 200 21886 "https://akaventures.com.au/?y=%27nvOpzp;%20AND%201=1%20OR%20(%3C%27%22%3EiKO)),&mod=%27nvOpzp;%20AND%201=1%20OR%20(%3C%27%22%3EiKO)),&uri=%27nvOpzp;%20AND%201=1%20OR%20(%3C%27%22%3EiKO))," "-"
209.74.77.214 - - [20/Jul/2025:09:24:33 +0000] "POST /wp-cron.php?doing_wp_cron=1753003473.7909040451049804687500 HTTP/1.1" 200 - "-" "WordPress/6.8.2; https://akaventures.com.au"
13.62.20.132 - - [20/Jul/2025:09:24:32 +0000] "GET /?y=%27nvOpzp;%20AND%201=1%20OR%20(%3C%27%22%3EiKO)),&mod=%27nvOpzp;%20AND%201=1%20OR%20(%3C%27%22%3EiKO)),&uri=%27nvOpzp;%20AND%201=1%20OR%20(%3C%27%22%3EiKO)), HTTP/1.1" 301 - "-" "-"
13.62.20.132 - - [20/Jul/2025:09:24:34 +0000] "GET /?y=%27nvOpzp%3B%20AND%201%3D1%20OR%20%28%3C%27%22%3EiKO%29%29%2C&mod=%27nvOpzp%3B%20AND%201%3D1%20OR%20%28%3C%27%22%3EiKO%29%29%2C&uri=%27nvOpzp%3B%20AND%201%3D1%20OR%20%28%3C%27%22%3EiKO%29%29%2C HTTP/1.1" 200 21886 "https://akaventures.com.au/?y=%27nvOpzp;%20AND%201=1%20OR%20(%3C%27%22%3EiKO)),&mod=%27nvOpzp;%20AND%201=1%20OR%20(%3C%27%22%3EiKO)),&uri=%27nvOpzp;%20AND%201=1%20OR%20(%3C%27%22%3EiKO))," "-"
209.74.77.214 - - [20/Jul/2025:09:24:44 +0000] "POST /wp-cron.php?doing_wp_cron=1753003484.8852429389953613281250 HTTP/1.1" 200 - "-" "WordPress/6.8.2; https://akaventures.com.au"
13.62.20.132 - - [20/Jul/2025:09:24:44 +0000] "GET /?y=%27nvOpzp;%20AND%201=1%20OR%20(%3C%27%22%3EiKO)),&mod=%27nvOpzp;%20AND%201=1%20OR%20(%3C%27%22%3EiKO)),&uri=%27nvOpzp;%20AND%201=1%20OR%20(%3C%27%22%3EiKO)), HTTP/1.1" 301 - "-" "-"
13.62.20.132 - - [20/Jul/2025:09:24:45 +0000] "GET /?y=%27nvOpzp%3B%20AND%201%3D1%20OR%20%28%3C%27%22%3EiKO%29%29%2C&mod=%27nvOpzp%3B%20AND%201%3D1%20OR%20%28%3C%27%22%3EiKO%29%29%2C&uri=%27nvOpzp%3B%20AND%201%3D1%20OR%20%28%3C%27%22%3EiKO%29%29%2C HTTP/1.1" 200 21886 "https://akaventures.com.au/?y=%27nvOpzp;%20AND%201=1%20OR%20(%3C%27%22%3EiKO)),&mod=%27nvOpzp;%20AND%201=1%20OR%20(%3C%27%22%3EiKO)),&uri=%27nvOpzp;%20AND%201=1%20OR%20(%3C%27%22%3EiKO))," "-"
13.62.20.132 - - [20/Jul/2025:09:24:58 +0000] "GET /?y=%27nvOpzp;%20AND%201=1%20OR%20(%3C%27%22%3EiKO)),&mod=%27nvOpzp;%20AND%201=1%20OR%20(%3C%27%22%3EiKO)),&uri=%27nvOpzp;%20AND%201=1%20OR%20(%3C%27%22%3EiKO)), HTTP/1.1" 301 - "-" "-"
13.62.20.132 - - [20/Jul/2025:09:24:58 +0000] "GET /?y=%27nvOpzp%3B%20AND%201%3D1%20OR%20%28%3C%27%22%3EiKO%29%29%2C&mod=%27nvOpzp%3B%20AND%201%3D1%20OR%20%28%3C%27%22%3EiKO%29%29%2C&uri=%27nvOpzp%3B%20AND%201%3D1%20OR%20%28%3C%27%22%3EiKO%29%29%2C HTTP/1.1" 200 21886 "https://akaventures.com.au/?y=%27nvOpzp;%20AND%201=1%20OR%20(%3C%27%22%3EiKO)),&mod=%27nvOpzp;%20AND%201=1%20OR%20(%3C%27%22%3EiKO)),&uri=%27nvOpzp;%20AND%201=1%20OR%20(%3C%27%22%3EiKO))," "-"
209.74.77.214 - - [20/Jul/2025:09:27:04 +0000] "POST /wp-cron.php?doing_wp_cron=1753003623.9910130500793457031250 HTTP/1.1" 200 - "-" "WordPress/6.8.2; https://akaventures.com.au"
13.62.20.132 - - [20/Jul/2025:09:27:02 +0000] "GET /?y=%27nvOpzp;%20AND%201=1%20OR%20(%3C%27%22%3EiKO)),&mod=%27nvOpzp;%20AND%201=1%20OR%20(%3C%27%22%3EiKO)),&uri=%27nvOpzp;%20AND%201=1%20OR%20(%3C%27%22%3EiKO)), HTTP/1.1" 301 - "-" "-"
13.62.20.132 - - [20/Jul/2025:09:27:04 +0000] "GET /?y=%27nvOpzp%3B%20AND%201%3D1%20OR%20%28%3C%27%22%3EiKO%29%29%2C&mod=%27nvOpzp%3B%20AND%201%3D1%20OR%20%28%3C%27%22%3EiKO%29%29%2C&uri=%27nvOpzp%3B%20AND%201%3D1%20OR%20%28%3C%27%22%3EiKO%29%29%2C HTTP/1.1" 200 21886 "https://akaventures.com.au/?y=%27nvOpzp;%20AND%201=1%20OR%20(%3C%27%22%3EiKO)),&mod=%27nvOpzp;%20AND%201=1%20OR%20(%3C%27%22%3EiKO)),&uri=%27nvOpzp;%20AND%201=1%20OR%20(%3C%27%22%3EiKO))," "-"
13.62.20.132 - - [20/Jul/2025:09:27:16 +0000] "GET /?y=%27nvOpzp;%20AND%201=1%20OR%20(%3C%27%22%3EiKO)),&mod=%27nvOpzp;%20AND%201=1%20OR%20(%3C%27%22%3EiKO)),&uri=%27nvOpzp;%20AND%201=1%20OR%20(%3C%27%22%3EiKO)), HTTP/1.1" 301 - "-" "-"
13.62.20.132 - - [20/Jul/2025:09:27:17 +0000] "GET /?y=%27nvOpzp;%20AND%201=1%20OR%20(%3C%27%22%3EiKO)),&mod=%27nvOpzp;%20AND%201=1%20OR%20(%3C%27%22%3EiKO)),&uri=%27nvOpzp;%20AND%201=1%20OR%20(%3C%27%22%3EiKO)), HTTP/1.1" 301 - "-" "-"
13.62.20.132 - - [20/Jul/2025:09:27:17 +0000] "GET /?y=%27nvOpzp%3B%20AND%201%3D1%20OR%20%28%3C%27%22%3EiKO%29%29%2C&mod=%27nvOpzp%3B%20AND%201%3D1%20OR%20%28%3C%27%22%3EiKO%29%29%2C&uri=%27nvOpzp%3B%20AND%201%3D1%20OR%20%28%3C%27%22%3EiKO%29%29%2C HTTP/1.1" 200 21886 "https://akaventures.com.au/?y=%27nvOpzp;%20AND%201=1%20OR%20(%3C%27%22%3EiKO)),&mod=%27nvOpzp;%20AND%201=1%20OR%20(%3C%27%22%3EiKO)),&uri=%27nvOpzp;%20AND%201=1%20OR%20(%3C%27%22%3EiKO))," "-"
13.62.20.132 - - [20/Jul/2025:09:27:17 +0000] "GET /?y=%27nvOpzp%3B%20AND%201%3D1%20OR%20%28%3C%27%22%3EiKO%29%29%2C&mod=%27nvOpzp%3B%20AND%201%3D1%20OR%20%28%3C%27%22%3EiKO%29%29%2C&uri=%27nvOpzp%3B%20AND%201%3D1%20OR%20%28%3C%27%22%3EiKO%29%29%2C HTTP/1.1" 200 21886 "https://akaventures.com.au/?y=%27nvOpzp;%20AND%201=1%20OR%20(%3C%27%22%3EiKO)),&mod=%27nvOpzp;%20AND%201=1%20OR%20(%3C%27%22%3EiKO)),&uri=%27nvOpzp;%20AND%201=1%20OR%20(%3C%27%22%3EiKO))," "-"
209.74.77.214 - - [20/Jul/2025:09:28:19 +0000] "POST /wp-cron.php?doing_wp_cron=1753003699.8468348979949951171875 HTTP/1.1" 200 - "-" "WordPress/6.8.2; https://akaventures.com.au"
13.62.20.132 - - [20/Jul/2025:09:28:18 +0000] "GET /?y=%27nvOpzp;%20AND%201=1%20OR%20(%3C%27%22%3EiKO)),&mod=%27nvOpzp;%20AND%201=1%20OR%20(%3C%27%22%3EiKO)),&uri=%27nvOpzp;%20AND%201=1%20OR%20(%3C%27%22%3EiKO)), HTTP/1.1" 301 - "-" "-"
13.62.20.132 - - [20/Jul/2025:09:28:20 +0000] "GET /?y=%27nvOpzp%3B%20AND%201%3D1%20OR%20%28%3C%27%22%3EiKO%29%29%2C&mod=%27nvOpzp%3B%20AND%201%3D1%20OR%20%28%3C%27%22%3EiKO%29%29%2C&uri=%27nvOpzp%3B%20AND%201%3D1%20OR%20%28%3C%27%22%3EiKO%29%29%2C HTTP/1.1" 200 21886 "https://akaventures.com.au/?y=%27nvOpzp;%20AND%201=1%20OR%20(%3C%27%22%3EiKO)),&mod=%27nvOpzp;%20AND%201=1%20OR%20(%3C%27%22%3EiKO)),&uri=%27nvOpzp;%20AND%201=1%20OR%20(%3C%27%22%3EiKO))," "-"
209.74.77.214 - - [20/Jul/2025:09:30:06 +0000] "POST /wp-cron.php?doing_wp_cron=1753003806.0751109123229980468750 HTTP/1.1" 200 - "-" "WordPress/6.8.2; https://akaventures.com.au"
13.62.20.132 - - [20/Jul/2025:09:30:02 +0000] "GET /?y=%27nvOpzp;%20AND%201=1%20OR%20(%3C%27%22%3EiKO)),&mod=%27nvOpzp;%20AND%201=1%20OR%20(%3C%27%22%3EiKO)),&uri=%27nvOpzp;%20AND%201=1%20OR%20(%3C%27%22%3EiKO)), HTTP/1.1" 301 - "-" "-"
13.62.20.132 - - [20/Jul/2025:09:30:06 +0000] "GET /?y=%27nvOpzp%3B%20AND%201%3D1%20OR%20%28%3C%27%22%3EiKO%29%29%2C&mod=%27nvOpzp%3B%20AND%201%3D1%20OR%20%28%3C%27%22%3EiKO%29%29%2C&uri=%27nvOpzp%3B%20AND%201%3D1%20OR%20%28%3C%27%22%3EiKO%29%29%2C HTTP/1.1" 200 21886 "https://akaventures.com.au/?y=%27nvOpzp;%20AND%201=1%20OR%20(%3C%27%22%3EiKO)),&mod=%27nvOpzp;%20AND%201=1%20OR%20(%3C%27%22%3EiKO)),&uri=%27nvOpzp;%20AND%201=1%20OR%20(%3C%27%22%3EiKO))," "-"
13.62.20.132 - - [20/Jul/2025:09:30:07 +0000] "GET /?y=%27nvOpzp;%20AND%201=1%20OR%20(%3C%27%22%3EiKO)),&mod=%27nvOpzp;%20AND%201=1%20OR%20(%3C%27%22%3EiKO)),&uri=%27nvOpzp;%20AND%201=1%20OR%20(%3C%27%22%3EiKO)), HTTP/1.1" 301 - "-" "-"
13.62.20.132 - - [20/Jul/2025:09:30:08 +0000] "GET /?y=%27nvOpzp%3B%20AND%201%3D1%20OR%20%28%3C%27%22%3EiKO%29%29%2C&mod=%27nvOpzp%3B%20AND%201%3D1%20OR%20%28%3C%27%22%3EiKO%29%29%2C&uri=%27nvOpzp%3B%20AND%201%3D1%20OR%20%28%3C%27%22%3EiKO%29%29%2C HTTP/1.1" 200 21886 "https://akaventures.com.au/?y=%27nvOpzp;%20AND%201=1%20OR%20(%3C%27%22%3EiKO)),&mod=%27nvOpzp;%20AND%201=1%20OR%20(%3C%27%22%3EiKO)),&uri=%27nvOpzp;%20AND%201=1%20OR%20(%3C%27%22%3EiKO))," "-"
45.227.253.15 - - [20/Jul/2025:09:30:57 +0000] "GET /cgi-bin/cgi-bin/cgi-bin/cgi-bin/cgi-bin/index.php?ARRAY=7o2230223n313735333030373536352p2231223n22687474703n5p2s5p2s7n7334383376313373752r746s6566612r626p6s675p2s3s6p633q7068705s636s64655s6n6326743q313735333030333936352q3032323035396638666331613334396338366537626233336132303839346234222p2232223n223039633463363265396330363532626435326236366239366465306137353663222p2233223n226437636665663266663734343266646435356338303962613839643638333963222p2262696r675s70617373223n2232312q34362q36302q36362q37342q38372q3238227q HTTP/1.1" 200 102 "-" "Mozilla/5.0 (Windows NT 6.1; WOW64; Trident/7.0; rv:11.0) like Gecko"
209.74.77.214 - - [20/Jul/2025:09:31:36 +0000] "POST /wp-cron.php?doing_wp_cron=1753003896.2049610614776611328125 HTTP/1.1" 200 - "-" "WordPress/6.8.2; https://akaventures.com.au"
13.62.20.132 - - [20/Jul/2025:09:31:35 +0000] "GET /?y=%27nvOpzp;%20AND%201=1%20OR%20(%3C%27%22%3EiKO)),&mod=%27nvOpzp;%20AND%201=1%20OR%20(%3C%27%22%3EiKO)),&uri=%27nvOpzp;%20AND%201=1%20OR%20(%3C%27%22%3EiKO)), HTTP/1.1" 301 - "-" "-"
13.62.20.132 - - [20/Jul/2025:09:31:36 +0000] "GET /?y=%27nvOpzp%3B%20AND%201%3D1%20OR%20%28%3C%27%22%3EiKO%29%29%2C&mod=%27nvOpzp%3B%20AND%201%3D1%20OR%20%28%3C%27%22%3EiKO%29%29%2C&uri=%27nvOpzp%3B%20AND%201%3D1%20OR%20%28%3C%27%22%3EiKO%29%29%2C HTTP/1.1" 200 21886 "https://akaventures.com.au/?y=%27nvOpzp;%20AND%201=1%20OR%20(%3C%27%22%3EiKO)),&mod=%27nvOpzp;%20AND%201=1%20OR%20(%3C%27%22%3EiKO)),&uri=%27nvOpzp;%20AND%201=1%20OR%20(%3C%27%22%3EiKO))," "-"
13.62.20.132 - - [20/Jul/2025:09:31:37 +0000] "GET /?y=%27nvOpzp;%20AND%201=1%20OR%20(%3C%27%22%3EiKO)),&mod=%27nvOpzp;%20AND%201=1%20OR%20(%3C%27%22%3EiKO)),&uri=%27nvOpzp;%20AND%201=1%20OR%20(%3C%27%22%3EiKO)), HTTP/1.1" 301 - "-" "-"
13.62.20.132 - - [20/Jul/2025:09:31:37 +0000] "GET /?y=%27nvOpzp%3B%20AND%201%3D1%20OR%20%28%3C%27%22%3EiKO%29%29%2C&mod=%27nvOpzp%3B%20AND%201%3D1%20OR%20%28%3C%27%22%3EiKO%29%29%2C&uri=%27nvOpzp%3B%20AND%201%3D1%20OR%20%28%3C%27%22%3EiKO%29%29%2C HTTP/1.1" 200 21886 "https://akaventures.com.au/?y=%27nvOpzp;%20AND%201=1%20OR%20(%3C%27%22%3EiKO)),&mod=%27nvOpzp;%20AND%201=1%20OR%20(%3C%27%22%3EiKO)),&uri=%27nvOpzp;%20AND%201=1%20OR%20(%3C%27%22%3EiKO))," "-"
209.74.77.214 - - [20/Jul/2025:09:31:57 +0000] "POST /wp-cron.php?doing_wp_cron=1753003917.6973540782928466796875 HTTP/1.1" 200 - "-" "WordPress/6.8.2; https://akaventures.com.au"
13.62.20.132 - - [20/Jul/2025:09:31:57 +0000] "GET /?y=%27nvOpzp;%20AND%201=1%20OR%20(%3C%27%22%3EiKO)),&mod=%27nvOpzp;%20AND%201=1%20OR%20(%3C%27%22%3EiKO)),&uri=%27nvOpzp;%20AND%201=1%20OR%20(%3C%27%22%3EiKO)), HTTP/1.1" 301 - "-" "-"
13.62.20.132 - - [20/Jul/2025:09:31:57 +0000] "GET /?y=%27nvOpzp%3B%20AND%201%3D1%20OR%20%28%3C%27%22%3EiKO%29%29%2C&mod=%27nvOpzp%3B%20AND%201%3D1%20OR%20%28%3C%27%22%3EiKO%29%29%2C&uri=%27nvOpzp%3B%20AND%201%3D1%20OR%20%28%3C%27%22%3EiKO%29%29%2C HTTP/1.1" 200 21886 "https://akaventures.com.au/?y=%27nvOpzp;%20AND%201=1%20OR%20(%3C%27%22%3EiKO)),&mod=%27nvOpzp;%20AND%201=1%20OR%20(%3C%27%22%3EiKO)),&uri=%27nvOpzp;%20AND%201=1%20OR%20(%3C%27%22%3EiKO))," "-"
209.74.77.214 - - [20/Jul/2025:09:32:13 +0000] "POST /wp-cron.php?doing_wp_cron=1753003933.7545509338378906250000 HTTP/1.1" 200 - "-" "WordPress/6.8.2; https://akaventures.com.au"
