66.249.74.13 - - [20/Jul/2025:04:31:30 +0000] "GET /items/art/wind/4816783/hobby/boardgame/index.html/alalamy.com.au/feature/index.html HTTP/1.1" 200 18931 "-" "Mozilla/5.0 (Linux; Android 6.0.1; Nexus 5X Build/MMB29P) AppleWebKit/537.36 (KHTML, like Gecko) Chrome/137.0.7151.103 Mobile Safari/537.36 (compatible; GoogleOther)"
66.249.68.68 - - [20/Jul/2025:04:31:30 +0000] "GET /items/art/musical-instruments/5047267/alalamy.com.au?_bd_prev_page=alalamy.com.au/detail.php?shopbrand/36038949.htm HTTP/1.1" 200 19584 "-" "Mozilla/5.0 (Linux; Android 6.0.1; Nexus 5X Build/MMB29P) AppleWebKit/537.36 (KHTML, like Gecko) Chrome/137.0.7151.103 Mobile Safari/537.36 (compatible; GoogleOther)"
66.249.68.67 - - [20/Jul/2025:04:31:31 +0000] "POST /get-message-notify HTTP/1.1" 200 19553 "http://alalamy.com.au/items/art/musical-instruments/5047267/alalamy.com.au?_bd_prev_page=alalamy.com.au/detail.php?shopbrand/237094266.htm" "Mozilla/5.0 (Linux; Android 6.0.1; Nexus 5X Build/MMB29P) AppleWebKit/537.36 (KHTML, like Gecko) Chrome/137.0.7151.119 Mobile Safari/537.36 (compatible; Googlebot/2.1; +http://www.google.com/bot.html)"
66.249.74.13 - - [20/Jul/2025:04:31:31 +0000] "GET /items/manga/art/5299474/alalamy.com.au?_bd_prev_page=alalamy.com.au/detail.php?shopbrand/8156377.htm HTTP/1.1" 200 23144 "-" "Mozilla/5.0 (Linux; Android 6.0.1; Nexus 5X Build/MMB29P) AppleWebKit/537.36 (KHTML, like Gecko) Chrome/137.0.7151.103 Mobile Safari/537.36 (compatible; GoogleOther)"
66.249.68.68 - - [20/Jul/2025:04:31:31 +0000] "GET /items/art/musical-instruments/5047267/alalamy.com.au?_bd_prev_page=alalamy.com.au/detail.php?shopbrand/78646067.htm HTTP/1.1" 200 19641 "-" "Mozilla/5.0 (Linux; Android 6.0.1; Nexus 5X Build/MMB29P) AppleWebKit/537.36 (KHTML, like Gecko) Chrome/137.0.7151.103 Mobile Safari/537.36 (compatible; GoogleOther)"
66.249.74.12 - - [20/Jul/2025:04:31:31 +0000] "GET /items/manga/art/5299474/alalamy.com.au?_bd_prev_page=alalamy.com.au/detail.php?shopbrand/8155547.htm HTTP/1.1" 200 23619 "-" "Mozilla/5.0 (Linux; Android 6.0.1; Nexus 5X Build/MMB29P) AppleWebKit/537.36 (KHTML, like Gecko) Chrome/137.0.7151.103 Mobile Safari/537.36 (compatible; GoogleOther)"
66.249.74.15 - - [20/Jul/2025:04:31:32 +0000] "POST /get-message-notify HTTP/1.1" 200 19578 "http://www.alalamy.com.au/items/art/models/3062285/alalamy.com.au/product/edit/alalamy.com.au?_bd_prev_page=alalamy.com.au/detail.php?shopbrand/8919368.htm" "Mozilla/5.0 (Linux; Android 6.0.1; Nexus 5X Build/MMB29P) AppleWebKit/537.36 (KHTML, like Gecko) Chrome/137.0.7151.119 Mobile Safari/537.36 (compatible; Googlebot/2.1; +http://www.google.com/bot.html)"
66.249.74.15 - - [20/Jul/2025:04:31:32 +0000] "GET /items/manga/art/5299474/alalamy.com.au?_bd_prev_page=alalamy.com.au/detail.php?shopbrand/8146810.htm HTTP/1.1" 200 19393 "-" "Mozilla/5.0 (Linux; Android 6.0.1; Nexus 5X Build/MMB29P) AppleWebKit/537.36 (KHTML, like Gecko) Chrome/137.0.7151.103 Mobile Safari/537.36 (compatible; GoogleOther)"
66.249.68.67 - - [20/Jul/2025:04:31:32 +0000] "GET /items/art/musical-instruments/5047267/alalamy.com.au?_bd_prev_page=alalamy.com.au/detail.php?shopbrand/270525019.htm HTTP/1.1" 200 20840 "-" "Mozilla/5.0 (Linux; Android 6.0.1; Nexus 5X Build/MMB29P) AppleWebKit/537.36 (KHTML, like Gecko) Chrome/137.0.7151.103 Mobile Safari/537.36 (compatible; GoogleOther)"
66.249.74.15 - - [20/Jul/2025:04:31:32 +0000] "POST /get-message-notify HTTP/1.1" 200 19578 "http://www.alalamy.com.au/items/handmade/paintings/5377890/alalamy.com.au/toreka/toreka_menu.html/feature/idol/alalamy.com.au/toreka/toreka_single.html" "Mozilla/5.0 (Linux; Android 6.0.1; Nexus 5X Build/MMB29P) AppleWebKit/537.36 (KHTML, like Gecko) Chrome/137.0.7151.119 Mobile Safari/537.36 (compatible; Googlebot/2.1; +http://www.google.com/bot.html)"
66.249.74.1 - - [20/Jul/2025:04:31:32 +0000] "GET /items/art/wind/4816783/alalamy.com.au/feature/campaign/alalamy.com.au/pcmypage/alalamy.com.au/items/art/wind/4816783/alalamy.com.au/feature/campaign/alalamy.com.au/pcmypage HTTP/1.1" 200 18935 "-" "Mozilla/5.0 (Linux; Android 6.0.1; Nexus 5X Build/MMB29P) AppleWebKit/537.36 (KHTML, like Gecko) Chrome/137.0.7151.103 Mobile Safari/537.36 (compatible; GoogleOther)"
66.249.68.70 - - [20/Jul/2025:04:31:33 +0000] "POST /get-message-notify HTTP/1.1" 200 19553 "http://alalamy.com.au/items/art/musical-instruments/5047267/alalamy.com.au?_bd_prev_page=alalamy.com.au/detail.php?shopbrand/34470870.htm" "Mozilla/5.0 (Linux; Android 6.0.1; Nexus 5X Build/MMB29P) AppleWebKit/537.36 (KHTML, like Gecko) Chrome/137.0.7151.119 Mobile Safari/537.36 (compatible; Googlebot/2.1; +http://www.google.com/bot.html)"
66.249.74.14 - - [20/Jul/2025:04:31:33 +0000] "POST /get-message-notify HTTP/1.1" 200 19578 "http://www.alalamy.com.au/items/art/models/3062285/alalamy.com.au/product/edit/alalamy.com.au?_bd_prev_page=alalamy.com.au/detail.php?shopbrand/9281050.htm" "Mozilla/5.0 (Linux; Android 6.0.1; Nexus 5X Build/MMB29P) AppleWebKit/537.36 (KHTML, like Gecko) Chrome/137.0.7151.119 Mobile Safari/537.36 (compatible; Googlebot/2.1; +http://www.google.com/bot.html)"
66.249.74.13 - - [20/Jul/2025:04:31:33 +0000] "GET /items/hobbies/prints/4575797/alalamy.com.au/alalamy.com.au/feature/honten/index.html HTTP/1.1" 200 23031 "-" "Mozilla/5.0 (Linux; Android 6.0.1; Nexus 5X Build/MMB29P) AppleWebKit/537.36 (KHTML, like Gecko) Chrome/137.0.7151.103 Mobile Safari/537.36 (compatible; GoogleOther)"
66.249.68.66 - - [20/Jul/2025:04:31:34 +0000] "POST /get-message-notify HTTP/1.1" 200 19553 "http://alalamy.com.au/items/art/musical-instruments/5047267/alalamy.com.au?_bd_prev_page=alalamy.com.au/detail.php?shopbrand/26311471.htm" "Mozilla/5.0 (Linux; Android 6.0.1; Nexus 5X Build/MMB29P) AppleWebKit/537.36 (KHTML, like Gecko) Chrome/137.0.7151.119 Mobile Safari/537.36 (compatible; Googlebot/2.1; +http://www.google.com/bot.html)"
66.249.74.14 - - [20/Jul/2025:04:31:34 +0000] "GET /items/art/wind/4816783/hobby/boardgame/alalamy.com.au/feature/osu_main/alalamy.com.au/pcsp.html HTTP/1.1" 200 18947 "-" "Mozilla/5.0 (Linux; Android 6.0.1; Nexus 5X Build/MMB29P) AppleWebKit/537.36 (KHTML, like Gecko) Chrome/137.0.7151.103 Mobile Safari/537.36 (compatible; GoogleOther)"
66.249.68.68 - - [20/Jul/2025:04:31:34 +0000] "GET /items/art/musical-instruments/5047267/alalamy.com.au?_bd_prev_page=alalamy.com.au/detail.php?shopbrand/168606716.htm HTTP/1.1" 200 20388 "-" "Mozilla/5.0 (Linux; Android 6.0.1; Nexus 5X Build/MMB29P) AppleWebKit/537.36 (KHTML, like Gecko) Chrome/137.0.7151.103 Mobile Safari/537.36 (compatible; GoogleOther)"
66.249.68.68 - - [20/Jul/2025:04:31:34 +0000] "POST /get-message-notify HTTP/1.1" 200 19553 "http://alalamy.com.au/items/art/musical-instruments/5047267/alalamy.com.au?_bd_prev_page=alalamy.com.au/detail.php?shopbrand/201046131.htm" "Mozilla/5.0 (Linux; Android 6.0.1; Nexus 5X Build/MMB29P) AppleWebKit/537.36 (KHTML, like Gecko) Chrome/137.0.7151.119 Mobile Safari/537.36 (compatible; Googlebot/2.1; +http://www.google.com/bot.html)"
66.249.68.69 - - [20/Jul/2025:04:31:35 +0000] "GET /items/art/musical-instruments/5047267/alalamy.com.au?_bd_prev_page=alalamy.com.au/detail.php?shopbrand/162790807.htm HTTP/1.1" 200 21352 "-" "Mozilla/5.0 (Linux; Android 6.0.1; Nexus 5X Build/MMB29P) AppleWebKit/537.36 (KHTML, like Gecko) Chrome/137.0.7151.103 Mobile Safari/537.36 (compatible; GoogleOther)"
66.249.74.13 - - [20/Jul/2025:04:31:35 +0000] "POST /get-message-notify HTTP/1.1" 200 19578 "http://www.alalamy.com.au/items/art/models/3062285/alalamy.com.au/product/edit/alalamy.com.au?_bd_prev_page=alalamy.com.au/detail.php?shopbrand/9284370.htm" "Mozilla/5.0 (Linux; Android 6.0.1; Nexus 5X Build/MMB29P) AppleWebKit/537.36 (KHTML, like Gecko) Chrome/137.0.7151.119 Mobile Safari/537.36 (compatible; Googlebot/2.1; +http://www.google.com/bot.html)"
66.249.68.70 - - [20/Jul/2025:04:31:36 +0000] "GET /items/art/musical-instruments/5047267/alalamy.com.au?_bd_prev_page=alalamy.com.au/detail.php?shopbrand/187741756.htm HTTP/1.1" 200 20165 "-" "Mozilla/5.0 (Linux; Android 6.0.1; Nexus 5X Build/MMB29P) AppleWebKit/537.36 (KHTML, like Gecko) Chrome/137.0.7151.103 Mobile Safari/537.36 (compatible; GoogleOther)"
66.249.68.69 - - [20/Jul/2025:04:31:36 +0000] "POST /get-message-notify HTTP/1.1" 200 19553 "http://alalamy.com.au/items/art/musical-instruments/5047267/alalamy.com.au?_bd_prev_page=alalamy.com.au/detail.php?shopbrand/53219349.htm" "Mozilla/5.0 (Linux; Android 6.0.1; Nexus 5X Build/MMB29P) AppleWebKit/537.36 (KHTML, like Gecko) Chrome/137.0.7151.119 Mobile Safari/537.36 (compatible; Googlebot/2.1; +http://www.google.com/bot.html)"
66.249.68.66 - - [20/Jul/2025:04:31:36 +0000] "POST /get-message-notify HTTP/1.1" 200 19553 "http://alalamy.com.au/items/art/musical-instruments/5047267/alalamy.com.au?_bd_prev_page=alalamy.com.au/detail.php?shopbrand/26305172.htm" "Mozilla/5.0 (Linux; Android 6.0.1; Nexus 5X Build/MMB29P) AppleWebKit/537.36 (KHTML, like Gecko) Chrome/137.0.7151.119 Mobile Safari/537.36 (compatible; Googlebot/2.1; +http://www.google.com/bot.html)"
66.249.68.67 - - [20/Jul/2025:04:31:36 +0000] "POST /get-message-notify HTTP/1.1" 200 19553 "http://alalamy.com.au/items/art/musical-instruments/5047267/alalamy.com.au?_bd_prev_page=alalamy.com.au/detail.php?shopbrand/78650364.htm" "Mozilla/5.0 (Linux; Android 6.0.1; Nexus 5X Build/MMB29P) AppleWebKit/537.36 (KHTML, like Gecko) Chrome/137.0.7151.119 Mobile Safari/537.36 (compatible; Googlebot/2.1; +http://www.google.com/bot.html)"
66.249.68.71 - - [20/Jul/2025:04:31:36 +0000] "GET /items/art/musical-instruments/5047267/alalamy.com.au?_bd_prev_page=alalamy.com.au/detail.php?shopbrand/78641609.htm HTTP/1.1" 200 20396 "-" "Mozilla/5.0 (Linux; Android 6.0.1; Nexus 5X Build/MMB29P) AppleWebKit/537.36 (KHTML, like Gecko) Chrome/137.0.7151.103 Mobile Safari/537.36 (compatible; GoogleOther)"
66.249.68.70 - - [20/Jul/2025:04:31:37 +0000] "POST /get-message-notify HTTP/1.1" 200 19553 "http://alalamy.com.au/items/art/musical-instruments/5047267/alalamy.com.au?_bd_prev_page=alalamy.com.au/detail.php?shopbrand/36038949.htm" "Mozilla/5.0 (Linux; Android 6.0.1; Nexus 5X Build/MMB29P) AppleWebKit/537.36 (KHTML, like Gecko) Chrome/137.0.7151.119 Mobile Safari/537.36 (compatible; Googlebot/2.1; +http://www.google.com/bot.html)"
66.249.74.15 - - [20/Jul/2025:04:31:37 +0000] "GET /items/art/wind/4816783/alalamy.com.au/toreka/figure_menu.html/hobby/boardgame/alalamy.com.au/feature/yokohama_maruicity/index.html HTTP/1.1" 200 18971 "-" "Mozilla/5.0 (Linux; Android 6.0.1; Nexus 5X Build/MMB29P) AppleWebKit/537.36 (KHTML, like Gecko) Chrome/137.0.7151.103 Mobile Safari/537.36 (compatible; GoogleOther)"
66.249.68.68 - - [20/Jul/2025:04:31:37 +0000] "POST /get-message-notify HTTP/1.1" 200 19553 "http://alalamy.com.au/items/art/musical-instruments/5047267/alalamy.com.au?_bd_prev_page=alalamy.com.au/detail.php?shopbrand/78647725.htm" "Mozilla/5.0 (Linux; Android 6.0.1; Nexus 5X Build/MMB29P) AppleWebKit/537.36 (KHTML, like Gecko) Chrome/137.0.7151.119 Mobile Safari/537.36 (compatible; Googlebot/2.1; +http://www.google.com/bot.html)"
66.249.74.14 - - [20/Jul/2025:04:31:37 +0000] "POST /get-message-notify HTTP/1.1" 200 19578 "http://www.alalamy.com.au/items/art/models/3062285/alalamy.com.au/product/edit/alalamy.com.au?_bd_prev_page=alalamy.com.au/detail.php?shopbrand/8502193.htm" "Mozilla/5.0 (Linux; Android 6.0.1; Nexus 5X Build/MMB29P) AppleWebKit/537.36 (KHTML, like Gecko) Chrome/137.0.7151.119 Mobile Safari/537.36 (compatible; Googlebot/2.1; +http://www.google.com/bot.html)"
66.249.68.67 - - [20/Jul/2025:04:31:37 +0000] "GET /items/art/musical-instruments/5047267/alalamy.com.au?_bd_prev_page=alalamy.com.au/detail.php?shopbrand/78646639.htm HTTP/1.1" 200 21558 "-" "Mozilla/5.0 (Linux; Android 6.0.1; Nexus 5X Build/MMB29P) AppleWebKit/537.36 (KHTML, like Gecko) Chrome/137.0.7151.103 Mobile Safari/537.36 (compatible; GoogleOther)"
66.249.74.1 - - [20/Jul/2025:04:31:37 +0000] "POST /get-message-notify HTTP/1.1" 200 19578 "http://www.alalamy.com.au/items/manga/art/5299474/alalamy.com.au?_bd_prev_page=alalamy.com.au/detail.php?shopbrand/8155547.htm" "Mozilla/5.0 (Linux; Android 6.0.1; Nexus 5X Build/MMB29P) AppleWebKit/537.36 (KHTML, like Gecko) Chrome/137.0.7151.119 Mobile Safari/537.36 (compatible; Googlebot/2.1; +http://www.google.com/bot.html)"
66.249.68.66 - - [20/Jul/2025:04:31:38 +0000] "POST /get-message-notify HTTP/1.1" 200 19553 "http://alalamy.com.au/items/art/musical-instruments/5047267/alalamy.com.au?_bd_prev_page=alalamy.com.au/detail.php?shopbrand/270525019.htm" "Mozilla/5.0 (Linux; Android 6.0.1; Nexus 5X Build/MMB29P) AppleWebKit/537.36 (KHTML, like Gecko) Chrome/137.0.7151.119 Mobile Safari/537.36 (compatible; Googlebot/2.1; +http://www.google.com/bot.html)"
66.249.74.2 - - [20/Jul/2025:04:31:38 +0000] "POST /get-message-notify HTTP/1.1" 200 19578 "http://www.alalamy.com.au/items/art/models/3062285/alalamy.com.au/product/edit/alalamy.com.au?_bd_prev_page=alalamy.com.au/detail.php?shopbrand/8504002.htm" "Mozilla/5.0 (Linux; Android 6.0.1; Nexus 5X Build/MMB29P) AppleWebKit/537.36 (KHTML, like Gecko) Chrome/137.0.7151.119 Mobile Safari/537.36 (compatible; Googlebot/2.1; +http://www.google.com/bot.html)"
66.249.74.13 - - [20/Jul/2025:04:31:38 +0000] "GET /items/art/wind/alalamy.com.au/alalamy.com.au/toreka/alalamy.com.au/hobby/nuigurumi/nuigurumi.html HTTP/1.1" 200 19388 "-" "Mozilla/5.0 (Linux; Android 6.0.1; Nexus 5X Build/MMB29P) AppleWebKit/537.36 (KHTML, like Gecko) Chrome/137.0.7151.103 Mobile Safari/537.36 (compatible; GoogleOther)"
66.249.74.15 - - [20/Jul/2025:04:31:38 +0000] "POST /get-message-notify HTTP/1.1" 200 19578 "http://www.alalamy.com.au/items/art/wind/4816783/alalamy.com.au/feature/campaign/alalamy.com.au/pcmypage/alalamy.com.au/items/art/wind/4816783/alalamy.com.au/feature/campaign/alalamy.com.au/pcmypage" "Mozilla/5.0 (Linux; Android 6.0.1; Nexus 5X Build/MMB29P) AppleWebKit/537.36 (KHTML, like Gecko) Chrome/137.0.7151.119 Mobile Safari/537.36 (compatible; Googlebot/2.1; +http://www.google.com/bot.html)"
66.249.74.13 - - [20/Jul/2025:04:31:38 +0000] "POST /get-message-notify HTTP/1.1" 200 19578 "http://www.alalamy.com.au/items/art/models/3062285/alalamy.com.au/product/edit/alalamy.com.au?_bd_prev_page=alalamy.com.au/detail.php?shopbrand/8721972.htm" "Mozilla/5.0 (Linux; Android 6.0.1; Nexus 5X Build/MMB29P) AppleWebKit/537.36 (KHTML, like Gecko) Chrome/137.0.7151.119 Mobile Safari/537.36 (compatible; Googlebot/2.1; +http://www.google.com/bot.html)"
66.249.68.71 - - [20/Jul/2025:04:31:38 +0000] "POST /get-message-notify HTTP/1.1" 200 19553 "http://alalamy.com.au/items/art/musical-instruments/5047267/alalamy.com.au?_bd_prev_page=alalamy.com.au/detail.php?shopbrand/80408603.htm" "Mozilla/5.0 (Linux; Android 6.0.1; Nexus 5X Build/MMB29P) AppleWebKit/537.36 (KHTML, like Gecko) Chrome/137.0.7151.119 Mobile Safari/537.36 (compatible; Googlebot/2.1; +http://www.google.com/bot.html)"
66.249.74.1 - - [20/Jul/2025:04:31:38 +0000] "POST /get-message-notify HTTP/1.1" 200 19578 "http://www.alalamy.com.au/items/art/models/3062285/alalamy.com.au/product/edit/alalamy.com.au?_bd_prev_page=alalamy.com.au/detail.php?shopbrand/9288933.htm" "Mozilla/5.0 (Linux; Android 6.0.1; Nexus 5X Build/MMB29P) AppleWebKit/537.36 (KHTML, like Gecko) Chrome/137.0.7151.119 Mobile Safari/537.36 (compatible; Googlebot/2.1; +http://www.google.com/bot.html)"
66.249.68.69 - - [20/Jul/2025:04:31:38 +0000] "GET /items/art/musical-instruments/5047267/alalamy.com.au?_bd_prev_page=alalamy.com.au/detail.php?product/edit/A3153122671 HTTP/1.1" 200 20220 "-" "Mozilla/5.0 (Linux; Android 6.0.1; Nexus 5X Build/MMB29P) AppleWebKit/537.36 (KHTML, like Gecko) Chrome/137.0.7151.103 Mobile Safari/537.36 (compatible; GoogleOther)"
66.249.74.1 - - [20/Jul/2025:04:31:38 +0000] "GET /items/handmade/paintings/5377890/alalamy.com.au/pcmypage/alalamy.com.au/kaitori/alalamy.com.au/oreka/plamodel_menu.html HTTP/1.1" 200 18389 "-" "Mozilla/5.0 (Linux; Android 6.0.1; Nexus 5X Build/MMB29P) AppleWebKit/537.36 (KHTML, like Gecko) Chrome/137.0.7151.103 Mobile Safari/537.36 (compatible; GoogleOther)"
66.249.68.69 - - [20/Jul/2025:04:31:39 +0000] "POST /get-message-notify HTTP/1.1" 200 19553 "http://alalamy.com.au/items/art/musical-instruments/5047267/alalamy.com.au?_bd_prev_page=alalamy.com.au/detail.php?shopbrand/7899348.htm" "Mozilla/5.0 (Linux; Android 6.0.1; Nexus 5X Build/MMB29P) AppleWebKit/537.36 (KHTML, like Gecko) Chrome/137.0.7151.119 Mobile Safari/537.36 (compatible; Googlebot/2.1; +http://www.google.com/bot.html)"
66.249.74.14 - - [20/Jul/2025:04:31:39 +0000] "POST /get-message-notify HTTP/1.1" 200 19578 "http://www.alalamy.com.au/items/art/models/3062285/alalamy.com.au/product/edit/alalamy.com.au?_bd_prev_page=alalamy.com.au/detail.php?shopbrand/9280178.htm" "Mozilla/5.0 (Linux; Android 6.0.1; Nexus 5X Build/MMB29P) AppleWebKit/537.36 (KHTML, like Gecko) Chrome/137.0.7151.119 Mobile Safari/537.36 (compatible; Googlebot/2.1; +http://www.google.com/bot.html)"
66.249.68.66 - - [20/Jul/2025:04:31:39 +0000] "POST /get-message-notify HTTP/1.1" 200 19553 "http://alalamy.com.au/items/art/musical-instruments/5047267/alalamy.com.au?_bd_prev_page=alalamy.com.au/detail.php?shopbrand/162790807.htm" "Mozilla/5.0 (Linux; Android 6.0.1; Nexus 5X Build/MMB29P) AppleWebKit/537.36 (KHTML, like Gecko) Chrome/137.0.7151.119 Mobile Safari/537.36 (compatible; Googlebot/2.1; +http://www.google.com/bot.html)"
66.249.74.12 - - [20/Jul/2025:04:31:39 +0000] "GET /items/art/wind/alalamy.com.au/alalamy.com.au/toreka/figure_menu.html/hobby/boardgame/index.html HTTP/1.1" 200 21635 "-" "Mozilla/5.0 (Linux; Android 6.0.1; Nexus 5X Build/MMB29P) AppleWebKit/537.36 (KHTML, like Gecko) Chrome/137.0.7151.103 Mobile Safari/537.36 (compatible; GoogleOther)"
66.249.74.15 - - [20/Jul/2025:04:31:39 +0000] "POST /get-message-notify HTTP/1.1" 200 19578 "http://www.alalamy.com.au/items/manga/art/5299474/alalamy.com.au?_bd_prev_page=alalamy.com.au/detail.php?shopbrand/8146810.htm" "Mozilla/5.0 (Linux; Android 6.0.1; Nexus 5X Build/MMB29P) AppleWebKit/537.36 (KHTML, like Gecko) Chrome/137.0.7151.119 Mobile Safari/537.36 (compatible; Googlebot/2.1; +http://www.google.com/bot.html)"
66.249.74.13 - - [20/Jul/2025:04:31:39 +0000] "GET /items/manga/art/5299474/alalamy.com.au?_bd_prev_page=alalamy.com.au/detail.php?shopbrand/8503180.htm HTTP/1.1" 200 19080 "-" "Mozilla/5.0 (Linux; Android 6.0.1; Nexus 5X Build/MMB29P) AppleWebKit/537.36 (KHTML, like Gecko) Chrome/137.0.7151.103 Mobile Safari/537.36 (compatible; GoogleOther)"
66.249.68.71 - - [20/Jul/2025:04:31:40 +0000] "POST /get-message-notify HTTP/1.1" 200 19553 "http://alalamy.com.au/items/art/musical-instruments/5047267/alalamy.com.au?_bd_prev_page=alalamy.com.au/detail.php?shopbrand/78646639.htm" "Mozilla/5.0 (Linux; Android 6.0.1; Nexus 5X Build/MMB29P) AppleWebKit/537.36 (KHTML, like Gecko) Chrome/137.0.7151.119 Mobile Safari/537.36 (compatible; Googlebot/2.1; +http://www.google.com/bot.html)"
66.249.74.3 - - [20/Jul/2025:04:31:40 +0000] "GET /items/manga/art/5299474/alalamy.com.au?_bd_prev_page=alalamy.com.au/detail.php?shopbrand/8506500.htm HTTP/1.1" 200 19634 "-" "Mozilla/5.0 (Linux; Android 6.0.1; Nexus 5X Build/MMB29P) AppleWebKit/537.36 (KHTML, like Gecko) Chrome/137.0.7151.103 Mobile Safari/537.36 (compatible; GoogleOther)"
66.249.68.68 - - [20/Jul/2025:04:31:40 +0000] "GET /items/art/musical-instruments/5047267/alalamy.com.au?_bd_prev_page=alalamy.com.au/detail.php?shopbrand/12408119.htm HTTP/1.1" 200 19543 "-" "Mozilla/5.0 (Linux; Android 6.0.1; Nexus 5X Build/MMB29P) AppleWebKit/537.36 (KHTML, like Gecko) Chrome/137.0.7151.103 Mobile Safari/537.36 (compatible; GoogleOther)"
66.249.74.3 - - [20/Jul/2025:04:31:41 +0000] "POST /get-message-notify HTTP/1.1" 200 19578 "http://www.alalamy.com.au/items/art/wind/alalamy.com.au/alalamy.com.au/toreka/alalamy.com.au/hobby/nuigurumi/nuigurumi.html" "Mozilla/5.0 (Linux; Android 6.0.1; Nexus 5X Build/MMB29P) AppleWebKit/537.36 (KHTML, like Gecko) Chrome/137.0.7151.119 Mobile Safari/537.36 (compatible; Googlebot/2.1; +http://www.google.com/bot.html)"
66.249.74.12 - - [20/Jul/2025:04:31:41 +0000] "GET /items/manga/art/5299474/alalamy.com.au?_bd_prev_page=alalamy.com.au/detail.php?shopbrand/8508194.htm HTTP/1.1" 200 20487 "-" "Mozilla/5.0 (Linux; Android 6.0.1; Nexus 5X Build/MMB29P) AppleWebKit/537.36 (KHTML, like Gecko) Chrome/137.0.7151.103 Mobile Safari/537.36 (compatible; GoogleOther)"
66.249.74.4 - - [20/Jul/2025:04:31:41 +0000] "POST /get-message-notify HTTP/1.1" 200 19578 "http://www.alalamy.com.au/items/art/wind/4816783/alalamy.com.au/toreka/figure_menu.html/hobby/boardgame/alalamy.com.au/feature/yokohama_maruicity/index.html" "Mozilla/5.0 (Linux; Android 6.0.1; Nexus 5X Build/MMB29P) AppleWebKit/537.36 (KHTML, like Gecko) Chrome/137.0.7151.119 Mobile Safari/537.36 (compatible; Googlebot/2.1; +http://www.google.com/bot.html)"
66.249.68.66 - - [20/Jul/2025:04:31:41 +0000] "GET /items/art/musical-instruments/5047267/alalamy.com.au?_bd_prev_page=alalamy.com.au/detail.php?shopbrand/227787781.htm HTTP/1.1" 200 19736 "-" "Mozilla/5.0 (Linux; Android 6.0.1; Nexus 5X Build/MMB29P) AppleWebKit/537.36 (KHTML, like Gecko) Chrome/137.0.7151.103 Mobile Safari/537.36 (compatible; GoogleOther)"
66.249.74.13 - - [20/Jul/2025:04:31:41 +0000] "POST /get-message-notify HTTP/1.1" 200 19578 "http://www.alalamy.com.au/items/art/models/3062285/alalamy.com.au/product/edit/alalamy.com.au?_bd_prev_page=alalamy.com.au/detail.php?shopbrand/8711980.htm" "Mozilla/5.0 (Linux; Android 6.0.1; Nexus 5X Build/MMB29P) AppleWebKit/537.36 (KHTML, like Gecko) Chrome/137.0.7151.119 Mobile Safari/537.36 (compatible; Googlebot/2.1; +http://www.google.com/bot.html)"
66.249.74.15 - - [20/Jul/2025:04:31:41 +0000] "GET /items/handmade/paintings/5377890/alalamy.com.au/pcmypage/alalamy.com.au/kaitori/alalamy.com.au/toreka/goods_menu.html HTTP/1.1" 200 18385 "-" "Mozilla/5.0 (Linux; Android 6.0.1; Nexus 5X Build/MMB29P) AppleWebKit/537.36 (KHTML, like Gecko) Chrome/137.0.7151.103 Mobile Safari/537.36 (compatible; GoogleOther)"
66.249.68.70 - - [20/Jul/2025:04:31:41 +0000] "POST /get-message-notify HTTP/1.1" 200 19553 "http://alalamy.com.au/items/art/musical-instruments/5047267/alalamy.com.au?_bd_prev_page=alalamy.com.au/detail.php?product/edit/A792880580" "Mozilla/5.0 (Linux; Android 6.0.1; Nexus 5X Build/MMB29P) AppleWebKit/537.36 (KHTML, like Gecko) Chrome/137.0.7151.119 Mobile Safari/537.36 (compatible; Googlebot/2.1; +http://www.google.com/bot.html)"
66.249.68.69 - - [20/Jul/2025:04:31:41 +0000] "POST /get-message-notify HTTP/1.1" 200 19553 "http://alalamy.com.au/items/art/musical-instruments/5047267/alalamy.com.au?_bd_prev_page=alalamy.com.au/detail.php?shopbrand/120140736.htm" "Mozilla/5.0 (Linux; Android 6.0.1; Nexus 5X Build/MMB29P) AppleWebKit/537.36 (KHTML, like Gecko) Chrome/137.0.7151.119 Mobile Safari/537.36 (compatible; Googlebot/2.1; +http://www.google.com/bot.html)"
66.249.74.1 - - [20/Jul/2025:04:31:42 +0000] "GET /items/art/models/3062285/hobby/boardgame/alalamy.com.au/pcmypage?callback=/product%2Fdetail%2F58615452 HTTP/1.1" 200 19206 "-" "Mozilla/5.0 (Linux; Android 6.0.1; Nexus 5X Build/MMB29P) AppleWebKit/537.36 (KHTML, like Gecko) Chrome/137.0.7151.103 Mobile Safari/537.36 (compatible; GoogleOther)"
66.249.68.69 - - [20/Jul/2025:04:31:42 +0000] "GET /items/art/musical-instruments/5047267/alalamy.com.au?_bd_prev_page=alalamy.com.au/detail.php?shopbrand/26312142.htm HTTP/1.1" 200 21306 "-" "Mozilla/5.0 (Linux; Android 6.0.1; Nexus 5X Build/MMB29P) AppleWebKit/537.36 (KHTML, like Gecko) Chrome/137.0.7151.103 Mobile Safari/537.36 (compatible; GoogleOther)"
66.249.74.13 - - [20/Jul/2025:04:31:42 +0000] "GET /items/art/wind/4816783/alalamy.com.au/feature/utsunomiya/alalamy.com.au/kaitori/alalamy.com.au/kaden.html HTTP/1.1" 200 18943 "-" "Mozilla/5.0 (Linux; Android 6.0.1; Nexus 5X Build/MMB29P) AppleWebKit/537.36 (KHTML, like Gecko) Chrome/137.0.7151.103 Mobile Safari/537.36 (compatible; GoogleOther)"
66.249.74.12 - - [20/Jul/2025:04:31:43 +0000] "GET /items/art/models/3062285/alalamy.com.au/alalamy.com.au/pcmypage?callback=product/review/87994996 HTTP/1.1" 200 19186 "-" "Mozilla/5.0 (Linux; Android 6.0.1; Nexus 5X Build/MMB29P) AppleWebKit/537.36 (KHTML, like Gecko) Chrome/137.0.7151.103 Mobile Safari/537.36 (compatible; GoogleOther)"
66.249.68.67 - - [20/Jul/2025:04:31:43 +0000] "POST /get-message-notify HTTP/1.1" 200 19553 "http://alalamy.com.au/items/art/musical-instruments/5047267/alalamy.com.au?_bd_prev_page=alalamy.com.au/detail.php?product/edit/A3153122671" "Mozilla/5.0 (Linux; Android 6.0.1; Nexus 5X Build/MMB29P) AppleWebKit/537.36 (KHTML, like Gecko) Chrome/137.0.7151.119 Mobile Safari/537.36 (compatible; Googlebot/2.1; +http://www.google.com/bot.html)"
66.249.74.4 - - [20/Jul/2025:04:31:43 +0000] "GET /items/art/wind/4816783/alalamy.com.au/feature/osu_main/alalamy.com.au/alalamy.com.au/toreka/toreka_single.html HTTP/1.1" 200 18946 "-" "Mozilla/5.0 (Linux; Android 6.0.1; Nexus 5X Build/MMB29P) AppleWebKit/537.36 (KHTML, like Gecko) Chrome/137.0.7151.103 Mobile Safari/537.36 (compatible; GoogleOther)"
66.249.74.14 - - [20/Jul/2025:04:31:44 +0000] "GET /items/art/drones/2009472/alalamy.com.au/events/ HTTP/1.1" 200 22499 "-" "Mozilla/5.0 (Linux; Android 6.0.1; Nexus 5X Build/MMB29P) AppleWebKit/537.36 (KHTML, like Gecko) Chrome/137.0.7151.103 Mobile Safari/537.36 (compatible; GoogleOther)"
66.249.68.71 - - [20/Jul/2025:04:31:44 +0000] "POST /get-message-notify HTTP/1.1" 200 19553 "http://alalamy.com.au/items/art/musical-instruments/5047267/alalamy.com.au?_bd_prev_page=alalamy.com.au/detail.php?shopbrand/78641609.htm" "Mozilla/5.0 (Linux; Android 6.0.1; Nexus 5X Build/MMB29P) AppleWebKit/537.36 (KHTML, like Gecko) Chrome/137.0.7151.119 Mobile Safari/537.36 (compatible; Googlebot/2.1; +http://www.google.com/bot.html)"
66.249.74.4 - - [20/Jul/2025:04:31:44 +0000] "POST /get-message-notify HTTP/1.1" 200 19578 "http://www.alalamy.com.au/items/art/wind/4816783/hobby/boardgame/index.html/alalamy.com.au/feature/index.html" "Mozilla/5.0 (Linux; Android 6.0.1; Nexus 5X Build/MMB29P) AppleWebKit/537.36 (KHTML, like Gecko) Chrome/137.0.7151.119 Mobile Safari/537.36 (compatible; Googlebot/2.1; +http://www.google.com/bot.html)"
66.249.68.67 - - [20/Jul/2025:04:31:44 +0000] "POST /get-message-notify HTTP/1.1" 200 19553 "http://alalamy.com.au/items/art/musical-instruments/5047267/alalamy.com.au?_bd_prev_page=alalamy.com.au/detail.php?shopbrand/12408119.htm" "Mozilla/5.0 (Linux; Android 6.0.1; Nexus 5X Build/MMB29P) AppleWebKit/537.36 (KHTML, like Gecko) Chrome/137.0.7151.119 Mobile Safari/537.36 (compatible; Googlebot/2.1; +http://www.google.com/bot.html)"
66.249.74.15 - - [20/Jul/2025:04:31:44 +0000] "GET /?items/art/stringed-instruments/2592284/alalamy.com.au/search?category=&search_word=&restrict[]=person_id(int)=QGM HTTP/1.1" 200 19005 "-" "Mozilla/5.0 (Linux; Android 6.0.1; Nexus 5X Build/MMB29P) AppleWebKit/537.36 (KHTML, like Gecko) Chrome/137.0.7151.103 Mobile Safari/537.36 (compatible; GoogleOther)"
66.249.74.12 - - [20/Jul/2025:04:31:45 +0000] "POST /get-message-notify HTTP/1.1" 200 19578 "http://www.alalamy.com.au/items/manga/art/5299474/alalamy.com.au?_bd_prev_page=alalamy.com.au/detail.php?shopbrand/8503180.htm" "Mozilla/5.0 (Linux; Android 6.0.1; Nexus 5X Build/MMB29P) AppleWebKit/537.36 (KHTML, like Gecko) Chrome/137.0.7151.119 Mobile Safari/537.36 (compatible; Googlebot/2.1; +http://www.google.com/bot.html)"
66.249.68.70 - - [20/Jul/2025:04:31:45 +0000] "POST /get-message-notify HTTP/1.1" 200 19553 "http://alalamy.com.au/items/art/musical-instruments/5047267/alalamy.com.au?_bd_prev_page=alalamy.com.au/detail.php?shopbrand/227787781.htm" "Mozilla/5.0 (Linux; Android 6.0.1; Nexus 5X Build/MMB29P) AppleWebKit/537.36 (KHTML, like Gecko) Chrome/137.0.7151.119 Mobile Safari/537.36 (compatible; Googlebot/2.1; +http://www.google.com/bot.html)"
66.249.74.13 - - [20/Jul/2025:04:31:45 +0000] "POST /get-message-notify HTTP/1.1" 200 19578 "http://www.alalamy.com.au/items/art/models/3062285/alalamy.com.au/product/edit/alalamy.com.au?_bd_prev_page=alalamy.com.au/detail.php?shopbrand/8511546.htm" "Mozilla/5.0 (Linux; Android 6.0.1; Nexus 5X Build/MMB29P) AppleWebKit/537.36 (KHTML, like Gecko) Chrome/137.0.7151.119 Mobile Safari/537.36 (compatible; Googlebot/2.1; +http://www.google.com/bot.html)"
66.249.74.14 - - [20/Jul/2025:04:31:45 +0000] "GET /items/art/wind/4816783/alalamy.com.au/feature/campaign/alalamy.com.au/pcmypage/alalamy.com.au/toreka/figure_menu.html HTTP/1.1" 200 18948 "-" "Mozilla/5.0 (Linux; Android 6.0.1; Nexus 5X Build/MMB29P) AppleWebKit/537.36 (KHTML, like Gecko) Chrome/137.0.7151.103 Mobile Safari/537.36 (compatible; GoogleOther)"
66.249.74.3 - - [20/Jul/2025:04:31:45 +0000] "POST /get-message-notify HTTP/1.1" 200 19578 "http://www.alalamy.com.au/items/art/models/3062285/alalamy.com.au/product/edit/alalamy.com.au?_bd_prev_page=alalamy.com.au/detail.php?shopbrand/8517620.htm" "Mozilla/5.0 (Linux; Android 6.0.1; Nexus 5X Build/MMB29P) AppleWebKit/537.36 (KHTML, like Gecko) Chrome/137.0.7151.119 Mobile Safari/537.36 (compatible; Googlebot/2.1; +http://www.google.com/bot.html)"
66.249.74.3 - - [20/Jul/2025:04:31:45 +0000] "POST /get-message-notify HTTP/1.1" 200 19578 "http://www.alalamy.com.au/items/handmade/paintings/5377890/alalamy.com.au/pcmypage/alalamy.com.au/kaitori/alalamy.com.au/oreka/plamodel_menu.html" "Mozilla/5.0 (Linux; Android 6.0.1; Nexus 5X Build/MMB29P) AppleWebKit/537.36 (KHTML, like Gecko) Chrome/137.0.7151.119 Mobile Safari/537.36 (compatible; Googlebot/2.1; +http://www.google.com/bot.html)"
66.249.74.13 - - [20/Jul/2025:04:31:45 +0000] "POST /get-message-notify HTTP/1.1" 200 19578 "http://www.alalamy.com.au/items/art/models/3062285/alalamy.com.au/product/edit/alalamy.com.au?_bd_prev_page=alalamy.com.au/detail.php?shopbrand/8297329.htm" "Mozilla/5.0 (Linux; Android 6.0.1; Nexus 5X Build/MMB29P) AppleWebKit/537.36 (KHTML, like Gecko) Chrome/137.0.7151.119 Mobile Safari/537.36 (compatible; Googlebot/2.1; +http://www.google.com/bot.html)"
66.249.68.67 - - [20/Jul/2025:04:31:46 +0000] "GET /items/art/musical-instruments/5047267/alalamy.com.au?_bd_prev_page=alalamy.com.au/detail.php?shopbrand/237101194.htm HTTP/1.1" 200 19313 "-" "Mozilla/5.0 (Linux; Android 6.0.1; Nexus 5X Build/MMB29P) AppleWebKit/537.36 (KHTML, like Gecko) Chrome/137.0.7151.103 Mobile Safari/537.36 (compatible; GoogleOther)"
66.249.74.15 - - [20/Jul/2025:04:31:46 +0000] "GET /items/art/accessories/2587716/ HTTP/1.1" 200 18935 "-" "Mozilla/5.0 (Linux; Android 6.0.1; Nexus 5X Build/MMB29P) AppleWebKit/537.36 (KHTML, like Gecko) Chrome/137.0.7151.103 Mobile Safari/537.36 (compatible; GoogleOther)"
66.249.68.69 - - [20/Jul/2025:04:31:46 +0000] "POST /get-message-notify HTTP/1.1" 200 19553 "http://alalamy.com.au/items/art/musical-instruments/5047267/alalamy.com.au?_bd_prev_page=alalamy.com.au/detail.php?shopbrand/270522072.htm" "Mozilla/5.0 (Linux; Android 6.0.1; Nexus 5X Build/MMB29P) AppleWebKit/537.36 (KHTML, like Gecko) Chrome/137.0.7151.119 Mobile Safari/537.36 (compatible; Googlebot/2.1; +http://www.google.com/bot.html)"
66.249.74.2 - - [20/Jul/2025:04:31:46 +0000] "POST /get-message-notify HTTP/1.1" 200 19578 "http://www.alalamy.com.au/items/art/antiques/3994491/alalamy.com.au?_bd_prev_page=alalamy.com.au/detail.php?shopbrand/8508309.htm" "Mozilla/5.0 (Linux; Android 6.0.1; Nexus 5X Build/MMB29P) AppleWebKit/537.36 (KHTML, like Gecko) Chrome/137.0.7151.119 Mobile Safari/537.36 (compatible; Googlebot/2.1; +http://www.google.com/bot.html)"
66.249.74.15 - - [20/Jul/2025:04:31:46 +0000] "GET /items/handmade/paintings/5377890/alalamy.com.au/feature/akihabara_main/alalamy.com.au?_bd_prev_page=alalamy.com.au/detail.php?shopbrand/100813364.htm HTTP/1.1" 200 19146 "-" "Mozilla/5.0 (Linux; Android 6.0.1; Nexus 5X Build/MMB29P) AppleWebKit/537.36 (KHTML, like Gecko) Chrome/137.0.7151.103 Mobile Safari/537.36 (compatible; GoogleOther)"
66.249.68.65 - - [20/Jul/2025:04:31:46 +0000] "POST /get-message-notify HTTP/1.1" 200 19553 "http://alalamy.com.au/items/art/musical-instruments/5047267/alalamy.com.au?_bd_prev_page=alalamy.com.au/detail.php?shopbrand/53216426.htm" "Mozilla/5.0 (Linux; Android 6.0.1; Nexus 5X Build/MMB29P) AppleWebKit/537.36 (KHTML, like Gecko) Chrome/137.0.7151.119 Mobile Safari/537.36 (compatible; Googlebot/2.1; +http://www.google.com/bot.html)"
66.249.74.13 - - [20/Jul/2025:04:31:47 +0000] "POST /get-message-notify HTTP/1.1" 200 19578 "http://www.alalamy.com.au/items/art/models/3062285/alalamy.com.au/alalamy.com.au/pcmypage?callback=product/review/87994996" "Mozilla/5.0 (Linux; Android 6.0.1; Nexus 5X Build/MMB29P) AppleWebKit/537.36 (KHTML, like Gecko) Chrome/137.0.7151.119 Mobile Safari/537.36 (compatible; Googlebot/2.1; +http://www.google.com/bot.html)"
66.249.68.68 - - [20/Jul/2025:04:31:47 +0000] "GET /items/art/musical-instruments/5047267/alalamy.com.au?_bd_prev_page=alalamy.com.au/detail.php?shopbrand/221427953.htm HTTP/1.1" 200 19204 "-" "Mozilla/5.0 (Linux; Android 6.0.1; Nexus 5X Build/MMB29P) AppleWebKit/537.36 (KHTML, like Gecko) Chrome/137.0.7151.103 Mobile Safari/537.36 (compatible; GoogleOther)"
66.249.74.2 - - [20/Jul/2025:04:31:47 +0000] "GET /items/handmade/paintings/5377890/alalamy.com.au/feature/akihabara_main/alalamy.com.au?_bd_prev_page=alalamy.com.au/detail.php?shopbrand/9071279.htm HTTP/1.1" 200 21670 "-" "Mozilla/5.0 (Linux; Android 6.0.1; Nexus 5X Build/MMB29P) AppleWebKit/537.36 (KHTML, like Gecko) Chrome/137.0.7151.103 Mobile Safari/537.36 (compatible; GoogleOther)"
66.249.68.66 - - [20/Jul/2025:04:31:47 +0000] "POST /get-message-notify HTTP/1.1" 200 19553 "http://alalamy.com.au/items/art/musical-instruments/5047267/alalamy.com.au?_bd_prev_page=alalamy.com.au/detail.php?shopbrand/26312142.htm" "Mozilla/5.0 (Linux; Android 6.0.1; Nexus 5X Build/MMB29P) AppleWebKit/537.36 (KHTML, like Gecko) Chrome/137.0.7151.119 Mobile Safari/537.36 (compatible; Googlebot/2.1; +http://www.google.com/bot.html)"
66.249.74.2 - - [20/Jul/2025:04:31:47 +0000] "GET /items/handmade/paintings/5377890/feature/idol/alalamy.com.au?_bd_prev_page=alalamy.com.au/detail.php?shopbrand/64236364.htm HTTP/1.1" 200 20767 "-" "Mozilla/5.0 (Linux; Android 6.0.1; Nexus 5X Build/MMB29P) AppleWebKit/537.36 (KHTML, like Gecko) Chrome/137.0.7151.103 Mobile Safari/537.36 (compatible; GoogleOther)"
66.249.74.15 - - [20/Jul/2025:04:31:48 +0000] "POST /get-message-notify HTTP/1.1" 200 19578 "http://www.alalamy.com.au/items/art/models/3062285/alalamy.com.au/product/edit/alalamy.com.au?_bd_prev_page=alalamy.com.au/detail.php?shopbrand/8704619.htm" "Mozilla/5.0 (Linux; Android 6.0.1; Nexus 5X Build/MMB29P) AppleWebKit/537.36 (KHTML, like Gecko) Chrome/137.0.7151.119 Mobile Safari/537.36 (compatible; Googlebot/2.1; +http://www.google.com/bot.html)"
66.249.74.3 - - [20/Jul/2025:04:31:48 +0000] "POST /get-message-notify HTTP/1.1" 200 19578 "http://www.alalamy.com.au/items/art/drones/2009472/alalamy.com.au/events/" "Mozilla/5.0 (Linux; Android 6.0.1; Nexus 5X Build/MMB29P) AppleWebKit/537.36 (KHTML, like Gecko) Chrome/137.0.7151.119 Mobile Safari/537.36 (compatible; Googlebot/2.1; +http://www.google.com/bot.html)"
66.249.74.4 - - [20/Jul/2025:04:31:48 +0000] "GET /items/handmade/paintings/5377890/feature/idol/alalamy.com.au?_bd_prev_page=alalamy.com.au/detail.php?shopbrand/91948482.htm HTTP/1.1" 200 19204 "-" "Mozilla/5.0 (Linux; Android 6.0.1; Nexus 5X Build/MMB29P) AppleWebKit/537.36 (KHTML, like Gecko) Chrome/137.0.7151.103 Mobile Safari/537.36 (compatible; GoogleOther)"
66.249.74.12 - - [20/Jul/2025:04:31:48 +0000] "POST /get-message-notify HTTP/1.1" 200 19578 "http://www.alalamy.com.au/items/handmade/paintings/5377890/alalamy.com.au/pcmypage/alalamy.com.au/kaitori/alalamy.com.au/toreka/goods_menu.html" "Mozilla/5.0 (Linux; Android 6.0.1; Nexus 5X Build/MMB29P) AppleWebKit/537.36 (KHTML, like Gecko) Chrome/137.0.7151.119 Mobile Safari/537.36 (compatible; Googlebot/2.1; +http://www.google.com/bot.html)"
66.249.74.2 - - [20/Jul/2025:04:31:48 +0000] "POST /get-message-notify HTTP/1.1" 200 19578 "http://www.alalamy.com.au/items/art/models/3062285/alalamy.com.au/product/edit/alalamy.com.au?_bd_prev_page=alalamy.com.au/detail.php?shopbrand/8510833.htm" "Mozilla/5.0 (Linux; Android 6.0.1; Nexus 5X Build/MMB29P) AppleWebKit/537.36 (KHTML, like Gecko) Chrome/137.0.7151.119 Mobile Safari/537.36 (compatible; Googlebot/2.1; +http://www.google.com/bot.html)"
66.249.74.3 - - [20/Jul/2025:04:31:48 +0000] "GET /items/handmade/paintings/5377890/alalamy.com.au/feature/akihabara_main/alalamy.com.au?_bd_prev_page=alalamy.com.au/detail.php?shopbrand/184034745.htm HTTP/1.1" 200 19081 "-" "Mozilla/5.0 (Linux; Android 6.0.1; Nexus 5X Build/MMB29P) AppleWebKit/537.36 (KHTML, like Gecko) Chrome/137.0.7151.103 Mobile Safari/537.36 (compatible; GoogleOther)"
66.249.68.71 - - [20/Jul/2025:04:31:49 +0000] "GET /items/art/musical-instruments/5047267/alalamy.com.au?_bd_prev_page=alalamy.com.au/detail.php?shopbrand/53217679.htm HTTP/1.1" 200 19587 "-" "Mozilla/5.0 (Linux; Android 6.0.1; Nexus 5X Build/MMB29P) AppleWebKit/537.36 (KHTML, like Gecko) Chrome/137.0.7151.103 Mobile Safari/537.36 (compatible; GoogleOther)"
66.249.74.4 - - [20/Jul/2025:04:31:49 +0000] "POST /get-message-notify HTTP/1.1" 200 19578 "http://www.alalamy.com.au/items/art/models/3062285/alalamy.com.au/product/edit/alalamy.com.au?_bd_prev_page=alalamy.com.au/detail.php?shopbrand/8928645.htm" "Mozilla/5.0 (Linux; Android 6.0.1; Nexus 5X Build/MMB29P) AppleWebKit/537.36 (KHTML, like Gecko) Chrome/137.0.7151.119 Mobile Safari/537.36 (compatible; Googlebot/2.1; +http://www.google.com/bot.html)"
66.249.74.5 - - [20/Jul/2025:04:31:49 +0000] "GET /items/art/antiques/3994491/alalamy.com.au?_bd_prev_page=alalamy.com.au/detail.php?shopbrand/198487691.htm HTTP/1.1" 200 20347 "-" "Mozilla/5.0 (Linux; Android 6.0.1; Nexus 5X Build/MMB29P) AppleWebKit/537.36 (KHTML, like Gecko) Chrome/137.0.7151.103 Mobile Safari/537.36 (compatible; GoogleOther)"
66.249.68.64 - - [20/Jul/2025:04:31:49 +0000] "POST /get-message-notify HTTP/1.1" 200 19553 "http://alalamy.com.au/items/art/musical-instruments/5047267/alalamy.com.au?_bd_prev_page=alalamy.com.au/detail.php?shopbrand/298941184.htm" "Mozilla/5.0 (Linux; Android 6.0.1; Nexus 5X Build/MMB29P) AppleWebKit/537.36 (KHTML, like Gecko) Chrome/137.0.7151.119 Mobile Safari/537.36 (compatible; Googlebot/2.1; +http://www.google.com/bot.html)"
66.249.68.67 - - [20/Jul/2025:04:31:49 +0000] "GET /items/art/musical-instruments/5047267/alalamy.com.au?_bd_prev_page=alalamy.com.au/detail.php?shopbrand/165367444.htm HTTP/1.1" 200 21157 "-" "Mozilla/5.0 (Linux; Android 6.0.1; Nexus 5X Build/MMB29P) AppleWebKit/537.36 (KHTML, like Gecko) Chrome/137.0.7151.103 Mobile Safari/537.36 (compatible; GoogleOther)"
66.249.74.3 - - [20/Jul/2025:04:31:49 +0000] "GET /items/handmade/paintings/5377890/feature/idol/alalamy.com.au?_bd_prev_page=alalamy.com.au/detail.php?shopbrand/283043732.htm HTTP/1.1" 200 19665 "-" "Mozilla/5.0 (Linux; Android 6.0.1; Nexus 5X Build/MMB29P) AppleWebKit/537.36 (KHTML, like Gecko) Chrome/137.0.7151.103 Mobile Safari/537.36 (compatible; GoogleOther)"
66.249.68.67 - - [20/Jul/2025:04:31:50 +0000] "POST /get-message-notify HTTP/1.1" 200 19553 "http://alalamy.com.au/items/art/musical-instruments/5047267/alalamy.com.au?_bd_prev_page=alalamy.com.au/detail.php?shopbrand/294432580.htm" "Mozilla/5.0 (Linux; Android 6.0.1; Nexus 5X Build/MMB29P) AppleWebKit/537.36 (KHTML, like Gecko) Chrome/137.0.7151.119 Mobile Safari/537.36 (compatible; Googlebot/2.1; +http://www.google.com/bot.html)"
66.249.74.6 - - [20/Jul/2025:04:31:50 +0000] "POST /get-message-notify HTTP/1.1" 200 19578 "http://www.alalamy.com.au/items/art/wind/4816783/alalamy.com.au/feature/osu_main/alalamy.com.au/alalamy.com.au/toreka/toreka_single.html" "Mozilla/5.0 (Linux; Android 6.0.1; Nexus 5X Build/MMB29P) AppleWebKit/537.36 (KHTML, like Gecko) Chrome/137.0.7151.119 Mobile Safari/537.36 (compatible; Googlebot/2.1; +http://www.google.com/bot.html)"
66.249.74.5 - - [20/Jul/2025:04:31:50 +0000] "POST /get-message-notify HTTP/1.1" 200 19578 "http://www.alalamy.com.au/items/art/models/3062285/alalamy.com.au/product/edit/alalamy.com.au?_bd_prev_page=alalamy.com.au/detail.php?shopbrand/8520301.htm" "Mozilla/5.0 (Linux; Android 6.0.1; Nexus 5X Build/MMB29P) AppleWebKit/537.36 (KHTML, like Gecko) Chrome/137.0.7151.119 Mobile Safari/537.36 (compatible; Googlebot/2.1; +http://www.google.com/bot.html)"
66.249.74.6 - - [20/Jul/2025:04:31:50 +0000] "GET /items/handmade/paintings/alalamy.com.au/oreka/alalamy.com.au?_bd_prev_page=alalamy.com.au/detail.php?shopbrand/17705403.htm HTTP/1.1" 200 19639 "-" "Mozilla/5.0 (Linux; Android 6.0.1; Nexus 5X Build/MMB29P) AppleWebKit/537.36 (KHTML, like Gecko) Chrome/137.0.7151.103 Mobile Safari/537.36 (compatible; GoogleOther)"
66.249.68.65 - - [20/Jul/2025:04:31:50 +0000] "POST /get-message-notify HTTP/1.1" 200 19553 "http://alalamy.com.au/items/art/musical-instruments/5047267/alalamy.com.au?_bd_prev_page=alalamy.com.au/detail.php?shopbrand/154187579.htm" "Mozilla/5.0 (Linux; Android 6.0.1; Nexus 5X Build/MMB29P) AppleWebKit/537.36 (KHTML, like Gecko) Chrome/137.0.7151.119 Mobile Safari/537.36 (compatible; Googlebot/2.1; +http://www.google.com/bot.html)"
66.249.74.12 - - [20/Jul/2025:04:31:50 +0000] "POST /get-message-notify HTTP/1.1" 200 19578 "http://www.alalamy.com.au/items/handmade/paintings/5377890/feature/idol/alalamy.com.au?_bd_prev_page=alalamy.com.au/detail.php?shopbrand/64236364.htm" "Mozilla/5.0 (Linux; Android 6.0.1; Nexus 5X Build/MMB29P) AppleWebKit/537.36 (KHTML, like Gecko) Chrome/137.0.7151.119 Mobile Safari/537.36 (compatible; Googlebot/2.1; +http://www.google.com/bot.html)"
66.249.68.68 - - [20/Jul/2025:04:31:50 +0000] "GET /items/art/musical-instruments/5047267/alalamy.com.au?_bd_prev_page=alalamy.com.au/detail.php?shopbrand/173152423.htm HTTP/1.1" 200 20515 "-" "Mozilla/5.0 (Linux; Android 6.0.1; Nexus 5X Build/MMB29P) AppleWebKit/537.36 (KHTML, like Gecko) Chrome/137.0.7151.103 Mobile Safari/537.36 (compatible; GoogleOther)"
66.249.74.14 - - [20/Jul/2025:04:31:51 +0000] "GET /items/handmade/paintings/5377890/alalamy.com.au/feature/akihabara_main/alalamy.com.au?_bd_prev_page=alalamy.com.au/detail.php?shopbrand/9729883.htm HTTP/1.1" 200 20744 "-" "Mozilla/5.0 (Linux; Android 6.0.1; Nexus 5X Build/MMB29P) AppleWebKit/537.36 (KHTML, like Gecko) Chrome/137.0.7151.103 Mobile Safari/537.36 (compatible; GoogleOther)"
66.249.74.4 - - [20/Jul/2025:04:31:51 +0000] "POST /get-message-notify HTTP/1.1" 200 19578 "http://www.alalamy.com.au/items/art/models/3062285/hobby/boardgame/alalamy.com.au/pcmypage?callback=/product%2Fdetail%2F58615452" "Mozilla/5.0 (Linux; Android 6.0.1; Nexus 5X Build/MMB29P) AppleWebKit/537.36 (KHTML, like Gecko) Chrome/137.0.7151.119 Mobile Safari/537.36 (compatible; Googlebot/2.1; +http://www.google.com/bot.html)"
66.249.74.14 - - [20/Jul/2025:04:31:51 +0000] "GET /items/handmade/paintings/5377890/feature/idol/alalamy.com.au?_bd_prev_page=alalamy.com.au/detail.php?shopbrand/8420743.htm HTTP/1.1" 200 21071 "-" "Mozilla/5.0 (Linux; Android 6.0.1; Nexus 5X Build/MMB29P) AppleWebKit/537.36 (KHTML, like Gecko) Chrome/137.0.7151.103 Mobile Safari/537.36 (compatible; GoogleOther)"
66.249.68.66 - - [20/Jul/2025:04:31:51 +0000] "GET /items/art/musical-instruments/5047267/alalamy.com.au?_bd_prev_page=alalamy.com.au/detail.php?shopbrand/64952748.htm HTTP/1.1" 200 19543 "-" "Mozilla/5.0 (Linux; Android 6.0.1; Nexus 5X Build/MMB29P) AppleWebKit/537.36 (KHTML, like Gecko) Chrome/137.0.7151.103 Mobile Safari/537.36 (compatible; GoogleOther)"
66.249.74.13 - - [20/Jul/2025:04:31:52 +0000] "GET /items/handmade/paintings/5377890/feature/idol/alalamy.com.au?_bd_prev_page=alalamy.com.au/detail.php?shopbrand/64224116.htm HTTP/1.1" 200 19058 "-" "Mozilla/5.0 (Linux; Android 6.0.1; Nexus 5X Build/MMB29P) AppleWebKit/537.36 (KHTML, like Gecko) Chrome/137.0.7151.103 Mobile Safari/537.36 (compatible; GoogleOther)"
66.249.68.66 - - [20/Jul/2025:04:31:52 +0000] "POST /get-message-notify HTTP/1.1" 200 19553 "http://alalamy.com.au/items/art/musical-instruments/5047267/alalamy.com.au?_bd_prev_page=alalamy.com.au/detail.php?shopbrand/165367444.htm" "Mozilla/5.0 (Linux; Android 6.0.1; Nexus 5X Build/MMB29P) AppleWebKit/537.36 (KHTML, like Gecko) Chrome/137.0.7151.119 Mobile Safari/537.36 (compatible; Googlebot/2.1; +http://www.google.com/bot.html)"
66.249.74.2 - - [20/Jul/2025:04:31:52 +0000] "GET /items/handmade/paintings/alalamy.com.au/oreka/alalamy.com.au?_bd_prev_page=alalamy.com.au/detail.php?shopbrand/47108925.htm HTTP/1.1" 200 20946 "-" "Mozilla/5.0 (Linux; Android 6.0.1; Nexus 5X Build/MMB29P) AppleWebKit/537.36 (KHTML, like Gecko) Chrome/137.0.7151.103 Mobile Safari/537.36 (compatible; GoogleOther)"
66.249.74.12 - - [20/Jul/2025:04:31:52 +0000] "POST /get-message-notify HTTP/1.1" 200 19578 "http://www.alalamy.com.au/items/art/models/3062285/alalamy.com.au/product/edit/alalamy.com.au?_bd_prev_page=alalamy.com.au/detail.php?shopbrand/8922430.htm" "Mozilla/5.0 (Linux; Android 6.0.1; Nexus 5X Build/MMB29P) AppleWebKit/537.36 (KHTML, like Gecko) Chrome/137.0.7151.119 Mobile Safari/537.36 (compatible; Googlebot/2.1; +http://www.google.com/bot.html)"
66.249.68.66 - - [20/Jul/2025:04:31:52 +0000] "POST /get-message-notify HTTP/1.1" 200 19553 "http://alalamy.com.au/items/art/musical-instruments/5047267/alalamy.com.au?_bd_prev_page=alalamy.com.au/detail.php?shopbrand/78646067.htm" "Mozilla/5.0 (Linux; Android 6.0.1; Nexus 5X Build/MMB29P) AppleWebKit/537.36 (KHTML, like Gecko) Chrome/137.0.7151.119 Mobile Safari/537.36 (compatible; Googlebot/2.1; +http://www.google.com/bot.html)"
66.249.74.15 - - [20/Jul/2025:04:31:53 +0000] "GET /items/handmade/paintings/5377890/feature/idol/alalamy.com.au?_bd_prev_page=alalamy.com.au/detail.php?shopbrand/9748771.htm HTTP/1.1" 200 19864 "-" "Mozilla/5.0 (Linux; Android 6.0.1; Nexus 5X Build/MMB29P) AppleWebKit/537.36 (KHTML, like Gecko) Chrome/137.0.7151.103 Mobile Safari/537.36 (compatible; GoogleOther)"
66.249.68.64 - - [20/Jul/2025:04:31:53 +0000] "GET /items/art/musical-instruments/5047267/alalamy.com.au?_bd_prev_page=alalamy.com.au/detail.php?shopbrand/221423108.htm HTTP/1.1" 200 19182 "-" "Mozilla/5.0 (Linux; Android 6.0.1; Nexus 5X Build/MMB29P) AppleWebKit/537.36 (KHTML, like Gecko) Chrome/137.0.7151.103 Mobile Safari/537.36 (compatible; GoogleOther)"
66.249.74.4 - - [20/Jul/2025:04:31:53 +0000] "GET /items/handmade/paintings/alalamy.com.au/oreka/alalamy.com.au?_bd_prev_page=alalamy.com.au/detail.php?shopbrand/286144860.htm HTTP/1.1" 200 18836 "-" "Mozilla/5.0 (Linux; Android 6.0.1; Nexus 5X Build/MMB29P) AppleWebKit/537.36 (KHTML, like Gecko) Chrome/137.0.7151.103 Mobile Safari/537.36 (compatible; GoogleOther)"
66.249.74.2 - - [20/Jul/2025:04:31:54 +0000] "GET /items/handmade/paintings/alalamy.com.au/oreka/alalamy.com.au?_bd_prev_page=alalamy.com.au/detail.php?shopbrand/9765582.htm HTTP/1.1" 200 20546 "-" "Mozilla/5.0 (Linux; Android 6.0.1; Nexus 5X Build/MMB29P) AppleWebKit/537.36 (KHTML, like Gecko) Chrome/137.0.7151.103 Mobile Safari/537.36 (compatible; GoogleOther)"
66.249.68.66 - - [20/Jul/2025:04:31:54 +0000] "GET /items/art/musical-instruments/5047267/alalamy.com.au?_bd_prev_page=alalamy.com.au/detail.php?shopbrand/168608251.htm HTTP/1.1" 200 19935 "-" "Mozilla/5.0 (Linux; Android 6.0.1; Nexus 5X Build/MMB29P) AppleWebKit/537.36 (KHTML, like Gecko) Chrome/137.0.7151.103 Mobile Safari/537.36 (compatible; GoogleOther)"
66.249.74.6 - - [20/Jul/2025:04:31:54 +0000] "GET /items/handmade/paintings/5377890/alalamy.com.au/feature/akihabara_main/alalamy.com.au?_bd_prev_page=alalamy.com.au/detail.php?shopbrand/202889005.htm HTTP/1.1" 200 18942 "-" "Mozilla/5.0 (Linux; Android 6.0.1; Nexus 5X Build/MMB29P) AppleWebKit/537.36 (KHTML, like Gecko) Chrome/137.0.7151.103 Mobile Safari/537.36 (compatible; GoogleOther)"
66.249.74.13 - - [20/Jul/2025:04:31:54 +0000] "POST /get-message-notify HTTP/1.1" 200 19578 "http://www.alalamy.com.au/items/art/antiques/3994491/alalamy.com.au?_bd_prev_page=alalamy.com.au/detail.php?shopbrand/198487691.htm" "Mozilla/5.0 (Linux; Android 6.0.1; Nexus 5X Build/MMB29P) AppleWebKit/537.36 (KHTML, like Gecko) Chrome/137.0.7151.119 Mobile Safari/537.36 (compatible; Googlebot/2.1; +http://www.google.com/bot.html)"
66.249.68.69 - - [20/Jul/2025:04:31:55 +0000] "GET /items/art/musical-instruments/5047267/alalamy.com.au?_bd_prev_page=alalamy.com.au/detail.php?shopbrand/237100481.htm HTTP/1.1" 200 19498 "-" "Mozilla/5.0 (Linux; Android 6.0.1; Nexus 5X Build/MMB29P) AppleWebKit/537.36 (KHTML, like Gecko) Chrome/137.0.7151.103 Mobile Safari/537.36 (compatible; GoogleOther)"
66.249.74.3 - - [20/Jul/2025:04:31:55 +0000] "GET /items/handmade/paintings/5377890/alalamy.com.au/feature/akihabara_main/alalamy.com.au?_bd_prev_page=alalamy.com.au/detail.php?shopbrand/100805022.htm HTTP/1.1" 200 20889 "-" "Mozilla/5.0 (Linux; Android 6.0.1; Nexus 5X Build/MMB29P) AppleWebKit/537.36 (KHTML, like Gecko) Chrome/137.0.7151.103 Mobile Safari/537.36 (compatible; GoogleOther)"
66.249.74.6 - - [20/Jul/2025:04:31:55 +0000] "GET /items/handmade/paintings/5377890/feature/idol/alalamy.com.au?_bd_prev_page=alalamy.com.au/detail.php?shopbrand/91947130.htm HTTP/1.1" 200 19607 "-" "Mozilla/5.0 (Linux; Android 6.0.1; Nexus 5X Build/MMB29P) AppleWebKit/537.36 (KHTML, like Gecko) Chrome/137.0.7151.103 Mobile Safari/537.36 (compatible; GoogleOther)"
66.249.68.65 - - [20/Jul/2025:04:31:55 +0000] "GET /items/art/musical-instruments/5047267/alalamy.com.au?_bd_prev_page=alalamy.com.au/detail.php?shopbrand/299790750.htm HTTP/1.1" 200 20849 "-" "Mozilla/5.0 (Linux; Android 6.0.1; Nexus 5X Build/MMB29P) AppleWebKit/537.36 (KHTML, like Gecko) Chrome/137.0.7151.103 Mobile Safari/537.36 (compatible; GoogleOther)"
