66.249.74.14 - - [19/Jul/2025:18:06:03 +0000] "GET /items/bicycles/motorcycle-wear/5464557/ HTTP/1.1" 200 19166 "-" "Mozilla/5.0 (Linux; Android 6.0.1; Nexus 5X Build/MMB29P) AppleWebKit/537.36 (KHTML, like Gecko) Chrome/137.0.7151.103 Mobile Safari/537.36 (compatible; Googlebot/2.1; +http://www.google.com/bot.html)"
66.249.74.13 - - [19/Jul/2025:18:06:07 +0000] "GET /items/diy/wrenches/4587880/ HTTP/1.1" 200 20598 "-" "Mozilla/5.0 (Linux; Android 6.0.1; Nexus 5X Build/MMB29P) AppleWebKit/537.36 (KHTML, like Gecko) Chrome/137.0.7151.103 Mobile Safari/537.36 (compatible; Googlebot/2.1; +http://www.google.com/bot.html)"
66.249.74.13 - - [19/Jul/2025:18:06:08 +0000] "GET /items/home-appliances/air-purifiers/4613498/ HTTP/1.1" 200 20090 "-" "Mozilla/5.0 (Linux; Android 6.0.1; Nexus 5X Build/MMB29P) AppleWebKit/537.36 (KHTML, like Gecko) Chrome/137.0.7151.103 Mobile Safari/537.36 (compatible; Googlebot/2.1; +http://www.google.com/bot.html)"
66.249.74.13 - - [19/Jul/2025:18:06:10 +0000] "GET /items/fashion/womens/2236813/ HTTP/1.1" 200 18934 "-" "Mozilla/5.0 (Linux; Android 6.0.1; Nexus 5X Build/MMB29P) AppleWebKit/537.36 (KHTML, like Gecko) Chrome/137.0.7151.103 Mobile Safari/537.36 (compatible; Googlebot/2.1; +http://www.google.com/bot.html)"
66.249.74.12 - - [19/Jul/2025:18:06:13 +0000] "GET /items/tv/audio-equipment/4096484/ HTTP/1.1" 200 20799 "-" "Mozilla/5.0 (Linux; Android 6.0.1; Nexus 5X Build/MMB29P) AppleWebKit/537.36 (KHTML, like Gecko) Chrome/137.0.7151.103 Mobile Safari/537.36 (compatible; Googlebot/2.1; +http://www.google.com/bot.html)"
66.249.74.12 - - [19/Jul/2025:18:06:14 +0000] "GET /items/daily-necessities/tableware/1982787/ HTTP/1.1" 200 18984 "-" "Mozilla/5.0 (Linux; Android 6.0.1; Nexus 5X Build/MMB29P) AppleWebKit/537.36 (KHTML, like Gecko) Chrome/137.0.7151.103 Mobile Safari/537.36 (compatible; Googlebot/2.1; +http://www.google.com/bot.html)"
66.249.74.12 - - [19/Jul/2025:18:06:16 +0000] "GET /items/handicrafts/craft/1958816/ HTTP/1.1" 200 19006 "-" "Mozilla/5.0 (Linux; Android 6.0.1; Nexus 5X Build/MMB29P) AppleWebKit/537.36 (KHTML, like Gecko) Chrome/137.0.7151.103 Mobile Safari/537.36 (compatible; Googlebot/2.1; +http://www.google.com/bot.html)"
66.249.74.12 - - [19/Jul/2025:18:06:16 +0000] "POST /get-message-notify HTTP/1.1" 200 19578 "http://www.alalamy.com.au/items/fashion/womens/2236813/" "Mozilla/5.0 (Linux; Android 6.0.1; Nexus 5X Build/MMB29P) AppleWebKit/537.36 (KHTML, like Gecko) Chrome/137.0.7151.119 Mobile Safari/537.36 (compatible; Googlebot/2.1; +http://www.google.com/bot.html)"
66.249.74.12 - - [19/Jul/2025:18:06:20 +0000] "GET /items/tablets/displays/2980298/ HTTP/1.1" 200 18998 "-" "Mozilla/5.0 (Linux; Android 6.0.1; Nexus 5X Build/MMB29P) AppleWebKit/537.36 (KHTML, like Gecko) Chrome/137.0.7151.103 Mobile Safari/537.36 (compatible; Googlebot/2.1; +http://www.google.com/bot.html)"
66.249.74.12 - - [19/Jul/2025:18:06:20 +0000] "GET /items/handicrafts/fashion/2864467/ HTTP/1.1" 200 19925 "-" "Mozilla/5.0 (Linux; Android 6.0.1; Nexus 5X Build/MMB29P) AppleWebKit/537.36 (KHTML, like Gecko) Chrome/137.0.7151.103 Mobile Safari/537.36 (compatible; Googlebot/2.1; +http://www.google.com/bot.html)"
66.249.74.12 - - [19/Jul/2025:18:06:21 +0000] "GET /items/home-appliances/appliances/5277065/ HTTP/1.1" 200 21027 "-" "Mozilla/5.0 (Linux; Android 6.0.1; Nexus 5X Build/MMB29P) AppleWebKit/537.36 (KHTML, like Gecko) Chrome/137.0.7151.103 Mobile Safari/537.36 (compatible; Googlebot/2.1; +http://www.google.com/bot.html)"
66.249.74.12 - - [19/Jul/2025:18:06:22 +0000] "GET /items/beauty/others/2494209/ HTTP/1.1" 200 20228 "-" "Mozilla/5.0 (Linux; Android 6.0.1; Nexus 5X Build/MMB29P) AppleWebKit/537.36 (KHTML, like Gecko) Chrome/137.0.7151.103 Mobile Safari/537.36 (compatible; Googlebot/2.1; +http://www.google.com/bot.html)"
66.249.74.12 - - [19/Jul/2025:18:06:22 +0000] "GET /items/handmade/fashion-accessories/1734415/ HTTP/1.1" 200 20061 "-" "Mozilla/5.0 (Linux; Android 6.0.1; Nexus 5X Build/MMB29P) AppleWebKit/537.36 (KHTML, like Gecko) Chrome/137.0.7151.103 Mobile Safari/537.36 (compatible; Googlebot/2.1; +http://www.google.com/bot.html)"
66.249.74.12 - - [19/Jul/2025:18:06:23 +0000] "GET /items/food/vegetables/2102071/ HTTP/1.1" 200 20202 "-" "Mozilla/5.0 (Linux; Android 6.0.1; Nexus 5X Build/MMB29P) AppleWebKit/537.36 (KHTML, like Gecko) Chrome/137.0.7151.103 Mobile Safari/537.36 (compatible; Googlebot/2.1; +http://www.google.com/bot.html)"
66.249.74.12 - - [19/Jul/2025:18:06:24 +0000] "GET /items/fashion/tops/1796252/ HTTP/1.1" 200 18899 "-" "Mozilla/5.0 (Linux; Android 6.0.1; Nexus 5X Build/MMB29P) AppleWebKit/537.36 (KHTML, like Gecko) Chrome/137.0.7151.103 Mobile Safari/537.36 (compatible; Googlebot/2.1; +http://www.google.com/bot.html)"
66.249.74.13 - - [19/Jul/2025:18:06:25 +0000] "POST /get-message-notify HTTP/1.1" 200 19578 "http://www.alalamy.com.au/items/bicycles/motorcycle-wear/5464557/" "Mozilla/5.0 (Linux; Android 6.0.1; Nexus 5X Build/MMB29P) AppleWebKit/537.36 (KHTML, like Gecko) Chrome/137.0.7151.119 Mobile Safari/537.36 (compatible; Googlebot/2.1; +http://www.google.com/bot.html)"
66.249.74.12 - - [19/Jul/2025:18:06:25 +0000] "GET /items/cds/records/2332799/ HTTP/1.1" 200 20198 "-" "Mozilla/5.0 (Linux; Android 6.0.1; Nexus 5X Build/MMB29P) AppleWebKit/537.36 (KHTML, like Gecko) Chrome/137.0.7151.103 Mobile Safari/537.36 (compatible; Googlebot/2.1; +http://www.google.com/bot.html)"
66.249.74.13 - - [19/Jul/2025:18:06:27 +0000] "POST /get-message-notify HTTP/1.1" 200 19578 "http://www.alalamy.com.au/items/fashion/tops/1796252/" "Mozilla/5.0 (Linux; Android 6.0.1; Nexus 5X Build/MMB29P) AppleWebKit/537.36 (KHTML, like Gecko) Chrome/137.0.7151.119 Mobile Safari/537.36 (compatible; Googlebot/2.1; +http://www.google.com/bot.html)"
66.249.74.13 - - [19/Jul/2025:18:06:27 +0000] "POST /get-message-notify HTTP/1.1" 200 19578 "http://www.alalamy.com.au/items/home-appliances/electric-fans/5142155/" "Mozilla/5.0 (Linux; Android 6.0.1; Nexus 5X Build/MMB29P) AppleWebKit/537.36 (KHTML, like Gecko) Chrome/137.0.7151.119 Mobile Safari/537.36 (compatible; Googlebot/2.1; +http://www.google.com/bot.html)"
66.249.74.12 - - [19/Jul/2025:18:06:28 +0000] "GET /items/fashion/mens/3281338/ HTTP/1.1" 200 19591 "-" "Mozilla/5.0 (Linux; Android 6.0.1; Nexus 5X Build/MMB29P) AppleWebKit/537.36 (KHTML, like Gecko) Chrome/137.0.7151.103 Mobile Safari/537.36 (compatible; Googlebot/2.1; +http://www.google.com/bot.html)"
66.249.74.13 - - [19/Jul/2025:18:06:29 +0000] "GET /items/sports/american-football/4177595/ HTTP/1.1" 200 19947 "-" "Mozilla/5.0 (Linux; Android 6.0.1; Nexus 5X Build/MMB29P) AppleWebKit/537.36 (KHTML, like Gecko) Chrome/137.0.7151.103 Mobile Safari/537.36 (compatible; Googlebot/2.1; +http://www.google.com/bot.html)"
66.249.74.13 - - [19/Jul/2025:18:06:30 +0000] "GET /items/fashion/pants/3887754/ HTTP/1.1" 200 19584 "-" "Mozilla/5.0 (Linux; Android 6.0.1; Nexus 5X Build/MMB29P) AppleWebKit/537.36 (KHTML, like Gecko) Chrome/137.0.7151.103 Mobile Safari/537.36 (compatible; Googlebot/2.1; +http://www.google.com/bot.html)"
66.249.74.12 - - [19/Jul/2025:18:06:31 +0000] "POST /get-message-notify HTTP/1.1" 200 19578 "http://www.alalamy.com.au/items/sports/american-football/4177595/" "Mozilla/5.0 AppleWebKit/537.36 (KHTML, like Gecko; compatible; Googlebot/2.1; +http://www.google.com/bot.html) Chrome/137.0.7151.119 Safari/537.36"
66.249.74.12 - - [19/Jul/2025:18:06:33 +0000] "POST /get-message-notify HTTP/1.1" 200 19578 "http://www.alalamy.com.au/items/diy/wrenches/4587880/" "Mozilla/5.0 (Linux; Android 6.0.1; Nexus 5X Build/MMB29P) AppleWebKit/537.36 (KHTML, like Gecko) Chrome/137.0.7151.119 Mobile Safari/537.36 (compatible; Googlebot/2.1; +http://www.google.com/bot.html)"
66.249.74.12 - - [19/Jul/2025:18:06:40 +0000] "POST /get-message-notify HTTP/1.1" 200 19578 "http://www.alalamy.com.au/items/home-appliances/air-purifiers/4613498/" "Mozilla/5.0 (Linux; Android 6.0.1; Nexus 5X Build/MMB29P) AppleWebKit/537.36 (KHTML, like Gecko) Chrome/137.0.7151.119 Mobile Safari/537.36 (compatible; Googlebot/2.1; +http://www.google.com/bot.html)"
66.249.74.13 - - [19/Jul/2025:18:06:40 +0000] "POST /get-message-notify HTTP/1.1" 200 19578 "http://www.alalamy.com.au/items/fashion/pants/3887754/" "Mozilla/5.0 (Linux; Android 6.0.1; Nexus 5X Build/MMB29P) AppleWebKit/537.36 (KHTML, like Gecko) Chrome/137.0.7151.119 Mobile Safari/537.36 (compatible; Googlebot/2.1; +http://www.google.com/bot.html)"
66.249.68.67 - - [19/Jul/2025:18:46:00 +0000] "GET /items/handicrafts/paintings/2644745/alalamy.com.au?_bd_prev_page=alalamy.com.au/detail.php?shopbrand/254559338.htm HTTP/1.1" 200 21699 "-" "Mozilla/5.0 (Linux; Android 6.0.1; Nexus 5X Build/MMB29P) AppleWebKit/537.36 (KHTML, like Gecko) Chrome/137.0.7151.103 Mobile Safari/537.36 (compatible; GoogleOther)"
66.249.68.67 - - [19/Jul/2025:19:24:02 +0000] "GET /items/handicrafts/paintings/2644745/c_limit HTTP/1.1" 200 19986 "-" "Googlebot-Image/1.0"
66.249.68.66 - - [19/Jul/2025:19:24:13 +0000] "GET /items/handicrafts/paintings/2644745/-20_ZA2%252C824 HTTP/1.1" 200 20003 "-" "Googlebot-Image/1.0"
209.74.77.214 - - [19/Jul/2025:19:24:25 +0000] "POST /wp-cron.php?doing_wp_cron=1752953065.6691379547119140625000 HTTP/1.1" 200 - "-" "WordPress/6.8.2; https://alalamy.com.au"
66.249.68.66 - - [19/Jul/2025:19:24:24 +0000] "GET /items/handicrafts/paintings/2644745/1000_QL80_DpWeblab_.jpg HTTP/1.1" 404 20411 "-" "Googlebot-Image/1.0"
66.249.74.12 - - [19/Jul/2025:19:24:47 +0000] "GET /items/handmade/paintings/5377890/alalamy.com.au/feature/akihabara_main/al_c HTTP/1.1" 200 18362 "-" "Googlebot-Image/1.0"
66.249.74.14 - - [19/Jul/2025:19:25:20 +0000] "GET /items/handmade/paintings/alalamy.com.au/oreka/q/u003d75/101077/IMG_20240201_113826.jpg HTTP/1.1" 200 19422 "-" "Googlebot-Image/1.0"
66.249.74.12 - - [19/Jul/2025:19:25:31 +0000] "GET /items/handmade/paintings/5377890/alalamy.com.au/feature/akihabara_main/width/u003d1008/article/images/2023/05/lv_w23_prefall_look_020.jpg HTTP/1.1" 200 18451 "-" "Googlebot-Image/1.0"
209.74.77.214 - - [19/Jul/2025:19:25:42 +0000] "POST /wp-cron.php?doing_wp_cron=1752953142.7548439502716064453125 HTTP/1.1" 200 - "-" "WordPress/6.8.2; https://alalamy.com.au"
66.249.74.12 - - [19/Jul/2025:19:25:42 +0000] "GET /items/handmade/paintings/5377890/feature/idol/q/u003d75/101079/47c6d2c93b0712aeecfe9e1ba2a1ea2a.jpg HTTP/1.1" 301 - "-" "Googlebot-Image/1.0"
66.249.74.12 - - [19/Jul/2025:19:25:53 +0000] "GET /items/handmade/paintings/alalamy.com.au/oreka/u/u003d1 HTTP/1.1" 200 19363 "-" "Googlebot-Image/1.0"
66.249.68.66 - - [19/Jul/2025:19:25:59 +0000] "GET /items/handicrafts/paintings/2644745/a/u003d0 HTTP/1.1" 200 19987 "-" "Googlebot-Image/1.0"
66.249.74.13 - - [19/Jul/2025:19:27:34 +0000] "GET /items/handmade/paintings/5377890/alalamy.com.au/feature/akihabara_main/quality_auto/66a2c7_040d413b0c054acebf38363cde374a31.jpg HTTP/1.1" 200 18445 "-" "Googlebot-Image/1.0"
209.74.77.214 - - [19/Jul/2025:19:29:27 +0000] "POST /wp-cron.php?doing_wp_cron=1752953367.3262710571289062500000 HTTP/1.1" 200 - "-" "WordPress/6.8.2; https://alalamy.com.au"
66.249.68.66 - - [19/Jul/2025:19:29:25 +0000] "GET /items/handicrafts/paintings/2644745/ir/u003dauto/uploads/product_image/image/2988251/image.jpg HTTP/1.1" 404 20412 "-" "Googlebot-Image/1.0"
66.249.68.66 - - [19/Jul/2025:19:30:55 +0000] "GET /items/handicrafts/paintings/2644745/-20_ZA14 HTTP/1.1" 200 19989 "-" "Googlebot-Image/1.0"
66.249.68.68 - - [19/Jul/2025:19:31:17 +0000] "GET /items/handicrafts/paintings/2644745/q_auto HTTP/1.1" 200 19982 "-" "Googlebot-Image/1.0"
209.74.77.214 - - [19/Jul/2025:19:59:35 +0000] "POST /wp-cron.php?doing_wp_cron=1752955175.2314128875732421875000 HTTP/1.1" 200 - "-" "WordPress/6.8.2; https://alalamy.com.au"
66.249.68.66 - - [19/Jul/2025:19:59:35 +0000] "GET /items/handicrafts/paintings/2644745/f_auto/1f736cc7-c883-4ece-9a74-8ca4f7185ce7/ldwaffle-x-sacai-x-clot-cool-grey-dh3114-001-release-date.jpg HTTP/1.1" 404 20411 "-" "Googlebot-Image/1.0"
66.249.74.13 - - [19/Jul/2025:19:59:46 +0000] "GET /items/handmade/paintings/alalamy.com.au/oreka/a/u003d0 HTTP/1.1" 200 19362 "-" "Googlebot-Image/1.0"
66.249.74.13 - - [19/Jul/2025:19:59:57 +0000] "GET /items/handmade/paintings/5377890/alalamy.com.au/feature/akihabara_main/usm_0.66_1.00_0.01 HTTP/1.1" 200 18386 "-" "Googlebot-Image/1.0"
66.249.74.14 - - [19/Jul/2025:20:00:20 +0000] "GET /items/handmade/paintings/alalamy.com.au/oreka/h/u003d1280 HTTP/1.1" 200 19368 "-" "Googlebot-Image/1.0"
66.249.74.12 - - [19/Jul/2025:20:00:30 +0000] "GET /items/handmade/paintings/5377890/alalamy.com.au/feature/akihabara_main/693_.jpg HTTP/1.1" 200 18369 "-" "Googlebot-Image/1.0"
66.249.74.12 - - [19/Jul/2025:20:00:42 +0000] "GET /items/handmade/paintings/5377890/alalamy.com.au/feature/akihabara_main/enc_avif HTTP/1.1" 200 18368 "-" "Googlebot-Image/1.0"
66.249.74.12 - - [19/Jul/2025:20:00:53 +0000] "GET /items/handmade/paintings/5377890/alalamy.com.au/feature/akihabara_main/q_85 HTTP/1.1" 200 18366 "-" "Googlebot-Image/1.0"
209.74.77.214 - - [19/Jul/2025:20:01:05 +0000] "POST /wp-cron.php?doing_wp_cron=1752955265.4411549568176269531250 HTTP/1.1" 200 - "-" "WordPress/6.8.2; https://alalamy.com.au"
66.249.68.67 - - [19/Jul/2025:20:01:04 +0000] "GET /items/handicrafts/paintings/2644745/w_600/prod/products/cr/models/403503-chromebooks-hp-chromebook-14a-ca0022nr-x360-10020240.jpg HTTP/1.1" 404 20411 "-" "Googlebot-Image/1.0"
66.249.74.14 - - [19/Jul/2025:20:01:15 +0000] "GET /items/handmade/paintings/5377890/alalamy.com.au/feature/akihabara_main/height/u003d323/img/x/product/details/20241010/sd1_89113479498d23bb7fd3284f14341b745fcd7149.jpg HTTP/1.1" 200 18500 "-" "Googlebot-Image/1.0"
66.249.74.12 - - [19/Jul/2025:20:01:26 +0000] "GET /items/handmade/paintings/5377890/alalamy.com.au/feature/akihabara_main/height/u003d323/img/x/product/details/20240729/sd1_2927df9f0077d69816b17afeb97c0c9ed207f8a9.jpg HTTP/1.1" 200 18502 "-" "Googlebot-Image/1.0"
66.249.68.66 - - [19/Jul/2025:20:01:37 +0000] "GET /items/handicrafts/paintings/2644745/u/u003d0 HTTP/1.1" 200 19988 "-" "Googlebot-Image/1.0"
66.249.74.12 - - [19/Jul/2025:20:01:49 +0000] "GET /items/handmade/paintings/5377890/alalamy.com.au/feature/akihabara_main/h_482 HTTP/1.1" 200 18367 "-" "Googlebot-Image/1.0"
66.249.68.66 - - [19/Jul/2025:20:02:00 +0000] "GET /items/handicrafts/paintings/2644745/h/u003d1200 HTTP/1.1" 200 19992 "-" "Googlebot-Image/1.0"
66.249.74.14 - - [19/Jul/2025:20:12:42 +0000] "GET /items/daily-necessities/bulk-sales/5213855/ HTTP/1.1" 200 19464 "-" "Mozilla/5.0 (Linux; Android 6.0.1; Nexus 5X Build/MMB29P) AppleWebKit/537.36 (KHTML, like Gecko) Chrome/137.0.7151.103 Mobile Safari/537.36 (compatible; Googlebot/2.1; +http://www.google.com/bot.html)"
66.249.68.66 - - [19/Jul/2025:20:14:59 +0000] "GET /items/handicrafts/paintings/2644745/alalamy.com.au?_bd_prev_page=alalamy.com.au/detail.php?shopbrand/7994863.htm HTTP/1.1" 200 19618 "-" "Mozilla/5.0 (Linux; Android 6.0.1; Nexus 5X Build/MMB29P) AppleWebKit/537.36 (KHTML, like Gecko) Chrome/137.0.7151.103 Mobile Safari/537.36 (compatible; GoogleOther)"
66.249.74.14 - - [19/Jul/2025:20:31:02 +0000] "GET /items/art/japanese-instruments/4639817/alalamy.com.au/boyslove.html HTTP/1.1" 200 19540 "-" "Mozilla/5.0 (Linux; Android 6.0.1; Nexus 5X Build/MMB29P) AppleWebKit/537.36 (KHTML, like Gecko) Chrome/137.0.7151.103 Mobile Safari/537.36 (compatible; GoogleOther)"
66.249.74.13 - - [19/Jul/2025:20:36:24 +0000] "GET /items/handicrafts/paintings/2349557/alalamy.com.au?_bd_prev_page=alalamy.com.au/detail.php HTTP/1.1" 200 19895 "-" "Mozilla/5.0 (Linux; Android 6.0.1; Nexus 5X Build/MMB29P) AppleWebKit/537.36 (KHTML, like Gecko) Chrome/137.0.7151.103 Mobile Safari/537.36 (compatible; GoogleOther)"
66.249.74.12 - - [19/Jul/2025:20:36:43 +0000] "POST /get-message-notify HTTP/1.1" 200 19578 "http://www.alalamy.com.au/items/handicrafts/paintings/2349557/alalamy.com.au?_bd_prev_page=alalamy.com.au/detail.php" "Mozilla/5.0 (Linux; Android 6.0.1; Nexus 5X Build/MMB29P) AppleWebKit/537.36 (KHTML, like Gecko) Chrome/137.0.7151.119 Mobile Safari/537.36 (compatible; Googlebot/2.1; +http://www.google.com/bot.html)"
66.249.68.68 - - [19/Jul/2025:20:37:15 +0000] "GET /items/cars/cars/4210531 HTTP/1.1" 200 20994 "-" "Mozilla/5.0 (Linux; Android 6.0.1; Nexus 5X Build/MMB29P) AppleWebKit/537.36 (KHTML, like Gecko) Chrome/137.0.7151.103 Mobile Safari/537.36 (compatible; GoogleOther)"
66.249.74.14 - - [19/Jul/2025:20:37:26 +0000] "GET /items/handmade/paintings/5377890/alalamy.com.au/feature/akihabara_main/alalamy.com.au?_bd_prev_page=alalamy.com.au/detail.php?shopbrand/8570200.htm HTTP/1.1" 200 21120 "-" "Mozilla/5.0 (Linux; Android 6.0.1; Nexus 5X Build/MMB29P) AppleWebKit/537.36 (KHTML, like Gecko) Chrome/137.0.7151.103 Mobile Safari/537.36 (compatible; GoogleOther)"
66.249.74.12 - - [19/Jul/2025:20:37:29 +0000] "POST /get-message-notify HTTP/1.1" 200 19578 "http://www.alalamy.com.au/items/handmade/paintings/5377890/alalamy.com.au/feature/akihabara_main/alalamy.com.au?_bd_prev_page=alalamy.com.au/detail.php?shopbrand/8570200.htm" "Mozilla/5.0 (Linux; Android 6.0.1; Nexus 5X Build/MMB29P) AppleWebKit/537.36 (KHTML, like Gecko) Chrome/137.0.7151.119 Mobile Safari/537.36 (compatible; Googlebot/2.1; +http://www.google.com/bot.html)"
66.249.68.71 - - [19/Jul/2025:20:37:51 +0000] "POST /get-message-notify HTTP/1.1" 200 19553 "http://alalamy.com.au/items/cars/cars/4210531" "Mozilla/5.0 (Linux; Android 6.0.1; Nexus 5X Build/MMB29P) AppleWebKit/537.36 (KHTML, like Gecko) Chrome/137.0.7151.119 Mobile Safari/537.36 (compatible; Googlebot/2.1; +http://www.google.com/bot.html)"
209.74.77.214 - - [19/Jul/2025:20:52:58 +0000] "POST /wp-cron.php?doing_wp_cron=1752958378.6827549934387207031250 HTTP/1.1" 200 - "-" "WordPress/6.8.2; https://alalamy.com.au"
62.146.235.17 - - [19/Jul/2025:20:52:58 +0000] "GET /.env HTTP/1.1" 404 20411 "-" "python-requests/2.32.4"
66.249.68.66 - - [19/Jul/2025:20:59:29 +0000] "GET /items/handicrafts/paintings/2644745/alalamy.com.au?_bd_prev_page=alalamy.com.au/detail.php?shopbrand/8001535.htm HTTP/1.1" 200 19136 "-" "Mozilla/5.0 (Linux; Android 6.0.1; Nexus 5X Build/MMB29P) AppleWebKit/537.36 (KHTML, like Gecko) Chrome/137.0.7151.103 Mobile Safari/537.36 (compatible; GoogleOther)"
66.249.74.13 - - [19/Jul/2025:21:02:55 +0000] "GET /items/handmade/paintings/5377890/feature/idol/alalamy.com.au?_bd_prev_page=alalamy.com.au/detail.php?shopbrand/8709323.htm HTTP/1.1" 200 20734 "-" "Mozilla/5.0 (Linux; Android 6.0.1; Nexus 5X Build/MMB29P) AppleWebKit/537.36 (KHTML, like Gecko) Chrome/137.0.7151.103 Mobile Safari/537.36 (compatible; GoogleOther)"
66.249.74.13 - - [19/Jul/2025:21:03:01 +0000] "POST /get-message-notify HTTP/1.1" 200 19578 "http://www.alalamy.com.au/items/handmade/paintings/5377890/feature/idol/alalamy.com.au?_bd_prev_page=alalamy.com.au/detail.php?shopbrand/8709323.htm" "Mozilla/5.0 (Linux; Android 6.0.1; Nexus 5X Build/MMB29P) AppleWebKit/537.36 (KHTML, like Gecko) Chrome/137.0.7151.119 Mobile Safari/537.36 (compatible; Googlebot/2.1; +http://www.google.com/bot.html)"
66.249.74.13 - - [19/Jul/2025:21:26:43 +0000] "GET /shopbrand/82518722.htm HTTP/1.1" 200 20359 "-" "Mozilla/5.0 (compatible; Googlebot/2.1; +http://www.google.com/bot.html)"
66.249.74.14 - - [19/Jul/2025:21:29:04 +0000] "GET /items/handmade/paintings/5377890/alalamy.com.au/text/alalamy.com.au/pcmypage/ HTTP/1.1" 200 18354 "-" "Mozilla/5.0 (Linux; Android 6.0.1; Nexus 5X Build/MMB29P) AppleWebKit/537.36 (KHTML, like Gecko) Chrome/137.0.7151.103 Mobile Safari/537.36 (compatible; GoogleOther)"
66.249.74.13 - - [19/Jul/2025:21:31:26 +0000] "POST /get-message-notify HTTP/1.1" 200 19578 "http://www.alalamy.com.au/items/handmade/paintings/5377890/alalamy.com.au/text/alalamy.com.au/pcmypage/" "Mozilla/5.0 (Linux; Android 6.0.1; Nexus 5X Build/MMB29P) AppleWebKit/537.36 (KHTML, like Gecko) Chrome/137.0.7151.119 Mobile Safari/537.36 (compatible; Googlebot/2.1; +http://www.google.com/bot.html)"
66.249.74.13 - - [19/Jul/2025:21:34:20 +0000] "GET /items/handmade/paintings/5377890/alalamy.com.au/feature/akihabara_main/alalamy.com.au?_bd_prev_page=alalamy.com.au/detail.php?shopbrand/275703587.htm HTTP/1.1" 200 22051 "-" "Mozilla/5.0 (Linux; Android 6.0.1; Nexus 5X Build/MMB29P) AppleWebKit/537.36 (KHTML, like Gecko) Chrome/137.0.7151.103 Mobile Safari/537.36 (compatible; GoogleOther)"
66.249.74.14 - - [19/Jul/2025:21:35:31 +0000] "POST /get-message-notify HTTP/1.1" 200 19578 "http://www.alalamy.com.au/items/handmade/paintings/5377890/alalamy.com.au/feature/akihabara_main/alalamy.com.au?_bd_prev_page=alalamy.com.au/detail.php?shopbrand/275703587.htm" "Mozilla/5.0 (Linux; Android 6.0.1; Nexus 5X Build/MMB29P) AppleWebKit/537.36 (KHTML, like Gecko) Chrome/137.0.7151.119 Mobile Safari/537.36 (compatible; Googlebot/2.1; +http://www.google.com/bot.html)"
66.249.68.66 - - [19/Jul/2025:21:43:59 +0000] "GET /items/handicrafts/paintings/2644745/alalamy.com.au?_bd_prev_page=alalamy.com.au/detail.php?shopbrand/7991130.htm HTTP/1.1" 200 20005 "-" "Mozilla/5.0 (Linux; Android 6.0.1; Nexus 5X Build/MMB29P) AppleWebKit/537.36 (KHTML, like Gecko) Chrome/137.0.7151.103 Mobile Safari/537.36 (compatible; GoogleOther)"
66.249.74.13 - - [19/Jul/2025:21:53:58 +0000] "GET /shopbrand/82536258.htm HTTP/1.1" 200 19147 "-" "Mozilla/5.0 (Linux; Android 6.0.1; Nexus 5X Build/MMB29P) AppleWebKit/537.36 (KHTML, like Gecko) Chrome/137.0.7151.103 Mobile Safari/537.36 (compatible; Googlebot/2.1; +http://www.google.com/bot.html)"
66.249.68.67 - - [19/Jul/2025:21:58:25 +0000] "GET /items/handicrafts/paintings/2644745/format/u003dauto HTTP/1.1" 200 19995 "-" "Mozilla/5.0 (Linux; Android 6.0.1; Nexus 5X Build/MMB29P) AppleWebKit/537.36 (KHTML, like Gecko) Chrome/137.0.7151.103 Mobile Safari/537.36 (compatible; GoogleOther)"
66.249.68.66 - - [19/Jul/2025:21:58:48 +0000] "POST /get-message-notify HTTP/1.1" 200 19553 "http://alalamy.com.au/items/handicrafts/paintings/2644745/format/u003dauto" "Mozilla/5.0 (Linux; Android 6.0.1; Nexus 5X Build/MMB29P) AppleWebKit/537.36 (KHTML, like Gecko) Chrome/137.0.7151.119 Mobile Safari/537.36 (compatible; Googlebot/2.1; +http://www.google.com/bot.html)"
66.249.74.14 - - [19/Jul/2025:22:00:53 +0000] "GET /items/art/antiques/1704275/alalamy.com.au/feature/omiya_marui/index.html HTTP/1.1" 200 19057 "-" "Mozilla/5.0 (Linux; Android 6.0.1; Nexus 5X Build/MMB29P) AppleWebKit/537.36 (KHTML, like Gecko) Chrome/137.0.7151.103 Mobile Safari/537.36 (compatible; GoogleOther)"
66.249.74.12 - - [19/Jul/2025:22:00:58 +0000] "POST /get-message-notify HTTP/1.1" 200 19578 "http://www.alalamy.com.au/items/art/antiques/1704275/alalamy.com.au/feature/omiya_marui/index.html" "Mozilla/5.0 (Linux; Android 6.0.1; Nexus 5X Build/MMB29P) AppleWebKit/537.36 (KHTML, like Gecko) Chrome/137.0.7151.119 Mobile Safari/537.36 (compatible; Googlebot/2.1; +http://www.google.com/bot.html)"
66.249.74.14 - - [19/Jul/2025:22:04:03 +0000] "GET /items/handmade/paintings/alalamy.com.au/oreka/alalamy.com.au?_bd_prev_page=alalamy.com.au/detail.php?shopbrand/8934902.htm HTTP/1.1" 200 21020 "-" "Mozilla/5.0 (Linux; Android 6.0.1; Nexus 5X Build/MMB29P) AppleWebKit/537.36 (KHTML, like Gecko) Chrome/137.0.7151.103 Mobile Safari/537.36 (compatible; GoogleOther)"
66.249.68.66 - - [19/Jul/2025:22:16:54 +0000] "GET /items/handicrafts/paintings/2644745/alalamy.com.au?_bd_prev_page=alalamy.com.au/detail.php?shopbrand/8000300.htm HTTP/1.1" 200 19963 "-" "Mozilla/5.0 (Linux; Android 6.0.1; Nexus 5X Build/MMB29P) AppleWebKit/537.36 (KHTML, like Gecko) Chrome/137.0.7151.103 Mobile Safari/537.36 (compatible; GoogleOther)"
66.249.68.66 - - [19/Jul/2025:22:17:07 +0000] "GET /items/handicrafts/paintings/2644745/alalamy.com.au?_bd_prev_page=alalamy.com.au/detail.php?shopbrand/7994291.htm HTTP/1.1" 200 19151 "-" "Mozilla/5.0 (Linux; Android 6.0.1; Nexus 5X Build/MMB29P) AppleWebKit/537.36 (KHTML, like Gecko) Chrome/137.0.7151.103 Mobile Safari/537.36 (compatible; GoogleOther)"
66.249.68.66 - - [19/Jul/2025:22:17:31 +0000] "GET /items/handicrafts/paintings/2644745/alalamy.com.au?_bd_prev_page=alalamy.com.au/detail.php?shopbrand/7997087.htm HTTP/1.1" 200 20343 "-" "Mozilla/5.0 (Linux; Android 6.0.1; Nexus 5X Build/MMB29P) AppleWebKit/537.36 (KHTML, like Gecko) Chrome/137.0.7151.103 Mobile Safari/537.36 (compatible; GoogleOther)"
66.249.68.66 - - [19/Jul/2025:22:17:43 +0000] "GET /items/handicrafts/paintings/2644745/alalamy.com.au?_bd_prev_page=alalamy.com.au/detail.php?shopbrand/7991404.htm HTTP/1.1" 200 21965 "-" "Mozilla/5.0 (Linux; Android 6.0.1; Nexus 5X Build/MMB29P) AppleWebKit/537.36 (KHTML, like Gecko) Chrome/137.0.7151.103 Mobile Safari/537.36 (compatible; GoogleOther)"
66.249.68.67 - - [19/Jul/2025:22:18:08 +0000] "GET /items/handicrafts/paintings/2644745/alalamy.com.au?_bd_prev_page=alalamy.com.au/detail.php?shopbrand/7998757.htm HTTP/1.1" 200 19633 "-" "Mozilla/5.0 (Linux; Android 6.0.1; Nexus 5X Build/MMB29P) AppleWebKit/537.36 (KHTML, like Gecko) Chrome/137.0.7151.103 Mobile Safari/537.36 (compatible; GoogleOther)"
66.249.68.66 - - [19/Jul/2025:22:18:57 +0000] "GET /items/handicrafts/paintings/2644745/alalamy.com.au?_bd_prev_page=alalamy.com.au/detail.php?shopbrand/7992216.htm HTTP/1.1" 200 21814 "-" "Mozilla/5.0 (Linux; Android 6.0.1; Nexus 5X Build/MMB29P) AppleWebKit/537.36 (KHTML, like Gecko) Chrome/137.0.7151.103 Mobile Safari/537.36 (compatible; GoogleOther)"
66.249.68.68 - - [19/Jul/2025:22:19:21 +0000] "GET /items/handicrafts/paintings/2644745/alalamy.com.au?_bd_prev_page=alalamy.com.au/detail.php?shopbrand/8002506.htm HTTP/1.1" 200 20333 "-" "Mozilla/5.0 (Linux; Android 6.0.1; Nexus 5X Build/MMB29P) AppleWebKit/537.36 (KHTML, like Gecko) Chrome/137.0.7151.103 Mobile Safari/537.36 (compatible; GoogleOther)"
66.249.68.66 - - [19/Jul/2025:22:20:10 +0000] "GET /items/handicrafts/paintings/2644745/alalamy.com.au?_bd_prev_page=alalamy.com.au/detail.php?shopbrand/7997246.htm HTTP/1.1" 200 21839 "-" "Mozilla/5.0 (Linux; Android 6.0.1; Nexus 5X Build/MMB29P) AppleWebKit/537.36 (KHTML, like Gecko) Chrome/137.0.7151.103 Mobile Safari/537.36 (compatible; GoogleOther)"
66.249.68.66 - - [19/Jul/2025:22:20:35 +0000] "GET /items/handicrafts/paintings/2644745/alalamy.com.au?_bd_prev_page=alalamy.com.au/detail.php?shopbrand/7999313.htm HTTP/1.1" 200 21927 "-" "Mozilla/5.0 (Linux; Android 6.0.1; Nexus 5X Build/MMB29P) AppleWebKit/537.36 (KHTML, like Gecko) Chrome/137.0.7151.103 Mobile Safari/537.36 (compatible; GoogleOther)"
209.74.77.214 - - [19/Jul/2025:22:20:58 +0000] "POST /wp-cron.php?doing_wp_cron=1752963658.2456359863281250000000 HTTP/1.1" 200 - "-" "WordPress/6.8.2; https://alalamy.com.au"
66.249.68.66 - - [19/Jul/2025:22:20:58 +0000] "GET /items/handmade/paintings/5377890/feature/idol/q/u003d75/101079/47c6d2c93b0712aeecfe9e1ba2a1ea2a.jpg HTTP/1.1" 404 20411 "-" "Googlebot-Image/1.0"
66.249.68.67 - - [19/Jul/2025:22:21:24 +0000] "GET /items/handicrafts/paintings/2644745/alalamy.com.au?_bd_prev_page=alalamy.com.au/detail.php?shopbrand/7998076.htm HTTP/1.1" 200 20344 "-" "Mozilla/5.0 (Linux; Android 6.0.1; Nexus 5X Build/MMB29P) AppleWebKit/537.36 (KHTML, like Gecko) Chrome/137.0.7151.103 Mobile Safari/537.36 (compatible; GoogleOther)"
66.249.68.66 - - [19/Jul/2025:22:21:48 +0000] "GET /items/handicrafts/paintings/2644745/alalamy.com.au?_bd_prev_page=alalamy.com.au/detail.php?shopbrand/7990832.htm HTTP/1.1" 200 19717 "-" "Mozilla/5.0 (Linux; Android 6.0.1; Nexus 5X Build/MMB29P) AppleWebKit/537.36 (KHTML, like Gecko) Chrome/137.0.7151.103 Mobile Safari/537.36 (compatible; GoogleOther)"
66.249.68.67 - - [19/Jul/2025:22:22:13 +0000] "GET /items/handicrafts/paintings/2644745/alalamy.com.au?_bd_prev_page=alalamy.com.au/detail.php?shopbrand/7995163.htm HTTP/1.1" 200 21125 "-" "Mozilla/5.0 (Linux; Android 6.0.1; Nexus 5X Build/MMB29P) AppleWebKit/537.36 (KHTML, like Gecko) Chrome/137.0.7151.103 Mobile Safari/537.36 (compatible; GoogleOther)"
66.249.68.66 - - [19/Jul/2025:22:22:37 +0000] "GET /items/handicrafts/paintings/2644745/alalamy.com.au?_bd_prev_page=alalamy.com.au/detail.php?shopbrand/7999984.htm HTTP/1.1" 200 22376 "-" "Mozilla/5.0 (Linux; Android 6.0.1; Nexus 5X Build/MMB29P) AppleWebKit/537.36 (KHTML, like Gecko) Chrome/137.0.7151.103 Mobile Safari/537.36 (compatible; GoogleOther)"
66.249.68.68 - - [19/Jul/2025:22:23:02 +0000] "GET /items/handicrafts/paintings/2644745/alalamy.com.au?_bd_prev_page=alalamy.com.au/detail.php?shopbrand/8002375.htm HTTP/1.1" 200 19504 "-" "Mozilla/5.0 (Linux; Android 6.0.1; Nexus 5X Build/MMB29P) AppleWebKit/537.36 (KHTML, like Gecko) Chrome/137.0.7151.103 Mobile Safari/537.36 (compatible; GoogleOther)"
66.249.68.67 - - [19/Jul/2025:22:23:26 +0000] "GET /items/handicrafts/paintings/2644745/alalamy.com.au?_bd_prev_page=alalamy.com.au/detail.php?shopbrand/7994025.htm HTTP/1.1" 200 19443 "-" "Mozilla/5.0 (Linux; Android 6.0.1; Nexus 5X Build/MMB29P) AppleWebKit/537.36 (KHTML, like Gecko) Chrome/137.0.7151.103 Mobile Safari/537.36 (compatible; GoogleOther)"
66.249.68.66 - - [19/Jul/2025:22:23:51 +0000] "GET /items/handicrafts/paintings/2644745/alalamy.com.au?_bd_prev_page=alalamy.com.au/detail.php?shopbrand/7996664.htm HTTP/1.1" 200 22006 "-" "Mozilla/5.0 (Linux; Android 6.0.1; Nexus 5X Build/MMB29P) AppleWebKit/537.36 (KHTML, like Gecko) Chrome/137.0.7151.103 Mobile Safari/537.36 (compatible; GoogleOther)"
66.249.68.66 - - [19/Jul/2025:22:24:15 +0000] "GET /items/handicrafts/paintings/2644745/alalamy.com.au?_bd_prev_page=alalamy.com.au/detail.php?shopbrand/7992756.htm HTTP/1.1" 200 20646 "-" "Mozilla/5.0 (Linux; Android 6.0.1; Nexus 5X Build/MMB29P) AppleWebKit/537.36 (KHTML, like Gecko) Chrome/137.0.7151.103 Mobile Safari/537.36 (compatible; GoogleOther)"
66.249.68.66 - - [19/Jul/2025:22:24:40 +0000] "GET /items/handicrafts/paintings/2644745/alalamy.com.au?_bd_prev_page=alalamy.com.au/detail.php?shopbrand/7998483.htm HTTP/1.1" 200 22619 "-" "Mozilla/5.0 (Linux; Android 6.0.1; Nexus 5X Build/MMB29P) AppleWebKit/537.36 (KHTML, like Gecko) Chrome/137.0.7151.103 Mobile Safari/537.36 (compatible; GoogleOther)"
66.249.68.66 - - [19/Jul/2025:22:25:04 +0000] "GET /items/handicrafts/paintings/2644745/alalamy.com.au?_bd_prev_page=alalamy.com.au/detail.php?shopbrand/7999611.htm HTTP/1.1" 200 22040 "-" "Mozilla/5.0 (Linux; Android 6.0.1; Nexus 5X Build/MMB29P) AppleWebKit/537.36 (KHTML, like Gecko) Chrome/137.0.7151.103 Mobile Safari/537.36 (compatible; GoogleOther)"
66.249.68.66 - - [19/Jul/2025:22:25:28 +0000] "GET /items/handicrafts/paintings/2644745/alalamy.com.au?_bd_prev_page=alalamy.com.au/detail.php?shopbrand/8000407.htm HTTP/1.1" 200 21696 "-" "Mozilla/5.0 (Linux; Android 6.0.1; Nexus 5X Build/MMB29P) AppleWebKit/537.36 (KHTML, like Gecko) Chrome/137.0.7151.103 Mobile Safari/537.36 (compatible; GoogleOther)"
66.249.68.66 - - [19/Jul/2025:22:25:53 +0000] "GET /items/handicrafts/paintings/2644745/alalamy.com.au?_bd_prev_page=alalamy.com.au/detail.php?shopbrand/7995536.htm HTTP/1.1" 200 19678 "-" "Mozilla/5.0 (Linux; Android 6.0.1; Nexus 5X Build/MMB29P) AppleWebKit/537.36 (KHTML, like Gecko) Chrome/137.0.7151.103 Mobile Safari/537.36 (compatible; GoogleOther)"
66.249.68.66 - - [19/Jul/2025:22:26:17 +0000] "GET /items/handicrafts/paintings/2644745/alalamy.com.au?_bd_prev_page=alalamy.com.au/detail.php?shopbrand/8001835.htm HTTP/1.1" 200 20416 "-" "Mozilla/5.0 (Linux; Android 6.0.1; Nexus 5X Build/MMB29P) AppleWebKit/537.36 (KHTML, like Gecko) Chrome/137.0.7151.103 Mobile Safari/537.36 (compatible; GoogleOther)"
66.249.68.66 - - [19/Jul/2025:22:26:42 +0000] "GET /items/handicrafts/paintings/2644745/alalamy.com.au?_bd_prev_page=alalamy.com.au/detail.php?shopbrand/7993054.htm HTTP/1.1" 200 20404 "-" "Mozilla/5.0 (Linux; Android 6.0.1; Nexus 5X Build/MMB29P) AppleWebKit/537.36 (KHTML, like Gecko) Chrome/137.0.7151.103 Mobile Safari/537.36 (compatible; GoogleOther)"
66.249.68.68 - - [19/Jul/2025:22:27:06 +0000] "GET /items/handicrafts/paintings/2644745/alalamy.com.au?_bd_prev_page=alalamy.com.au/detail.php?shopbrand/8000141.htm HTTP/1.1" 200 22000 "-" "Mozilla/5.0 (Linux; Android 6.0.1; Nexus 5X Build/MMB29P) AppleWebKit/537.36 (KHTML, like Gecko) Chrome/137.0.7151.103 Mobile Safari/537.36 (compatible; GoogleOther)"
66.249.68.66 - - [19/Jul/2025:22:27:31 +0000] "GET /items/handicrafts/paintings/2644745/alalamy.com.au?_bd_prev_page=alalamy.com.au/detail.php?shopbrand/8002109.htm HTTP/1.1" 200 19350 "-" "Mozilla/5.0 (Linux; Android 6.0.1; Nexus 5X Build/MMB29P) AppleWebKit/537.36 (KHTML, like Gecko) Chrome/137.0.7151.103 Mobile Safari/537.36 (compatible; GoogleOther)"
66.249.68.66 - - [19/Jul/2025:22:27:55 +0000] "GET /items/handicrafts/paintings/2644745/alalamy.com.au?_bd_prev_page=alalamy.com.au/detail.php?shopbrand/7997345.htm HTTP/1.1" 200 19321 "-" "Mozilla/5.0 (Linux; Android 6.0.1; Nexus 5X Build/MMB29P) AppleWebKit/537.36 (KHTML, like Gecko) Chrome/137.0.7151.103 Mobile Safari/537.36 (compatible; GoogleOther)"
66.249.68.66 - - [19/Jul/2025:22:28:17 +0000] "GET /items/handicrafts/paintings/2644745/alalamy.com.au?_bd_prev_page=alalamy.com.au/detail.php?product/edit/A2356529164 HTTP/1.1" 200 21310 "-" "Mozilla/5.0 (Linux; Android 6.0.1; Nexus 5X Build/MMB29P) AppleWebKit/537.36 (KHTML, like Gecko) Chrome/137.0.7151.103 Mobile Safari/537.36 (compatible; GoogleOther)"
66.249.68.66 - - [19/Jul/2025:22:28:17 +0000] "GET /items/handicrafts/paintings/2644745/gravity/u003dauto HTTP/1.1" 200 19998 "-" "Mozilla/5.0 (Linux; Android 6.0.1; Nexus 5X Build/MMB29P) AppleWebKit/537.36 (KHTML, like Gecko) Chrome/137.0.7151.103 Mobile Safari/537.36 (compatible; GoogleOther)"
66.249.68.66 - - [19/Jul/2025:22:28:18 +0000] "GET /items/handicrafts/paintings/2644745/alalamy.com.au?_bd_prev_page=alalamy.com.au/detail.php?shopbrand/14093645.htm HTTP/1.1" 200 19091 "-" "Mozilla/5.0 (Linux; Android 6.0.1; Nexus 5X Build/MMB29P) AppleWebKit/537.36 (KHTML, like Gecko) Chrome/137.0.7151.103 Mobile Safari/537.36 (compatible; GoogleOther)"
66.249.68.66 - - [19/Jul/2025:22:28:19 +0000] "GET /items/handicrafts/paintings/2644745/alalamy.com.au?_bd_prev_page=alalamy.com.au/detail.php?shopbrand/84449885.htm HTTP/1.1" 200 21227 "-" "Mozilla/5.0 (Linux; Android 6.0.1; Nexus 5X Build/MMB29P) AppleWebKit/537.36 (KHTML, like Gecko) Chrome/137.0.7151.103 Mobile Safari/537.36 (compatible; GoogleOther)"
66.249.68.67 - - [19/Jul/2025:22:28:26 +0000] "POST /get-message-notify HTTP/1.1" 200 19553 "http://alalamy.com.au/items/handicrafts/paintings/2644745/alalamy.com.au?_bd_prev_page=alalamy.com.au/detail.php?shopbrand/84449885.htm" "Mozilla/5.0 (Linux; Android 6.0.1; Nexus 5X Build/MMB29P) AppleWebKit/537.36 (KHTML, like Gecko) Chrome/137.0.7151.119 Mobile Safari/537.36 (compatible; Googlebot/2.1; +http://www.google.com/bot.html)"
66.249.68.67 - - [19/Jul/2025:22:28:33 +0000] "POST /get-message-notify HTTP/1.1" 200 19553 "http://alalamy.com.au/items/handicrafts/paintings/2644745/gravity/u003dauto" "Mozilla/5.0 (Linux; Android 6.0.1; Nexus 5X Build/MMB29P) AppleWebKit/537.36 (KHTML, like Gecko) Chrome/137.0.7151.119 Mobile Safari/537.36 (compatible; Googlebot/2.1; +http://www.google.com/bot.html)"
66.249.68.67 - - [19/Jul/2025:22:28:34 +0000] "GET /items/handicrafts/paintings/2644745/alalamy.com.au?_bd_prev_page=alalamy.com.au/detail.php?shopbrand/7990276.htm HTTP/1.1" 200 20544 "-" "Mozilla/5.0 (Linux; Android 6.0.1; Nexus 5X Build/MMB29P) AppleWebKit/537.36 (KHTML, like Gecko) Chrome/137.0.7151.103 Mobile Safari/537.36 (compatible; GoogleOther)"
66.249.68.66 - - [19/Jul/2025:22:28:44 +0000] "GET /items/handicrafts/paintings/2644745/alalamy.com.au?_bd_prev_page=alalamy.com.au/detail.php?shopbrand/7998598.htm HTTP/1.1" 200 19523 "-" "Mozilla/5.0 (Linux; Android 6.0.1; Nexus 5X Build/MMB29P) AppleWebKit/537.36 (KHTML, like Gecko) Chrome/137.0.7151.103 Mobile Safari/537.36 (compatible; GoogleOther)"
66.249.68.69 - - [19/Jul/2025:22:28:47 +0000] "POST /get-message-notify HTTP/1.1" 200 19553 "http://alalamy.com.au/items/handicrafts/paintings/2644745/alalamy.com.au?_bd_prev_page=alalamy.com.au/detail.php?shopbrand/14093645.htm" "Mozilla/5.0 (Linux; Android 6.0.1; Nexus 5X Build/MMB29P) AppleWebKit/537.36 (KHTML, like Gecko) Chrome/137.0.7151.119 Mobile Safari/537.36 (compatible; Googlebot/2.1; +http://www.google.com/bot.html)"
66.249.68.66 - - [19/Jul/2025:22:29:09 +0000] "GET /items/handicrafts/paintings/2644745/alalamy.com.au?_bd_prev_page=alalamy.com.au/detail.php?product/edit/A2038810241 HTTP/1.1" 200 19389 "-" "Mozilla/5.0 (Linux; Android 6.0.1; Nexus 5X Build/MMB29P) AppleWebKit/537.36 (KHTML, like Gecko) Chrome/137.0.7151.103 Mobile Safari/537.36 (compatible; GoogleOther)"
66.249.68.66 - - [19/Jul/2025:22:29:33 +0000] "GET /items/handicrafts/paintings/2644745/alalamy.com.au?_bd_prev_page=alalamy.com.au/detail.php?shopbrand/8001122.htm HTTP/1.1" 200 19557 "-" "Mozilla/5.0 (Linux; Android 6.0.1; Nexus 5X Build/MMB29P) AppleWebKit/537.36 (KHTML, like Gecko) Chrome/137.0.7151.103 Mobile Safari/537.36 (compatible; GoogleOther)"
66.249.68.67 - - [19/Jul/2025:22:29:58 +0000] "GET /items/handicrafts/paintings/2644745/alalamy.com.au?_bd_prev_page=alalamy.com.au/detail.php?shopbrand/7999428.htm HTTP/1.1" 200 19451 "-" "Mozilla/5.0 (Linux; Android 6.0.1; Nexus 5X Build/MMB29P) AppleWebKit/537.36 (KHTML, like Gecko) Chrome/137.0.7151.103 Mobile Safari/537.36 (compatible; GoogleOther)"
66.249.68.66 - - [19/Jul/2025:22:30:22 +0000] "GET /items/handicrafts/paintings/2644745/alalamy.com.au?_bd_prev_page=alalamy.com.au/detail.php?shopbrand/7998217.htm HTTP/1.1" 200 19264 "-" "Mozilla/5.0 (Linux; Android 6.0.1; Nexus 5X Build/MMB29P) AppleWebKit/537.36 (KHTML, like Gecko) Chrome/137.0.7151.103 Mobile Safari/537.36 (compatible; GoogleOther)"
66.249.74.13 - - [19/Jul/2025:22:30:27 +0000] "GET /shopbrand/82428950.htm HTTP/1.1" 200 19773 "-" "Mozilla/5.0 (Linux; Android 6.0.1; Nexus 5X Build/MMB29P) AppleWebKit/537.36 (KHTML, like Gecko) Chrome/137.0.7151.103 Mobile Safari/537.36 (compatible; Googlebot/2.1; +http://www.google.com/bot.html)"
66.249.68.66 - - [19/Jul/2025:22:30:47 +0000] "GET /items/handicrafts/paintings/2644745/alalamy.com.au?_bd_prev_page=alalamy.com.au/detail.php?shopbrand/7995703.htm HTTP/1.1" 200 21272 "-" "Mozilla/5.0 (Linux; Android 6.0.1; Nexus 5X Build/MMB29P) AppleWebKit/537.36 (KHTML, like Gecko) Chrome/137.0.7151.103 Mobile Safari/537.36 (compatible; GoogleOther)"
66.249.74.12 - - [19/Jul/2025:22:31:07 +0000] "GET /items/art/models/4406099/alalamy.com.au/feature/akihabara_main/index.html HTTP/1.1" 200 21204 "-" "Mozilla/5.0 (Linux; Android 6.0.1; Nexus 5X Build/MMB29P) AppleWebKit/537.36 (KHTML, like Gecko) Chrome/137.0.7151.103 Mobile Safari/537.36 (compatible; GoogleOther)"
66.249.74.14 - - [19/Jul/2025:22:31:07 +0000] "GET /items/art/collections/5025410/alalamy.com.au/affiliate HTTP/1.1" 200 19299 "-" "Mozilla/5.0 (Linux; Android 6.0.1; Nexus 5X Build/MMB29P) AppleWebKit/537.36 (KHTML, like Gecko) Chrome/137.0.7151.103 Mobile Safari/537.36 (compatible; GoogleOther)"
66.249.74.13 - - [19/Jul/2025:22:31:15 +0000] "POST /get-message-notify HTTP/1.1" 200 19578 "http://www.alalamy.com.au/items/art/collections/5025410/alalamy.com.au/affiliate" "Mozilla/5.0 (Linux; Android 6.0.1; Nexus 5X Build/MMB29P) AppleWebKit/537.36 (KHTML, like Gecko) Chrome/137.0.7151.119 Mobile Safari/537.36 (compatible; Googlebot/2.1; +http://www.google.com/bot.html)"
66.249.68.66 - - [19/Jul/2025:22:31:16 +0000] "GET /items/handicrafts/paintings/2644745/alalamy.com.au?_bd_prev_page=alalamy.com.au/detail.php?shopbrand/7994450.htm HTTP/1.1" 200 19195 "-" "Mozilla/5.0 (Linux; Android 6.0.1; Nexus 5X Build/MMB29P) AppleWebKit/537.36 (KHTML, like Gecko) Chrome/137.0.7151.103 Mobile Safari/537.36 (compatible; GoogleOther)"
66.249.74.12 - - [19/Jul/2025:22:31:23 +0000] "POST /get-message-notify HTTP/1.1" 200 19578 "http://www.alalamy.com.au/items/art/models/4406099/alalamy.com.au/feature/akihabara_main/index.html" "Mozilla/5.0 (Linux; Android 6.0.1; Nexus 5X Build/MMB29P) AppleWebKit/537.36 (KHTML, like Gecko) Chrome/137.0.7151.119 Mobile Safari/537.36 (compatible; Googlebot/2.1; +http://www.google.com/bot.html)"
66.249.74.12 - - [19/Jul/2025:22:31:27 +0000] "GET /items/handmade/paintings/5377890/alalamy.com.au/man/alalamy.com.au/game.html HTTP/1.1" 200 18357 "-" "Mozilla/5.0 (Linux; Android 6.0.1; Nexus 5X Build/MMB29P) AppleWebKit/537.36 (KHTML, like Gecko) Chrome/137.0.7151.103 Mobile Safari/537.36 (compatible; GoogleOther)"
66.249.74.12 - - [19/Jul/2025:22:31:27 +0000] "GET /items/art/wind/4816783/alalamy.com.au/feature/akihabara_main/index.html/feature/idol/alalamy.com.au/man/customer_guide HTTP/1.1" 200 18961 "-" "Mozilla/5.0 (Linux; Android 6.0.1; Nexus 5X Build/MMB29P) AppleWebKit/537.36 (KHTML, like Gecko) Chrome/137.0.7151.103 Mobile Safari/537.36 (compatible; GoogleOther)"
66.249.74.12 - - [19/Jul/2025:22:31:28 +0000] "GET /items/art/antiques/1704275/alalamy.com.au/pcsp.html HTTP/1.1" 200 19053 "-" "Mozilla/5.0 (Linux; Android 6.0.1; Nexus 5X Build/MMB29P) AppleWebKit/537.36 (KHTML, like Gecko) Chrome/137.0.7151.103 Mobile Safari/537.36 (compatible; GoogleOther)"
66.249.74.12 - - [19/Jul/2025:22:31:34 +0000] "POST /get-message-notify HTTP/1.1" 200 19578 "http://www.alalamy.com.au/items/art/wind/4816783/alalamy.com.au/feature/akihabara_main/index.html/feature/idol/alalamy.com.au/man/customer_guide" "Mozilla/5.0 (Linux; Android 6.0.1; Nexus 5X Build/MMB29P) AppleWebKit/537.36 (KHTML, like Gecko) Chrome/137.0.7151.119 Mobile Safari/537.36 (compatible; Googlebot/2.1; +http://www.google.com/bot.html)"
66.249.68.68 - - [19/Jul/2025:22:31:36 +0000] "GET /items/handicrafts/paintings/2644745/alalamy.com.au?_bd_prev_page=alalamy.com.au/detail.php?shopbrand/7996374.htm HTTP/1.1" 200 19563 "-" "Mozilla/5.0 (Linux; Android 6.0.1; Nexus 5X Build/MMB29P) AppleWebKit/537.36 (KHTML, like Gecko) Chrome/137.0.7151.103 Mobile Safari/537.36 (compatible; GoogleOther)"
66.249.68.66 - - [19/Jul/2025:22:32:00 +0000] "GET /items/handicrafts/paintings/2644745/alalamy.com.au?_bd_prev_page=alalamy.com.au/detail.php?shopbrand/7998888.htm HTTP/1.1" 200 19609 "-" "Mozilla/5.0 (Linux; Android 6.0.1; Nexus 5X Build/MMB29P) AppleWebKit/537.36 (KHTML, like Gecko) Chrome/137.0.7151.103 Mobile Safari/537.36 (compatible; GoogleOther)"
66.249.74.13 - - [19/Jul/2025:22:32:10 +0000] "POST /get-message-notify HTTP/1.1" 200 19578 "http://www.alalamy.com.au/items/art/antiques/1704275/alalamy.com.au/pcsp.html" "Mozilla/5.0 (Linux; Android 6.0.1; Nexus 5X Build/MMB29P) AppleWebKit/537.36 (KHTML, like Gecko) Chrome/137.0.7151.119 Mobile Safari/537.36 (compatible; Googlebot/2.1; +http://www.google.com/bot.html)"
66.249.74.12 - - [19/Jul/2025:22:32:22 +0000] "GET /shopbrand/82469123.htm HTTP/1.1" 200 18612 "-" "Mozilla/5.0 (Linux; Android 6.0.1; Nexus 5X Build/MMB29P) AppleWebKit/537.36 (KHTML, like Gecko) Chrome/137.0.7151.103 Mobile Safari/537.36 (compatible; Googlebot/2.1; +http://www.google.com/bot.html)"
66.249.68.67 - - [19/Jul/2025:22:32:33 +0000] "GET /items/handicrafts/paintings/2644745/alalamy.com.au?_bd_prev_page=alalamy.com.au/detail.php?shopbrand/7997504.htm HTTP/1.1" 200 19594 "-" "Mozilla/5.0 (Linux; Android 6.0.1; Nexus 5X Build/MMB29P) AppleWebKit/537.36 (KHTML, like Gecko) Chrome/137.0.7151.103 Mobile Safari/537.36 (compatible; GoogleOther)"
66.249.68.69 - - [19/Jul/2025:22:33:24 +0000] "GET /items/art/musical-instruments/5047267/alalamy.com.au?_bd_prev_page=alalamy.com.au/detail.php?shopbrand/8083666.htm HTTP/1.1" 200 20102 "-" "Mozilla/5.0 (Linux; Android 6.0.1; Nexus 5X Build/MMB29P) AppleWebKit/537.36 (KHTML, like Gecko) Chrome/137.0.7151.103 Mobile Safari/537.36 (compatible; GoogleOther)"
173.252.87.2 - - [19/Jul/2025:22:33:55 +0000] "GET /robots.txt HTTP/1.1" 206 977 "-" "facebookexternalhit/1.1 (+http://www.facebook.com/externalhit_uatext.php)"
66.249.74.12 - - [19/Jul/2025:22:35:11 +0000] "GET /items/handmade/paintings/5377890/alalamy.com.au/feature/akihabara_main/q/u003d100 HTTP/1.1" 200 18374 "-" "Mozilla/5.0 (Linux; Android 6.0.1; Nexus 5X Build/MMB29P) AppleWebKit/537.36 (KHTML, like Gecko) Chrome/137.0.7151.103 Mobile Safari/537.36 (compatible; GoogleOther)"
66.249.74.12 - - [19/Jul/2025:22:35:12 +0000] "GET /items/handmade/paintings/5377890/feature/idol/-20_ZA10 HTTP/1.1" 200 18360 "-" "Mozilla/5.0 (Linux; Android 6.0.1; Nexus 5X Build/MMB29P) AppleWebKit/537.36 (KHTML, like Gecko) Chrome/137.0.7151.103 Mobile Safari/537.36 (compatible; GoogleOther)"
66.249.74.14 - - [19/Jul/2025:22:35:12 +0000] "GET /items/handmade/paintings/5377890/feature/idol/-20_ZA20 HTTP/1.1" 200 18363 "-" "Mozilla/5.0 (Linux; Android 6.0.1; Nexus 5X Build/MMB29P) AppleWebKit/537.36 (KHTML, like Gecko) Chrome/137.0.7151.103 Mobile Safari/537.36 (compatible; GoogleOther)"
66.249.74.12 - - [19/Jul/2025:22:35:13 +0000] "GET /items/handmade/paintings/5377890/feature/idol/BottomLeft HTTP/1.1" 200 18363 "-" "Mozilla/5.0 (Linux; Android 6.0.1; Nexus 5X Build/MMB29P) AppleWebKit/537.36 (KHTML, like Gecko) Chrome/137.0.7151.103 Mobile Safari/537.36 (compatible; GoogleOther)"
66.249.74.12 - - [19/Jul/2025:22:35:13 +0000] "GET /items/handmade/paintings/5377890/feature/idol/30 HTTP/1.1" 200 18350 "-" "Mozilla/5.0 (Linux; Android 6.0.1; Nexus 5X Build/MMB29P) AppleWebKit/537.36 (KHTML, like Gecko) Chrome/137.0.7151.103 Mobile Safari/537.36 (compatible; GoogleOther)"
66.249.74.13 - - [19/Jul/2025:22:35:14 +0000] "GET /items/handmade/paintings/alalamy.com.au/oreka/1000 HTTP/1.1" 200 18719 "-" "Mozilla/5.0 (Linux; Android 6.0.1; Nexus 5X Build/MMB29P) AppleWebKit/537.36 (KHTML, like Gecko) Chrome/137.0.7151.103 Mobile Safari/537.36 (compatible; GoogleOther)"
66.249.74.13 - - [19/Jul/2025:22:35:20 +0000] "POST /get-message-notify HTTP/1.1" 200 19578 "http://www.alalamy.com.au/items/handmade/paintings/5377890/feature/idol/-20_ZA10" "Mozilla/5.0 (Linux; Android 6.0.1; Nexus 5X Build/MMB29P) AppleWebKit/537.36 (KHTML, like Gecko) Chrome/137.0.7151.119 Mobile Safari/537.36 (compatible; Googlebot/2.1; +http://www.google.com/bot.html)"
66.249.74.12 - - [19/Jul/2025:22:35:44 +0000] "GET /items/art/antiques/3994491/alalamy.com.au?_bd_prev_page=alalamy.com.au/detail.php?shopbrand/8829693.htm HTTP/1.1" 200 19847 "-" "Mozilla/5.0 (Linux; Android 6.0.1; Nexus 5X Build/MMB29P) AppleWebKit/537.36 (KHTML, like Gecko) Chrome/137.0.7151.103 Mobile Safari/537.36 (compatible; GoogleOther)"
66.249.74.12 - - [19/Jul/2025:22:35:45 +0000] "GET /items/handmade/paintings/alalamy.com.au/oreka/alalamy.com.au?_bd_prev_page=alalamy.com.au/detail.php?shopbrand/8931582.htm HTTP/1.1" 200 21418 "-" "Mozilla/5.0 (Linux; Android 6.0.1; Nexus 5X Build/MMB29P) AppleWebKit/537.36 (KHTML, like Gecko) Chrome/137.0.7151.103 Mobile Safari/537.36 (compatible; GoogleOther)"
66.249.74.12 - - [19/Jul/2025:22:35:45 +0000] "POST /get-message-notify HTTP/1.1" 200 19578 "http://www.alalamy.com.au/items/handmade/paintings/alalamy.com.au/oreka/1000" "Mozilla/5.0 (Linux; Android 6.0.1; Nexus 5X Build/MMB29P) AppleWebKit/537.36 (KHTML, like Gecko) Chrome/137.0.7151.119 Mobile Safari/537.36 (compatible; Googlebot/2.1; +http://www.google.com/bot.html)"
66.249.74.12 - - [19/Jul/2025:22:35:45 +0000] "GET /items/handmade/paintings/5377890/alalamy.com.au/feature/akihabara_main/alalamy.com.au?_bd_prev_page=alalamy.com.au/detail.php?shopbrand/8211008.htm HTTP/1.1" 200 21011 "-" "Mozilla/5.0 (Linux; Android 6.0.1; Nexus 5X Build/MMB29P) AppleWebKit/537.36 (KHTML, like Gecko) Chrome/137.0.7151.103 Mobile Safari/537.36 (compatible; GoogleOther)"
66.249.74.12 - - [19/Jul/2025:22:35:46 +0000] "GET /items/handmade/paintings/5377890/alalamy.com.au/feature/akihabara_main/alalamy.com.au?_bd_prev_page=alalamy.com.au/detail.php?shopbrand/8011402.htm HTTP/1.1" 200 19487 "-" "Mozilla/5.0 (Linux; Android 6.0.1; Nexus 5X Build/MMB29P) AppleWebKit/537.36 (KHTML, like Gecko) Chrome/137.0.7151.103 Mobile Safari/537.36 (compatible; GoogleOther)"
66.249.74.12 - - [19/Jul/2025:22:35:46 +0000] "GET /items/handmade/paintings/5377890/alalamy.com.au/feature/akihabara_main/alalamy.com.au?_bd_prev_page=alalamy.com.au/detail.php?shopbrand/8205986.htm HTTP/1.1" 200 22432 "-" "Mozilla/5.0 (Linux; Android 6.0.1; Nexus 5X Build/MMB29P) AppleWebKit/537.36 (KHTML, like Gecko) Chrome/137.0.7151.103 Mobile Safari/537.36 (compatible; GoogleOther)"
66.249.74.13 - - [19/Jul/2025:22:36:16 +0000] "POST /get-message-notify HTTP/1.1" 200 19578 "http://www.alalamy.com.au/items/handmade/paintings/5377890/alalamy.com.au/feature/akihabara_main/q/u003d100" "Mozilla/5.0 (Linux; Android 6.0.1; Nexus 5X Build/MMB29P) AppleWebKit/537.36 (KHTML, like Gecko) Chrome/137.0.7151.119 Mobile Safari/537.36 (compatible; Googlebot/2.1; +http://www.google.com/bot.html)"
66.249.74.14 - - [19/Jul/2025:22:36:19 +0000] "POST /get-message-notify HTTP/1.1" 200 19578 "http://www.alalamy.com.au/items/handmade/paintings/5377890/feature/idol/BottomLeft" "Mozilla/5.0 (Linux; Android 6.0.1; Nexus 5X Build/MMB29P) AppleWebKit/537.36 (KHTML, like Gecko) Chrome/137.0.7151.119 Mobile Safari/537.36 (compatible; Googlebot/2.1; +http://www.google.com/bot.html)"
66.249.74.12 - - [19/Jul/2025:22:36:53 +0000] "POST /get-message-notify HTTP/1.1" 200 19578 "http://www.alalamy.com.au/items/handmade/paintings/5377890/alalamy.com.au/feature/akihabara_main/alalamy.com.au?_bd_prev_page=alalamy.com.au/detail.php?shopbrand/8205986.htm" "Mozilla/5.0 (Linux; Android 6.0.1; Nexus 5X Build/MMB29P) AppleWebKit/537.36 (KHTML, like Gecko) Chrome/137.0.7151.119 Mobile Safari/537.36 (compatible; Googlebot/2.1; +http://www.google.com/bot.html)"
66.249.74.12 - - [19/Jul/2025:22:37:00 +0000] "POST /get-message-notify HTTP/1.1" 200 19578 "http://www.alalamy.com.au/items/art/antiques/3994491/alalamy.com.au?_bd_prev_page=alalamy.com.au/detail.php?shopbrand/8829693.htm" "Mozilla/5.0 (Linux; Android 6.0.1; Nexus 5X Build/MMB29P) AppleWebKit/537.36 (KHTML, like Gecko) Chrome/137.0.7151.119 Mobile Safari/537.36 (compatible; Googlebot/2.1; +http://www.google.com/bot.html)"
