216.73.216.220 - - [19/Jul/2025:14:11:01 +0000] "GET /detail/859778398.shtm HTTP/1.1" 404 12596 "-" "Mozilla/5.0 AppleWebKit/537.36 (KHTML, like Gecko; compatible; ClaudeBot/1.0; [email protected])"
216.73.216.220 - - [19/Jul/2025:14:11:04 +0000] "GET /detail/859748547.shtm HTTP/1.1" 404 12597 "-" "Mozilla/5.0 AppleWebKit/537.36 (KHTML, like Gecko; compatible; ClaudeBot/1.0; [email protected])"
216.73.216.220 - - [19/Jul/2025:14:11:07 +0000] "GET /detail/860100476.shtm HTTP/1.1" 404 12595 "-" "Mozilla/5.0 AppleWebKit/537.36 (KHTML, like Gecko; compatible; ClaudeBot/1.0; [email protected])"
216.73.216.220 - - [19/Jul/2025:14:11:10 +0000] "GET /detail/859564466.shtm HTTP/1.1" 404 12595 "-" "Mozilla/5.0 AppleWebKit/537.36 (KHTML, like Gecko; compatible; ClaudeBot/1.0; [email protected])"
216.73.216.220 - - [19/Jul/2025:14:11:13 +0000] "GET /detail/859878677.shtm HTTP/1.1" 404 12597 "-" "Mozilla/5.0 AppleWebKit/537.36 (KHTML, like Gecko; compatible; ClaudeBot/1.0; [email protected])"
209.74.77.214 - - [19/Jul/2025:14:11:17 +0000] "POST /wp-cron.php?doing_wp_cron=1752934277.0262959003448486328125 HTTP/1.1" 200 - "-" "WordPress/6.8.2; https://ap.cleaning"
216.73.216.220 - - [19/Jul/2025:14:11:16 +0000] "GET /detail/860002094.shtm HTTP/1.1" 404 12595 "-" "Mozilla/5.0 AppleWebKit/537.36 (KHTML, like Gecko; compatible; ClaudeBot/1.0; [email protected])"
216.73.216.220 - - [19/Jul/2025:14:11:19 +0000] "GET /detail/859499360.shtm HTTP/1.1" 404 12596 "-" "Mozilla/5.0 AppleWebKit/537.36 (KHTML, like Gecko; compatible; ClaudeBot/1.0; [email protected])"
216.73.216.220 - - [19/Jul/2025:14:11:22 +0000] "GET /detail/860046178.shtm HTTP/1.1" 404 12595 "-" "Mozilla/5.0 AppleWebKit/537.36 (KHTML, like Gecko; compatible; ClaudeBot/1.0; [email protected])"
216.73.216.220 - - [19/Jul/2025:14:11:26 +0000] "GET /detail/859915976.shtm HTTP/1.1" 404 12596 "-" "Mozilla/5.0 AppleWebKit/537.36 (KHTML, like Gecko; compatible; ClaudeBot/1.0; [email protected])"
216.73.216.220 - - [19/Jul/2025:14:11:28 +0000] "GET /detail/859910202.shtm HTTP/1.1" 404 12597 "-" "Mozilla/5.0 AppleWebKit/537.36 (KHTML, like Gecko; compatible; ClaudeBot/1.0; [email protected])"
216.73.216.220 - - [19/Jul/2025:14:11:32 +0000] "GET /detail/859827591.shtm HTTP/1.1" 404 12595 "-" "Mozilla/5.0 AppleWebKit/537.36 (KHTML, like Gecko; compatible; ClaudeBot/1.0; [email protected])"
216.73.216.220 - - [19/Jul/2025:14:11:34 +0000] "GET /detail/860103698.shtm HTTP/1.1" 404 12595 "-" "Mozilla/5.0 AppleWebKit/537.36 (KHTML, like Gecko; compatible; ClaudeBot/1.0; [email protected])"
216.73.216.220 - - [19/Jul/2025:14:11:38 +0000] "GET /detail/860085735.shtm HTTP/1.1" 404 12594 "-" "Mozilla/5.0 AppleWebKit/537.36 (KHTML, like Gecko; compatible; ClaudeBot/1.0; [email protected])"
216.73.216.220 - - [19/Jul/2025:14:11:40 +0000] "GET /detail/859717375.shtm HTTP/1.1" 404 12595 "-" "Mozilla/5.0 AppleWebKit/537.36 (KHTML, like Gecko; compatible; ClaudeBot/1.0; [email protected])"
216.73.216.220 - - [19/Jul/2025:14:11:43 +0000] "GET /detail/859716504.shtm HTTP/1.1" 404 12595 "-" "Mozilla/5.0 AppleWebKit/537.36 (KHTML, like Gecko; compatible; ClaudeBot/1.0; [email protected])"
216.73.216.220 - - [19/Jul/2025:14:11:49 +0000] "GET /detail/859789483.shtm HTTP/1.1" 404 12596 "-" "Mozilla/5.0 AppleWebKit/537.36 (KHTML, like Gecko; compatible; ClaudeBot/1.0; [email protected])"
216.73.216.220 - - [19/Jul/2025:14:11:50 +0000] "GET /detail/860075513.shtm HTTP/1.1" 404 12595 "-" "Mozilla/5.0 AppleWebKit/537.36 (KHTML, like Gecko; compatible; ClaudeBot/1.0; [email protected])"
216.73.216.220 - - [19/Jul/2025:14:11:52 +0000] "GET /detail/859911961.shtm HTTP/1.1" 404 12596 "-" "Mozilla/5.0 AppleWebKit/537.36 (KHTML, like Gecko; compatible; ClaudeBot/1.0; [email protected])"
209.74.77.214 - - [19/Jul/2025:14:12:22 +0000] "POST /wp-cron.php?doing_wp_cron=1752934342.6712899208068847656250 HTTP/1.1" 200 - "-" "WordPress/6.8.2; https://ap.cleaning"
216.73.216.220 - - [19/Jul/2025:14:12:22 +0000] "GET /detail/859580592.shtm HTTP/1.1" 404 12594 "-" "Mozilla/5.0 AppleWebKit/537.36 (KHTML, like Gecko; compatible; ClaudeBot/1.0; [email protected])"
216.73.216.220 - - [19/Jul/2025:14:12:25 +0000] "GET /detail/859925973.shtm HTTP/1.1" 404 12597 "-" "Mozilla/5.0 AppleWebKit/537.36 (KHTML, like Gecko; compatible; ClaudeBot/1.0; [email protected])"
216.73.216.220 - - [19/Jul/2025:14:12:28 +0000] "GET /detail/859910871.shtm HTTP/1.1" 404 12595 "-" "Mozilla/5.0 AppleWebKit/537.36 (KHTML, like Gecko; compatible; ClaudeBot/1.0; [email protected])"
216.73.216.220 - - [19/Jul/2025:14:12:31 +0000] "GET /detail/860095885.shtm HTTP/1.1" 404 12596 "-" "Mozilla/5.0 AppleWebKit/537.36 (KHTML, like Gecko; compatible; ClaudeBot/1.0; [email protected])"
216.73.216.220 - - [19/Jul/2025:14:12:34 +0000] "GET /detail/860005884.shtm HTTP/1.1" 404 12598 "-" "Mozilla/5.0 AppleWebKit/537.36 (KHTML, like Gecko; compatible; ClaudeBot/1.0; [email protected])"
216.73.216.220 - - [19/Jul/2025:14:12:37 +0000] "GET /detail/859719854.shtm HTTP/1.1" 404 12594 "-" "Mozilla/5.0 AppleWebKit/537.36 (KHTML, like Gecko; compatible; ClaudeBot/1.0; [email protected])"
216.73.216.220 - - [19/Jul/2025:14:12:40 +0000] "GET /detail/859489146.shtm HTTP/1.1" 404 12596 "-" "Mozilla/5.0 AppleWebKit/537.36 (KHTML, like Gecko; compatible; ClaudeBot/1.0; [email protected])"
216.73.216.220 - - [19/Jul/2025:14:12:43 +0000] "GET /detail/859998370.shtm HTTP/1.1" 404 12596 "-" "Mozilla/5.0 AppleWebKit/537.36 (KHTML, like Gecko; compatible; ClaudeBot/1.0; [email protected])"
216.73.216.220 - - [19/Jul/2025:14:12:46 +0000] "GET /detail/859675184.shtm HTTP/1.1" 404 12594 "-" "Mozilla/5.0 AppleWebKit/537.36 (KHTML, like Gecko; compatible; ClaudeBot/1.0; [email protected])"
216.73.216.220 - - [19/Jul/2025:14:12:49 +0000] "GET /detail/859716642.shtm HTTP/1.1" 404 12595 "-" "Mozilla/5.0 AppleWebKit/537.36 (KHTML, like Gecko; compatible; ClaudeBot/1.0; [email protected])"
216.73.216.220 - - [19/Jul/2025:14:12:52 +0000] "GET /detail/860005306.shtm HTTP/1.1" 404 12595 "-" "Mozilla/5.0 AppleWebKit/537.36 (KHTML, like Gecko; compatible; ClaudeBot/1.0; [email protected])"
216.73.216.220 - - [19/Jul/2025:14:12:55 +0000] "GET /detail/860027127.shtm HTTP/1.1" 404 12595 "-" "Mozilla/5.0 AppleWebKit/537.36 (KHTML, like Gecko; compatible; ClaudeBot/1.0; [email protected])"
216.73.216.220 - - [19/Jul/2025:14:12:58 +0000] "GET /detail/859943197.shtm HTTP/1.1" 404 12595 "-" "Mozilla/5.0 AppleWebKit/537.36 (KHTML, like Gecko; compatible; ClaudeBot/1.0; [email protected])"
216.73.216.220 - - [19/Jul/2025:14:13:01 +0000] "GET /detail/860006041.shtm HTTP/1.1" 404 12596 "-" "Mozilla/5.0 AppleWebKit/537.36 (KHTML, like Gecko; compatible; ClaudeBot/1.0; [email protected])"
216.73.216.220 - - [19/Jul/2025:14:13:04 +0000] "GET /detail/860031365.shtm HTTP/1.1" 404 12598 "-" "Mozilla/5.0 AppleWebKit/537.36 (KHTML, like Gecko; compatible; ClaudeBot/1.0; [email protected])"
216.73.216.220 - - [19/Jul/2025:14:13:07 +0000] "GET /detail/860025678.shtm HTTP/1.1" 404 12597 "-" "Mozilla/5.0 AppleWebKit/537.36 (KHTML, like Gecko; compatible; ClaudeBot/1.0; [email protected])"
216.73.216.220 - - [19/Jul/2025:14:13:10 +0000] "GET /detail/860026541.shtm HTTP/1.1" 404 12595 "-" "Mozilla/5.0 AppleWebKit/537.36 (KHTML, like Gecko; compatible; ClaudeBot/1.0; [email protected])"
216.73.216.220 - - [19/Jul/2025:14:13:13 +0000] "GET /detail/860085888.shtm HTTP/1.1" 404 12597 "-" "Mozilla/5.0 AppleWebKit/537.36 (KHTML, like Gecko; compatible; ClaudeBot/1.0; [email protected])"
209.74.77.214 - - [19/Jul/2025:14:13:16 +0000] "POST /wp-cron.php?doing_wp_cron=1752934396.4855229854583740234375 HTTP/1.1" 200 - "-" "WordPress/6.8.2; https://ap.cleaning"
216.73.216.220 - - [19/Jul/2025:14:13:16 +0000] "GET /detail/860039178.shtm HTTP/1.1" 404 12595 "-" "Mozilla/5.0 AppleWebKit/537.36 (KHTML, like Gecko; compatible; ClaudeBot/1.0; [email protected])"
216.73.216.220 - - [19/Jul/2025:14:13:19 +0000] "GET /detail/860023044.shtm HTTP/1.1" 404 12596 "-" "Mozilla/5.0 AppleWebKit/537.36 (KHTML, like Gecko; compatible; ClaudeBot/1.0; [email protected])"
216.73.216.220 - - [19/Jul/2025:14:13:52 +0000] "GET /detail/860010993.shtm HTTP/1.1" 404 12596 "-" "Mozilla/5.0 AppleWebKit/537.36 (KHTML, like Gecko; compatible; ClaudeBot/1.0; [email protected])"
216.73.216.220 - - [19/Jul/2025:14:13:55 +0000] "GET /detail/859899916.shtm HTTP/1.1" 404 12595 "-" "Mozilla/5.0 AppleWebKit/537.36 (KHTML, like Gecko; compatible; ClaudeBot/1.0; [email protected])"
216.73.216.220 - - [19/Jul/2025:14:13:58 +0000] "GET /detail/859996981.shtm HTTP/1.1" 404 12598 "-" "Mozilla/5.0 AppleWebKit/537.36 (KHTML, like Gecko; compatible; ClaudeBot/1.0; [email protected])"
216.73.216.220 - - [19/Jul/2025:14:14:01 +0000] "GET /detail/860011154.shtm HTTP/1.1" 404 12596 "-" "Mozilla/5.0 AppleWebKit/537.36 (KHTML, like Gecko; compatible; ClaudeBot/1.0; [email protected])"
216.73.216.220 - - [19/Jul/2025:14:14:04 +0000] "GET /detail/860038439.shtm HTTP/1.1" 404 12595 "-" "Mozilla/5.0 AppleWebKit/537.36 (KHTML, like Gecko; compatible; ClaudeBot/1.0; [email protected])"
216.73.216.220 - - [19/Jul/2025:14:14:07 +0000] "GET /detail/859997567.shtm HTTP/1.1" 404 12597 "-" "Mozilla/5.0 AppleWebKit/537.36 (KHTML, like Gecko; compatible; ClaudeBot/1.0; [email protected])"
216.73.216.220 - - [19/Jul/2025:14:14:10 +0000] "GET /detail/860000996.shtm HTTP/1.1" 404 12595 "-" "Mozilla/5.0 AppleWebKit/537.36 (KHTML, like Gecko; compatible; ClaudeBot/1.0; [email protected])"
216.73.216.220 - - [19/Jul/2025:14:14:13 +0000] "GET /detail/859747162.shtm HTTP/1.1" 404 12596 "-" "Mozilla/5.0 AppleWebKit/537.36 (KHTML, like Gecko; compatible; ClaudeBot/1.0; [email protected])"
209.74.77.214 - - [19/Jul/2025:14:14:17 +0000] "POST /wp-cron.php?doing_wp_cron=1752934457.0233659744262695312500 HTTP/1.1" 200 - "-" "WordPress/6.8.2; https://ap.cleaning"
216.73.216.220 - - [19/Jul/2025:14:14:16 +0000] "GET /detail/859926262.shtm HTTP/1.1" 404 12596 "-" "Mozilla/5.0 AppleWebKit/537.36 (KHTML, like Gecko; compatible; ClaudeBot/1.0; [email protected])"
216.73.216.220 - - [19/Jul/2025:14:14:19 +0000] "GET /detail/859925395.shtm HTTP/1.1" 404 12596 "-" "Mozilla/5.0 AppleWebKit/537.36 (KHTML, like Gecko; compatible; ClaudeBot/1.0; [email protected])"
216.73.216.220 - - [19/Jul/2025:14:14:22 +0000] "GET /detail/860016841.shtm HTTP/1.1" 404 12595 "-" "Mozilla/5.0 AppleWebKit/537.36 (KHTML, like Gecko; compatible; ClaudeBot/1.0; [email protected])"
216.73.216.220 - - [19/Jul/2025:14:14:25 +0000] "GET /detail/859959395.shtm HTTP/1.1" 404 12595 "-" "Mozilla/5.0 AppleWebKit/537.36 (KHTML, like Gecko; compatible; ClaudeBot/1.0; [email protected])"
216.73.216.220 - - [19/Jul/2025:14:14:28 +0000] "GET /detail/859724156.shtm HTTP/1.1" 404 12594 "-" "Mozilla/5.0 AppleWebKit/537.36 (KHTML, like Gecko; compatible; ClaudeBot/1.0; [email protected])"
216.73.216.220 - - [19/Jul/2025:14:14:31 +0000] "GET /detail/860080626.shtm HTTP/1.1" 404 12596 "-" "Mozilla/5.0 AppleWebKit/537.36 (KHTML, like Gecko; compatible; ClaudeBot/1.0; [email protected])"
216.73.216.220 - - [19/Jul/2025:14:14:34 +0000] "GET /detail/859906916.shtm HTTP/1.1" 404 12596 "-" "Mozilla/5.0 AppleWebKit/537.36 (KHTML, like Gecko; compatible; ClaudeBot/1.0; [email protected])"
216.73.216.220 - - [19/Jul/2025:14:14:37 +0000] "GET /detail/859530753.shtm HTTP/1.1" 404 12595 "-" "Mozilla/5.0 AppleWebKit/537.36 (KHTML, like Gecko; compatible; ClaudeBot/1.0; [email protected])"
216.73.216.220 - - [19/Jul/2025:14:14:40 +0000] "GET /detail/859992394.shtm HTTP/1.1" 404 12595 "-" "Mozilla/5.0 AppleWebKit/537.36 (KHTML, like Gecko; compatible; ClaudeBot/1.0; [email protected])"
216.73.216.220 - - [19/Jul/2025:14:14:43 +0000] "GET /detail/859990782.shtm HTTP/1.1" 404 12596 "-" "Mozilla/5.0 AppleWebKit/537.36 (KHTML, like Gecko; compatible; ClaudeBot/1.0; [email protected])"
216.73.216.220 - - [19/Jul/2025:14:14:46 +0000] "GET /detail/859755483.shtm HTTP/1.1" 404 12595 "-" "Mozilla/5.0 AppleWebKit/537.36 (KHTML, like Gecko; compatible; ClaudeBot/1.0; [email protected])"
216.73.216.220 - - [19/Jul/2025:14:14:49 +0000] "GET /detail/859949173.shtm HTTP/1.1" 404 12596 "-" "Mozilla/5.0 AppleWebKit/537.36 (KHTML, like Gecko; compatible; ClaudeBot/1.0; [email protected])"
216.73.216.220 - - [19/Jul/2025:14:14:58 +0000] "GET /detail/859784374.shtm HTTP/1.1" 404 12594 "-" "Mozilla/5.0 AppleWebKit/537.36 (KHTML, like Gecko; compatible; ClaudeBot/1.0; [email protected])"
216.73.216.220 - - [19/Jul/2025:14:15:01 +0000] "GET /detail/859942107.shtm HTTP/1.1" 404 12596 "-" "Mozilla/5.0 AppleWebKit/537.36 (KHTML, like Gecko; compatible; ClaudeBot/1.0; [email protected])"
216.73.216.220 - - [19/Jul/2025:14:15:02 +0000] "GET /detail/859659058.shtm HTTP/1.1" 404 12596 "-" "Mozilla/5.0 AppleWebKit/537.36 (KHTML, like Gecko; compatible; ClaudeBot/1.0; [email protected])"
216.73.216.220 - - [19/Jul/2025:14:15:05 +0000] "GET /detail/859845608.shtm HTTP/1.1" 404 12595 "-" "Mozilla/5.0 AppleWebKit/537.36 (KHTML, like Gecko; compatible; ClaudeBot/1.0; [email protected])"
216.73.216.220 - - [19/Jul/2025:14:15:08 +0000] "GET /detail/859765697.shtm HTTP/1.1" 404 12596 "-" "Mozilla/5.0 AppleWebKit/537.36 (KHTML, like Gecko; compatible; ClaudeBot/1.0; [email protected])"
216.73.216.220 - - [19/Jul/2025:14:15:11 +0000] "GET /detail/859757376.shtm HTTP/1.1" 404 12596 "-" "Mozilla/5.0 AppleWebKit/537.36 (KHTML, like Gecko; compatible; ClaudeBot/1.0; [email protected])"
216.73.216.220 - - [19/Jul/2025:14:15:14 +0000] "GET /detail/859838608.shtm HTTP/1.1" 404 12596 "-" "Mozilla/5.0 AppleWebKit/537.36 (KHTML, like Gecko; compatible; ClaudeBot/1.0; [email protected])"
209.74.77.214 - - [19/Jul/2025:14:15:18 +0000] "POST /wp-cron.php?doing_wp_cron=1752934518.1450929641723632812500 HTTP/1.1" 200 - "-" "WordPress/6.8.2; https://ap.cleaning"
216.73.216.220 - - [19/Jul/2025:14:15:17 +0000] "GET /detail/860105585.shtm HTTP/1.1" 404 12595 "-" "Mozilla/5.0 AppleWebKit/537.36 (KHTML, like Gecko; compatible; ClaudeBot/1.0; [email protected])"
216.73.216.220 - - [19/Jul/2025:14:15:20 +0000] "GET /detail/860072462.shtm HTTP/1.1" 404 12597 "-" "Mozilla/5.0 AppleWebKit/537.36 (KHTML, like Gecko; compatible; ClaudeBot/1.0; [email protected])"
57.141.2.3 - - [19/Jul/2025:14:15:23 +0000] "GET /detail/1468529010.shtm HTTP/1.1" 404 58210 "-" "meta-externalagent/1.1 (+https://developers.facebook.com/docs/sharing/webmasters/crawler)"
216.73.216.220 - - [19/Jul/2025:14:15:24 +0000] "GET /detail/859915311.shtm HTTP/1.1" 404 12596 "-" "Mozilla/5.0 AppleWebKit/537.36 (KHTML, like Gecko; compatible; ClaudeBot/1.0; [email protected])"
216.73.216.220 - - [19/Jul/2025:14:15:26 +0000] "GET /detail/859972757.shtm HTTP/1.1" 404 12596 "-" "Mozilla/5.0 AppleWebKit/537.36 (KHTML, like Gecko; compatible; ClaudeBot/1.0; [email protected])"
216.73.216.220 - - [19/Jul/2025:14:15:29 +0000] "GET /detail/859822482.shtm HTTP/1.1" 404 12595 "-" "Mozilla/5.0 AppleWebKit/537.36 (KHTML, like Gecko; compatible; ClaudeBot/1.0; [email protected])"
216.73.216.220 - - [19/Jul/2025:14:15:32 +0000] "GET /detail/859673070.shtm HTTP/1.1" 404 12596 "-" "Mozilla/5.0 AppleWebKit/537.36 (KHTML, like Gecko; compatible; ClaudeBot/1.0; [email protected])"
216.73.216.220 - - [19/Jul/2025:14:15:35 +0000] "GET /detail/859456597.shtm HTTP/1.1" 404 12596 "-" "Mozilla/5.0 AppleWebKit/537.36 (KHTML, like Gecko; compatible; ClaudeBot/1.0; [email protected])"
216.73.216.220 - - [19/Jul/2025:14:15:38 +0000] "GET /detail/859456019.shtm HTTP/1.1" 404 12594 "-" "Mozilla/5.0 AppleWebKit/537.36 (KHTML, like Gecko; compatible; ClaudeBot/1.0; [email protected])"
216.73.216.220 - - [19/Jul/2025:14:15:41 +0000] "GET /detail/859464183.shtm HTTP/1.1" 404 12595 "-" "Mozilla/5.0 AppleWebKit/537.36 (KHTML, like Gecko; compatible; ClaudeBot/1.0; [email protected])"
216.73.216.220 - - [19/Jul/2025:14:15:44 +0000] "GET /detail/859593159.shtm HTTP/1.1" 404 12596 "-" "Mozilla/5.0 AppleWebKit/537.36 (KHTML, like Gecko; compatible; ClaudeBot/1.0; [email protected])"
216.73.216.220 - - [19/Jul/2025:14:15:47 +0000] "GET /detail/859928737.shtm HTTP/1.1" 404 12596 "-" "Mozilla/5.0 AppleWebKit/537.36 (KHTML, like Gecko; compatible; ClaudeBot/1.0; [email protected])"
216.73.216.220 - - [19/Jul/2025:14:15:50 +0000] "GET /detail/859779261.shtm HTTP/1.1" 404 12596 "-" "Mozilla/5.0 AppleWebKit/537.36 (KHTML, like Gecko; compatible; ClaudeBot/1.0; [email protected])"
216.73.216.220 - - [19/Jul/2025:14:15:53 +0000] "GET /detail/859812324.shtm HTTP/1.1" 404 12596 "-" "Mozilla/5.0 AppleWebKit/537.36 (KHTML, like Gecko; compatible; ClaudeBot/1.0; [email protected])"
216.73.216.220 - - [19/Jul/2025:14:15:56 +0000] "GET /detail/859753138.shtm HTTP/1.1" 404 12595 "-" "Mozilla/5.0 AppleWebKit/537.36 (KHTML, like Gecko; compatible; ClaudeBot/1.0; [email protected])"
209.74.77.214 - - [19/Jul/2025:14:16:27 +0000] "POST /wp-cron.php?doing_wp_cron=1752934587.0987770557403564453125 HTTP/1.1" 200 - "-" "WordPress/6.8.2; https://ap.cleaning"
216.73.216.220 - - [19/Jul/2025:14:16:26 +0000] "GET /detail/859510381.shtm HTTP/1.1" 404 12596 "-" "Mozilla/5.0 AppleWebKit/537.36 (KHTML, like Gecko; compatible; ClaudeBot/1.0; [email protected])"
216.73.216.220 - - [19/Jul/2025:14:16:29 +0000] "GET /detail/859933047.shtm HTTP/1.1" 404 12595 "-" "Mozilla/5.0 AppleWebKit/537.36 (KHTML, like Gecko; compatible; ClaudeBot/1.0; [email protected])"
216.73.216.220 - - [19/Jul/2025:14:16:32 +0000] "GET /detail/859977284.shtm HTTP/1.1" 404 12596 "-" "Mozilla/5.0 AppleWebKit/537.36 (KHTML, like Gecko; compatible; ClaudeBot/1.0; [email protected])"
216.73.216.220 - - [19/Jul/2025:14:16:35 +0000] "GET /detail/859608707.shtm HTTP/1.1" 404 12596 "-" "Mozilla/5.0 AppleWebKit/537.36 (KHTML, like Gecko; compatible; ClaudeBot/1.0; [email protected])"
216.73.216.220 - - [19/Jul/2025:14:16:38 +0000] "GET /detail/860098519.shtm HTTP/1.1" 404 12597 "-" "Mozilla/5.0 AppleWebKit/537.36 (KHTML, like Gecko; compatible; ClaudeBot/1.0; [email protected])"
216.73.216.220 - - [19/Jul/2025:14:16:41 +0000] "GET /detail/859630883.shtm HTTP/1.1" 404 12596 "-" "Mozilla/5.0 AppleWebKit/537.36 (KHTML, like Gecko; compatible; ClaudeBot/1.0; [email protected])"
216.73.216.220 - - [19/Jul/2025:14:16:44 +0000] "GET /detail/859727304.shtm HTTP/1.1" 404 12596 "-" "Mozilla/5.0 AppleWebKit/537.36 (KHTML, like Gecko; compatible; ClaudeBot/1.0; [email protected])"
216.73.216.220 - - [19/Jul/2025:14:16:47 +0000] "GET /detail/860041651.shtm HTTP/1.1" 404 12596 "-" "Mozilla/5.0 AppleWebKit/537.36 (KHTML, like Gecko; compatible; ClaudeBot/1.0; [email protected])"
216.73.216.220 - - [19/Jul/2025:14:16:50 +0000] "GET /detail/860067192.shtm HTTP/1.1" 404 12595 "-" "Mozilla/5.0 AppleWebKit/537.36 (KHTML, like Gecko; compatible; ClaudeBot/1.0; [email protected])"
216.73.216.220 - - [19/Jul/2025:14:16:53 +0000] "GET /detail/859500681.shtm HTTP/1.1" 404 12595 "-" "Mozilla/5.0 AppleWebKit/537.36 (KHTML, like Gecko; compatible; ClaudeBot/1.0; [email protected])"
216.73.216.220 - - [19/Jul/2025:14:16:57 +0000] "GET /detail/859945895.shtm HTTP/1.1" 404 12596 "-" "Mozilla/5.0 AppleWebKit/537.36 (KHTML, like Gecko; compatible; ClaudeBot/1.0; [email protected])"
216.73.216.220 - - [19/Jul/2025:14:16:59 +0000] "GET /detail/860059540.shtm HTTP/1.1" 404 12596 "-" "Mozilla/5.0 AppleWebKit/537.36 (KHTML, like Gecko; compatible; ClaudeBot/1.0; [email protected])"
216.73.216.220 - - [19/Jul/2025:14:17:02 +0000] "GET /detail/859899177.shtm HTTP/1.1" 404 12593 "-" "Mozilla/5.0 AppleWebKit/537.36 (KHTML, like Gecko; compatible; ClaudeBot/1.0; [email protected])"
216.73.216.220 - - [19/Jul/2025:14:17:05 +0000] "GET /detail/859742113.shtm HTTP/1.1" 404 12596 "-" "Mozilla/5.0 AppleWebKit/537.36 (KHTML, like Gecko; compatible; ClaudeBot/1.0; [email protected])"
216.73.216.220 - - [19/Jul/2025:14:17:08 +0000] "GET /detail/859921149.shtm HTTP/1.1" 404 12597 "-" "Mozilla/5.0 AppleWebKit/537.36 (KHTML, like Gecko; compatible; ClaudeBot/1.0; [email protected])"
216.73.216.220 - - [19/Jul/2025:14:17:11 +0000] "GET /detail/859947212.shtm HTTP/1.1" 404 12596 "-" "Mozilla/5.0 AppleWebKit/537.36 (KHTML, like Gecko; compatible; ClaudeBot/1.0; [email protected])"
216.73.216.220 - - [19/Jul/2025:14:17:14 +0000] "GET /detail/859564623.shtm HTTP/1.1" 404 12594 "-" "Mozilla/5.0 AppleWebKit/537.36 (KHTML, like Gecko; compatible; ClaudeBot/1.0; [email protected])"
209.74.77.214 - - [19/Jul/2025:14:17:17 +0000] "POST /wp-cron.php?doing_wp_cron=1752934637.8890340328216552734375 HTTP/1.1" 200 - "-" "WordPress/6.8.2; https://ap.cleaning"
216.73.216.220 - - [19/Jul/2025:14:17:17 +0000] "GET /detail/859660379.shtm HTTP/1.1" 404 12596 "-" "Mozilla/5.0 AppleWebKit/537.36 (KHTML, like Gecko; compatible; ClaudeBot/1.0; [email protected])"
216.73.216.220 - - [19/Jul/2025:14:17:20 +0000] "GET /detail/859690294.shtm HTTP/1.1" 404 12596 "-" "Mozilla/5.0 AppleWebKit/537.36 (KHTML, like Gecko; compatible; ClaudeBot/1.0; [email protected])"
216.73.216.220 - - [19/Jul/2025:14:17:23 +0000] "GET /detail/859979757.shtm HTTP/1.1" 404 12596 "-" "Mozilla/5.0 AppleWebKit/537.36 (KHTML, like Gecko; compatible; ClaudeBot/1.0; [email protected])"
216.73.216.220 - - [19/Jul/2025:14:17:27 +0000] "GET /detail/859988148.shtm HTTP/1.1" 404 12595 "-" "Mozilla/5.0 AppleWebKit/537.36 (KHTML, like Gecko; compatible; ClaudeBot/1.0; [email protected])"
209.74.77.214 - - [19/Jul/2025:14:19:19 +0000] "POST /wp-cron.php?doing_wp_cron=1752934759.5907979011535644531250 HTTP/1.1" 200 - "-" "WordPress/6.8.2; https://ap.cleaning"
20.171.207.68 - - [19/Jul/2025:14:19:17 +0000] "GET /wp-admin/comment.php?action=trash&c=2 HTTP/1.1" 404 12597 "-" "Mozilla/5.0 AppleWebKit/537.36 (KHTML, like Gecko; compatible; GPTBot/1.2; +https://openai.com/gptbot)"
20.171.207.68 - - [19/Jul/2025:14:19:20 +0000] "GET /wp-admin/comment.php?action=approve&c=2 HTTP/1.1" 404 12597 "-" "Mozilla/5.0 AppleWebKit/537.36 (KHTML, like Gecko; compatible; GPTBot/1.2; +https://openai.com/gptbot)"
20.171.207.68 - - [19/Jul/2025:14:19:23 +0000] "GET /wp-admin/comment.php?action=spam&c=2 HTTP/1.1" 404 12596 "-" "Mozilla/5.0 AppleWebKit/537.36 (KHTML, like Gecko; compatible; GPTBot/1.2; +https://openai.com/gptbot)"
185.247.137.38 - - [19/Jul/2025:14:21:44 +0000] "GET / HTTP/1.1" 200 21149 "http://www.ap.cleaning" "Mozilla/5.0 (compatible; InternetMeasurement/1.0; +https://internet-measurement.com/)"
87.236.176.203 - - [19/Jul/2025:14:21:47 +0000] "GET /wp-content/uploads/2024/08/cropped-android-chrome-512x512-1-270x270.png HTTP/1.1" 200 28069 "-" "Mozilla/5.0 (compatible; InternetMeasurement/1.0; +https://internet-measurement.com/)"
185.247.137.185 - - [19/Jul/2025:14:21:47 +0000] "GET /wp-content/uploads/2024/08/cropped-android-chrome-512x512-1-180x180.png HTTP/1.1" 200 15544 "-" "Mozilla/5.0 (compatible; InternetMeasurement/1.0; +https://internet-measurement.com/)"
87.236.176.24 - - [19/Jul/2025:14:21:47 +0000] "GET /wp-content/uploads/2024/08/cropped-android-chrome-512x512-1-192x192.png HTTP/1.1" 200 16860 "-" "Mozilla/5.0 (compatible; InternetMeasurement/1.0; +https://internet-measurement.com/)"
87.236.176.126 - - [19/Jul/2025:14:21:48 +0000] "GET /wp-content/uploads/2024/08/cropped-android-chrome-512x512-1-32x32.png HTTP/1.1" 200 1346 "-" "Mozilla/5.0 (compatible; InternetMeasurement/1.0; +https://internet-measurement.com/)"
185.247.137.98 - - [19/Jul/2025:14:21:48 +0000] "GET /favicon.ico HTTP/1.1" 302 - "-" "Mozilla/5.0 (compatible; InternetMeasurement/1.0; +https://internet-measurement.com/)"
185.247.137.98 - - [19/Jul/2025:14:21:49 +0000] "GET /wp-content/uploads/2024/08/cropped-android-chrome-512x512-1-32x32.png HTTP/1.1" 200 1346 "https://ap.cleaning/favicon.ico" "Mozilla/5.0 (compatible; InternetMeasurement/1.0; +https://internet-measurement.com/)"
209.74.77.214 - - [19/Jul/2025:14:22:42 +0000] "POST /wp-cron.php?doing_wp_cron=1752934962.8387029170989990234375 HTTP/1.1" 200 - "-" "WordPress/6.8.2; https://ap.cleaning"
216.73.216.220 - - [19/Jul/2025:14:22:40 +0000] "GET /detail/779477902.shtm HTTP/1.1" 404 12595 "-" "Mozilla/5.0 AppleWebKit/537.36 (KHTML, like Gecko; compatible; ClaudeBot/1.0; [email protected])"
216.73.216.220 - - [19/Jul/2025:14:29:05 +0000] "GET /sitemap.xml HTTP/1.1" 200 4254 "-" "Mozilla/5.0 AppleWebKit/537.36 (KHTML, like Gecko; compatible; ClaudeBot/1.0; [email protected])"
209.74.77.214 - - [19/Jul/2025:14:34:40 +0000] "POST /wp-cron.php?doing_wp_cron=1752935680.3706529140472412109375 HTTP/1.1" 200 - "-" "WordPress/6.8.2; https://ap.cleaning"
57.141.2.2 - - [19/Jul/2025:14:34:37 +0000] "GET /detail/1468395596.shtm HTTP/1.1" 404 58210 "-" "meta-externalagent/1.1 (+https://developers.facebook.com/docs/sharing/webmasters/crawler)"
57.141.2.2 - - [19/Jul/2025:14:35:11 +0000] "GET /detail/1467985561.shtm HTTP/1.1" 404 58210 "-" "meta-externalagent/1.1 (+https://developers.facebook.com/docs/sharing/webmasters/crawler)"
57.141.2.29 - - [19/Jul/2025:14:35:40 +0000] "GET /detail/1468364946.shtm HTTP/1.1" 404 58210 "-" "meta-externalagent/1.1 (+https://developers.facebook.com/docs/sharing/webmasters/crawler)"
147.182.211.20 - - [19/Jul/2025:14:56:22 +0000] "GET / HTTP/1.1" 200 12371 "-" "Mozilla/5.0 (X11; Linux x86_64; rv:137.0) Gecko/20100101 Firefox/137.0"
43.157.95.131 - - [19/Jul/2025:15:03:38 +0000] "GET / HTTP/1.1" 200 21150 "http://www.ap.cleaning" "Mozilla/5.0 (iPhone; CPU iPhone OS 13_2_3 like Mac OS X) AppleWebKit/605.1.15 (KHTML, like Gecko) Version/13.0.3 Mobile/15E148 Safari/604.1"
209.74.77.214 - - [19/Jul/2025:15:10:53 +0000] "POST /wp-cron.php?doing_wp_cron=1752937853.3059599399566650390625 HTTP/1.1" 200 - "-" "WordPress/6.8.2; https://ap.cleaning"
57.141.2.29 - - [19/Jul/2025:15:10:50 +0000] "GET /detail/609028998.shtm HTTP/1.1" 404 58210 "-" "meta-externalagent/1.1 (+https://developers.facebook.com/docs/sharing/webmasters/crawler)"
209.74.77.214 - - [19/Jul/2025:15:12:54 +0000] "POST /wp-cron.php?doing_wp_cron=1752937974.6263101100921630859375 HTTP/1.1" 200 - "-" "WordPress/6.8.2; https://ap.cleaning"
57.141.2.19 - - [19/Jul/2025:15:12:52 +0000] "GET /detail/608415833.shtm HTTP/1.1" 404 58210 "-" "meta-externalagent/1.1 (+https://developers.facebook.com/docs/sharing/webmasters/crawler)"
45.227.253.15 - - [19/Jul/2025:15:17:09 +0000] "GET /?of=1 HTTP/1.1" 200 9398 "-" "Mozilla/5.0 (Macintosh; Intel Mac OS X 10.12; rv:103.0) Gecko/20100101 Firefox/101.0"
216.73.216.220 - - [19/Jul/2025:15:20:23 +0000] "GET /robots.txt HTTP/1.1" 200 91 "-" "Mozilla/5.0 AppleWebKit/537.36 (KHTML, like Gecko; compatible; ClaudeBot/1.0; [email protected])"
216.73.216.220 - - [19/Jul/2025:15:20:23 +0000] "GET /sitemap.xml HTTP/1.1" 200 4228 "-" "Mozilla/5.0 AppleWebKit/537.36 (KHTML, like Gecko; compatible; ClaudeBot/1.0; [email protected])"
209.74.77.214 - - [19/Jul/2025:15:32:02 +0000] "POST /wp-cron.php?doing_wp_cron=1752939122.3378589153289794921875 HTTP/1.1" 200 - "-" "WordPress/6.8.2; https://ap.cleaning"
57.141.2.15 - - [19/Jul/2025:15:31:59 +0000] "GET /detail/609054543.shtm HTTP/1.1" 404 58210 "-" "meta-externalagent/1.1 (+https://developers.facebook.com/docs/sharing/webmasters/crawler)"
209.74.77.214 - - [19/Jul/2025:15:33:17 +0000] "POST /wp-cron.php?doing_wp_cron=1752939197.4330899715423583984375 HTTP/1.1" 200 - "-" "WordPress/6.8.2; https://ap.cleaning"
57.141.2.22 - - [19/Jul/2025:15:33:15 +0000] "GET /detail/608431224.shtm HTTP/1.1" 404 58210 "-" "meta-externalagent/1.1 (+https://developers.facebook.com/docs/sharing/webmasters/crawler)"
209.74.77.214 - - [19/Jul/2025:15:42:32 +0000] "POST /wp-cron.php?doing_wp_cron=1752939752.7375030517578125000000 HTTP/1.1" 200 - "-" "WordPress/6.8.2; https://ap.cleaning"
57.141.2.29 - - [19/Jul/2025:15:42:30 +0000] "GET /detail/1468565508.shtm HTTP/1.1" 404 58210 "-" "meta-externalagent/1.1 (+https://developers.facebook.com/docs/sharing/webmasters/crawler)"
209.74.77.214 - - [19/Jul/2025:15:49:28 +0000] "POST /wp-cron.php?doing_wp_cron=1752940167.9617409706115722656250 HTTP/1.1" 200 - "-" "WordPress/6.8.2; https://ap.cleaning"
57.141.2.20 - - [19/Jul/2025:15:49:23 +0000] "GET /detail/1468428880.shtm HTTP/1.1" 404 58210 "-" "meta-externalagent/1.1 (+https://developers.facebook.com/docs/sharing/webmasters/crawler)"
209.74.77.214 - - [19/Jul/2025:16:05:46 +0000] "POST /wp-cron.php?doing_wp_cron=1752941146.9107530117034912109375 HTTP/1.1" 200 - "-" "WordPress/6.8.2; https://ap.cleaning"
31.128.76.0 - - [19/Jul/2025:16:05:44 +0000] "GET /cleaning_services/commercial-cleaning/ HTTP/1.0" 200 75853 "https://ap.cleaning/cleaning_services/commercial-cleaning/" "Mozilla/5.0 (Windows NT 10.0; Win64; x64) AppleWebKit/537.36 (KHTML, like Gecko) Chrome/130.0.0.0 Safari/537.36 CCleaner/130.0.0.0"
31.128.76.0 - - [19/Jul/2025:16:05:48 +0000] "POST /cleaning_services/commercial-cleaning/ HTTP/1.0" 200 75943 "https://ap.cleaning/cleaning_services/commercial-cleaning/" "Mozilla/5.0 (Windows NT 10.0; Win64; x64) AppleWebKit/537.36 (KHTML, like Gecko) Chrome/130.0.0.0 Safari/537.36 CCleaner/130.0.0.0"
31.128.76.0 - - [19/Jul/2025:16:05:58 +0000] "GET /cleaning_services/commercial-cleaning/ HTTP/1.0" 200 75853 "https://ap.cleaning/cleaning_services/commercial-cleaning/" "Mozilla/5.0 (Windows NT 10.0; Win64; x64) AppleWebKit/537.36 (KHTML, like Gecko) Chrome/130.0.0.0 Safari/537.36 CCleaner/130.0.0.0"
31.128.76.0 - - [19/Jul/2025:16:06:02 +0000] "POST /cleaning_services/commercial-cleaning/ HTTP/1.0" 200 75943 "https://ap.cleaning/cleaning_services/commercial-cleaning/" "Mozilla/5.0 (Windows NT 10.0; Win64; x64) AppleWebKit/537.36 (KHTML, like Gecko) Chrome/130.0.0.0 Safari/537.36 CCleaner/130.0.0.0"
85.208.96.204 - - [19/Jul/2025:16:09:01 +0000] "GET /robots.txt HTTP/1.1" 200 91 "-" "Mozilla/5.0 (compatible; SemrushBot/7~bl; +http://www.semrush.com/bot.html)"
209.74.77.214 - - [19/Jul/2025:16:09:05 +0000] "POST /wp-cron.php?doing_wp_cron=1752941345.0661730766296386718750 HTTP/1.1" 200 - "-" "WordPress/6.8.2; https://ap.cleaning"
85.208.96.208 - - [19/Jul/2025:16:09:02 +0000] "GET /2017/06/20/ HTTP/1.1" 200 14288 "-" "Mozilla/5.0 (compatible; SemrushBot/7~bl; +http://www.semrush.com/bot.html)"
209.74.77.214 - - [19/Jul/2025:16:13:46 +0000] "POST /wp-cron.php?doing_wp_cron=1752941626.9405279159545898437500 HTTP/1.1" 200 - "-" "WordPress/6.8.2; https://ap.cleaning"
57.141.2.12 - - [19/Jul/2025:16:13:45 +0000] "GET /detail/609027235.shtm HTTP/1.1" 404 58210 "-" "meta-externalagent/1.1 (+https://developers.facebook.com/docs/sharing/webmasters/crawler)"
209.74.77.214 - - [19/Jul/2025:16:14:40 +0000] "POST /wp-cron.php?doing_wp_cron=1752941680.8505139350891113281250 HTTP/1.1" 200 - "-" "WordPress/6.8.2; https://ap.cleaning"
185.191.171.4 - - [19/Jul/2025:16:14:39 +0000] "GET /choose-adventure-plan-tackling-annual-chore/ HTTP/1.1" 200 15243 "-" "Mozilla/5.0 (compatible; SemrushBot/7~bl; +http://www.semrush.com/bot.html)"
209.74.77.214 - - [19/Jul/2025:16:21:01 +0000] "POST /wp-cron.php?doing_wp_cron=1752942061.1573770046234130859375 HTTP/1.1" 200 - "-" "WordPress/6.8.2; https://ap.cleaning"
57.141.2.28 - - [19/Jul/2025:16:20:58 +0000] "GET /detail/608768569.shtm HTTP/1.1" 404 58210 "-" "meta-externalagent/1.1 (+https://developers.facebook.com/docs/sharing/webmasters/crawler)"
209.74.77.214 - - [19/Jul/2025:16:24:58 +0000] "POST /wp-cron.php?doing_wp_cron=1752942298.3684990406036376953125 HTTP/1.1" 200 - "-" "WordPress/6.8.2; https://ap.cleaning"
57.141.2.14 - - [19/Jul/2025:16:24:56 +0000] "GET /detail/1468101239.shtm HTTP/1.1" 404 58210 "-" "meta-externalagent/1.1 (+https://developers.facebook.com/docs/sharing/webmasters/crawler)"
216.73.216.220 - - [19/Jul/2025:16:27:43 +0000] "GET /robots.txt HTTP/1.1" 200 91 "-" "Mozilla/5.0 AppleWebKit/537.36 (KHTML, like Gecko; compatible; ClaudeBot/1.0; [email protected])"
216.73.216.220 - - [19/Jul/2025:16:27:43 +0000] "GET /sitemap.xml HTTP/1.1" 200 4218 "-" "Mozilla/5.0 AppleWebKit/537.36 (KHTML, like Gecko; compatible; ClaudeBot/1.0; [email protected])"
43.159.149.56 - - [19/Jul/2025:16:30:19 +0000] "GET / HTTP/1.1" 200 21151 "http://ap.cleaning" "Mozilla/5.0 (iPhone; CPU iPhone OS 13_2_3 like Mac OS X) AppleWebKit/605.1.15 (KHTML, like Gecko) Version/13.0.3 Mobile/15E148 Safari/604.1"
209.74.77.214 - - [19/Jul/2025:16:33:56 +0000] "POST /wp-cron.php?doing_wp_cron=1752942836.8394670486450195312500 HTTP/1.1" 200 - "-" "WordPress/6.8.2; https://ap.cleaning"
57.141.2.28 - - [19/Jul/2025:16:33:54 +0000] "GET /detail/1467965125.shtm HTTP/1.1" 404 58210 "-" "meta-externalagent/1.1 (+https://developers.facebook.com/docs/sharing/webmasters/crawler)"
209.74.77.214 - - [19/Jul/2025:16:43:29 +0000] "POST /wp-cron.php?doing_wp_cron=1752943408.9520509243011474609375 HTTP/1.1" 200 - "-" "WordPress/6.8.2; https://ap.cleaning"
150.109.230.210 - - [19/Jul/2025:16:43:26 +0000] "GET /faqs/ HTTP/1.1" 200 15961 "-" "Mozilla/5.0 (iPhone; CPU iPhone OS 13_2_3 like Mac OS X) AppleWebKit/605.1.15 (KHTML, like Gecko) Version/13.0.3 Mobile/15E148 Safari/604.1"
209.74.77.214 - - [19/Jul/2025:16:49:27 +0000] "POST /wp-cron.php?doing_wp_cron=1752943766.9963209629058837890625 HTTP/1.1" 200 - "-" "WordPress/6.8.2; https://ap.cleaning"
216.73.216.220 - - [19/Jul/2025:16:49:24 +0000] "GET /detail/1350848326.shtm HTTP/1.1" 404 12597 "-" "Mozilla/5.0 AppleWebKit/537.36 (KHTML, like Gecko; compatible; ClaudeBot/1.0; [email protected])"
217.113.194.228 - - [19/Jul/2025:16:50:22 +0000] "GET /robots.txt HTTP/1.1" 200 91 "-" "Mozilla/5.0 (compatible; Barkrowler/0.9; +https://babbar.tech/crawler)"
209.74.77.214 - - [19/Jul/2025:16:50:39 +0000] "POST /wp-cron.php?doing_wp_cron=1752943839.4423429965972900390625 HTTP/1.1" 200 - "-" "WordPress/6.8.2; https://ap.cleaning"
217.113.194.226 - - [19/Jul/2025:16:50:37 +0000] "GET /feed/ HTTP/1.1" 200 3541 "-" "Mozilla/5.0 (compatible; Barkrowler/0.9; +https://babbar.tech/crawler)"
217.113.194.222 - - [19/Jul/2025:16:50:54 +0000] "GET /comments/feed/ HTTP/1.1" 200 412 "-" "Mozilla/5.0 (compatible; Barkrowler/0.9; +https://babbar.tech/crawler)"
217.113.194.231 - - [19/Jul/2025:16:51:10 +0000] "GET /tag/cleaning/feed/ HTTP/1.1" 200 2765 "-" "Mozilla/5.0 (compatible; Barkrowler/0.9; +https://babbar.tech/crawler)"
209.74.77.214 - - [19/Jul/2025:16:51:26 +0000] "POST /wp-cron.php?doing_wp_cron=1752943886.7096889019012451171875 HTTP/1.1" 200 - "-" "WordPress/6.8.2; https://ap.cleaning"
217.113.194.222 - - [19/Jul/2025:16:51:26 +0000] "GET /category/links/feed/ HTTP/1.1" 200 1835 "-" "Mozilla/5.0 (compatible; Barkrowler/0.9; +https://babbar.tech/crawler)"
217.113.194.229 - - [19/Jul/2025:16:51:42 +0000] "GET /category/audios/feed/ HTTP/1.1" 200 2227 "-" "Mozilla/5.0 (compatible; Barkrowler/0.9; +https://babbar.tech/crawler)"
185.157.214.50 - - [19/Jul/2025:16:51:47 +0000] "GET /cleaning_services/commercial-cleaning/ HTTP/1.0" 200 75853 "https://ap.cleaning/cleaning_services/commercial-cleaning/" "Mozilla/5.0 (Windows NT 10.0; Win64; x64) AppleWebKit/537.36 (KHTML, like Gecko) Chrome/130.0.0.0 Safari/537.36"
185.157.214.50 - - [19/Jul/2025:16:51:47 +0000] "GET /cleaning_services/commercial-cleaning/ HTTP/1.0" 200 75853 "https://ap.cleaning/cleaning_services/commercial-cleaning/" "Mozilla/5.0 (Windows NT 10.0; Win64; x64) AppleWebKit/537.36 (KHTML, like Gecko) Chrome/130.0.0.0 Safari/537.36 CCleaner/130.0.0.0"
185.157.214.50 - - [19/Jul/2025:16:51:48 +0000] "POST /cleaning_services/commercial-cleaning/ HTTP/1.0" 200 75943 "https://ap.cleaning/cleaning_services/commercial-cleaning/" "Mozilla/5.0 (Windows NT 10.0; Win64; x64) AppleWebKit/537.36 (KHTML, like Gecko) Chrome/130.0.0.0 Safari/537.36 CCleaner/130.0.0.0"
185.157.214.50 - - [19/Jul/2025:16:51:48 +0000] "POST /cleaning_services/commercial-cleaning/ HTTP/1.0" 200 75943 "https://ap.cleaning/cleaning_services/commercial-cleaning/" "Mozilla/5.0 (Windows NT 10.0; Win64; x64) AppleWebKit/537.36 (KHTML, like Gecko) Chrome/130.0.0.0 Safari/537.36"
217.113.194.225 - - [19/Jul/2025:16:51:57 +0000] "GET /category/mobile/feed/ HTTP/1.1" 200 1836 "-" "Mozilla/5.0 (compatible; Barkrowler/0.9; +https://babbar.tech/crawler)"
217.113.194.253 - - [19/Jul/2025:16:52:14 +0000] "GET /hello-world/feed/ HTTP/1.1" 200 424 "-" "Mozilla/5.0 (compatible; Barkrowler/0.9; +https://babbar.tech/crawler)"
209.74.77.214 - - [19/Jul/2025:16:52:30 +0000] "POST /wp-cron.php?doing_wp_cron=1752943950.3648140430450439453125 HTTP/1.1" 200 - "-" "WordPress/6.8.2; https://ap.cleaning"
217.113.194.230 - - [19/Jul/2025:16:52:30 +0000] "GET /category/uncategorized/feed/ HTTP/1.1" 200 2544 "-" "Mozilla/5.0 (compatible; Barkrowler/0.9; +https://babbar.tech/crawler)"
217.113.194.231 - - [19/Jul/2025:16:52:45 +0000] "GET /author/apc/feed/ HTTP/1.1" 200 3555 "-" "Mozilla/5.0 (compatible; Barkrowler/0.9; +https://babbar.tech/crawler)"
217.113.194.230 - - [19/Jul/2025:16:53:02 +0000] "GET /category/photography/feed/ HTTP/1.1" 200 2638 "-" "Mozilla/5.0 (compatible; Barkrowler/0.9; +https://babbar.tech/crawler)"
209.74.77.214 - - [19/Jul/2025:16:53:18 +0000] "POST /wp-cron.php?doing_wp_cron=1752943998.3370950222015380859375 HTTP/1.1" 200 - "-" "WordPress/6.8.2; https://ap.cleaning"
217.113.194.230 - - [19/Jul/2025:16:53:18 +0000] "GET /category/freelance/feed/ HTTP/1.1" 200 2071 "-" "Mozilla/5.0 (compatible; Barkrowler/0.9; +https://babbar.tech/crawler)"
217.113.194.229 - - [19/Jul/2025:16:53:33 +0000] "GET /tag/housekeeping/feed/ HTTP/1.1" 200 2768 "-" "Mozilla/5.0 (compatible; Barkrowler/0.9; +https://babbar.tech/crawler)"
217.113.194.226 - - [19/Jul/2025:16:53:49 +0000] "GET /tag/window-cleaner/feed/ HTTP/1.1" 200 2769 "-" "Mozilla/5.0 (compatible; Barkrowler/0.9; +https://babbar.tech/crawler)"
217.113.194.226 - - [19/Jul/2025:16:54:05 +0000] "GET /category/daily-inspiration/feed/ HTTP/1.1" 200 3090 "-" "Mozilla/5.0 (compatible; Barkrowler/0.9; +https://babbar.tech/crawler)"
209.74.77.214 - - [19/Jul/2025:16:54:21 +0000] "POST /wp-cron.php?doing_wp_cron=1752944061.1943149566650390625000 HTTP/1.1" 200 - "-" "WordPress/6.8.2; https://ap.cleaning"
217.113.194.224 - - [19/Jul/2025:16:54:20 +0000] "GET /quick-kitchen-cleaning-mission-monday/feed/ HTTP/1.1" 200 454 "-" "Mozilla/5.0 (compatible; Barkrowler/0.9; +https://babbar.tech/crawler)"
217.113.194.229 - - [19/Jul/2025:16:54:36 +0000] "GET /try-good-enough-method-clean-kitchen/feed/ HTTP/1.1" 200 471 "-" "Mozilla/5.0 (compatible; Barkrowler/0.9; +https://babbar.tech/crawler)"
217.113.194.223 - - [19/Jul/2025:16:54:52 +0000] "GET /new-cleaning-hydrogen-peroxide-tips/feed/ HTTP/1.1" 200 451 "-" "Mozilla/5.0 (compatible; Barkrowler/0.9; +https://babbar.tech/crawler)"
154.54.249.217 - - [19/Jul/2025:16:55:09 +0000] "GET /new-cleaning-hydrogen-peroxide-tips-2/feed/ HTTP/1.1" 200 453 "-" "Mozilla/5.0 (compatible; Barkrowler/0.9; +https://babbar.tech/crawler)"
209.74.77.214 - - [19/Jul/2025:16:55:19 +0000] "POST /wp-cron.php?doing_wp_cron=1752944119.8088099956512451171875 HTTP/1.1" 200 - "-" "WordPress/6.8.2; https://ap.cleaning"
49.51.195.195 - - [19/Jul/2025:16:55:19 +0000] "GET /comments/feed/ HTTP/1.1" 200 412 "-" "Mozilla/5.0 (iPhone; CPU iPhone OS 13_2_3 like Mac OS X) AppleWebKit/605.1.15 (KHTML, like Gecko) Version/13.0.3 Mobile/15E148 Safari/604.1"
217.113.194.231 - - [19/Jul/2025:16:55:24 +0000] "GET /flip-fluff-routine-best-thing-can-furniture/feed/ HTTP/1.1" 200 479 "-" "Mozilla/5.0 (compatible; Barkrowler/0.9; +https://babbar.tech/crawler)"
217.113.194.222 - - [19/Jul/2025:16:55:40 +0000] "GET /choose-adventure-plan-tackling-annual-chore/feed/ HTTP/1.1" 200 472 "-" "Mozilla/5.0 (compatible; Barkrowler/0.9; +https://babbar.tech/crawler)"
217.113.194.222 - - [19/Jul/2025:16:55:56 +0000] "GET /apartment-therapy-mom-wisdom-taking-care-home/feed/ HTTP/1.1" 200 469 "-" "Mozilla/5.0 (compatible; Barkrowler/0.9; +https://babbar.tech/crawler)"
217.113.194.253 - - [19/Jul/2025:16:56:11 +0000] "GET /choose-adventure-plan-tackling-annual-chore-2/feed/ HTTP/1.1" 200 473 "-" "Mozilla/5.0 (compatible; Barkrowler/0.9; +https://babbar.tech/crawler)"
209.74.77.214 - - [19/Jul/2025:16:56:27 +0000] "POST /wp-cron.php?doing_wp_cron=1752944187.8167099952697753906250 HTTP/1.1" 200 - "-" "WordPress/6.8.2; https://ap.cleaning"
217.113.194.227 - - [19/Jul/2025:16:56:27 +0000] "GET /apartment-therapy-mom-wisdom-taking-care-home-2/feed/ HTTP/1.1" 200 472 "-" "Mozilla/5.0 (compatible; Barkrowler/0.9; +https://babbar.tech/crawler)"
209.74.77.214 - - [19/Jul/2025:17:00:07 +0000] "POST /wp-cron.php?doing_wp_cron=1752944407.9089689254760742187500 HTTP/1.1" 200 - "-" "WordPress/6.8.2; https://ap.cleaning"
216.73.216.220 - - [19/Jul/2025:17:00:05 +0000] "GET /detail/1350560973.shtm HTTP/1.1" 404 12596 "-" "Mozilla/5.0 AppleWebKit/537.36 (KHTML, like Gecko; compatible; ClaudeBot/1.0; [email protected])"
209.74.77.214 - - [19/Jul/2025:17:00:58 +0000] "POST /wp-cron.php?doing_wp_cron=1752944458.1958088874816894531250 HTTP/1.1" 200 - "-" "WordPress/6.8.2; https://ap.cleaning"
57.141.2.20 - - [19/Jul/2025:17:00:56 +0000] "GET /detail/608961330.shtm HTTP/1.1" 404 58210 "-" "meta-externalagent/1.1 (+https://developers.facebook.com/docs/sharing/webmasters/crawler)"
209.74.77.214 - - [19/Jul/2025:17:05:37 +0000] "POST /wp-cron.php?doing_wp_cron=1752944737.5782780647277832031250 HTTP/1.1" 200 - "-" "WordPress/6.8.2; https://ap.cleaning"
43.159.136.201 - - [19/Jul/2025:17:05:34 +0000] "GET /cleaning_services/curtain-cleaning/ HTTP/1.1" 200 16291 "-" "Mozilla/5.0 (iPhone; CPU iPhone OS 13_2_3 like Mac OS X) AppleWebKit/605.1.15 (KHTML, like Gecko) Version/13.0.3 Mobile/15E148 Safari/604.1"
209.74.77.214 - - [19/Jul/2025:17:07:28 +0000] "POST /wp-cron.php?doing_wp_cron=1752944848.2480580806732177734375 HTTP/1.1" 200 - "-" "WordPress/6.8.2; https://ap.cleaning"
57.141.2.14 - - [19/Jul/2025:17:07:26 +0000] "GET /detail/1468264663.shtm HTTP/1.1" 404 58210 "-" "meta-externalagent/1.1 (+https://developers.facebook.com/docs/sharing/webmasters/crawler)"
209.74.77.214 - - [19/Jul/2025:17:16:14 +0000] "POST /wp-cron.php?doing_wp_cron=1752945374.7107429504394531250000 HTTP/1.1" 200 - "-" "WordPress/6.8.2; https://ap.cleaning"
57.141.2.2 - - [19/Jul/2025:17:16:13 +0000] "GET /detail/1468420406.shtm HTTP/1.1" 404 58210 "-" "meta-externalagent/1.1 (+https://developers.facebook.com/docs/sharing/webmasters/crawler)"
43.159.149.216 - - [19/Jul/2025:17:16:11 +0000] "GET /cleaning_services/window-cleaning/ HTTP/1.1" 200 16299 "-" "Mozilla/5.0 (iPhone; CPU iPhone OS 13_2_3 like Mac OS X) AppleWebKit/605.1.15 (KHTML, like Gecko) Version/13.0.3 Mobile/15E148 Safari/604.1"
209.74.77.214 - - [19/Jul/2025:17:20:59 +0000] "POST /wp-cron.php?doing_wp_cron=1752945659.2030780315399169921875 HTTP/1.1" 200 - "-" "WordPress/6.8.2; https://ap.cleaning"
216.73.216.220 - - [19/Jul/2025:17:20:56 +0000] "GET /detail/1350875316.shtm HTTP/1.1" 404 12596 "-" "Mozilla/5.0 AppleWebKit/537.36 (KHTML, like Gecko; compatible; ClaudeBot/1.0; [email protected])"
209.74.77.214 - - [19/Jul/2025:17:24:34 +0000] "POST /wp-cron.php?doing_wp_cron=1752945874.7341990470886230468750 HTTP/1.1" 200 - "-" "WordPress/6.8.2; https://ap.cleaning"
49.51.52.250 - - [19/Jul/2025:17:24:32 +0000] "GET /testimonial/ HTTP/1.1" 200 15841 "-" "Mozilla/5.0 (iPhone; CPU iPhone OS 13_2_3 like Mac OS X) AppleWebKit/605.1.15 (KHTML, like Gecko) Version/13.0.3 Mobile/15E148 Safari/604.1"
209.74.77.214 - - [19/Jul/2025:17:27:06 +0000] "POST /wp-cron.php?doing_wp_cron=1752946026.6505970954895019531250 HTTP/1.1" 200 - "-" "WordPress/6.8.2; https://ap.cleaning"
216.73.216.220 - - [19/Jul/2025:17:27:04 +0000] "GET /detail/90382904.shtm HTTP/1.1" 404 12596 "-" "Mozilla/5.0 AppleWebKit/537.36 (KHTML, like Gecko; compatible; ClaudeBot/1.0; [email protected])"
216.73.216.220 - - [19/Jul/2025:17:27:07 +0000] "GET /detail/89898649.shtm HTTP/1.1" 404 12596 "-" "Mozilla/5.0 AppleWebKit/537.36 (KHTML, like Gecko; compatible; ClaudeBot/1.0; [email protected])"
216.73.216.220 - - [19/Jul/2025:17:27:10 +0000] "GET /detail/90166730.shtm HTTP/1.1" 404 12595 "-" "Mozilla/5.0 AppleWebKit/537.36 (KHTML, like Gecko; compatible; ClaudeBot/1.0; [email protected])"
216.73.216.220 - - [19/Jul/2025:17:27:15 +0000] "GET /detail/89849239.shtm HTTP/1.1" 404 12596 "-" "Mozilla/5.0 AppleWebKit/537.36 (KHTML, like Gecko; compatible; ClaudeBot/1.0; [email protected])"
209.74.77.214 - - [19/Jul/2025:17:27:16 +0000] "POST /wp-cron.php?doing_wp_cron=1752946036.7896769046783447265625 HTTP/1.1" 200 - "-" "WordPress/6.8.2; https://ap.cleaning"
216.73.216.220 - - [19/Jul/2025:17:27:16 +0000] "GET /detail/90078847.shtm HTTP/1.1" 404 12597 "-" "Mozilla/5.0 AppleWebKit/537.36 (KHTML, like Gecko; compatible; ClaudeBot/1.0; [email protected])"
216.73.216.220 - - [19/Jul/2025:17:27:19 +0000] "GET /detail/90467643.shtm HTTP/1.1" 404 12597 "-" "Mozilla/5.0 AppleWebKit/537.36 (KHTML, like Gecko; compatible; ClaudeBot/1.0; [email protected])"
216.73.216.220 - - [19/Jul/2025:17:27:22 +0000] "GET /detail/90470791.shtm HTTP/1.1" 404 12595 "-" "Mozilla/5.0 AppleWebKit/537.36 (KHTML, like Gecko; compatible; ClaudeBot/1.0; [email protected])"
216.73.216.220 - - [19/Jul/2025:17:27:25 +0000] "GET /detail/89852003.shtm HTTP/1.1" 404 12596 "-" "Mozilla/5.0 AppleWebKit/537.36 (KHTML, like Gecko; compatible; ClaudeBot/1.0; [email protected])"
216.73.216.220 - - [19/Jul/2025:17:27:28 +0000] "GET /detail/89841203.shtm HTTP/1.1" 404 12595 "-" "Mozilla/5.0 AppleWebKit/537.36 (KHTML, like Gecko; compatible; ClaudeBot/1.0; [email protected])"
216.73.216.220 - - [19/Jul/2025:17:27:32 +0000] "GET /detail/90313793.shtm HTTP/1.1" 404 12595 "-" "Mozilla/5.0 AppleWebKit/537.36 (KHTML, like Gecko; compatible; ClaudeBot/1.0; [email protected])"
216.73.216.220 - - [19/Jul/2025:17:27:34 +0000] "GET /detail/89867999.shtm HTTP/1.1" 404 12596 "-" "Mozilla/5.0 AppleWebKit/537.36 (KHTML, like Gecko; compatible; ClaudeBot/1.0; [email protected])"
216.73.216.220 - - [19/Jul/2025:17:27:37 +0000] "GET /detail/89867266.shtm HTTP/1.1" 404 12597 "-" "Mozilla/5.0 AppleWebKit/537.36 (KHTML, like Gecko; compatible; ClaudeBot/1.0; [email protected])"
216.73.216.220 - - [19/Jul/2025:17:27:40 +0000] "GET /detail/90400576.shtm HTTP/1.1" 404 12596 "-" "Mozilla/5.0 AppleWebKit/537.36 (KHTML, like Gecko; compatible; ClaudeBot/1.0; [email protected])"
216.73.216.220 - - [19/Jul/2025:17:27:43 +0000] "GET /detail/89898492.shtm HTTP/1.1" 404 12596 "-" "Mozilla/5.0 AppleWebKit/537.36 (KHTML, like Gecko; compatible; ClaudeBot/1.0; [email protected])"
216.73.216.220 - - [19/Jul/2025:17:27:46 +0000] "GET /detail/90492094.shtm HTTP/1.1" 404 12596 "-" "Mozilla/5.0 AppleWebKit/537.36 (KHTML, like Gecko; compatible; ClaudeBot/1.0; [email protected])"
216.73.216.220 - - [19/Jul/2025:17:27:49 +0000] "GET /detail/90132346.shtm HTTP/1.1" 404 12597 "-" "Mozilla/5.0 AppleWebKit/537.36 (KHTML, like Gecko; compatible; ClaudeBot/1.0; [email protected])"
216.73.216.220 - - [19/Jul/2025:17:27:52 +0000] "GET /detail/90132924.shtm HTTP/1.1" 404 12596 "-" "Mozilla/5.0 AppleWebKit/537.36 (KHTML, like Gecko; compatible; ClaudeBot/1.0; [email protected])"
216.73.216.220 - - [19/Jul/2025:17:27:55 +0000] "GET /detail/89869892.shtm HTTP/1.1" 404 12595 "-" "Mozilla/5.0 AppleWebKit/537.36 (KHTML, like Gecko; compatible; ClaudeBot/1.0; [email protected])"
216.73.216.220 - - [19/Jul/2025:17:27:58 +0000] "GET /detail/90218101.shtm HTTP/1.1" 404 12596 "-" "Mozilla/5.0 AppleWebKit/537.36 (KHTML, like Gecko; compatible; ClaudeBot/1.0; [email protected])"
216.73.216.220 - - [19/Jul/2025:17:28:01 +0000] "GET /detail/90430200.shtm HTTP/1.1" 404 12596 "-" "Mozilla/5.0 AppleWebKit/537.36 (KHTML, like Gecko; compatible; ClaudeBot/1.0; [email protected])"
216.73.216.220 - - [19/Jul/2025:17:28:04 +0000] "GET /detail/89983669.shtm HTTP/1.1" 404 12595 "-" "Mozilla/5.0 AppleWebKit/537.36 (KHTML, like Gecko; compatible; ClaudeBot/1.0; [email protected])"
216.73.216.220 - - [19/Jul/2025:17:28:07 +0000] "GET /detail/90210366.shtm HTTP/1.1" 404 12595 "-" "Mozilla/5.0 AppleWebKit/537.36 (KHTML, like Gecko; compatible; ClaudeBot/1.0; [email protected])"
216.73.216.220 - - [19/Jul/2025:17:28:51 +0000] "GET /robots.txt HTTP/1.1" 200 91 "-" "Mozilla/5.0 AppleWebKit/537.36 (KHTML, like Gecko; compatible; ClaudeBot/1.0; [email protected])"
209.74.77.214 - - [19/Jul/2025:17:28:53 +0000] "POST /wp-cron.php?doing_wp_cron=1752946133.1386649608612060546875 HTTP/1.1" 200 - "-" "WordPress/6.8.2; https://ap.cleaning"
216.73.216.220 - - [19/Jul/2025:17:28:51 +0000] "GET /detail/89883390.shtm HTTP/1.1" 404 12595 "-" "Mozilla/5.0 AppleWebKit/537.36 (KHTML, like Gecko; compatible; ClaudeBot/1.0; [email protected])"
216.73.216.220 - - [19/Jul/2025:17:28:54 +0000] "GET /detail/90171903.shtm HTTP/1.1" 404 12596 "-" "Mozilla/5.0 AppleWebKit/537.36 (KHTML, like Gecko; compatible; ClaudeBot/1.0; [email protected])"
216.73.216.220 - - [19/Jul/2025:17:28:57 +0000] "GET /detail/90081995.shtm HTTP/1.1" 404 12596 "-" "Mozilla/5.0 AppleWebKit/537.36 (KHTML, like Gecko; compatible; ClaudeBot/1.0; [email protected])"
216.73.216.220 - - [19/Jul/2025:17:29:00 +0000] "GET /detail/89853766.shtm HTTP/1.1" 404 12597 "-" "Mozilla/5.0 AppleWebKit/537.36 (KHTML, like Gecko; compatible; ClaudeBot/1.0; [email protected])"
216.73.216.220 - - [19/Jul/2025:17:29:03 +0000] "GET /detail/90216140.shtm HTTP/1.1" 404 12595 "-" "Mozilla/5.0 AppleWebKit/537.36 (KHTML, like Gecko; compatible; ClaudeBot/1.0; [email protected])"
216.73.216.220 - - [19/Jul/2025:17:29:06 +0000] "GET /detail/90102210.shtm HTTP/1.1" 404 12594 "-" "Mozilla/5.0 AppleWebKit/537.36 (KHTML, like Gecko; compatible; ClaudeBot/1.0; [email protected])"
216.73.216.220 - - [19/Jul/2025:17:29:09 +0000] "GET /detail/90410862.shtm HTTP/1.1" 404 12595 "-" "Mozilla/5.0 AppleWebKit/537.36 (KHTML, like Gecko; compatible; ClaudeBot/1.0; [email protected])"
216.73.216.220 - - [19/Jul/2025:17:29:12 +0000] "GET /detail/90465682.shtm HTTP/1.1" 404 12595 "-" "Mozilla/5.0 AppleWebKit/537.36 (KHTML, like Gecko; compatible; ClaudeBot/1.0; [email protected])"
216.73.216.220 - - [19/Jul/2025:17:29:15 +0000] "GET /detail/90473417.shtm HTTP/1.1" 404 12595 "-" "Mozilla/5.0 AppleWebKit/537.36 (KHTML, like Gecko; compatible; ClaudeBot/1.0; [email protected])"
