209.74.77.214 - - [19/Jul/2025:21:13:35 +0000] "POST /wp-cron.php?doing_wp_cron=1752959615.4847569465637207031250 HTTP/1.1" 200 - "-" "WordPress/6.8.2; https://ap.cleaning"
57.141.2.26 - - [19/Jul/2025:21:13:33 +0000] "GET /detail/609060234.shtm HTTP/1.1" 404 58210 "-" "meta-externalagent/1.1 (+https://developers.facebook.com/docs/sharing/webmasters/crawler)"
57.141.2.8 - - [19/Jul/2025:21:13:38 +0000] "GET /detail/1468152104.shtm HTTP/1.1" 404 58210 "-" "meta-externalagent/1.1 (+https://developers.facebook.com/docs/sharing/webmasters/crawler)"
57.141.2.29 - - [19/Jul/2025:21:13:46 +0000] "GET /detail/1468361734.shtm HTTP/1.1" 404 58210 "-" "meta-externalagent/1.1 (+https://developers.facebook.com/docs/sharing/webmasters/crawler)"
57.141.2.25 - - [19/Jul/2025:21:14:07 +0000] "GET /detail/608678223.shtm HTTP/1.1" 404 58210 "-" "meta-externalagent/1.1 (+https://developers.facebook.com/docs/sharing/webmasters/crawler)"
209.74.77.214 - - [19/Jul/2025:21:15:06 +0000] "POST /wp-cron.php?doing_wp_cron=1752959706.5912520885467529296875 HTTP/1.1" 200 - "-" "WordPress/6.8.2; https://ap.cleaning"
195.2.76.183 - - [19/Jul/2025:21:15:04 +0000] "GET /cleaning_services/commercial-cleaning/ HTTP/1.0" 200 75853 "https://ap.cleaning/cleaning_services/commercial-cleaning/" "Mozilla/5.0 (Windows NT 10.0; Win64; x64) AppleWebKit/537.36 (KHTML, like Gecko) Chrome/130.0.0.0 Safari/537.36 CCleaner/130.0.0.0"
195.2.76.183 - - [19/Jul/2025:21:15:08 +0000] "POST /cleaning_services/commercial-cleaning/ HTTP/1.0" 200 75943 "https://ap.cleaning/cleaning_services/commercial-cleaning/" "Mozilla/5.0 (Windows NT 10.0; Win64; x64) AppleWebKit/537.36 (KHTML, like Gecko) Chrome/130.0.0.0 Safari/537.36 CCleaner/130.0.0.0"
209.74.77.214 - - [19/Jul/2025:21:17:45 +0000] "POST /wp-cron.php?doing_wp_cron=1752959865.9519701004028320312500 HTTP/1.1" 200 - "-" "WordPress/6.8.2; https://ap.cleaning"
80.85.246.144 - - [19/Jul/2025:21:17:43 +0000] "GET / HTTP/1.1" 301 - "-" "Mozilla/5.0 (Macintosh; Intel Mac OS X 10_15_7) AppleWebKit/537.36 (KHTML, like Gecko) Chrome/133.0.0.0 Safari/537.36"
80.85.246.144 - - [19/Jul/2025:21:17:46 +0000] "GET / HTTP/1.1" 200 21146 "https://AP.CLEANING" "Mozilla/5.0 (Macintosh; Intel Mac OS X 10_15_7) AppleWebKit/537.36 (KHTML, like Gecko) Chrome/133.0.0.0 Safari/537.36"
80.85.246.144 - - [19/Jul/2025:21:17:47 +0000] "GET /comments/feed/ HTTP/1.1" 200 412 "-" "Mozilla/5.0 (Macintosh; Intel Mac OS X 10_15_7) AppleWebKit/537.36 (KHTML, like Gecko) Chrome/133.0.0.0 Safari/537.36"
80.85.246.144 - - [19/Jul/2025:21:17:48 +0000] "GET /blog/ HTTP/1.1" 200 16493 "-" "Mozilla/5.0 (Macintosh; Intel Mac OS X 10_15_7) AppleWebKit/537.36 (KHTML, like Gecko) Chrome/133.0.0.0 Safari/537.36"
80.85.246.144 - - [19/Jul/2025:21:17:49 +0000] "GET /new-cleaning-hydrogen-peroxide-tips/ HTTP/1.1" 200 15276 "-" "Mozilla/5.0 (Macintosh; Intel Mac OS X 10_15_7) AppleWebKit/537.36 (KHTML, like Gecko) Chrome/133.0.0.0 Safari/537.36"
95.38.149.216 - - [19/Jul/2025:21:17:52 +0000] "POST /wp-comments-post.php HTTP/1.1" 200 1106 "-" "Mozilla/5.0 (Macintosh; Intel Mac OS X 10_15_7) AppleWebKit/537.36 (KHTML, like Gecko) Chrome/133.0.0.0 Safari/537.36"
95.38.149.216 - - [19/Jul/2025:21:17:54 +0000] "POST /wp-comments-post.php HTTP/1.1" 200 - "-" "Mozilla/5.0 (Windows NT 10.0; Win64; x64) AppleWebKit/537.36 (KHTML, like Gecko) Chrome/120.0.0.0 Safari/537.36"
80.85.246.144 - - [19/Jul/2025:21:17:55 +0000] "GET /wp-content/uploads/2021/08/blog-post-img-2-1.jpg HTTP/1.1" 200 101886 "-" "Mozilla/5.0 (Macintosh; Intel Mac OS X 10_15_7) AppleWebKit/537.36 (KHTML, like Gecko) Chrome/133.0.0.0 Safari/537.36"
80.85.246.144 - - [19/Jul/2025:21:17:57 +0000] "GET /wp-content/uploads/2021/08/blog-post-img-2-1-1.jpg HTTP/1.1" 200 49701 "-" "Mozilla/5.0 (Macintosh; Intel Mac OS X 10_15_7) AppleWebKit/537.36 (KHTML, like Gecko) Chrome/133.0.0.0 Safari/537.36"
80.85.246.144 - - [19/Jul/2025:21:17:57 +0000] "GET /wp-content/uploads/2021/08/blog-post-img-2-2.jpg HTTP/1.1" 200 59816 "-" "Mozilla/5.0 (Macintosh; Intel Mac OS X 10_15_7) AppleWebKit/537.36 (KHTML, like Gecko) Chrome/133.0.0.0 Safari/537.36"
80.85.246.144 - - [19/Jul/2025:21:17:58 +0000] "GET /contact-us/ HTTP/1.1" 200 15317 "-" "Mozilla/5.0 (Macintosh; Intel Mac OS X 10_15_7) AppleWebKit/537.36 (KHTML, like Gecko) Chrome/133.0.0.0 Safari/537.36"
95.38.149.216 - - [19/Jul/2025:21:18:03 +0000] "POST /contact-us/ HTTP/1.1" 200 15449 "-" "Mozilla/5.0 (Macintosh; Intel Mac OS X 10_15_7) AppleWebKit/537.36 (KHTML, like Gecko) Chrome/133.0.0.0 Safari/537.36"
95.38.149.216 - - [19/Jul/2025:21:18:05 +0000] "POST /contact-us/ HTTP/1.1" 200 15316 "-" "Mozilla/5.0 (Windows NT 10.0; Win64; x64) AppleWebKit/537.36 (KHTML, like Gecko) Chrome/120.0.0.0 Safari/537.36"
80.85.246.144 - - [19/Jul/2025:21:18:07 +0000] "GET /new-cleaning-hydrogen-peroxide-tips-2/ HTTP/1.1" 200 15234 "-" "Mozilla/5.0 (Macintosh; Intel Mac OS X 10_15_7) AppleWebKit/537.36 (KHTML, like Gecko) Chrome/133.0.0.0 Safari/537.36"
95.38.149.216 - - [19/Jul/2025:21:18:09 +0000] "POST /wp-comments-post.php HTTP/1.1" 200 1106 "-" "Mozilla/5.0 (Macintosh; Intel Mac OS X 10_15_7) AppleWebKit/537.36 (KHTML, like Gecko) Chrome/133.0.0.0 Safari/537.36"
95.38.149.216 - - [19/Jul/2025:21:18:15 +0000] "POST /wp-comments-post.php HTTP/1.1" 200 - "-" "Mozilla/5.0 (Windows NT 10.0; Win64; x64) AppleWebKit/537.36 (KHTML, like Gecko) Chrome/120.0.0.0 Safari/537.36"
209.74.77.214 - - [19/Jul/2025:21:18:16 +0000] "POST /wp-cron.php?doing_wp_cron=1752959896.4890129566192626953125 HTTP/1.1" 200 - "-" "WordPress/6.8.2; https://ap.cleaning"
80.85.246.144 - - [19/Jul/2025:21:18:16 +0000] "GET /new-cleaning-hydrogen-peroxide-tips-2/feed/ HTTP/1.1" 200 453 "-" "Mozilla/5.0 (Macintosh; Intel Mac OS X 10_15_7) AppleWebKit/537.36 (KHTML, like Gecko) Chrome/133.0.0.0 Safari/537.36"
80.85.246.144 - - [19/Jul/2025:21:18:17 +0000] "GET /new-cleaning-hydrogen-peroxide-tips-2/ HTTP/1.1" 200 15234 "-" "Mozilla/5.0 (Macintosh; Intel Mac OS X 10_15_7) AppleWebKit/537.36 (KHTML, like Gecko) Chrome/133.0.0.0 Safari/537.36"
173.252.87.1 - - [19/Jul/2025:21:22:06 +0000] "GET /robots.txt HTTP/1.1" 206 76 "-" "facebookexternalhit/1.1 (+http://www.facebook.com/externalhit_uatext.php)"
209.74.77.214 - - [19/Jul/2025:21:27:56 +0000] "POST /wp-cron.php?doing_wp_cron=1752960476.5831019878387451171875 HTTP/1.1" 200 - "-" "WordPress/6.8.2; https://ap.cleaning"
57.141.2.25 - - [19/Jul/2025:21:27:54 +0000] "GET /detail/609064821.shtm HTTP/1.1" 404 58210 "-" "meta-externalagent/1.1 (+https://developers.facebook.com/docs/sharing/webmasters/crawler)"
115.72.3.228 - - [19/Jul/2025:21:29:20 +0000] "POST /wp-comments-post.php HTTP/1.1" 302 - "-" "Mozilla/5.0 (Windows NT 10.0; Win64; x64) AppleWebKit/537.36 (KHTML, like Gecko) Chrome/120.0.0.0 Safari/537.36"
115.72.3.228 - - [19/Jul/2025:21:29:43 +0000] "POST /wp-comments-post.php HTTP/1.1" 302 - "-" "Mozilla/5.0 (Windows NT 10.0; Win64; x64) AppleWebKit/537.36 (KHTML, like Gecko) Chrome/120.0.0.0 Safari/537.36"
115.72.3.228 - - [19/Jul/2025:21:30:10 +0000] "POST /wp-comments-post.php HTTP/1.1" 302 - "-" "Mozilla/5.0 (Windows NT 10.0; Win64; x64) AppleWebKit/537.36 (KHTML, like Gecko) Chrome/120.0.0.0 Safari/537.36"
209.74.77.214 - - [19/Jul/2025:21:30:36 +0000] "POST /wp-cron.php?doing_wp_cron=1752960636.0298800468444824218750 HTTP/1.1" 200 - "-" "WordPress/6.8.2; https://ap.cleaning"
115.72.3.228 - - [19/Jul/2025:21:30:35 +0000] "POST /wp-comments-post.php HTTP/1.1" 302 - "-" "Mozilla/5.0 (Windows NT 10.0; Win64; x64) AppleWebKit/537.36 (KHTML, like Gecko) Chrome/120.0.0.0 Safari/537.36"
115.72.3.228 - - [19/Jul/2025:21:31:00 +0000] "POST /wp-comments-post.php HTTP/1.1" 302 - "-" "Mozilla/5.0 (Windows NT 10.0; Win64; x64) AppleWebKit/537.36 (KHTML, like Gecko) Chrome/120.0.0.0 Safari/537.36"
209.74.77.214 - - [19/Jul/2025:21:31:29 +0000] "POST /wp-cron.php?doing_wp_cron=1752960689.7065269947052001953125 HTTP/1.1" 200 - "-" "WordPress/6.8.2; https://ap.cleaning"
115.72.3.228 - - [19/Jul/2025:21:31:29 +0000] "POST /wp-comments-post.php HTTP/1.1" 302 - "-" "Mozilla/5.0 (Windows NT 10.0; Win64; x64) AppleWebKit/537.36 (KHTML, like Gecko) Chrome/120.0.0.0 Safari/537.36"
115.72.3.228 - - [19/Jul/2025:21:31:54 +0000] "POST /wp-comments-post.php HTTP/1.1" 302 - "-" "Mozilla/5.0 (Windows NT 10.0; Win64; x64) AppleWebKit/537.36 (KHTML, like Gecko) Chrome/120.0.0.0 Safari/537.36"
209.74.77.214 - - [19/Jul/2025:21:32:21 +0000] "POST /wp-cron.php?doing_wp_cron=1752960741.7641789913177490234375 HTTP/1.1" 200 - "-" "WordPress/6.8.2; https://ap.cleaning"
115.72.3.228 - - [19/Jul/2025:21:32:21 +0000] "POST /wp-comments-post.php HTTP/1.1" 302 - "-" "Mozilla/5.0 (Windows NT 10.0; Win64; x64) AppleWebKit/537.36 (KHTML, like Gecko) Chrome/120.0.0.0 Safari/537.36"
115.72.3.228 - - [19/Jul/2025:21:32:47 +0000] "POST /wp-comments-post.php HTTP/1.1" 302 - "-" "Mozilla/5.0 (Windows NT 10.0; Win64; x64) AppleWebKit/537.36 (KHTML, like Gecko) Chrome/120.0.0.0 Safari/537.36"
115.72.3.228 - - [19/Jul/2025:21:33:11 +0000] "POST /wp-comments-post.php HTTP/1.1" 302 - "-" "Mozilla/5.0 (Windows NT 10.0; Win64; x64) AppleWebKit/537.36 (KHTML, like Gecko) Chrome/120.0.0.0 Safari/537.36"
74.48.7.91 - - [19/Jul/2025:21:34:39 +0000] "POST /wp-comments-post.php HTTP/1.1" 302 - "-" "Mozilla/5.0 (Windows NT 10.0; Win64; x64) AppleWebKit/537.36 (KHTML, like Gecko) Chrome/120.0.0.0 Safari/537.36"
74.48.7.91 - - [19/Jul/2025:21:35:06 +0000] "POST /wp-comments-post.php HTTP/1.1" 302 - "-" "Mozilla/5.0 (Windows NT 10.0; Win64; x64) AppleWebKit/537.36 (KHTML, like Gecko) Chrome/120.0.0.0 Safari/537.36"
74.48.7.91 - - [19/Jul/2025:21:35:34 +0000] "POST /wp-comments-post.php HTTP/1.1" 302 - "-" "Mozilla/5.0 (Windows NT 10.0; Win64; x64) AppleWebKit/537.36 (KHTML, like Gecko) Chrome/120.0.0.0 Safari/537.36"
74.48.7.91 - - [19/Jul/2025:21:36:04 +0000] "POST /wp-comments-post.php HTTP/1.1" 302 - "-" "Mozilla/5.0 (Windows NT 10.0; Win64; x64) AppleWebKit/537.36 (KHTML, like Gecko) Chrome/120.0.0.0 Safari/537.36"
185.177.72.111 - - [19/Jul/2025:21:36:07 +0000] "GET / HTTP/1.1" 200 21149 "-" "Mozilla/5.0 (Windows NT 10.0; Win64; x64) AppleWebKit/537.36 (KHTML, like Gecko) Chrome/91.0.4472.124 Safari/537.36"
185.177.72.111 - - [19/Jul/2025:21:36:08 +0000] "GET /tests/default_settings/v11.0/.env HTTP/1.1" 404 12595 "-" "Mozilla/5.0 (Windows NT 10.0; Win64; x64) AppleWebKit/537.36 (KHTML, like Gecko) Chrome/91.0.4472.124 Safari/537.36"
185.177.72.111 - - [19/Jul/2025:21:36:08 +0000] "GET /test/bdd/fixtures/couchdb/.env HTTP/1.1" 404 12595 "-" "Mozilla/5.0 (Windows NT 10.0; Win64; x64) AppleWebKit/537.36 (KHTML, like Gecko) Chrome/91.0.4472.124 Safari/537.36"
185.177.72.111 - - [19/Jul/2025:21:36:09 +0000] "GET /content/.env HTTP/1.1" 404 12597 "-" "Mozilla/5.0 (Windows NT 10.0; Win64; x64) AppleWebKit/537.36 (KHTML, like Gecko) Chrome/91.0.4472.124 Safari/537.36"
185.177.72.111 - - [19/Jul/2025:21:36:09 +0000] "GET /main/.env HTTP/1.1" 404 12596 "-" "Mozilla/5.0 (Windows NT 10.0; Win64; x64) AppleWebKit/537.36 (KHTML, like Gecko) Chrome/91.0.4472.124 Safari/537.36"
185.177.72.111 - - [19/Jul/2025:21:36:10 +0000] "GET /libs/.env HTTP/1.1" 404 12596 "-" "Mozilla/5.0 (Windows NT 10.0; Win64; x64) AppleWebKit/537.36 (KHTML, like Gecko) Chrome/91.0.4472.124 Safari/537.36"
185.177.72.111 - - [19/Jul/2025:21:36:10 +0000] "GET /.git/refs/stash HTTP/1.1" 404 12596 "-" "Mozilla/5.0 (Windows NT 10.0; Win64; x64) AppleWebKit/537.36 (KHTML, like Gecko) Chrome/91.0.4472.124 Safari/537.36"
185.177.72.111 - - [19/Jul/2025:21:36:11 +0000] "GET /images/.env HTTP/1.1" 404 12596 "-" "Mozilla/5.0 (Windows NT 10.0; Win64; x64) AppleWebKit/537.36 (KHTML, like Gecko) Chrome/91.0.4472.124 Safari/537.36"
185.177.72.111 - - [19/Jul/2025:21:36:12 +0000] "GET /bin HTTP/1.1" 404 12596 "-" "Mozilla/5.0 (Windows NT 10.0; Win64; x64) AppleWebKit/537.36 (KHTML, like Gecko) Chrome/91.0.4472.124 Safari/537.36"
84.54.44.30 - - [19/Jul/2025:21:36:12 +0000] "GET /cleaning_services/commercial-cleaning/ HTTP/1.0" 200 75853 "https://ap.cleaning/cleaning_services/commercial-cleaning/" "Mozilla/5.0 (Windows NT 10.0; Win64; x64) AppleWebKit/537.36 (KHTML, like Gecko) Chrome/129.0.0.0 Safari/537.36"
185.177.72.111 - - [19/Jul/2025:21:36:13 +0000] "GET /wp-content/themes/twentyfourteen/archive.php HTTP/1.1" 404 12597 "-" "Mozilla/5.0 (Windows NT 10.0; Win64; x64) AppleWebKit/537.36 (KHTML, like Gecko) Chrome/91.0.4472.124 Safari/537.36"
84.54.44.30 - - [19/Jul/2025:21:36:14 +0000] "POST /cleaning_services/commercial-cleaning/ HTTP/1.0" 200 75943 "https://ap.cleaning/cleaning_services/commercial-cleaning/" "Mozilla/5.0 (Windows NT 10.0; Win64; x64) AppleWebKit/537.36 (KHTML, like Gecko) Chrome/129.0.0.0 Safari/537.36"
209.74.77.214 - - [19/Jul/2025:21:36:36 +0000] "POST /wp-cron.php?doing_wp_cron=1752960996.8881559371948242187500 HTTP/1.1" 200 - "-" "WordPress/6.8.2; https://ap.cleaning"
74.48.7.91 - - [19/Jul/2025:21:36:36 +0000] "POST /wp-comments-post.php HTTP/1.1" 302 - "-" "Mozilla/5.0 (Windows NT 10.0; Win64; x64) AppleWebKit/537.36 (KHTML, like Gecko) Chrome/120.0.0.0 Safari/537.36"
74.48.7.91 - - [19/Jul/2025:21:36:58 +0000] "POST /wp-comments-post.php HTTP/1.1" 302 - "-" "Mozilla/5.0 (Windows NT 10.0; Win64; x64) AppleWebKit/537.36 (KHTML, like Gecko) Chrome/120.0.0.0 Safari/537.36"
209.74.77.214 - - [19/Jul/2025:21:37:20 +0000] "POST /wp-cron.php?doing_wp_cron=1752961040.4946010112762451171875 HTTP/1.1" 200 - "-" "WordPress/6.8.2; https://ap.cleaning"
74.48.7.91 - - [19/Jul/2025:21:37:20 +0000] "POST /wp-comments-post.php HTTP/1.1" 302 - "-" "Mozilla/5.0 (Windows NT 10.0; Win64; x64) AppleWebKit/537.36 (KHTML, like Gecko) Chrome/120.0.0.0 Safari/537.36"
209.74.77.214 - - [19/Jul/2025:21:37:45 +0000] "POST /wp-cron.php?doing_wp_cron=1752961065.3267168998718261718750 HTTP/1.1" 200 - "-" "WordPress/6.8.2; https://ap.cleaning"
74.48.7.91 - - [19/Jul/2025:21:37:45 +0000] "POST /wp-comments-post.php HTTP/1.1" 302 - "-" "Mozilla/5.0 (Windows NT 10.0; Win64; x64) AppleWebKit/537.36 (KHTML, like Gecko) Chrome/120.0.0.0 Safari/537.36"
209.74.77.214 - - [19/Jul/2025:21:38:09 +0000] "POST /wp-cron.php?doing_wp_cron=1752961089.5159640312194824218750 HTTP/1.1" 200 - "-" "WordPress/6.8.2; https://ap.cleaning"
74.48.7.91 - - [19/Jul/2025:21:38:09 +0000] "POST /wp-comments-post.php HTTP/1.1" 302 - "-" "Mozilla/5.0 (Windows NT 10.0; Win64; x64) AppleWebKit/537.36 (KHTML, like Gecko) Chrome/120.0.0.0 Safari/537.36"
209.74.77.214 - - [19/Jul/2025:21:38:19 +0000] "POST /wp-cron.php?doing_wp_cron=1752961099.7441170215606689453125 HTTP/1.1" 200 - "-" "WordPress/6.8.2; https://ap.cleaning"
57.141.2.25 - - [19/Jul/2025:21:38:19 +0000] "GET /cleaning_services/window-cleaning/ HTTP/1.1" 200 75821 "-" "meta-externalagent/1.1 (+https://developers.facebook.com/docs/sharing/webmasters/crawler)"
209.74.77.214 - - [19/Jul/2025:22:04:38 +0000] "POST /wp-cron.php?doing_wp_cron=1752962678.9333360195159912109375 HTTP/1.1" 200 - "-" "WordPress/6.8.2; https://ap.cleaning"
195.200.31.16 - - [19/Jul/2025:22:04:35 +0000] "GET /cleaning_services/commercial-cleaning/ HTTP/1.0" 200 75853 "https://ap.cleaning/cleaning_services/commercial-cleaning/" "Mozilla/5.0 (Windows NT 10.0; Win64; x64) AppleWebKit/537.36 (KHTML, like Gecko) Chrome/131.0.0.0 Safari/537.36 Avast/131.0.0.0"
195.200.31.16 - - [19/Jul/2025:22:04:40 +0000] "POST /cleaning_services/commercial-cleaning/ HTTP/1.0" 200 75943 "https://ap.cleaning/cleaning_services/commercial-cleaning/" "Mozilla/5.0 (Windows NT 10.0; Win64; x64) AppleWebKit/537.36 (KHTML, like Gecko) Chrome/131.0.0.0 Safari/537.36 Avast/131.0.0.0"
43.130.3.122 - - [19/Jul/2025:22:14:12 +0000] "GET / HTTP/1.1" 200 21151 "http://www.ap.cleaning" "Mozilla/5.0 (iPhone; CPU iPhone OS 13_2_3 like Mac OS X) AppleWebKit/605.1.15 (KHTML, like Gecko) Version/13.0.3 Mobile/15E148 Safari/604.1"
209.74.77.214 - - [19/Jul/2025:22:24:37 +0000] "POST /wp-cron.php?doing_wp_cron=1752963877.2563979625701904296875 HTTP/1.1" 200 - "-" "WordPress/6.8.2; https://ap.cleaning"
57.141.2.23 - - [19/Jul/2025:22:24:34 +0000] "GET /detail/609031698.shtm HTTP/1.1" 404 58210 "-" "meta-externalagent/1.1 (+https://developers.facebook.com/docs/sharing/webmasters/crawler)"
57.141.2.25 - - [19/Jul/2025:22:24:47 +0000] "GET /detail/608578221.shtm HTTP/1.1" 404 58210 "-" "meta-externalagent/1.1 (+https://developers.facebook.com/docs/sharing/webmasters/crawler)"
209.74.77.214 - - [19/Jul/2025:22:26:53 +0000] "POST /wp-cron.php?doing_wp_cron=1752964013.1565110683441162109375 HTTP/1.1" 200 - "-" "WordPress/6.8.2; https://ap.cleaning"
57.141.2.9 - - [19/Jul/2025:22:26:51 +0000] "GET /cleaning_services/house-cleaning/ HTTP/1.1" 200 75813 "-" "meta-externalagent/1.1 (+https://developers.facebook.com/docs/sharing/webmasters/crawler)"
216.73.216.156 - - [19/Jul/2025:22:29:50 +0000] "GET /robots.txt HTTP/1.1" 200 91 "-" "Mozilla/5.0 AppleWebKit/537.36 (KHTML, like Gecko; compatible; ClaudeBot/1.0; [email protected])"
209.74.77.214 - - [19/Jul/2025:22:29:53 +0000] "POST /wp-cron.php?doing_wp_cron=1752964193.6456000804901123046875 HTTP/1.1" 200 - "-" "WordPress/6.8.2; https://ap.cleaning"
216.73.216.156 - - [19/Jul/2025:22:29:50 +0000] "GET /detail/332341605.shtm HTTP/1.1" 404 12595 "-" "Mozilla/5.0 AppleWebKit/537.36 (KHTML, like Gecko; compatible; ClaudeBot/1.0; [email protected])"
216.73.216.156 - - [19/Jul/2025:22:29:54 +0000] "GET /detail/332286145.shtm HTTP/1.1" 404 12596 "-" "Mozilla/5.0 AppleWebKit/537.36 (KHTML, like Gecko; compatible; ClaudeBot/1.0; [email protected])"
216.73.216.156 - - [19/Jul/2025:22:29:57 +0000] "GET /detail/331805234.shtm HTTP/1.1" 404 12595 "-" "Mozilla/5.0 AppleWebKit/537.36 (KHTML, like Gecko; compatible; ClaudeBot/1.0; [email protected])"
209.74.77.214 - - [19/Jul/2025:22:31:10 +0000] "POST /wp-cron.php?doing_wp_cron=1752964270.0175299644470214843750 HTTP/1.1" 200 - "-" "WordPress/6.8.2; https://ap.cleaning"
216.73.216.156 - - [19/Jul/2025:22:31:07 +0000] "GET /detail/331805812.shtm HTTP/1.1" 404 12595 "-" "Mozilla/5.0 AppleWebKit/537.36 (KHTML, like Gecko; compatible; ClaudeBot/1.0; [email protected])"
216.73.216.156 - - [19/Jul/2025:22:31:11 +0000] "GET /detail/332378840.shtm HTTP/1.1" 404 12595 "-" "Mozilla/5.0 AppleWebKit/537.36 (KHTML, like Gecko; compatible; ClaudeBot/1.0; [email protected])"
216.73.216.156 - - [19/Jul/2025:22:31:13 +0000] "GET /detail/331844791.shtm HTTP/1.1" 404 12596 "-" "Mozilla/5.0 AppleWebKit/537.36 (KHTML, like Gecko; compatible; ClaudeBot/1.0; [email protected])"
209.74.77.214 - - [19/Jul/2025:22:32:03 +0000] "POST /wp-cron.php?doing_wp_cron=1752964323.1017069816589355468750 HTTP/1.1" 200 - "-" "WordPress/6.8.2; https://ap.cleaning"
216.73.216.156 - - [19/Jul/2025:22:32:00 +0000] "GET /detail/926931857.shtm HTTP/1.1" 404 12596 "-" "Mozilla/5.0 AppleWebKit/537.36 (KHTML, like Gecko; compatible; ClaudeBot/1.0; [email protected])"
216.73.216.156 - - [19/Jul/2025:22:32:03 +0000] "GET /detail/332435107.shtm HTTP/1.1" 404 12595 "-" "Mozilla/5.0 AppleWebKit/537.36 (KHTML, like Gecko; compatible; ClaudeBot/1.0; [email protected])"
216.73.216.156 - - [19/Jul/2025:22:32:06 +0000] "GET /detail/926839230.shtm HTTP/1.1" 404 12596 "-" "Mozilla/5.0 AppleWebKit/537.36 (KHTML, like Gecko; compatible; ClaudeBot/1.0; [email protected])"
209.74.77.214 - - [19/Jul/2025:22:33:12 +0000] "POST /wp-cron.php?doing_wp_cron=1752964392.9323399066925048828125 HTTP/1.1" 200 - "-" "WordPress/6.8.2; https://ap.cleaning"
216.73.216.156 - - [19/Jul/2025:22:33:10 +0000] "GET /detail/1281286601.shtm HTTP/1.1" 404 12597 "-" "Mozilla/5.0 AppleWebKit/537.36 (KHTML, like Gecko; compatible; ClaudeBot/1.0; [email protected])"
216.73.216.156 - - [19/Jul/2025:22:33:13 +0000] "GET /detail/926942657.shtm HTTP/1.1" 404 12595 "-" "Mozilla/5.0 AppleWebKit/537.36 (KHTML, like Gecko; compatible; ClaudeBot/1.0; [email protected])"
209.74.77.214 - - [19/Jul/2025:22:33:17 +0000] "POST /wp-cron.php?doing_wp_cron=1752964397.0673120021820068359375 HTTP/1.1" 200 - "-" "WordPress/6.8.2; https://ap.cleaning"
216.73.216.156 - - [19/Jul/2025:22:33:16 +0000] "GET /detail/926820908.shtm HTTP/1.1" 404 12596 "-" "Mozilla/5.0 AppleWebKit/537.36 (KHTML, like Gecko; compatible; ClaudeBot/1.0; [email protected])"
3.84.111.86 - - [19/Jul/2025:22:34:14 +0000] "GET / HTTP/1.1" 200 21148 "-" "Mozilla/5.0"
209.74.77.214 - - [19/Jul/2025:22:34:39 +0000] "POST /wp-cron.php?doing_wp_cron=1752964479.8950309753417968750000 HTTP/1.1" 200 - "-" "WordPress/6.8.2; https://ap.cleaning"
216.73.216.156 - - [19/Jul/2025:22:34:39 +0000] "GET /detail/926973532.shtm HTTP/1.1" 404 12595 "-" "Mozilla/5.0 AppleWebKit/537.36 (KHTML, like Gecko; compatible; ClaudeBot/1.0; [email protected])"
216.73.216.156 - - [19/Jul/2025:22:34:42 +0000] "GET /detail/332456121.shtm HTTP/1.1" 404 12594 "-" "Mozilla/5.0 AppleWebKit/537.36 (KHTML, like Gecko; compatible; ClaudeBot/1.0; [email protected])"
43.153.192.98 - - [19/Jul/2025:22:34:43 +0000] "GET / HTTP/1.1" 200 21149 "-" "Mozilla/5.0 (iPhone; CPU iPhone OS 13_2_3 like Mac OS X) AppleWebKit/605.1.15 (KHTML, like Gecko) Version/13.0.3 Mobile/15E148 Safari/604.1"
216.73.216.156 - - [19/Jul/2025:22:34:45 +0000] "GET /detail/1281226672.shtm HTTP/1.1" 404 12595 "-" "Mozilla/5.0 AppleWebKit/537.36 (KHTML, like Gecko; compatible; ClaudeBot/1.0; [email protected])"
209.74.77.214 - - [19/Jul/2025:22:36:10 +0000] "POST /wp-cron.php?doing_wp_cron=1752964570.4910309314727783203125 HTTP/1.1" 200 - "-" "WordPress/6.8.2; https://ap.cleaning"
216.73.216.156 - - [19/Jul/2025:22:36:08 +0000] "GET /detail/927256422.shtm HTTP/1.1" 404 12595 "-" "Mozilla/5.0 AppleWebKit/537.36 (KHTML, like Gecko; compatible; ClaudeBot/1.0; [email protected])"
216.73.216.156 - - [19/Jul/2025:22:36:11 +0000] "GET /detail/1281502562.shtm HTTP/1.1" 404 12596 "-" "Mozilla/5.0 AppleWebKit/537.36 (KHTML, like Gecko; compatible; ClaudeBot/1.0; [email protected])"
216.73.216.156 - - [19/Jul/2025:22:36:14 +0000] "GET /detail/926849601.shtm HTTP/1.1" 404 12595 "-" "Mozilla/5.0 AppleWebKit/537.36 (KHTML, like Gecko; compatible; ClaudeBot/1.0; [email protected])"
209.74.77.214 - - [19/Jul/2025:22:37:15 +0000] "POST /wp-cron.php?doing_wp_cron=1752964635.9577479362487792968750 HTTP/1.1" 200 - "-" "WordPress/6.8.2; https://ap.cleaning"
216.73.216.156 - - [19/Jul/2025:22:37:13 +0000] "GET /detail/927411007.shtm HTTP/1.1" 404 12595 "-" "Mozilla/5.0 AppleWebKit/537.36 (KHTML, like Gecko; compatible; ClaudeBot/1.0; [email protected])"
216.73.216.156 - - [19/Jul/2025:22:37:16 +0000] "GET /detail/332378101.shtm HTTP/1.1" 404 12594 "-" "Mozilla/5.0 AppleWebKit/537.36 (KHTML, like Gecko; compatible; ClaudeBot/1.0; [email protected])"
216.73.216.156 - - [19/Jul/2025:22:37:19 +0000] "GET /detail/1281252956.shtm HTTP/1.1" 404 12595 "-" "Mozilla/5.0 AppleWebKit/537.36 (KHTML, like Gecko; compatible; ClaudeBot/1.0; [email protected])"
209.74.77.214 - - [19/Jul/2025:22:38:42 +0000] "POST /wp-cron.php?doing_wp_cron=1752964722.1704030036926269531250 HTTP/1.1" 200 - "-" "WordPress/6.8.2; https://ap.cleaning"
216.73.216.156 - - [19/Jul/2025:22:38:40 +0000] "GET /detail/927388610.shtm HTTP/1.1" 404 12595 "-" "Mozilla/5.0 AppleWebKit/537.36 (KHTML, like Gecko; compatible; ClaudeBot/1.0; [email protected])"
216.73.216.156 - - [19/Jul/2025:22:38:42 +0000] "GET /detail/927146720.shtm HTTP/1.1" 404 12595 "-" "Mozilla/5.0 AppleWebKit/537.36 (KHTML, like Gecko; compatible; ClaudeBot/1.0; [email protected])"
216.73.216.156 - - [19/Jul/2025:22:38:45 +0000] "GET /detail/332341027.shtm HTTP/1.1" 404 12596 "-" "Mozilla/5.0 AppleWebKit/537.36 (KHTML, like Gecko; compatible; ClaudeBot/1.0; [email protected])"
43.166.251.233 - - [19/Jul/2025:22:38:54 +0000] "GET /new-cleaning-hydrogen-peroxide-tips-2/ HTTP/1.1" 200 15233 "-" "Mozilla/5.0 (iPhone; CPU iPhone OS 13_2_3 like Mac OS X) AppleWebKit/605.1.15 (KHTML, like Gecko) Version/13.0.3 Mobile/15E148 Safari/604.1"
209.74.77.214 - - [19/Jul/2025:22:40:35 +0000] "POST /wp-cron.php?doing_wp_cron=1752964835.2544579505920410156250 HTTP/1.1" 200 - "-" "WordPress/6.8.2; https://ap.cleaning"
216.73.216.156 - - [19/Jul/2025:22:40:32 +0000] "GET /detail/1281397905.shtm HTTP/1.1" 404 12595 "-" "Mozilla/5.0 AppleWebKit/537.36 (KHTML, like Gecko; compatible; ClaudeBot/1.0; [email protected])"
216.73.216.156 - - [19/Jul/2025:22:40:38 +0000] "GET /detail/927001490.shtm HTTP/1.1" 404 12595 "-" "Mozilla/5.0 AppleWebKit/537.36 (KHTML, like Gecko; compatible; ClaudeBot/1.0; [email protected])"
216.73.216.156 - - [19/Jul/2025:22:40:41 +0000] "GET /detail/1281273175.shtm HTTP/1.1" 404 12595 "-" "Mozilla/5.0 AppleWebKit/537.36 (KHTML, like Gecko; compatible; ClaudeBot/1.0; [email protected])"
34.61.102.132 - - [19/Jul/2025:22:40:44 +0000] "GET / HTTP/1.1" 200 21148 "-" "Mozilla/5.0 (Windows NT 6.2; Win64; x64; rv:16.0.1) Gecko/20121011 Firefox/21.0.1"
209.74.77.214 - - [19/Jul/2025:22:41:30 +0000] "POST /wp-cron.php?doing_wp_cron=1752964890.8626389503479003906250 HTTP/1.1" 200 - "-" "WordPress/6.8.2; https://ap.cleaning"
216.73.216.156 - - [19/Jul/2025:22:41:28 +0000] "GET /detail/1281639337.shtm HTTP/1.1" 404 12595 "-" "Mozilla/5.0 AppleWebKit/537.36 (KHTML, like Gecko; compatible; ClaudeBot/1.0; [email protected])"
216.73.216.156 - - [19/Jul/2025:22:41:31 +0000] "GET /detail/1281324998.shtm HTTP/1.1" 404 12595 "-" "Mozilla/5.0 AppleWebKit/537.36 (KHTML, like Gecko; compatible; ClaudeBot/1.0; [email protected])"
216.73.216.156 - - [19/Jul/2025:22:41:34 +0000] "GET /detail/1281505931.shtm HTTP/1.1" 404 12597 "-" "Mozilla/5.0 AppleWebKit/537.36 (KHTML, like Gecko; compatible; ClaudeBot/1.0; [email protected])"
209.74.77.214 - - [19/Jul/2025:22:42:50 +0000] "POST /wp-cron.php?doing_wp_cron=1752964969.9923710823059082031250 HTTP/1.1" 200 - "-" "WordPress/6.8.2; https://ap.cleaning"
216.73.216.156 - - [19/Jul/2025:22:42:48 +0000] "GET /detail/926884049.shtm HTTP/1.1" 404 12596 "-" "Mozilla/5.0 AppleWebKit/537.36 (KHTML, like Gecko; compatible; ClaudeBot/1.0; [email protected])"
216.73.216.156 - - [19/Jul/2025:22:42:50 +0000] "GET /detail/1281786404.shtm HTTP/1.1" 404 12597 "-" "Mozilla/5.0 AppleWebKit/537.36 (KHTML, like Gecko; compatible; ClaudeBot/1.0; [email protected])"
216.73.216.156 - - [19/Jul/2025:22:42:53 +0000] "GET /detail/927321520.shtm HTTP/1.1" 404 12596 "-" "Mozilla/5.0 AppleWebKit/537.36 (KHTML, like Gecko; compatible; ClaudeBot/1.0; [email protected])"
209.74.77.214 - - [19/Jul/2025:22:43:56 +0000] "POST /wp-cron.php?doing_wp_cron=1752965036.4723570346832275390625 HTTP/1.1" 200 - "-" "WordPress/6.8.2; https://ap.cleaning"
216.73.216.156 - - [19/Jul/2025:22:43:54 +0000] "GET /detail/332381323.shtm HTTP/1.1" 404 12596 "-" "Mozilla/5.0 AppleWebKit/537.36 (KHTML, like Gecko; compatible; ClaudeBot/1.0; [email protected])"
216.73.216.156 - - [19/Jul/2025:22:43:57 +0000] "GET /detail/1281540891.shtm HTTP/1.1" 404 12596 "-" "Mozilla/5.0 AppleWebKit/537.36 (KHTML, like Gecko; compatible; ClaudeBot/1.0; [email protected])"
216.73.216.156 - - [19/Jul/2025:22:44:00 +0000] "GET /detail/926790836.shtm HTTP/1.1" 404 12596 "-" "Mozilla/5.0 AppleWebKit/537.36 (KHTML, like Gecko; compatible; ClaudeBot/1.0; [email protected])"
209.74.77.214 - - [19/Jul/2025:22:44:59 +0000] "POST /wp-cron.php?doing_wp_cron=1752965099.6705989837646484375000 HTTP/1.1" 200 - "-" "WordPress/6.8.2; https://ap.cleaning"
216.73.216.156 - - [19/Jul/2025:22:44:57 +0000] "GET /detail/332391601.shtm HTTP/1.1" 404 12596 "-" "Mozilla/5.0 AppleWebKit/537.36 (KHTML, like Gecko; compatible; ClaudeBot/1.0; [email protected])"
216.73.216.156 - - [19/Jul/2025:22:45:00 +0000] "GET /detail/927434591.shtm HTTP/1.1" 404 12595 "-" "Mozilla/5.0 AppleWebKit/537.36 (KHTML, like Gecko; compatible; ClaudeBot/1.0; [email protected])"
216.73.216.156 - - [19/Jul/2025:22:45:03 +0000] "GET /detail/926830905.shtm HTTP/1.1" 404 12597 "-" "Mozilla/5.0 AppleWebKit/537.36 (KHTML, like Gecko; compatible; ClaudeBot/1.0; [email protected])"
209.74.77.214 - - [19/Jul/2025:22:46:14 +0000] "POST /wp-cron.php?doing_wp_cron=1752965174.6428179740905761718750 HTTP/1.1" 200 - "-" "WordPress/6.8.2; https://ap.cleaning"
216.73.216.156 - - [19/Jul/2025:22:46:12 +0000] "GET /detail/926882728.shtm HTTP/1.1" 404 12596 "-" "Mozilla/5.0 AppleWebKit/537.36 (KHTML, like Gecko; compatible; ClaudeBot/1.0; [email protected])"
216.73.216.156 - - [19/Jul/2025:22:46:15 +0000] "GET /detail/927298093.shtm HTTP/1.1" 404 12595 "-" "Mozilla/5.0 AppleWebKit/537.36 (KHTML, like Gecko; compatible; ClaudeBot/1.0; [email protected])"
209.74.77.214 - - [19/Jul/2025:22:46:18 +0000] "POST /wp-cron.php?doing_wp_cron=1752965178.6686959266662597656250 HTTP/1.1" 200 - "-" "WordPress/6.8.2; https://ap.cleaning"
216.73.216.156 - - [19/Jul/2025:22:46:18 +0000] "GET /detail/926890252.shtm HTTP/1.1" 404 12597 "-" "Mozilla/5.0 AppleWebKit/537.36 (KHTML, like Gecko; compatible; ClaudeBot/1.0; [email protected])"
209.74.77.214 - - [19/Jul/2025:22:47:18 +0000] "POST /wp-cron.php?doing_wp_cron=1752965238.7864470481872558593750 HTTP/1.1" 200 - "-" "WordPress/6.8.2; https://ap.cleaning"
216.73.216.156 - - [19/Jul/2025:22:47:16 +0000] "GET /detail/1281337109.shtm HTTP/1.1" 404 12596 "-" "Mozilla/5.0 AppleWebKit/537.36 (KHTML, like Gecko; compatible; ClaudeBot/1.0; [email protected])"
216.73.216.156 - - [19/Jul/2025:22:47:19 +0000] "GET /detail/332430576.shtm HTTP/1.1" 404 12597 "-" "Mozilla/5.0 AppleWebKit/537.36 (KHTML, like Gecko; compatible; ClaudeBot/1.0; [email protected])"
216.73.216.156 - - [19/Jul/2025:22:47:22 +0000] "GET /detail/332326218.shtm HTTP/1.1" 404 12595 "-" "Mozilla/5.0 AppleWebKit/537.36 (KHTML, like Gecko; compatible; ClaudeBot/1.0; [email protected])"
101.33.80.42 - - [19/Jul/2025:22:47:37 +0000] "GET /wp-json/ HTTP/1.1" 200 80298 "-" "Mozilla/5.0 (iPhone; CPU iPhone OS 13_2_3 like Mac OS X) AppleWebKit/605.1.15 (KHTML, like Gecko) Version/13.0.3 Mobile/15E148 Safari/604.1"
209.74.77.214 - - [19/Jul/2025:22:48:36 +0000] "POST /wp-cron.php?doing_wp_cron=1752965316.9374239444732666015625 HTTP/1.1" 200 - "-" "WordPress/6.8.2; https://ap.cleaning"
216.73.216.156 - - [19/Jul/2025:22:48:34 +0000] "GET /detail/927437070.shtm HTTP/1.1" 404 12596 "-" "Mozilla/5.0 AppleWebKit/537.36 (KHTML, like Gecko; compatible; ClaudeBot/1.0; [email protected])"
216.73.216.156 - - [19/Jul/2025:22:48:37 +0000] "GET /detail/332196656.shtm HTTP/1.1" 404 12596 "-" "Mozilla/5.0 AppleWebKit/537.36 (KHTML, like Gecko; compatible; ClaudeBot/1.0; [email protected])"
216.73.216.156 - - [19/Jul/2025:22:48:40 +0000] "GET /detail/1281433090.shtm HTTP/1.1" 404 12595 "-" "Mozilla/5.0 AppleWebKit/537.36 (KHTML, like Gecko; compatible; ClaudeBot/1.0; [email protected])"
209.74.77.214 - - [19/Jul/2025:22:49:41 +0000] "POST /wp-cron.php?doing_wp_cron=1752965381.4576148986816406250000 HTTP/1.1" 200 - "-" "WordPress/6.8.2; https://ap.cleaning"
216.73.216.156 - - [19/Jul/2025:22:49:39 +0000] "GET /detail/1281462425.shtm HTTP/1.1" 404 12597 "-" "Mozilla/5.0 AppleWebKit/537.36 (KHTML, like Gecko; compatible; ClaudeBot/1.0; [email protected])"
216.73.216.156 - - [19/Jul/2025:22:49:42 +0000] "GET /detail/1281668034.shtm HTTP/1.1" 404 12595 "-" "Mozilla/5.0 AppleWebKit/537.36 (KHTML, like Gecko; compatible; ClaudeBot/1.0; [email protected])"
209.74.77.214 - - [19/Jul/2025:22:51:02 +0000] "POST /wp-cron.php?doing_wp_cron=1752965462.8270869255065917968750 HTTP/1.1" 200 - "-" "WordPress/6.8.2; https://ap.cleaning"
216.73.216.156 - - [19/Jul/2025:22:51:00 +0000] "GET /detail/1281328276.shtm HTTP/1.1" 404 12596 "-" "Mozilla/5.0 AppleWebKit/537.36 (KHTML, like Gecko; compatible; ClaudeBot/1.0; [email protected])"
216.73.216.156 - - [19/Jul/2025:22:51:03 +0000] "GET /detail/1281291714.shtm HTTP/1.1" 404 12594 "-" "Mozilla/5.0 AppleWebKit/537.36 (KHTML, like Gecko; compatible; ClaudeBot/1.0; [email protected])"
216.73.216.156 - - [19/Jul/2025:22:51:06 +0000] "GET /detail/331872163.shtm HTTP/1.1" 404 12596 "-" "Mozilla/5.0 AppleWebKit/537.36 (KHTML, like Gecko; compatible; ClaudeBot/1.0; [email protected])"
209.74.77.214 - - [19/Jul/2025:22:52:04 +0000] "POST /wp-cron.php?doing_wp_cron=1752965524.8977780342102050781250 HTTP/1.1" 200 - "-" "WordPress/6.8.2; https://ap.cleaning"
216.73.216.156 - - [19/Jul/2025:22:52:02 +0000] "GET /detail/332007629.shtm HTTP/1.1" 404 12597 "-" "Mozilla/5.0 AppleWebKit/537.36 (KHTML, like Gecko; compatible; ClaudeBot/1.0; [email protected])"
216.73.216.156 - - [19/Jul/2025:22:52:05 +0000] "GET /detail/926885428.shtm HTTP/1.1" 404 12596 "-" "Mozilla/5.0 AppleWebKit/537.36 (KHTML, like Gecko; compatible; ClaudeBot/1.0; [email protected])"
209.74.77.214 - - [19/Jul/2025:22:52:37 +0000] "POST /wp-cron.php?doing_wp_cron=1752965557.9342210292816162109375 HTTP/1.1" 200 - "-" "WordPress/6.8.2; https://ap.cleaning"
195.26.225.132 - - [19/Jul/2025:22:52:36 +0000] "GET /cleaning_services/commercial-cleaning/ HTTP/1.0" 200 75853 "https://ap.cleaning/cleaning_services/commercial-cleaning/" "Mozilla/5.0 (Windows NT 10.0; Win64; x64) AppleWebKit/537.36 (KHTML, like Gecko) Chrome/131.0.0.0 Safari/537.36 Avast/131.0.0.0"
195.26.225.132 - - [19/Jul/2025:22:52:39 +0000] "POST /cleaning_services/commercial-cleaning/ HTTP/1.0" 200 75943 "https://ap.cleaning/cleaning_services/commercial-cleaning/" "Mozilla/5.0 (Windows NT 10.0; Win64; x64) AppleWebKit/537.36 (KHTML, like Gecko) Chrome/131.0.0.0 Safari/537.36 Avast/131.0.0.0"
216.73.216.156 - - [19/Jul/2025:22:53:24 +0000] "GET /detail/927207964.shtm HTTP/1.1" 404 12596 "-" "Mozilla/5.0 AppleWebKit/537.36 (KHTML, like Gecko; compatible; ClaudeBot/1.0; [email protected])"
216.73.216.156 - - [19/Jul/2025:22:53:30 +0000] "GET /detail/1281294414.shtm HTTP/1.1" 404 12596 "-" "Mozilla/5.0 AppleWebKit/537.36 (KHTML, like Gecko; compatible; ClaudeBot/1.0; [email protected])"
209.74.77.214 - - [19/Jul/2025:22:55:01 +0000] "POST /wp-cron.php?doing_wp_cron=1752965701.9122440814971923828125 HTTP/1.1" 200 - "-" "WordPress/6.8.2; https://ap.cleaning"
216.73.216.156 - - [19/Jul/2025:22:54:58 +0000] "GET /detail/331951946.shtm HTTP/1.1" 404 12596 "-" "Mozilla/5.0 AppleWebKit/537.36 (KHTML, like Gecko; compatible; ClaudeBot/1.0; [email protected])"
216.73.216.156 - - [19/Jul/2025:22:55:04 +0000] "GET /detail/926970167.shtm HTTP/1.1" 404 12597 "-" "Mozilla/5.0 AppleWebKit/537.36 (KHTML, like Gecko; compatible; ClaudeBot/1.0; [email protected])"
209.74.77.214 - - [19/Jul/2025:22:56:26 +0000] "POST /wp-cron.php?doing_wp_cron=1752965786.8117671012878417968750 HTTP/1.1" 200 - "-" "WordPress/6.8.2; https://ap.cleaning"
216.73.216.156 - - [19/Jul/2025:22:56:24 +0000] "GET /detail/1281490383.shtm HTTP/1.1" 404 12596 "-" "Mozilla/5.0 AppleWebKit/537.36 (KHTML, like Gecko; compatible; ClaudeBot/1.0; [email protected])"
216.73.216.156 - - [19/Jul/2025:22:56:27 +0000] "GET /detail/926857187.shtm HTTP/1.1" 404 12596 "-" "Mozilla/5.0 AppleWebKit/537.36 (KHTML, like Gecko; compatible; ClaudeBot/1.0; [email protected])"
209.74.77.214 - - [19/Jul/2025:22:57:45 +0000] "POST /wp-cron.php?doing_wp_cron=1752965865.5974719524383544921875 HTTP/1.1" 200 - "-" "WordPress/6.8.2; https://ap.cleaning"
216.73.216.156 - - [19/Jul/2025:22:57:43 +0000] "GET /detail/926854489.shtm HTTP/1.1" 404 12597 "-" "Mozilla/5.0 AppleWebKit/537.36 (KHTML, like Gecko; compatible; ClaudeBot/1.0; [email protected])"
216.73.216.156 - - [19/Jul/2025:22:57:46 +0000] "GET /detail/927163663.shtm HTTP/1.1" 404 12595 "-" "Mozilla/5.0 AppleWebKit/537.36 (KHTML, like Gecko; compatible; ClaudeBot/1.0; [email protected])"
209.74.77.214 - - [19/Jul/2025:22:59:02 +0000] "POST /wp-cron.php?doing_wp_cron=1752965942.8864760398864746093750 HTTP/1.1" 200 - "-" "WordPress/6.8.2; https://ap.cleaning"
216.73.216.156 - - [19/Jul/2025:22:59:00 +0000] "GET /detail/331888004.shtm HTTP/1.1" 404 12595 "-" "Mozilla/5.0 AppleWebKit/537.36 (KHTML, like Gecko; compatible; ClaudeBot/1.0; [email protected])"
216.73.216.156 - - [19/Jul/2025:22:59:03 +0000] "GET /detail/927223359.shtm HTTP/1.1" 404 12595 "-" "Mozilla/5.0 AppleWebKit/537.36 (KHTML, like Gecko; compatible; ClaudeBot/1.0; [email protected])"
49.51.178.45 - - [19/Jul/2025:22:59:08 +0000] "GET /category/freelance/ HTTP/1.1" 200 14431 "-" "Mozilla/5.0 (iPhone; CPU iPhone OS 13_2_3 like Mac OS X) AppleWebKit/605.1.15 (KHTML, like Gecko) Version/13.0.3 Mobile/15E148 Safari/604.1"
209.74.77.214 - - [19/Jul/2025:23:00:13 +0000] "POST /wp-cron.php?doing_wp_cron=1752966013.0092520713806152343750 HTTP/1.1" 200 - "-" "WordPress/6.8.2; https://ap.cleaning"
216.73.216.156 - - [19/Jul/2025:23:00:10 +0000] "GET /detail/926870037.shtm HTTP/1.1" 404 12597 "-" "Mozilla/5.0 AppleWebKit/537.36 (KHTML, like Gecko; compatible; ClaudeBot/1.0; [email protected])"
209.74.77.214 - - [19/Jul/2025:23:00:16 +0000] "POST /wp-cron.php?doing_wp_cron=1752966016.7136020660400390625000 HTTP/1.1" 200 - "-" "WordPress/6.8.2; https://ap.cleaning"
216.73.216.156 - - [19/Jul/2025:23:00:16 +0000] "GET /detail/1281528772.shtm HTTP/1.1" 404 12596 "-" "Mozilla/5.0 AppleWebKit/537.36 (KHTML, like Gecko; compatible; ClaudeBot/1.0; [email protected])"
57.141.2.6 - - [19/Jul/2025:23:00:59 +0000] "GET /detail/1468419308.shtm HTTP/1.1" 404 58210 "-" "meta-externalagent/1.1 (+https://developers.facebook.com/docs/sharing/webmasters/crawler)"
209.74.77.214 - - [19/Jul/2025:23:01:48 +0000] "POST /wp-cron.php?doing_wp_cron=1752966108.2990760803222656250000 HTTP/1.1" 200 - "-" "WordPress/6.8.2; https://ap.cleaning"
216.73.216.156 - - [19/Jul/2025:23:01:45 +0000] "GET /detail/926921707.shtm HTTP/1.1" 404 12596 "-" "Mozilla/5.0 AppleWebKit/537.36 (KHTML, like Gecko; compatible; ClaudeBot/1.0; [email protected])"
216.73.216.156 - - [19/Jul/2025:23:01:49 +0000] "GET /detail/332226216.shtm HTTP/1.1" 404 12596 "-" "Mozilla/5.0 AppleWebKit/537.36 (KHTML, like Gecko; compatible; ClaudeBot/1.0; [email protected])"
209.74.77.214 - - [19/Jul/2025:23:03:35 +0000] "POST /wp-cron.php?doing_wp_cron=1752966215.6241519451141357421875 HTTP/1.1" 200 - "-" "WordPress/6.8.2; https://ap.cleaning"
216.73.216.156 - - [19/Jul/2025:23:03:33 +0000] "GET /detail/1281818309.shtm HTTP/1.1" 404 12596 "-" "Mozilla/5.0 AppleWebKit/537.36 (KHTML, like Gecko; compatible; ClaudeBot/1.0; [email protected])"
216.73.216.156 - - [19/Jul/2025:23:03:37 +0000] "GET /detail/926897995.shtm HTTP/1.1" 404 12596 "-" "Mozilla/5.0 AppleWebKit/537.36 (KHTML, like Gecko; compatible; ClaudeBot/1.0; [email protected])"
209.74.77.214 - - [19/Jul/2025:23:04:29 +0000] "POST /wp-cron.php?doing_wp_cron=1752966269.7632479667663574218750 HTTP/1.1" 200 - "-" "WordPress/6.8.2; https://ap.cleaning"
216.73.216.156 - - [19/Jul/2025:23:04:27 +0000] "GET /detail/1281726772.shtm HTTP/1.1" 404 12596 "-" "Mozilla/5.0 AppleWebKit/537.36 (KHTML, like Gecko; compatible; ClaudeBot/1.0; [email protected])"
216.73.216.156 - - [19/Jul/2025:23:04:30 +0000] "GET /detail/331877204.shtm HTTP/1.1" 404 12596 "-" "Mozilla/5.0 AppleWebKit/537.36 (KHTML, like Gecko; compatible; ClaudeBot/1.0; [email protected])"
216.73.216.156 - - [19/Jul/2025:23:06:02 +0000] "GET /detail/331815231.shtm HTTP/1.1" 404 12594 "-" "Mozilla/5.0 AppleWebKit/537.36 (KHTML, like Gecko; compatible; ClaudeBot/1.0; [email protected])"
172.200.246.121 - - [19/Jul/2025:23:06:02 +0000] "GET / HTTP/1.1" 200 122345 "-" "-"
216.73.216.156 - - [19/Jul/2025:23:06:05 +0000] "GET /detail/1281799774.shtm HTTP/1.1" 404 12597 "-" "Mozilla/5.0 AppleWebKit/537.36 (KHTML, like Gecko; compatible; ClaudeBot/1.0; [email protected])"
209.74.77.214 - - [19/Jul/2025:23:06:18 +0000] "POST /wp-cron.php?doing_wp_cron=1752966378.1867439746856689453125 HTTP/1.1" 200 - "-" "WordPress/6.8.2; https://ap.cleaning"
172.200.246.121 - - [19/Jul/2025:23:06:15 +0000] "GET /new-cleaning-hydrogen-peroxide-tips/ HTTP/1.1" 200 67085 "-" "-"
172.200.246.121 - - [19/Jul/2025:23:06:52 +0000] "GET /testimonial/ HTTP/1.1" 500 2431 "-" "-"
172.200.246.121 - - [19/Jul/2025:23:06:37 +0000] "GET /testimonial/ HTTP/1.1" 500 2431 "-" "-"
172.200.246.121 - - [19/Jul/2025:23:06:45 +0000] "GET /testimonial/ HTTP/1.1" 500 2431 "-" "-"
216.73.216.156 - - [19/Jul/2025:23:09:08 +0000] "GET /detail/332373002.shtm HTTP/1.1" 500 1004 "-" "Mozilla/5.0 AppleWebKit/537.36 (KHTML, like Gecko; compatible; ClaudeBot/1.0; [email protected])"
216.73.216.156 - - [19/Jul/2025:23:09:09 +0000] "GET /detail/331938000.shtm HTTP/1.1" 500 1004 "-" "Mozilla/5.0 AppleWebKit/537.36 (KHTML, like Gecko; compatible; ClaudeBot/1.0; [email protected])"
209.74.77.214 - - [19/Jul/2025:23:09:13 +0000] "POST /wp-cron.php?doing_wp_cron=1752966553.9119110107421875000000 HTTP/1.1" 200 - "-" "WordPress/6.8.2; https://ap.cleaning"
172.200.246.121 - - [19/Jul/2025:23:06:29 +0000] "GET /testimonial/ HTTP/1.1" 200 82516 "-" "-"
209.74.77.214 - - [19/Jul/2025:23:10:42 +0000] "POST /wp-cron.php?doing_wp_cron=1752966642.8104369640350341796875 HTTP/1.1" 200 - "-" "WordPress/6.8.2; https://ap.cleaning"
216.73.216.156 - - [19/Jul/2025:23:10:40 +0000] "GET /detail/332264324.shtm HTTP/1.1" 404 12596 "-" "Mozilla/5.0 AppleWebKit/537.36 (KHTML, like Gecko; compatible; ClaudeBot/1.0; [email protected])"
216.73.216.156 - - [19/Jul/2025:23:10:43 +0000] "GET /detail/927431957.shtm HTTP/1.1" 404 12596 "-" "Mozilla/5.0 AppleWebKit/537.36 (KHTML, like Gecko; compatible; ClaudeBot/1.0; [email protected])"
209.74.77.214 - - [19/Jul/2025:23:12:20 +0000] "POST /wp-cron.php?doing_wp_cron=1752966740.4012429714202880859375 HTTP/1.1" 200 - "-" "WordPress/6.8.2; https://ap.cleaning"
216.73.216.156 - - [19/Jul/2025:23:12:18 +0000] "GET /detail/1281284256.shtm HTTP/1.1" 404 12596 "-" "Mozilla/5.0 AppleWebKit/537.36 (KHTML, like Gecko; compatible; ClaudeBot/1.0; [email protected])"
216.73.216.156 - - [19/Jul/2025:23:12:21 +0000] "GET /detail/1281501400.shtm HTTP/1.1" 404 12596 "-" "Mozilla/5.0 AppleWebKit/537.36 (KHTML, like Gecko; compatible; ClaudeBot/1.0; [email protected])"
209.74.77.214 - - [19/Jul/2025:23:13:40 +0000] "POST /wp-cron.php?doing_wp_cron=1752966820.7857680320739746093750 HTTP/1.1" 200 - "-" "WordPress/6.8.2; https://ap.cleaning"
216.73.216.156 - - [19/Jul/2025:23:13:38 +0000] "GET /detail/332132136.shtm HTTP/1.1" 404 12596 "-" "Mozilla/5.0 AppleWebKit/537.36 (KHTML, like Gecko; compatible; ClaudeBot/1.0; [email protected])"
216.73.216.156 - - [19/Jul/2025:23:13:41 +0000] "GET /detail/1281776704.shtm HTTP/1.1" 404 12595 "-" "Mozilla/5.0 AppleWebKit/537.36 (KHTML, like Gecko; compatible; ClaudeBot/1.0; [email protected])"
209.74.77.214 - - [19/Jul/2025:23:15:12 +0000] "POST /wp-cron.php?doing_wp_cron=1752966912.9418680667877197265625 HTTP/1.1" 200 - "-" "WordPress/6.8.2; https://ap.cleaning"
216.73.216.156 - - [19/Jul/2025:23:15:10 +0000] "GET /detail/927395612.shtm HTTP/1.1" 404 12597 "-" "Mozilla/5.0 AppleWebKit/537.36 (KHTML, like Gecko; compatible; ClaudeBot/1.0; [email protected])"
216.73.216.156 - - [19/Jul/2025:23:15:13 +0000] "GET /detail/1281763790.shtm HTTP/1.1" 404 12597 "-" "Mozilla/5.0 AppleWebKit/537.36 (KHTML, like Gecko; compatible; ClaudeBot/1.0; [email protected])"
209.74.77.214 - - [19/Jul/2025:23:16:34 +0000] "POST /wp-cron.php?doing_wp_cron=1752966994.6773540973663330078125 HTTP/1.1" 200 - "-" "WordPress/6.8.2; https://ap.cleaning"
216.73.216.156 - - [19/Jul/2025:23:16:32 +0000] "GET /detail/926795945.shtm HTTP/1.1" 404 12597 "-" "Mozilla/5.0 AppleWebKit/537.36 (KHTML, like Gecko; compatible; ClaudeBot/1.0; [email protected])"
216.73.216.156 - - [19/Jul/2025:23:16:35 +0000] "GET /detail/332017329.shtm HTTP/1.1" 404 12596 "-" "Mozilla/5.0 AppleWebKit/537.36 (KHTML, like Gecko; compatible; ClaudeBot/1.0; [email protected])"
178.20.40.20 - - [19/Jul/2025:23:16:55 +0000] "GET /cleaning_services/commercial-cleaning/ HTTP/1.0" 200 75853 "https://ap.cleaning/cleaning_services/commercial-cleaning/" "Mozilla/5.0 (Windows NT 10.0; Win64; x64) AppleWebKit/537.36 (KHTML, like Gecko) Chrome/103.0.5060.53 Safari/537.36"
178.20.40.20 - - [19/Jul/2025:23:16:57 +0000] "POST /cleaning_services/commercial-cleaning/ HTTP/1.0" 200 75943 "https://ap.cleaning/cleaning_services/commercial-cleaning/" "Mozilla/5.0 (Windows NT 10.0; Win64; x64) AppleWebKit/537.36 (KHTML, like Gecko) Chrome/103.0.5060.53 Safari/537.36"
209.74.77.214 - - [19/Jul/2025:23:18:00 +0000] "POST /wp-cron.php?doing_wp_cron=1752967080.2390739917755126953125 HTTP/1.1" 200 - "-" "WordPress/6.8.2; https://ap.cleaning"
216.73.216.156 - - [19/Jul/2025:23:17:58 +0000] "GET /detail/1281528107.shtm HTTP/1.1" 404 12596 "-" "Mozilla/5.0 AppleWebKit/537.36 (KHTML, like Gecko; compatible; ClaudeBot/1.0; [email protected])"
216.73.216.156 - - [19/Jul/2025:23:18:01 +0000] "GET /detail/331993460.shtm HTTP/1.1" 404 12596 "-" "Mozilla/5.0 AppleWebKit/537.36 (KHTML, like Gecko; compatible; ClaudeBot/1.0; [email protected])"
209.74.77.214 - - [19/Jul/2025:23:19:29 +0000] "POST /wp-cron.php?doing_wp_cron=1752967169.3427610397338867187500 HTTP/1.1" 200 - "-" "WordPress/6.8.2; https://ap.cleaning"
216.73.216.156 - - [19/Jul/2025:23:19:27 +0000] "GET /detail/1281304114.shtm HTTP/1.1" 404 12596 "-" "Mozilla/5.0 AppleWebKit/537.36 (KHTML, like Gecko; compatible; ClaudeBot/1.0; [email protected])"
216.73.216.156 - - [19/Jul/2025:23:19:30 +0000] "GET /detail/332001942.shtm HTTP/1.1" 404 12597 "-" "Mozilla/5.0 AppleWebKit/537.36 (KHTML, like Gecko; compatible; ClaudeBot/1.0; [email protected])"
209.74.77.214 - - [19/Jul/2025:23:20:19 +0000] "POST /wp-cron.php?doing_wp_cron=1752967219.6394069194793701171875 HTTP/1.1" 200 - "-" "WordPress/6.8.2; https://ap.cleaning"
43.130.105.21 - - [19/Jul/2025:23:20:17 +0000] "GET /tag/window-cleaner/ HTTP/1.1" 200 15408 "-" "Mozilla/5.0 (iPhone; CPU iPhone OS 13_2_3 like Mac OS X) AppleWebKit/605.1.15 (KHTML, like Gecko) Version/13.0.3 Mobile/15E148 Safari/604.1"
216.73.216.156 - - [19/Jul/2025:23:20:54 +0000] "GET /detail/927357440.shtm HTTP/1.1" 404 12596 "-" "Mozilla/5.0 AppleWebKit/537.36 (KHTML, like Gecko; compatible; ClaudeBot/1.0; [email protected])"
216.73.216.156 - - [19/Jul/2025:23:20:57 +0000] "GET /detail/1281492340.shtm HTTP/1.1" 404 12596 "-" "Mozilla/5.0 AppleWebKit/537.36 (KHTML, like Gecko; compatible; ClaudeBot/1.0; [email protected])"
209.74.77.214 - - [19/Jul/2025:23:22:36 +0000] "POST /wp-cron.php?doing_wp_cron=1752967356.0582079887390136718750 HTTP/1.1" 200 - "-" "WordPress/6.8.2; https://ap.cleaning"
209.74.77.214 - - [19/Jul/2025:23:22:36 +0000] "POST /wp-cron.php?doing_wp_cron=1752967356.0582070350646972656250 HTTP/1.1" 200 - "-" "WordPress/6.8.2; https://ap.cleaning"
216.73.216.156 - - [19/Jul/2025:23:22:34 +0000] "GET /detail/332280458.shtm HTTP/1.1" 404 12596 "-" "Mozilla/5.0 AppleWebKit/537.36 (KHTML, like Gecko; compatible; ClaudeBot/1.0; [email protected])"
91.84.111.146 - - [19/Jul/2025:23:22:35 +0000] "GET /cleaning_services/commercial-cleaning/ HTTP/1.0" 200 75853 "https://ap.cleaning/cleaning_services/commercial-cleaning/" "Mozilla/5.0 (Windows NT 10.0; Win64; x64) AppleWebKit/537.36 (KHTML, like Gecko) Chrome/131.0.0.0 Safari/537.36"
216.73.216.156 - - [19/Jul/2025:23:22:36 +0000] "GET /detail/332218477.shtm HTTP/1.1" 404 12596 "-" "Mozilla/5.0 AppleWebKit/537.36 (KHTML, like Gecko; compatible; ClaudeBot/1.0; [email protected])"
91.84.111.146 - - [19/Jul/2025:23:22:37 +0000] "POST /cleaning_services/commercial-cleaning/ HTTP/1.0" 200 75943 "https://ap.cleaning/cleaning_services/commercial-cleaning/" "Mozilla/5.0 (Windows NT 10.0; Win64; x64) AppleWebKit/537.36 (KHTML, like Gecko) Chrome/131.0.0.0 Safari/537.36"
209.74.77.214 - - [19/Jul/2025:23:24:52 +0000] "POST /wp-cron.php?doing_wp_cron=1752967492.3387539386749267578125 HTTP/1.1" 200 - "-" "WordPress/6.8.2; https://ap.cleaning"
216.73.216.156 - - [19/Jul/2025:23:24:50 +0000] "GET /detail/927228464.shtm HTTP/1.1" 404 12596 "-" "Mozilla/5.0 AppleWebKit/537.36 (KHTML, like Gecko; compatible; ClaudeBot/1.0; [email protected])"
216.73.216.156 - - [19/Jul/2025:23:24:53 +0000] "GET /detail/926922446.shtm HTTP/1.1" 404 12596 "-" "Mozilla/5.0 AppleWebKit/537.36 (KHTML, like Gecko; compatible; ClaudeBot/1.0; [email protected])"
185.121.235.184 - - [19/Jul/2025:23:25:12 +0000] "GET /cleaning_services/commercial-cleaning/ HTTP/1.0" 200 75853 "https://ap.cleaning/cleaning_services/commercial-cleaning/" "Mozilla/5.0 (Windows NT 10.0; Win64; x64) AppleWebKit/537.36 (KHTML, like Gecko) Chrome/131.0.0.0 Safari/537.36"
185.121.235.184 - - [19/Jul/2025:23:25:13 +0000] "POST /cleaning_services/commercial-cleaning/ HTTP/1.0" 200 75943 "https://ap.cleaning/cleaning_services/commercial-cleaning/" "Mozilla/5.0 (Windows NT 10.0; Win64; x64) AppleWebKit/537.36 (KHTML, like Gecko) Chrome/131.0.0.0 Safari/537.36"
209.74.77.214 - - [19/Jul/2025:23:26:42 +0000] "POST /wp-cron.php?doing_wp_cron=1752967602.2619650363922119140625 HTTP/1.1" 200 - "-" "WordPress/6.8.2; https://ap.cleaning"
216.73.216.156 - - [19/Jul/2025:23:26:40 +0000] "GET /detail/926875150.shtm HTTP/1.1" 404 12596 "-" "Mozilla/5.0 AppleWebKit/537.36 (KHTML, like Gecko; compatible; ClaudeBot/1.0; [email protected])"
216.73.216.156 - - [19/Jul/2025:23:26:43 +0000] "GET /detail/332330805.shtm HTTP/1.1" 404 12595 "-" "Mozilla/5.0 AppleWebKit/537.36 (KHTML, like Gecko; compatible; ClaudeBot/1.0; [email protected])"
20.171.207.68 - - [19/Jul/2025:23:26:44 +0000] "GET /wp-sitemap.xml HTTP/1.1" 200 4219 "-" "Mozilla/5.0 AppleWebKit/537.36 (KHTML, like Gecko; compatible; GPTBot/1.2; +https://openai.com/gptbot)"
20.171.207.68 - - [19/Jul/2025:23:26:47 +0000] "GET /detail/724834961.shtm HTTP/1.1" 404 12596 "-" "Mozilla/5.0 AppleWebKit/537.36 (KHTML, like Gecko; compatible; GPTBot/1.2; +https://openai.com/gptbot)"
20.171.207.68 - - [19/Jul/2025:23:26:49 +0000] "GET /detail/724328216.shtm HTTP/1.1" 404 12595 "-" "Mozilla/5.0 AppleWebKit/537.36 (KHTML, like Gecko; compatible; GPTBot/1.2; +https://openai.com/gptbot)"
20.171.207.68 - - [19/Jul/2025:23:26:52 +0000] "GET /detail/724427248.shtm HTTP/1.1" 404 12596 "-" "Mozilla/5.0 AppleWebKit/537.36 (KHTML, like Gecko; compatible; GPTBot/1.2; +https://openai.com/gptbot)"
