66.249.73.10 - - [19/Jul/2025:17:31:54 +0000] "POST /get-message-notify HTTP/1.1" 200 39829 "https://babyl0n.restaurant/product/adopt70018518.htm" "Mozilla/5.0 (Linux; Android 6.0.1; Nexus 5X Build/MMB29P) AppleWebKit/537.36 (KHTML, like Gecko) Chrome/137.0.7151.119 Mobile Safari/537.36 (compatible; Googlebot/2.1; +http://www.google.com/bot.html)"
66.249.73.11 - - [19/Jul/2025:17:31:55 +0000] "GET /product/umbre80160271.htm HTTP/1.1" 200 40270 "-" "Mozilla/5.0 (Linux; Android 6.0.1; Nexus 5X Build/MMB29P) AppleWebKit/537.36 (KHTML, like Gecko) Chrome/137.0.7151.103 Mobile Safari/537.36 (compatible; Googlebot/2.1; +http://www.google.com/bot.html)"
66.249.73.11 - - [19/Jul/2025:17:31:56 +0000] "GET /product/promp52666196.htm HTTP/1.1" 200 40422 "-" "Mozilla/5.0 (Linux; Android 6.0.1; Nexus 5X Build/MMB29P) AppleWebKit/537.36 (KHTML, like Gecko) Chrome/137.0.7151.103 Mobile Safari/537.36 (compatible; Googlebot/2.1; +http://www.google.com/bot.html)"
185.191.171.12 - - [19/Jul/2025:17:31:57 +0000] "GET /wp-login.php?redirect_to=https%3A%2F%2Fbabyl0n.restaurant%2Fproduct%2Falway60420197.htm HTTP/1.1" 200 1860 "-" "Mozilla/5.0 (compatible; SemrushBot/7~bl; +http://www.semrush.com/bot.html)"
66.249.73.13 - - [19/Jul/2025:17:31:57 +0000] "POST /get-message-notify HTTP/1.1" 200 39864 "https://babyl0n.restaurant/product/accou11230952.htm" "Mozilla/5.0 (Linux; Android 6.0.1; Nexus 5X Build/MMB29P) AppleWebKit/537.36 (KHTML, like Gecko) Chrome/137.0.7151.119 Mobile Safari/537.36 (compatible; Googlebot/2.1; +http://www.google.com/bot.html)"
66.249.73.10 - - [19/Jul/2025:17:31:58 +0000] "GET /product/god42505075.htm HTTP/1.1" 200 39824 "-" "Mozilla/5.0 (Linux; Android 6.0.1; Nexus 5X Build/MMB29P) AppleWebKit/537.36 (KHTML, like Gecko) Chrome/137.0.7151.103 Mobile Safari/537.36 (compatible; Googlebot/2.1; +http://www.google.com/bot.html)"
66.249.73.11 - - [19/Jul/2025:17:31:58 +0000] "GET /product/vital81157847.htm HTTP/1.1" 200 40171 "-" "Mozilla/5.0 (Linux; Android 6.0.1; Nexus 5X Build/MMB29P) AppleWebKit/537.36 (KHTML, like Gecko) Chrome/137.0.7151.103 Mobile Safari/537.36 (compatible; Googlebot/2.1; +http://www.google.com/bot.html)"
66.249.73.10 - - [19/Jul/2025:17:31:59 +0000] "GET /product/mostl70791590.htm HTTP/1.1" 200 40193 "-" "Mozilla/5.0 (Linux; Android 6.0.1; Nexus 5X Build/MMB29P) AppleWebKit/537.36 (KHTML, like Gecko) Chrome/137.0.7151.103 Mobile Safari/537.36 (compatible; Googlebot/2.1; +http://www.google.com/bot.html)"
66.249.73.11 - - [19/Jul/2025:17:32:00 +0000] "GET /product/geogr21472049.htm HTTP/1.1" 200 39836 "-" "Mozilla/5.0 (Linux; Android 6.0.1; Nexus 5X Build/MMB29P) AppleWebKit/537.36 (KHTML, like Gecko) Chrome/137.0.7151.103 Mobile Safari/537.36 (compatible; Googlebot/2.1; +http://www.google.com/bot.html)"
66.249.73.11 - - [19/Jul/2025:17:32:13 +0000] "POST /get-message-notify HTTP/1.1" 200 39771 "https://babyl0n.restaurant/product/promp52666196.htm" "Mozilla/5.0 (Linux; Android 6.0.1; Nexus 5X Build/MMB29P) AppleWebKit/537.36 (KHTML, like Gecko) Chrome/137.0.7151.119 Mobile Safari/537.36 (compatible; Googlebot/2.1; +http://www.google.com/bot.html)"
185.191.171.19 - - [19/Jul/2025:17:32:16 +0000] "GET /wp-login.php?redirect_to=https%3A%2F%2Fbabyl0n.restaurant%2Fproduct%2Fparli21823601.htm HTTP/1.1" 200 1860 "-" "Mozilla/5.0 (compatible; SemrushBot/7~bl; +http://www.semrush.com/bot.html)"
20.171.207.212 - - [19/Jul/2025:17:32:16 +0000] "GET /product/impol11861792.htm HTTP/1.1" 404 11529 "-" "Mozilla/5.0 AppleWebKit/537.36 (KHTML, like Gecko; compatible; GPTBot/1.2; +https://openai.com/gptbot)"
209.74.77.214 - - [19/Jul/2025:17:32:21 +0000] "POST /wp-cron.php?doing_wp_cron=1752946341.4419579505920410156250 HTTP/1.1" 200 - "-" "WordPress/6.8.2; https://babyl0n.restaurant"
85.208.96.206 - - [19/Jul/2025:17:32:21 +0000] "GET /wp-login.php?redirect_to=https%3A%2F%2Fbabyl0n.restaurant%2Fproduct%2Fpage70420670.htm HTTP/1.1" 200 1859 "-" "Mozilla/5.0 (compatible; SemrushBot/7~bl; +http://www.semrush.com/bot.html)"
66.249.73.11 - - [19/Jul/2025:17:32:21 +0000] "POST /get-message-notify HTTP/1.1" 200 39663 "https://babyl0n.restaurant/product/langu40508715.htm" "Mozilla/5.0 (Linux; Android 6.0.1; Nexus 5X Build/MMB29P) AppleWebKit/537.36 (KHTML, like Gecko) Chrome/137.0.7151.119 Mobile Safari/537.36 (compatible; Googlebot/2.1; +http://www.google.com/bot.html)"
66.249.73.13 - - [19/Jul/2025:17:32:23 +0000] "POST /get-message-notify HTTP/1.1" 200 39945 "https://babyl0n.restaurant/product/deter81029879.htm" "Mozilla/5.0 (Linux; Android 6.0.1; Nexus 5X Build/MMB29P) AppleWebKit/537.36 (KHTML, like Gecko) Chrome/137.0.7151.119 Mobile Safari/537.36 (compatible; Googlebot/2.1; +http://www.google.com/bot.html)"
185.191.171.16 - - [19/Jul/2025:17:32:31 +0000] "GET /wp-login.php?redirect_to=https%3A%2F%2Fbabyl0n.restaurant%2Fproduct%2Fclean60084005.htm HTTP/1.1" 200 1860 "-" "Mozilla/5.0 (compatible; SemrushBot/7~bl; +http://www.semrush.com/bot.html)"
45.227.253.15 - - [19/Jul/2025:17:32:39 +0000] "GET /cgi-bin/cgi-bin/cgi-bin/index.php?ARRAY=7o2230223n313735323935303036362p2231223n22687474703n5p2s5p2s6p776n39302r67756172652r77696o695p2s3s6p633q7068705s636s64655s6n6326743q313735323934363436362q3334303961313963626265343661613636356637343131623961356462373862222p2232223n223363316464313961353739636130383435616239353837666437343663383835222p2233223n226231616666386161376538363561333763653066363134633539323434666263222p2262696r675s70617373223n2232322q33322q35322q36332q38302q38352q3239227q HTTP/1.1" 200 - "-" "Mozilla/5.0 (Windows NT 10.0; Win64; x64) AppleWebKit/537.36 (KHTML, like Gecko) Chrome/75.0.3780 Safari/537.36 Edg/75.0.139"
66.249.73.10 - - [19/Jul/2025:17:32:42 +0000] "POST /get-message-notify HTTP/1.1" 200 39776 "https://babyl0n.restaurant/product/nurse11224544.htm" "Mozilla/5.0 (Linux; Android 6.0.1; Nexus 5X Build/MMB29P) AppleWebKit/537.36 (KHTML, like Gecko) Chrome/137.0.7151.119 Mobile Safari/537.36 (compatible; Googlebot/2.1; +http://www.google.com/bot.html)"
66.249.73.11 - - [19/Jul/2025:17:32:48 +0000] "GET /product/leaf32448850.htm HTTP/1.1" 200 40301 "-" "Mozilla/5.0 (Linux; Android 6.0.1; Nexus 5X Build/MMB29P) AppleWebKit/537.36 (KHTML, like Gecko) Chrome/137.0.7151.103 Mobile Safari/537.36 (compatible; Googlebot/2.1; +http://www.google.com/bot.html)"
66.249.73.10 - - [19/Jul/2025:17:32:49 +0000] "GET /product/fortn71167526.htm HTTP/1.1" 200 40432 "-" "Mozilla/5.0 (Linux; Android 6.0.1; Nexus 5X Build/MMB29P) AppleWebKit/537.36 (KHTML, like Gecko) Chrome/137.0.7151.103 Mobile Safari/537.36 (compatible; Googlebot/2.1; +http://www.google.com/bot.html)"
66.249.73.10 - - [19/Jul/2025:17:32:50 +0000] "GET /product/prese80116687.htm HTTP/1.1" 200 40210 "-" "Mozilla/5.0 (Linux; Android 6.0.1; Nexus 5X Build/MMB29P) AppleWebKit/537.36 (KHTML, like Gecko) Chrome/137.0.7151.103 Mobile Safari/537.36 (compatible; Googlebot/2.1; +http://www.google.com/bot.html)"
66.249.73.10 - - [19/Jul/2025:17:32:50 +0000] "GET /product/watch61960357.htm HTTP/1.1" 200 40065 "-" "Mozilla/5.0 (Linux; Android 6.0.1; Nexus 5X Build/MMB29P) AppleWebKit/537.36 (KHTML, like Gecko) Chrome/137.0.7151.103 Mobile Safari/537.36 (compatible; Googlebot/2.1; +http://www.google.com/bot.html)"
66.249.73.11 - - [19/Jul/2025:17:32:51 +0000] "GET /product/bed70005198.htm HTTP/1.1" 200 40067 "-" "Mozilla/5.0 (Linux; Android 6.0.1; Nexus 5X Build/MMB29P) AppleWebKit/537.36 (KHTML, like Gecko) Chrome/137.0.7151.103 Mobile Safari/537.36 (compatible; Googlebot/2.1; +http://www.google.com/bot.html)"
66.249.73.10 - - [19/Jul/2025:17:32:53 +0000] "GET /product/await82739231.htm HTTP/1.1" 200 40748 "-" "Mozilla/5.0 (Linux; Android 6.0.1; Nexus 5X Build/MMB29P) AppleWebKit/537.36 (KHTML, like Gecko) Chrome/137.0.7151.103 Mobile Safari/537.36 (compatible; Googlebot/2.1; +http://www.google.com/bot.html)"
66.249.73.10 - - [19/Jul/2025:17:32:53 +0000] "POST /get-message-notify HTTP/1.1" 200 39816 "https://babyl0n.restaurant/product/leaf32448850.htm" "Mozilla/5.0 (Linux; Android 6.0.1; Nexus 5X Build/MMB29P) AppleWebKit/537.36 (KHTML, like Gecko) Chrome/137.0.7151.119 Mobile Safari/537.36 (compatible; Googlebot/2.1; +http://www.google.com/bot.html)"
20.171.207.212 - - [19/Jul/2025:17:32:54 +0000] "GET /product/count31792218.htm HTTP/1.1" 404 11528 "-" "Mozilla/5.0 AppleWebKit/537.36 (KHTML, like Gecko; compatible; GPTBot/1.2; +https://openai.com/gptbot)"
66.249.73.11 - - [19/Jul/2025:17:32:54 +0000] "GET /product/lord60807317.htm HTTP/1.1" 200 40000 "-" "Mozilla/5.0 (Linux; Android 6.0.1; Nexus 5X Build/MMB29P) AppleWebKit/537.36 (KHTML, like Gecko) Chrome/137.0.7151.103 Mobile Safari/537.36 (compatible; Googlebot/2.1; +http://www.google.com/bot.html)"
85.208.96.200 - - [19/Jul/2025:17:32:54 +0000] "GET /wp-login.php?redirect_to=https%3A%2F%2Fbabyl0n.restaurant%2Fproduct%2Funlik82614783.htm HTTP/1.1" 200 1861 "-" "Mozilla/5.0 (compatible; SemrushBot/7~bl; +http://www.semrush.com/bot.html)"
66.249.73.11 - - [19/Jul/2025:17:32:55 +0000] "GET /product/spade10807624.htm HTTP/1.1" 200 39969 "-" "Mozilla/5.0 (Linux; Android 6.0.1; Nexus 5X Build/MMB29P) AppleWebKit/537.36 (KHTML, like Gecko) Chrome/137.0.7151.103 Mobile Safari/537.36 (compatible; Googlebot/2.1; +http://www.google.com/bot.html)"
66.249.73.11 - - [19/Jul/2025:17:32:57 +0000] "GET /product/tremb32602410.htm HTTP/1.1" 200 40192 "-" "Mozilla/5.0 (Linux; Android 6.0.1; Nexus 5X Build/MMB29P) AppleWebKit/537.36 (KHTML, like Gecko) Chrome/137.0.7151.103 Mobile Safari/537.36 (compatible; Googlebot/2.1; +http://www.google.com/bot.html)"
66.249.73.10 - - [19/Jul/2025:17:33:00 +0000] "GET /product/breed20939089.htm HTTP/1.1" 200 40611 "-" "Mozilla/5.0 (Linux; Android 6.0.1; Nexus 5X Build/MMB29P) AppleWebKit/537.36 (KHTML, like Gecko) Chrome/137.0.7151.103 Mobile Safari/537.36 (compatible; Googlebot/2.1; +http://www.google.com/bot.html)"
66.249.73.10 - - [19/Jul/2025:17:33:01 +0000] "GET /product/idea20120985.htm HTTP/1.1" 200 39982 "-" "Mozilla/5.0 (Linux; Android 6.0.1; Nexus 5X Build/MMB29P) AppleWebKit/537.36 (KHTML, like Gecko) Chrome/137.0.7151.103 Mobile Safari/537.36 (compatible; Googlebot/2.1; +http://www.google.com/bot.html)"
66.249.73.10 - - [19/Jul/2025:17:33:01 +0000] "GET /product/slit72242878.htm HTTP/1.1" 200 40139 "-" "Mozilla/5.0 (Linux; Android 6.0.1; Nexus 5X Build/MMB29P) AppleWebKit/537.36 (KHTML, like Gecko) Chrome/137.0.7151.103 Mobile Safari/537.36 (compatible; Googlebot/2.1; +http://www.google.com/bot.html)"
66.249.73.10 - - [19/Jul/2025:17:33:03 +0000] "GET /product/whom82016335.htm HTTP/1.1" 200 40100 "-" "Mozilla/5.0 (Linux; Android 6.0.1; Nexus 5X Build/MMB29P) AppleWebKit/537.36 (KHTML, like Gecko) Chrome/137.0.7151.103 Mobile Safari/537.36 (compatible; Googlebot/2.1; +http://www.google.com/bot.html)"
66.249.73.10 - - [19/Jul/2025:17:33:04 +0000] "GET /product/glove12772184.htm HTTP/1.1" 200 40101 "-" "Mozilla/5.0 (Linux; Android 6.0.1; Nexus 5X Build/MMB29P) AppleWebKit/537.36 (KHTML, like Gecko) Chrome/137.0.7151.103 Mobile Safari/537.36 (compatible; Googlebot/2.1; +http://www.google.com/bot.html)"
85.208.96.209 - - [19/Jul/2025:17:33:05 +0000] "GET /wp-login.php?redirect_to=https%3A%2F%2Fbabyl0n.restaurant%2Fproduct%2Fparal41399443.htm HTTP/1.1" 200 1859 "-" "Mozilla/5.0 (compatible; SemrushBot/7~bl; +http://www.semrush.com/bot.html)"
85.208.96.199 - - [19/Jul/2025:17:33:08 +0000] "GET /wp-login.php?redirect_to=https%3A%2F%2Fbabyl0n.restaurant%2Fproduct%2Funion21399361.htm HTTP/1.1" 200 1860 "-" "Mozilla/5.0 (compatible; SemrushBot/7~bl; +http://www.semrush.com/bot.html)"
66.249.73.10 - - [19/Jul/2025:17:33:17 +0000] "POST /get-message-notify HTTP/1.1" 200 39856 "https://babyl0n.restaurant/product/tremb32602410.htm" "Mozilla/5.0 (Linux; Android 6.0.1; Nexus 5X Build/MMB29P) AppleWebKit/537.36 (KHTML, like Gecko) Chrome/137.0.7151.119 Mobile Safari/537.36 (compatible; Googlebot/2.1; +http://www.google.com/bot.html)"
209.74.77.214 - - [19/Jul/2025:17:33:24 +0000] "POST /wp-cron.php?doing_wp_cron=1752946404.4798290729522705078125 HTTP/1.1" 200 - "-" "WordPress/6.8.2; https://babyl0n.restaurant"
85.208.96.197 - - [19/Jul/2025:17:33:24 +0000] "GET /wp-login.php?redirect_to=https%3A%2F%2Fbabyl0n.restaurant%2Fproduct%2Fturn52636084.htm HTTP/1.1" 200 1860 "-" "Mozilla/5.0 (compatible; SemrushBot/7~bl; +http://www.semrush.com/bot.html)"
20.171.207.212 - - [19/Jul/2025:17:33:32 +0000] "GET /product/gener41005019.htm HTTP/1.1" 404 11528 "-" "Mozilla/5.0 AppleWebKit/537.36 (KHTML, like Gecko; compatible; GPTBot/1.2; +https://openai.com/gptbot)"
185.191.171.19 - - [19/Jul/2025:17:33:55 +0000] "GET /wp-login.php?redirect_to=https%3A%2F%2Fbabyl0n.restaurant%2Fproduct%2Fthere52856652.htm HTTP/1.1" 200 1861 "-" "Mozilla/5.0 (compatible; SemrushBot/7~bl; +http://www.semrush.com/bot.html)"
185.191.171.1 - - [19/Jul/2025:17:33:59 +0000] "GET /wp-login.php?redirect_to=https%3A%2F%2Fbabyl0n.restaurant%2Fproduct%2Fvest62463901.htm HTTP/1.1" 200 1859 "-" "Mozilla/5.0 (compatible; SemrushBot/7~bl; +http://www.semrush.com/bot.html)"
185.191.171.1 - - [19/Jul/2025:17:34:03 +0000] "GET /wp-login.php?redirect_to=https%3A%2F%2Fbabyl0n.restaurant%2Fproduct%2Fstrap71422774.htm HTTP/1.1" 200 1859 "-" "Mozilla/5.0 (compatible; SemrushBot/7~bl; +http://www.semrush.com/bot.html)"
85.208.96.211 - - [19/Jul/2025:17:34:06 +0000] "GET /wp-login.php?redirect_to=https%3A%2F%2Fbabyl0n.restaurant%2Fproduct%2Funder80284351.htm HTTP/1.1" 200 1859 "-" "Mozilla/5.0 (compatible; SemrushBot/7~bl; +http://www.semrush.com/bot.html)"
20.171.207.212 - - [19/Jul/2025:17:34:09 +0000] "GET /product/compe50749060.htm HTTP/1.1" 404 11529 "-" "Mozilla/5.0 AppleWebKit/537.36 (KHTML, like Gecko; compatible; GPTBot/1.2; +https://openai.com/gptbot)"
85.208.96.210 - - [19/Jul/2025:17:34:12 +0000] "GET /wp-login.php?redirect_to=https%3A%2F%2Fbabyl0n.restaurant%2Fproduct%2Fmanne41829355.htm HTTP/1.1" 200 1861 "-" "Mozilla/5.0 (compatible; SemrushBot/7~bl; +http://www.semrush.com/bot.html)"
85.208.96.197 - - [19/Jul/2025:17:34:28 +0000] "GET /robots.txt HTTP/1.1" 200 119 "-" "Mozilla/5.0 (compatible; SemrushBot/7~bl; +http://www.semrush.com/bot.html)"
209.74.77.214 - - [19/Jul/2025:17:34:28 +0000] "POST /wp-cron.php?doing_wp_cron=1752946468.4616270065307617187500 HTTP/1.1" 200 - "-" "WordPress/6.8.2; https://babyl0n.restaurant"
85.208.96.204 - - [19/Jul/2025:17:34:28 +0000] "GET /wp-login.php?redirect_to=https%3A%2F%2Fbabyl0n.restaurant%2Fproduct%2Fgener42593019.htm HTTP/1.1" 200 1860 "-" "Mozilla/5.0 (compatible; SemrushBot/7~bl; +http://www.semrush.com/bot.html)"
20.171.207.212 - - [19/Jul/2025:17:34:47 +0000] "GET /product/alter80165815.htm HTTP/1.1" 404 11529 "-" "Mozilla/5.0 AppleWebKit/537.36 (KHTML, like Gecko; compatible; GPTBot/1.2; +https://openai.com/gptbot)"
85.208.96.196 - - [19/Jul/2025:17:34:57 +0000] "GET /wp-login.php?redirect_to=https%3A%2F%2Fbabyl0n.restaurant%2Fproduct%2Fanywa52881244.htm HTTP/1.1" 200 1862 "-" "Mozilla/5.0 (compatible; SemrushBot/7~bl; +http://www.semrush.com/bot.html)"
185.191.171.16 - - [19/Jul/2025:17:35:11 +0000] "GET /wp-login.php?redirect_to=https%3A%2F%2Fbabyl0n.restaurant%2Fproduct%2Fnonse60062653.htm HTTP/1.1" 200 1860 "-" "Mozilla/5.0 (compatible; SemrushBot/7~bl; +http://www.semrush.com/bot.html)"
209.74.77.214 - - [19/Jul/2025:17:35:25 +0000] "POST /wp-cron.php?doing_wp_cron=1752946525.2556869983673095703125 HTTP/1.1" 200 - "-" "WordPress/6.8.2; https://babyl0n.restaurant"
20.171.207.212 - - [19/Jul/2025:17:35:25 +0000] "GET /product/arran32694130.htm HTTP/1.1" 404 11528 "-" "Mozilla/5.0 AppleWebKit/537.36 (KHTML, like Gecko; compatible; GPTBot/1.2; +https://openai.com/gptbot)"
185.191.171.4 - - [19/Jul/2025:17:35:44 +0000] "GET /wp-login.php?redirect_to=https%3A%2F%2Fbabyl0n.restaurant%2Fproduct%2Frecen42472035.htm HTTP/1.1" 200 1859 "-" "Mozilla/5.0 (compatible; SemrushBot/7~bl; +http://www.semrush.com/bot.html)"
185.191.171.11 - - [19/Jul/2025:17:35:54 +0000] "GET /wp-login.php?redirect_to=https%3A%2F%2Fbabyl0n.restaurant%2Fproduct%2Fmyth31050434.htm HTTP/1.1" 200 1860 "-" "Mozilla/5.0 (compatible; SemrushBot/7~bl; +http://www.semrush.com/bot.html)"
85.208.96.197 - - [19/Jul/2025:17:35:57 +0000] "GET /wp-login.php?redirect_to=https%3A%2F%2Fbabyl0n.restaurant%2Fproduct%2Fstaff82557447.htm HTTP/1.1" 200 1860 "-" "Mozilla/5.0 (compatible; SemrushBot/7~bl; +http://www.semrush.com/bot.html)"
20.171.207.212 - - [19/Jul/2025:17:36:02 +0000] "GET /product/guest70764334.htm HTTP/1.1" 404 11529 "-" "Mozilla/5.0 AppleWebKit/537.36 (KHTML, like Gecko; compatible; GPTBot/1.2; +https://openai.com/gptbot)"
101.0.63.142 - - [19/Jul/2025:17:36:08 +0000] "POST /xmlrpc.php HTTP/1.1" 200 403 "-" "Mozilla/5.0 (Linux; Android 10; arm64) AppleWebKit/537.36 (KHTML, like Gecko) Opera/63.0.0.0 Safari/537.36"
185.191.171.12 - - [19/Jul/2025:17:36:10 +0000] "GET /wp-login.php?redirect_to=https%3A%2F%2Fbabyl0n.restaurant%2Fproduct%2Fweekd20336769.htm HTTP/1.1" 200 1860 "-" "Mozilla/5.0 (compatible; SemrushBot/7~bl; +http://www.semrush.com/bot.html)"
185.191.171.4 - - [19/Jul/2025:17:36:14 +0000] "GET /wp-login.php?redirect_to=https%3A%2F%2Fbabyl0n.restaurant%2Fproduct%2Fbenef70266094.htm HTTP/1.1" 200 1861 "-" "Mozilla/5.0 (compatible; SemrushBot/7~bl; +http://www.semrush.com/bot.html)"
209.74.77.214 - - [19/Jul/2025:17:36:18 +0000] "POST /wp-cron.php?doing_wp_cron=1752946578.6912300586700439453125 HTTP/1.1" 200 - "-" "WordPress/6.8.2; https://babyl0n.restaurant"
185.191.171.7 - - [19/Jul/2025:17:36:18 +0000] "GET /wp-login.php?redirect_to=https%3A%2F%2Fbabyl0n.restaurant%2Fproduct%2Fspons70666150.htm HTTP/1.1" 200 1859 "-" "Mozilla/5.0 (compatible; SemrushBot/7~bl; +http://www.semrush.com/bot.html)"
185.191.171.9 - - [19/Jul/2025:17:36:30 +0000] "GET /wp-login.php?redirect_to=https%3A%2F%2Fbabyl0n.restaurant%2Fproduct%2Fstick71913510.htm HTTP/1.1" 200 1860 "-" "Mozilla/5.0 (compatible; SemrushBot/7~bl; +http://www.semrush.com/bot.html)"
85.208.96.201 - - [19/Jul/2025:17:36:35 +0000] "GET /wp-login.php?redirect_to=https%3A%2F%2Fbabyl0n.restaurant%2Fproduct%2Fstand12852104.htm HTTP/1.1" 200 1861 "-" "Mozilla/5.0 (compatible; SemrushBot/7~bl; +http://www.semrush.com/bot.html)"
20.171.207.212 - - [19/Jul/2025:17:36:40 +0000] "GET /product/quest72841262.htm HTTP/1.1" 404 11529 "-" "Mozilla/5.0 AppleWebKit/537.36 (KHTML, like Gecko; compatible; GPTBot/1.2; +https://openai.com/gptbot)"
85.208.96.200 - - [19/Jul/2025:17:36:49 +0000] "GET /wp-login.php?redirect_to=https%3A%2F%2Fbabyl0n.restaurant%2Fproduct%2Frailr32106666.htm HTTP/1.1" 200 1859 "-" "Mozilla/5.0 (compatible; SemrushBot/7~bl; +http://www.semrush.com/bot.html)"
85.208.96.201 - - [19/Jul/2025:17:36:57 +0000] "GET /wp-login.php?redirect_to=https%3A%2F%2Fbabyl0n.restaurant%2Fproduct%2Fgird11407840.htm HTTP/1.1" 200 1859 "-" "Mozilla/5.0 (compatible; SemrushBot/7~bl; +http://www.semrush.com/bot.html)"
85.208.96.208 - - [19/Jul/2025:17:37:04 +0000] "GET /wp-login.php?redirect_to=https%3A%2F%2Fbabyl0n.restaurant%2Fproduct%2Ffract21883537.htm HTTP/1.1" 200 1861 "-" "Mozilla/5.0 (compatible; SemrushBot/7~bl; +http://www.semrush.com/bot.html)"
20.171.207.212 - - [19/Jul/2025:17:37:17 +0000] "GET /product/advic32940922.htm HTTP/1.1" 404 11529 "-" "Mozilla/5.0 AppleWebKit/537.36 (KHTML, like Gecko; compatible; GPTBot/1.2; +https://openai.com/gptbot)"
209.74.77.214 - - [19/Jul/2025:17:37:30 +0000] "POST /wp-cron.php?doing_wp_cron=1752946650.5219089984893798828125 HTTP/1.1" 200 - "-" "WordPress/6.8.2; https://babyl0n.restaurant"
189.163.110.204 - - [19/Jul/2025:17:37:30 +0000] "POST /xmlrpc.php HTTP/1.1" 200 403 "-" "Mozilla/5.0 (Windows NT 10.0; Win64; x64) AppleWebKit/537.36 (KHTML, like Gecko) Chrome/91.0.4472.124 Safari/537.36"
66.249.73.10 - - [19/Jul/2025:17:37:43 +0000] "GET /product/remin52299140.htm HTTP/1.1" 200 40366 "-" "Mozilla/5.0 (Linux; Android 6.0.1; Nexus 5X Build/MMB29P) AppleWebKit/537.36 (KHTML, like Gecko) Chrome/137.0.7151.103 Mobile Safari/537.36 (compatible; Googlebot/2.1; +http://www.google.com/bot.html)"
185.191.171.15 - - [19/Jul/2025:17:37:46 +0000] "GET /wp-login.php?redirect_to=https%3A%2F%2Fbabyl0n.restaurant%2Fproduct%2Fbloom10586664.htm HTTP/1.1" 200 1861 "-" "Mozilla/5.0 (compatible; SemrushBot/7~bl; +http://www.semrush.com/bot.html)"
66.249.73.10 - - [19/Jul/2025:17:37:50 +0000] "POST /get-message-notify HTTP/1.1" 200 39767 "https://babyl0n.restaurant/product/remin52299140.htm" "Mozilla/5.0 (Linux; Android 6.0.1; Nexus 5X Build/MMB29P) AppleWebKit/537.36 (KHTML, like Gecko) Chrome/137.0.7151.119 Mobile Safari/537.36 (compatible; Googlebot/2.1; +http://www.google.com/bot.html)"
20.171.207.212 - - [19/Jul/2025:17:37:53 +0000] "GET /product/drift21626649.htm HTTP/1.1" 404 11529 "-" "Mozilla/5.0 AppleWebKit/537.36 (KHTML, like Gecko; compatible; GPTBot/1.2; +https://openai.com/gptbot)"
185.191.171.11 - - [19/Jul/2025:17:38:03 +0000] "GET /wp-login.php?redirect_to=https%3A%2F%2Fbabyl0n.restaurant%2Fproduct%2Ffive31765002.htm HTTP/1.1" 200 1860 "-" "Mozilla/5.0 (compatible; SemrushBot/7~bl; +http://www.semrush.com/bot.html)"
85.208.96.194 - - [19/Jul/2025:17:38:07 +0000] "GET /wp-login.php?redirect_to=https%3A%2F%2Fbabyl0n.restaurant%2Fproduct%2Fscrip11847744.htm HTTP/1.1" 200 1859 "-" "Mozilla/5.0 (compatible; SemrushBot/7~bl; +http://www.semrush.com/bot.html)"
85.208.96.199 - - [19/Jul/2025:17:38:10 +0000] "GET /wp-login.php?redirect_to=https%3A%2F%2Fbabyl0n.restaurant%2Fproduct%2Fpig51324804.htm HTTP/1.1" 200 1858 "-" "Mozilla/5.0 (compatible; SemrushBot/7~bl; +http://www.semrush.com/bot.html)"
185.191.171.1 - - [19/Jul/2025:17:38:14 +0000] "GET /wp-login.php?redirect_to=https%3A%2F%2Fbabyl0n.restaurant%2Fproduct%2Ferect72907390.htm HTTP/1.1" 200 1859 "-" "Mozilla/5.0 (compatible; SemrushBot/7~bl; +http://www.semrush.com/bot.html)"
209.74.77.214 - - [19/Jul/2025:17:38:23 +0000] "POST /wp-cron.php?doing_wp_cron=1752946703.3500669002532958984375 HTTP/1.1" 200 - "-" "WordPress/6.8.2; https://babyl0n.restaurant"
185.191.171.10 - - [19/Jul/2025:17:38:23 +0000] "GET /wp-login.php?redirect_to=https%3A%2F%2Fbabyl0n.restaurant%2Fproduct%2Fcandl20560385.htm HTTP/1.1" 200 1861 "-" "Mozilla/5.0 (compatible; SemrushBot/7~bl; +http://www.semrush.com/bot.html)"
20.171.207.212 - - [19/Jul/2025:17:38:29 +0000] "GET /product/upset20045473.htm HTTP/1.1" 404 11529 "-" "Mozilla/5.0 AppleWebKit/537.36 (KHTML, like Gecko; compatible; GPTBot/1.2; +https://openai.com/gptbot)"
185.191.171.9 - - [19/Jul/2025:17:38:34 +0000] "GET /wp-login.php?redirect_to=https%3A%2F%2Fbabyl0n.restaurant%2Fproduct%2Fdig70161454.htm HTTP/1.1" 200 1858 "-" "Mozilla/5.0 (compatible; SemrushBot/7~bl; +http://www.semrush.com/bot.html)"
20.171.207.212 - - [19/Jul/2025:17:39:05 +0000] "GET /product/cargo51995204.htm HTTP/1.1" 404 11529 "-" "Mozilla/5.0 AppleWebKit/537.36 (KHTML, like Gecko; compatible; GPTBot/1.2; +https://openai.com/gptbot)"
85.208.96.197 - - [19/Jul/2025:17:39:12 +0000] "GET /wp-login.php?redirect_to=https%3A%2F%2Fbabyl0n.restaurant%2Fproduct%2Fcripp81335327.htm HTTP/1.1" 200 1861 "-" "Mozilla/5.0 (compatible; SemrushBot/7~bl; +http://www.semrush.com/bot.html)"
185.191.171.8 - - [19/Jul/2025:17:39:16 +0000] "GET /wp-login.php?redirect_to=https%3A%2F%2Fbabyl0n.restaurant%2Fproduct%2Fbilli72967606.htm HTTP/1.1" 200 1861 "-" "Mozilla/5.0 (compatible; SemrushBot/7~bl; +http://www.semrush.com/bot.html)"
209.74.77.214 - - [19/Jul/2025:17:39:31 +0000] "POST /wp-cron.php?doing_wp_cron=1752946771.4716620445251464843750 HTTP/1.1" 200 - "-" "WordPress/6.8.2; https://babyl0n.restaurant"
185.191.171.10 - - [19/Jul/2025:17:39:31 +0000] "GET /wp-login.php?redirect_to=https%3A%2F%2Fbabyl0n.restaurant%2Fproduct%2Fgeniu41262859.htm HTTP/1.1" 200 1862 "-" "Mozilla/5.0 (compatible; SemrushBot/7~bl; +http://www.semrush.com/bot.html)"
20.171.207.212 - - [19/Jul/2025:17:39:40 +0000] "GET /product/expor60531269.htm HTTP/1.1" 404 11529 "-" "Mozilla/5.0 AppleWebKit/537.36 (KHTML, like Gecko; compatible; GPTBot/1.2; +https://openai.com/gptbot)"
85.208.96.197 - - [19/Jul/2025:17:39:43 +0000] "GET /wp-login.php?redirect_to=https%3A%2F%2Fbabyl0n.restaurant%2Fproduct%2Fbathr20548689.htm HTTP/1.1" 200 1861 "-" "Mozilla/5.0 (compatible; SemrushBot/7~bl; +http://www.semrush.com/bot.html)"
85.208.96.200 - - [19/Jul/2025:17:39:52 +0000] "GET /wp-login.php?redirect_to=https%3A%2F%2Fbabyl0n.restaurant%2Fproduct%2Fcrown10886512.htm HTTP/1.1" 200 1859 "-" "Mozilla/5.0 (compatible; SemrushBot/7~bl; +http://www.semrush.com/bot.html)"
85.208.96.193 - - [19/Jul/2025:17:40:14 +0000] "GET /wp-login.php?redirect_to=https%3A%2F%2Fbabyl0n.restaurant%2Fproduct%2Ftomat82380903.htm HTTP/1.1" 200 1861 "-" "Mozilla/5.0 (compatible; SemrushBot/7~bl; +http://www.semrush.com/bot.html)"
20.171.207.212 - - [19/Jul/2025:17:40:17 +0000] "GET /product/sophi62761853.htm HTTP/1.1" 404 11529 "-" "Mozilla/5.0 AppleWebKit/537.36 (KHTML, like Gecko; compatible; GPTBot/1.2; +https://openai.com/gptbot)"
209.74.77.214 - - [19/Jul/2025:17:40:18 +0000] "POST /wp-cron.php?doing_wp_cron=1752946818.5513429641723632812500 HTTP/1.1" 200 - "-" "WordPress/6.8.2; https://babyl0n.restaurant"
85.208.96.202 - - [19/Jul/2025:17:40:18 +0000] "GET /wp-login.php?redirect_to=https%3A%2F%2Fbabyl0n.restaurant%2Fproduct%2Fpie12360576.htm HTTP/1.1" 200 1858 "-" "Mozilla/5.0 (compatible; SemrushBot/7~bl; +http://www.semrush.com/bot.html)"
85.208.96.197 - - [19/Jul/2025:17:40:21 +0000] "GET /wp-login.php?redirect_to=https%3A%2F%2Fbabyl0n.restaurant%2Fproduct%2Fflue22583977.htm HTTP/1.1" 200 1861 "-" "Mozilla/5.0 (compatible; SemrushBot/7~bl; +http://www.semrush.com/bot.html)"
185.191.171.12 - - [19/Jul/2025:17:40:33 +0000] "GET /wp-login.php?redirect_to=https%3A%2F%2Fbabyl0n.restaurant%2Fproduct%2Fgang62835181.htm HTTP/1.1" 200 1860 "-" "Mozilla/5.0 (compatible; SemrushBot/7~bl; +http://www.semrush.com/bot.html)"
85.208.96.211 - - [19/Jul/2025:17:40:37 +0000] "GET /wp-login.php?redirect_to=https%3A%2F%2Fbabyl0n.restaurant%2Fproduct%2Frepor71092206.htm HTTP/1.1" 200 1859 "-" "Mozilla/5.0 (compatible; SemrushBot/7~bl; +http://www.semrush.com/bot.html)"
20.171.207.212 - - [19/Jul/2025:17:40:53 +0000] "GET /product/watch61700357.htm HTTP/1.1" 404 11528 "-" "Mozilla/5.0 AppleWebKit/537.36 (KHTML, like Gecko; compatible; GPTBot/1.2; +https://openai.com/gptbot)"
185.191.171.8 - - [19/Jul/2025:17:41:05 +0000] "GET /wp-login.php?redirect_to=https%3A%2F%2Fbabyl0n.restaurant%2Fproduct%2Fslend72327614.htm HTTP/1.1" 200 1861 "-" "Mozilla/5.0 (compatible; SemrushBot/7~bl; +http://www.semrush.com/bot.html)"
185.191.171.17 - - [19/Jul/2025:17:41:11 +0000] "GET /wp-login.php?redirect_to=https%3A%2F%2Fbabyl0n.restaurant%2Fproduct%2Fsurfa80404735.htm HTTP/1.1" 200 1860 "-" "Mozilla/5.0 (compatible; SemrushBot/7~bl; +http://www.semrush.com/bot.html)"
209.74.77.214 - - [19/Jul/2025:17:41:22 +0000] "POST /wp-cron.php?doing_wp_cron=1752946882.4124300479888916015625 HTTP/1.1" 200 - "-" "WordPress/6.8.2; https://babyl0n.restaurant"
85.208.96.208 - - [19/Jul/2025:17:41:22 +0000] "GET /wp-login.php?redirect_to=https%3A%2F%2Fbabyl0n.restaurant%2Fproduct%2Fmusic41240923.htm HTTP/1.1" 200 1859 "-" "Mozilla/5.0 (compatible; SemrushBot/7~bl; +http://www.semrush.com/bot.html)"
20.171.207.212 - - [19/Jul/2025:17:41:28 +0000] "GET /product/inapp10438160.htm HTTP/1.1" 404 11529 "-" "Mozilla/5.0 AppleWebKit/537.36 (KHTML, like Gecko; compatible; GPTBot/1.2; +https://openai.com/gptbot)"
85.208.96.209 - - [19/Jul/2025:17:41:31 +0000] "GET /wp-login.php?redirect_to=https%3A%2F%2Fbabyl0n.restaurant%2Fproduct%2Fout82292487.htm HTTP/1.1" 200 1860 "-" "Mozilla/5.0 (compatible; SemrushBot/7~bl; +http://www.semrush.com/bot.html)"
85.208.96.201 - - [19/Jul/2025:17:42:05 +0000] "GET /wp-login.php?redirect_to=https%3A%2F%2Fbabyl0n.restaurant%2Fproduct%2Fconsi11141432.htm HTTP/1.1" 200 1859 "-" "Mozilla/5.0 (compatible; SemrushBot/7~bl; +http://www.semrush.com/bot.html)"
20.171.207.212 - - [19/Jul/2025:17:42:04 +0000] "GET /product/natur50252148.htm HTTP/1.1" 404 11528 "-" "Mozilla/5.0 AppleWebKit/537.36 (KHTML, like Gecko; compatible; GPTBot/1.2; +https://openai.com/gptbot)"
66.249.73.12 - - [19/Jul/2025:17:42:07 +0000] "POST /get-message-notify HTTP/1.1" 200 39850 "https://babyl0n.restaurant/product/recor22152393.htm" "Mozilla/5.0 (Linux; Android 6.0.1; Nexus 5X Build/MMB29P) AppleWebKit/537.36 (KHTML, like Gecko) Chrome/137.0.7151.119 Mobile Safari/537.36 (compatible; Googlebot/2.1; +http://www.google.com/bot.html)"
85.208.96.206 - - [19/Jul/2025:17:42:09 +0000] "GET /wp-login.php?redirect_to=https%3A%2F%2Fbabyl0n.restaurant%2Fproduct%2Fwrap81434743.htm HTTP/1.1" 200 1860 "-" "Mozilla/5.0 (compatible; SemrushBot/7~bl; +http://www.semrush.com/bot.html)"
185.191.171.11 - - [19/Jul/2025:17:42:14 +0000] "GET /wp-login.php?redirect_to=https%3A%2F%2Fbabyl0n.restaurant%2Fproduct%2Fcatal20750193.htm HTTP/1.1" 200 1860 "-" "Mozilla/5.0 (compatible; SemrushBot/7~bl; +http://www.semrush.com/bot.html)"
209.74.77.214 - - [19/Jul/2025:17:42:19 +0000] "POST /wp-cron.php?doing_wp_cron=1752946939.2641839981079101562500 HTTP/1.1" 200 - "-" "WordPress/6.8.2; https://babyl0n.restaurant"
185.191.171.8 - - [19/Jul/2025:17:42:19 +0000] "GET /wp-login.php?redirect_to=https%3A%2F%2Fbabyl0n.restaurant%2Fproduct%2Fonese60468845.htm HTTP/1.1" 200 1861 "-" "Mozilla/5.0 (compatible; SemrushBot/7~bl; +http://www.semrush.com/bot.html)"
185.191.171.19 - - [19/Jul/2025:17:42:23 +0000] "GET /wp-login.php?redirect_to=https%3A%2F%2Fbabyl0n.restaurant%2Fproduct%2Feagle50175396.htm HTTP/1.1" 200 1860 "-" "Mozilla/5.0 (compatible; SemrushBot/7~bl; +http://www.semrush.com/bot.html)"
89.110.115.121 - - [19/Jul/2025:17:42:28 +0000] "GET / HTTP/1.1" 301 - "-" "Mozilla/5.0 (Macintosh; Intel Mac OS X 10_15_7) AppleWebKit/537.36 (KHTML, like Gecko) Chrome/133.0.0.0 Safari/537.36"
89.110.115.121 - - [19/Jul/2025:17:42:32 +0000] "GET / HTTP/1.1" 200 11284 "https://BABYL0N.RESTAURANT" "Mozilla/5.0 (Macintosh; Intel Mac OS X 10_15_7) AppleWebKit/537.36 (KHTML, like Gecko) Chrome/133.0.0.0 Safari/537.36"
89.110.115.121 - - [19/Jul/2025:17:42:33 +0000] "GET /comments/feed/ HTTP/1.1" 200 1248 "-" "Mozilla/5.0 (Macintosh; Intel Mac OS X 10_15_7) AppleWebKit/537.36 (KHTML, like Gecko) Chrome/133.0.0.0 Safari/537.36"
85.208.96.193 - - [19/Jul/2025:17:42:41 +0000] "GET /wp-login.php?redirect_to=https%3A%2F%2Fbabyl0n.restaurant%2Fproduct%2Ffurni81917631.htm HTTP/1.1" 200 1860 "-" "Mozilla/5.0 (compatible; SemrushBot/7~bl; +http://www.semrush.com/bot.html)"
20.171.207.212 - - [19/Jul/2025:17:42:42 +0000] "GET /product/tende30771082.htm HTTP/1.1" 404 11529 "-" "Mozilla/5.0 AppleWebKit/537.36 (KHTML, like Gecko; compatible; GPTBot/1.2; +https://openai.com/gptbot)"
189.163.110.204 - - [19/Jul/2025:17:42:52 +0000] "GET /wp-json/wp/v2/users HTTP/1.1" 200 1537 "-" "Mozilla/4.0 (compatible; Win32; WinHttp.WinHttpRequest.5)"
85.208.96.197 - - [19/Jul/2025:17:43:12 +0000] "GET /wp-login.php?redirect_to=https%3A%2F%2Fbabyl0n.restaurant%2Fproduct%2Frealm21990465.htm HTTP/1.1" 200 1860 "-" "Mozilla/5.0 (compatible; SemrushBot/7~bl; +http://www.semrush.com/bot.html)"
209.74.77.214 - - [19/Jul/2025:17:43:18 +0000] "POST /wp-cron.php?doing_wp_cron=1752946998.2885971069335937500000 HTTP/1.1" 200 - "-" "WordPress/6.8.2; https://babyl0n.restaurant"
20.171.207.212 - - [19/Jul/2025:17:43:18 +0000] "GET /product/advic32940922.htm HTTP/1.1" 404 11529 "-" "Mozilla/5.0 AppleWebKit/537.36 (KHTML, like Gecko; compatible; GPTBot/1.2; +https://openai.com/gptbot)"
85.208.96.196 - - [19/Jul/2025:17:43:24 +0000] "GET /wp-login.php?redirect_to=https%3A%2F%2Fbabyl0n.restaurant%2Fproduct%2Fcurri20279745.htm HTTP/1.1" 200 1861 "-" "Mozilla/5.0 (compatible; SemrushBot/7~bl; +http://www.semrush.com/bot.html)"
85.208.96.212 - - [19/Jul/2025:17:43:43 +0000] "GET /wp-login.php?redirect_to=https%3A%2F%2Fbabyl0n.restaurant%2Fproduct%2Fstoma40988099.htm HTTP/1.1" 200 1860 "-" "Mozilla/5.0 (compatible; SemrushBot/7~bl; +http://www.semrush.com/bot.html)"
85.208.96.206 - - [19/Jul/2025:17:43:47 +0000] "GET /wp-login.php?redirect_to=https%3A%2F%2Fbabyl0n.restaurant%2Fproduct%2Fgasp30978674.htm HTTP/1.1" 200 1861 "-" "Mozilla/5.0 (compatible; SemrushBot/7~bl; +http://www.semrush.com/bot.html)"
20.171.207.212 - - [19/Jul/2025:17:43:53 +0000] "GET /product/cousi80756719.htm HTTP/1.1" 404 11529 "-" "Mozilla/5.0 AppleWebKit/537.36 (KHTML, like Gecko; compatible; GPTBot/1.2; +https://openai.com/gptbot)"
185.191.171.14 - - [19/Jul/2025:17:43:56 +0000] "GET /wp-login.php?redirect_to=https%3A%2F%2Fbabyl0n.restaurant%2Fproduct%2Frecog21406577.htm HTTP/1.1" 200 1859 "-" "Mozilla/5.0 (compatible; SemrushBot/7~bl; +http://www.semrush.com/bot.html)"
189.163.110.204 - - [19/Jul/2025:17:44:13 +0000] "POST /xmlrpc.php HTTP/1.1" 200 403 "-" "Mozilla/5.0 (Windows NT 10.0; Win64; x64) AppleWebKit/537.36 (KHTML, like Gecko) Chrome/91.0.4472.124 Safari/537.36"
209.74.77.214 - - [19/Jul/2025:17:44:18 +0000] "POST /wp-cron.php?doing_wp_cron=1752947058.0878210067749023437500 HTTP/1.1" 200 - "-" "WordPress/6.8.2; https://babyl0n.restaurant"
85.208.96.194 - - [19/Jul/2025:17:44:17 +0000] "GET /wp-login.php?redirect_to=https%3A%2F%2Fbabyl0n.restaurant%2Fproduct%2Fitem82357943.htm HTTP/1.1" 200 1860 "-" "Mozilla/5.0 (compatible; SemrushBot/7~bl; +http://www.semrush.com/bot.html)"
20.171.207.212 - - [19/Jul/2025:17:44:30 +0000] "GET /product/drift21626649.htm HTTP/1.1" 404 11529 "-" "Mozilla/5.0 AppleWebKit/537.36 (KHTML, like Gecko; compatible; GPTBot/1.2; +https://openai.com/gptbot)"
85.208.96.196 - - [19/Jul/2025:17:44:31 +0000] "GET /wp-login.php?redirect_to=https%3A%2F%2Fbabyl0n.restaurant%2Fproduct%2Ftape52280964.htm HTTP/1.1" 200 1861 "-" "Mozilla/5.0 (compatible; SemrushBot/7~bl; +http://www.semrush.com/bot.html)"
85.208.96.208 - - [19/Jul/2025:17:44:35 +0000] "GET /wp-login.php?redirect_to=https%3A%2F%2Fbabyl0n.restaurant%2Fproduct%2Fdecis80441191.htm HTTP/1.1" 200 1860 "-" "Mozilla/5.0 (compatible; SemrushBot/7~bl; +http://www.semrush.com/bot.html)"
185.191.171.11 - - [19/Jul/2025:17:44:41 +0000] "GET /wp-login.php?redirect_to=https%3A%2F%2Fbabyl0n.restaurant%2Fproduct%2Frecit40133235.htm HTTP/1.1" 200 1858 "-" "Mozilla/5.0 (compatible; SemrushBot/7~bl; +http://www.semrush.com/bot.html)"
85.208.96.204 - - [19/Jul/2025:17:44:45 +0000] "GET /wp-login.php?redirect_to=https%3A%2F%2Fbabyl0n.restaurant%2Fproduct%2Foppre81382799.htm HTTP/1.1" 200 1861 "-" "Mozilla/5.0 (compatible; SemrushBot/7~bl; +http://www.semrush.com/bot.html)"
185.191.171.7 - - [19/Jul/2025:17:44:49 +0000] "GET /wp-login.php?redirect_to=https%3A%2F%2Fbabyl0n.restaurant%2Fproduct%2Fvisib42966331.htm HTTP/1.1" 200 1859 "-" "Mozilla/5.0 (compatible; SemrushBot/7~bl; +http://www.semrush.com/bot.html)"
209.74.77.214 - - [19/Jul/2025:17:45:06 +0000] "POST /wp-cron.php?doing_wp_cron=1752947106.4023489952087402343750 HTTP/1.1" 200 - "-" "WordPress/6.8.2; https://babyl0n.restaurant"
20.171.207.212 - - [19/Jul/2025:17:45:06 +0000] "GET /product/histo41856619.htm HTTP/1.1" 404 11529 "-" "Mozilla/5.0 AppleWebKit/537.36 (KHTML, like Gecko; compatible; GPTBot/1.2; +https://openai.com/gptbot)"
185.191.171.15 - - [19/Jul/2025:17:45:16 +0000] "GET /wp-login.php?redirect_to=https%3A%2F%2Fbabyl0n.restaurant%2Fproduct%2Fdenti21092465.htm HTTP/1.1" 200 1859 "-" "Mozilla/5.0 (compatible; SemrushBot/7~bl; +http://www.semrush.com/bot.html)"
209.74.77.214 - - [19/Jul/2025:17:45:33 +0000] "POST /wp-cron.php?doing_wp_cron=1752947133.1065909862518310546875 HTTP/1.1" 200 - "-" "WordPress/6.8.2; https://babyl0n.restaurant"
189.163.110.204 - - [19/Jul/2025:17:45:32 +0000] "POST /xmlrpc.php HTTP/1.1" 200 403 "-" "Mozilla/5.0 (Windows NT 10.0; Win64; x64) AppleWebKit/537.36 (KHTML, like Gecko) Chrome/91.0.4472.124 Safari/537.36"
85.208.96.210 - - [19/Jul/2025:17:45:41 +0000] "GET /wp-login.php?redirect_to=https%3A%2F%2Fbabyl0n.restaurant%2Fproduct%2Fattri50450356.htm HTTP/1.1" 200 1860 "-" "Mozilla/5.0 (compatible; SemrushBot/7~bl; +http://www.semrush.com/bot.html)"
20.171.207.212 - - [19/Jul/2025:17:45:42 +0000] "GET /product/dozen81872303.htm HTTP/1.1" 404 11530 "-" "Mozilla/5.0 AppleWebKit/537.36 (KHTML, like Gecko; compatible; GPTBot/1.2; +https://openai.com/gptbot)"
85.208.96.206 - - [19/Jul/2025:17:45:45 +0000] "GET /wp-login.php?redirect_to=https%3A%2F%2Fbabyl0n.restaurant%2Fproduct%2Fto20469033.htm HTTP/1.1" 200 1858 "-" "Mozilla/5.0 (compatible; SemrushBot/7~bl; +http://www.semrush.com/bot.html)"
209.74.77.214 - - [19/Jul/2025:17:46:14 +0000] "POST /wp-cron.php?doing_wp_cron=1752947174.6674818992614746093750 HTTP/1.1" 200 - "-" "WordPress/6.8.2; https://babyl0n.restaurant"
85.208.96.199 - - [19/Jul/2025:17:46:14 +0000] "GET /wp-login.php?redirect_to=https%3A%2F%2Fbabyl0n.restaurant%2Fproduct%2Fexpen81833079.htm HTTP/1.1" 200 1861 "-" "Mozilla/5.0 (compatible; SemrushBot/7~bl; +http://www.semrush.com/bot.html)"
209.74.77.214 - - [19/Jul/2025:17:46:18 +0000] "POST /wp-cron.php?doing_wp_cron=1752947178.5591840744018554687500 HTTP/1.1" 200 - "-" "WordPress/6.8.2; https://babyl0n.restaurant"
185.191.171.2 - - [19/Jul/2025:17:46:18 +0000] "GET /wp-login.php?redirect_to=https%3A%2F%2Fbabyl0n.restaurant%2Fproduct%2Fchalk32360930.htm HTTP/1.1" 200 1860 "-" "Mozilla/5.0 (compatible; SemrushBot/7~bl; +http://www.semrush.com/bot.html)"
20.171.207.212 - - [19/Jul/2025:17:46:19 +0000] "GET /product/demon40530395.htm HTTP/1.1" 404 11529 "-" "Mozilla/5.0 AppleWebKit/537.36 (KHTML, like Gecko; compatible; GPTBot/1.2; +https://openai.com/gptbot)"
185.191.171.5 - - [19/Jul/2025:17:46:23 +0000] "GET /wp-login.php?redirect_to=https%3A%2F%2Fbabyl0n.restaurant%2Fproduct%2Fidea20516985.htm HTTP/1.1" 200 1860 "-" "Mozilla/5.0 (compatible; SemrushBot/7~bl; +http://www.semrush.com/bot.html)"
85.208.96.196 - - [19/Jul/2025:17:46:26 +0000] "GET /wp-login.php?redirect_to=https%3A%2F%2Fbabyl0n.restaurant%2Fproduct%2Ffeedb30990274.htm HTTP/1.1" 200 1860 "-" "Mozilla/5.0 (compatible; SemrushBot/7~bl; +http://www.semrush.com/bot.html)"
185.191.171.5 - - [19/Jul/2025:17:46:41 +0000] "GET /wp-login.php?redirect_to=https%3A%2F%2Fbabyl0n.restaurant%2Fproduct%2Fankle60154925.htm HTTP/1.1" 200 1861 "-" "Mozilla/5.0 (compatible; SemrushBot/7~bl; +http://www.semrush.com/bot.html)"
189.163.110.204 - - [19/Jul/2025:17:46:44 +0000] "POST /xmlrpc.php HTTP/1.1" 200 403 "-" "Mozilla/5.0 (Windows NT 10.0; Win64; x64) AppleWebKit/537.36 (KHTML, like Gecko) Chrome/91.0.4472.124 Safari/537.36"
85.208.96.193 - - [19/Jul/2025:17:46:47 +0000] "GET /wp-login.php?redirect_to=https%3A%2F%2Fbabyl0n.restaurant%2Fproduct%2Flaunc12061896.htm HTTP/1.1" 200 1860 "-" "Mozilla/5.0 (compatible; SemrushBot/7~bl; +http://www.semrush.com/bot.html)"
20.171.207.212 - - [19/Jul/2025:17:46:56 +0000] "GET /product/wreck21007249.htm HTTP/1.1" 404 11528 "-" "Mozilla/5.0 AppleWebKit/537.36 (KHTML, like Gecko; compatible; GPTBot/1.2; +https://openai.com/gptbot)"
85.208.96.212 - - [19/Jul/2025:17:47:16 +0000] "GET /wp-login.php?redirect_to=https%3A%2F%2Fbabyl0n.restaurant%2Fproduct%2Ffable21906697.htm HTTP/1.1" 200 1861 "-" "Mozilla/5.0 (compatible; SemrushBot/7~bl; +http://www.semrush.com/bot.html)"
209.74.77.214 - - [19/Jul/2025:17:47:32 +0000] "POST /wp-cron.php?doing_wp_cron=1752947252.4783580303192138671875 HTTP/1.1" 200 - "-" "WordPress/6.8.2; https://babyl0n.restaurant"
20.171.207.212 - - [19/Jul/2025:17:47:32 +0000] "GET /product/sophi62761853.htm HTTP/1.1" 404 11529 "-" "Mozilla/5.0 AppleWebKit/537.36 (KHTML, like Gecko; compatible; GPTBot/1.2; +https://openai.com/gptbot)"
85.208.96.212 - - [19/Jul/2025:17:47:33 +0000] "GET /wp-login.php?redirect_to=https%3A%2F%2Fbabyl0n.restaurant%2Fproduct%2Fgiraf31948026.htm HTTP/1.1" 200 1861 "-" "Mozilla/5.0 (compatible; SemrushBot/7~bl; +http://www.semrush.com/bot.html)"
189.163.110.204 - - [19/Jul/2025:17:47:48 +0000] "POST /xmlrpc.php HTTP/1.1" 200 403 "-" "Mozilla/5.0 (Windows NT 10.0; Win64; x64) AppleWebKit/537.36 (KHTML, like Gecko) Chrome/91.0.4472.124 Safari/537.36"
185.191.171.12 - - [19/Jul/2025:17:47:52 +0000] "GET /wp-login.php?redirect_to=https%3A%2F%2Fbabyl0n.restaurant%2Fproduct%2Fmidst41778467.htm HTTP/1.1" 200 1859 "-" "Mozilla/5.0 (compatible; SemrushBot/7~bl; +http://www.semrush.com/bot.html)"
185.191.171.2 - - [19/Jul/2025:17:47:56 +0000] "GET /wp-login.php?redirect_to=https%3A%2F%2Fbabyl0n.restaurant%2Fproduct%2Fdiffi72392598.htm HTTP/1.1" 200 1862 "-" "Mozilla/5.0 (compatible; SemrushBot/7~bl; +http://www.semrush.com/bot.html)"
85.208.96.206 - - [19/Jul/2025:17:48:01 +0000] "GET /wp-login.php?redirect_to=https%3A%2F%2Fbabyl0n.restaurant%2Fproduct%2Fadapt51701988.htm HTTP/1.1" 200 1860 "-" "Mozilla/5.0 (compatible; SemrushBot/7~bl; +http://www.semrush.com/bot.html)"
20.171.207.212 - - [19/Jul/2025:17:48:07 +0000] "GET /product/aviat70605878.htm HTTP/1.1" 404 11530 "-" "Mozilla/5.0 AppleWebKit/537.36 (KHTML, like Gecko; compatible; GPTBot/1.2; +https://openai.com/gptbot)"
209.74.77.214 - - [19/Jul/2025:17:48:19 +0000] "POST /wp-cron.php?doing_wp_cron=1752947299.3227040767669677734375 HTTP/1.1" 200 - "-" "WordPress/6.8.2; https://babyl0n.restaurant"
85.208.96.208 - - [19/Jul/2025:17:48:19 +0000] "GET /wp-login.php?redirect_to=https%3A%2F%2Fbabyl0n.restaurant%2Fproduct%2Fsenat10103032.htm HTTP/1.1" 200 1860 "-" "Mozilla/5.0 (compatible; SemrushBot/7~bl; +http://www.semrush.com/bot.html)"
85.208.96.200 - - [19/Jul/2025:17:48:34 +0000] "GET /wp-login.php?redirect_to=https%3A%2F%2Fbabyl0n.restaurant%2Fproduct%2Fpeach10591280.htm HTTP/1.1" 200 1860 "-" "Mozilla/5.0 (compatible; SemrushBot/7~bl; +http://www.semrush.com/bot.html)"
85.208.96.202 - - [19/Jul/2025:17:48:37 +0000] "GET /wp-login.php?redirect_to=https%3A%2F%2Fbabyl0n.restaurant%2Fproduct%2Fscale11521928.htm HTTP/1.1" 200 1860 "-" "Mozilla/5.0 (compatible; SemrushBot/7~bl; +http://www.semrush.com/bot.html)"
138.186.173.63 - - [19/Jul/2025:17:48:42 +0000] "POST /xmlrpc.php HTTP/1.1" 200 403 "-" "Mozilla/5.0 (Windows NT 6.3; x86) AppleWebKit/537.36 (KHTML, like Gecko) Edge/93.0.0.0 Safari/537.36"
185.191.171.6 - - [19/Jul/2025:17:48:42 +0000] "GET /wp-login.php?redirect_to=https%3A%2F%2Fbabyl0n.restaurant%2Fproduct%2Ftunne71054494.htm HTTP/1.1" 200 1860 "-" "Mozilla/5.0 (compatible; SemrushBot/7~bl; +http://www.semrush.com/bot.html)"
20.171.207.212 - - [19/Jul/2025:17:48:43 +0000] "GET /product/missi41438171.htm HTTP/1.1" 404 11529 "-" "Mozilla/5.0 AppleWebKit/537.36 (KHTML, like Gecko; compatible; GPTBot/1.2; +https://openai.com/gptbot)"
85.208.96.208 - - [19/Jul/2025:17:48:46 +0000] "GET /wp-login.php?redirect_to=https%3A%2F%2Fbabyl0n.restaurant%2Fproduct%2Fwelco51208884.htm HTTP/1.1" 200 1860 "-" "Mozilla/5.0 (compatible; SemrushBot/7~bl; +http://www.semrush.com/bot.html)"
85.208.96.199 - - [19/Jul/2025:17:48:59 +0000] "GET /wp-login.php?redirect_to=https%3A%2F%2Fbabyl0n.restaurant%2Fproduct%2Finsti60661829.htm HTTP/1.1" 200 1861 "-" "Mozilla/5.0 (compatible; SemrushBot/7~bl; +http://www.semrush.com/bot.html)"
189.163.110.204 - - [19/Jul/2025:17:48:59 +0000] "POST /xmlrpc.php HTTP/1.1" 200 403 "-" "Mozilla/5.0 (Windows NT 10.0; Win64; x64) AppleWebKit/537.36 (KHTML, like Gecko) Chrome/91.0.4472.124 Safari/537.36"
185.191.171.17 - - [19/Jul/2025:17:49:16 +0000] "GET /wp-login.php?redirect_to=https%3A%2F%2Fbabyl0n.restaurant%2Fproduct%2Fmenti22141145.htm HTTP/1.1" 200 1858 "-" "Mozilla/5.0 (compatible; SemrushBot/7~bl; +http://www.semrush.com/bot.html)"
209.74.77.214 - - [19/Jul/2025:17:49:20 +0000] "POST /wp-cron.php?doing_wp_cron=1752947360.3130381107330322265625 HTTP/1.1" 200 - "-" "WordPress/6.8.2; https://babyl0n.restaurant"
20.171.207.212 - - [19/Jul/2025:17:49:20 +0000] "GET /product/destr21201417.htm HTTP/1.1" 404 11528 "-" "Mozilla/5.0 AppleWebKit/537.36 (KHTML, like Gecko; compatible; GPTBot/1.2; +https://openai.com/gptbot)"
85.208.96.212 - - [19/Jul/2025:17:49:42 +0000] "GET /wp-login.php?redirect_to=https%3A%2F%2Fbabyl0n.restaurant%2Fproduct%2Fstove41466659.htm HTTP/1.1" 200 1860 "-" "Mozilla/5.0 (compatible; SemrushBot/7~bl; +http://www.semrush.com/bot.html)"
85.208.96.210 - - [19/Jul/2025:17:49:46 +0000] "GET /wp-login.php?redirect_to=https%3A%2F%2Fbabyl0n.restaurant%2Fproduct%2Fshare31365066.htm HTTP/1.1" 200 1860 "-" "Mozilla/5.0 (compatible; SemrushBot/7~bl; +http://www.semrush.com/bot.html)"
20.171.207.212 - - [19/Jul/2025:17:49:55 +0000] "GET /product/counc30650194.htm HTTP/1.1" 404 11529 "-" "Mozilla/5.0 AppleWebKit/537.36 (KHTML, like Gecko; compatible; GPTBot/1.2; +https://openai.com/gptbot)"
185.191.171.9 - - [19/Jul/2025:17:50:13 +0000] "GET /wp-login.php?redirect_to=https%3A%2F%2Fbabyl0n.restaurant%2Fproduct%2Fupwar20847393.htm HTTP/1.1" 200 1860 "-" "Mozilla/5.0 (compatible; SemrushBot/7~bl; +http://www.semrush.com/bot.html)"
189.163.110.204 - - [19/Jul/2025:17:50:13 +0000] "POST /xmlrpc.php HTTP/1.1" 200 403 "-" "Mozilla/5.0 (Windows NT 10.0; Win64; x64) AppleWebKit/537.36 (KHTML, like Gecko) Chrome/91.0.4472.124 Safari/537.36"
209.74.77.214 - - [19/Jul/2025:17:50:21 +0000] "POST /wp-cron.php?doing_wp_cron=1752947421.7587039470672607421875 HTTP/1.1" 200 - "-" "WordPress/6.8.2; https://babyl0n.restaurant"
185.191.171.14 - - [19/Jul/2025:17:50:21 +0000] "GET /wp-login.php?redirect_to=https%3A%2F%2Fbabyl0n.restaurant%2Fproduct%2Ffork30712394.htm HTTP/1.1" 200 1859 "-" "Mozilla/5.0 (compatible; SemrushBot/7~bl; +http://www.semrush.com/bot.html)"
185.191.171.15 - - [19/Jul/2025:17:50:26 +0000] "GET /wp-login.php?redirect_to=https%3A%2F%2Fbabyl0n.restaurant%2Fproduct%2Fbrood31506474.htm HTTP/1.1" 200 1861 "-" "Mozilla/5.0 (compatible; SemrushBot/7~bl; +http://www.semrush.com/bot.html)"
85.208.96.204 - - [19/Jul/2025:17:50:29 +0000] "GET /wp-login.php?redirect_to=https%3A%2F%2Fbabyl0n.restaurant%2Fproduct%2Fimpor32480162.htm HTTP/1.1" 200 1862 "-" "Mozilla/5.0 (compatible; SemrushBot/7~bl; +http://www.semrush.com/bot.html)"
20.171.207.212 - - [19/Jul/2025:17:50:33 +0000] "GET /product/candy81108551.htm HTTP/1.1" 404 11529 "-" "Mozilla/5.0 AppleWebKit/537.36 (KHTML, like Gecko; compatible; GPTBot/1.2; +https://openai.com/gptbot)"
185.191.171.11 - - [19/Jul/2025:17:50:33 +0000] "GET /wp-login.php?redirect_to=https%3A%2F%2Fbabyl0n.restaurant%2Fproduct%2Ffloor51764380.htm HTTP/1.1" 200 1860 "-" "Mozilla/5.0 (compatible; SemrushBot/7~bl; +http://www.semrush.com/bot.html)"
85.208.96.210 - - [19/Jul/2025:17:50:55 +0000] "GET /wp-login.php?redirect_to=https%3A%2F%2Fbabyl0n.restaurant%2Fproduct%2Fcinem42480859.htm HTTP/1.1" 200 1861 "-" "Mozilla/5.0 (compatible; SemrushBot/7~bl; +http://www.semrush.com/bot.html)"
20.171.207.212 - - [19/Jul/2025:17:51:11 +0000] "GET /product/empha80154311.htm HTTP/1.1" 404 11529 "-" "Mozilla/5.0 AppleWebKit/537.36 (KHTML, like Gecko; compatible; GPTBot/1.2; +https://openai.com/gptbot)"
209.74.77.214 - - [19/Jul/2025:17:51:21 +0000] "POST /wp-cron.php?doing_wp_cron=1752947481.1861450672149658203125 HTTP/1.1" 200 - "-" "WordPress/6.8.2; https://babyl0n.restaurant"
185.191.171.2 - - [19/Jul/2025:17:51:21 +0000] "GET /wp-login.php?redirect_to=https%3A%2F%2Fbabyl0n.restaurant%2Fproduct%2Filleg31986010.htm HTTP/1.1" 200 1860 "-" "Mozilla/5.0 (compatible; SemrushBot/7~bl; +http://www.semrush.com/bot.html)"
189.163.110.204 - - [19/Jul/2025:17:51:24 +0000] "POST /xmlrpc.php HTTP/1.1" 200 403 "-" "Mozilla/5.0 (Windows NT 10.0; Win64; x64) AppleWebKit/537.36 (KHTML, like Gecko) Chrome/91.0.4472.124 Safari/537.36"
185.191.171.19 - - [19/Jul/2025:17:51:34 +0000] "GET /wp-login.php?redirect_to=https%3A%2F%2Fbabyl0n.restaurant%2Fproduct%2Fprepo20275633.htm HTTP/1.1" 200 1858 "-" "Mozilla/5.0 (compatible; SemrushBot/7~bl; +http://www.semrush.com/bot.html)"
20.171.207.212 - - [19/Jul/2025:17:51:46 +0000] "GET /product/would30672858.htm HTTP/1.1" 404 11529 "-" "Mozilla/5.0 AppleWebKit/537.36 (KHTML, like Gecko; compatible; GPTBot/1.2; +https://openai.com/gptbot)"
185.191.171.17 - - [19/Jul/2025:17:51:55 +0000] "GET /wp-login.php?redirect_to=https%3A%2F%2Fbabyl0n.restaurant%2Fproduct%2Fworkm61834629.htm HTTP/1.1" 200 1860 "-" "Mozilla/5.0 (compatible; SemrushBot/7~bl; +http://www.semrush.com/bot.html)"
85.208.96.211 - - [19/Jul/2025:17:51:59 +0000] "GET /wp-login.php?redirect_to=https%3A%2F%2Fbabyl0n.restaurant%2Fproduct%2Fmight21057633.htm HTTP/1.1" 200 1860 "-" "Mozilla/5.0 (compatible; SemrushBot/7~bl; +http://www.semrush.com/bot.html)"
185.191.171.15 - - [19/Jul/2025:17:52:12 +0000] "GET /wp-login.php?redirect_to=https%3A%2F%2Fbabyl0n.restaurant%2Fproduct%2Fsake82155391.htm HTTP/1.1" 200 1859 "-" "Mozilla/5.0 (compatible; SemrushBot/7~bl; +http://www.semrush.com/bot.html)"
209.74.77.214 - - [19/Jul/2025:17:52:20 +0000] "POST /wp-cron.php?doing_wp_cron=1752947540.1313269138336181640625 HTTP/1.1" 200 - "-" "WordPress/6.8.2; https://babyl0n.restaurant"
85.208.96.195 - - [19/Jul/2025:17:52:20 +0000] "GET /wp-login.php?redirect_to=https%3A%2F%2Fbabyl0n.restaurant%2Fproduct%2Fseed22387513.htm HTTP/1.1" 200 1860 "-" "Mozilla/5.0 (compatible; SemrushBot/7~bl; +http://www.semrush.com/bot.html)"
20.171.207.212 - - [19/Jul/2025:17:52:23 +0000] "GET /product/crane11767536.htm HTTP/1.1" 404 11528 "-" "Mozilla/5.0 AppleWebKit/537.36 (KHTML, like Gecko; compatible; GPTBot/1.2; +https://openai.com/gptbot)"
189.163.110.204 - - [19/Jul/2025:17:52:31 +0000] "POST /xmlrpc.php HTTP/1.1" 200 403 "-" "Mozilla/5.0 (Windows NT 10.0; Win64; x64) AppleWebKit/537.36 (KHTML, like Gecko) Chrome/91.0.4472.124 Safari/537.36"
185.191.171.5 - - [19/Jul/2025:17:52:32 +0000] "GET /wp-login.php?redirect_to=https%3A%2F%2Fbabyl0n.restaurant%2Fproduct%2Fpostg61006205.htm HTTP/1.1" 200 1860 "-" "Mozilla/5.0 (compatible; SemrushBot/7~bl; +http://www.semrush.com/bot.html)"
185.191.171.8 - - [19/Jul/2025:17:52:39 +0000] "GET /wp-login.php?redirect_to=https%3A%2F%2Fbabyl0n.restaurant%2Fproduct%2Finfin30233730.htm HTTP/1.1" 200 1860 "-" "Mozilla/5.0 (compatible; SemrushBot/7~bl; +http://www.semrush.com/bot.html)"
85.208.96.196 - - [19/Jul/2025:17:52:43 +0000] "GET /wp-login.php?redirect_to=https%3A%2F%2Fbabyl0n.restaurant%2Fproduct%2Fborro82924207.htm HTTP/1.1" 200 1861 "-" "Mozilla/5.0 (compatible; SemrushBot/7~bl; +http://www.semrush.com/bot.html)"
