Current File : /home/kelaby89/access-logs/cartel.express.sixpack.studio |
209.74.77.214 - - [19/Jul/2025:12:08:49 +0000] "POST /wp-cron.php?doing_wp_cron=1752926929.9786379337310791015625 HTTP/1.1" 200 - "-" "WordPress/6.8.2; https://cartel.express"
124.226.222.66 - - [19/Jul/2025:12:08:49 +0000] "GET / HTTP/1.1" 301 - "-" "Mozilla/5.0 (iPhone; CPU iPhone OS 13_2_3 like Mac OS X) AppleWebKit/605.1.15 (KHTML, like Gecko) Version/13.0.3 Mobile/15E148 Safari/604.1"
209.74.77.214 - - [19/Jul/2025:12:12:17 +0000] "POST /wp-cron.php?doing_wp_cron=1752927137.5974841117858886718750 HTTP/1.1" 200 - "-" "WordPress/6.8.2; https://cartel.express"
216.244.66.243 - - [19/Jul/2025:12:12:17 +0000] "GET /product-category/custom-wheels/?quick-view=26952 HTTP/1.1" 200 276807 "-" "Mozilla/5.0 (compatible; DotBot/1.2; +https://opensiteexplorer.org/dotbot; [email protected])"
209.74.77.214 - - [19/Jul/2025:12:13:58 +0000] "POST /wp-cron.php?doing_wp_cron=1752927238.5077579021453857421875 HTTP/1.1" 200 - "-" "WordPress/6.8.2; https://cartel.express"
216.244.66.243 - - [19/Jul/2025:12:13:58 +0000] "GET /product-category/tires/?quick-view=19252 HTTP/1.1" 200 262148 "-" "Mozilla/5.0 (compatible; DotBot/1.2; +https://opensiteexplorer.org/dotbot; [email protected])"
209.74.77.214 - - [19/Jul/2025:12:16:06 +0000] "POST /wp-cron.php?doing_wp_cron=1752927366.5226740837097167968750 HTTP/1.1" 200 - "-" "WordPress/6.8.2; https://cartel.express"
216.244.66.243 - - [19/Jul/2025:12:16:05 +0000] "GET /product-category/brakes-rotors/?quick-view=19249 HTTP/1.1" 200 250269 "-" "Mozilla/5.0 (compatible; DotBot/1.2; +https://opensiteexplorer.org/dotbot; [email protected])"
3.22.104.232 - - [19/Jul/2025:12:35:05 +0000] "GET / HTTP/1.1" 301 - "-" "Mozilla/5.0 zgrab/0.x"
209.74.77.214 - - [19/Jul/2025:12:54:04 +0000] "POST /wp-cron.php?doing_wp_cron=1752929644.2261960506439208984375 HTTP/1.1" 200 - "-" "WordPress/6.8.2; https://cartel.express"
34.79.211.29 - - [19/Jul/2025:12:54:03 +0000] "GET /media/system/js/core.js HTTP/1.1" 404 24802 "-" "Mozilla/5.0 (Macintosh; Intel Mac OS X 10_10_1) AppleWebKit/537.36 (KHTML, like Gecko) Chrome/39.0.2171.95 Safari/537.36"
209.74.77.214 - - [19/Jul/2025:14:22:35 +0000] "POST /wp-cron.php?doing_wp_cron=1752934955.7501459121704101562500 HTTP/1.1" 200 - "-" "WordPress/6.8.2; https://cartel.express"
43.157.148.38 - - [19/Jul/2025:14:22:35 +0000] "GET / HTTP/1.1" 301 - "-" "Mozilla/5.0 (iPhone; CPU iPhone OS 13_2_3 like Mac OS X) AppleWebKit/605.1.15 (KHTML, like Gecko) Version/13.0.3 Mobile/15E148 Safari/604.1"
209.74.77.214 - - [19/Jul/2025:15:14:12 +0000] "POST /wp-cron.php?doing_wp_cron=1752938052.5154700279235839843750 HTTP/1.1" 200 - "-" "WordPress/6.8.2; https://cartel.express"
42.83.147.54 - - [19/Jul/2025:15:14:12 +0000] "GET / HTTP/1.1" 301 - "-" "Mozilla/5.0 (Windows NT 6.1; Win64; x64) AppleWebKit/537.36 (KHTML, like Gecko)Chrome/74.0.3729.169 Safari/537.36"
209.74.77.214 - - [19/Jul/2025:15:21:41 +0000] "POST /wp-cron.php?doing_wp_cron=1752938501.7065498828887939453125 HTTP/1.1" 200 - "-" "WordPress/6.8.2; https://cartel.express"
114.117.233.112 - - [19/Jul/2025:15:21:39 +0000] "GET / HTTP/1.1" 301 - "-" "Mozilla/5.0 (iPhone; CPU iPhone OS 13_2_3 like Mac OS X) AppleWebKit/605.1.15 (KHTML, like Gecko) Version/13.0.3 Mobile/15E148 Safari/604.1"
43.152.72.247 - - [19/Jul/2025:15:26:30 +0000] "GET / HTTP/1.1" 301 - "-" "Mozilla/5.0 (iPhone; CPU iPhone OS 13_2_3 like Mac OS X) AppleWebKit/605.1.15 (KHTML, like Gecko) Version/13.0.3 Mobile/15E148 Safari/604.1"
209.74.77.214 - - [19/Jul/2025:15:27:11 +0000] "POST /wp-cron.php?doing_wp_cron=1752938831.2508900165557861328125 HTTP/1.1" 200 - "-" "WordPress/6.8.2; https://cartel.express"
4.43.184.113 - - [19/Jul/2025:15:27:08 +0000] "GET / HTTP/1.1" 301 - "-" "Mozilla/5.0 (X11; Linux x86_64) AppleWebKit/537.36 (KHTML, like Gecko) Chrome/44.0.2403.157 Safari/537.36"
209.74.77.214 - - [19/Jul/2025:15:48:18 +0000] "POST /wp-cron.php?doing_wp_cron=1752940098.2033491134643554687500 HTTP/1.1" 200 - "-" "WordPress/6.8.2; https://cartel.express"
46.228.199.158 - - [19/Jul/2025:15:48:17 +0000] "GET / HTTP/1.1" 301 - "-" "Mozilla/5.0 (Windows NT 10.0; Win64; x64) AppleWebKit/537.36 (KHTML, like Gecko) Chrome/91.0.4472.114 Safari/537.36 Edg/91.0.864.54"
209.74.77.214 - - [19/Jul/2025:16:48:49 +0000] "POST /wp-cron.php?doing_wp_cron=1752943729.4647340774536132812500 HTTP/1.1" 200 - "-" "WordPress/6.8.2; https://cartel.express"
4.43.184.113 - - [19/Jul/2025:16:48:47 +0000] "GET / HTTP/1.1" 301 - "-" "Mozilla/5.0 (X11; Linux x86_64) AppleWebKit/537.36 (KHTML, like Gecko) Chrome/44.0.2403.157 Safari/537.36"
52.12.141.46 - - [19/Jul/2025:18:02:49 +0000] "GET / HTTP/1.1" 301 - "-" "Mozilla/5.0 (Windows NT 10.0; Win64; x64) AppleWebKit/537.36 (KHTML, like Gecko) Chrome/70.0.3538.102 Safari/537.36 Edge/18.19582"
103.146.184.29 - - [19/Jul/2025:18:25:15 +0000] "GET /wp-json/wp/v2/posts HTTP/1.1" 200 5160 "-" "Mozilla/5.0 (Windows NT 10.0; Win64; x64) AppleWebKit/537.36 (KHTML, like Gecko) Chrome/120.0.0.0 Safari/537.36"
203.2.64.59 - - [19/Jul/2025:18:26:33 +0000] "GET / HTTP/1.1" 301 - "-" "Mozilla/5.0 (iPhone; CPU iPhone OS 13_2_3 like Mac OS X) AppleWebKit/605.1.15 (KHTML, like Gecko) Version/13.0.3 Mobile/15E148 Safari/604.1"
125.24.166.81 - - [19/Jul/2025:18:32:41 +0000] "GET /wp-json/wp/v2/posts HTTP/1.1" 200 5160 "-" "Mozilla/5.0 (Windows NT 10.0; Win64; x64) AppleWebKit/537.36 (KHTML, like Gecko) Chrome/120.0.0.0 Safari/537.36"
67.207.88.132 - - [19/Jul/2025:18:39:59 +0000] "GET / HTTP/1.1" 301 - "-" "Mozilla/5.0 (X11; Linux x86_64; rv:137.0) Gecko/20100101 Firefox/137.0"
67.207.88.132 - - [19/Jul/2025:18:39:59 +0000] "GET /favicon.ico HTTP/1.1" 302 - "http://cartel.express/" "Mozilla/5.0 (X11; Linux x86_64; rv:137.0) Gecko/20100101 Firefox/137.0"
209.74.77.214 - - [19/Jul/2025:19:44:30 +0000] "POST /wp-cron.php?doing_wp_cron=1752954270.3793959617614746093750 HTTP/1.1" 200 - "-" "WordPress/6.8.2; https://cartel.express"
198.46.234.28 - - [19/Jul/2025:19:44:26 +0000] "POST /index.php/wp-json/litespeed/v1/cdn_status HTTP/1.1" 404 117 "https://cartel.express/wp-admin/update.php?action=upload-plugin" "Mozilla/5.0 (Windows NT 10.0; Win64; x64; rv:128.0) Gecko/20100101 Firefox/128.0"
209.74.77.214 - - [19/Jul/2025:20:05:54 +0000] "POST /wp-cron.php?doing_wp_cron=1752955554.7212769985198974609375 HTTP/1.1" 200 - "-" "WordPress/6.8.2; https://cartel.express"
62.84.168.90 - - [19/Jul/2025:20:05:54 +0000] "GET / HTTP/1.1" 301 - "-" "Mozilla/5.0 (Macintosh; Intel Mac OS X 12_5) AppleWebKit/605.1.15 (KHTML, like Gecko) Version/15.4 Safari/605.1.15"
209.74.77.214 - - [19/Jul/2025:20:24:00 +0000] "POST /wp-cron.php?doing_wp_cron=1752956640.5618200302124023437500 HTTP/1.1" 200 - "-" "WordPress/6.8.2; https://cartel.express"
115.72.15.151 - - [19/Jul/2025:20:23:53 +0000] "GET /wp-json/wp/v2/posts HTTP/1.1" 200 5160 "-" "Mozilla/5.0 (Windows NT 10.0; Win64; x64) AppleWebKit/537.36 (KHTML, like Gecko) Chrome/120.0.0.0 Safari/537.36"
209.74.77.214 - - [19/Jul/2025:21:16:52 +0000] "POST /wp-cron.php?doing_wp_cron=1752959812.7811670303344726562500 HTTP/1.1" 200 - "-" "WordPress/6.8.2; https://cartel.express"
84.239.48.13 - - [19/Jul/2025:21:16:49 +0000] "GET /.env HTTP/1.1" 404 24752 "-" "Mozilla/5.0 (Macintosh; Intel Mac OS X 10.15; rv:77.0) Gecko/20100101 Firefox/77.0"
209.74.77.214 - - [19/Jul/2025:21:28:17 +0000] "POST /wp-cron.php?doing_wp_cron=1752960497.8795840740203857421875 HTTP/1.1" 200 - "-" "WordPress/6.8.2; https://cartel.express"
182.44.67.97 - - [19/Jul/2025:21:28:15 +0000] "GET / HTTP/1.1" 301 - "-" "Mozilla/5.0 (iPhone; CPU iPhone OS 13_2_3 like Mac OS X) AppleWebKit/605.1.15 (KHTML, like Gecko) Version/13.0.3 Mobile/15E148 Safari/604.1"
216.244.66.243 - - [19/Jul/2025:21:39:17 +0000] "GET /robots.txt HTTP/1.1" 200 79 "-" "Mozilla/5.0 (compatible; DotBot/1.2; +https://opensiteexplorer.org/dotbot; [email protected])"
216.244.66.243 - - [19/Jul/2025:21:44:46 +0000] "GET /cars_maker/audi/feed/ HTTP/1.1" 200 4698 "-" "Mozilla/5.0 (compatible; DotBot/1.2; +https://opensiteexplorer.org/dotbot; [email protected])"
209.74.77.214 - - [19/Jul/2025:21:44:56 +0000] "POST /wp-cron.php?doing_wp_cron=1752961496.5580279827117919921875 HTTP/1.1" 200 - "-" "WordPress/6.8.2; https://cartel.express"
216.244.66.243 - - [19/Jul/2025:21:44:56 +0000] "GET /cars_features/power-windows/feed/ HTTP/1.1" 200 3565 "-" "Mozilla/5.0 (compatible; DotBot/1.2; +https://opensiteexplorer.org/dotbot; [email protected])"
209.74.77.214 - - [19/Jul/2025:22:16:51 +0000] "POST /wp-cron.php?doing_wp_cron=1752963411.7032210826873779296875 HTTP/1.1" 200 - "-" "WordPress/6.8.2; https://cartel.express"
43.159.138.217 - - [19/Jul/2025:22:16:48 +0000] "GET / HTTP/1.1" 301 - "-" "Mozilla/5.0 (iPhone; CPU iPhone OS 13_2_3 like Mac OS X) AppleWebKit/605.1.15 (KHTML, like Gecko) Version/13.0.3 Mobile/15E148 Safari/604.1"
209.74.77.214 - - [19/Jul/2025:22:38:53 +0000] "POST /wp-cron.php?doing_wp_cron=1752964733.3825869560241699218750 HTTP/1.1" 200 - "-" "WordPress/6.8.2; https://cartel.express"
42.113.21.250 - - [19/Jul/2025:22:38:50 +0000] "GET /wp-json/wp/v2/posts HTTP/1.1" 200 5160 "-" "Mozilla/5.0 (Windows NT 10.0; Win64; x64) AppleWebKit/537.36 (KHTML, like Gecko) Chrome/120.0.0.0 Safari/537.36"
209.74.77.214 - - [19/Jul/2025:23:06:00 +0000] "POST /wp-cron.php?doing_wp_cron=1752966360.0583810806274414062500 HTTP/1.1" 200 - "-" "WordPress/6.8.2; https://cartel.express"
172.200.246.121 - - [19/Jul/2025:23:05:59 +0000] "GET / HTTP/1.1" 301 - "-" "-"
172.200.246.121 - - [19/Jul/2025:23:06:01 +0000] "GET /wordpress HTTP/1.1" 404 146818 "-" "-"
172.200.246.121 - - [19/Jul/2025:23:06:03 +0000] "GET /wp-admin/setup-config.php HTTP/1.1" 409 2665 "-" "-"
172.200.246.121 - - [19/Jul/2025:23:06:03 +0000] "GET /wp-admin/install.php HTTP/1.1" 404 146816 "-" "-"
172.200.246.121 - - [19/Jul/2025:23:06:04 +0000] "GET /wp HTTP/1.1" 404 146818 "-" "-"
172.200.246.121 - - [19/Jul/2025:23:06:06 +0000] "GET /blog HTTP/1.1" 301 - "-" "-"
209.74.77.214 - - [19/Jul/2025:23:06:16 +0000] "POST /wp-cron.php?doing_wp_cron=1752966376.0193839073181152343750 HTTP/1.1" 200 - "-" "WordPress/6.8.2; https://cartel.express"
172.200.246.121 - - [19/Jul/2025:23:06:11 +0000] "GET /new HTTP/1.1" 301 - "-" "-"
172.200.246.121 - - [19/Jul/2025:23:06:20 +0000] "GET /old HTTP/1.1" 404 146818 "-" "-"
172.200.246.121 - - [19/Jul/2025:23:06:24 +0000] "GET /newsite HTTP/1.1" 404 146818 "-" "-"
172.200.246.121 - - [19/Jul/2025:23:06:33 +0000] "GET /test HTTP/1.1" 500 2431 "-" "-"
172.200.246.121 - - [19/Jul/2025:23:06:43 +0000] "GET /test HTTP/1.1" 500 2431 "-" "-"
172.200.246.121 - - [19/Jul/2025:23:06:49 +0000] "GET /test HTTP/1.1" 500 2431 "-" "-"
172.200.246.121 - - [19/Jul/2025:23:06:39 +0000] "GET /test HTTP/1.1" 500 2431 "-" "-"
172.200.246.121 - - [19/Jul/2025:23:09:08 +0000] "GET /testing HTTP/1.1" 500 2431 "-" "-"
172.200.246.121 - - [19/Jul/2025:23:06:56 +0000] "GET /main HTTP/1.1" 500 2431 "-" "-"
172.200.246.121 - - [19/Jul/2025:23:09:08 +0000] "GET /testing HTTP/1.1" 500 2431 "-" "-"
172.200.246.121 - - [19/Jul/2025:23:09:08 +0000] "GET /site HTTP/1.1" 500 2431 "-" "-"
172.200.246.121 - - [19/Jul/2025:23:09:08 +0000] "GET /main HTTP/1.1" 500 2431 "-" "-"
172.200.246.121 - - [19/Jul/2025:23:09:08 +0000] "GET /main HTTP/1.1" 500 2431 "-" "-"
172.200.246.121 - - [19/Jul/2025:23:09:08 +0000] "GET /testing HTTP/1.1" 500 2431 "-" "-"
172.200.246.121 - - [19/Jul/2025:23:09:08 +0000] "GET /main HTTP/1.1" 500 2431 "-" "-"
172.200.246.121 - - [19/Jul/2025:23:09:09 +0000] "GET /backup HTTP/1.1" 500 2431 "-" "-"
172.200.246.121 - - [19/Jul/2025:23:09:09 +0000] "GET /backup HTTP/1.1" 500 2431 "-" "-"
172.200.246.121 - - [19/Jul/2025:23:09:09 +0000] "GET /backup HTTP/1.1" 500 2431 "-" "-"
172.200.246.121 - - [19/Jul/2025:23:09:09 +0000] "GET /backup HTTP/1.1" 500 2431 "-" "-"
172.200.246.121 - - [19/Jul/2025:23:09:09 +0000] "GET /backup HTTP/1.1" 500 2431 "-" "-"
172.200.246.121 - - [19/Jul/2025:23:09:08 +0000] "GET /main HTTP/1.1" 500 2431 "-" "-"
172.200.246.121 - - [19/Jul/2025:23:09:09 +0000] "GET /site HTTP/1.1" 500 2431 "-" "-"
172.200.246.121 - - [19/Jul/2025:23:09:09 +0000] "GET /site HTTP/1.1" 500 2431 "-" "-"
172.200.246.121 - - [19/Jul/2025:23:09:09 +0000] "GET /demo HTTP/1.1" 500 2431 "-" "-"
172.200.246.121 - - [19/Jul/2025:23:09:09 +0000] "GET /demo HTTP/1.1" 500 2431 "-" "-"
172.200.246.121 - - [19/Jul/2025:23:09:08 +0000] "GET /site HTTP/1.1" 500 2431 "-" "-"
172.200.246.121 - - [19/Jul/2025:23:09:09 +0000] "GET /demo HTTP/1.1" 500 2431 "-" "-"
172.200.246.121 - - [19/Jul/2025:23:09:09 +0000] "GET /demo HTTP/1.1" 500 2431 "-" "-"
172.200.246.121 - - [19/Jul/2025:23:09:08 +0000] "GET /site HTTP/1.1" 500 2431 "-" "-"
172.200.246.121 - - [19/Jul/2025:23:09:09 +0000] "GET /demo HTTP/1.1" 500 2431 "-" "-"
172.200.246.121 - - [19/Jul/2025:23:09:09 +0000] "GET /home HTTP/1.1" 500 2431 "-" "-"
172.200.246.121 - - [19/Jul/2025:23:09:09 +0000] "GET /home HTTP/1.1" 500 2431 "-" "-"
172.200.246.121 - - [19/Jul/2025:23:09:08 +0000] "GET /testing HTTP/1.1" 500 2431 "-" "-"
172.200.246.121 - - [19/Jul/2025:23:09:08 +0000] "GET /testing HTTP/1.1" 500 2431 "-" "-"
172.200.246.121 - - [19/Jul/2025:23:09:09 +0000] "GET /tmp HTTP/1.1" 500 2431 "-" "-"
172.200.246.121 - - [19/Jul/2025:23:09:09 +0000] "GET /dev HTTP/1.1" 500 2431 "-" "-"
172.200.246.121 - - [19/Jul/2025:23:09:09 +0000] "GET /cms HTTP/1.1" 500 2431 "-" "-"
172.200.246.121 - - [19/Jul/2025:23:09:10 +0000] "GET /portal HTTP/1.1" 500 2431 "-" "-"
172.200.246.121 - - [19/Jul/2025:23:09:10 +0000] "GET /web HTTP/1.1" 500 2431 "-" "-"
172.200.246.121 - - [19/Jul/2025:23:06:28 +0000] "GET /test HTTP/1.1" 404 146816 "-" "-"
209.74.77.214 - - [19/Jul/2025:23:30:06 +0000] "POST /wp-cron.php?doing_wp_cron=1752967806.5239579677581787109375 HTTP/1.1" 200 - "-" "WordPress/6.8.2; https://cartel.express"
43.157.153.236 - - [19/Jul/2025:23:30:03 +0000] "GET / HTTP/1.1" 301 - "-" "Mozilla/5.0 (iPhone; CPU iPhone OS 13_2_3 like Mac OS X) AppleWebKit/605.1.15 (KHTML, like Gecko) Version/13.0.3 Mobile/15E148 Safari/604.1"
209.74.77.214 - - [19/Jul/2025:23:55:10 +0000] "POST /wp-cron.php?doing_wp_cron=1752969310.7250230312347412109375 HTTP/1.1" 200 - "-" "WordPress/6.8.2; https://cartel.express"
223.204.197.8 - - [19/Jul/2025:23:55:08 +0000] "GET /wp-json/wp/v2/posts HTTP/1.1" 200 5160 "-" "Mozilla/5.0 (Windows NT 10.0; Win64; x64) AppleWebKit/537.36 (KHTML, like Gecko) Chrome/120.0.0.0 Safari/537.36"
209.74.77.214 - - [20/Jul/2025:00:24:25 +0000] "POST /wp-cron.php?doing_wp_cron=1752971065.3343720436096191406250 HTTP/1.1" 200 - "-" "WordPress/6.8.2; https://cartel.express"
85.204.70.90 - - [20/Jul/2025:00:24:23 +0000] "GET / HTTP/1.1" 301 - "-" "Mozilla/5.0 (Windows NT 10.0; Win64; x64) AppleWebKit/537.36 (KHTML, like Gecko) Chrome/78.0.3904.108 Safari/537.36"
209.74.77.214 - - [20/Jul/2025:00:29:59 +0000] "POST /wp-cron.php?doing_wp_cron=1752971399.8092310428619384765625 HTTP/1.1" 200 - "-" "WordPress/6.8.2; https://cartel.express"
221.229.106.25 - - [20/Jul/2025:00:29:57 +0000] "GET / HTTP/1.1" 301 - "-" "Mozilla/5.0 (iPhone; CPU iPhone OS 13_2_3 like Mac OS X) AppleWebKit/605.1.15 (KHTML, like Gecko) Version/13.0.3 Mobile/15E148 Safari/604.1"
209.74.77.214 - - [20/Jul/2025:01:52:07 +0000] "POST /wp-cron.php?doing_wp_cron=1752976327.3998379707336425781250 HTTP/1.1" 200 - "-" "WordPress/6.8.2; https://cartel.express"
37.19.198.53 - - [20/Jul/2025:01:52:05 +0000] "GET /.env HTTP/1.1" 404 24751 "-" "Mozilla/5.0 (Macintosh; Intel Mac OS X 10.15; rv:77.0) Gecko/20100101 Firefox/77.0"
209.74.77.214 - - [20/Jul/2025:03:07:08 +0000] "POST /wp-cron.php?doing_wp_cron=1752980828.1822628974914550781250 HTTP/1.1" 200 - "-" "WordPress/6.8.2; https://cartel.express"
43.134.82.184 - - [20/Jul/2025:03:07:03 +0000] "GET /memberfuns.php HTTP/1.1" 404 24840 "-" "Mozlila/5.0 (Linux; Android 7.0; SM-G892A Bulid/NRD90M; wv) AppleWebKit/537.36 (KHTML, like Gecko) Version/4.0 Chrome/60.0.3112.107 Moblie Safari/537.36"
43.134.82.184 - - [20/Jul/2025:03:07:12 +0000] "GET /wp-content/memberfuns.php HTTP/1.1" 404 24839 "-" "Mozlila/5.0 (Linux; Android 7.0; SM-G892A Bulid/NRD90M; wv) AppleWebKit/537.36 (KHTML, like Gecko) Version/4.0 Chrome/60.0.3112.107 Moblie Safari/537.36"
209.74.77.214 - - [20/Jul/2025:03:07:15 +0000] "POST /wp-cron.php?doing_wp_cron=1752980835.9353969097137451171875 HTTP/1.1" 200 - "-" "WordPress/6.8.2; https://cartel.express"
43.134.82.184 - - [20/Jul/2025:03:07:15 +0000] "GET /wp-admin/memberfuns.php HTTP/1.1" 404 24842 "-" "Mozlila/5.0 (Linux; Android 7.0; SM-G892A Bulid/NRD90M; wv) AppleWebKit/537.36 (KHTML, like Gecko) Version/4.0 Chrome/60.0.3112.107 Moblie Safari/537.36"
43.134.82.184 - - [20/Jul/2025:03:07:18 +0000] "GET /delpaths.php HTTP/1.1" 404 24841 "-" "Mozlila/5.0 (Linux; Android 7.0; SM-G892A Bulid/NRD90M; wv) AppleWebKit/537.36 (KHTML, like Gecko) Version/4.0 Chrome/60.0.3112.107 Moblie Safari/537.36"
43.134.82.184 - - [20/Jul/2025:03:07:21 +0000] "GET /gdftps.php HTTP/1.1" 404 24838 "-" "Mozlila/5.0 (Linux; Android 7.0; SM-G892A Bulid/NRD90M; wv) AppleWebKit/537.36 (KHTML, like Gecko) Version/4.0 Chrome/60.0.3112.107 Moblie Safari/537.36"
43.134.82.184 - - [20/Jul/2025:03:07:23 +0000] "GET /inputs.php HTTP/1.1" 404 24840 "-" "Mozlila/5.0 (Linux; Android 7.0; SM-G892A Bulid/NRD90M; wv) AppleWebKit/537.36 (KHTML, like Gecko) Version/4.0 Chrome/60.0.3112.107 Moblie Safari/537.36"
43.134.82.184 - - [20/Jul/2025:03:07:27 +0000] "GET /adminfuns.php HTTP/1.1" 404 24840 "-" "Mozlila/5.0 (Linux; Android 7.0; SM-G892A Bulid/NRD90M; wv) AppleWebKit/537.36 (KHTML, like Gecko) Version/4.0 Chrome/60.0.3112.107 Moblie Safari/537.36"
43.134.82.184 - - [20/Jul/2025:03:07:32 +0000] "GET /classfuns.php HTTP/1.1" 404 24842 "-" "Mozlila/5.0 (Linux; Android 7.0; SM-G892A Bulid/NRD90M; wv) AppleWebKit/537.36 (KHTML, like Gecko) Version/4.0 Chrome/60.0.3112.107 Moblie Safari/537.36"
43.134.82.184 - - [20/Jul/2025:03:07:37 +0000] "GET /thoms.php HTTP/1.1" 404 24841 "-" "Mozlila/5.0 (Linux; Android 7.0; SM-G892A Bulid/NRD90M; wv) AppleWebKit/537.36 (KHTML, like Gecko) Version/4.0 Chrome/60.0.3112.107 Moblie Safari/537.36"
43.134.82.184 - - [20/Jul/2025:03:07:40 +0000] "GET /filefuns.php HTTP/1.1" 404 24842 "-" "Mozlila/5.0 (Linux; Android 7.0; SM-G892A Bulid/NRD90M; wv) AppleWebKit/537.36 (KHTML, like Gecko) Version/4.0 Chrome/60.0.3112.107 Moblie Safari/537.36"
43.134.82.184 - - [20/Jul/2025:03:07:46 +0000] "GET /tempfuns.php HTTP/1.1" 404 24841 "-" "Mozlila/5.0 (Linux; Android 7.0; SM-G892A Bulid/NRD90M; wv) AppleWebKit/537.36 (KHTML, like Gecko) Version/4.0 Chrome/60.0.3112.107 Moblie Safari/537.36"
209.74.77.214 - - [20/Jul/2025:03:07:49 +0000] "POST /wp-cron.php?doing_wp_cron=1752980869.3838379383087158203125 HTTP/1.1" 200 - "-" "WordPress/6.8.2; https://cartel.express"
43.134.82.184 - - [20/Jul/2025:03:07:49 +0000] "GET /termps.php HTTP/1.1" 404 24843 "-" "Mozlila/5.0 (Linux; Android 7.0; SM-G892A Bulid/NRD90M; wv) AppleWebKit/537.36 (KHTML, like Gecko) Version/4.0 Chrome/60.0.3112.107 Moblie Safari/537.36"
43.134.82.184 - - [20/Jul/2025:03:07:55 +0000] "GET /hplfuns.php HTTP/1.1" 404 24842 "-" "Mozlila/5.0 (Linux; Android 7.0; SM-G892A Bulid/NRD90M; wv) AppleWebKit/537.36 (KHTML, like Gecko) Version/4.0 Chrome/60.0.3112.107 Moblie Safari/537.36"
43.134.82.184 - - [20/Jul/2025:03:07:59 +0000] "GET /wp-content/hplfuns.php HTTP/1.1" 404 24842 "-" "Mozlila/5.0 (Linux; Android 7.0; SM-G892A Bulid/NRD90M; wv) AppleWebKit/537.36 (KHTML, like Gecko) Version/4.0 Chrome/60.0.3112.107 Moblie Safari/537.36"
43.134.82.184 - - [20/Jul/2025:03:08:06 +0000] "GET /wp-admin/userfuns.php HTTP/1.1" 404 24842 "-" "Mozlila/5.0 (Linux; Android 7.0; SM-G892A Bulid/NRD90M; wv) AppleWebKit/537.36 (KHTML, like Gecko) Version/4.0 Chrome/60.0.3112.107 Moblie Safari/537.36"
209.74.77.214 - - [20/Jul/2025:03:29:20 +0000] "POST /wp-cron.php?doing_wp_cron=1752982160.3909900188446044921875 HTTP/1.1" 200 - "-" "WordPress/6.8.2; https://cartel.express"
114.117.233.112 - - [20/Jul/2025:03:29:18 +0000] "GET / HTTP/1.1" 301 - "-" "Mozilla/5.0 (iPhone; CPU iPhone OS 13_2_3 like Mac OS X) AppleWebKit/605.1.15 (KHTML, like Gecko) Version/13.0.3 Mobile/15E148 Safari/604.1"
216.244.66.243 - - [20/Jul/2025:04:42:28 +0000] "GET /robots.txt HTTP/1.1" 200 79 "-" "Mozilla/5.0 (compatible; DotBot/1.2; +https://opensiteexplorer.org/dotbot; [email protected])"
209.74.77.214 - - [20/Jul/2025:04:49:10 +0000] "POST /wp-cron.php?doing_wp_cron=1752986950.2997910976409912109375 HTTP/1.1" 200 - "-" "WordPress/6.8.2; https://cartel.express"
93.127.229.124 - - [20/Jul/2025:04:49:06 +0000] "GET /wp-json/wp/v2/posts HTTP/1.1" 200 5160 "-" "Mozilla/5.0 (Windows NT 10.0; Win64; x64) AppleWebKit/537.36 (KHTML, like Gecko) Chrome/120.0.0.0 Safari/537.36"
35.89.30.171 - - [20/Jul/2025:04:49:07 +0000] "GET /wp-json/wp/v2/posts/ HTTP/1.1" 200 5160 "-" "Mozilla/5.0 (Linux; Android 13; SM-A037U) AppleWebKit/537.36 (KHTML, like Gecko) Chrome/131.0.0.0 Mobile Safari/537.36"
34.222.124.148 - - [20/Jul/2025:04:49:12 +0000] "GET /wp-json/wp/v2/posts/ HTTP/1.1" 200 5160 "-" "Mozilla/5.0 (Linux; Android 13; SM-A037U) AppleWebKit/537.36 (KHTML, like Gecko) Chrome/131.0.0.0 Mobile Safari/537.36"
209.74.77.214 - - [20/Jul/2025:04:49:19 +0000] "POST /wp-cron.php?doing_wp_cron=1752986959.1758229732513427734375 HTTP/1.1" 200 - "-" "WordPress/6.8.2; https://cartel.express"
34.222.124.148 - - [20/Jul/2025:04:49:19 +0000] "GET /favicon.ico HTTP/1.1" 302 - "-" "Mozilla/5.0 (Linux; Android 13; SM-A037U) AppleWebKit/537.36 (KHTML, like Gecko) Chrome/131.0.0.0 Mobile Safari/537.36"
209.74.77.214 - - [20/Jul/2025:04:58:37 +0000] "POST /wp-cron.php?doing_wp_cron=1752987517.4319050312042236328125 HTTP/1.1" 200 - "-" "WordPress/6.8.2; https://cartel.express"
43.130.53.252 - - [20/Jul/2025:04:58:35 +0000] "GET / HTTP/1.1" 301 - "-" "Mozilla/5.0 (iPhone; CPU iPhone OS 13_2_3 like Mac OS X) AppleWebKit/605.1.15 (KHTML, like Gecko) Version/13.0.3 Mobile/15E148 Safari/604.1"
209.74.77.214 - - [20/Jul/2025:04:58:58 +0000] "POST /wp-cron.php?doing_wp_cron=1752987538.9426620006561279296875 HTTP/1.1" 200 - "-" "WordPress/6.8.2; https://cartel.express"
216.244.66.243 - - [20/Jul/2025:04:58:58 +0000] "GET /services_group/car-wash/ HTTP/1.1" 200 237666 "-" "Mozilla/5.0 (compatible; DotBot/1.2; +https://opensiteexplorer.org/dotbot; [email protected])"
209.74.77.214 - - [20/Jul/2025:05:00:16 +0000] "POST /wp-cron.php?doing_wp_cron=1752987616.8147680759429931640625 HTTP/1.1" 200 - "-" "WordPress/6.8.2; https://cartel.express"
216.244.66.243 - - [20/Jul/2025:05:00:13 +0000] "GET /product-category/motor-oil-filters/?quick-view=19251 HTTP/1.1" 200 255461 "-" "Mozilla/5.0 (compatible; DotBot/1.2; +https://opensiteexplorer.org/dotbot; [email protected])"
216.244.66.243 - - [20/Jul/2025:05:05:39 +0000] "GET /wp-content/uploads/2023/08/prod2-copyright.jpg HTTP/1.1" 200 80367 "-" "Mozilla/5.0 (compatible; DotBot/1.2; +https://opensiteexplorer.org/dotbot; [email protected])"
209.74.77.214 - - [20/Jul/2025:05:21:53 +0000] "POST /wp-cron.php?doing_wp_cron=1752988913.7678430080413818359375 HTTP/1.1" 200 - "-" "WordPress/6.8.2; https://cartel.express"
103.35.65.45 - - [20/Jul/2025:05:21:45 +0000] "HEAD / HTTP/1.1" 301 - "-" "Mozilla/5.0 (X11; Linux x86_64) AppleWebKit/537.36 (KHTML, like Gecko) Chrome/96.0.4664.45 Safari/537.36"
209.74.77.214 - - [20/Jul/2025:05:27:31 +0000] "POST /wp-cron.php?doing_wp_cron=1752989251.0693349838256835937500 HTTP/1.1" 200 - "-" "WordPress/6.8.2; https://cartel.express"
103.35.65.45 - - [20/Jul/2025:05:27:28 +0000] "HEAD /wordpress HTTP/1.1" 404 - "-" "Mozilla/5.0 (X11; Linux x86_64) AppleWebKit/537.36 (KHTML, like Gecko) Chrome/96.0.4664.45 Safari/537.36"
209.74.77.214 - - [20/Jul/2025:05:31:02 +0000] "POST /wp-cron.php?doing_wp_cron=1752989462.5431189537048339843750 HTTP/1.1" 200 - "-" "WordPress/6.8.2; https://cartel.express"
103.35.65.45 - - [20/Jul/2025:05:30:59 +0000] "HEAD /Wordpress HTTP/1.1" 404 - "-" "Mozilla/5.0 (X11; Linux x86_64) AppleWebKit/537.36 (KHTML, like Gecko) Chrome/96.0.4664.45 Safari/537.36"
209.74.77.214 - - [20/Jul/2025:05:33:39 +0000] "POST /wp-cron.php?doing_wp_cron=1752989619.3134109973907470703125 HTTP/1.1" 200 - "-" "WordPress/6.8.2; https://cartel.express"
103.35.65.45 - - [20/Jul/2025:05:33:36 +0000] "HEAD /WORDPRESS HTTP/1.1" 404 - "-" "Mozilla/5.0 (X11; Linux x86_64) AppleWebKit/537.36 (KHTML, like Gecko) Chrome/96.0.4664.45 Safari/537.36"
209.74.77.214 - - [20/Jul/2025:05:37:08 +0000] "POST /wp-cron.php?doing_wp_cron=1752989828.8993239402770996093750 HTTP/1.1" 200 - "-" "WordPress/6.8.2; https://cartel.express"
103.35.65.45 - - [20/Jul/2025:05:37:06 +0000] "HEAD /WordPress HTTP/1.1" 404 - "-" "Mozilla/5.0 (X11; Linux x86_64) AppleWebKit/537.36 (KHTML, like Gecko) Chrome/96.0.4664.45 Safari/537.36"
198.46.234.28 - - [20/Jul/2025:05:37:10 +0000] "POST /index.php/wp-json/litespeed/v1/cdn_status HTTP/1.1" 404 117 "https://cartel.express/wp-admin/update.php?action=upload-plugin" "Mozilla/5.0 (Windows NT 10.0; Win64; x64; rv:128.0) Gecko/20100101 Firefox/128.0"
209.74.77.214 - - [20/Jul/2025:05:38:37 +0000] "POST /wp-cron.php?doing_wp_cron=1752989917.0021929740905761718750 HTTP/1.1" 200 - "-" "WordPress/6.8.2; https://cartel.express"
103.35.65.45 - - [20/Jul/2025:05:38:32 +0000] "HEAD /wp HTTP/1.1" 404 - "-" "Mozilla/5.0 (X11; Linux x86_64) AppleWebKit/537.36 (KHTML, like Gecko) Chrome/96.0.4664.45 Safari/537.36"
209.74.77.214 - - [20/Jul/2025:05:40:15 +0000] "POST /wp-cron.php?doing_wp_cron=1752990015.5937008857727050781250 HTTP/1.1" 200 - "-" "WordPress/6.8.2; https://cartel.express"
103.35.65.45 - - [20/Jul/2025:05:40:12 +0000] "HEAD /Wp HTTP/1.1" 404 - "-" "Mozilla/5.0 (X11; Linux x86_64) AppleWebKit/537.36 (KHTML, like Gecko) Chrome/96.0.4664.45 Safari/537.36"
209.74.77.214 - - [20/Jul/2025:05:43:26 +0000] "POST /wp-cron.php?doing_wp_cron=1752990206.5263550281524658203125 HTTP/1.1" 200 - "-" "WordPress/6.8.2; https://cartel.express"
103.35.65.45 - - [20/Jul/2025:05:43:26 +0000] "HEAD /WP HTTP/1.1" 404 - "-" "Mozilla/5.0 (X11; Linux x86_64) AppleWebKit/537.36 (KHTML, like Gecko) Chrome/96.0.4664.45 Safari/537.36"
209.74.77.214 - - [20/Jul/2025:05:45:01 +0000] "POST /wp-cron.php?doing_wp_cron=1752990301.1464629173278808593750 HTTP/1.1" 200 - "-" "WordPress/6.8.2; https://cartel.express"
103.35.65.45 - - [20/Jul/2025:05:44:58 +0000] "HEAD /old HTTP/1.1" 404 - "-" "Mozilla/5.0 (X11; Linux x86_64) AppleWebKit/537.36 (KHTML, like Gecko) Chrome/96.0.4664.45 Safari/537.36"
209.74.77.214 - - [20/Jul/2025:05:47:07 +0000] "POST /wp-cron.php?doing_wp_cron=1752990427.7272210121154785156250 HTTP/1.1" 200 - "-" "WordPress/6.8.2; https://cartel.express"
103.35.65.45 - - [20/Jul/2025:05:47:04 +0000] "HEAD /Old HTTP/1.1" 404 - "-" "Mozilla/5.0 (X11; Linux x86_64) AppleWebKit/537.36 (KHTML, like Gecko) Chrome/96.0.4664.45 Safari/537.36"
209.74.77.214 - - [20/Jul/2025:05:48:04 +0000] "POST /wp-cron.php?doing_wp_cron=1752990484.3762218952178955078125 HTTP/1.1" 200 - "-" "WordPress/6.8.2; https://cartel.express"
103.35.65.45 - - [20/Jul/2025:05:48:01 +0000] "HEAD /OLD HTTP/1.1" 404 - "-" "Mozilla/5.0 (X11; Linux x86_64) AppleWebKit/537.36 (KHTML, like Gecko) Chrome/96.0.4664.45 Safari/537.36"
103.35.65.45 - - [20/Jul/2025:05:50:05 +0000] "HEAD /oldsite HTTP/1.1" 404 - "-" "Mozilla/5.0 (X11; Linux x86_64) AppleWebKit/537.36 (KHTML, like Gecko) Chrome/96.0.4664.45 Safari/537.36"
209.74.77.214 - - [20/Jul/2025:05:52:03 +0000] "POST /wp-cron.php?doing_wp_cron=1752990723.3356928825378417968750 HTTP/1.1" 200 - "-" "WordPress/6.8.2; https://cartel.express"
103.35.65.45 - - [20/Jul/2025:05:52:00 +0000] "HEAD /new HTTP/1.1" 301 - "-" "Mozilla/5.0 (X11; Linux x86_64) AppleWebKit/537.36 (KHTML, like Gecko) Chrome/96.0.4664.45 Safari/537.36"
209.74.77.214 - - [20/Jul/2025:05:54:02 +0000] "POST /wp-cron.php?doing_wp_cron=1752990842.6990389823913574218750 HTTP/1.1" 200 - "-" "WordPress/6.8.2; https://cartel.express"
103.35.65.45 - - [20/Jul/2025:05:54:00 +0000] "HEAD /New HTTP/1.1" 301 - "-" "Mozilla/5.0 (X11; Linux x86_64) AppleWebKit/537.36 (KHTML, like Gecko) Chrome/96.0.4664.45 Safari/537.36"
209.74.77.214 - - [20/Jul/2025:05:56:15 +0000] "POST /wp-cron.php?doing_wp_cron=1752990975.9595439434051513671875 HTTP/1.1" 200 - "-" "WordPress/6.8.2; https://cartel.express"
103.35.65.45 - - [20/Jul/2025:05:56:13 +0000] "HEAD /NEW HTTP/1.1" 301 - "-" "Mozilla/5.0 (X11; Linux x86_64) AppleWebKit/537.36 (KHTML, like Gecko) Chrome/96.0.4664.45 Safari/537.36"
209.74.77.214 - - [20/Jul/2025:05:58:07 +0000] "POST /wp-cron.php?doing_wp_cron=1752991087.5408160686492919921875 HTTP/1.1" 200 - "-" "WordPress/6.8.2; https://cartel.express"
103.35.65.45 - - [20/Jul/2025:05:58:05 +0000] "HEAD /wp-old HTTP/1.1" 404 - "-" "Mozilla/5.0 (X11; Linux x86_64) AppleWebKit/537.36 (KHTML, like Gecko) Chrome/96.0.4664.45 Safari/537.36"
209.74.77.214 - - [20/Jul/2025:05:59:46 +0000] "POST /wp-cron.php?doing_wp_cron=1752991186.3950068950653076171875 HTTP/1.1" 200 - "-" "WordPress/6.8.2; https://cartel.express"
103.35.65.45 - - [20/Jul/2025:05:59:42 +0000] "HEAD /2022 HTTP/1.1" 404 - "-" "Mozilla/5.0 (X11; Linux x86_64) AppleWebKit/537.36 (KHTML, like Gecko) Chrome/96.0.4664.45 Safari/537.36"
209.74.77.214 - - [20/Jul/2025:06:01:24 +0000] "POST /wp-cron.php?doing_wp_cron=1752991284.3311080932617187500000 HTTP/1.1" 200 - "-" "WordPress/6.8.2; https://cartel.express"
103.35.65.45 - - [20/Jul/2025:06:01:22 +0000] "HEAD /2023 HTTP/1.1" 301 - "-" "Mozilla/5.0 (X11; Linux x86_64) AppleWebKit/537.36 (KHTML, like Gecko) Chrome/96.0.4664.45 Safari/537.36"
103.35.65.45 - - [20/Jul/2025:06:01:24 +0000] "HEAD /2023/ HTTP/1.1" 200 - "http://cartel.express/2023" "Mozilla/5.0 (X11; Linux x86_64) AppleWebKit/537.36 (KHTML, like Gecko) Chrome/96.0.4664.45 Safari/537.36"
209.74.77.214 - - [20/Jul/2025:06:02:25 +0000] "POST /wp-cron.php?doing_wp_cron=1752991345.3890221118927001953125 HTTP/1.1" 200 - "-" "WordPress/6.8.2; https://cartel.express"
103.35.65.45 - - [20/Jul/2025:06:02:23 +0000] "HEAD /2024 HTTP/1.1" 404 - "-" "Mozilla/5.0 (X11; Linux x86_64) AppleWebKit/537.36 (KHTML, like Gecko) Chrome/96.0.4664.45 Safari/537.36"
43.157.168.43 - - [20/Jul/2025:06:02:41 +0000] "GET / HTTP/1.1" 301 - "-" "Mozilla/5.0 (iPhone; CPU iPhone OS 13_2_3 like Mac OS X) AppleWebKit/605.1.15 (KHTML, like Gecko) Version/13.0.3 Mobile/15E148 Safari/604.1"
209.74.77.214 - - [20/Jul/2025:06:04:04 +0000] "POST /wp-cron.php?doing_wp_cron=1752991443.9793009757995605468750 HTTP/1.1" 200 - "-" "WordPress/6.8.2; https://cartel.express"
103.35.65.45 - - [20/Jul/2025:06:04:00 +0000] "HEAD /2017 HTTP/1.1" 404 - "-" "Mozilla/5.0 (X11; Linux x86_64) AppleWebKit/537.36 (KHTML, like Gecko) Chrome/96.0.4664.45 Safari/537.36"
209.74.77.214 - - [20/Jul/2025:06:06:06 +0000] "POST /wp-cron.php?doing_wp_cron=1752991566.0783109664916992187500 HTTP/1.1" 200 - "-" "WordPress/6.8.2; https://cartel.express"
103.35.65.45 - - [20/Jul/2025:06:06:04 +0000] "HEAD /2020 HTTP/1.1" 404 - "-" "Mozilla/5.0 (X11; Linux x86_64) AppleWebKit/537.36 (KHTML, like Gecko) Chrome/96.0.4664.45 Safari/537.36"
209.74.77.214 - - [20/Jul/2025:06:07:18 +0000] "POST /wp-cron.php?doing_wp_cron=1752991638.3416049480438232421875 HTTP/1.1" 200 - "-" "WordPress/6.8.2; https://cartel.express"
103.35.65.45 - - [20/Jul/2025:06:07:15 +0000] "HEAD /2019 HTTP/1.1" 404 - "-" "Mozilla/5.0 (X11; Linux x86_64) AppleWebKit/537.36 (KHTML, like Gecko) Chrome/96.0.4664.45 Safari/537.36"
209.74.77.214 - - [20/Jul/2025:06:10:19 +0000] "POST /wp-cron.php?doing_wp_cron=1752991819.5579619407653808593750 HTTP/1.1" 200 - "-" "WordPress/6.8.2; https://cartel.express"
103.35.65.45 - - [20/Jul/2025:06:10:17 +0000] "HEAD /2018 HTTP/1.1" 404 - "-" "Mozilla/5.0 (X11; Linux x86_64) AppleWebKit/537.36 (KHTML, like Gecko) Chrome/96.0.4664.45 Safari/537.36"
209.74.77.214 - - [20/Jul/2025:06:10:54 +0000] "POST /wp-cron.php?doing_wp_cron=1752991854.9078710079193115234375 HTTP/1.1" 200 - "-" "WordPress/6.8.2; https://cartel.express"
103.35.65.45 - - [20/Jul/2025:06:10:52 +0000] "HEAD /backup HTTP/1.1" 404 - "-" "Mozilla/5.0 (X11; Linux x86_64) AppleWebKit/537.36 (KHTML, like Gecko) Chrome/96.0.4664.45 Safari/537.36"
209.74.77.214 - - [20/Jul/2025:06:13:01 +0000] "POST /wp-cron.php?doing_wp_cron=1752991981.3542020320892333984375 HTTP/1.1" 200 - "-" "WordPress/6.8.2; https://cartel.express"
103.35.65.45 - - [20/Jul/2025:06:12:59 +0000] "HEAD /test HTTP/1.1" 404 - "-" "Mozilla/5.0 (X11; Linux x86_64) AppleWebKit/537.36 (KHTML, like Gecko) Chrome/96.0.4664.45 Safari/537.36"
209.74.77.214 - - [20/Jul/2025:06:13:52 +0000] "POST /wp-cron.php?doing_wp_cron=1752992032.3316509723663330078125 HTTP/1.1" 200 - "-" "WordPress/6.8.2; https://cartel.express"
103.35.65.45 - - [20/Jul/2025:06:13:50 +0000] "HEAD /Test HTTP/1.1" 404 - "-" "Mozilla/5.0 (X11; Linux x86_64) AppleWebKit/537.36 (KHTML, like Gecko) Chrome/96.0.4664.45 Safari/537.36"
209.74.77.214 - - [20/Jul/2025:06:16:36 +0000] "POST /wp-cron.php?doing_wp_cron=1752992196.8075850009918212890625 HTTP/1.1" 200 - "-" "WordPress/6.8.2; https://cartel.express"
103.35.65.45 - - [20/Jul/2025:06:16:34 +0000] "HEAD /TEST HTTP/1.1" 404 - "-" "Mozilla/5.0 (X11; Linux x86_64) AppleWebKit/537.36 (KHTML, like Gecko) Chrome/96.0.4664.45 Safari/537.36"
209.74.77.214 - - [20/Jul/2025:06:18:14 +0000] "POST /wp-cron.php?doing_wp_cron=1752992294.0093970298767089843750 HTTP/1.1" 200 - "-" "WordPress/6.8.2; https://cartel.express"
103.35.65.45 - - [20/Jul/2025:06:18:12 +0000] "HEAD /demo HTTP/1.1" 404 - "-" "Mozilla/5.0 (X11; Linux x86_64) AppleWebKit/537.36 (KHTML, like Gecko) Chrome/96.0.4664.45 Safari/537.36"
209.74.77.214 - - [20/Jul/2025:06:19:12 +0000] "POST /wp-cron.php?doing_wp_cron=1752992352.9692680835723876953125 HTTP/1.1" 200 - "-" "WordPress/6.8.2; https://cartel.express"
103.35.65.45 - - [20/Jul/2025:06:19:10 +0000] "HEAD /bc HTTP/1.1" 404 - "-" "Mozilla/5.0 (X11; Linux x86_64) AppleWebKit/537.36 (KHTML, like Gecko) Chrome/96.0.4664.45 Safari/537.36"
209.74.77.214 - - [20/Jul/2025:06:20:55 +0000] "POST /wp-cron.php?doing_wp_cron=1752992455.4266591072082519531250 HTTP/1.1" 200 - "-" "WordPress/6.8.2; https://cartel.express"
103.35.65.45 - - [20/Jul/2025:06:20:52 +0000] "HEAD /www HTTP/1.1" 404 - "-" "Mozilla/5.0 (X11; Linux x86_64) AppleWebKit/537.36 (KHTML, like Gecko) Chrome/96.0.4664.45 Safari/537.36"
209.74.77.214 - - [20/Jul/2025:06:21:24 +0000] "POST /wp-cron.php?doing_wp_cron=1752992484.5091600418090820312500 HTTP/1.1" 200 - "-" "WordPress/6.8.2; https://cartel.express"
185.177.72.111 - - [20/Jul/2025:06:21:24 +0000] "GET /.git/HEAD HTTP/1.1" 301 - "-" "-"
185.177.72.111 - - [20/Jul/2025:06:21:28 +0000] "GET /.env HTTP/1.1" 404 24754 "-" "Mozilla/5.0 (Windows NT 10.0; Win64; x64) AppleWebKit/537.36 (KHTML, like Gecko) Chrome/91.0.4472.124 Safari/537.36"
185.177.72.111 - - [20/Jul/2025:06:21:30 +0000] "GET /.env.save HTTP/1.1" 404 24751 "-" "Mozilla/5.0 (Windows NT 10.0; Win64; x64) AppleWebKit/537.36 (KHTML, like Gecko) Chrome/91.0.4472.124 Safari/537.36"
185.177.72.111 - - [20/Jul/2025:06:21:31 +0000] "GET /.env.old HTTP/1.1" 404 24753 "-" "Mozilla/5.0 (Windows NT 10.0; Win64; x64) AppleWebKit/537.36 (KHTML, like Gecko) Chrome/91.0.4472.124 Safari/537.36"
185.177.72.111 - - [20/Jul/2025:06:21:31 +0000] "GET /.env.prod HTTP/1.1" 404 24752 "-" "Mozilla/5.0 (Windows NT 10.0; Win64; x64) AppleWebKit/537.36 (KHTML, like Gecko) Chrome/91.0.4472.124 Safari/537.36"
185.177.72.111 - - [20/Jul/2025:06:21:32 +0000] "GET /.env.production HTTP/1.1" 404 24753 "-" "Mozilla/5.0 (Windows NT 10.0; Win64; x64) AppleWebKit/537.36 (KHTML, like Gecko) Chrome/91.0.4472.124 Safari/537.36"
185.177.72.111 - - [20/Jul/2025:06:21:33 +0000] "GET /.env.development HTTP/1.1" 404 24752 "-" "Mozilla/5.0 (Windows NT 10.0; Win64; x64) AppleWebKit/537.36 (KHTML, like Gecko) Chrome/91.0.4472.124 Safari/537.36"
185.177.72.111 - - [20/Jul/2025:06:21:33 +0000] "GET /laravel/.env HTTP/1.1" 404 24753 "-" "Mozilla/5.0 (Windows NT 10.0; Win64; x64) AppleWebKit/537.36 (KHTML, like Gecko) Chrome/91.0.4472.124 Safari/537.36"
185.177.72.111 - - [20/Jul/2025:06:21:34 +0000] "GET /admin-app/.env HTTP/1.1" 404 24752 "-" "Mozilla/5.0 (Windows NT 10.0; Win64; x64) AppleWebKit/537.36 (KHTML, like Gecko) Chrome/91.0.4472.124 Safari/537.36"
185.177.72.111 - - [20/Jul/2025:06:21:35 +0000] "GET /api/.env HTTP/1.1" 404 24750 "-" "Mozilla/5.0 (Windows NT 10.0; Win64; x64) AppleWebKit/537.36 (KHTML, like Gecko) Chrome/91.0.4472.124 Safari/537.36"
185.177.72.111 - - [20/Jul/2025:06:21:39 +0000] "GET /apps/.env HTTP/1.1" 404 24753 "-" "Mozilla/5.0 (Windows NT 10.0; Win64; x64) AppleWebKit/537.36 (KHTML, like Gecko) Chrome/91.0.4472.124 Safari/537.36"
185.177.72.111 - - [20/Jul/2025:06:21:40 +0000] "GET /.aws/credentials HTTP/1.1" 404 24752 "-" "Mozilla/5.0 (Windows NT 10.0; Win64; x64) AppleWebKit/537.36 (KHTML, like Gecko) Chrome/91.0.4472.124 Safari/537.36"
185.177.72.111 - - [20/Jul/2025:06:21:46 +0000] "GET /script/.env HTTP/1.1" 404 24752 "-" "Mozilla/5.0 (Windows NT 10.0; Win64; x64) AppleWebKit/537.36 (KHTML, like Gecko) Chrome/91.0.4472.124 Safari/537.36"
209.74.77.214 - - [20/Jul/2025:06:21:47 +0000] "POST /wp-cron.php?doing_wp_cron=1752992507.4765079021453857421875 HTTP/1.1" 200 - "-" "WordPress/6.8.2; https://cartel.express"
185.177.72.111 - - [20/Jul/2025:06:21:47 +0000] "GET /live_env HTTP/1.1" 404 24752 "-" "Mozilla/5.0 (Windows NT 10.0; Win64; x64) AppleWebKit/537.36 (KHTML, like Gecko) Chrome/91.0.4472.124 Safari/537.36"
185.177.72.111 - - [20/Jul/2025:06:21:47 +0000] "GET /application/.env HTTP/1.1" 404 24752 "-" "Mozilla/5.0 (Windows NT 10.0; Win64; x64) AppleWebKit/537.36 (KHTML, like Gecko) Chrome/91.0.4472.124 Safari/537.36"
209.74.77.214 - - [20/Jul/2025:06:21:56 +0000] "POST /wp-cron.php?doing_wp_cron=1752992516.5185289382934570312500 HTTP/1.1" 200 - "-" "WordPress/6.8.2; https://cartel.express"
185.177.72.111 - - [20/Jul/2025:06:21:56 +0000] "GET /.env.project HTTP/1.1" 404 24753 "-" "Mozilla/5.0 (Windows NT 10.0; Win64; x64) AppleWebKit/537.36 (KHTML, like Gecko) Chrome/91.0.4472.124 Safari/537.36"
185.177.72.111 - - [20/Jul/2025:06:21:57 +0000] "GET /.env.dist HTTP/1.1" 404 24754 "-" "Mozilla/5.0 (Windows NT 10.0; Win64; x64) AppleWebKit/537.36 (KHTML, like Gecko) Chrome/91.0.4472.124 Safari/537.36"
185.177.72.111 - - [20/Jul/2025:06:21:58 +0000] "GET /back/.env HTTP/1.1" 404 24750 "-" "Mozilla/5.0 (Windows NT 10.0; Win64; x64) AppleWebKit/537.36 (KHTML, like Gecko) Chrome/91.0.4472.124 Safari/537.36"
185.177.72.111 - - [20/Jul/2025:06:21:59 +0000] "GET /core/.env HTTP/1.1" 404 24750 "-" "Mozilla/5.0 (Windows NT 10.0; Win64; x64) AppleWebKit/537.36 (KHTML, like Gecko) Chrome/91.0.4472.124 Safari/537.36"
185.177.72.111 - - [20/Jul/2025:06:22:01 +0000] "GET /docker/.env HTTP/1.1" 404 24752 "-" "Mozilla/5.0 (Windows NT 10.0; Win64; x64) AppleWebKit/537.36 (KHTML, like Gecko) Chrome/91.0.4472.124 Safari/537.36"
185.177.72.111 - - [20/Jul/2025:06:22:04 +0000] "GET /fedex/.env HTTP/1.1" 404 24751 "-" "Mozilla/5.0 (Windows NT 10.0; Win64; x64) AppleWebKit/537.36 (KHTML, like Gecko) Chrome/91.0.4472.124 Safari/537.36"
185.177.72.111 - - [20/Jul/2025:06:22:06 +0000] "GET /local/.env HTTP/1.1" 404 24752 "-" "Mozilla/5.0 (Windows NT 10.0; Win64; x64) AppleWebKit/537.36 (KHTML, like Gecko) Chrome/91.0.4472.124 Safari/537.36"
185.177.72.111 - - [20/Jul/2025:06:22:07 +0000] "GET /rest/.env HTTP/1.1" 404 24749 "-" "Mozilla/5.0 (Windows NT 10.0; Win64; x64) AppleWebKit/537.36 (KHTML, like Gecko) Chrome/91.0.4472.124 Safari/537.36"
185.177.72.111 - - [20/Jul/2025:06:22:08 +0000] "GET /shared/.env HTTP/1.1" 404 24751 "-" "Mozilla/5.0 (Windows NT 10.0; Win64; x64) AppleWebKit/537.36 (KHTML, like Gecko) Chrome/91.0.4472.124 Safari/537.36"
185.177.72.111 - - [20/Jul/2025:06:22:09 +0000] "GET /sources/.env HTTP/1.1" 404 24753 "-" "Mozilla/5.0 (Windows NT 10.0; Win64; x64) AppleWebKit/537.36 (KHTML, like Gecko) Chrome/91.0.4472.124 Safari/537.36"
185.177.72.111 - - [20/Jul/2025:06:22:11 +0000] "GET /enviroments/.env.production HTTP/1.1" 404 24753 "-" "Mozilla/5.0 (Windows NT 10.0; Win64; x64) AppleWebKit/537.36 (KHTML, like Gecko) Chrome/91.0.4472.124 Safari/537.36"
185.177.72.111 - - [20/Jul/2025:06:22:12 +0000] "GET /enviroments/.env HTTP/1.1" 404 24750 "-" "Mozilla/5.0 (Windows NT 10.0; Win64; x64) AppleWebKit/537.36 (KHTML, like Gecko) Chrome/91.0.4472.124 Safari/537.36"
209.74.77.214 - - [20/Jul/2025:06:22:13 +0000] "POST /wp-cron.php?doing_wp_cron=1752992533.8434059619903564453125 HTTP/1.1" 200 - "-" "WordPress/6.8.2; https://cartel.express"
185.177.72.111 - - [20/Jul/2025:06:22:13 +0000] "GET /.git/logs/HEAD HTTP/1.1" 404 24804 "-" "Mozilla/5.0 (Windows NT 10.0; Win64; x64) AppleWebKit/537.36 (KHTML, like Gecko) Chrome/91.0.4472.124 Safari/537.36"
185.177.72.111 - - [20/Jul/2025:06:22:14 +0000] "GET /.git/info/exclude HTTP/1.1" 404 24804 "-" "Mozilla/5.0 (Windows NT 10.0; Win64; x64) AppleWebKit/537.36 (KHTML, like Gecko) Chrome/91.0.4472.124 Safari/537.36"
185.177.72.111 - - [20/Jul/2025:06:22:15 +0000] "GET /doc/.env HTTP/1.1" 404 24750 "-" "Mozilla/5.0 (Windows NT 10.0; Win64; x64) AppleWebKit/537.36 (KHTML, like Gecko) Chrome/91.0.4472.124 Safari/537.36"
185.177.72.111 - - [20/Jul/2025:06:22:20 +0000] "GET /.env.smtp_access HTTP/1.1" 404 24752 "-" "Mozilla/5.0 (Windows NT 10.0; Win64; x64) AppleWebKit/537.36 (KHTML, like Gecko) Chrome/91.0.4472.124 Safari/537.36"
185.177.72.111 - - [20/Jul/2025:06:22:21 +0000] "GET /.env.old HTTP/1.1" 404 24752 "-" "Mozilla/5.0 (Windows NT 10.0; Win64; x64) AppleWebKit/537.36 (KHTML, like Gecko) Chrome/91.0.4472.124 Safari/537.36"
185.177.72.111 - - [20/Jul/2025:06:22:30 +0000] "GET /phpinfo.php3 HTTP/1.1" 404 24751 "-" "Mozilla/5.0 (Windows NT 10.0; Win64; x64) AppleWebKit/537.36 (KHTML, like Gecko) Chrome/91.0.4472.124 Safari/537.36"
185.177.72.111 - - [20/Jul/2025:06:22:31 +0000] "GET /.gitattributes HTTP/1.1" 404 24751 "-" "Mozilla/5.0 (Windows NT 10.0; Win64; x64) AppleWebKit/537.36 (KHTML, like Gecko) Chrome/91.0.4472.124 Safari/537.36"
185.177.72.111 - - [20/Jul/2025:06:22:31 +0000] "GET /wp-config.cache HTTP/1.1" 404 24752 "-" "Mozilla/5.0 (Windows NT 10.0; Win64; x64) AppleWebKit/537.36 (KHTML, like Gecko) Chrome/91.0.4472.124 Safari/537.36"
185.177.72.111 - - [20/Jul/2025:06:22:33 +0000] "GET /wp-config.dist HTTP/1.1" 404 24754 "-" "Mozilla/5.0 (Windows NT 10.0; Win64; x64) AppleWebKit/537.36 (KHTML, like Gecko) Chrome/91.0.4472.124 Safari/537.36"
185.177.72.111 - - [20/Jul/2025:06:22:33 +0000] "GET /env/.env HTTP/1.1" 404 24752 "-" "Mozilla/5.0 (Windows NT 10.0; Win64; x64) AppleWebKit/537.36 (KHTML, like Gecko) Chrome/91.0.4472.124 Safari/537.36"
185.177.72.111 - - [20/Jul/2025:06:22:34 +0000] "GET /inf.php HTTP/1.1" 404 24750 "-" "Mozilla/5.0 (Windows NT 10.0; Win64; x64) AppleWebKit/537.36 (KHTML, like Gecko) Chrome/91.0.4472.124 Safari/537.36"
185.177.72.111 - - [20/Jul/2025:06:22:35 +0000] "GET /v2/.env HTTP/1.1" 404 24751 "-" "Mozilla/5.0 (Windows NT 10.0; Win64; x64) AppleWebKit/537.36 (KHTML, like Gecko) Chrome/91.0.4472.124 Safari/537.36"
185.177.72.111 - - [20/Jul/2025:06:22:36 +0000] "GET /services/traefik/.env HTTP/1.1" 404 24805 "-" "Mozilla/5.0 (Windows NT 10.0; Win64; x64) AppleWebKit/537.36 (KHTML, like Gecko) Chrome/91.0.4472.124 Safari/537.36"
185.177.72.111 - - [20/Jul/2025:06:22:37 +0000] "GET /portal/.env HTTP/1.1" 404 24752 "-" "Mozilla/5.0 (Windows NT 10.0; Win64; x64) AppleWebKit/537.36 (KHTML, like Gecko) Chrome/91.0.4472.124 Safari/537.36"
185.177.72.111 - - [20/Jul/2025:06:22:38 +0000] "GET /test.php HTTP/1.1" 404 24753 "-" "Mozilla/5.0 (Windows NT 10.0; Win64; x64) AppleWebKit/537.36 (KHTML, like Gecko) Chrome/91.0.4472.124 Safari/537.36"
185.177.72.111 - - [20/Jul/2025:06:22:39 +0000] "GET /info1.php HTTP/1.1" 404 24751 "-" "Mozilla/5.0 (Windows NT 10.0; Win64; x64) AppleWebKit/537.36 (KHTML, like Gecko) Chrome/91.0.4472.124 Safari/537.36"
185.177.72.111 - - [20/Jul/2025:06:22:40 +0000] "GET /admin/.env HTTP/1.1" 404 24752 "-" "Mozilla/5.0 (Windows NT 10.0; Win64; x64) AppleWebKit/537.36 (KHTML, like Gecko) Chrome/91.0.4472.124 Safari/537.36"
185.177.72.111 - - [20/Jul/2025:06:22:41 +0000] "GET /crm/.env HTTP/1.1" 404 24751 "-" "Mozilla/5.0 (Windows NT 10.0; Win64; x64) AppleWebKit/537.36 (KHTML, like Gecko) Chrome/91.0.4472.124 Safari/537.36"
185.177.72.111 - - [20/Jul/2025:06:22:42 +0000] "GET /root/infophp HTTP/1.1" 404 24751 "-" "Mozilla/5.0 (Windows NT 10.0; Win64; x64) AppleWebKit/537.36 (KHTML, like Gecko) Chrome/91.0.4472.124 Safari/537.36"
185.177.72.111 - - [20/Jul/2025:06:22:43 +0000] "GET /wp-config.php_old2014 HTTP/1.1" 404 24753 "-" "Mozilla/5.0 (Windows NT 10.0; Win64; x64) AppleWebKit/537.36 (KHTML, like Gecko) Chrome/91.0.4472.124 Safari/537.36"
185.177.72.111 - - [20/Jul/2025:06:22:44 +0000] "GET /old/.env HTTP/1.1" 404 24750 "-" "Mozilla/5.0 (Windows NT 10.0; Win64; x64) AppleWebKit/537.36 (KHTML, like Gecko) Chrome/91.0.4472.124 Safari/537.36"
185.177.72.111 - - [20/Jul/2025:06:22:45 +0000] "GET /.env.php HTTP/1.1" 404 24753 "-" "Mozilla/5.0 (Windows NT 10.0; Win64; x64) AppleWebKit/537.36 (KHTML, like Gecko) Chrome/91.0.4472.124 Safari/537.36"
185.177.72.111 - - [20/Jul/2025:06:22:45 +0000] "GET /apps/.env HTTP/1.1" 404 24753 "-" "Mozilla/5.0 (Windows NT 10.0; Win64; x64) AppleWebKit/537.36 (KHTML, like Gecko) Chrome/91.0.4472.124 Safari/537.36"
209.74.77.214 - - [20/Jul/2025:06:22:47 +0000] "POST /wp-cron.php?doing_wp_cron=1752992567.2096691131591796875000 HTTP/1.1" 200 - "-" "WordPress/6.8.2; https://cartel.express"
185.177.72.111 - - [20/Jul/2025:06:22:46 +0000] "GET /_profiler/phpinfo/phpinfo.php HTTP/1.1" 404 24804 "-" "Mozilla/5.0 (Windows NT 10.0; Win64; x64) AppleWebKit/537.36 (KHTML, like Gecko) Chrome/91.0.4472.124 Safari/537.36"
103.35.65.45 - - [20/Jul/2025:06:22:48 +0000] "HEAD /WWW HTTP/1.1" 404 - "-" "Mozilla/5.0 (X11; Linux x86_64) AppleWebKit/537.36 (KHTML, like Gecko) Chrome/96.0.4664.45 Safari/537.36"
185.177.72.111 - - [20/Jul/2025:06:22:48 +0000] "GET /backend/.env HTTP/1.1" 404 24751 "-" "Mozilla/5.0 (Windows NT 10.0; Win64; x64) AppleWebKit/537.36 (KHTML, like Gecko) Chrome/91.0.4472.124 Safari/537.36"
185.177.72.111 - - [20/Jul/2025:06:22:49 +0000] "GET /hotpot-app-frontend/.env HTTP/1.1" 404 24754 "-" "Mozilla/5.0 (Windows NT 10.0; Win64; x64) AppleWebKit/537.36 (KHTML, like Gecko) Chrome/91.0.4472.124 Safari/537.36"
185.177.72.111 - - [20/Jul/2025:06:22:57 +0000] "GET /wp-config.php.2 HTTP/1.1" 404 24751 "-" "Mozilla/5.0 (Windows NT 10.0; Win64; x64) AppleWebKit/537.36 (KHTML, like Gecko) Chrome/91.0.4472.124 Safari/537.36"
185.177.72.111 - - [20/Jul/2025:06:22:59 +0000] "GET /wp-config.php.8 HTTP/1.1" 404 24754 "-" "Mozilla/5.0 (Windows NT 10.0; Win64; x64) AppleWebKit/537.36 (KHTML, like Gecko) Chrome/91.0.4472.124 Safari/537.36"
185.177.72.111 - - [20/Jul/2025:06:22:59 +0000] "GET /i.php HTTP/1.1" 404 24753 "-" "Mozilla/5.0 (Windows NT 10.0; Win64; x64) AppleWebKit/537.36 (KHTML, like Gecko) Chrome/91.0.4472.124 Safari/537.36"
185.177.72.111 - - [20/Jul/2025:06:23:00 +0000] "GET /.git/refs/heads/ HTTP/1.1" 404 24802 "-" "Mozilla/5.0 (Windows NT 10.0; Win64; x64) AppleWebKit/537.36 (KHTML, like Gecko) Chrome/91.0.4472.124 Safari/537.36"
185.177.72.111 - - [20/Jul/2025:06:23:01 +0000] "GET /app/.env HTTP/1.1" 404 24752 "-" "Mozilla/5.0 (Windows NT 10.0; Win64; x64) AppleWebKit/537.36 (KHTML, like Gecko) Chrome/91.0.4472.124 Safari/537.36"
185.177.72.111 - - [20/Jul/2025:06:23:02 +0000] "GET /.git/hooks/pre-push HTTP/1.1" 404 24803 "-" "Mozilla/5.0 (Windows NT 10.0; Win64; x64) AppleWebKit/537.36 (KHTML, like Gecko) Chrome/91.0.4472.124 Safari/537.36"
185.177.72.111 - - [20/Jul/2025:06:23:03 +0000] "GET /node/.env_example HTTP/1.1" 404 24751 "-" "Mozilla/5.0 (Windows NT 10.0; Win64; x64) AppleWebKit/537.36 (KHTML, like Gecko) Chrome/91.0.4472.124 Safari/537.36"
185.177.72.111 - - [20/Jul/2025:06:23:04 +0000] "GET /backup/.env HTTP/1.1" 404 24751 "-" "Mozilla/5.0 (Windows NT 10.0; Win64; x64) AppleWebKit/537.36 (KHTML, like Gecko) Chrome/91.0.4472.124 Safari/537.36"
185.177.72.111 - - [20/Jul/2025:06:23:05 +0000] "GET /babel-plugin-dotenv/test/fixtures/default/.env HTTP/1.1" 404 24799 "-" "Mozilla/5.0 (Windows NT 10.0; Win64; x64) AppleWebKit/537.36 (KHTML, like Gecko) Chrome/91.0.4472.124 Safari/537.36"
185.177.72.111 - - [20/Jul/2025:06:23:10 +0000] "GET /kyc/.env HTTP/1.1" 404 24751 "-" "Mozilla/5.0 (Windows NT 10.0; Win64; x64) AppleWebKit/537.36 (KHTML, like Gecko) Chrome/91.0.4472.124 Safari/537.36"
185.177.72.111 - - [20/Jul/2025:06:23:11 +0000] "GET //help/info.php HTTP/1.1" 301 - "-" "Mozilla/5.0 (Windows NT 10.0; Win64; x64) AppleWebKit/537.36 (KHTML, like Gecko) Chrome/91.0.4472.124 Safari/537.36"
209.74.77.214 - - [20/Jul/2025:06:23:25 +0000] "POST /wp-cron.php?doing_wp_cron=1752992605.5868690013885498046875 HTTP/1.1" 200 - "-" "WordPress/6.8.2; https://cartel.express"
185.177.72.111 - - [20/Jul/2025:06:23:25 +0000] "GET /.env~ HTTP/1.1" 404 24753 "-" "Mozilla/5.0 (Windows NT 10.0; Win64; x64) AppleWebKit/537.36 (KHTML, like Gecko) Chrome/91.0.4472.124 Safari/537.36"
185.177.72.111 - - [20/Jul/2025:06:23:26 +0000] "GET /temanr9/.env HTTP/1.1" 404 24753 "-" "Mozilla/5.0 (Windows NT 10.0; Win64; x64) AppleWebKit/537.36 (KHTML, like Gecko) Chrome/91.0.4472.124 Safari/537.36"
185.177.72.111 - - [20/Jul/2025:06:23:27 +0000] "GET /p.php HTTP/1.1" 404 24752 "-" "Mozilla/5.0 (Windows NT 10.0; Win64; x64) AppleWebKit/537.36 (KHTML, like Gecko) Chrome/91.0.4472.124 Safari/537.36"
185.177.72.111 - - [20/Jul/2025:06:23:28 +0000] "GET /.git/refs/remotes/ HTTP/1.1" 404 24800 "-" "Mozilla/5.0 (Windows NT 10.0; Win64; x64) AppleWebKit/537.36 (KHTML, like Gecko) Chrome/91.0.4472.124 Safari/537.36"
185.177.72.111 - - [20/Jul/2025:06:23:29 +0000] "GET /qa/.env HTTP/1.1" 404 24752 "-" "Mozilla/5.0 (Windows NT 10.0; Win64; x64) AppleWebKit/537.36 (KHTML, like Gecko) Chrome/91.0.4472.124 Safari/537.36"
