216.73.216.37 - - [19/Jul/2025:15:11:19 +0000] "GET /product-category/custom-wheels/feed/ HTTP/1.1" 200 1310 "https://cartel.express/product-category/custom-wheels/feed" "Mozilla/5.0 AppleWebKit/537.36 (KHTML, like Gecko; compatible; ClaudeBot/1.0; [email protected])"
57.141.2.23 - - [19/Jul/2025:15:11:34 +0000] "GET /shopdetail/2388587048.shtml HTTP/1.1" 404 146916 "-" "meta-externalagent/1.1 (+https://developers.facebook.com/docs/sharing/webmasters/crawler)"
209.74.77.214 - - [19/Jul/2025:15:12:35 +0000] "POST /wp-cron.php?doing_wp_cron=1752937955.6639029979705810546875 HTTP/1.1" 200 - "-" "WordPress/6.8.2; https://cartel.express"
216.73.216.37 - - [19/Jul/2025:15:12:33 +0000] "GET /?p=290 HTTP/1.1" 301 - "-" "Mozilla/5.0 AppleWebKit/537.36 (KHTML, like Gecko; compatible; ClaudeBot/1.0; [email protected])"
216.73.216.37 - - [19/Jul/2025:15:12:35 +0000] "GET /steel-state-of-mind-everything-about-modern-rims/ HTTP/1.1" 200 28871 "https://cartel.express/?p=290" "Mozilla/5.0 AppleWebKit/537.36 (KHTML, like Gecko; compatible; ClaudeBot/1.0; [email protected])"
209.74.77.214 - - [19/Jul/2025:15:13:47 +0000] "POST /wp-cron.php?doing_wp_cron=1752938027.1195309162139892578125 HTTP/1.1" 200 - "-" "WordPress/6.8.2; https://cartel.express"
216.73.216.37 - - [19/Jul/2025:15:13:44 +0000] "GET /?p=294 HTTP/1.1" 301 - "-" "Mozilla/5.0 AppleWebKit/537.36 (KHTML, like Gecko; compatible; ClaudeBot/1.0; [email protected])"
216.73.216.37 - - [19/Jul/2025:15:13:47 +0000] "GET /the-biggest-challenges-of-leather-seat-cleaning/ HTTP/1.1" 200 28826 "https://cartel.express/?p=294" "Mozilla/5.0 AppleWebKit/537.36 (KHTML, like Gecko; compatible; ClaudeBot/1.0; [email protected])"
209.74.77.214 - - [19/Jul/2025:15:14:13 +0000] "POST /wp-cron.php?doing_wp_cron=1752938053.7327899932861328125000 HTTP/1.1" 200 - "-" "WordPress/6.8.2; https://cartel.express"
42.83.147.54 - - [19/Jul/2025:15:14:13 +0000] "GET / HTTP/1.1" 200 40555 "-" "Mozilla/5.0 (Windows NT 6.1; Win64; x64) AppleWebKit/537.36 (KHTML, like Gecko)Chrome/74.0.3729.169 Safari/537.36"
216.73.216.37 - - [19/Jul/2025:15:14:49 +0000] "GET /?p=292 HTTP/1.1" 301 - "-" "Mozilla/5.0 AppleWebKit/537.36 (KHTML, like Gecko; compatible; ClaudeBot/1.0; [email protected])"
216.73.216.37 - - [19/Jul/2025:15:14:51 +0000] "GET /taking-your-vehicle-to-the-next-level-with-our-parts/ HTTP/1.1" 200 28838 "https://cartel.express/?p=292" "Mozilla/5.0 AppleWebKit/537.36 (KHTML, like Gecko; compatible; ClaudeBot/1.0; [email protected])"
66.249.68.34 - - [19/Jul/2025:15:15:03 +0000] "GET /shopdetail/1693670366.shtml HTTP/1.1" 200 19791 "-" "Mozilla/5.0 (Linux; Android 6.0.1; Nexus 5X Build/MMB29P) AppleWebKit/537.36 (KHTML, like Gecko) Chrome/137.0.7151.103 Mobile Safari/537.36 (compatible; Googlebot/2.1; +http://www.google.com/bot.html)"
209.74.77.214 - - [19/Jul/2025:15:15:56 +0000] "POST /wp-cron.php?doing_wp_cron=1752938156.9743940830230712890625 HTTP/1.1" 200 - "-" "WordPress/6.8.2; https://cartel.express"
216.73.216.37 - - [19/Jul/2025:15:15:54 +0000] "GET /product-category/audio/feed HTTP/1.1" 301 - "-" "Mozilla/5.0 AppleWebKit/537.36 (KHTML, like Gecko; compatible; ClaudeBot/1.0; [email protected])"
216.73.216.37 - - [19/Jul/2025:15:15:57 +0000] "GET /product-category/audio/feed/ HTTP/1.1" 200 1079 "https://cartel.express/product-category/audio/feed" "Mozilla/5.0 AppleWebKit/537.36 (KHTML, like Gecko; compatible; ClaudeBot/1.0; [email protected])"
66.249.68.34 - - [19/Jul/2025:15:16:19 +0000] "GET /shopdetail/61320834.shtml HTTP/1.1" 200 18945 "-" "Mozilla/5.0 (Linux; Android 6.0.1; Nexus 5X Build/MMB29P) AppleWebKit/537.36 (KHTML, like Gecko) Chrome/137.0.7151.103 Mobile Safari/537.36 (compatible; Googlebot/2.1; +http://www.google.com/bot.html)"
66.249.68.34 - - [19/Jul/2025:15:16:26 +0000] "POST /get-message-notify HTTP/1.1" 200 18672 "https://cartel.express/shopdetail/61320834.shtml" "Mozilla/5.0 (Linux; Android 6.0.1; Nexus 5X Build/MMB29P) AppleWebKit/537.36 (KHTML, like Gecko) Chrome/137.0.7151.119 Mobile Safari/537.36 (compatible; Googlebot/2.1; +http://www.google.com/bot.html)"
209.74.77.214 - - [19/Jul/2025:15:17:06 +0000] "POST /wp-cron.php?doing_wp_cron=1752938226.5534000396728515625000 HTTP/1.1" 200 - "-" "WordPress/6.8.2; https://cartel.express"
216.73.216.37 - - [19/Jul/2025:15:17:04 +0000] "GET /product-category/custom-wheels/?quick-view=27384 HTTP/1.1" 200 39863 "-" "Mozilla/5.0 AppleWebKit/537.36 (KHTML, like Gecko; compatible; ClaudeBot/1.0; [email protected])"
45.227.253.15 - - [19/Jul/2025:15:17:09 +0000] "GET /?of=1 HTTP/1.1" 200 8847 "-" "Mozilla/5.0 (iPhone; CPU iPhone OS 14_1 like Mac OS X) AppleWebKit/605.1.15 (KHTML, like Gecko) Version/14.0 Mobile/15E148 Safari/604.1"
209.74.77.214 - - [19/Jul/2025:15:18:13 +0000] "POST /wp-cron.php?doing_wp_cron=1752938293.7059819698333740234375 HTTP/1.1" 200 - "-" "WordPress/6.8.2; https://cartel.express"
216.73.216.37 - - [19/Jul/2025:15:18:11 +0000] "GET /product-category/automotive-tools/feed HTTP/1.1" 301 - "-" "Mozilla/5.0 AppleWebKit/537.36 (KHTML, like Gecko; compatible; ClaudeBot/1.0; [email protected])"
216.73.216.37 - - [19/Jul/2025:15:18:13 +0000] "GET /product-category/automotive-tools/feed/ HTTP/1.1" 200 1275 "https://cartel.express/product-category/automotive-tools/feed" "Mozilla/5.0 AppleWebKit/537.36 (KHTML, like Gecko; compatible; ClaudeBot/1.0; [email protected])"
66.249.68.34 - - [19/Jul/2025:15:18:36 +0000] "GET /shopdetail/56479510.shtml HTTP/1.1" 200 18362 "-" "Mozilla/5.0 (Linux; Android 6.0.1; Nexus 5X Build/MMB29P) AppleWebKit/537.36 (KHTML, like Gecko) Chrome/137.0.7151.103 Mobile Safari/537.36 (compatible; Googlebot/2.1; +http://www.google.com/bot.html)"
209.74.77.214 - - [19/Jul/2025:15:19:22 +0000] "POST /wp-cron.php?doing_wp_cron=1752938362.2869660854339599609375 HTTP/1.1" 200 - "-" "WordPress/6.8.2; https://cartel.express"
216.73.216.37 - - [19/Jul/2025:15:19:20 +0000] "GET /product-category/custom-wheels/?quick-view=27129 HTTP/1.1" 200 39859 "-" "Mozilla/5.0 AppleWebKit/537.36 (KHTML, like Gecko; compatible; ClaudeBot/1.0; [email protected])"
209.74.77.214 - - [19/Jul/2025:15:20:35 +0000] "POST /wp-cron.php?doing_wp_cron=1752938435.5959789752960205078125 HTTP/1.1" 200 - "-" "WordPress/6.8.2; https://cartel.express"
216.73.216.37 - - [19/Jul/2025:15:20:33 +0000] "GET /product-category/custom-wheels/?quick-view=27140 HTTP/1.1" 200 39864 "-" "Mozilla/5.0 AppleWebKit/537.36 (KHTML, like Gecko; compatible; ClaudeBot/1.0; [email protected])"
66.249.68.34 - - [19/Jul/2025:15:20:52 +0000] "GET /shopdetail/53445082.shtml HTTP/1.1" 200 20233 "-" "Mozilla/5.0 (Linux; Android 6.0.1; Nexus 5X Build/MMB29P) AppleWebKit/537.36 (KHTML, like Gecko) Chrome/137.0.7151.103 Mobile Safari/537.36 (compatible; Googlebot/2.1; +http://www.google.com/bot.html)"
209.74.77.214 - - [19/Jul/2025:15:21:41 +0000] "POST /wp-cron.php?doing_wp_cron=1752938501.7065498828887939453125 HTTP/1.1" 200 - "-" "WordPress/6.8.2; https://cartel.express"
216.73.216.37 - - [19/Jul/2025:15:21:40 +0000] "GET /product-category/custom-wheels/?quick-view=27333 HTTP/1.1" 200 39859 "-" "Mozilla/5.0 AppleWebKit/537.36 (KHTML, like Gecko; compatible; ClaudeBot/1.0; [email protected])"
209.74.77.214 - - [19/Jul/2025:15:21:47 +0000] "POST /wp-cron.php?doing_wp_cron=1752938507.1252899169921875000000 HTTP/1.1" 200 - "-" "WordPress/6.8.2; https://cartel.express"
114.117.233.112 - - [19/Jul/2025:15:21:46 +0000] "GET / HTTP/1.1" 200 40646 "http://www.cartel.express" "Mozilla/5.0 (iPhone; CPU iPhone OS 13_2_3 like Mac OS X) AppleWebKit/605.1.15 (KHTML, like Gecko) Version/13.0.3 Mobile/15E148 Safari/604.1"
57.141.2.2 - - [19/Jul/2025:15:21:48 +0000] "GET /shopdetail/2388486800.shtml HTTP/1.1" 404 146914 "-" "meta-externalagent/1.1 (+https://developers.facebook.com/docs/sharing/webmasters/crawler)"
209.74.77.214 - - [19/Jul/2025:15:22:46 +0000] "POST /wp-cron.php?doing_wp_cron=1752938566.4970049858093261718750 HTTP/1.1" 200 - "-" "WordPress/6.8.2; https://cartel.express"
216.73.216.37 - - [19/Jul/2025:15:22:44 +0000] "GET /product-category/custom-wheels/?quick-view=27282 HTTP/1.1" 200 39859 "-" "Mozilla/5.0 AppleWebKit/537.36 (KHTML, like Gecko; compatible; ClaudeBot/1.0; [email protected])"
66.249.68.35 - - [19/Jul/2025:15:23:09 +0000] "GET /shopdetail/59852616.shtml HTTP/1.1" 200 18015 "-" "Mozilla/5.0 (Linux; Android 6.0.1; Nexus 5X Build/MMB29P) AppleWebKit/537.36 (KHTML, like Gecko) Chrome/137.0.7151.103 Mobile Safari/537.36 (compatible; Googlebot/2.1; +http://www.google.com/bot.html)"
66.249.68.34 - - [19/Jul/2025:15:23:33 +0000] "POST /get-message-notify HTTP/1.1" 200 18672 "https://cartel.express/shopdetail/59852616.shtml" "Mozilla/5.0 (Linux; Android 6.0.1; Nexus 5X Build/MMB29P) AppleWebKit/537.36 (KHTML, like Gecko) Chrome/137.0.7151.119 Mobile Safari/537.36 (compatible; Googlebot/2.1; +http://www.google.com/bot.html)"
209.74.77.214 - - [19/Jul/2025:15:24:00 +0000] "POST /wp-cron.php?doing_wp_cron=1752938640.3522250652313232421875 HTTP/1.1" 200 - "-" "WordPress/6.8.2; https://cartel.express"
216.73.216.37 - - [19/Jul/2025:15:23:59 +0000] "GET /product-category/custom-wheels/?quick-view=26952 HTTP/1.1" 200 39857 "-" "Mozilla/5.0 AppleWebKit/537.36 (KHTML, like Gecko; compatible; ClaudeBot/1.0; [email protected])"
66.249.68.35 - - [19/Jul/2025:15:24:51 +0000] "GET /pcmypage?callback=product%2Fdetail%2FC1581502091 HTTP/1.1" 200 20987 "-" "Mozilla/5.0 (Linux; Android 6.0.1; Nexus 5X Build/MMB29P) AppleWebKit/537.36 (KHTML, like Gecko) Chrome/137.0.7151.103 Mobile Safari/537.36 (compatible; Googlebot/2.1; +http://www.google.com/bot.html)"
209.74.77.214 - - [19/Jul/2025:15:25:08 +0000] "POST /wp-cron.php?doing_wp_cron=1752938708.6059689521789550781250 HTTP/1.1" 200 - "-" "WordPress/6.8.2; https://cartel.express"
216.73.216.37 - - [19/Jul/2025:15:25:06 +0000] "GET /product-category/automotive-tools/?quick-view=19247 HTTP/1.1" 200 39138 "-" "Mozilla/5.0 AppleWebKit/537.36 (KHTML, like Gecko; compatible; ClaudeBot/1.0; [email protected])"
66.249.68.33 - - [19/Jul/2025:15:25:26 +0000] "GET /shopdetail/52336420.shtml HTTP/1.1" 200 18725 "-" "Mozilla/5.0 (Linux; Android 6.0.1; Nexus 5X Build/MMB29P) AppleWebKit/537.36 (KHTML, like Gecko) Chrome/137.0.7151.103 Mobile Safari/537.36 (compatible; Googlebot/2.1; +http://www.google.com/bot.html)"
209.74.77.214 - - [19/Jul/2025:15:26:17 +0000] "POST /wp-cron.php?doing_wp_cron=1752938777.5824220180511474609375 HTTP/1.1" 200 - "-" "WordPress/6.8.2; https://cartel.express"
216.73.216.37 - - [19/Jul/2025:15:26:15 +0000] "GET /product-category/automotive-tools/?quick-view=19249 HTTP/1.1" 200 39137 "-" "Mozilla/5.0 AppleWebKit/537.36 (KHTML, like Gecko; compatible; ClaudeBot/1.0; [email protected])"
43.152.72.247 - - [19/Jul/2025:15:26:31 +0000] "GET / HTTP/1.1" 200 40650 "http://www.cartel.express" "Mozilla/5.0 (iPhone; CPU iPhone OS 13_2_3 like Mac OS X) AppleWebKit/605.1.15 (KHTML, like Gecko) Version/13.0.3 Mobile/15E148 Safari/604.1"
209.74.77.214 - - [19/Jul/2025:15:27:27 +0000] "POST /wp-cron.php?doing_wp_cron=1752938847.3084039688110351562500 HTTP/1.1" 200 - "-" "WordPress/6.8.2; https://cartel.express"
216.73.216.37 - - [19/Jul/2025:15:27:26 +0000] "GET /product/engine-filters/?add-to-cart=19247 HTTP/1.1" 200 41183 "-" "Mozilla/5.0 AppleWebKit/537.36 (KHTML, like Gecko; compatible; ClaudeBot/1.0; [email protected])"
66.249.68.33 - - [19/Jul/2025:15:27:42 +0000] "GET /shopdetail/2533576.shtml HTTP/1.1" 200 18359 "-" "Mozilla/5.0 (Linux; Android 6.0.1; Nexus 5X Build/MMB29P) AppleWebKit/537.36 (KHTML, like Gecko) Chrome/137.0.7151.103 Mobile Safari/537.36 (compatible; Googlebot/2.1; +http://www.google.com/bot.html)"
66.249.68.33 - - [19/Jul/2025:15:28:07 +0000] "POST /get-message-notify HTTP/1.1" 200 18672 "https://cartel.express/shopdetail/2533576.shtml" "Mozilla/5.0 (Linux; Android 6.0.1; Nexus 5X Build/MMB29P) AppleWebKit/537.36 (KHTML, like Gecko) Chrome/137.0.7151.119 Mobile Safari/537.36 (compatible; Googlebot/2.1; +http://www.google.com/bot.html)"
209.74.77.214 - - [19/Jul/2025:15:28:41 +0000] "POST /wp-cron.php?doing_wp_cron=1752938921.5059890747070312500000 HTTP/1.1" 200 - "-" "WordPress/6.8.2; https://cartel.express"
216.73.216.37 - - [19/Jul/2025:15:28:39 +0000] "GET /product-category/audio/?quick-view=19251 HTTP/1.1" 200 38350 "-" "Mozilla/5.0 AppleWebKit/537.36 (KHTML, like Gecko; compatible; ClaudeBot/1.0; [email protected])"
66.249.68.34 - - [19/Jul/2025:15:29:31 +0000] "GET /shopdetail/59087132.shtml HTTP/1.1" 200 18535 "-" "Mozilla/5.0 (Linux; Android 6.0.1; Nexus 5X Build/MMB29P) AppleWebKit/537.36 (KHTML, like Gecko) Chrome/137.0.7151.103 Mobile Safari/537.36 (compatible; Googlebot/2.1; +http://www.google.com/bot.html)"
209.74.77.214 - - [19/Jul/2025:15:29:57 +0000] "POST /wp-cron.php?doing_wp_cron=1752938997.0328550338745117187500 HTTP/1.1" 200 - "-" "WordPress/6.8.2; https://cartel.express"
216.73.216.37 - - [19/Jul/2025:15:29:55 +0000] "GET /product-category/automotive-tools/?quick-view=19252 HTTP/1.1" 200 39134 "-" "Mozilla/5.0 AppleWebKit/537.36 (KHTML, like Gecko; compatible; ClaudeBot/1.0; [email protected])"
66.249.68.34 - - [19/Jul/2025:15:29:59 +0000] "GET /shopdetail/56036540.shtml HTTP/1.1" 200 20028 "-" "Mozilla/5.0 (Linux; Android 6.0.1; Nexus 5X Build/MMB29P) AppleWebKit/537.36 (KHTML, like Gecko) Chrome/137.0.7151.103 Mobile Safari/537.36 (compatible; Googlebot/2.1; +http://www.google.com/bot.html)"
66.249.68.33 - - [19/Jul/2025:15:30:58 +0000] "POST /get-message-notify HTTP/1.1" 200 18672 "https://cartel.express/shopdetail/56036540.shtml" "Mozilla/5.0 (Linux; Android 6.0.1; Nexus 5X Build/MMB29P) AppleWebKit/537.36 (KHTML, like Gecko) Chrome/137.0.7151.119 Mobile Safari/537.36 (compatible; Googlebot/2.1; +http://www.google.com/bot.html)"
209.74.77.214 - - [19/Jul/2025:15:31:07 +0000] "POST /wp-cron.php?doing_wp_cron=1752939067.5172870159149169921875 HTTP/1.1" 200 - "-" "WordPress/6.8.2; https://cartel.express"
216.73.216.37 - - [19/Jul/2025:15:31:05 +0000] "GET /product-category/audio/?quick-view=19247 HTTP/1.1" 200 38352 "-" "Mozilla/5.0 AppleWebKit/537.36 (KHTML, like Gecko; compatible; ClaudeBot/1.0; [email protected])"
209.74.77.214 - - [19/Jul/2025:15:32:14 +0000] "POST /wp-cron.php?doing_wp_cron=1752939134.8262269496917724609375 HTTP/1.1" 200 - "-" "WordPress/6.8.2; https://cartel.express"
216.73.216.37 - - [19/Jul/2025:15:32:12 +0000] "GET /product-category/automotive-tools/?quick-view=19243 HTTP/1.1" 200 39135 "-" "Mozilla/5.0 AppleWebKit/537.36 (KHTML, like Gecko; compatible; ClaudeBot/1.0; [email protected])"
66.249.68.34 - - [19/Jul/2025:15:32:16 +0000] "GET /shopdetail/59083898.shtml HTTP/1.1" 200 18923 "-" "Mozilla/5.0 (Linux; Android 6.0.1; Nexus 5X Build/MMB29P) AppleWebKit/537.36 (KHTML, like Gecko) Chrome/137.0.7151.103 Mobile Safari/537.36 (compatible; Googlebot/2.1; +http://www.google.com/bot.html)"
216.73.216.37 - - [19/Jul/2025:15:33:20 +0000] "GET /robots.txt HTTP/1.1" 200 94 "-" "Mozilla/5.0 AppleWebKit/537.36 (KHTML, like Gecko; compatible; ClaudeBot/1.0; [email protected])"
209.74.77.214 - - [19/Jul/2025:15:33:23 +0000] "POST /wp-cron.php?doing_wp_cron=1752939203.1695730686187744140625 HTTP/1.1" 200 - "-" "WordPress/6.8.2; https://cartel.express"
216.73.216.37 - - [19/Jul/2025:15:33:20 +0000] "GET /product/engine-filters/?add-to-cart=19252 HTTP/1.1" 200 41184 "-" "Mozilla/5.0 AppleWebKit/537.36 (KHTML, like Gecko; compatible; ClaudeBot/1.0; [email protected])"
209.74.77.214 - - [19/Jul/2025:15:33:50 +0000] "POST /wp-cron.php?doing_wp_cron=1752939230.8638210296630859375000 HTTP/1.1" 200 - "-" "WordPress/6.8.2; https://cartel.express"
57.141.2.30 - - [19/Jul/2025:15:33:50 +0000] "GET /cars/bmw-m2/ HTTP/1.1" 200 248670 "-" "meta-externalagent/1.1 (+https://developers.facebook.com/docs/sharing/webmasters/crawler)"
66.249.68.33 - - [19/Jul/2025:15:34:33 +0000] "GET /shopdetail/59104034.shtml HTTP/1.1" 200 19721 "-" "Mozilla/5.0 (Linux; Android 6.0.1; Nexus 5X Build/MMB29P) AppleWebKit/537.36 (KHTML, like Gecko) Chrome/137.0.7151.103 Mobile Safari/537.36 (compatible; Googlebot/2.1; +http://www.google.com/bot.html)"
209.74.77.214 - - [19/Jul/2025:15:34:37 +0000] "POST /wp-cron.php?doing_wp_cron=1752939277.7642650604248046875000 HTTP/1.1" 200 - "-" "WordPress/6.8.2; https://cartel.express"
216.73.216.37 - - [19/Jul/2025:15:34:35 +0000] "GET /product-category/automotive-tools/?add-to-cart=19247 HTTP/1.1" 200 39181 "-" "Mozilla/5.0 AppleWebKit/537.36 (KHTML, like Gecko; compatible; ClaudeBot/1.0; [email protected])"
209.74.77.214 - - [19/Jul/2025:15:35:45 +0000] "POST /wp-cron.php?doing_wp_cron=1752939345.9346868991851806640625 HTTP/1.1" 200 - "-" "WordPress/6.8.2; https://cartel.express"
216.73.216.37 - - [19/Jul/2025:15:35:43 +0000] "GET /product/engine-filters/?add-to-cart=19243 HTTP/1.1" 200 41166 "-" "Mozilla/5.0 AppleWebKit/537.36 (KHTML, like Gecko; compatible; ClaudeBot/1.0; [email protected])"
66.249.68.33 - - [19/Jul/2025:15:36:49 +0000] "GET /shopdetail/206291316.shtml HTTP/1.1" 200 17993 "-" "Mozilla/5.0 (Linux; Android 6.0.1; Nexus 5X Build/MMB29P) AppleWebKit/537.36 (KHTML, like Gecko) Chrome/137.0.7151.103 Mobile Safari/537.36 (compatible; Googlebot/2.1; +http://www.google.com/bot.html)"
209.74.77.214 - - [19/Jul/2025:15:36:59 +0000] "POST /wp-cron.php?doing_wp_cron=1752939419.4175269603729248046875 HTTP/1.1" 200 - "-" "WordPress/6.8.2; https://cartel.express"
216.73.216.37 - - [19/Jul/2025:15:36:57 +0000] "GET /product-category/automotive-tools/?add-to-cart=19252 HTTP/1.1" 200 39193 "-" "Mozilla/5.0 AppleWebKit/537.36 (KHTML, like Gecko; compatible; ClaudeBot/1.0; [email protected])"
209.74.77.214 - - [19/Jul/2025:15:38:19 +0000] "POST /wp-cron.php?doing_wp_cron=1752939499.1337809562683105468750 HTTP/1.1" 200 - "-" "WordPress/6.8.2; https://cartel.express"
216.73.216.37 - - [19/Jul/2025:15:38:16 +0000] "GET /product-category/audio/?add-to-cart=19247 HTTP/1.1" 200 38392 "-" "Mozilla/5.0 AppleWebKit/537.36 (KHTML, like Gecko; compatible; ClaudeBot/1.0; [email protected])"
57.141.2.4 - - [19/Jul/2025:15:38:22 +0000] "GET /shopdetail/2167549814.shtml HTTP/1.1" 404 146915 "-" "meta-externalagent/1.1 (+https://developers.facebook.com/docs/sharing/webmasters/crawler)"
66.249.68.33 - - [19/Jul/2025:15:38:30 +0000] "GET /shopdetail/911464.shtml HTTP/1.1" 200 21265 "-" "Mozilla/5.0 (Linux; Android 6.0.1; Nexus 5X Build/MMB29P) AppleWebKit/537.36 (KHTML, like Gecko) Chrome/137.0.7151.103 Mobile Safari/537.36 (compatible; Googlebot/2.1; +http://www.google.com/bot.html)"
66.249.68.33 - - [19/Jul/2025:15:38:30 +0000] "GET /shopdetail/2693890.shtml HTTP/1.1" 200 18599 "-" "Mozilla/5.0 (Linux; Android 6.0.1; Nexus 5X Build/MMB29P) AppleWebKit/537.36 (KHTML, like Gecko) Chrome/137.0.7151.103 Mobile Safari/537.36 (compatible; Googlebot/2.1; +http://www.google.com/bot.html)"
66.249.68.34 - - [19/Jul/2025:15:38:30 +0000] "GET /shopdetail/2592516.shtml HTTP/1.1" 200 19209 "-" "Mozilla/5.0 (Linux; Android 6.0.1; Nexus 5X Build/MMB29P) AppleWebKit/537.36 (KHTML, like Gecko) Chrome/137.0.7151.103 Mobile Safari/537.36 (compatible; Googlebot/2.1; +http://www.google.com/bot.html)"
66.249.68.33 - - [19/Jul/2025:15:38:31 +0000] "GET /pcmypage?callback=product/review/C1013432326 HTTP/1.1" 200 19149 "-" "Mozilla/5.0 (Linux; Android 6.0.1; Nexus 5X Build/MMB29P) AppleWebKit/537.36 (KHTML, like Gecko) Chrome/137.0.7151.103 Mobile Safari/537.36 (compatible; Googlebot/2.1; +http://www.google.com/bot.html)"
66.249.68.34 - - [19/Jul/2025:15:38:31 +0000] "GET /shopdetail/49388644.shtml HTTP/1.1" 200 18473 "-" "Mozilla/5.0 (Linux; Android 6.0.1; Nexus 5X Build/MMB29P) AppleWebKit/537.36 (KHTML, like Gecko) Chrome/137.0.7151.103 Mobile Safari/537.36 (compatible; Googlebot/2.1; +http://www.google.com/bot.html)"
66.249.68.34 - - [19/Jul/2025:15:38:32 +0000] "GET /shopdetail/53855050.shtml HTTP/1.1" 200 18448 "-" "Mozilla/5.0 (Linux; Android 6.0.1; Nexus 5X Build/MMB29P) AppleWebKit/537.36 (KHTML, like Gecko) Chrome/137.0.7151.103 Mobile Safari/537.36 (compatible; Googlebot/2.1; +http://www.google.com/bot.html)"
66.249.68.35 - - [19/Jul/2025:15:38:32 +0000] "GET /shopdetail/52345720.shtml HTTP/1.1" 200 18495 "-" "Mozilla/5.0 (Linux; Android 6.0.1; Nexus 5X Build/MMB29P) AppleWebKit/537.36 (KHTML, like Gecko) Chrome/137.0.7151.103 Mobile Safari/537.36 (compatible; Googlebot/2.1; +http://www.google.com/bot.html)"
66.249.68.34 - - [19/Jul/2025:15:38:52 +0000] "POST /get-message-notify HTTP/1.1" 200 18672 "https://cartel.express/shopdetail/53855050.shtml" "Mozilla/5.0 (Linux; Android 6.0.1; Nexus 5X Build/MMB29P) AppleWebKit/537.36 (KHTML, like Gecko) Chrome/137.0.7151.119 Mobile Safari/537.36 (compatible; Googlebot/2.1; +http://www.google.com/bot.html)"
66.249.68.33 - - [19/Jul/2025:15:38:56 +0000] "POST /get-message-notify HTTP/1.1" 200 18672 "https://cartel.express/pcmypage?callback=product/review/C1013432326" "Mozilla/5.0 (Linux; Android 6.0.1; Nexus 5X Build/MMB29P) AppleWebKit/537.36 (KHTML, like Gecko) Chrome/137.0.7151.119 Mobile Safari/537.36 (compatible; Googlebot/2.1; +http://www.google.com/bot.html)"
66.249.68.34 - - [19/Jul/2025:15:39:08 +0000] "GET /shopdetail/58734052.shtml HTTP/1.1" 200 18560 "-" "Mozilla/5.0 (Linux; Android 6.0.1; Nexus 5X Build/MMB29P) AppleWebKit/537.36 (KHTML, like Gecko) Chrome/137.0.7151.103 Mobile Safari/537.36 (compatible; Googlebot/2.1; +http://www.google.com/bot.html)"
66.249.68.35 - - [19/Jul/2025:15:39:09 +0000] "GET /pcmypage?callback=product/review/C893820141 HTTP/1.1" 200 18947 "-" "Mozilla/5.0 (Linux; Android 6.0.1; Nexus 5X Build/MMB29P) AppleWebKit/537.36 (KHTML, like Gecko) Chrome/137.0.7151.103 Mobile Safari/537.36 (compatible; Googlebot/2.1; +http://www.google.com/bot.html)"
66.249.68.35 - - [19/Jul/2025:15:39:11 +0000] "GET /pcmypage?callback=product/review/C1192441066 HTTP/1.1" 200 19544 "-" "Mozilla/5.0 (Linux; Android 6.0.1; Nexus 5X Build/MMB29P) AppleWebKit/537.36 (KHTML, like Gecko) Chrome/137.0.7151.103 Mobile Safari/537.36 (compatible; Googlebot/2.1; +http://www.google.com/bot.html)"
66.249.68.35 - - [19/Jul/2025:15:39:11 +0000] "GET /shopdetail/3235116.shtml HTTP/1.1" 200 18474 "-" "Mozilla/5.0 (Linux; Android 6.0.1; Nexus 5X Build/MMB29P) AppleWebKit/537.36 (KHTML, like Gecko) Chrome/137.0.7151.103 Mobile Safari/537.36 (compatible; Googlebot/2.1; +http://www.google.com/bot.html)"
66.249.68.33 - - [19/Jul/2025:15:39:15 +0000] "GET /pcmypage HTTP/1.1" 200 17957 "-" "Mozilla/5.0 (Linux; Android 6.0.1; Nexus 5X Build/MMB29P) AppleWebKit/537.36 (KHTML, like Gecko) Chrome/137.0.7151.103 Mobile Safari/537.36 (compatible; Googlebot/2.1; +http://www.google.com/bot.html)"
209.74.77.214 - - [19/Jul/2025:15:39:23 +0000] "POST /wp-cron.php?doing_wp_cron=1752939563.7793679237365722656250 HTTP/1.1" 200 - "-" "WordPress/6.8.2; https://cartel.express"
216.73.216.37 - - [19/Jul/2025:15:39:23 +0000] "GET /product-category/automotive-tools/?add-to-cart=19243 HTTP/1.1" 200 39190 "-" "Mozilla/5.0 AppleWebKit/537.36 (KHTML, like Gecko; compatible; ClaudeBot/1.0; [email protected])"
66.249.68.33 - - [19/Jul/2025:15:39:27 +0000] "POST /get-message-notify HTTP/1.1" 200 18672 "https://cartel.express/pcmypage?callback=product/review/C893820141" "Mozilla/5.0 (Linux; Android 6.0.1; Nexus 5X Build/MMB29P) AppleWebKit/537.36 (KHTML, like Gecko) Chrome/137.0.7151.119 Mobile Safari/537.36 (compatible; Googlebot/2.1; +http://www.google.com/bot.html)"
66.249.68.33 - - [19/Jul/2025:15:39:29 +0000] "GET /shopdetail/50912752.shtml HTTP/1.1" 200 18124 "-" "Mozilla/5.0 (Linux; Android 6.0.1; Nexus 5X Build/MMB29P) AppleWebKit/537.36 (KHTML, like Gecko) Chrome/137.0.7151.103 Mobile Safari/537.36 (compatible; Googlebot/2.1; +http://www.google.com/bot.html)"
66.249.68.33 - - [19/Jul/2025:15:39:32 +0000] "POST /get-message-notify HTTP/1.1" 200 18672 "https://cartel.express/shopdetail/3235116.shtml" "Mozilla/5.0 (Linux; Android 6.0.1; Nexus 5X Build/MMB29P) AppleWebKit/537.36 (KHTML, like Gecko) Chrome/137.0.7151.119 Mobile Safari/537.36 (compatible; Googlebot/2.1; +http://www.google.com/bot.html)"
66.249.68.33 - - [19/Jul/2025:15:39:38 +0000] "GET /pcmypage?callback=product%2Fdetail%2FC719151741 HTTP/1.1" 200 20986 "-" "Mozilla/5.0 (Linux; Android 6.0.1; Nexus 5X Build/MMB29P) AppleWebKit/537.36 (KHTML, like Gecko) Chrome/137.0.7151.103 Mobile Safari/537.36 (compatible; Googlebot/2.1; +http://www.google.com/bot.html)"
66.249.68.33 - - [19/Jul/2025:15:39:40 +0000] "GET /shopdetail/56481950.shtml HTTP/1.1" 200 18631 "-" "Mozilla/5.0 (Linux; Android 6.0.1; Nexus 5X Build/MMB29P) AppleWebKit/537.36 (KHTML, like Gecko) Chrome/137.0.7151.103 Mobile Safari/537.36 (compatible; Googlebot/2.1; +http://www.google.com/bot.html)"
66.249.68.33 - - [19/Jul/2025:15:39:46 +0000] "GET /shopdetail/60434706.shtml HTTP/1.1" 200 17910 "-" "Mozilla/5.0 (Linux; Android 6.0.1; Nexus 5X Build/MMB29P) AppleWebKit/537.36 (KHTML, like Gecko) Chrome/137.0.7151.103 Mobile Safari/537.36 (compatible; Googlebot/2.1; +http://www.google.com/bot.html)"
66.249.68.33 - - [19/Jul/2025:15:39:49 +0000] "POST /get-message-notify HTTP/1.1" 200 18672 "https://cartel.express/shopdetail/59087132.shtml" "Mozilla/5.0 (Linux; Android 6.0.1; Nexus 5X Build/MMB29P) AppleWebKit/537.36 (KHTML, like Gecko) Chrome/137.0.7151.119 Mobile Safari/537.36 (compatible; Googlebot/2.1; +http://www.google.com/bot.html)"
66.249.68.33 - - [19/Jul/2025:15:39:53 +0000] "GET /shopdetail/2471940.shtml HTTP/1.1" 200 18396 "-" "Mozilla/5.0 (Linux; Android 6.0.1; Nexus 5X Build/MMB29P) AppleWebKit/537.36 (KHTML, like Gecko) Chrome/137.0.7151.103 Mobile Safari/537.36 (compatible; Googlebot/2.1; +http://www.google.com/bot.html)"
66.249.68.33 - - [19/Jul/2025:15:40:02 +0000] "GET /shopdetail/873850.shtml HTTP/1.1" 200 18323 "-" "Mozilla/5.0 (Linux; Android 6.0.1; Nexus 5X Build/MMB29P) AppleWebKit/537.36 (KHTML, like Gecko) Chrome/137.0.7151.103 Mobile Safari/537.36 (compatible; Googlebot/2.1; +http://www.google.com/bot.html)"
66.249.68.35 - - [19/Jul/2025:15:40:02 +0000] "GET /safe_search/config?return_url=%2Fproduct%2Fdetail%2FC1438836425 HTTP/1.1" 200 21001 "-" "Mozilla/5.0 (Linux; Android 6.0.1; Nexus 5X Build/MMB29P) AppleWebKit/537.36 (KHTML, like Gecko) Chrome/137.0.7151.103 Mobile Safari/537.36 (compatible; Googlebot/2.1; +http://www.google.com/bot.html)"
66.249.68.34 - - [19/Jul/2025:15:40:08 +0000] "POST /get-message-notify HTTP/1.1" 200 18672 "https://cartel.express/shopdetail/2471940.shtml" "Mozilla/5.0 (Linux; Android 6.0.1; Nexus 5X Build/MMB29P) AppleWebKit/537.36 (KHTML, like Gecko) Chrome/137.0.7151.119 Mobile Safari/537.36 (compatible; Googlebot/2.1; +http://www.google.com/bot.html)"
66.249.68.33 - - [19/Jul/2025:15:40:16 +0000] "POST /get-message-notify HTTP/1.1" 200 18672 "https://cartel.express/shopdetail/873850.shtml" "Mozilla/5.0 (Linux; Android 6.0.1; Nexus 5X Build/MMB29P) AppleWebKit/537.36 (KHTML, like Gecko) Chrome/137.0.7151.119 Mobile Safari/537.36 (compatible; Googlebot/2.1; +http://www.google.com/bot.html)"
66.249.68.33 - - [19/Jul/2025:15:40:18 +0000] "POST /get-message-notify HTTP/1.1" 200 18672 "https://cartel.express/shopdetail/56481950.shtml" "Mozilla/5.0 (Linux; Android 6.0.1; Nexus 5X Build/MMB29P) AppleWebKit/537.36 (KHTML, like Gecko) Chrome/137.0.7151.119 Mobile Safari/537.36 (compatible; Googlebot/2.1; +http://www.google.com/bot.html)"
66.249.68.33 - - [19/Jul/2025:15:40:21 +0000] "GET /pcmypage?callback=product%2Fdetail%2FC3490559805 HTTP/1.1" 200 20988 "-" "Mozilla/5.0 (Linux; Android 6.0.1; Nexus 5X Build/MMB29P) AppleWebKit/537.36 (KHTML, like Gecko) Chrome/137.0.7151.103 Mobile Safari/537.36 (compatible; Googlebot/2.1; +http://www.google.com/bot.html)"
66.249.68.33 - - [19/Jul/2025:15:40:24 +0000] "GET /shopdetail/60447304.shtml HTTP/1.1" 200 18202 "-" "Mozilla/5.0 (Linux; Android 6.0.1; Nexus 5X Build/MMB29P) AppleWebKit/537.36 (KHTML, like Gecko) Chrome/137.0.7151.103 Mobile Safari/537.36 (compatible; Googlebot/2.1; +http://www.google.com/bot.html)"
66.249.68.33 - - [19/Jul/2025:15:40:27 +0000] "GET /shopdetail/5596646.shtml HTTP/1.1" 200 19260 "-" "Mozilla/5.0 (Linux; Android 6.0.1; Nexus 5X Build/MMB29P) AppleWebKit/537.36 (KHTML, like Gecko) Chrome/137.0.7151.103 Mobile Safari/537.36 (compatible; Googlebot/2.1; +http://www.google.com/bot.html)"
209.74.77.214 - - [19/Jul/2025:15:40:28 +0000] "POST /wp-cron.php?doing_wp_cron=1752939628.8875989913940429687500 HTTP/1.1" 200 - "-" "WordPress/6.8.2; https://cartel.express"
216.73.216.37 - - [19/Jul/2025:15:40:28 +0000] "GET /product/car-antifreeze/feed HTTP/1.1" 301 - "-" "Mozilla/5.0 AppleWebKit/537.36 (KHTML, like Gecko; compatible; ClaudeBot/1.0; [email protected])"
216.73.216.37 - - [19/Jul/2025:15:40:29 +0000] "GET /product/car-antifreeze/feed/ HTTP/1.1" 200 443 "https://cartel.express/product/car-antifreeze/feed" "Mozilla/5.0 AppleWebKit/537.36 (KHTML, like Gecko; compatible; ClaudeBot/1.0; [email protected])"
66.249.68.33 - - [19/Jul/2025:15:40:32 +0000] "POST /get-message-notify HTTP/1.1" 200 18672 "https://cartel.express/safe_search/config?return_url=%2Fproduct%2Fdetail%2FC1438836425" "Mozilla/5.0 (Linux; Android 6.0.1; Nexus 5X Build/MMB29P) AppleWebKit/537.36 (KHTML, like Gecko) Chrome/137.0.7151.119 Mobile Safari/537.36 (compatible; Googlebot/2.1; +http://www.google.com/bot.html)"
66.249.68.33 - - [19/Jul/2025:15:40:49 +0000] "GET /pcmypage?callback=product%2Fdetail%2FC2279836411 HTTP/1.1" 200 20987 "-" "Mozilla/5.0 (Linux; Android 6.0.1; Nexus 5X Build/MMB29P) AppleWebKit/537.36 (KHTML, like Gecko) Chrome/137.0.7151.103 Mobile Safari/537.36 (compatible; Googlebot/2.1; +http://www.google.com/bot.html)"
66.249.68.33 - - [19/Jul/2025:15:40:50 +0000] "GET /shopdetail/49396374.shtml HTTP/1.1" 200 17975 "-" "Mozilla/5.0 (Linux; Android 6.0.1; Nexus 5X Build/MMB29P) AppleWebKit/537.36 (KHTML, like Gecko) Chrome/137.0.7151.103 Mobile Safari/537.36 (compatible; Googlebot/2.1; +http://www.google.com/bot.html)"
66.249.68.33 - - [19/Jul/2025:15:40:52 +0000] "GET /shopdetail/3254650.shtml HTTP/1.1" 200 18299 "-" "Mozilla/5.0 (Linux; Android 6.0.1; Nexus 5X Build/MMB29P) AppleWebKit/537.36 (KHTML, like Gecko) Chrome/137.0.7151.103 Mobile Safari/537.36 (compatible; Googlebot/2.1; +http://www.google.com/bot.html)"
66.249.68.33 - - [19/Jul/2025:15:41:01 +0000] "POST /get-message-notify HTTP/1.1" 200 18672 "https://cartel.express/shopdetail/49388644.shtml" "Mozilla/5.0 (Linux; Android 6.0.1; Nexus 5X Build/MMB29P) AppleWebKit/537.36 (KHTML, like Gecko) Chrome/137.0.7151.119 Mobile Safari/537.36 (compatible; Googlebot/2.1; +http://www.google.com/bot.html)"
66.249.68.33 - - [19/Jul/2025:15:41:17 +0000] "GET /pcmypage?callback=product/review/C2162458612 HTTP/1.1" 200 20542 "-" "Mozilla/5.0 (Linux; Android 6.0.1; Nexus 5X Build/MMB29P) AppleWebKit/537.36 (KHTML, like Gecko) Chrome/137.0.7151.103 Mobile Safari/537.36 (compatible; Googlebot/2.1; +http://www.google.com/bot.html)"
66.249.68.33 - - [19/Jul/2025:15:41:23 +0000] "GET /shopdetail/2211338126.shtml HTTP/1.1" 200 21389 "-" "Mozilla/5.0 (Linux; Android 6.0.1; Nexus 5X Build/MMB29P) AppleWebKit/537.36 (KHTML, like Gecko) Chrome/137.0.7151.103 Mobile Safari/537.36 (compatible; Googlebot/2.1; +http://www.google.com/bot.html)"
66.249.68.33 - - [19/Jul/2025:15:41:25 +0000] "GET /shopdetail/5577304.shtml HTTP/1.1" 200 19496 "-" "Mozilla/5.0 (Linux; Android 6.0.1; Nexus 5X Build/MMB29P) AppleWebKit/537.36 (KHTML, like Gecko) Chrome/137.0.7151.103 Mobile Safari/537.36 (compatible; Googlebot/2.1; +http://www.google.com/bot.html)"
66.249.68.33 - - [19/Jul/2025:15:41:33 +0000] "GET /shopdetail/4305896.shtml HTTP/1.1" 200 20242 "-" "Mozilla/5.0 (Linux; Android 6.0.1; Nexus 5X Build/MMB29P) AppleWebKit/537.36 (KHTML, like Gecko) Chrome/137.0.7151.103 Mobile Safari/537.36 (compatible; Googlebot/2.1; +http://www.google.com/bot.html)"
66.249.68.33 - - [19/Jul/2025:15:41:34 +0000] "GET /shopdetail/1592480.shtml HTTP/1.1" 200 20605 "-" "Mozilla/5.0 (Linux; Android 6.0.1; Nexus 5X Build/MMB29P) AppleWebKit/537.36 (KHTML, like Gecko) Chrome/137.0.7151.103 Mobile Safari/537.36 (compatible; Googlebot/2.1; +http://www.google.com/bot.html)"
66.249.68.33 - - [19/Jul/2025:15:41:35 +0000] "POST /get-message-notify HTTP/1.1" 200 18672 "https://cartel.express/shopdetail/2211338126.shtml" "Mozilla/5.0 (Linux; Android 6.0.1; Nexus 5X Build/MMB29P) AppleWebKit/537.36 (KHTML, like Gecko) Chrome/137.0.7151.119 Mobile Safari/537.36 (compatible; Googlebot/2.1; +http://www.google.com/bot.html)"
209.74.77.214 - - [19/Jul/2025:15:41:39 +0000] "POST /wp-cron.php?doing_wp_cron=1752939699.8704800605773925781250 HTTP/1.1" 200 - "-" "WordPress/6.8.2; https://cartel.express"
216.73.216.37 - - [19/Jul/2025:15:41:39 +0000] "GET /product/car-antifreeze/?add-to-cart=19247 HTTP/1.1" 200 40020 "-" "Mozilla/5.0 AppleWebKit/537.36 (KHTML, like Gecko; compatible; ClaudeBot/1.0; [email protected])"
66.249.68.33 - - [19/Jul/2025:15:41:39 +0000] "POST /get-message-notify HTTP/1.1" 200 18672 "https://cartel.express/shopdetail/1592480.shtml" "Mozilla/5.0 (Linux; Android 6.0.1; Nexus 5X Build/MMB29P) AppleWebKit/537.36 (KHTML, like Gecko) Chrome/137.0.7151.119 Mobile Safari/537.36 (compatible; Googlebot/2.1; +http://www.google.com/bot.html)"
66.249.68.33 - - [19/Jul/2025:15:41:49 +0000] "POST /get-message-notify HTTP/1.1" 200 18672 "https://cartel.express/shopdetail/5577304.shtml" "Mozilla/5.0 (Linux; Android 6.0.1; Nexus 5X Build/MMB29P) AppleWebKit/537.36 (KHTML, like Gecko) Chrome/137.0.7151.119 Mobile Safari/537.36 (compatible; Googlebot/2.1; +http://www.google.com/bot.html)"
209.74.77.214 - - [19/Jul/2025:15:41:52 +0000] "POST /wp-cron.php?doing_wp_cron=1752939712.1032059192657470703125 HTTP/1.1" 200 - "-" "WordPress/6.8.2; https://cartel.express"
57.141.2.27 - - [19/Jul/2025:15:41:51 +0000] "GET /shopdetail/2388257930.shtml HTTP/1.1" 404 146918 "-" "meta-externalagent/1.1 (+https://developers.facebook.com/docs/sharing/webmasters/crawler)"
57.141.2.4 - - [19/Jul/2025:15:41:56 +0000] "GET /shopdetail/2388608698.shtml HTTP/1.1" 404 146918 "-" "meta-externalagent/1.1 (+https://developers.facebook.com/docs/sharing/webmasters/crawler)"
66.249.68.33 - - [19/Jul/2025:15:42:40 +0000] "GET /shopdetail/746477452.shtml HTTP/1.1" 200 19265 "-" "Mozilla/5.0 (Linux; Android 6.0.1; Nexus 5X Build/MMB29P) AppleWebKit/537.36 (KHTML, like Gecko) Chrome/137.0.7151.103 Mobile Safari/537.36 (compatible; Googlebot/2.1; +http://www.google.com/bot.html)"
209.74.77.214 - - [19/Jul/2025:15:42:42 +0000] "POST /wp-cron.php?doing_wp_cron=1752939762.0134170055389404296875 HTTP/1.1" 200 - "-" "WordPress/6.8.2; https://cartel.express"
209.74.77.214 - - [19/Jul/2025:15:42:42 +0000] "POST /wp-cron.php?doing_wp_cron=1752939762.0136311054229736328125 HTTP/1.1" 200 - "-" "WordPress/6.8.2; https://cartel.express"
216.73.216.37 - - [19/Jul/2025:15:42:39 +0000] "GET /the-biggest-challenges-of-leather-seat-cleaning/feed HTTP/1.1" 301 - "-" "Mozilla/5.0 AppleWebKit/537.36 (KHTML, like Gecko; compatible; ClaudeBot/1.0; [email protected])"
57.141.2.26 - - [19/Jul/2025:15:42:41 +0000] "GET /shopdetail/2388217074.shtml HTTP/1.1" 404 146915 "-" "meta-externalagent/1.1 (+https://developers.facebook.com/docs/sharing/webmasters/crawler)"
216.73.216.37 - - [19/Jul/2025:15:42:42 +0000] "GET /the-biggest-challenges-of-leather-seat-cleaning/feed/ HTTP/1.1" 200 472 "https://cartel.express/the-biggest-challenges-of-leather-seat-cleaning/feed" "Mozilla/5.0 AppleWebKit/537.36 (KHTML, like Gecko; compatible; ClaudeBot/1.0; [email protected])"
216.73.216.37 - - [19/Jul/2025:15:42:44 +0000] "GET /taking-your-vehicle-to-the-next-level-with-our-parts/feed HTTP/1.1" 301 - "-" "Mozilla/5.0 AppleWebKit/537.36 (KHTML, like Gecko; compatible; ClaudeBot/1.0; [email protected])"
216.73.216.37 - - [19/Jul/2025:15:42:44 +0000] "GET /taking-your-vehicle-to-the-next-level-with-our-parts/feed/ HTTP/1.1" 200 485 "https://cartel.express/taking-your-vehicle-to-the-next-level-with-our-parts/feed" "Mozilla/5.0 AppleWebKit/537.36 (KHTML, like Gecko; compatible; ClaudeBot/1.0; [email protected])"
66.249.68.34 - - [19/Jul/2025:15:42:49 +0000] "GET /shopdetail/5608062.shtml HTTP/1.1" 200 19100 "-" "Mozilla/5.0 (Linux; Android 6.0.1; Nexus 5X Build/MMB29P) AppleWebKit/537.36 (KHTML, like Gecko) Chrome/137.0.7151.103 Mobile Safari/537.36 (compatible; Googlebot/2.1; +http://www.google.com/bot.html)"
66.249.68.34 - - [19/Jul/2025:15:42:52 +0000] "POST /get-message-notify HTTP/1.1" 200 18672 "https://cartel.express/shopdetail/5608062.shtml" "Mozilla/5.0 (Linux; Android 6.0.1; Nexus 5X Build/MMB29P) AppleWebKit/537.36 (KHTML, like Gecko) Chrome/137.0.7151.119 Mobile Safari/537.36 (compatible; Googlebot/2.1; +http://www.google.com/bot.html)"
66.249.68.35 - - [19/Jul/2025:15:43:00 +0000] "POST /get-message-notify HTTP/1.1" 200 18672 "https://cartel.express/shopdetail/746477452.shtml" "Mozilla/5.0 (Linux; Android 6.0.1; Nexus 5X Build/MMB29P) AppleWebKit/537.36 (KHTML, like Gecko) Chrome/137.0.7151.119 Mobile Safari/537.36 (compatible; Googlebot/2.1; +http://www.google.com/bot.html)"
209.74.77.214 - - [19/Jul/2025:15:43:52 +0000] "POST /wp-cron.php?doing_wp_cron=1752939832.0706059932708740234375 HTTP/1.1" 200 - "-" "WordPress/6.8.2; https://cartel.express"
216.73.216.37 - - [19/Jul/2025:15:43:48 +0000] "GET /product-category/custom-wheels/?quick-view=27026 HTTP/1.1" 200 39859 "-" "Mozilla/5.0 AppleWebKit/537.36 (KHTML, like Gecko; compatible; ClaudeBot/1.0; [email protected])"
209.74.77.214 - - [19/Jul/2025:15:45:00 +0000] "POST /wp-cron.php?doing_wp_cron=1752939900.5385379791259765625000 HTTP/1.1" 200 - "-" "WordPress/6.8.2; https://cartel.express"
216.73.216.37 - - [19/Jul/2025:15:44:58 +0000] "GET /product-tag/support HTTP/1.1" 301 - "-" "Mozilla/5.0 AppleWebKit/537.36 (KHTML, like Gecko; compatible; ClaudeBot/1.0; [email protected])"
216.73.216.37 - - [19/Jul/2025:15:45:00 +0000] "GET /product-tag/support/ HTTP/1.1" 200 38385 "https://cartel.express/product-tag/support" "Mozilla/5.0 AppleWebKit/537.36 (KHTML, like Gecko; compatible; ClaudeBot/1.0; [email protected])"
216.73.216.37 - - [19/Jul/2025:15:45:03 +0000] "GET /services/feed HTTP/1.1" 301 - "-" "Mozilla/5.0 AppleWebKit/537.36 (KHTML, like Gecko; compatible; ClaudeBot/1.0; [email protected])"
216.73.216.37 - - [19/Jul/2025:15:45:03 +0000] "GET /services/feed/ HTTP/1.1" 200 3039 "https://cartel.express/services/feed" "Mozilla/5.0 AppleWebKit/537.36 (KHTML, like Gecko; compatible; ClaudeBot/1.0; [email protected])"
66.249.68.35 - - [19/Jul/2025:15:45:30 +0000] "GET /pcmypage?callback=/product%2Fdetail%2FC2828997305 HTTP/1.1" 200 20989 "-" "Mozilla/5.0 (Linux; Android 6.0.1; Nexus 5X Build/MMB29P) AppleWebKit/537.36 (KHTML, like Gecko) Chrome/137.0.7151.103 Mobile Safari/537.36 (compatible; Googlebot/2.1; +http://www.google.com/bot.html)"
209.74.77.214 - - [19/Jul/2025:15:45:59 +0000] "POST /wp-cron.php?doing_wp_cron=1752939959.4403181076049804687500 HTTP/1.1" 200 - "-" "WordPress/6.8.2; https://cartel.express"
216.73.216.37 - - [19/Jul/2025:15:45:59 +0000] "GET /?p=27129 HTTP/1.1" 301 - "-" "Mozilla/5.0 AppleWebKit/537.36 (KHTML, like Gecko; compatible; ClaudeBot/1.0; [email protected])"
216.73.216.37 - - [19/Jul/2025:15:45:59 +0000] "GET /product/sharp-spike-rim/ HTTP/1.1" 200 40795 "https://cartel.express/?p=27129" "Mozilla/5.0 AppleWebKit/537.36 (KHTML, like Gecko; compatible; ClaudeBot/1.0; [email protected])"
216.73.216.37 - - [19/Jul/2025:15:46:01 +0000] "GET /?p=298 HTTP/1.1" 301 - "-" "Mozilla/5.0 AppleWebKit/537.36 (KHTML, like Gecko; compatible; ClaudeBot/1.0; [email protected])"
216.73.216.37 - - [19/Jul/2025:15:46:02 +0000] "GET /giving-a-new-life-to-old-headlights-polish-sealing/ HTTP/1.1" 200 28801 "https://cartel.express/?p=298" "Mozilla/5.0 AppleWebKit/537.36 (KHTML, like Gecko; compatible; ClaudeBot/1.0; [email protected])"
66.249.68.35 - - [19/Jul/2025:15:46:04 +0000] "POST /get-message-notify HTTP/1.1" 200 18672 "https://cartel.express/pcmypage?callback=/product%2Fdetail%2FC2828997305" "Mozilla/5.0 (Linux; Android 6.0.1; Nexus 5X Build/MMB29P) AppleWebKit/537.36 (KHTML, like Gecko) Chrome/137.0.7151.119 Mobile Safari/537.36 (compatible; Googlebot/2.1; +http://www.google.com/bot.html)"
209.74.77.214 - - [19/Jul/2025:15:47:07 +0000] "POST /wp-cron.php?doing_wp_cron=1752940027.5071570873260498046875 HTTP/1.1" 200 - "-" "WordPress/6.8.2; https://cartel.express"
216.73.216.37 - - [19/Jul/2025:15:47:05 +0000] "GET /giving-a-new-life-to-old-headlights-polish-sealing/feed HTTP/1.1" 301 - "-" "Mozilla/5.0 AppleWebKit/537.36 (KHTML, like Gecko; compatible; ClaudeBot/1.0; [email protected])"
216.73.216.37 - - [19/Jul/2025:15:47:07 +0000] "GET /giving-a-new-life-to-old-headlights-polish-sealing/feed/ HTTP/1.1" 200 488 "https://cartel.express/giving-a-new-life-to-old-headlights-polish-sealing/feed" "Mozilla/5.0 AppleWebKit/537.36 (KHTML, like Gecko; compatible; ClaudeBot/1.0; [email protected])"
216.73.216.37 - - [19/Jul/2025:15:47:08 +0000] "GET /services/page/2 HTTP/1.1" 301 - "-" "Mozilla/5.0 AppleWebKit/537.36 (KHTML, like Gecko; compatible; ClaudeBot/1.0; [email protected])"
216.73.216.37 - - [19/Jul/2025:15:47:08 +0000] "GET /services/page/2/ HTTP/1.1" 200 37087 "https://cartel.express/services/page/2" "Mozilla/5.0 AppleWebKit/537.36 (KHTML, like Gecko; compatible; ClaudeBot/1.0; [email protected])"
209.74.77.214 - - [19/Jul/2025:15:48:08 +0000] "POST /wp-cron.php?doing_wp_cron=1752940088.4257171154022216796875 HTTP/1.1" 200 - "-" "WordPress/6.8.2; https://cartel.express"
216.73.216.37 - - [19/Jul/2025:15:48:06 +0000] "GET /?p=19249 HTTP/1.1" 301 - "-" "Mozilla/5.0 AppleWebKit/537.36 (KHTML, like Gecko; compatible; ClaudeBot/1.0; [email protected])"
216.73.216.37 - - [19/Jul/2025:15:48:08 +0000] "GET /product/suspension-spring/ HTTP/1.1" 200 40751 "https://cartel.express/?p=19249" "Mozilla/5.0 AppleWebKit/537.36 (KHTML, like Gecko; compatible; ClaudeBot/1.0; [email protected])"
216.73.216.37 - - [19/Jul/2025:15:48:12 +0000] "GET /product-tag/system HTTP/1.1" 301 - "-" "Mozilla/5.0 AppleWebKit/537.36 (KHTML, like Gecko; compatible; ClaudeBot/1.0; [email protected])"
216.73.216.37 - - [19/Jul/2025:15:48:12 +0000] "GET /product-tag/system/ HTTP/1.1" 200 38392 "https://cartel.express/product-tag/system" "Mozilla/5.0 AppleWebKit/537.36 (KHTML, like Gecko; compatible; ClaudeBot/1.0; [email protected])"
46.228.199.158 - - [19/Jul/2025:15:48:19 +0000] "GET / HTTP/1.1" 200 40552 "-" "Mozilla/5.0 (Windows NT 10.0; Win64; x64) AppleWebKit/537.36 (KHTML, like Gecko) Chrome/91.0.4472.114 Safari/537.36 Edg/91.0.864.54"
209.74.77.214 - - [19/Jul/2025:15:48:41 +0000] "POST /wp-cron.php?doing_wp_cron=1752940121.0675818920135498046875 HTTP/1.1" 200 - "-" "WordPress/6.8.2; https://cartel.express"
57.141.2.2 - - [19/Jul/2025:15:48:40 +0000] "GET /shopdetail/2388547318.shtml HTTP/1.1" 404 146911 "-" "meta-externalagent/1.1 (+https://developers.facebook.com/docs/sharing/webmasters/crawler)"
209.74.77.214 - - [19/Jul/2025:15:49:12 +0000] "POST /wp-cron.php?doing_wp_cron=1752940152.4861919879913330078125 HTTP/1.1" 200 - "-" "WordPress/6.8.2; https://cartel.express"
216.73.216.37 - - [19/Jul/2025:15:49:12 +0000] "GET /product-tag/tires/feed HTTP/1.1" 301 - "-" "Mozilla/5.0 AppleWebKit/537.36 (KHTML, like Gecko; compatible; ClaudeBot/1.0; [email protected])"
216.73.216.37 - - [19/Jul/2025:15:49:12 +0000] "GET /product-tag/tires/feed/ HTTP/1.1" 200 1382 "https://cartel.express/product-tag/tires/feed" "Mozilla/5.0 AppleWebKit/537.36 (KHTML, like Gecko; compatible; ClaudeBot/1.0; [email protected])"
209.74.77.214 - - [19/Jul/2025:15:49:15 +0000] "POST /wp-cron.php?doing_wp_cron=1752940155.2103960514068603515625 HTTP/1.1" 200 - "-" "WordPress/6.8.2; https://cartel.express"
216.73.216.37 - - [19/Jul/2025:15:49:14 +0000] "GET /services_group/main-services HTTP/1.1" 301 - "-" "Mozilla/5.0 AppleWebKit/537.36 (KHTML, like Gecko; compatible; ClaudeBot/1.0; [email protected])"
216.73.216.37 - - [19/Jul/2025:15:49:15 +0000] "GET /services_group/main-services/ HTTP/1.1" 200 36875 "https://cartel.express/services_group/main-services" "Mozilla/5.0 AppleWebKit/537.36 (KHTML, like Gecko; compatible; ClaudeBot/1.0; [email protected])"
209.74.77.214 - - [19/Jul/2025:15:50:23 +0000] "POST /wp-cron.php?doing_wp_cron=1752940223.6664628982543945312500 HTTP/1.1" 200 - "-" "WordPress/6.8.2; https://cartel.express"
216.73.216.37 - - [19/Jul/2025:15:50:20 +0000] "GET /product-category/brake-pads/feed HTTP/1.1" 301 - "-" "Mozilla/5.0 AppleWebKit/537.36 (KHTML, like Gecko; compatible; ClaudeBot/1.0; [email protected])"
209.74.77.214 - - [19/Jul/2025:15:50:24 +0000] "POST /wp-cron.php?doing_wp_cron=1752940224.1477510929107666015625 HTTP/1.1" 200 - "-" "WordPress/6.8.2; https://cartel.express"
216.73.216.37 - - [19/Jul/2025:15:50:23 +0000] "GET /product-category/brake-pads/feed/ HTTP/1.1" 200 910 "https://cartel.express/product-category/brake-pads/feed" "Mozilla/5.0 AppleWebKit/537.36 (KHTML, like Gecko; compatible; ClaudeBot/1.0; [email protected])"
209.74.77.214 - - [19/Jul/2025:15:51:28 +0000] "POST /wp-cron.php?doing_wp_cron=1752940288.2735939025878906250000 HTTP/1.1" 200 - "-" "WordPress/6.8.2; https://cartel.express"
216.73.216.37 - - [19/Jul/2025:15:51:26 +0000] "GET /product-category/tires/feed HTTP/1.1" 301 - "-" "Mozilla/5.0 AppleWebKit/537.36 (KHTML, like Gecko; compatible; ClaudeBot/1.0; [email protected])"
216.73.216.37 - - [19/Jul/2025:15:51:28 +0000] "GET /product-category/tires/feed/ HTTP/1.1" 200 1258 "https://cartel.express/product-category/tires/feed" "Mozilla/5.0 AppleWebKit/537.36 (KHTML, like Gecko; compatible; ClaudeBot/1.0; [email protected])"
209.74.77.214 - - [19/Jul/2025:15:52:31 +0000] "POST /wp-cron.php?doing_wp_cron=1752940351.7770390510559082031250 HTTP/1.1" 200 - "-" "WordPress/6.8.2; https://cartel.express"
216.73.216.37 - - [19/Jul/2025:15:52:29 +0000] "GET /product-tag/tires/?quick-view=27384 HTTP/1.1" 200 40136 "-" "Mozilla/5.0 AppleWebKit/537.36 (KHTML, like Gecko; compatible; ClaudeBot/1.0; [email protected])"
209.74.77.214 - - [19/Jul/2025:15:52:54 +0000] "POST /wp-cron.php?doing_wp_cron=1752940374.2393701076507568359375 HTTP/1.1" 200 - "-" "WordPress/6.8.2; https://cartel.express"
91.228.225.143 - - [19/Jul/2025:15:52:54 +0000] "GET /wp-content/plugins/customer-reviews-woocommerce/js/form.js HTTP/1.1" 404 147005 "https://www.google.com/" "Mozilla/5.0 (Windows NT 10.0; Win64; x64) AppleWebKit/537.36 (KHTML, like Gecko) Chrome/126.0.0.0 Safari/537.36"
57.141.2.2 - - [19/Jul/2025:15:53:08 +0000] "GET /shopdetail/2388401470.shtml HTTP/1.1" 404 146915 "-" "meta-externalagent/1.1 (+https://developers.facebook.com/docs/sharing/webmasters/crawler)"
209.74.77.214 - - [19/Jul/2025:15:53:43 +0000] "POST /wp-cron.php?doing_wp_cron=1752940423.3780860900878906250000 HTTP/1.1" 200 - "-" "WordPress/6.8.2; https://cartel.express"
216.73.216.37 - - [19/Jul/2025:15:53:41 +0000] "GET /product-tag/tires/?quick-view=27078 HTTP/1.1" 200 40135 "-" "Mozilla/5.0 AppleWebKit/537.36 (KHTML, like Gecko; compatible; ClaudeBot/1.0; [email protected])"
209.74.77.214 - - [19/Jul/2025:15:54:51 +0000] "POST /wp-cron.php?doing_wp_cron=1752940491.8164598941802978515625 HTTP/1.1" 200 - "-" "WordPress/6.8.2; https://cartel.express"
216.73.216.37 - - [19/Jul/2025:15:54:48 +0000] "GET /product-tag/tires/?quick-view=27129 HTTP/1.1" 200 40143 "-" "Mozilla/5.0 AppleWebKit/537.36 (KHTML, like Gecko; compatible; ClaudeBot/1.0; [email protected])"
209.74.77.214 - - [19/Jul/2025:15:55:54 +0000] "POST /wp-cron.php?doing_wp_cron=1752940554.9480741024017333984375 HTTP/1.1" 200 - "-" "WordPress/6.8.2; https://cartel.express"
216.73.216.37 - - [19/Jul/2025:15:55:53 +0000] "GET /product-tag/tires/?quick-view=27231 HTTP/1.1" 200 40144 "-" "Mozilla/5.0 AppleWebKit/537.36 (KHTML, like Gecko; compatible; ClaudeBot/1.0; [email protected])"
209.74.77.214 - - [19/Jul/2025:15:56:51 +0000] "POST /wp-cron.php?doing_wp_cron=1752940611.3542039394378662109375 HTTP/1.1" 200 - "-" "WordPress/6.8.2; https://cartel.express"
57.141.2.19 - - [19/Jul/2025:15:56:49 +0000] "GET /shopdetail/2388404768.shtml HTTP/1.1" 404 146918 "-" "meta-externalagent/1.1 (+https://developers.facebook.com/docs/sharing/webmasters/crawler)"
216.73.216.37 - - [19/Jul/2025:15:57:08 +0000] "GET /product-tag/tires/?quick-view=27333 HTTP/1.1" 200 40146 "-" "Mozilla/5.0 AppleWebKit/537.36 (KHTML, like Gecko; compatible; ClaudeBot/1.0; [email protected])"
209.74.77.214 - - [19/Jul/2025:15:58:25 +0000] "POST /wp-cron.php?doing_wp_cron=1752940705.3316459655761718750000 HTTP/1.1" 200 - "-" "WordPress/6.8.2; https://cartel.express"
216.73.216.37 - - [19/Jul/2025:15:58:23 +0000] "GET /product-tag/tires/?quick-view=26952 HTTP/1.1" 200 40142 "-" "Mozilla/5.0 AppleWebKit/537.36 (KHTML, like Gecko; compatible; ClaudeBot/1.0; [email protected])"
209.74.77.214 - - [19/Jul/2025:15:59:29 +0000] "POST /wp-cron.php?doing_wp_cron=1752940769.0060958862304687500000 HTTP/1.1" 200 - "-" "WordPress/6.8.2; https://cartel.express"
216.73.216.37 - - [19/Jul/2025:15:59:26 +0000] "GET /product-tag/tires/?quick-view=27140 HTTP/1.1" 200 40141 "-" "Mozilla/5.0 AppleWebKit/537.36 (KHTML, like Gecko; compatible; ClaudeBot/1.0; [email protected])"
209.74.77.214 - - [19/Jul/2025:16:00:40 +0000] "POST /wp-cron.php?doing_wp_cron=1752940840.1121599674224853515625 HTTP/1.1" 200 - "-" "WordPress/6.8.2; https://cartel.express"
216.73.216.37 - - [19/Jul/2025:16:00:37 +0000] "GET /product-category/seat-covers/feed HTTP/1.1" 301 - "-" "Mozilla/5.0 AppleWebKit/537.36 (KHTML, like Gecko; compatible; ClaudeBot/1.0; [email protected])"
216.73.216.37 - - [19/Jul/2025:16:00:40 +0000] "GET /product-category/seat-covers/feed/ HTTP/1.1" 200 1014 "https://cartel.express/product-category/seat-covers/feed" "Mozilla/5.0 AppleWebKit/537.36 (KHTML, like Gecko; compatible; ClaudeBot/1.0; [email protected])"
209.74.77.214 - - [19/Jul/2025:16:01:49 +0000] "POST /wp-cron.php?doing_wp_cron=1752940909.2757089138031005859375 HTTP/1.1" 200 - "-" "WordPress/6.8.2; https://cartel.express"
