216.73.216.37 - - [19/Jul/2025:16:01:46 +0000] "GET /product-tag/item HTTP/1.1" 301 - "-" "Mozilla/5.0 AppleWebKit/537.36 (KHTML, like Gecko; compatible; ClaudeBot/1.0; [email protected])"
216.73.216.37 - - [19/Jul/2025:16:01:49 +0000] "GET /product-tag/item/ HTTP/1.1" 200 38798 "https://cartel.express/product-tag/item" "Mozilla/5.0 AppleWebKit/537.36 (KHTML, like Gecko; compatible; ClaudeBot/1.0; [email protected])"
209.74.77.214 - - [19/Jul/2025:16:02:59 +0000] "POST /wp-cron.php?doing_wp_cron=1752940979.4639461040496826171875 HTTP/1.1" 200 - "-" "WordPress/6.8.2; https://cartel.express"
216.73.216.37 - - [19/Jul/2025:16:02:57 +0000] "GET /product-tag/tires/?quick-view=27282 HTTP/1.1" 200 40142 "-" "Mozilla/5.0 AppleWebKit/537.36 (KHTML, like Gecko; compatible; ClaudeBot/1.0; [email protected])"
209.74.77.214 - - [19/Jul/2025:16:04:12 +0000] "POST /wp-cron.php?doing_wp_cron=1752941052.9014449119567871093750 HTTP/1.1" 200 - "-" "WordPress/6.8.2; https://cartel.express"
216.73.216.37 - - [19/Jul/2025:16:04:10 +0000] "GET /product-tag/tires/?quick-view=27026 HTTP/1.1" 200 40143 "-" "Mozilla/5.0 AppleWebKit/537.36 (KHTML, like Gecko; compatible; ClaudeBot/1.0; [email protected])"
209.74.77.214 - - [19/Jul/2025:16:05:31 +0000] "POST /wp-cron.php?doing_wp_cron=1752941131.2698891162872314453125 HTTP/1.1" 200 - "-" "WordPress/6.8.2; https://cartel.express"
216.73.216.37 - - [19/Jul/2025:16:05:28 +0000] "GET /product-category/tires/?quick-view=27078 HTTP/1.1" 200 39308 "-" "Mozilla/5.0 AppleWebKit/537.36 (KHTML, like Gecko; compatible; ClaudeBot/1.0; [email protected])"
209.74.77.214 - - [19/Jul/2025:16:06:38 +0000] "POST /wp-cron.php?doing_wp_cron=1752941198.0098259449005126953125 HTTP/1.1" 200 - "-" "WordPress/6.8.2; https://cartel.express"
216.73.216.37 - - [19/Jul/2025:16:06:36 +0000] "GET /product/suspension-spring/feed HTTP/1.1" 301 - "-" "Mozilla/5.0 AppleWebKit/537.36 (KHTML, like Gecko; compatible; ClaudeBot/1.0; [email protected])"
216.73.216.37 - - [19/Jul/2025:16:06:38 +0000] "GET /product/suspension-spring/feed/ HTTP/1.1" 200 724 "https://cartel.express/product/suspension-spring/feed" "Mozilla/5.0 AppleWebKit/537.36 (KHTML, like Gecko; compatible; ClaudeBot/1.0; [email protected])"
209.74.77.214 - - [19/Jul/2025:16:07:42 +0000] "POST /wp-cron.php?doing_wp_cron=1752941262.2940769195556640625000 HTTP/1.1" 200 - "-" "WordPress/6.8.2; https://cartel.express"
216.73.216.37 - - [19/Jul/2025:16:07:40 +0000] "GET /product-category/brake-pads/?quick-view=19252 HTTP/1.1" 200 38042 "-" "Mozilla/5.0 AppleWebKit/537.36 (KHTML, like Gecko; compatible; ClaudeBot/1.0; [email protected])"
209.74.77.214 - - [19/Jul/2025:16:09:03 +0000] "POST /wp-cron.php?doing_wp_cron=1752941343.3191719055175781250000 HTTP/1.1" 200 - "-" "WordPress/6.8.2; https://cartel.express"
216.73.216.37 - - [19/Jul/2025:16:09:00 +0000] "GET /services_group/car-detailing HTTP/1.1" 301 - "-" "Mozilla/5.0 AppleWebKit/537.36 (KHTML, like Gecko; compatible; ClaudeBot/1.0; [email protected])"
216.73.216.37 - - [19/Jul/2025:16:09:03 +0000] "GET /services_group/car-detailing/ HTTP/1.1" 200 36751 "https://cartel.express/services_group/car-detailing" "Mozilla/5.0 AppleWebKit/537.36 (KHTML, like Gecko; compatible; ClaudeBot/1.0; [email protected])"
209.74.77.214 - - [19/Jul/2025:16:09:24 +0000] "POST /wp-cron.php?doing_wp_cron=1752941364.8025898933410644531250 HTTP/1.1" 200 - "-" "WordPress/6.8.2; https://cartel.express"
57.141.2.23 - - [19/Jul/2025:16:09:24 +0000] "GET /shopdetail/2168007566.shtml HTTP/1.1" 404 146918 "-" "meta-externalagent/1.1 (+https://developers.facebook.com/docs/sharing/webmasters/crawler)"
209.74.77.214 - - [19/Jul/2025:16:10:12 +0000] "POST /wp-cron.php?doing_wp_cron=1752941412.5496850013732910156250 HTTP/1.1" 200 - "-" "WordPress/6.8.2; https://cartel.express"
216.73.216.37 - - [19/Jul/2025:16:10:10 +0000] "GET /product-category/tires/?quick-view=27231 HTTP/1.1" 200 39309 "-" "Mozilla/5.0 AppleWebKit/537.36 (KHTML, like Gecko; compatible; ClaudeBot/1.0; [email protected])"
209.74.77.214 - - [19/Jul/2025:16:11:16 +0000] "POST /wp-cron.php?doing_wp_cron=1752941476.8446791172027587890625 HTTP/1.1" 200 - "-" "WordPress/6.8.2; https://cartel.express"
216.73.216.37 - - [19/Jul/2025:16:11:14 +0000] "GET /product-category/tires/?quick-view=19248 HTTP/1.1" 200 39309 "-" "Mozilla/5.0 AppleWebKit/537.36 (KHTML, like Gecko; compatible; ClaudeBot/1.0; [email protected])"
209.74.77.214 - - [19/Jul/2025:16:12:23 +0000] "POST /wp-cron.php?doing_wp_cron=1752941543.5563941001892089843750 HTTP/1.1" 200 - "-" "WordPress/6.8.2; https://cartel.express"
216.73.216.37 - - [19/Jul/2025:16:12:21 +0000] "GET /product-category/tires/?quick-view=19252 HTTP/1.1" 200 39307 "-" "Mozilla/5.0 AppleWebKit/537.36 (KHTML, like Gecko; compatible; ClaudeBot/1.0; [email protected])"
66.249.68.33 - - [19/Jul/2025:16:12:50 +0000] "GET /zhHant/product/surugaya/C4002388125?campaign_uid=f64d716db5e979ed2f947dbaf4296895b951ae7f HTTP/1.1" 200 19742 "-" "Mozilla/5.0 (Linux; Android 6.0.1; Nexus 5X Build/MMB29P) AppleWebKit/537.36 (KHTML, like Gecko) Chrome/137.0.7151.103 Mobile Safari/537.36 (compatible; Googlebot/2.1; +http://www.google.com/bot.html)"
209.74.77.214 - - [19/Jul/2025:16:12:52 +0000] "POST /wp-cron.php?doing_wp_cron=1752941572.2665140628814697265625 HTTP/1.1" 200 - "-" "WordPress/6.8.2; https://cartel.express"
57.141.2.29 - - [19/Jul/2025:16:12:51 +0000] "GET /shopdetail/2388007406.shtml HTTP/1.1" 404 146915 "-" "meta-externalagent/1.1 (+https://developers.facebook.com/docs/sharing/webmasters/crawler)"
209.74.77.214 - - [19/Jul/2025:16:13:39 +0000] "POST /wp-cron.php?doing_wp_cron=1752941619.2972710132598876953125 HTTP/1.1" 200 - "-" "WordPress/6.8.2; https://cartel.express"
216.73.216.37 - - [19/Jul/2025:16:13:37 +0000] "GET /product-category/brake-pads/?add-to-cart=19252 HTTP/1.1" 200 38114 "-" "Mozilla/5.0 AppleWebKit/537.36 (KHTML, like Gecko; compatible; ClaudeBot/1.0; [email protected])"
209.74.77.214 - - [19/Jul/2025:16:14:40 +0000] "POST /wp-cron.php?doing_wp_cron=1752941680.6547179222106933593750 HTTP/1.1" 200 - "-" "WordPress/6.8.2; https://cartel.express"
216.73.216.37 - - [19/Jul/2025:16:14:38 +0000] "GET /product-category/seat-covers/?quick-view=19250 HTTP/1.1" 200 37841 "-" "Mozilla/5.0 AppleWebKit/537.36 (KHTML, like Gecko; compatible; ClaudeBot/1.0; [email protected])"
209.74.77.214 - - [19/Jul/2025:16:15:45 +0000] "POST /wp-cron.php?doing_wp_cron=1752941745.1974809169769287109375 HTTP/1.1" 200 - "-" "WordPress/6.8.2; https://cartel.express"
216.73.216.37 - - [19/Jul/2025:16:15:42 +0000] "GET /product-category/tires/?add-to-cart=19252 HTTP/1.1" 200 39367 "-" "Mozilla/5.0 AppleWebKit/537.36 (KHTML, like Gecko; compatible; ClaudeBot/1.0; [email protected])"
209.74.77.214 - - [19/Jul/2025:16:16:54 +0000] "POST /wp-cron.php?doing_wp_cron=1752941814.5675110816955566406250 HTTP/1.1" 200 - "-" "WordPress/6.8.2; https://cartel.express"
216.73.216.37 - - [19/Jul/2025:16:16:52 +0000] "GET /product-category/seat-covers/?add-to-cart=19250 HTTP/1.1" 200 37885 "-" "Mozilla/5.0 AppleWebKit/537.36 (KHTML, like Gecko; compatible; ClaudeBot/1.0; [email protected])"
209.74.77.214 - - [19/Jul/2025:16:17:36 +0000] "POST /wp-cron.php?doing_wp_cron=1752941856.8572258949279785156250 HTTP/1.1" 200 - "-" "WordPress/6.8.2; https://cartel.express"
57.141.2.16 - - [19/Jul/2025:16:17:34 +0000] "GET /shopdetail/2388185992.shtml HTTP/1.1" 404 146913 "-" "meta-externalagent/1.1 (+https://developers.facebook.com/docs/sharing/webmasters/crawler)"
209.74.77.214 - - [19/Jul/2025:16:18:01 +0000] "POST /wp-cron.php?doing_wp_cron=1752941881.5208048820495605468750 HTTP/1.1" 200 - "-" "WordPress/6.8.2; https://cartel.express"
216.73.216.37 - - [19/Jul/2025:16:17:59 +0000] "GET /product/suspension-spring/?add-to-cart=19247 HTTP/1.1" 200 40804 "-" "Mozilla/5.0 AppleWebKit/537.36 (KHTML, like Gecko; compatible; ClaudeBot/1.0; [email protected])"
209.74.77.214 - - [19/Jul/2025:16:19:13 +0000] "POST /wp-cron.php?doing_wp_cron=1752941953.6338601112365722656250 HTTP/1.1" 200 - "-" "WordPress/6.8.2; https://cartel.express"
216.73.216.37 - - [19/Jul/2025:16:19:10 +0000] "GET /product/suspension-spring/?add-to-cart=19252 HTTP/1.1" 200 40941 "-" "Mozilla/5.0 AppleWebKit/537.36 (KHTML, like Gecko; compatible; ClaudeBot/1.0; [email protected])"
209.74.77.214 - - [19/Jul/2025:16:20:26 +0000] "POST /wp-cron.php?doing_wp_cron=1752942026.1728100776672363281250 HTTP/1.1" 200 - "-" "WordPress/6.8.2; https://cartel.express"
216.73.216.37 - - [19/Jul/2025:16:20:23 +0000] "GET /product/suspension-spring/?add-to-cart=19243 HTTP/1.1" 200 40948 "-" "Mozilla/5.0 AppleWebKit/537.36 (KHTML, like Gecko; compatible; ClaudeBot/1.0; [email protected])"
209.74.77.214 - - [19/Jul/2025:16:21:40 +0000] "POST /wp-cron.php?doing_wp_cron=1752942100.1006989479064941406250 HTTP/1.1" 200 - "-" "WordPress/6.8.2; https://cartel.express"
216.73.216.37 - - [19/Jul/2025:16:21:37 +0000] "GET /services_group/auto-body-shop HTTP/1.1" 301 - "-" "Mozilla/5.0 AppleWebKit/537.36 (KHTML, like Gecko; compatible; ClaudeBot/1.0; [email protected])"
216.73.216.37 - - [19/Jul/2025:16:21:40 +0000] "GET /services_group/auto-body-shop/ HTTP/1.1" 200 36771 "https://cartel.express/services_group/auto-body-shop" "Mozilla/5.0 AppleWebKit/537.36 (KHTML, like Gecko; compatible; ClaudeBot/1.0; [email protected])"
209.74.77.214 - - [19/Jul/2025:16:22:49 +0000] "POST /wp-cron.php?doing_wp_cron=1752942169.0067710876464843750000 HTTP/1.1" 200 - "-" "WordPress/6.8.2; https://cartel.express"
216.73.216.37 - - [19/Jul/2025:16:22:46 +0000] "GET /product/sharp-spike-rim/feed HTTP/1.1" 301 - "-" "Mozilla/5.0 AppleWebKit/537.36 (KHTML, like Gecko; compatible; ClaudeBot/1.0; [email protected])"
216.73.216.37 - - [19/Jul/2025:16:22:49 +0000] "GET /product/sharp-spike-rim/feed/ HTTP/1.1" 200 446 "https://cartel.express/product/sharp-spike-rim/feed" "Mozilla/5.0 AppleWebKit/537.36 (KHTML, like Gecko; compatible; ClaudeBot/1.0; [email protected])"
209.74.77.214 - - [19/Jul/2025:16:31:34 +0000] "POST /wp-cron.php?doing_wp_cron=1752942694.1934928894042968750000 HTTP/1.1" 200 - "-" "WordPress/6.8.2; https://cartel.express"
216.73.216.37 - - [19/Jul/2025:16:31:31 +0000] "GET /product/light-bulb/feed HTTP/1.1" 301 - "-" "Mozilla/5.0 AppleWebKit/537.36 (KHTML, like Gecko; compatible; ClaudeBot/1.0; [email protected])"
216.73.216.37 - - [19/Jul/2025:16:31:34 +0000] "GET /product/light-bulb/feed/ HTTP/1.1" 200 445 "https://cartel.express/product/light-bulb/feed" "Mozilla/5.0 AppleWebKit/537.36 (KHTML, like Gecko; compatible; ClaudeBot/1.0; [email protected])"
216.73.216.37 - - [19/Jul/2025:16:31:37 +0000] "GET /?p=19250 HTTP/1.1" 301 - "-" "Mozilla/5.0 AppleWebKit/537.36 (KHTML, like Gecko; compatible; ClaudeBot/1.0; [email protected])"
216.73.216.37 - - [19/Jul/2025:16:31:37 +0000] "GET /product/light-bulb/ HTTP/1.1" 200 40357 "https://cartel.express/?p=19250" "Mozilla/5.0 AppleWebKit/537.36 (KHTML, like Gecko; compatible; ClaudeBot/1.0; [email protected])"
209.74.77.214 - - [19/Jul/2025:16:32:11 +0000] "POST /wp-cron.php?doing_wp_cron=1752942731.6009640693664550781250 HTTP/1.1" 200 - "-" "WordPress/6.8.2; https://cartel.express"
216.73.216.37 - - [19/Jul/2025:16:32:09 +0000] "GET /product/summer-tire/feed HTTP/1.1" 301 - "-" "Mozilla/5.0 AppleWebKit/537.36 (KHTML, like Gecko; compatible; ClaudeBot/1.0; [email protected])"
216.73.216.37 - - [19/Jul/2025:16:32:11 +0000] "GET /product/summer-tire/feed/ HTTP/1.1" 200 441 "https://cartel.express/product/summer-tire/feed" "Mozilla/5.0 AppleWebKit/537.36 (KHTML, like Gecko; compatible; ClaudeBot/1.0; [email protected])"
209.74.77.214 - - [19/Jul/2025:16:33:12 +0000] "POST /wp-cron.php?doing_wp_cron=1752942792.6422300338745117187500 HTTP/1.1" 200 - "-" "WordPress/6.8.2; https://cartel.express"
57.141.2.13 - - [19/Jul/2025:16:33:10 +0000] "GET /shopdetail/2167866594.shtml HTTP/1.1" 404 146916 "-" "meta-externalagent/1.1 (+https://developers.facebook.com/docs/sharing/webmasters/crawler)"
209.74.77.214 - - [19/Jul/2025:16:33:27 +0000] "POST /wp-cron.php?doing_wp_cron=1752942807.4896728992462158203125 HTTP/1.1" 200 - "-" "WordPress/6.8.2; https://cartel.express"
57.141.2.6 - - [19/Jul/2025:16:33:27 +0000] "GET /shopdetail/2388357244.shtml HTTP/1.1" 404 146915 "-" "meta-externalagent/1.1 (+https://developers.facebook.com/docs/sharing/webmasters/crawler)"
85.208.96.207 - - [19/Jul/2025:16:35:07 +0000] "GET /robots.txt HTTP/1.1" 200 94 "-" "Mozilla/5.0 (compatible; SemrushBot/7~bl; +http://www.semrush.com/bot.html)"
209.74.77.214 - - [19/Jul/2025:16:35:10 +0000] "POST /wp-cron.php?doing_wp_cron=1752942910.4718580245971679687500 HTTP/1.1" 200 - "-" "WordPress/6.8.2; https://cartel.express"
185.191.171.19 - - [19/Jul/2025:16:35:07 +0000] "GET /top-10-luxury-cars-to-rent-for-your-next-vacation/ HTTP/1.1" 200 28903 "-" "Mozilla/5.0 (compatible; SemrushBot/7~bl; +http://www.semrush.com/bot.html)"
216.73.216.37 - - [19/Jul/2025:16:35:36 +0000] "GET /robots.txt HTTP/1.1" 200 94 "-" "Mozilla/5.0 AppleWebKit/537.36 (KHTML, like Gecko; compatible; ClaudeBot/1.0; [email protected])"
209.74.77.214 - - [19/Jul/2025:16:35:36 +0000] "POST /wp-cron.php?doing_wp_cron=1752942936.5212500095367431640625 HTTP/1.1" 200 - "-" "WordPress/6.8.2; https://cartel.express"
216.73.216.37 - - [19/Jul/2025:16:35:36 +0000] "GET /?p=27231 HTTP/1.1" 301 - "-" "Mozilla/5.0 AppleWebKit/537.36 (KHTML, like Gecko; compatible; ClaudeBot/1.0; [email protected])"
216.73.216.37 - - [19/Jul/2025:16:35:36 +0000] "GET /product/summer-tire/ HTTP/1.1" 200 40774 "https://cartel.express/?p=27231" "Mozilla/5.0 AppleWebKit/537.36 (KHTML, like Gecko; compatible; ClaudeBot/1.0; [email protected])"
209.74.77.214 - - [19/Jul/2025:16:37:13 +0000] "POST /wp-cron.php?doing_wp_cron=1752943033.7402200698852539062500 HTTP/1.1" 200 - "-" "WordPress/6.8.2; https://cartel.express"
57.141.2.23 - - [19/Jul/2025:16:37:11 +0000] "GET /shopdetail/1957908280.shtml HTTP/1.1" 404 146918 "-" "meta-externalagent/1.1 (+https://developers.facebook.com/docs/sharing/webmasters/crawler)"
209.74.77.214 - - [19/Jul/2025:16:42:53 +0000] "POST /wp-cron.php?doing_wp_cron=1752943373.1121320724487304687500 HTTP/1.1" 200 - "-" "WordPress/6.8.2; https://cartel.express"
216.73.216.37 - - [19/Jul/2025:16:42:50 +0000] "GET /product-tag/light HTTP/1.1" 301 - "-" "Mozilla/5.0 AppleWebKit/537.36 (KHTML, like Gecko; compatible; ClaudeBot/1.0; [email protected])"
216.73.216.37 - - [19/Jul/2025:16:42:53 +0000] "GET /product-tag/light/ HTTP/1.1" 200 38417 "https://cartel.express/product-tag/light" "Mozilla/5.0 AppleWebKit/537.36 (KHTML, like Gecko; compatible; ClaudeBot/1.0; [email protected])"
209.74.77.214 - - [19/Jul/2025:16:43:30 +0000] "POST /wp-cron.php?doing_wp_cron=1752943410.8745610713958740234375 HTTP/1.1" 200 - "-" "WordPress/6.8.2; https://cartel.express"
216.73.216.37 - - [19/Jul/2025:16:43:28 +0000] "GET /how-to-choose-the-right-body-shop-to-fix-a-car-issue/feed HTTP/1.1" 301 - "-" "Mozilla/5.0 AppleWebKit/537.36 (KHTML, like Gecko; compatible; ClaudeBot/1.0; [email protected])"
216.73.216.37 - - [19/Jul/2025:16:43:30 +0000] "GET /how-to-choose-the-right-body-shop-to-fix-a-car-issue/feed/ HTTP/1.1" 200 490 "https://cartel.express/how-to-choose-the-right-body-shop-to-fix-a-car-issue/feed" "Mozilla/5.0 AppleWebKit/537.36 (KHTML, like Gecko; compatible; ClaudeBot/1.0; [email protected])"
57.141.2.8 - - [19/Jul/2025:16:43:38 +0000] "GET /shopdetail/2388439084.shtml HTTP/1.1" 404 146918 "-" "meta-externalagent/1.1 (+https://developers.facebook.com/docs/sharing/webmasters/crawler)"
57.141.2.14 - - [19/Jul/2025:16:43:43 +0000] "GET /shopdetail/2387899104.shtml HTTP/1.1" 404 146914 "-" "meta-externalagent/1.1 (+https://developers.facebook.com/docs/sharing/webmasters/crawler)"
209.74.77.214 - - [19/Jul/2025:16:44:31 +0000] "POST /wp-cron.php?doing_wp_cron=1752943471.3177499771118164062500 HTTP/1.1" 200 - "-" "WordPress/6.8.2; https://cartel.express"
216.73.216.37 - - [19/Jul/2025:16:44:29 +0000] "GET /the-right-way-to-paint-and-polish-a-bumper-to-match/feed HTTP/1.1" 301 - "-" "Mozilla/5.0 AppleWebKit/537.36 (KHTML, like Gecko; compatible; ClaudeBot/1.0; [email protected])"
216.73.216.37 - - [19/Jul/2025:16:44:31 +0000] "GET /the-right-way-to-paint-and-polish-a-bumper-to-match/feed/ HTTP/1.1" 200 485 "https://cartel.express/the-right-way-to-paint-and-polish-a-bumper-to-match/feed" "Mozilla/5.0 AppleWebKit/537.36 (KHTML, like Gecko; compatible; ClaudeBot/1.0; [email protected])"
209.74.77.214 - - [19/Jul/2025:16:45:25 +0000] "POST /wp-cron.php?doing_wp_cron=1752943525.1985199451446533203125 HTTP/1.1" 200 - "-" "WordPress/6.8.2; https://cartel.express"
216.73.216.37 - - [19/Jul/2025:16:45:22 +0000] "GET /product/light-bulb/?add-to-cart=19247 HTTP/1.1" 200 40427 "-" "Mozilla/5.0 AppleWebKit/537.36 (KHTML, like Gecko; compatible; ClaudeBot/1.0; [email protected])"
209.74.77.214 - - [19/Jul/2025:16:45:28 +0000] "POST /wp-cron.php?doing_wp_cron=1752943528.8420610427856445312500 HTTP/1.1" 200 - "-" "WordPress/6.8.2; https://cartel.express"
216.73.216.37 - - [19/Jul/2025:16:45:28 +0000] "GET /product-tag/lamp HTTP/1.1" 301 - "-" "Mozilla/5.0 AppleWebKit/537.36 (KHTML, like Gecko; compatible; ClaudeBot/1.0; [email protected])"
216.73.216.37 - - [19/Jul/2025:16:45:28 +0000] "GET /product-tag/lamp/ HTTP/1.1" 200 38422 "https://cartel.express/product-tag/lamp" "Mozilla/5.0 AppleWebKit/537.36 (KHTML, like Gecko; compatible; ClaudeBot/1.0; [email protected])"
209.74.77.214 - - [19/Jul/2025:16:46:21 +0000] "POST /wp-cron.php?doing_wp_cron=1752943581.4027459621429443359375 HTTP/1.1" 200 - "-" "WordPress/6.8.2; https://cartel.express"
216.73.216.37 - - [19/Jul/2025:16:46:19 +0000] "GET /?p=284 HTTP/1.1" 301 - "-" "Mozilla/5.0 AppleWebKit/537.36 (KHTML, like Gecko; compatible; ClaudeBot/1.0; [email protected])"
216.73.216.37 - - [19/Jul/2025:16:46:21 +0000] "GET /how-to-choose-the-right-body-shop-to-fix-a-car-issue/ HTTP/1.1" 200 28804 "https://cartel.express/?p=284" "Mozilla/5.0 AppleWebKit/537.36 (KHTML, like Gecko; compatible; ClaudeBot/1.0; [email protected])"
209.74.77.214 - - [19/Jul/2025:16:47:03 +0000] "POST /wp-cron.php?doing_wp_cron=1752943623.4751799106597900390625 HTTP/1.1" 200 - "-" "WordPress/6.8.2; https://cartel.express"
57.141.2.29 - - [19/Jul/2025:16:47:01 +0000] "GET /shopdetail/2388137286.shtml HTTP/1.1" 404 146915 "-" "meta-externalagent/1.1 (+https://developers.facebook.com/docs/sharing/webmasters/crawler)"
209.74.77.214 - - [19/Jul/2025:16:48:07 +0000] "POST /wp-cron.php?doing_wp_cron=1752943687.7844099998474121093750 HTTP/1.1" 200 - "-" "WordPress/6.8.2; https://cartel.express"
216.73.216.37 - - [19/Jul/2025:16:48:05 +0000] "GET /product/double-star-rim/feed HTTP/1.1" 301 - "-" "Mozilla/5.0 AppleWebKit/537.36 (KHTML, like Gecko; compatible; ClaudeBot/1.0; [email protected])"
216.73.216.37 - - [19/Jul/2025:16:48:07 +0000] "GET /product/double-star-rim/feed/ HTTP/1.1" 200 448 "https://cartel.express/product/double-star-rim/feed" "Mozilla/5.0 AppleWebKit/537.36 (KHTML, like Gecko; compatible; ClaudeBot/1.0; [email protected])"
209.74.77.214 - - [19/Jul/2025:16:51:00 +0000] "POST /wp-cron.php?doing_wp_cron=1752943860.2851119041442871093750 HTTP/1.1" 200 - "-" "WordPress/6.8.2; https://cartel.express"
216.73.216.37 - - [19/Jul/2025:16:50:58 +0000] "GET /?p=26952 HTTP/1.1" 301 - "-" "Mozilla/5.0 AppleWebKit/537.36 (KHTML, like Gecko; compatible; ClaudeBot/1.0; [email protected])"
57.141.2.3 - - [19/Jul/2025:16:50:57 +0000] "GET /shopdetail/2388287366.shtml HTTP/1.1" 404 146915 "-" "meta-externalagent/1.1 (+https://developers.facebook.com/docs/sharing/webmasters/crawler)"
216.73.216.37 - - [19/Jul/2025:16:51:00 +0000] "GET /product/double-star-rim/ HTTP/1.1" 200 43664 "https://cartel.express/?p=26952" "Mozilla/5.0 AppleWebKit/537.36 (KHTML, like Gecko; compatible; ClaudeBot/1.0; [email protected])"
66.249.68.35 - - [19/Jul/2025:16:51:04 +0000] "GET /pcmypage?callback=product/review/C2924668502 HTTP/1.1" 200 20865 "-" "Mozilla/5.0 (Linux; Android 6.0.1; Nexus 5X Build/MMB29P) AppleWebKit/537.36 (KHTML, like Gecko) Chrome/137.0.7151.103 Mobile Safari/537.36 (compatible; Googlebot/2.1; +http://www.google.com/bot.html)"
66.249.68.35 - - [19/Jul/2025:16:51:07 +0000] "POST /get-message-notify HTTP/1.1" 200 18672 "https://cartel.express/pcmypage?callback=product/review/C2924668502" "Mozilla/5.0 (Linux; Android 6.0.1; Nexus 5X Build/MMB29P) AppleWebKit/537.36 (KHTML, like Gecko) Chrome/137.0.7151.119 Mobile Safari/537.36 (compatible; Googlebot/2.1; +http://www.google.com/bot.html)"
66.249.68.35 - - [19/Jul/2025:16:52:37 +0000] "GET /product/edit/C3550805875 HTTP/1.1" 200 18441 "-" "Mozilla/5.0 (Linux; Android 6.0.1; Nexus 5X Build/MMB29P) AppleWebKit/537.36 (KHTML, like Gecko) Chrome/137.0.7151.103 Mobile Safari/537.36 (compatible; Googlebot/2.1; +http://www.google.com/bot.html)"
209.74.77.214 - - [19/Jul/2025:16:54:09 +0000] "POST /wp-cron.php?doing_wp_cron=1752944049.0818738937377929687500 HTTP/1.1" 200 - "-" "WordPress/6.8.2; https://cartel.express"
216.73.216.37 - - [19/Jul/2025:16:54:06 +0000] "GET /product/light-bulb/?add-to-cart=19252 HTTP/1.1" 200 40420 "-" "Mozilla/5.0 AppleWebKit/537.36 (KHTML, like Gecko; compatible; ClaudeBot/1.0; [email protected])"
209.74.77.214 - - [19/Jul/2025:16:55:18 +0000] "POST /wp-cron.php?doing_wp_cron=1752944118.2518858909606933593750 HTTP/1.1" 200 - "-" "WordPress/6.8.2; https://cartel.express"
216.73.216.37 - - [19/Jul/2025:16:55:14 +0000] "GET /product/double-star-rim/?add-to-cart=19252 HTTP/1.1" 200 43735 "-" "Mozilla/5.0 AppleWebKit/537.36 (KHTML, like Gecko; compatible; ClaudeBot/1.0; [email protected])"
216.73.216.37 - - [19/Jul/2025:16:55:19 +0000] "GET /?p=286 HTTP/1.1" 301 - "-" "Mozilla/5.0 AppleWebKit/537.36 (KHTML, like Gecko; compatible; ClaudeBot/1.0; [email protected])"
216.73.216.37 - - [19/Jul/2025:16:55:20 +0000] "GET /the-right-way-to-paint-and-polish-a-bumper-to-match/ HTTP/1.1" 200 28778 "https://cartel.express/?p=286" "Mozilla/5.0 AppleWebKit/537.36 (KHTML, like Gecko; compatible; ClaudeBot/1.0; [email protected])"
66.249.68.35 - - [19/Jul/2025:16:57:01 +0000] "GET /sitemap.xml HTTP/1.1" 200 4506 "-" "Mozilla/5.0 (compatible; Googlebot/2.1; +http://www.google.com/bot.html)"
209.74.77.214 - - [19/Jul/2025:16:57:16 +0000] "POST /wp-cron.php?doing_wp_cron=1752944236.5207269191741943359375 HTTP/1.1" 200 - "-" "WordPress/6.8.2; https://cartel.express"
57.141.2.22 - - [19/Jul/2025:16:57:14 +0000] "GET /shopdetail/2388452808.shtml HTTP/1.1" 404 146918 "-" "meta-externalagent/1.1 (+https://developers.facebook.com/docs/sharing/webmasters/crawler)"
209.74.77.214 - - [19/Jul/2025:17:01:14 +0000] "POST /wp-cron.php?doing_wp_cron=1752944474.5718989372253417968750 HTTP/1.1" 200 - "-" "WordPress/6.8.2; https://cartel.express"
57.141.2.7 - - [19/Jul/2025:17:01:10 +0000] "GET /shopdetail/2167590670.shtml HTTP/1.1" 404 146916 "-" "meta-externalagent/1.1 (+https://developers.facebook.com/docs/sharing/webmasters/crawler)"
45.227.253.15 - - [19/Jul/2025:17:02:09 +0000] "GET /index.php/jk HTTP/1.1" 200 59 "-" "Mozilla/5.0 (iPhone; CPU iPhone OS 10_3 like Mac OS X) AppleWebKit/605.1.15 (KHTML, like Gecko) Version/10.0.4 Mobile/15E148 Safari/604.1"
20.171.207.244 - - [19/Jul/2025:17:08:32 +0000] "GET /sitemap.xml HTTP/1.1" 200 4510 "-" "Mozilla/5.0 AppleWebKit/537.36 (KHTML, like Gecko; compatible; GPTBot/1.2; +https://openai.com/gptbot)"
209.74.77.214 - - [19/Jul/2025:17:08:38 +0000] "POST /wp-cron.php?doing_wp_cron=1752944918.7797949314117431640625 HTTP/1.1" 200 - "-" "WordPress/6.8.2; https://cartel.express"
20.171.207.244 - - [19/Jul/2025:17:08:35 +0000] "GET /shopdetail/1758326884.shtml HTTP/1.1" 404 24728 "-" "Mozilla/5.0 AppleWebKit/537.36 (KHTML, like Gecko; compatible; GPTBot/1.2; +https://openai.com/gptbot)"
20.171.207.244 - - [19/Jul/2025:17:08:39 +0000] "GET /shopdetail/1758898672.shtml HTTP/1.1" 404 24730 "-" "Mozilla/5.0 AppleWebKit/537.36 (KHTML, like Gecko; compatible; GPTBot/1.2; +https://openai.com/gptbot)"
20.171.207.244 - - [19/Jul/2025:17:08:42 +0000] "GET /shopdetail/1759066238.shtml HTTP/1.1" 404 24727 "-" "Mozilla/5.0 AppleWebKit/537.36 (KHTML, like Gecko; compatible; GPTBot/1.2; +https://openai.com/gptbot)"
20.171.207.244 - - [19/Jul/2025:17:08:45 +0000] "GET /shopdetail/1758608098.shtml HTTP/1.1" 404 24730 "-" "Mozilla/5.0 AppleWebKit/537.36 (KHTML, like Gecko; compatible; GPTBot/1.2; +https://openai.com/gptbot)"
209.74.77.214 - - [19/Jul/2025:17:08:48 +0000] "POST /wp-cron.php?doing_wp_cron=1752944928.3173780441284179687500 HTTP/1.1" 200 - "-" "WordPress/6.8.2; https://cartel.express"
20.171.207.244 - - [19/Jul/2025:17:08:48 +0000] "GET /shopdetail/1758423638.shtml HTTP/1.1" 404 24730 "-" "Mozilla/5.0 AppleWebKit/537.36 (KHTML, like Gecko; compatible; GPTBot/1.2; +https://openai.com/gptbot)"
20.171.207.244 - - [19/Jul/2025:17:08:50 +0000] "GET /shopdetail/1758247160.shtml HTTP/1.1" 404 24730 "-" "Mozilla/5.0 AppleWebKit/537.36 (KHTML, like Gecko; compatible; GPTBot/1.2; +https://openai.com/gptbot)"
20.171.207.244 - - [19/Jul/2025:17:08:53 +0000] "GET /shopdetail/1758317776.shtml HTTP/1.1" 404 24730 "-" "Mozilla/5.0 AppleWebKit/537.36 (KHTML, like Gecko; compatible; GPTBot/1.2; +https://openai.com/gptbot)"
20.171.207.244 - - [19/Jul/2025:17:08:56 +0000] "GET /shopdetail/1758630934.shtml HTTP/1.1" 404 24732 "-" "Mozilla/5.0 AppleWebKit/537.36 (KHTML, like Gecko; compatible; GPTBot/1.2; +https://openai.com/gptbot)"
20.171.207.244 - - [19/Jul/2025:17:08:59 +0000] "GET /shopdetail/1758551274.shtml HTTP/1.1" 404 24730 "-" "Mozilla/5.0 AppleWebKit/537.36 (KHTML, like Gecko; compatible; GPTBot/1.2; +https://openai.com/gptbot)"
20.171.207.244 - - [19/Jul/2025:17:09:02 +0000] "GET /shopdetail/1758891744.shtml HTTP/1.1" 404 24729 "-" "Mozilla/5.0 AppleWebKit/537.36 (KHTML, like Gecko; compatible; GPTBot/1.2; +https://openai.com/gptbot)"
20.171.207.244 - - [19/Jul/2025:17:09:04 +0000] "GET /shopdetail/1758978332.shtml HTTP/1.1" 404 24730 "-" "Mozilla/5.0 AppleWebKit/537.36 (KHTML, like Gecko; compatible; GPTBot/1.2; +https://openai.com/gptbot)"
20.171.207.244 - - [19/Jul/2025:17:09:07 +0000] "GET /shopdetail/1758806286.shtml HTTP/1.1" 404 24730 "-" "Mozilla/5.0 AppleWebKit/537.36 (KHTML, like Gecko; compatible; GPTBot/1.2; +https://openai.com/gptbot)"
20.171.207.244 - - [19/Jul/2025:17:09:10 +0000] "GET /shopdetail/1759028552.shtml HTTP/1.1" 404 24728 "-" "Mozilla/5.0 AppleWebKit/537.36 (KHTML, like Gecko; compatible; GPTBot/1.2; +https://openai.com/gptbot)"
209.74.77.214 - - [19/Jul/2025:17:09:13 +0000] "POST /wp-cron.php?doing_wp_cron=1752944953.7745919227600097656250 HTTP/1.1" 200 - "-" "WordPress/6.8.2; https://cartel.express"
20.171.207.244 - - [19/Jul/2025:17:09:13 +0000] "GET /shopdetail/1758608098.shtml HTTP/1.1" 404 24728 "-" "Mozilla/5.0 AppleWebKit/537.36 (KHTML, like Gecko; compatible; GPTBot/1.2; +https://openai.com/gptbot)"
20.171.207.244 - - [19/Jul/2025:17:09:16 +0000] "GET /shopdetail/1758677524.shtml HTTP/1.1" 404 24729 "-" "Mozilla/5.0 AppleWebKit/537.36 (KHTML, like Gecko; compatible; GPTBot/1.2; +https://openai.com/gptbot)"
20.171.207.244 - - [19/Jul/2025:17:09:18 +0000] "GET /shopdetail/1758427000.shtml HTTP/1.1" 404 24731 "-" "Mozilla/5.0 AppleWebKit/537.36 (KHTML, like Gecko; compatible; GPTBot/1.2; +https://openai.com/gptbot)"
20.171.207.244 - - [19/Jul/2025:17:09:21 +0000] "GET /shopdetail/1758555762.shtml HTTP/1.1" 404 24729 "-" "Mozilla/5.0 AppleWebKit/537.36 (KHTML, like Gecko; compatible; GPTBot/1.2; +https://openai.com/gptbot)"
20.171.207.244 - - [19/Jul/2025:17:09:24 +0000] "GET /shopdetail/1758821000.shtml HTTP/1.1" 404 24730 "-" "Mozilla/5.0 AppleWebKit/537.36 (KHTML, like Gecko; compatible; GPTBot/1.2; +https://openai.com/gptbot)"
20.171.207.244 - - [19/Jul/2025:17:09:27 +0000] "GET /shopdetail/1758599980.shtml HTTP/1.1" 404 24727 "-" "Mozilla/5.0 AppleWebKit/537.36 (KHTML, like Gecko; compatible; GPTBot/1.2; +https://openai.com/gptbot)"
20.171.207.244 - - [19/Jul/2025:17:09:30 +0000] "GET /shopdetail/1758455514.shtml HTTP/1.1" 404 24731 "-" "Mozilla/5.0 AppleWebKit/537.36 (KHTML, like Gecko; compatible; GPTBot/1.2; +https://openai.com/gptbot)"
20.171.207.244 - - [19/Jul/2025:17:09:33 +0000] "GET /shopdetail/1758666172.shtml HTTP/1.1" 404 24729 "-" "Mozilla/5.0 AppleWebKit/537.36 (KHTML, like Gecko; compatible; GPTBot/1.2; +https://openai.com/gptbot)"
66.249.68.34 - - [19/Jul/2025:17:09:33 +0000] "GET /shopdetail/1092036370.shtml HTTP/1.1" 200 18747 "-" "Mozilla/5.0 (Linux; Android 6.0.1; Nexus 5X Build/MMB29P) AppleWebKit/537.36 (KHTML, like Gecko) Chrome/137.0.7151.103 Mobile Safari/537.36 (compatible; Googlebot/2.1; +http://www.google.com/bot.html)"
66.249.68.35 - - [19/Jul/2025:17:09:34 +0000] "GET /shopdetail/1092300814.shtml HTTP/1.1" 200 19515 "-" "Mozilla/5.0 (Linux; Android 6.0.1; Nexus 5X Build/MMB29P) AppleWebKit/537.36 (KHTML, like Gecko) Chrome/137.0.7151.103 Mobile Safari/537.36 (compatible; Googlebot/2.1; +http://www.google.com/bot.html)"
66.249.68.34 - - [19/Jul/2025:17:09:34 +0000] "GET /shopdetail/1092066130.shtml HTTP/1.1" 200 19169 "-" "Mozilla/5.0 (Linux; Android 6.0.1; Nexus 5X Build/MMB29P) AppleWebKit/537.36 (KHTML, like Gecko) Chrome/137.0.7151.103 Mobile Safari/537.36 (compatible; Googlebot/2.1; +http://www.google.com/bot.html)"
20.171.207.244 - - [19/Jul/2025:17:09:35 +0000] "GET /shopdetail/1758333488.shtml HTTP/1.1" 404 24730 "-" "Mozilla/5.0 AppleWebKit/537.36 (KHTML, like Gecko; compatible; GPTBot/1.2; +https://openai.com/gptbot)"
20.171.207.244 - - [19/Jul/2025:17:09:38 +0000] "GET /shopdetail/1758885076.shtml HTTP/1.1" 404 24729 "-" "Mozilla/5.0 AppleWebKit/537.36 (KHTML, like Gecko; compatible; GPTBot/1.2; +https://openai.com/gptbot)"
20.171.207.244 - - [19/Jul/2025:17:09:41 +0000] "GET /shopdetail/1758995558.shtml HTTP/1.1" 404 24730 "-" "Mozilla/5.0 AppleWebKit/537.36 (KHTML, like Gecko; compatible; GPTBot/1.2; +https://openai.com/gptbot)"
20.171.207.244 - - [19/Jul/2025:17:09:44 +0000] "GET /shopdetail/1758677524.shtml HTTP/1.1" 404 24729 "-" "Mozilla/5.0 AppleWebKit/537.36 (KHTML, like Gecko; compatible; GPTBot/1.2; +https://openai.com/gptbot)"
209.74.77.214 - - [19/Jul/2025:17:09:47 +0000] "POST /wp-cron.php?doing_wp_cron=1752944987.7017779350280761718750 HTTP/1.1" 200 - "-" "WordPress/6.8.2; https://cartel.express"
20.171.207.244 - - [19/Jul/2025:17:09:47 +0000] "GET /shopdetail/1758372228.shtml HTTP/1.1" 404 24731 "-" "Mozilla/5.0 AppleWebKit/537.36 (KHTML, like Gecko; compatible; GPTBot/1.2; +https://openai.com/gptbot)"
20.171.207.244 - - [19/Jul/2025:17:09:50 +0000] "GET /shopdetail/1758371110.shtml HTTP/1.1" 404 24726 "-" "Mozilla/5.0 AppleWebKit/537.36 (KHTML, like Gecko; compatible; GPTBot/1.2; +https://openai.com/gptbot)"
20.171.207.244 - - [19/Jul/2025:17:09:53 +0000] "GET /shopdetail/1758555762.shtml HTTP/1.1" 404 24728 "-" "Mozilla/5.0 AppleWebKit/537.36 (KHTML, like Gecko; compatible; GPTBot/1.2; +https://openai.com/gptbot)"
20.171.207.244 - - [19/Jul/2025:17:09:55 +0000] "GET /shopdetail/1758884752.shtml HTTP/1.1" 404 24729 "-" "Mozilla/5.0 AppleWebKit/537.36 (KHTML, like Gecko; compatible; GPTBot/1.2; +https://openai.com/gptbot)"
20.171.207.244 - - [19/Jul/2025:17:09:58 +0000] "GET /shopdetail/1758822254.shtml HTTP/1.1" 404 24731 "-" "Mozilla/5.0 AppleWebKit/537.36 (KHTML, like Gecko; compatible; GPTBot/1.2; +https://openai.com/gptbot)"
20.171.207.244 - - [19/Jul/2025:17:10:01 +0000] "GET /shopdetail/1758985000.shtml HTTP/1.1" 404 24730 "-" "Mozilla/5.0 AppleWebKit/537.36 (KHTML, like Gecko; compatible; GPTBot/1.2; +https://openai.com/gptbot)"
66.249.68.34 - - [19/Jul/2025:17:10:02 +0000] "GET /shopdetail/1092327008.shtml HTTP/1.1" 200 20131 "-" "Mozilla/5.0 (Linux; Android 6.0.1; Nexus 5X Build/MMB29P) AppleWebKit/537.36 (KHTML, like Gecko) Chrome/137.0.7151.103 Mobile Safari/537.36 (compatible; Googlebot/2.1; +http://www.google.com/bot.html)"
20.171.207.244 - - [19/Jul/2025:17:10:04 +0000] "GET /shopdetail/1758455514.shtml HTTP/1.1" 404 24731 "-" "Mozilla/5.0 AppleWebKit/537.36 (KHTML, like Gecko; compatible; GPTBot/1.2; +https://openai.com/gptbot)"
66.249.68.33 - - [19/Jul/2025:17:10:06 +0000] "POST /get-message-notify HTTP/1.1" 200 18672 "https://cartel.express/shopdetail/1092066130.shtml" "Mozilla/5.0 (Linux; Android 6.0.1; Nexus 5X Build/MMB29P) AppleWebKit/537.36 (KHTML, like Gecko) Chrome/137.0.7151.119 Mobile Safari/537.36 (compatible; Googlebot/2.1; +http://www.google.com/bot.html)"
20.171.207.244 - - [19/Jul/2025:17:10:07 +0000] "GET /shopdetail/1758500056.shtml HTTP/1.1" 404 24731 "-" "Mozilla/5.0 AppleWebKit/537.36 (KHTML, like Gecko; compatible; GPTBot/1.2; +https://openai.com/gptbot)"
20.171.207.244 - - [19/Jul/2025:17:10:10 +0000] "GET /shopdetail/1758666172.shtml HTTP/1.1" 404 24730 "-" "Mozilla/5.0 AppleWebKit/537.36 (KHTML, like Gecko; compatible; GPTBot/1.2; +https://openai.com/gptbot)"
209.74.77.214 - - [19/Jul/2025:17:10:14 +0000] "POST /wp-cron.php?doing_wp_cron=1752945014.4260249137878417968750 HTTP/1.1" 200 - "-" "WordPress/6.8.2; https://cartel.express"
20.171.207.244 - - [19/Jul/2025:17:10:12 +0000] "GET /shopdetail/1758887192.shtml HTTP/1.1" 404 24730 "-" "Mozilla/5.0 AppleWebKit/537.36 (KHTML, like Gecko; compatible; GPTBot/1.2; +https://openai.com/gptbot)"
20.171.207.244 - - [19/Jul/2025:17:10:15 +0000] "GET /shopdetail/1758865550.shtml HTTP/1.1" 404 24730 "-" "Mozilla/5.0 AppleWebKit/537.36 (KHTML, like Gecko; compatible; GPTBot/1.2; +https://openai.com/gptbot)"
20.171.207.244 - - [19/Jul/2025:17:10:18 +0000] "GET /shopdetail/1758731114.shtml HTTP/1.1" 404 24728 "-" "Mozilla/5.0 AppleWebKit/537.36 (KHTML, like Gecko; compatible; GPTBot/1.2; +https://openai.com/gptbot)"
20.171.207.244 - - [19/Jul/2025:17:10:21 +0000] "GET /shopdetail/1758458880.shtml HTTP/1.1" 404 24728 "-" "Mozilla/5.0 AppleWebKit/537.36 (KHTML, like Gecko; compatible; GPTBot/1.2; +https://openai.com/gptbot)"
209.74.77.214 - - [19/Jul/2025:17:10:24 +0000] "POST /wp-cron.php?doing_wp_cron=1752945024.4144709110260009765625 HTTP/1.1" 200 - "-" "WordPress/6.8.2; https://cartel.express"
20.171.207.244 - - [19/Jul/2025:17:10:24 +0000] "GET /shopdetail/1758883958.shtml HTTP/1.1" 404 24729 "-" "Mozilla/5.0 AppleWebKit/537.36 (KHTML, like Gecko; compatible; GPTBot/1.2; +https://openai.com/gptbot)"
20.171.207.244 - - [19/Jul/2025:17:10:27 +0000] "GET /shopdetail/1758636668.shtml HTTP/1.1" 404 24730 "-" "Mozilla/5.0 AppleWebKit/537.36 (KHTML, like Gecko; compatible; GPTBot/1.2; +https://openai.com/gptbot)"
209.74.77.214 - - [19/Jul/2025:17:10:30 +0000] "POST /wp-cron.php?doing_wp_cron=1752945030.0708949565887451171875 HTTP/1.1" 200 - "-" "WordPress/6.8.2; https://cartel.express"
20.171.207.244 - - [19/Jul/2025:17:10:29 +0000] "GET /shopdetail/1758884752.shtml HTTP/1.1" 404 24729 "-" "Mozilla/5.0 AppleWebKit/537.36 (KHTML, like Gecko; compatible; GPTBot/1.2; +https://openai.com/gptbot)"
20.171.207.244 - - [19/Jul/2025:17:10:32 +0000] "GET /shopdetail/1758818884.shtml HTTP/1.1" 404 24730 "-" "Mozilla/5.0 AppleWebKit/537.36 (KHTML, like Gecko; compatible; GPTBot/1.2; +https://openai.com/gptbot)"
20.171.207.244 - - [19/Jul/2025:17:10:35 +0000] "GET /shopdetail/1758881518.shtml HTTP/1.1" 404 24730 "-" "Mozilla/5.0 AppleWebKit/537.36 (KHTML, like Gecko; compatible; GPTBot/1.2; +https://openai.com/gptbot)"
20.171.207.244 - - [19/Jul/2025:17:10:38 +0000] "GET /shopdetail/1758985000.shtml HTTP/1.1" 404 24729 "-" "Mozilla/5.0 AppleWebKit/537.36 (KHTML, like Gecko; compatible; GPTBot/1.2; +https://openai.com/gptbot)"
20.171.207.244 - - [19/Jul/2025:17:10:41 +0000] "GET /shopdetail/1758277790.shtml HTTP/1.1" 404 24730 "-" "Mozilla/5.0 AppleWebKit/537.36 (KHTML, like Gecko; compatible; GPTBot/1.2; +https://openai.com/gptbot)"
20.171.207.244 - - [19/Jul/2025:17:10:44 +0000] "GET /shopdetail/1758882636.shtml HTTP/1.1" 404 24729 "-" "Mozilla/5.0 AppleWebKit/537.36 (KHTML, like Gecko; compatible; GPTBot/1.2; +https://openai.com/gptbot)"
209.74.77.214 - - [19/Jul/2025:17:10:47 +0000] "POST /wp-cron.php?doing_wp_cron=1752945047.3577079772949218750000 HTTP/1.1" 200 - "-" "WordPress/6.8.2; https://cartel.express"
20.171.207.244 - - [19/Jul/2025:17:10:47 +0000] "GET /shopdetail/1758633306.shtml HTTP/1.1" 404 24729 "-" "Mozilla/5.0 AppleWebKit/537.36 (KHTML, like Gecko; compatible; GPTBot/1.2; +https://openai.com/gptbot)"
20.171.207.244 - - [19/Jul/2025:17:10:49 +0000] "GET /shopdetail/1758865550.shtml HTTP/1.1" 404 24729 "-" "Mozilla/5.0 AppleWebKit/537.36 (KHTML, like Gecko; compatible; GPTBot/1.2; +https://openai.com/gptbot)"
20.171.207.244 - - [19/Jul/2025:17:10:52 +0000] "GET /shopdetail/1758276664.shtml HTTP/1.1" 404 24730 "-" "Mozilla/5.0 AppleWebKit/537.36 (KHTML, like Gecko; compatible; GPTBot/1.2; +https://openai.com/gptbot)"
20.171.207.244 - - [19/Jul/2025:17:10:55 +0000] "GET /shopdetail/1758691444.shtml HTTP/1.1" 404 24731 "-" "Mozilla/5.0 AppleWebKit/537.36 (KHTML, like Gecko; compatible; GPTBot/1.2; +https://openai.com/gptbot)"
20.171.207.244 - - [19/Jul/2025:17:10:58 +0000] "GET /shopdetail/1758724446.shtml HTTP/1.1" 404 24727 "-" "Mozilla/5.0 AppleWebKit/537.36 (KHTML, like Gecko; compatible; GPTBot/1.2; +https://openai.com/gptbot)"
20.171.207.244 - - [19/Jul/2025:17:11:01 +0000] "GET /shopdetail/1758444098.shtml HTTP/1.1" 404 24731 "-" "Mozilla/5.0 AppleWebKit/537.36 (KHTML, like Gecko; compatible; GPTBot/1.2; +https://openai.com/gptbot)"
20.171.207.244 - - [19/Jul/2025:17:11:03 +0000] "GET /shopdetail/1758889564.shtml HTTP/1.1" 404 24729 "-" "Mozilla/5.0 AppleWebKit/537.36 (KHTML, like Gecko; compatible; GPTBot/1.2; +https://openai.com/gptbot)"
20.171.207.244 - - [19/Jul/2025:17:11:06 +0000] "GET /shopdetail/1758883634.shtml HTTP/1.1" 404 24729 "-" "Mozilla/5.0 AppleWebKit/537.36 (KHTML, like Gecko; compatible; GPTBot/1.2; +https://openai.com/gptbot)"
20.171.207.244 - - [19/Jul/2025:17:11:09 +0000] "GET /shopdetail/1758886074.shtml HTTP/1.1" 404 24727 "-" "Mozilla/5.0 AppleWebKit/537.36 (KHTML, like Gecko; compatible; GPTBot/1.2; +https://openai.com/gptbot)"
20.171.207.244 - - [19/Jul/2025:17:11:12 +0000] "GET /shopdetail/1758955564.shtml HTTP/1.1" 404 24729 "-" "Mozilla/5.0 AppleWebKit/537.36 (KHTML, like Gecko; compatible; GPTBot/1.2; +https://openai.com/gptbot)"
209.74.77.214 - - [19/Jul/2025:17:11:15 +0000] "POST /wp-cron.php?doing_wp_cron=1752945075.4793939590454101562500 HTTP/1.1" 200 - "-" "WordPress/6.8.2; https://cartel.express"
20.171.207.244 - - [19/Jul/2025:17:11:15 +0000] "GET /shopdetail/1758322264.shtml HTTP/1.1" 404 24729 "-" "Mozilla/5.0 AppleWebKit/537.36 (KHTML, like Gecko; compatible; GPTBot/1.2; +https://openai.com/gptbot)"
20.171.207.244 - - [19/Jul/2025:17:11:18 +0000] "GET /shopdetail/1758329000.shtml HTTP/1.1" 404 24729 "-" "Mozilla/5.0 AppleWebKit/537.36 (KHTML, like Gecko; compatible; GPTBot/1.2; +https://openai.com/gptbot)"
20.171.207.244 - - [19/Jul/2025:17:11:20 +0000] "GET /shopdetail/1758263000.shtml HTTP/1.1" 404 24731 "-" "Mozilla/5.0 AppleWebKit/537.36 (KHTML, like Gecko; compatible; GPTBot/1.2; +https://openai.com/gptbot)"
20.171.207.244 - - [19/Jul/2025:17:11:23 +0000] "GET /shopdetail/1758880264.shtml HTTP/1.1" 404 24730 "-" "Mozilla/5.0 AppleWebKit/537.36 (KHTML, like Gecko; compatible; GPTBot/1.2; +https://openai.com/gptbot)"
20.171.207.244 - - [19/Jul/2025:17:11:26 +0000] "GET /shopdetail/1758845154.shtml HTTP/1.1" 404 24728 "-" "Mozilla/5.0 AppleWebKit/537.36 (KHTML, like Gecko; compatible; GPTBot/1.2; +https://openai.com/gptbot)"
20.171.207.244 - - [19/Jul/2025:17:11:29 +0000] "GET /shopdetail/1758767546.shtml HTTP/1.1" 404 24729 "-" "Mozilla/5.0 AppleWebKit/537.36 (KHTML, like Gecko; compatible; GPTBot/1.2; +https://openai.com/gptbot)"
20.171.207.244 - - [19/Jul/2025:17:11:32 +0000] "GET /shopdetail/1758889564.shtml HTTP/1.1" 404 24729 "-" "Mozilla/5.0 AppleWebKit/537.36 (KHTML, like Gecko; compatible; GPTBot/1.2; +https://openai.com/gptbot)"
20.171.207.244 - - [19/Jul/2025:17:11:35 +0000] "GET /shopdetail/1758357514.shtml HTTP/1.1" 404 24730 "-" "Mozilla/5.0 AppleWebKit/537.36 (KHTML, like Gecko; compatible; GPTBot/1.2; +https://openai.com/gptbot)"
20.171.207.244 - - [19/Jul/2025:17:11:37 +0000] "GET /shopdetail/1758548834.shtml HTTP/1.1" 404 24729 "-" "Mozilla/5.0 AppleWebKit/537.36 (KHTML, like Gecko; compatible; GPTBot/1.2; +https://openai.com/gptbot)"
20.171.207.244 - - [19/Jul/2025:17:11:40 +0000] "GET /shopdetail/1758800540.shtml HTTP/1.1" 404 24729 "-" "Mozilla/5.0 AppleWebKit/537.36 (KHTML, like Gecko; compatible; GPTBot/1.2; +https://openai.com/gptbot)"
20.171.207.244 - - [19/Jul/2025:17:11:43 +0000] "GET /shopdetail/1758894184.shtml HTTP/1.1" 404 24730 "-" "Mozilla/5.0 AppleWebKit/537.36 (KHTML, like Gecko; compatible; GPTBot/1.2; +https://openai.com/gptbot)"
20.171.207.244 - - [19/Jul/2025:17:11:46 +0000] "GET /shopdetail/1758318774.shtml HTTP/1.1" 404 24730 "-" "Mozilla/5.0 AppleWebKit/537.36 (KHTML, like Gecko; compatible; GPTBot/1.2; +https://openai.com/gptbot)"
209.74.77.214 - - [19/Jul/2025:17:11:49 +0000] "POST /wp-cron.php?doing_wp_cron=1752945109.7032349109649658203125 HTTP/1.1" 200 - "-" "WordPress/6.8.2; https://cartel.express"
20.171.207.244 - - [19/Jul/2025:17:11:49 +0000] "GET /shopdetail/1758554508.shtml HTTP/1.1" 404 24731 "-" "Mozilla/5.0 AppleWebKit/537.36 (KHTML, like Gecko; compatible; GPTBot/1.2; +https://openai.com/gptbot)"
20.171.207.244 - - [19/Jul/2025:17:11:52 +0000] "GET /shopdetail/1758661684.shtml HTTP/1.1" 404 24728 "-" "Mozilla/5.0 AppleWebKit/537.36 (KHTML, like Gecko; compatible; GPTBot/1.2; +https://openai.com/gptbot)"
20.171.207.244 - - [19/Jul/2025:17:11:54 +0000] "GET /shopdetail/1758761736.shtml HTTP/1.1" 404 24728 "-" "Mozilla/5.0 AppleWebKit/537.36 (KHTML, like Gecko; compatible; GPTBot/1.2; +https://openai.com/gptbot)"
20.171.207.244 - - [19/Jul/2025:17:11:57 +0000] "GET /shopdetail/1758845154.shtml HTTP/1.1" 404 24731 "-" "Mozilla/5.0 AppleWebKit/537.36 (KHTML, like Gecko; compatible; GPTBot/1.2; +https://openai.com/gptbot)"
20.171.207.244 - - [19/Jul/2025:17:12:00 +0000] "GET /shopdetail/1758505478.shtml HTTP/1.1" 404 24728 "-" "Mozilla/5.0 AppleWebKit/537.36 (KHTML, like Gecko; compatible; GPTBot/1.2; +https://openai.com/gptbot)"
20.171.207.244 - - [19/Jul/2025:17:12:03 +0000] "GET /shopdetail/1758331372.shtml HTTP/1.1" 404 24729 "-" "Mozilla/5.0 AppleWebKit/537.36 (KHTML, like Gecko; compatible; GPTBot/1.2; +https://openai.com/gptbot)"
20.171.207.244 - - [19/Jul/2025:17:12:06 +0000] "GET /shopdetail/1758878148.shtml HTTP/1.1" 404 24728 "-" "Mozilla/5.0 AppleWebKit/537.36 (KHTML, like Gecko; compatible; GPTBot/1.2; +https://openai.com/gptbot)"
20.171.207.244 - - [19/Jul/2025:17:12:09 +0000] "GET /shopdetail/1758548834.shtml HTTP/1.1" 404 24729 "-" "Mozilla/5.0 AppleWebKit/537.36 (KHTML, like Gecko; compatible; GPTBot/1.2; +https://openai.com/gptbot)"
20.171.207.244 - - [19/Jul/2025:17:12:12 +0000] "GET /shopdetail/1758998792.shtml HTTP/1.1" 404 24729 "-" "Mozilla/5.0 AppleWebKit/537.36 (KHTML, like Gecko; compatible; GPTBot/1.2; +https://openai.com/gptbot)"
209.74.77.214 - - [19/Jul/2025:17:12:15 +0000] "POST /wp-cron.php?doing_wp_cron=1752945135.3535330295562744140625 HTTP/1.1" 200 - "-" "WordPress/6.8.2; https://cartel.express"
66.249.68.33 - - [19/Jul/2025:17:12:15 +0000] "GET /shopdetail/1092044480.shtml HTTP/1.1" 200 19340 "-" "Mozilla/5.0 (Linux; Android 6.0.1; Nexus 5X Build/MMB29P) AppleWebKit/537.36 (KHTML, like Gecko) Chrome/137.0.7151.103 Mobile Safari/537.36 (compatible; Googlebot/2.1; +http://www.google.com/bot.html)"
20.171.207.244 - - [19/Jul/2025:17:12:15 +0000] "GET /shopdetail/1758974774.shtml HTTP/1.1" 404 24730 "-" "Mozilla/5.0 AppleWebKit/537.36 (KHTML, like Gecko; compatible; GPTBot/1.2; +https://openai.com/gptbot)"
20.171.207.244 - - [19/Jul/2025:17:12:17 +0000] "GET /shopdetail/1758471550.shtml HTTP/1.1" 404 24727 "-" "Mozilla/5.0 AppleWebKit/537.36 (KHTML, like Gecko; compatible; GPTBot/1.2; +https://openai.com/gptbot)"
20.171.207.244 - - [19/Jul/2025:17:12:20 +0000] "GET /shopdetail/1758787008.shtml HTTP/1.1" 404 24730 "-" "Mozilla/5.0 AppleWebKit/537.36 (KHTML, like Gecko; compatible; GPTBot/1.2; +https://openai.com/gptbot)"
20.171.207.244 - - [19/Jul/2025:17:12:23 +0000] "GET /shopdetail/1759017200.shtml HTTP/1.1" 404 24730 "-" "Mozilla/5.0 AppleWebKit/537.36 (KHTML, like Gecko; compatible; GPTBot/1.2; +https://openai.com/gptbot)"
20.171.207.244 - - [19/Jul/2025:17:12:26 +0000] "GET /shopdetail/1758485018.shtml HTTP/1.1" 404 24729 "-" "Mozilla/5.0 AppleWebKit/537.36 (KHTML, like Gecko; compatible; GPTBot/1.2; +https://openai.com/gptbot)"
20.171.207.244 - - [19/Jul/2025:17:12:29 +0000] "GET /shopdetail/1758285576.shtml HTTP/1.1" 404 24729 "-" "Mozilla/5.0 AppleWebKit/537.36 (KHTML, like Gecko; compatible; GPTBot/1.2; +https://openai.com/gptbot)"
20.171.207.244 - - [19/Jul/2025:17:12:32 +0000] "GET /shopdetail/1758425754.shtml HTTP/1.1" 404 24731 "-" "Mozilla/5.0 AppleWebKit/537.36 (KHTML, like Gecko; compatible; GPTBot/1.2; +https://openai.com/gptbot)"
20.171.207.244 - - [19/Jul/2025:17:12:35 +0000] "GET /shopdetail/1758988566.shtml HTTP/1.1" 404 24730 "-" "Mozilla/5.0 AppleWebKit/537.36 (KHTML, like Gecko; compatible; GPTBot/1.2; +https://openai.com/gptbot)"
20.171.207.244 - - [19/Jul/2025:17:12:37 +0000] "GET /shopdetail/1758422512.shtml HTTP/1.1" 404 24730 "-" "Mozilla/5.0 AppleWebKit/537.36 (KHTML, like Gecko; compatible; GPTBot/1.2; +https://openai.com/gptbot)"
20.171.207.244 - - [19/Jul/2025:17:12:40 +0000] "GET /shopdetail/1758755196.shtml HTTP/1.1" 404 24727 "-" "Mozilla/5.0 AppleWebKit/537.36 (KHTML, like Gecko; compatible; GPTBot/1.2; +https://openai.com/gptbot)"
20.171.207.244 - - [19/Jul/2025:17:12:43 +0000] "GET /shopdetail/1759027110.shtml HTTP/1.1" 404 24729 "-" "Mozilla/5.0 AppleWebKit/537.36 (KHTML, like Gecko; compatible; GPTBot/1.2; +https://openai.com/gptbot)"
20.171.207.244 - - [19/Jul/2025:17:12:46 +0000] "GET /shopdetail/1759015954.shtml HTTP/1.1" 404 24729 "-" "Mozilla/5.0 AppleWebKit/537.36 (KHTML, like Gecko; compatible; GPTBot/1.2; +https://openai.com/gptbot)"
209.74.77.214 - - [19/Jul/2025:17:12:49 +0000] "POST /wp-cron.php?doing_wp_cron=1752945169.6821620464324951171875 HTTP/1.1" 200 - "-" "WordPress/6.8.2; https://cartel.express"
20.171.207.244 - - [19/Jul/2025:17:12:49 +0000] "GET /shopdetail/1758787008.shtml HTTP/1.1" 404 24728 "-" "Mozilla/5.0 AppleWebKit/537.36 (KHTML, like Gecko; compatible; GPTBot/1.2; +https://openai.com/gptbot)"
20.171.207.244 - - [19/Jul/2025:17:12:52 +0000] "GET /shopdetail/1758338300.shtml HTTP/1.1" 404 24729 "-" "Mozilla/5.0 AppleWebKit/537.36 (KHTML, like Gecko; compatible; GPTBot/1.2; +https://openai.com/gptbot)"
20.171.207.244 - - [19/Jul/2025:17:12:54 +0000] "GET /shopdetail/1758384834.shtml HTTP/1.1" 404 24727 "-" "Mozilla/5.0 AppleWebKit/537.36 (KHTML, like Gecko; compatible; GPTBot/1.2; +https://openai.com/gptbot)"
20.171.207.244 - - [19/Jul/2025:17:12:57 +0000] "GET /shopdetail/1758577404.shtml HTTP/1.1" 404 24729 "-" "Mozilla/5.0 AppleWebKit/537.36 (KHTML, like Gecko; compatible; GPTBot/1.2; +https://openai.com/gptbot)"
20.171.207.244 - - [19/Jul/2025:17:13:00 +0000] "GET /shopdetail/1758285576.shtml HTTP/1.1" 404 24728 "-" "Mozilla/5.0 AppleWebKit/537.36 (KHTML, like Gecko; compatible; GPTBot/1.2; +https://openai.com/gptbot)"
66.249.68.34 - - [19/Jul/2025:17:13:01 +0000] "GET /shopdetail/1091855336.shtml HTTP/1.1" 200 19403 "-" "Mozilla/5.0 (Linux; Android 6.0.1; Nexus 5X Build/MMB29P) AppleWebKit/537.36 (KHTML, like Gecko) Chrome/137.0.7151.103 Mobile Safari/537.36 (compatible; Googlebot/2.1; +http://www.google.com/bot.html)"
20.171.207.244 - - [19/Jul/2025:17:13:03 +0000] "GET /shopdetail/1758315336.shtml HTTP/1.1" 404 24732 "-" "Mozilla/5.0 AppleWebKit/537.36 (KHTML, like Gecko; compatible; GPTBot/1.2; +https://openai.com/gptbot)"
20.171.207.244 - - [19/Jul/2025:17:13:06 +0000] "GET /shopdetail/1758425754.shtml HTTP/1.1" 404 24729 "-" "Mozilla/5.0 AppleWebKit/537.36 (KHTML, like Gecko; compatible; GPTBot/1.2; +https://openai.com/gptbot)"
66.249.68.33 - - [19/Jul/2025:17:13:06 +0000] "POST /get-message-notify HTTP/1.1" 200 18672 "https://cartel.express/shopdetail/1091855336.shtml" "Mozilla/5.0 (Linux; Android 6.0.1; Nexus 5X Build/MMB29P) AppleWebKit/537.36 (KHTML, like Gecko) Chrome/137.0.7151.119 Mobile Safari/537.36 (compatible; Googlebot/2.1; +http://www.google.com/bot.html)"
20.171.207.244 - - [19/Jul/2025:17:13:09 +0000] "GET /shopdetail/1758726626.shtml HTTP/1.1" 404 24730 "-" "Mozilla/5.0 AppleWebKit/537.36 (KHTML, like Gecko; compatible; GPTBot/1.2; +https://openai.com/gptbot)"
20.171.207.244 - - [19/Jul/2025:17:13:11 +0000] "GET /shopdetail/1758550950.shtml HTTP/1.1" 404 24730 "-" "Mozilla/5.0 AppleWebKit/537.36 (KHTML, like Gecko; compatible; GPTBot/1.2; +https://openai.com/gptbot)"
209.74.77.214 - - [19/Jul/2025:17:13:14 +0000] "POST /wp-cron.php?doing_wp_cron=1752945194.8806180953979492187500 HTTP/1.1" 200 - "-" "WordPress/6.8.2; https://cartel.express"
20.171.207.244 - - [19/Jul/2025:17:13:14 +0000] "GET /shopdetail/1758535238.shtml HTTP/1.1" 404 24729 "-" "Mozilla/5.0 AppleWebKit/537.36 (KHTML, like Gecko; compatible; GPTBot/1.2; +https://openai.com/gptbot)"
20.171.207.244 - - [19/Jul/2025:17:13:17 +0000] "GET /shopdetail/1758445088.shtml HTTP/1.1" 404 24731 "-" "Mozilla/5.0 AppleWebKit/537.36 (KHTML, like Gecko; compatible; GPTBot/1.2; +https://openai.com/gptbot)"
20.171.207.244 - - [19/Jul/2025:17:13:20 +0000] "GET /shopdetail/1758701678.shtml HTTP/1.1" 404 24728 "-" "Mozilla/5.0 AppleWebKit/537.36 (KHTML, like Gecko; compatible; GPTBot/1.2; +https://openai.com/gptbot)"
20.171.207.244 - - [19/Jul/2025:17:13:23 +0000] "GET /shopdetail/1758571670.shtml HTTP/1.1" 404 24729 "-" "Mozilla/5.0 AppleWebKit/537.36 (KHTML, like Gecko; compatible; GPTBot/1.2; +https://openai.com/gptbot)"
209.74.77.214 - - [19/Jul/2025:17:13:26 +0000] "POST /wp-cron.php?doing_wp_cron=1752945206.4368150234222412109375 HTTP/1.1" 200 - "-" "WordPress/6.8.2; https://cartel.express"
