20.171.207.244 - - [19/Jul/2025:18:28:00 +0000] "GET /shopdetail/1383293770.shtml HTTP/1.1" 404 24730 "-" "Mozilla/5.0 AppleWebKit/537.36 (KHTML, like Gecko; compatible; GPTBot/1.2; +https://openai.com/gptbot)"
20.171.207.244 - - [19/Jul/2025:18:28:03 +0000] "GET /shopdetail/1383537430.shtml HTTP/1.1" 404 24727 "-" "Mozilla/5.0 AppleWebKit/537.36 (KHTML, like Gecko; compatible; GPTBot/1.2; +https://openai.com/gptbot)"
20.171.207.244 - - [19/Jul/2025:18:28:05 +0000] "GET /shopdetail/1383575044.shtml HTTP/1.1" 404 24729 "-" "Mozilla/5.0 AppleWebKit/537.36 (KHTML, like Gecko; compatible; GPTBot/1.2; +https://openai.com/gptbot)"
20.171.207.244 - - [19/Jul/2025:18:28:08 +0000] "GET /shopdetail/1383376792.shtml HTTP/1.1" 404 24728 "-" "Mozilla/5.0 AppleWebKit/537.36 (KHTML, like Gecko; compatible; GPTBot/1.2; +https://openai.com/gptbot)"
20.171.207.244 - - [19/Jul/2025:18:28:10 +0000] "GET /shopdetail/1383324520.shtml HTTP/1.1" 404 24729 "-" "Mozilla/5.0 AppleWebKit/537.36 (KHTML, like Gecko; compatible; GPTBot/1.2; +https://openai.com/gptbot)"
209.74.77.214 - - [19/Jul/2025:18:28:13 +0000] "POST /wp-cron.php?doing_wp_cron=1752949693.8700730800628662109375 HTTP/1.1" 200 - "-" "WordPress/6.8.2; https://cartel.express"
20.171.207.244 - - [19/Jul/2025:18:28:13 +0000] "GET /shopdetail/1383904170.shtml HTTP/1.1" 404 24730 "-" "Mozilla/5.0 AppleWebKit/537.36 (KHTML, like Gecko; compatible; GPTBot/1.2; +https://openai.com/gptbot)"
103.146.184.29 - - [19/Jul/2025:18:28:13 +0000] "POST /wp-comments-post.php HTTP/1.1" 302 - "-" "Mozilla/5.0 (Windows NT 10.0; Win64; x64) AppleWebKit/537.36 (KHTML, like Gecko) Chrome/120.0.0.0 Safari/537.36"
20.171.207.244 - - [19/Jul/2025:18:28:16 +0000] "GET /shopdetail/1383622956.shtml HTTP/1.1" 404 24728 "-" "Mozilla/5.0 AppleWebKit/537.36 (KHTML, like Gecko; compatible; GPTBot/1.2; +https://openai.com/gptbot)"
20.171.207.244 - - [19/Jul/2025:18:28:18 +0000] "GET /shopdetail/1383774486.shtml HTTP/1.1" 404 24730 "-" "Mozilla/5.0 AppleWebKit/537.36 (KHTML, like Gecko; compatible; GPTBot/1.2; +https://openai.com/gptbot)"
20.171.207.244 - - [19/Jul/2025:18:28:21 +0000] "GET /shopdetail/1383724330.shtml HTTP/1.1" 404 24727 "-" "Mozilla/5.0 AppleWebKit/537.36 (KHTML, like Gecko; compatible; GPTBot/1.2; +https://openai.com/gptbot)"
20.171.207.244 - - [19/Jul/2025:18:28:23 +0000] "GET /shopdetail/1383814472.shtml HTTP/1.1" 404 24729 "-" "Mozilla/5.0 AppleWebKit/537.36 (KHTML, like Gecko; compatible; GPTBot/1.2; +https://openai.com/gptbot)"
209.74.77.214 - - [19/Jul/2025:18:28:26 +0000] "POST /wp-cron.php?doing_wp_cron=1752949706.7110979557037353515625 HTTP/1.1" 200 - "-" "WordPress/6.8.2; https://cartel.express"
20.171.207.244 - - [19/Jul/2025:18:28:26 +0000] "GET /shopdetail/1383944092.shtml HTTP/1.1" 404 24730 "-" "Mozilla/5.0 AppleWebKit/537.36 (KHTML, like Gecko; compatible; GPTBot/1.2; +https://openai.com/gptbot)"
20.171.207.244 - - [19/Jul/2025:18:28:29 +0000] "GET /shopdetail/1383147922.shtml HTTP/1.1" 404 24730 "-" "Mozilla/5.0 AppleWebKit/537.36 (KHTML, like Gecko; compatible; GPTBot/1.2; +https://openai.com/gptbot)"
20.171.207.244 - - [19/Jul/2025:18:28:31 +0000] "GET /shopdetail/1383456840.shtml HTTP/1.1" 404 24731 "-" "Mozilla/5.0 AppleWebKit/537.36 (KHTML, like Gecko; compatible; GPTBot/1.2; +https://openai.com/gptbot)"
20.171.207.244 - - [19/Jul/2025:18:28:34 +0000] "GET /shopdetail/1383407550.shtml HTTP/1.1" 404 24730 "-" "Mozilla/5.0 AppleWebKit/537.36 (KHTML, like Gecko; compatible; GPTBot/1.2; +https://openai.com/gptbot)"
20.171.207.244 - - [19/Jul/2025:18:28:36 +0000] "GET /shopdetail/1383639120.shtml HTTP/1.1" 404 24731 "-" "Mozilla/5.0 AppleWebKit/537.36 (KHTML, like Gecko; compatible; GPTBot/1.2; +https://openai.com/gptbot)"
20.171.207.244 - - [19/Jul/2025:18:28:39 +0000] "GET /shopdetail/1383568504.shtml HTTP/1.1" 404 24731 "-" "Mozilla/5.0 AppleWebKit/537.36 (KHTML, like Gecko; compatible; GPTBot/1.2; +https://openai.com/gptbot)"
103.146.184.29 - - [19/Jul/2025:18:28:39 +0000] "POST /wp-comments-post.php HTTP/1.1" 302 - "-" "Mozilla/5.0 (Windows NT 10.0; Win64; x64) AppleWebKit/537.36 (KHTML, like Gecko) Chrome/120.0.0.0 Safari/537.36"
20.171.207.244 - - [19/Jul/2025:18:28:41 +0000] "GET /shopdetail/1383369070.shtml HTTP/1.1" 404 24729 "-" "Mozilla/5.0 AppleWebKit/537.36 (KHTML, like Gecko; compatible; GPTBot/1.2; +https://openai.com/gptbot)"
20.171.207.244 - - [19/Jul/2025:18:28:44 +0000] "GET /shopdetail/1383588640.shtml HTTP/1.1" 404 24729 "-" "Mozilla/5.0 AppleWebKit/537.36 (KHTML, like Gecko; compatible; GPTBot/1.2; +https://openai.com/gptbot)"
209.74.77.214 - - [19/Jul/2025:18:28:47 +0000] "POST /wp-cron.php?doing_wp_cron=1752949727.2224090099334716796875 HTTP/1.1" 200 - "-" "WordPress/6.8.2; https://cartel.express"
20.171.207.244 - - [19/Jul/2025:18:28:46 +0000] "GET /shopdetail/1383501066.shtml HTTP/1.1" 404 24729 "-" "Mozilla/5.0 AppleWebKit/537.36 (KHTML, like Gecko; compatible; GPTBot/1.2; +https://openai.com/gptbot)"
20.171.207.244 - - [19/Jul/2025:18:28:49 +0000] "GET /shopdetail/1383482786.shtml HTTP/1.1" 404 24729 "-" "Mozilla/5.0 AppleWebKit/537.36 (KHTML, like Gecko; compatible; GPTBot/1.2; +https://openai.com/gptbot)"
20.171.207.244 - - [19/Jul/2025:18:28:52 +0000] "GET /shopdetail/1383265324.shtml HTTP/1.1" 404 24731 "-" "Mozilla/5.0 AppleWebKit/537.36 (KHTML, like Gecko; compatible; GPTBot/1.2; +https://openai.com/gptbot)"
20.171.207.244 - - [19/Jul/2025:18:28:54 +0000] "GET /shopdetail/1383147922.shtml HTTP/1.1" 404 24733 "-" "Mozilla/5.0 AppleWebKit/537.36 (KHTML, like Gecko; compatible; GPTBot/1.2; +https://openai.com/gptbot)"
20.171.207.244 - - [19/Jul/2025:18:28:57 +0000] "GET /shopdetail/1383552468.shtml HTTP/1.1" 404 24730 "-" "Mozilla/5.0 AppleWebKit/537.36 (KHTML, like Gecko; compatible; GPTBot/1.2; +https://openai.com/gptbot)"
20.171.207.244 - - [19/Jul/2025:18:28:59 +0000] "GET /shopdetail/1383250542.shtml HTTP/1.1" 404 24728 "-" "Mozilla/5.0 AppleWebKit/537.36 (KHTML, like Gecko; compatible; GPTBot/1.2; +https://openai.com/gptbot)"
20.171.207.244 - - [19/Jul/2025:18:29:02 +0000] "GET /shopdetail/1383474924.shtml HTTP/1.1" 404 24729 "-" "Mozilla/5.0 AppleWebKit/537.36 (KHTML, like Gecko; compatible; GPTBot/1.2; +https://openai.com/gptbot)"
103.146.184.29 - - [19/Jul/2025:18:29:04 +0000] "POST /wp-comments-post.php HTTP/1.1" 302 - "-" "Mozilla/5.0 (Windows NT 10.0; Win64; x64) AppleWebKit/537.36 (KHTML, like Gecko) Chrome/120.0.0.0 Safari/537.36"
20.171.207.244 - - [19/Jul/2025:18:29:04 +0000] "GET /shopdetail/1383532942.shtml HTTP/1.1" 404 24729 "-" "Mozilla/5.0 AppleWebKit/537.36 (KHTML, like Gecko; compatible; GPTBot/1.2; +https://openai.com/gptbot)"
20.171.207.244 - - [19/Jul/2025:18:29:07 +0000] "GET /shopdetail/1383569630.shtml HTTP/1.1" 404 24727 "-" "Mozilla/5.0 AppleWebKit/537.36 (KHTML, like Gecko; compatible; GPTBot/1.2; +https://openai.com/gptbot)"
20.171.207.244 - - [19/Jul/2025:18:29:09 +0000] "GET /shopdetail/1383589766.shtml HTTP/1.1" 404 24730 "-" "Mozilla/5.0 AppleWebKit/537.36 (KHTML, like Gecko; compatible; GPTBot/1.2; +https://openai.com/gptbot)"
20.171.207.244 - - [19/Jul/2025:18:29:12 +0000] "GET /shopdetail/1383616220.shtml HTTP/1.1" 404 24731 "-" "Mozilla/5.0 AppleWebKit/537.36 (KHTML, like Gecko; compatible; GPTBot/1.2; +https://openai.com/gptbot)"
209.74.77.214 - - [19/Jul/2025:18:29:15 +0000] "POST /wp-cron.php?doing_wp_cron=1752949755.3994629383087158203125 HTTP/1.1" 200 - "-" "WordPress/6.8.2; https://cartel.express"
20.171.207.244 - - [19/Jul/2025:18:29:15 +0000] "GET /shopdetail/1383953200.shtml HTTP/1.1" 404 24729 "-" "Mozilla/5.0 AppleWebKit/537.36 (KHTML, like Gecko; compatible; GPTBot/1.2; +https://openai.com/gptbot)"
20.171.207.244 - - [19/Jul/2025:18:29:17 +0000] "GET /shopdetail/1383608174.shtml HTTP/1.1" 404 24730 "-" "Mozilla/5.0 AppleWebKit/537.36 (KHTML, like Gecko; compatible; GPTBot/1.2; +https://openai.com/gptbot)"
20.171.207.244 - - [19/Jul/2025:18:29:20 +0000] "GET /shopdetail/1383744982.shtml HTTP/1.1" 404 24730 "-" "Mozilla/5.0 AppleWebKit/537.36 (KHTML, like Gecko; compatible; GPTBot/1.2; +https://openai.com/gptbot)"
20.171.207.244 - - [19/Jul/2025:18:29:22 +0000] "GET /shopdetail/1383552468.shtml HTTP/1.1" 404 24729 "-" "Mozilla/5.0 AppleWebKit/537.36 (KHTML, like Gecko; compatible; GPTBot/1.2; +https://openai.com/gptbot)"
20.171.207.244 - - [19/Jul/2025:18:29:25 +0000] "GET /shopdetail/1383670996.shtml HTTP/1.1" 404 24730 "-" "Mozilla/5.0 AppleWebKit/537.36 (KHTML, like Gecko; compatible; GPTBot/1.2; +https://openai.com/gptbot)"
20.171.207.244 - - [19/Jul/2025:18:29:27 +0000] "GET /shopdetail/1383757324.shtml HTTP/1.1" 404 24730 "-" "Mozilla/5.0 AppleWebKit/537.36 (KHTML, like Gecko; compatible; GPTBot/1.2; +https://openai.com/gptbot)"
20.171.207.244 - - [19/Jul/2025:18:29:30 +0000] "GET /shopdetail/1383477040.shtml HTTP/1.1" 404 24731 "-" "Mozilla/5.0 AppleWebKit/537.36 (KHTML, like Gecko; compatible; GPTBot/1.2; +https://openai.com/gptbot)"
20.171.207.244 - - [19/Jul/2025:18:29:33 +0000] "GET /shopdetail/1383942974.shtml HTTP/1.1" 404 24730 "-" "Mozilla/5.0 AppleWebKit/537.36 (KHTML, like Gecko; compatible; GPTBot/1.2; +https://openai.com/gptbot)"
20.171.207.244 - - [19/Jul/2025:18:29:35 +0000] "GET /shopdetail/1383784712.shtml HTTP/1.1" 404 24729 "-" "Mozilla/5.0 AppleWebKit/537.36 (KHTML, like Gecko; compatible; GPTBot/1.2; +https://openai.com/gptbot)"
20.171.207.244 - - [19/Jul/2025:18:29:38 +0000] "GET /shopdetail/1383915846.shtml HTTP/1.1" 404 24731 "-" "Mozilla/5.0 AppleWebKit/537.36 (KHTML, like Gecko; compatible; GPTBot/1.2; +https://openai.com/gptbot)"
20.171.207.244 - - [19/Jul/2025:18:29:40 +0000] "GET /shopdetail/1383596694.shtml HTTP/1.1" 404 24732 "-" "Mozilla/5.0 AppleWebKit/537.36 (KHTML, like Gecko; compatible; GPTBot/1.2; +https://openai.com/gptbot)"
20.171.207.244 - - [19/Jul/2025:18:29:43 +0000] "GET /shopdetail/1383953200.shtml HTTP/1.1" 404 24727 "-" "Mozilla/5.0 AppleWebKit/537.36 (KHTML, like Gecko; compatible; GPTBot/1.2; +https://openai.com/gptbot)"
20.171.207.244 - - [19/Jul/2025:18:29:46 +0000] "GET /shopdetail/1383721890.shtml HTTP/1.1" 404 24728 "-" "Mozilla/5.0 AppleWebKit/537.36 (KHTML, like Gecko; compatible; GPTBot/1.2; +https://openai.com/gptbot)"
209.74.77.214 - - [19/Jul/2025:18:29:49 +0000] "POST /wp-cron.php?doing_wp_cron=1752949789.1101369857788085937500 HTTP/1.1" 200 - "-" "WordPress/6.8.2; https://cartel.express"
20.171.207.244 - - [19/Jul/2025:18:29:48 +0000] "GET /shopdetail/1383608174.shtml HTTP/1.1" 404 24730 "-" "Mozilla/5.0 AppleWebKit/537.36 (KHTML, like Gecko; compatible; GPTBot/1.2; +https://openai.com/gptbot)"
20.171.207.244 - - [19/Jul/2025:18:29:51 +0000] "GET /shopdetail/1383730260.shtml HTTP/1.1" 404 24730 "-" "Mozilla/5.0 AppleWebKit/537.36 (KHTML, like Gecko; compatible; GPTBot/1.2; +https://openai.com/gptbot)"
20.171.207.244 - - [19/Jul/2025:18:29:54 +0000] "GET /shopdetail/1383365700.shtml HTTP/1.1" 404 24729 "-" "Mozilla/5.0 AppleWebKit/537.36 (KHTML, like Gecko; compatible; GPTBot/1.2; +https://openai.com/gptbot)"
20.171.207.244 - - [19/Jul/2025:18:29:56 +0000] "GET /shopdetail/1383738054.shtml HTTP/1.1" 404 24729 "-" "Mozilla/5.0 AppleWebKit/537.36 (KHTML, like Gecko; compatible; GPTBot/1.2; +https://openai.com/gptbot)"
20.171.207.244 - - [19/Jul/2025:18:29:59 +0000] "GET /shopdetail/1383205070.shtml HTTP/1.1" 404 24727 "-" "Mozilla/5.0 AppleWebKit/537.36 (KHTML, like Gecko; compatible; GPTBot/1.2; +https://openai.com/gptbot)"
20.171.207.244 - - [19/Jul/2025:18:30:02 +0000] "GET /shopdetail/1383968246.shtml HTTP/1.1" 404 24729 "-" "Mozilla/5.0 AppleWebKit/537.36 (KHTML, like Gecko; compatible; GPTBot/1.2; +https://openai.com/gptbot)"
20.171.207.244 - - [19/Jul/2025:18:30:04 +0000] "GET /shopdetail/1383942974.shtml HTTP/1.1" 404 24730 "-" "Mozilla/5.0 AppleWebKit/537.36 (KHTML, like Gecko; compatible; GPTBot/1.2; +https://openai.com/gptbot)"
20.171.207.244 - - [19/Jul/2025:18:30:07 +0000] "GET /shopdetail/1383862060.shtml HTTP/1.1" 404 24727 "-" "Mozilla/5.0 AppleWebKit/537.36 (KHTML, like Gecko; compatible; GPTBot/1.2; +https://openai.com/gptbot)"
20.171.207.244 - - [19/Jul/2025:18:30:10 +0000] "GET /shopdetail/1383464698.shtml HTTP/1.1" 404 24728 "-" "Mozilla/5.0 AppleWebKit/537.36 (KHTML, like Gecko; compatible; GPTBot/1.2; +https://openai.com/gptbot)"
20.171.207.244 - - [19/Jul/2025:18:30:12 +0000] "GET /shopdetail/1383671994.shtml HTTP/1.1" 404 24730 "-" "Mozilla/5.0 AppleWebKit/537.36 (KHTML, like Gecko; compatible; GPTBot/1.2; +https://openai.com/gptbot)"
209.74.77.214 - - [19/Jul/2025:18:30:15 +0000] "POST /wp-cron.php?doing_wp_cron=1752949815.5716919898986816406250 HTTP/1.1" 200 - "-" "WordPress/6.8.2; https://cartel.express"
20.171.207.244 - - [19/Jul/2025:18:30:15 +0000] "GET /shopdetail/1383244800.shtml HTTP/1.1" 404 24729 "-" "Mozilla/5.0 AppleWebKit/537.36 (KHTML, like Gecko; compatible; GPTBot/1.2; +https://openai.com/gptbot)"
20.171.207.244 - - [19/Jul/2025:18:30:17 +0000] "GET /shopdetail/1383539870.shtml HTTP/1.1" 404 24727 "-" "Mozilla/5.0 AppleWebKit/537.36 (KHTML, like Gecko; compatible; GPTBot/1.2; +https://openai.com/gptbot)"
20.171.207.244 - - [19/Jul/2025:18:30:20 +0000] "GET /shopdetail/1383451102.shtml HTTP/1.1" 404 24729 "-" "Mozilla/5.0 AppleWebKit/537.36 (KHTML, like Gecko; compatible; GPTBot/1.2; +https://openai.com/gptbot)"
20.171.207.244 - - [19/Jul/2025:18:30:22 +0000] "GET /shopdetail/1383525080.shtml HTTP/1.1" 404 24728 "-" "Mozilla/5.0 AppleWebKit/537.36 (KHTML, like Gecko; compatible; GPTBot/1.2; +https://openai.com/gptbot)"
209.74.77.214 - - [19/Jul/2025:18:30:25 +0000] "POST /wp-cron.php?doing_wp_cron=1752949825.7165980339050292968750 HTTP/1.1" 200 - "-" "WordPress/6.8.2; https://cartel.express"
20.171.207.244 - - [19/Jul/2025:18:30:25 +0000] "GET /shopdetail/1383903240.shtml HTTP/1.1" 404 24728 "-" "Mozilla/5.0 AppleWebKit/537.36 (KHTML, like Gecko; compatible; GPTBot/1.2; +https://openai.com/gptbot)"
209.74.77.214 - - [19/Jul/2025:18:30:28 +0000] "POST /wp-cron.php?doing_wp_cron=1752949828.2576150894165039062500 HTTP/1.1" 200 - "-" "WordPress/6.8.2; https://cartel.express"
20.171.207.244 - - [19/Jul/2025:18:30:27 +0000] "GET /shopdetail/1383325714.shtml HTTP/1.1" 404 24731 "-" "Mozilla/5.0 AppleWebKit/537.36 (KHTML, like Gecko; compatible; GPTBot/1.2; +https://openai.com/gptbot)"
20.171.207.244 - - [19/Jul/2025:18:30:30 +0000] "GET /shopdetail/1383968246.shtml HTTP/1.1" 404 24728 "-" "Mozilla/5.0 AppleWebKit/537.36 (KHTML, like Gecko; compatible; GPTBot/1.2; +https://openai.com/gptbot)"
20.171.207.244 - - [19/Jul/2025:18:30:33 +0000] "GET /shopdetail/1383269812.shtml HTTP/1.1" 404 24731 "-" "Mozilla/5.0 AppleWebKit/537.36 (KHTML, like Gecko; compatible; GPTBot/1.2; +https://openai.com/gptbot)"
20.171.207.244 - - [19/Jul/2025:18:30:35 +0000] "GET /shopdetail/1383907728.shtml HTTP/1.1" 404 24730 "-" "Mozilla/5.0 AppleWebKit/537.36 (KHTML, like Gecko; compatible; GPTBot/1.2; +https://openai.com/gptbot)"
20.171.207.244 - - [19/Jul/2025:18:30:38 +0000] "GET /shopdetail/1383247172.shtml HTTP/1.1" 404 24728 "-" "Mozilla/5.0 AppleWebKit/537.36 (KHTML, like Gecko; compatible; GPTBot/1.2; +https://openai.com/gptbot)"
20.171.207.244 - - [19/Jul/2025:18:30:41 +0000] "GET /shopdetail/1383671994.shtml HTTP/1.1" 404 24728 "-" "Mozilla/5.0 AppleWebKit/537.36 (KHTML, like Gecko; compatible; GPTBot/1.2; +https://openai.com/gptbot)"
20.171.207.244 - - [19/Jul/2025:18:30:43 +0000] "GET /shopdetail/1383660578.shtml HTTP/1.1" 404 24731 "-" "Mozilla/5.0 AppleWebKit/537.36 (KHTML, like Gecko; compatible; GPTBot/1.2; +https://openai.com/gptbot)"
20.171.207.244 - - [19/Jul/2025:18:30:46 +0000] "GET /shopdetail/1383974786.shtml HTTP/1.1" 404 24732 "-" "Mozilla/5.0 AppleWebKit/537.36 (KHTML, like Gecko; compatible; GPTBot/1.2; +https://openai.com/gptbot)"
209.74.77.214 - - [19/Jul/2025:18:30:49 +0000] "POST /wp-cron.php?doing_wp_cron=1752949849.1938259601593017578125 HTTP/1.1" 200 - "-" "WordPress/6.8.2; https://cartel.express"
20.171.207.244 - - [19/Jul/2025:18:30:48 +0000] "GET /shopdetail/1383749470.shtml HTTP/1.1" 404 24730 "-" "Mozilla/5.0 AppleWebKit/537.36 (KHTML, like Gecko; compatible; GPTBot/1.2; +https://openai.com/gptbot)"
20.171.207.244 - - [19/Jul/2025:18:30:51 +0000] "GET /shopdetail/1383610290.shtml HTTP/1.1" 404 24729 "-" "Mozilla/5.0 AppleWebKit/537.36 (KHTML, like Gecko; compatible; GPTBot/1.2; +https://openai.com/gptbot)"
20.171.207.244 - - [19/Jul/2025:18:30:54 +0000] "GET /shopdetail/1383609292.shtml HTTP/1.1" 404 24729 "-" "Mozilla/5.0 AppleWebKit/537.36 (KHTML, like Gecko; compatible; GPTBot/1.2; +https://openai.com/gptbot)"
20.171.207.244 - - [19/Jul/2025:18:30:56 +0000] "GET /shopdetail/1383252658.shtml HTTP/1.1" 404 24728 "-" "Mozilla/5.0 AppleWebKit/537.36 (KHTML, like Gecko; compatible; GPTBot/1.2; +https://openai.com/gptbot)"
20.171.207.244 - - [19/Jul/2025:18:30:59 +0000] "GET /shopdetail/1383857572.shtml HTTP/1.1" 404 24731 "-" "Mozilla/5.0 AppleWebKit/537.36 (KHTML, like Gecko; compatible; GPTBot/1.2; +https://openai.com/gptbot)"
20.171.207.244 - - [19/Jul/2025:18:31:01 +0000] "GET /shopdetail/1383725448.shtml HTTP/1.1" 404 24731 "-" "Mozilla/5.0 AppleWebKit/537.36 (KHTML, like Gecko; compatible; GPTBot/1.2; +https://openai.com/gptbot)"
20.171.207.244 - - [19/Jul/2025:18:31:04 +0000] "GET /shopdetail/1383907728.shtml HTTP/1.1" 404 24729 "-" "Mozilla/5.0 AppleWebKit/537.36 (KHTML, like Gecko; compatible; GPTBot/1.2; +https://openai.com/gptbot)"
20.171.207.244 - - [19/Jul/2025:18:31:06 +0000] "GET /shopdetail/1383649030.shtml HTTP/1.1" 404 24730 "-" "Mozilla/5.0 AppleWebKit/537.36 (KHTML, like Gecko; compatible; GPTBot/1.2; +https://openai.com/gptbot)"
20.171.207.244 - - [19/Jul/2025:18:31:09 +0000] "GET /shopdetail/1383198206.shtml HTTP/1.1" 404 24729 "-" "Mozilla/5.0 AppleWebKit/537.36 (KHTML, like Gecko; compatible; GPTBot/1.2; +https://openai.com/gptbot)"
20.171.207.244 - - [19/Jul/2025:18:31:11 +0000] "GET /shopdetail/1383675484.shtml HTTP/1.1" 404 24727 "-" "Mozilla/5.0 AppleWebKit/537.36 (KHTML, like Gecko; compatible; GPTBot/1.2; +https://openai.com/gptbot)"
209.74.77.214 - - [19/Jul/2025:18:31:14 +0000] "POST /wp-cron.php?doing_wp_cron=1752949874.9312429428100585937500 HTTP/1.1" 200 - "-" "WordPress/6.8.2; https://cartel.express"
20.171.207.244 - - [19/Jul/2025:18:31:14 +0000] "GET /shopdetail/1383142240.shtml HTTP/1.1" 404 24729 "-" "Mozilla/5.0 AppleWebKit/537.36 (KHTML, like Gecko; compatible; GPTBot/1.2; +https://openai.com/gptbot)"
20.171.207.244 - - [19/Jul/2025:18:31:17 +0000] "GET /shopdetail/1383973852.shtml HTTP/1.1" 404 24728 "-" "Mozilla/5.0 AppleWebKit/537.36 (KHTML, like Gecko; compatible; GPTBot/1.2; +https://openai.com/gptbot)"
20.171.207.244 - - [19/Jul/2025:18:31:19 +0000] "GET /shopdetail/1383610290.shtml HTTP/1.1" 404 24729 "-" "Mozilla/5.0 AppleWebKit/537.36 (KHTML, like Gecko; compatible; GPTBot/1.2; +https://openai.com/gptbot)"
20.171.207.244 - - [19/Jul/2025:18:31:22 +0000] "GET /shopdetail/1383522708.shtml HTTP/1.1" 404 24728 "-" "Mozilla/5.0 AppleWebKit/537.36 (KHTML, like Gecko; compatible; GPTBot/1.2; +https://openai.com/gptbot)"
20.171.207.244 - - [19/Jul/2025:18:31:24 +0000] "GET /shopdetail/1383345240.shtml HTTP/1.1" 404 24730 "-" "Mozilla/5.0 AppleWebKit/537.36 (KHTML, like Gecko; compatible; GPTBot/1.2; +https://openai.com/gptbot)"
20.171.207.244 - - [19/Jul/2025:18:31:27 +0000] "GET /shopdetail/1383620840.shtml HTTP/1.1" 404 24730 "-" "Mozilla/5.0 AppleWebKit/537.36 (KHTML, like Gecko; compatible; GPTBot/1.2; +https://openai.com/gptbot)"
20.171.207.244 - - [19/Jul/2025:18:31:30 +0000] "GET /shopdetail/1383487274.shtml HTTP/1.1" 404 24729 "-" "Mozilla/5.0 AppleWebKit/537.36 (KHTML, like Gecko; compatible; GPTBot/1.2; +https://openai.com/gptbot)"
35.90.214.169 - - [19/Jul/2025:18:31:31 +0000] "GET / HTTP/1.1" 200 40554 "-" "Mozilla/5.0 (Windows NT 10.0; Win64; x64) AppleWebKit/537.36 (KHTML, like Gecko) Chrome/70.0.3538.102 Safari/537.36 Edge/18.19582"
35.90.214.169 - - [19/Jul/2025:18:31:32 +0000] "GET /wp-content/plugins/trx_addons/css/font-icons/css/trx_addons_icons.css HTTP/1.1" 200 4577 "https://cartel.express/" "Mozilla/5.0 (Windows NT 10.0; Win64; x64) AppleWebKit/537.36 (KHTML, like Gecko) Chrome/70.0.3538.102 Safari/537.36 Edge/18.19582"
35.90.214.169 - - [19/Jul/2025:18:31:32 +0000] "GET /wp-content/plugins/contact-form-7/includes/css/styles.css?ver=6.1 HTTP/1.1" 200 1031 "https://cartel.express/" "Mozilla/5.0 (Windows NT 10.0; Win64; x64) AppleWebKit/537.36 (KHTML, like Gecko) Chrome/70.0.3538.102 Safari/537.36 Edge/18.19582"
35.90.214.169 - - [19/Jul/2025:18:31:32 +0000] "GET /wp-content/themes/detailx/skins/default/css/font-icons/css/fontello.css HTTP/1.1" 200 7543 "https://cartel.express/" "Mozilla/5.0 (Windows NT 10.0; Win64; x64) AppleWebKit/537.36 (KHTML, like Gecko) Chrome/70.0.3538.102 Safari/537.36 Edge/18.19582"
35.90.214.169 - - [19/Jul/2025:18:31:32 +0000] "GET /wp-content/plugins/instagram-feed/css/sbi-styles.min.css?ver=6.9.1 HTTP/1.1" 200 8799 "https://cartel.express/" "Mozilla/5.0 (Windows NT 10.0; Win64; x64) AppleWebKit/537.36 (KHTML, like Gecko) Chrome/70.0.3538.102 Safari/537.36 Edge/18.19582"
35.90.214.169 - - [19/Jul/2025:18:31:32 +0000] "GET /wp-content/plugins/trx_addons/js/magnific/magnific-popup.min.css HTTP/1.1" 200 1548 "https://cartel.express/" "Mozilla/5.0 (Windows NT 10.0; Win64; x64) AppleWebKit/537.36 (KHTML, like Gecko) Chrome/70.0.3538.102 Safari/537.36 Edge/18.19582"
35.90.214.169 - - [19/Jul/2025:18:31:32 +0000] "GET /wp-content/plugins/advanced-popups/public/css/advanced-popups-public.css?ver=1.2.2 HTTP/1.1" 200 2297 "https://cartel.express/" "Mozilla/5.0 (Windows NT 10.0; Win64; x64) AppleWebKit/537.36 (KHTML, like Gecko) Chrome/70.0.3538.102 Safari/537.36 Edge/18.19582"
35.90.214.169 - - [19/Jul/2025:18:31:32 +0000] "GET /wp-content/plugins/trx_addons/addons/qw-extension/css/font-icons/css/qw_extension_icons.css HTTP/1.1" 200 900 "https://cartel.express/" "Mozilla/5.0 (Windows NT 10.0; Win64; x64) AppleWebKit/537.36 (KHTML, like Gecko) Chrome/70.0.3538.102 Safari/537.36 Edge/18.19582"
35.90.214.169 - - [19/Jul/2025:18:31:32 +0000] "GET /wp-content/plugins/woo-smart-quick-view/assets/libs/perfect-scrollbar/css/custom-theme.css?ver=6.8.2 HTTP/1.1" 200 621 "https://cartel.express/" "Mozilla/5.0 (Windows NT 10.0; Win64; x64) AppleWebKit/537.36 (KHTML, like Gecko) Chrome/70.0.3538.102 Safari/537.36 Edge/18.19582"
35.90.214.169 - - [19/Jul/2025:18:31:32 +0000] "GET /wp-content/plugins/elementor/assets/lib/eicons/css/elementor-icons.min.css?ver=5.43.0 HTTP/1.1" 200 4349 "https://cartel.express/" "Mozilla/5.0 (Windows NT 10.0; Win64; x64) AppleWebKit/537.36 (KHTML, like Gecko) Chrome/70.0.3538.102 Safari/537.36 Edge/18.19582"
35.90.214.169 - - [19/Jul/2025:18:31:32 +0000] "GET /wp-content/plugins/woocommerce/assets/css/woocommerce-layout.css?ver=10.0.2 HTTP/1.1" 200 3414 "https://cartel.express/" "Mozilla/5.0 (Windows NT 10.0; Win64; x64) AppleWebKit/537.36 (KHTML, like Gecko) Chrome/70.0.3538.102 Safari/537.36 Edge/18.19582"
35.90.214.169 - - [19/Jul/2025:18:31:32 +0000] "GET /wp-content/plugins/woo-smart-quick-view/assets/libs/perfect-scrollbar/css/perfect-scrollbar.min.css?ver=6.8.2 HTTP/1.1" 200 610 "https://cartel.express/" "Mozilla/5.0 (Windows NT 10.0; Win64; x64) AppleWebKit/537.36 (KHTML, like Gecko) Chrome/70.0.3538.102 Safari/537.36 Edge/18.19582"
35.90.214.169 - - [19/Jul/2025:18:31:32 +0000] "GET /wp-content/plugins/woo-smart-quick-view/assets/libs/slick/slick.css?ver=6.8.2 HTTP/1.1" 200 545 "https://cartel.express/" "Mozilla/5.0 (Windows NT 10.0; Win64; x64) AppleWebKit/537.36 (KHTML, like Gecko) Chrome/70.0.3538.102 Safari/537.36 Edge/18.19582"
35.90.214.169 - - [19/Jul/2025:18:31:32 +0000] "GET /wp-content/plugins/woocommerce/assets/css/woocommerce.css?ver=10.0.2 HTTP/1.1" 200 10826 "https://cartel.express/" "Mozilla/5.0 (Windows NT 10.0; Win64; x64) AppleWebKit/537.36 (KHTML, like Gecko) Chrome/70.0.3538.102 Safari/537.36 Edge/18.19582"
35.90.214.169 - - [19/Jul/2025:18:31:32 +0000] "GET /wp-content/plugins/woo-smart-quick-view/assets/libs/feather/feather.css?ver=6.8.2 HTTP/1.1" 200 169 "https://cartel.express/" "Mozilla/5.0 (Windows NT 10.0; Win64; x64) AppleWebKit/537.36 (KHTML, like Gecko) Chrome/70.0.3538.102 Safari/537.36 Edge/18.19582"
35.90.214.169 - - [19/Jul/2025:18:31:32 +0000] "GET /wp-content/plugins/woo-smart-quick-view/assets/css/frontend.css?ver=4.2.0 HTTP/1.1" 200 3569 "https://cartel.express/" "Mozilla/5.0 (Windows NT 10.0; Win64; x64) AppleWebKit/537.36 (KHTML, like Gecko) Chrome/70.0.3538.102 Safari/537.36 Edge/18.19582"
35.90.214.169 - - [19/Jul/2025:18:31:32 +0000] "GET /wp-content/plugins/woocommerce/assets/css/brands.css?ver=10.0.2 HTTP/1.1" 200 684 "https://cartel.express/" "Mozilla/5.0 (Windows NT 10.0; Win64; x64) AppleWebKit/537.36 (KHTML, like Gecko) Chrome/70.0.3538.102 Safari/537.36 Edge/18.19582"
35.90.214.169 - - [19/Jul/2025:18:31:32 +0000] "GET /wp-content/uploads/elementor/css/custom-frontend.min.css?ver=1752119949 HTTP/1.1" 200 7083 "https://cartel.express/" "Mozilla/5.0 (Windows NT 10.0; Win64; x64) AppleWebKit/537.36 (KHTML, like Gecko) Chrome/70.0.3538.102 Safari/537.36 Edge/18.19582"
35.90.214.169 - - [19/Jul/2025:18:31:32 +0000] "GET /wp-content/plugins/ti-woocommerce-wishlist/assets/css/webfont.min.css?ver=2.10.0 HTTP/1.1" 200 877 "https://cartel.express/" "Mozilla/5.0 (Windows NT 10.0; Win64; x64) AppleWebKit/537.36 (KHTML, like Gecko) Chrome/70.0.3538.102 Safari/537.36 Edge/18.19582"
35.90.214.169 - - [19/Jul/2025:18:31:32 +0000] "GET /wp-content/plugins/ti-woocommerce-wishlist/assets/css/public.min.css?ver=2.10.0 HTTP/1.1" 200 5605 "https://cartel.express/" "Mozilla/5.0 (Windows NT 10.0; Win64; x64) AppleWebKit/537.36 (KHTML, like Gecko) Chrome/70.0.3538.102 Safari/537.36 Edge/18.19582"
35.90.214.169 - - [19/Jul/2025:18:31:32 +0000] "GET /wp-content/plugins/elementor/assets/css/widget-spacer.min.css?ver=3.30.2 HTTP/1.1" 200 369 "https://cartel.express/" "Mozilla/5.0 (Windows NT 10.0; Win64; x64) AppleWebKit/537.36 (KHTML, like Gecko) Chrome/70.0.3538.102 Safari/537.36 Edge/18.19582"
35.90.214.169 - - [19/Jul/2025:18:31:33 +0000] "GET /wp-content/uploads/elementor/css/custom-widget-icon-box.min.css?ver=1752119949 HTTP/1.1" 200 705 "https://cartel.express/" "Mozilla/5.0 (Windows NT 10.0; Win64; x64) AppleWebKit/537.36 (KHTML, like Gecko) Chrome/70.0.3538.102 Safari/537.36 Edge/18.19582"
35.90.214.169 - - [19/Jul/2025:18:31:33 +0000] "GET /wp-content/plugins/elementor/assets/css/widget-image.min.css?ver=3.30.2 HTTP/1.1" 200 164 "https://cartel.express/" "Mozilla/5.0 (Windows NT 10.0; Win64; x64) AppleWebKit/537.36 (KHTML, like Gecko) Chrome/70.0.3538.102 Safari/537.36 Edge/18.19582"
35.90.214.169 - - [19/Jul/2025:18:31:33 +0000] "GET /wp-content/plugins/elementor/assets/lib/swiper/v8/css/swiper.min.css?ver=8.4.5 HTTP/1.1" 200 4583 "https://cartel.express/" "Mozilla/5.0 (Windows NT 10.0; Win64; x64) AppleWebKit/537.36 (KHTML, like Gecko) Chrome/70.0.3538.102 Safari/537.36 Edge/18.19582"
35.90.214.169 - - [19/Jul/2025:18:31:33 +0000] "GET /wp-content/plugins/elementor/assets/css/widget-heading.min.css?ver=3.30.2 HTTP/1.1" 200 188 "https://cartel.express/" "Mozilla/5.0 (Windows NT 10.0; Win64; x64) AppleWebKit/537.36 (KHTML, like Gecko) Chrome/70.0.3538.102 Safari/537.36 Edge/18.19582"
35.90.214.169 - - [19/Jul/2025:18:31:33 +0000] "GET /wp-content/plugins/elementor/assets/css/widget-divider.min.css?ver=3.30.2 HTTP/1.1" 200 771 "https://cartel.express/" "Mozilla/5.0 (Windows NT 10.0; Win64; x64) AppleWebKit/537.36 (KHTML, like Gecko) Chrome/70.0.3538.102 Safari/537.36 Edge/18.19582"
35.90.214.169 - - [19/Jul/2025:18:31:33 +0000] "GET /wp-content/plugins/trx_addons/components/widgets/custom_links/custom_links.css HTTP/1.1" 200 819 "https://cartel.express/" "Mozilla/5.0 (Windows NT 10.0; Win64; x64) AppleWebKit/537.36 (KHTML, like Gecko) Chrome/70.0.3538.102 Safari/537.36 Edge/18.19582"
35.90.214.169 - - [19/Jul/2025:18:31:33 +0000] "GET /wp-content/plugins/trx_addons/css/trx_addons.animations.css HTTP/1.1" 200 6429 "https://cartel.express/" "Mozilla/5.0 (Windows NT 10.0; Win64; x64) AppleWebKit/537.36 (KHTML, like Gecko) Chrome/70.0.3538.102 Safari/537.36 Edge/18.19582"
35.90.214.169 - - [19/Jul/2025:18:31:33 +0000] "GET /wp-content/plugins/trx_addons/css/__styles.css HTTP/1.1" 200 47458 "https://cartel.express/" "Mozilla/5.0 (Windows NT 10.0; Win64; x64) AppleWebKit/537.36 (KHTML, like Gecko) Chrome/70.0.3538.102 Safari/537.36 Edge/18.19582"
35.90.214.169 - - [19/Jul/2025:18:31:33 +0000] "GET /wp-content/plugins/trx_addons/components/api/woocommerce/woocommerce.css HTTP/1.1" 200 3998 "https://cartel.express/" "Mozilla/5.0 (Windows NT 10.0; Win64; x64) AppleWebKit/537.36 (KHTML, like Gecko) Chrome/70.0.3538.102 Safari/537.36 Edge/18.19582"
35.90.214.169 - - [19/Jul/2025:18:31:33 +0000] "GET /wp-content/plugins/trx_addons/components/shortcodes/content/content.css HTTP/1.1" 200 618 "https://cartel.express/" "Mozilla/5.0 (Windows NT 10.0; Win64; x64) AppleWebKit/537.36 (KHTML, like Gecko) Chrome/70.0.3538.102 Safari/537.36 Edge/18.19582"
35.90.214.169 - - [19/Jul/2025:18:31:33 +0000] "GET /wp-content/plugins/trx_addons/components/shortcodes/content/content.responsive.css HTTP/1.1" 200 696 "https://cartel.express/" "Mozilla/5.0 (Windows NT 10.0; Win64; x64) AppleWebKit/537.36 (KHTML, like Gecko) Chrome/70.0.3538.102 Safari/537.36 Edge/18.19582"
35.90.214.169 - - [19/Jul/2025:18:31:33 +0000] "GET /wp-content/plugins/trx_addons/components/api/contact-form-7/contact-form-7.css HTTP/1.1" 200 473 "https://cartel.express/" "Mozilla/5.0 (Windows NT 10.0; Win64; x64) AppleWebKit/537.36 (KHTML, like Gecko) Chrome/70.0.3538.102 Safari/537.36 Edge/18.19582"
35.90.214.169 - - [19/Jul/2025:18:31:33 +0000] "GET /wp-content/plugins/trx_addons/addons/mouse-helper/mouse-helper.css HTTP/1.1" 200 1808 "https://cartel.express/" "Mozilla/5.0 (Windows NT 10.0; Win64; x64) AppleWebKit/537.36 (KHTML, like Gecko) Chrome/70.0.3538.102 Safari/537.36 Edge/18.19582"
35.90.214.169 - - [19/Jul/2025:18:31:33 +0000] "GET /wp-content/plugins/trx_addons/components/shortcodes/icons/icons.css HTTP/1.1" 200 1404 "https://cartel.express/" "Mozilla/5.0 (Windows NT 10.0; Win64; x64) AppleWebKit/537.36 (KHTML, like Gecko) Chrome/70.0.3538.102 Safari/537.36 Edge/18.19582"
35.90.214.169 - - [19/Jul/2025:18:31:33 +0000] "GET /wp-content/plugins/trx_addons/components/cpt/services/services.css HTTP/1.1" 200 6021 "https://cartel.express/" "Mozilla/5.0 (Windows NT 10.0; Win64; x64) AppleWebKit/537.36 (KHTML, like Gecko) Chrome/70.0.3538.102 Safari/537.36 Edge/18.19582"
35.90.214.169 - - [19/Jul/2025:18:31:33 +0000] "GET /wp-content/plugins/trx_addons/components/cpt/testimonials/testimonials.css HTTP/1.1" 200 1017 "https://cartel.express/" "Mozilla/5.0 (Windows NT 10.0; Win64; x64) AppleWebKit/537.36 (KHTML, like Gecko) Chrome/70.0.3538.102 Safari/537.36 Edge/18.19582"
35.90.214.169 - - [19/Jul/2025:18:31:33 +0000] "GET /wp-content/plugins/trx_addons/components/shortcodes/blogger/blogger.css HTTP/1.1" 200 4496 "https://cartel.express/" "Mozilla/5.0 (Windows NT 10.0; Win64; x64) AppleWebKit/537.36 (KHTML, like Gecko) Chrome/70.0.3538.102 Safari/537.36 Edge/18.19582"
35.90.214.169 - - [19/Jul/2025:18:31:33 +0000] "GET /wp-content/plugins/trx_addons/components/shortcodes/skills/skills.css HTTP/1.1" 200 1106 "https://cartel.express/" "Mozilla/5.0 (Windows NT 10.0; Win64; x64) AppleWebKit/537.36 (KHTML, like Gecko) Chrome/70.0.3538.102 Safari/537.36 Edge/18.19582"
35.90.214.169 - - [19/Jul/2025:18:31:33 +0000] "GET /wp-content/themes/detailx/skins/default/cars.css HTTP/1.1" 200 4959 "https://cartel.express/" "Mozilla/5.0 (Windows NT 10.0; Win64; x64) AppleWebKit/537.36 (KHTML, like Gecko) Chrome/70.0.3538.102 Safari/537.36 Edge/18.19582"
35.90.214.169 - - [19/Jul/2025:18:31:33 +0000] "GET /wp-content/plugins/revslider/sr6/assets/css/rs6.css?ver=6.7.34 HTTP/1.1" 200 12492 "https://cartel.express/" "Mozilla/5.0 (Windows NT 10.0; Win64; x64) AppleWebKit/537.36 (KHTML, like Gecko) Chrome/70.0.3538.102 Safari/537.36 Edge/18.19582"
35.90.214.169 - - [19/Jul/2025:18:31:33 +0000] "GET /wp-content/plugins/woocommerce/assets/client/blocks/wc-blocks.css?ver=wc-10.0.2 HTTP/1.1" 200 2575 "https://cartel.express/" "Mozilla/5.0 (Windows NT 10.0; Win64; x64) AppleWebKit/537.36 (KHTML, like Gecko) Chrome/70.0.3538.102 Safari/537.36 Edge/18.19582"
20.171.207.244 - - [19/Jul/2025:18:31:32 +0000] "GET /shopdetail/1383162960.shtml HTTP/1.1" 404 24729 "-" "Mozilla/5.0 AppleWebKit/537.36 (KHTML, like Gecko; compatible; GPTBot/1.2; +https://openai.com/gptbot)"
35.90.214.169 - - [19/Jul/2025:18:31:33 +0000] "GET /wp-content/themes/detailx/style.css HTTP/1.1" 200 1698 "https://cartel.express/" "Mozilla/5.0 (Windows NT 10.0; Win64; x64) AppleWebKit/537.36 (KHTML, like Gecko) Chrome/70.0.3538.102 Safari/537.36 Edge/18.19582"
35.90.214.169 - - [19/Jul/2025:18:31:33 +0000] "GET /wp-includes/js/mediaelement/mediaelementplayer-legacy.min.css?ver=4.2.17 HTTP/1.1" 200 2592 "https://cartel.express/" "Mozilla/5.0 (Windows NT 10.0; Win64; x64) AppleWebKit/537.36 (KHTML, like Gecko) Chrome/70.0.3538.102 Safari/537.36 Edge/18.19582"
35.90.214.169 - - [19/Jul/2025:18:31:33 +0000] "GET /wp-includes/js/mediaelement/wp-mediaelement.min.css?ver=6.8.2 HTTP/1.1" 200 1156 "https://cartel.express/" "Mozilla/5.0 (Windows NT 10.0; Win64; x64) AppleWebKit/537.36 (KHTML, like Gecko) Chrome/70.0.3538.102 Safari/537.36 Edge/18.19582"
35.90.214.169 - - [19/Jul/2025:18:31:33 +0000] "GET /wp-content/plugins/trx_addons/addons/qw-extension/css/qw_extension_services.css HTTP/1.1" 200 7098 "https://cartel.express/" "Mozilla/5.0 (Windows NT 10.0; Win64; x64) AppleWebKit/537.36 (KHTML, like Gecko) Chrome/70.0.3538.102 Safari/537.36 Edge/18.19582"
35.90.214.169 - - [19/Jul/2025:18:31:33 +0000] "GET /wp-content/plugins/trx_addons/addons/qw-extension/css/qw_extension_icons.css HTTP/1.1" 200 1435 "https://cartel.express/" "Mozilla/5.0 (Windows NT 10.0; Win64; x64) AppleWebKit/537.36 (KHTML, like Gecko) Chrome/70.0.3538.102 Safari/537.36 Edge/18.19582"
35.90.214.169 - - [19/Jul/2025:18:31:33 +0000] "GET /wp-content/themes/detailx/skins/default/css/style.css HTTP/1.1" 200 68098 "https://cartel.express/" "Mozilla/5.0 (Windows NT 10.0; Win64; x64) AppleWebKit/537.36 (KHTML, like Gecko) Chrome/70.0.3538.102 Safari/537.36 Edge/18.19582"
35.90.214.169 - - [19/Jul/2025:18:31:33 +0000] "GET /wp-content/plugins/trx_addons/addons/qw-extension/css/qw_extension_testimonials.css HTTP/1.1" 200 1066 "https://cartel.express/" "Mozilla/5.0 (Windows NT 10.0; Win64; x64) AppleWebKit/537.36 (KHTML, like Gecko) Chrome/70.0.3538.102 Safari/537.36 Edge/18.19582"
35.90.214.169 - - [19/Jul/2025:18:31:33 +0000] "GET /wp-content/themes/detailx/skins/default/css/__custom.css HTTP/1.1" 200 9696 "https://cartel.express/" "Mozilla/5.0 (Windows NT 10.0; Win64; x64) AppleWebKit/537.36 (KHTML, like Gecko) Chrome/70.0.3538.102 Safari/537.36 Edge/18.19582"
35.90.214.169 - - [19/Jul/2025:18:31:33 +0000] "GET /wp-content/themes/detailx/skins/default/plugins/contact-form-7/contact-form-7.css HTTP/1.1" 200 5831 "https://cartel.express/" "Mozilla/5.0 (Windows NT 10.0; Win64; x64) AppleWebKit/537.36 (KHTML, like Gecko) Chrome/70.0.3538.102 Safari/537.36 Edge/18.19582"
35.90.214.169 - - [19/Jul/2025:18:31:33 +0000] "GET /wp-content/themes/detailx/skins/default/css/__plugins.css HTTP/1.1" 200 105803 "https://cartel.express/" "Mozilla/5.0 (Windows NT 10.0; Win64; x64) AppleWebKit/537.36 (KHTML, like Gecko) Chrome/70.0.3538.102 Safari/537.36 Edge/18.19582"
35.90.214.169 - - [19/Jul/2025:18:31:33 +0000] "GET /wp-content/themes/detailx/skins/default/plugins/mailchimp-for-wp/mailchimp-for-wp.css HTTP/1.1" 200 3346 "https://cartel.express/" "Mozilla/5.0 (Windows NT 10.0; Win64; x64) AppleWebKit/537.36 (KHTML, like Gecko) Chrome/70.0.3538.102 Safari/537.36 Edge/18.19582"
35.90.214.169 - - [19/Jul/2025:18:31:33 +0000] "GET /wp-content/themes/detailx/skins/default/plugins/woocommerce/woocommerce.css HTTP/1.1" 200 33865 "https://cartel.express/" "Mozilla/5.0 (Windows NT 10.0; Win64; x64) AppleWebKit/537.36 (KHTML, like Gecko) Chrome/70.0.3538.102 Safari/537.36 Edge/18.19582"
35.90.214.169 - - [19/Jul/2025:18:31:33 +0000] "GET /wp-content/themes/detailx-child/style.css HTTP/1.1" 200 302 "https://cartel.express/" "Mozilla/5.0 (Windows NT 10.0; Win64; x64) AppleWebKit/537.36 (KHTML, like Gecko) Chrome/70.0.3538.102 Safari/537.36 Edge/18.19582"
35.90.214.169 - - [19/Jul/2025:18:31:33 +0000] "GET /wp-content/plugins/trx_addons/css/__responsive.css HTTP/1.1" 200 7750 "https://cartel.express/" "Mozilla/5.0 (Windows NT 10.0; Win64; x64) AppleWebKit/537.36 (KHTML, like Gecko) Chrome/70.0.3538.102 Safari/537.36 Edge/18.19582"
35.90.214.169 - - [19/Jul/2025:18:31:33 +0000] "GET /wp-content/themes/detailx/skins/default/plugins/woocommerce/woocommerce-responsive.css HTTP/1.1" 200 9063 "https://cartel.express/" "Mozilla/5.0 (Windows NT 10.0; Win64; x64) AppleWebKit/537.36 (KHTML, like Gecko) Chrome/70.0.3538.102 Safari/537.36 Edge/18.19582"
35.90.214.169 - - [19/Jul/2025:18:31:33 +0000] "GET /wp-content/plugins/trx_addons/addons/qw-extension/css/qw_extension_services.responsive.css HTTP/1.1" 200 1035 "https://cartel.express/" "Mozilla/5.0 (Windows NT 10.0; Win64; x64) AppleWebKit/537.36 (KHTML, like Gecko) Chrome/70.0.3538.102 Safari/537.36 Edge/18.19582"
35.90.214.169 - - [19/Jul/2025:18:31:33 +0000] "GET /wp-content/plugins/trx_addons/addons/qw-extension/css/qw_extension_icons.responsive.css HTTP/1.1" 200 236 "https://cartel.express/" "Mozilla/5.0 (Windows NT 10.0; Win64; x64) AppleWebKit/537.36 (KHTML, like Gecko) Chrome/70.0.3538.102 Safari/537.36 Edge/18.19582"
35.90.214.169 - - [19/Jul/2025:18:31:33 +0000] "GET /wp-content/plugins/trx_addons/addons/qw-extension/css/qw_extension_testimonials.responsive.css HTTP/1.1" 200 587 "https://cartel.express/" "Mozilla/5.0 (Windows NT 10.0; Win64; x64) AppleWebKit/537.36 (KHTML, like Gecko) Chrome/70.0.3538.102 Safari/537.36 Edge/18.19582"
35.90.214.169 - - [19/Jul/2025:18:31:33 +0000] "GET /wp-content/plugins/trx_addons/components/cpt/services/services.responsive.css HTTP/1.1" 200 1394 "https://cartel.express/" "Mozilla/5.0 (Windows NT 10.0; Win64; x64) AppleWebKit/537.36 (KHTML, like Gecko) Chrome/70.0.3538.102 Safari/537.36 Edge/18.19582"
35.90.214.169 - - [19/Jul/2025:18:31:33 +0000] "GET /wp-content/themes/detailx/skins/default/extra-styles.css HTTP/1.1" 200 3370 "https://cartel.express/" "Mozilla/5.0 (Windows NT 10.0; Win64; x64) AppleWebKit/537.36 (KHTML, like Gecko) Chrome/70.0.3538.102 Safari/537.36 Edge/18.19582"
35.90.214.169 - - [19/Jul/2025:18:31:33 +0000] "GET /wp-content/themes/detailx/skins/default/css/__responsive.css HTTP/1.1" 200 78843 "https://cartel.express/" "Mozilla/5.0 (Windows NT 10.0; Win64; x64) AppleWebKit/537.36 (KHTML, like Gecko) Chrome/70.0.3538.102 Safari/537.36 Edge/18.19582"
35.90.214.169 - - [19/Jul/2025:18:31:33 +0000] "GET /wp-content/plugins/ti-woocommerce-wishlist/assets/fonts/tinvwl-webfont.woff2?ver=xu2uyi HTTP/1.1" 200 4427 "https://cartel.express/" "Mozilla/5.0 (Windows NT 10.0; Win64; x64) AppleWebKit/537.36 (KHTML, like Gecko) Chrome/70.0.3538.102 Safari/537.36 Edge/18.19582"
35.90.214.169 - - [19/Jul/2025:18:31:33 +0000] "GET /wp-content/uploads/elementor/google-fonts/css/robotoslab.css?ver=1742256790 HTTP/1.1" 200 917 "https://cartel.express/" "Mozilla/5.0 (Windows NT 10.0; Win64; x64) AppleWebKit/537.36 (KHTML, like Gecko) Chrome/70.0.3538.102 Safari/537.36 Edge/18.19582"
35.90.214.169 - - [19/Jul/2025:18:31:33 +0000] "GET /wp-content/uploads/elementor/google-fonts/css/barlowcondensed.css?ver=1742269076 HTTP/1.1" 200 903 "https://cartel.express/" "Mozilla/5.0 (Windows NT 10.0; Win64; x64) AppleWebKit/537.36 (KHTML, like Gecko) Chrome/70.0.3538.102 Safari/537.36 Edge/18.19582"
35.90.214.169 - - [19/Jul/2025:18:31:33 +0000] "GET /wp-includes/js/jquery/jquery.min.js?ver=3.7.1 HTTP/1.1" 200 30368 "https://cartel.express/" "Mozilla/5.0 (Windows NT 10.0; Win64; x64) AppleWebKit/537.36 (KHTML, like Gecko) Chrome/70.0.3538.102 Safari/537.36 Edge/18.19582"
35.90.214.169 - - [19/Jul/2025:18:31:33 +0000] "GET /wp-content/uploads/elementor/google-fonts/css/roboto.css?ver=1742256774 HTTP/1.1" 200 2846 "https://cartel.express/" "Mozilla/5.0 (Windows NT 10.0; Win64; x64) AppleWebKit/537.36 (KHTML, like Gecko) Chrome/70.0.3538.102 Safari/537.36 Edge/18.19582"
35.90.214.169 - - [19/Jul/2025:18:31:33 +0000] "GET /wp-includes/js/jquery/jquery-migrate.min.js?ver=3.4.1 HTTP/1.1" 200 4872 "https://cartel.express/" "Mozilla/5.0 (Windows NT 10.0; Win64; x64) AppleWebKit/537.36 (KHTML, like Gecko) Chrome/70.0.3538.102 Safari/537.36 Edge/18.19582"
35.90.214.169 - - [19/Jul/2025:18:31:33 +0000] "GET /wp-content/plugins/advanced-popups/fonts/advanced-popups-icons.woff HTTP/1.1" 200 694 "https://cartel.express/" "Mozilla/5.0 (Windows NT 10.0; Win64; x64) AppleWebKit/537.36 (KHTML, like Gecko) Chrome/70.0.3538.102 Safari/537.36 Edge/18.19582"
35.90.214.169 - - [19/Jul/2025:18:31:33 +0000] "GET /wp-content/plugins/revslider/sr6/assets/assets/dummy.png HTTP/1.1" 200 68 "https://cartel.express/" "Mozilla/5.0 (Windows NT 10.0; Win64; x64) AppleWebKit/537.36 (KHTML, like Gecko) Chrome/70.0.3538.102 Safari/537.36 Edge/18.19582"
35.90.214.169 - - [19/Jul/2025:18:31:33 +0000] "GET /wp-includes/js/dist/hooks.min.js?ver=4d63a3d491d11ffd8ac6 HTTP/1.1" 200 1648 "https://cartel.express/" "Mozilla/5.0 (Windows NT 10.0; Win64; x64) AppleWebKit/537.36 (KHTML, like Gecko) Chrome/70.0.3538.102 Safari/537.36 Edge/18.19582"
35.90.214.169 - - [19/Jul/2025:18:31:33 +0000] "GET /wp-includes/js/jquery/ui/core.min.js?ver=1.13.3 HTTP/1.1" 200 7106 "https://cartel.express/" "Mozilla/5.0 (Windows NT 10.0; Win64; x64) AppleWebKit/537.36 (KHTML, like Gecko) Chrome/70.0.3538.102 Safari/537.36 Edge/18.19582"
35.90.214.169 - - [19/Jul/2025:18:31:33 +0000] "GET /wp-includes/js/dist/i18n.min.js?ver=5e580eb46a90c2b997e6 HTTP/1.1" 200 3667 "https://cartel.express/" "Mozilla/5.0 (Windows NT 10.0; Win64; x64) AppleWebKit/537.36 (KHTML, like Gecko) Chrome/70.0.3538.102 Safari/537.36 Edge/18.19582"
35.90.214.169 - - [19/Jul/2025:18:31:33 +0000] "GET /wp-content/plugins/woocommerce/assets/js/jquery-blockui/jquery.blockUI.min.js?ver=2.7.0-wc.10.0.2 HTTP/1.1" 200 3537 "https://cartel.express/" "Mozilla/5.0 (Windows NT 10.0; Win64; x64) AppleWebKit/537.36 (KHTML, like Gecko) Chrome/70.0.3538.102 Safari/537.36 Edge/18.19582"
35.90.214.169 - - [19/Jul/2025:18:31:33 +0000] "GET /wp-content/plugins/woocommerce/assets/js/frontend/add-to-cart-variation.min.js?ver=10.0.2 HTTP/1.1" 200 3940 "https://cartel.express/" "Mozilla/5.0 (Windows NT 10.0; Win64; x64) AppleWebKit/537.36 (KHTML, like Gecko) Chrome/70.0.3538.102 Safari/537.36 Edge/18.19582"
35.90.214.169 - - [19/Jul/2025:18:31:33 +0000] "GET /wp-includes/js/underscore.min.js?ver=1.13.7 HTTP/1.1" 200 7317 "https://cartel.express/" "Mozilla/5.0 (Windows NT 10.0; Win64; x64) AppleWebKit/537.36 (KHTML, like Gecko) Chrome/70.0.3538.102 Safari/537.36 Edge/18.19582"
35.90.214.169 - - [19/Jul/2025:18:31:33 +0000] "GET /wp-content/plugins/woocommerce/assets/js/js-cookie/js.cookie.min.js?ver=2.1.4-wc.10.0.2 HTTP/1.1" 200 833 "https://cartel.express/" "Mozilla/5.0 (Windows NT 10.0; Win64; x64) AppleWebKit/537.36 (KHTML, like Gecko) Chrome/70.0.3538.102 Safari/537.36 Edge/18.19582"
35.90.214.169 - - [19/Jul/2025:18:31:33 +0000] "GET /wp-includes/js/wp-util.min.js?ver=6.8.2 HTTP/1.1" 200 756 "https://cartel.express/" "Mozilla/5.0 (Windows NT 10.0; Win64; x64) AppleWebKit/537.36 (KHTML, like Gecko) Chrome/70.0.3538.102 Safari/537.36 Edge/18.19582"
35.90.214.169 - - [19/Jul/2025:18:31:33 +0000] "GET /wp-content/plugins/trx_addons/js/tweenmax/GSAP/3.12.2/gsap.min.js HTTP/1.1" 200 27839 "https://cartel.express/" "Mozilla/5.0 (Windows NT 10.0; Win64; x64) AppleWebKit/537.36 (KHTML, like Gecko) Chrome/70.0.3538.102 Safari/537.36 Edge/18.19582"
35.90.214.169 - - [19/Jul/2025:18:31:33 +0000] "GET /wp-content/plugins/woocommerce/assets/js/frontend/cart-fragments.min.js?ver=10.0.2 HTTP/1.1" 200 1045 "https://cartel.express/" "Mozilla/5.0 (Windows NT 10.0; Win64; x64) AppleWebKit/537.36 (KHTML, like Gecko) Chrome/70.0.3538.102 Safari/537.36 Edge/18.19582"
35.90.214.169 - - [19/Jul/2025:18:31:33 +0000] "GET /wp-content/plugins/elementor/assets/js/webpack.runtime.min.js?ver=3.30.2 HTTP/1.1" 200 2516 "https://cartel.express/" "Mozilla/5.0 (Windows NT 10.0; Win64; x64) AppleWebKit/537.36 (KHTML, like Gecko) Chrome/70.0.3538.102 Safari/537.36 Edge/18.19582"
35.90.214.169 - - [19/Jul/2025:18:31:33 +0000] "GET /wp-content/plugins/elementor/assets/js/frontend.min.js?ver=3.30.2 HTTP/1.1" 200 10595 "https://cartel.express/" "Mozilla/5.0 (Windows NT 10.0; Win64; x64) AppleWebKit/537.36 (KHTML, like Gecko) Chrome/70.0.3538.102 Safari/537.36 Edge/18.19582"
35.90.214.169 - - [19/Jul/2025:18:31:33 +0000] "GET /wp-content/plugins/woo-smart-quick-view/assets/libs/perfect-scrollbar/js/perfect-scrollbar.jquery.min.js?ver=4.2.0 HTTP/1.1" 200 6509 "https://cartel.express/" "Mozilla/5.0 (Windows NT 10.0; Win64; x64) AppleWebKit/537.36 (KHTML, like Gecko) Chrome/70.0.3538.102 Safari/537.36 Edge/18.19582"
35.90.214.169 - - [19/Jul/2025:18:31:33 +0000] "GET /wp-content/plugins/elementor/assets/js/frontend-modules.min.js?ver=3.30.2 HTTP/1.1" 200 14815 "https://cartel.express/" "Mozilla/5.0 (Windows NT 10.0; Win64; x64) AppleWebKit/537.36 (KHTML, like Gecko) Chrome/70.0.3538.102 Safari/537.36 Edge/18.19582"
35.90.214.169 - - [19/Jul/2025:18:31:33 +0000] "GET /wp-content/plugins/contact-form-7/includes/swv/js/index.js?ver=6.1 HTTP/1.1" 200 3503 "https://cartel.express/" "Mozilla/5.0 (Windows NT 10.0; Win64; x64) AppleWebKit/537.36 (KHTML, like Gecko) Chrome/70.0.3538.102 Safari/537.36 Edge/18.19582"
35.90.214.169 - - [19/Jul/2025:18:31:33 +0000] "GET /wp-content/plugins/contact-form-7/includes/js/index.js?ver=6.1 HTTP/1.1" 200 4265 "https://cartel.express/" "Mozilla/5.0 (Windows NT 10.0; Win64; x64) AppleWebKit/537.36 (KHTML, like Gecko) Chrome/70.0.3538.102 Safari/537.36 Edge/18.19582"
35.90.214.169 - - [19/Jul/2025:18:31:33 +0000] "GET /wp-content/plugins/ti-woocommerce-wishlist/assets/js/public.min.js?ver=2.10.0 HTTP/1.1" 200 5997 "https://cartel.express/" "Mozilla/5.0 (Windows NT 10.0; Win64; x64) AppleWebKit/537.36 (KHTML, like Gecko) Chrome/70.0.3538.102 Safari/537.36 Edge/18.19582"
35.90.214.169 - - [19/Jul/2025:18:31:33 +0000] "GET /wp-includes/js/jquery/ui/datepicker.min.js?ver=1.13.3 HTTP/1.1" 200 10907 "https://cartel.express/" "Mozilla/5.0 (Windows NT 10.0; Win64; x64) AppleWebKit/537.36 (KHTML, like Gecko) Chrome/70.0.3538.102 Safari/537.36 Edge/18.19582"
35.90.214.169 - - [19/Jul/2025:18:31:33 +0000] "GET /wp-content/plugins/elementor/assets/lib/swiper/v8/swiper.min.js?ver=8.4.5 HTTP/1.1" 200 39695 "https://cartel.express/" "Mozilla/5.0 (Windows NT 10.0; Win64; x64) AppleWebKit/537.36 (KHTML, like Gecko) Chrome/70.0.3538.102 Safari/537.36 Edge/18.19582"
35.90.214.169 - - [19/Jul/2025:18:31:33 +0000] "GET /wp-content/plugins/revslider/sr6/assets/js/rs6.min.js?ver=6.7.34 HTTP/1.1" 200 108972 "https://cartel.express/" "Mozilla/5.0 (Windows NT 10.0; Win64; x64) AppleWebKit/537.36 (KHTML, like Gecko) Chrome/70.0.3538.102 Safari/537.36 Edge/18.19582"
35.90.214.169 - - [19/Jul/2025:18:31:33 +0000] "GET /wp-content/plugins/woocommerce/assets/js/frontend/order-attribution.min.js?ver=10.0.2 HTTP/1.1" 200 1128 "https://cartel.express/" "Mozilla/5.0 (Windows NT 10.0; Win64; x64) AppleWebKit/537.36 (KHTML, like Gecko) Chrome/70.0.3538.102 Safari/537.36 Edge/18.19582"
35.90.214.169 - - [19/Jul/2025:18:31:33 +0000] "GET /wp-content/plugins/woocommerce/assets/js/frontend/add-to-cart.min.js?ver=10.0.2 HTTP/1.1" 200 1407 "https://cartel.express/" "Mozilla/5.0 (Windows NT 10.0; Win64; x64) AppleWebKit/537.36 (KHTML, like Gecko) Chrome/70.0.3538.102 Safari/537.36 Edge/18.19582"
35.90.214.169 - - [19/Jul/2025:18:31:33 +0000] "GET /wp-content/plugins/woocommerce/assets/js/frontend/woocommerce.min.js?ver=10.0.2 HTTP/1.1" 200 1532 "https://cartel.express/" "Mozilla/5.0 (Windows NT 10.0; Win64; x64) AppleWebKit/537.36 (KHTML, like Gecko) Chrome/70.0.3538.102 Safari/537.36 Edge/18.19582"
35.90.214.169 - - [19/Jul/2025:18:31:33 +0000] "GET /wp-content/plugins/trx_addons/components/api/contact-form-7/contact-form-7.js HTTP/1.1" 200 681 "https://cartel.express/" "Mozilla/5.0 (Windows NT 10.0; Win64; x64) AppleWebKit/537.36 (KHTML, like Gecko) Chrome/70.0.3538.102 Safari/537.36 Edge/18.19582"
35.90.214.169 - - [19/Jul/2025:18:31:33 +0000] "GET /wp-content/plugins/woocommerce/assets/js/sourcebuster/sourcebuster.min.js?ver=10.0.2 HTTP/1.1" 200 4807 "https://cartel.express/" "Mozilla/5.0 (Windows NT 10.0; Win64; x64) AppleWebKit/537.36 (KHTML, like Gecko) Chrome/70.0.3538.102 Safari/537.36 Edge/18.19582"
35.90.214.169 - - [19/Jul/2025:18:31:33 +0000] "GET /wp-content/plugins/trx_addons/js/__scripts.js HTTP/1.1" 200 83172 "https://cartel.express/" "Mozilla/5.0 (Windows NT 10.0; Win64; x64) AppleWebKit/537.36 (KHTML, like Gecko) Chrome/70.0.3538.102 Safari/537.36 Edge/18.19582"
35.90.214.169 - - [19/Jul/2025:18:31:33 +0000] "GET /wp-content/plugins/woo-smart-quick-view/assets/libs/slick/slick.min.js?ver=4.2.0 HTTP/1.1" 200 10442 "https://cartel.express/" "Mozilla/5.0 (Windows NT 10.0; Win64; x64) AppleWebKit/537.36 (KHTML, like Gecko) Chrome/70.0.3538.102 Safari/537.36 Edge/18.19582"
35.90.214.169 - - [19/Jul/2025:18:31:33 +0000] "GET /wp-content/themes/detailx/skins/default/skin.js HTTP/1.1" 200 8540 "https://cartel.express/" "Mozilla/5.0 (Windows NT 10.0; Win64; x64) AppleWebKit/537.36 (KHTML, like Gecko) Chrome/70.0.3538.102 Safari/537.36 Edge/18.19582"
35.90.214.169 - - [19/Jul/2025:18:31:33 +0000] "GET /wp-content/plugins/trx_addons/js/magnific/jquery.magnific-popup.min.js HTTP/1.1" 200 7346 "https://cartel.express/" "Mozilla/5.0 (Windows NT 10.0; Win64; x64) AppleWebKit/537.36 (KHTML, like Gecko) Chrome/70.0.3538.102 Safari/537.36 Edge/18.19582"
