66.249.68.34 - - [20/Jul/2025:00:10:38 +0000] "GET /pricing HTTP/1.1" 200 19681 "-" "Mozilla/5.0 (Linux; Android 6.0.1; Nexus 5X Build/MMB29P) AppleWebKit/537.36 (KHTML, like Gecko) Chrome/137.0.7151.103 Mobile Safari/537.36 (compatible; Googlebot/2.1; +http://www.google.com/bot.html)"
66.249.68.33 - - [20/Jul/2025:00:12:07 +0000] "GET /shopdetail/53441584.shtml HTTP/1.1" 200 19503 "-" "Mozilla/5.0 (Linux; Android 6.0.1; Nexus 5X Build/MMB29P) AppleWebKit/537.36 (KHTML, like Gecko) Chrome/137.0.7151.103 Mobile Safari/537.36 (compatible; Googlebot/2.1; +http://www.google.com/bot.html)"
209.74.77.214 - - [20/Jul/2025:00:13:11 +0000] "POST /wp-cron.php?doing_wp_cron=1752970391.1414411067962646484375 HTTP/1.1" 200 - "-" "WordPress/6.8.2; https://cartel.express"
85.208.96.201 - - [20/Jul/2025:00:13:08 +0000] "GET /cars/mc-laren-720s/ HTTP/1.1" 200 39965 "-" "Mozilla/5.0 (compatible; SemrushBot/7~bl; +http://www.semrush.com/bot.html)"
66.249.68.34 - - [20/Jul/2025:00:14:48 +0000] "GET /shopdetail/49398814.shtml HTTP/1.1" 200 20685 "-" "Mozilla/5.0 (compatible; Googlebot/2.1; +http://www.google.com/bot.html)"
209.74.77.214 - - [20/Jul/2025:00:17:39 +0000] "POST /wp-cron.php?doing_wp_cron=1752970659.6993360519409179687500 HTTP/1.1" 200 - "-" "WordPress/6.8.2; https://cartel.express"
43.166.255.102 - - [20/Jul/2025:00:17:37 +0000] "GET /blog-standard/ HTTP/1.1" 200 30030 "-" "Mozilla/5.0 (iPhone; CPU iPhone OS 13_2_3 like Mac OS X) AppleWebKit/605.1.15 (KHTML, like Gecko) Version/13.0.3 Mobile/15E148 Safari/604.1"
66.249.68.35 - - [20/Jul/2025:00:19:11 +0000] "GET / HTTP/1.1" 200 17824 "-" "Mozilla/5.0 (Linux; Android 6.0.1; Nexus 5X Build/MMB29P) AppleWebKit/537.36 (KHTML, like Gecko) Chrome/137.0.7151.103 Mobile Safari/537.36 (compatible; Googlebot/2.1; +http://www.google.com/bot.html)"
66.249.68.34 - - [20/Jul/2025:00:19:20 +0000] "GET /shopdetail/1277150.shtml HTTP/1.1" 200 20151 "-" "Mozilla/5.0 (Linux; Android 6.0.1; Nexus 5X Build/MMB29P) AppleWebKit/537.36 (KHTML, like Gecko) Chrome/137.0.7151.103 Mobile Safari/537.36 (compatible; Googlebot/2.1; +http://www.google.com/bot.html)"
66.249.68.33 - - [20/Jul/2025:00:23:53 +0000] "GET /shopdetail/1223300.shtml HTTP/1.1" 200 17813 "-" "Mozilla/5.0 (Linux; Android 6.0.1; Nexus 5X Build/MMB29P) AppleWebKit/537.36 (KHTML, like Gecko) Chrome/137.0.7151.103 Mobile Safari/537.36 (compatible; Googlebot/2.1; +http://www.google.com/bot.html)"
66.249.68.35 - - [20/Jul/2025:00:23:53 +0000] "GET /shopdetail/1223300.shtml HTTP/1.1" 200 17813 "-" "Mozilla/5.0 (compatible; Googlebot/2.1; +http://www.google.com/bot.html)"
85.204.70.90 - - [20/Jul/2025:00:24:26 +0000] "GET / HTTP/1.1" 200 269773 "-" "Mozilla/5.0 (Windows NT 10.0; Win64; x64) AppleWebKit/537.36 (KHTML, like Gecko) Chrome/78.0.3904.108 Safari/537.36"
85.204.70.90 - - [20/Jul/2025:00:24:27 +0000] "GET //wp-includes/wlwmanifest.xml HTTP/1.1" 301 - "-" "Mozilla/5.0 (Windows NT 10.0; Win64; x64) AppleWebKit/537.36 (KHTML, like Gecko) Chrome/78.0.3904.108 Safari/537.36"
85.204.70.90 - - [20/Jul/2025:00:24:28 +0000] "GET //xmlrpc.php?rsd HTTP/1.1" 200 798 "-" "Mozilla/5.0 (Windows NT 10.0; Win64; x64) AppleWebKit/537.36 (KHTML, like Gecko) Chrome/78.0.3904.108 Safari/537.36"
85.204.70.90 - - [20/Jul/2025:00:24:28 +0000] "GET //?author=1 HTTP/1.1" 301 - "-" "Mozilla/5.0 (Windows NT 10.0; Win64; x64) AppleWebKit/537.36 (KHTML, like Gecko) Chrome/78.0.3904.108 Safari/537.36"
85.204.70.90 - - [20/Jul/2025:00:24:29 +0000] "GET //?author=2 HTTP/1.1" 301 - "-" "Mozilla/5.0 (Windows NT 10.0; Win64; x64) AppleWebKit/537.36 (KHTML, like Gecko) Chrome/78.0.3904.108 Safari/537.36"
85.204.70.90 - - [20/Jul/2025:00:24:29 +0000] "GET //wp-json/wp/v2/users/ HTTP/1.1" 200 1539 "-" "Mozilla/5.0 (Windows NT 10.0; Win64; x64) AppleWebKit/537.36 (KHTML, like Gecko) Chrome/78.0.3904.108 Safari/537.36"
85.204.70.90 - - [20/Jul/2025:00:24:30 +0000] "POST //xmlrpc.php HTTP/1.1" 200 401 "-" "Mozilla/5.0 (Windows NT 10.0; Win64; x64) AppleWebKit/537.36 (KHTML, like Gecko) Chrome/78.0.3904.108 Safari/537.36"
43.135.133.241 - - [20/Jul/2025:00:24:42 +0000] "GET /portfolio-waves-centered/ HTTP/1.1" 200 26369 "-" "Mozilla/5.0 (iPhone; CPU iPhone OS 13_2_3 like Mac OS X) AppleWebKit/605.1.15 (KHTML, like Gecko) Version/13.0.3 Mobile/15E148 Safari/604.1"
66.249.68.34 - - [20/Jul/2025:00:25:26 +0000] "GET /shopdetail/1511766.shtml HTTP/1.1" 200 20519 "-" "Mozilla/5.0 (Linux; Android 6.0.1; Nexus 5X Build/MMB29P) AppleWebKit/537.36 (KHTML, like Gecko) Chrome/137.0.7151.103 Mobile Safari/537.36 (compatible; Googlebot/2.1; +http://www.google.com/bot.html)"
66.249.68.33 - - [20/Jul/2025:00:27:06 +0000] "GET /shopdetail/992378.shtml HTTP/1.1" 200 19336 "-" "Mozilla/5.0 (compatible; Googlebot/2.1; +http://www.google.com/bot.html)"
66.249.68.34 - - [20/Jul/2025:00:27:32 +0000] "GET /shopdetail/1506954.shtml HTTP/1.1" 200 19071 "-" "Mozilla/5.0 (compatible; Googlebot/2.1; +http://www.google.com/bot.html)"
66.249.68.33 - - [20/Jul/2025:00:27:48 +0000] "GET /shopdetail/1257616.shtml HTTP/1.1" 200 20308 "-" "Mozilla/5.0 (compatible; Googlebot/2.1; +http://www.google.com/bot.html)"
66.249.68.33 - - [20/Jul/2025:00:28:37 +0000] "GET /shopdetail/59847010.shtml HTTP/1.1" 200 18275 "-" "Mozilla/5.0 (compatible; Googlebot/2.1; +http://www.google.com/bot.html)"
40.77.167.33 - - [20/Jul/2025:00:28:58 +0000] "GET /typography/ HTTP/1.1" 200 19421 "-" "Mozilla/5.0 AppleWebKit/537.36 (KHTML, like Gecko; compatible; bingbot/2.0; +http://www.bing.com/bingbot.htm) Chrome/116.0.1938.76 Safari/537.36"
209.74.77.214 - - [20/Jul/2025:00:29:03 +0000] "POST /wp-cron.php?doing_wp_cron=1752971343.3352448940277099609375 HTTP/1.1" 200 - "-" "WordPress/6.8.2; https://cartel.express"
87.120.93.139 - - [20/Jul/2025:00:29:01 +0000] "GET /wp-content/plugins/profitori/readme.txt HTTP/1.1" 404 24782 "-" "Mozilla/5.0 (Ubuntu; Linux i686) AppleWebKit/537.36 (KHTML, like Gecko) Chrome/127.0.0.0 Safari/537.36"
221.229.106.25 - - [20/Jul/2025:00:30:07 +0000] "GET / HTTP/1.1" 200 40650 "http://cartel.express" "Mozilla/5.0 (iPhone; CPU iPhone OS 13_2_3 like Mac OS X) AppleWebKit/605.1.15 (KHTML, like Gecko) Version/13.0.3 Mobile/15E148 Safari/604.1"
66.249.68.34 - - [20/Jul/2025:00:30:45 +0000] "GET /portfolio/oils-fluids/ HTTP/1.1" 200 18294 "-" "Mozilla/5.0 (Linux; Android 6.0.1; Nexus 5X Build/MMB29P) AppleWebKit/537.36 (KHTML, like Gecko) Chrome/137.0.7151.103 Mobile Safari/537.36 (compatible; Googlebot/2.1; +http://www.google.com/bot.html)"
66.249.68.35 - - [20/Jul/2025:00:30:47 +0000] "GET /premium-quality-brake-parts-and-installation-service/ HTTP/1.1" 200 18082 "-" "Mozilla/5.0 (Linux; Android 6.0.1; Nexus 5X Build/MMB29P) AppleWebKit/537.36 (KHTML, like Gecko) Chrome/137.0.7151.103 Mobile Safari/537.36 (compatible; Googlebot/2.1; +http://www.google.com/bot.html)"
66.249.68.33 - - [20/Jul/2025:00:30:50 +0000] "GET /type/video/ HTTP/1.1" 200 18426 "-" "Mozilla/5.0 (Linux; Android 6.0.1; Nexus 5X Build/MMB29P) AppleWebKit/537.36 (KHTML, like Gecko) Chrome/137.0.7151.103 Mobile Safari/537.36 (compatible; Googlebot/2.1; +http://www.google.com/bot.html)"
66.249.68.34 - - [20/Jul/2025:00:30:52 +0000] "GET /category/dealership/ HTTP/1.1" 200 18593 "-" "Mozilla/5.0 (Linux; Android 6.0.1; Nexus 5X Build/MMB29P) AppleWebKit/537.36 (KHTML, like Gecko) Chrome/137.0.7151.103 Mobile Safari/537.36 (compatible; Googlebot/2.1; +http://www.google.com/bot.html)"
66.249.68.33 - - [20/Jul/2025:00:30:53 +0000] "POST /get-message-notify HTTP/1.1" 200 18672 "https://cartel.express/type/video/" "Mozilla/5.0 (Linux; Android 6.0.1; Nexus 5X Build/MMB29P) AppleWebKit/537.36 (KHTML, like Gecko) Chrome/137.0.7151.119 Mobile Safari/537.36 (compatible; Googlebot/2.1; +http://www.google.com/bot.html)"
66.249.68.33 - - [20/Jul/2025:00:30:55 +0000] "GET /online-booking/ HTTP/1.1" 200 18443 "-" "Mozilla/5.0 (Linux; Android 6.0.1; Nexus 5X Build/MMB29P) AppleWebKit/537.36 (KHTML, like Gecko) Chrome/137.0.7151.103 Mobile Safari/537.36 (compatible; Googlebot/2.1; +http://www.google.com/bot.html)"
209.74.77.214 - - [20/Jul/2025:00:31:04 +0000] "POST /wp-cron.php?doing_wp_cron=1752971464.7977108955383300781250 HTTP/1.1" 200 - "-" "WordPress/6.8.2; https://cartel.express"
212.34.135.52 - - [20/Jul/2025:00:31:02 +0000] "GET / HTTP/1.1" 301 - "-" "Mozilla/5.0 (Macintosh; Intel Mac OS X 10_15_7) AppleWebKit/537.36 (KHTML, like Gecko) Chrome/133.0.0.0 Safari/537.36"
212.34.135.52 - - [20/Jul/2025:00:31:05 +0000] "GET / HTTP/1.1" 200 40555 "https://CARTEL.EXPRESS" "Mozilla/5.0 (Macintosh; Intel Mac OS X 10_15_7) AppleWebKit/537.36 (KHTML, like Gecko) Chrome/133.0.0.0 Safari/537.36"
195.116.155.83 - - [20/Jul/2025:00:31:09 +0000] "POST / HTTP/1.1" 200 40669 "-" "Mozilla/5.0 (Macintosh; Intel Mac OS X 10_15_7) AppleWebKit/537.36 (KHTML, like Gecko) Chrome/133.0.0.0 Safari/537.36"
195.116.155.83 - - [20/Jul/2025:00:31:12 +0000] "POST / HTTP/1.1" 200 40504 "-" "Mozilla/5.0 (Windows NT 10.0; Win64; x64) AppleWebKit/537.36 (KHTML, like Gecko) Chrome/120.0.0.0 Safari/537.36"
209.74.77.214 - - [20/Jul/2025:00:31:17 +0000] "POST /wp-cron.php?doing_wp_cron=1752971477.2237989902496337890625 HTTP/1.1" 200 - "-" "WordPress/6.8.2; https://cartel.express"
195.116.155.83 - - [20/Jul/2025:00:31:16 +0000] "POST / HTTP/1.1" 200 40735 "-" "Mozilla/5.0 (Macintosh; Intel Mac OS X 10_15_7) AppleWebKit/537.36 (KHTML, like Gecko) Chrome/133.0.0.0 Safari/537.36"
195.116.155.83 - - [20/Jul/2025:00:31:21 +0000] "POST / HTTP/1.1" 200 40500 "-" "Mozilla/5.0 (Windows NT 10.0; Win64; x64) AppleWebKit/537.36 (KHTML, like Gecko) Chrome/120.0.0.0 Safari/537.36"
212.34.135.52 - - [20/Jul/2025:00:31:23 +0000] "GET /comments/feed/ HTTP/1.1" 200 1595 "-" "Mozilla/5.0 (Macintosh; Intel Mac OS X 10_15_7) AppleWebKit/537.36 (KHTML, like Gecko) Chrome/133.0.0.0 Safari/537.36"
212.34.135.52 - - [20/Jul/2025:00:31:25 +0000] "GET /what-can-go-wrong-while-diagnosing-a-car-problem/ HTTP/1.1" 200 29414 "-" "Mozilla/5.0 (Macintosh; Intel Mac OS X 10_15_7) AppleWebKit/537.36 (KHTML, like Gecko) Chrome/133.0.0.0 Safari/537.36"
66.249.68.33 - - [20/Jul/2025:00:31:28 +0000] "POST /get-message-notify HTTP/1.1" 200 18672 "https://cartel.express/premium-quality-brake-parts-and-installation-service/" "Mozilla/5.0 (Linux; Android 6.0.1; Nexus 5X Build/MMB29P) AppleWebKit/537.36 (KHTML, like Gecko) Chrome/137.0.7151.119 Mobile Safari/537.36 (compatible; Googlebot/2.1; +http://www.google.com/bot.html)"
195.116.155.83 - - [20/Jul/2025:00:31:29 +0000] "POST /wp-comments-post.php HTTP/1.1" 200 1106 "-" "Mozilla/5.0 (Macintosh; Intel Mac OS X 10_15_7) AppleWebKit/537.36 (KHTML, like Gecko) Chrome/133.0.0.0 Safari/537.36"
195.116.155.83 - - [20/Jul/2025:00:31:32 +0000] "POST /wp-comments-post.php HTTP/1.1" 200 - "-" "Mozilla/5.0 (Windows NT 10.0; Win64; x64) AppleWebKit/537.36 (KHTML, like Gecko) Chrome/120.0.0.0 Safari/537.36"
212.34.135.52 - - [20/Jul/2025:00:31:33 +0000] "GET /contact/ HTTP/1.1" 200 27393 "-" "Mozilla/5.0 (Macintosh; Intel Mac OS X 10_15_7) AppleWebKit/537.36 (KHTML, like Gecko) Chrome/133.0.0.0 Safari/537.36"
195.116.155.83 - - [20/Jul/2025:00:31:36 +0000] "POST /contact/ HTTP/1.1" 200 27508 "-" "Mozilla/5.0 (Macintosh; Intel Mac OS X 10_15_7) AppleWebKit/537.36 (KHTML, like Gecko) Chrome/133.0.0.0 Safari/537.36"
195.116.155.83 - - [20/Jul/2025:00:31:41 +0000] "POST /contact/ HTTP/1.1" 200 27351 "-" "Mozilla/5.0 (Windows NT 10.0; Win64; x64) AppleWebKit/537.36 (KHTML, like Gecko) Chrome/120.0.0.0 Safari/537.36"
209.74.77.214 - - [20/Jul/2025:00:31:47 +0000] "POST /wp-cron.php?doing_wp_cron=1752971507.5521900653839111328125 HTTP/1.1" 200 - "-" "WordPress/6.8.2; https://cartel.express"
212.34.135.52 - - [20/Jul/2025:00:31:47 +0000] "GET /newsletter-popup/ HTTP/1.1" 200 27687 "-" "Mozilla/5.0 (Macintosh; Intel Mac OS X 10_15_7) AppleWebKit/537.36 (KHTML, like Gecko) Chrome/133.0.0.0 Safari/537.36"
195.116.155.83 - - [20/Jul/2025:00:31:55 +0000] "POST /newsletter-popup/ HTTP/1.1" 200 27853 "-" "Mozilla/5.0 (Macintosh; Intel Mac OS X 10_15_7) AppleWebKit/537.36 (KHTML, like Gecko) Chrome/133.0.0.0 Safari/537.36"
195.116.155.83 - - [20/Jul/2025:00:31:59 +0000] "POST /newsletter-popup/ HTTP/1.1" 200 27637 "-" "Mozilla/5.0 (Windows NT 10.0; Win64; x64) AppleWebKit/537.36 (KHTML, like Gecko) Chrome/120.0.0.0 Safari/537.36"
195.116.155.83 - - [20/Jul/2025:00:32:01 +0000] "POST /newsletter-popup/ HTTP/1.1" 200 27855 "-" "Mozilla/5.0 (Macintosh; Intel Mac OS X 10_15_7) AppleWebKit/537.36 (KHTML, like Gecko) Chrome/133.0.0.0 Safari/537.36"
195.116.155.83 - - [20/Jul/2025:00:32:07 +0000] "POST /newsletter-popup/ HTTP/1.1" 200 27636 "-" "Mozilla/5.0 (Windows NT 10.0; Win64; x64) AppleWebKit/537.36 (KHTML, like Gecko) Chrome/120.0.0.0 Safari/537.36"
212.34.135.52 - - [20/Jul/2025:00:32:09 +0000] "GET /blog-standard/ HTTP/1.1" 200 29959 "-" "Mozilla/5.0 (Macintosh; Intel Mac OS X 10_15_7) AppleWebKit/537.36 (KHTML, like Gecko) Chrome/133.0.0.0 Safari/537.36"
209.74.77.214 - - [20/Jul/2025:00:32:15 +0000] "POST /wp-cron.php?doing_wp_cron=1752971535.2797479629516601562500 HTTP/1.1" 200 - "-" "WordPress/6.8.2; https://cartel.express"
212.34.135.52 - - [20/Jul/2025:00:32:14 +0000] "GET /must-do-regular-checkups-for-a-better-car-operation/ HTTP/1.1" 200 28551 "-" "Mozilla/5.0 (Macintosh; Intel Mac OS X 10_15_7) AppleWebKit/537.36 (KHTML, like Gecko) Chrome/133.0.0.0 Safari/537.36"
195.116.155.83 - - [20/Jul/2025:00:32:18 +0000] "POST /wp-comments-post.php HTTP/1.1" 200 1106 "-" "Mozilla/5.0 (Macintosh; Intel Mac OS X 10_15_7) AppleWebKit/537.36 (KHTML, like Gecko) Chrome/133.0.0.0 Safari/537.36"
195.116.155.83 - - [20/Jul/2025:00:32:20 +0000] "POST /wp-comments-post.php HTTP/1.1" 200 - "-" "Mozilla/5.0 (Windows NT 10.0; Win64; x64) AppleWebKit/537.36 (KHTML, like Gecko) Chrome/120.0.0.0 Safari/537.36"
212.34.135.52 - - [20/Jul/2025:00:32:21 +0000] "GET /top-10-ideas-how-to-paint-your-sports-and-racing-car/ HTTP/1.1" 200 29434 "-" "Mozilla/5.0 (Macintosh; Intel Mac OS X 10_15_7) AppleWebKit/537.36 (KHTML, like Gecko) Chrome/133.0.0.0 Safari/537.36"
212.34.135.52 - - [20/Jul/2025:00:32:23 +0000] "GET /blog-standard/page/2/ HTTP/1.1" 200 29218 "-" "Mozilla/5.0 (Macintosh; Intel Mac OS X 10_15_7) AppleWebKit/537.36 (KHTML, like Gecko) Chrome/133.0.0.0 Safari/537.36"
212.34.135.52 - - [20/Jul/2025:00:32:25 +0000] "GET /blog-standard/page/3/ HTTP/1.1" 200 27649 "-" "Mozilla/5.0 (Macintosh; Intel Mac OS X 10_15_7) AppleWebKit/537.36 (KHTML, like Gecko) Chrome/133.0.0.0 Safari/537.36"
212.34.135.52 - - [20/Jul/2025:00:32:29 +0000] "GET /tag/news/ HTTP/1.1" 200 26740 "-" "Mozilla/5.0 (Macintosh; Intel Mac OS X 10_15_7) AppleWebKit/537.36 (KHTML, like Gecko) Chrome/133.0.0.0 Safari/537.36"
212.34.135.52 - - [20/Jul/2025:00:32:30 +0000] "GET /blog-list/ HTTP/1.1" 200 27485 "-" "Mozilla/5.0 (Macintosh; Intel Mac OS X 10_15_7) AppleWebKit/537.36 (KHTML, like Gecko) Chrome/133.0.0.0 Safari/537.36"
212.34.135.52 - - [20/Jul/2025:00:32:32 +0000] "GET /blog-list/page/2/ HTTP/1.1" 200 27350 "-" "Mozilla/5.0 (Macintosh; Intel Mac OS X 10_15_7) AppleWebKit/537.36 (KHTML, like Gecko) Chrome/133.0.0.0 Safari/537.36"
212.34.135.52 - - [20/Jul/2025:00:32:35 +0000] "GET /blog-grid/ HTTP/1.1" 200 26090 "-" "Mozilla/5.0 (Macintosh; Intel Mac OS X 10_15_7) AppleWebKit/537.36 (KHTML, like Gecko) Chrome/133.0.0.0 Safari/537.36"
212.34.135.52 - - [20/Jul/2025:00:32:37 +0000] "GET /giving-a-new-life-to-old-headlights-polish-sealing/ HTTP/1.1" 200 28841 "-" "Mozilla/5.0 (Macintosh; Intel Mac OS X 10_15_7) AppleWebKit/537.36 (KHTML, like Gecko) Chrome/133.0.0.0 Safari/537.36"
212.34.135.52 - - [20/Jul/2025:00:32:38 +0000] "GET /must-do-regular-checkups-for-a-better-car-operation/ HTTP/1.1" 200 29112 "-" "Mozilla/5.0 (Macintosh; Intel Mac OS X 10_15_7) AppleWebKit/537.36 (KHTML, like Gecko) Chrome/133.0.0.0 Safari/537.36"
212.34.135.52 - - [20/Jul/2025:00:32:42 +0000] "GET /must-do-regular-checkups-for-a-better-car-operation/feed/ HTTP/1.1" 200 480 "-" "Mozilla/5.0 (Macintosh; Intel Mac OS X 10_15_7) AppleWebKit/537.36 (KHTML, like Gecko) Chrome/133.0.0.0 Safari/537.36"
209.74.77.214 - - [20/Jul/2025:00:32:47 +0000] "POST /wp-cron.php?doing_wp_cron=1752971567.8763101100921630859375 HTTP/1.1" 200 - "-" "WordPress/6.8.2; https://cartel.express"
212.34.135.52 - - [20/Jul/2025:00:32:47 +0000] "GET /must-do-regular-checkups-for-a-better-car-operation/ HTTP/1.1" 200 28545 "-" "Mozilla/5.0 (Macintosh; Intel Mac OS X 10_15_7) AppleWebKit/537.36 (KHTML, like Gecko) Chrome/133.0.0.0 Safari/537.36"
212.34.135.52 - - [20/Jul/2025:00:32:49 +0000] "GET /checkout/ HTTP/1.1" 302 - "-" "Mozilla/5.0 (Macintosh; Intel Mac OS X 10_15_7) AppleWebKit/537.36 (KHTML, like Gecko) Chrome/133.0.0.0 Safari/537.36"
212.34.135.52 - - [20/Jul/2025:00:32:50 +0000] "GET /cart/ HTTP/1.1" 200 56021 "https://cartel.express/checkout/" "Mozilla/5.0 (Macintosh; Intel Mac OS X 10_15_7) AppleWebKit/537.36 (KHTML, like Gecko) Chrome/133.0.0.0 Safari/537.36"
66.249.68.34 - - [20/Jul/2025:00:32:54 +0000] "GET /services/ceramic-coating/ HTTP/1.1" 200 18524 "-" "Mozilla/5.0 (Linux; Android 6.0.1; Nexus 5X Build/MMB29P) AppleWebKit/537.36 (KHTML, like Gecko) Chrome/137.0.7151.103 Mobile Safari/537.36 (compatible; Googlebot/2.1; +http://www.google.com/bot.html)"
212.34.135.52 - - [20/Jul/2025:00:32:58 +0000] "GET /car-body-polish-makes-it-look-like-new/ HTTP/1.1" 200 28708 "-" "Mozilla/5.0 (Macintosh; Intel Mac OS X 10_15_7) AppleWebKit/537.36 (KHTML, like Gecko) Chrome/133.0.0.0 Safari/537.36"
212.34.135.52 - - [20/Jul/2025:00:33:01 +0000] "GET /car-body-polish-makes-it-look-like-new/feed/ HTTP/1.1" 200 472 "-" "Mozilla/5.0 (Macintosh; Intel Mac OS X 10_15_7) AppleWebKit/537.36 (KHTML, like Gecko) Chrome/133.0.0.0 Safari/537.36"
212.34.135.52 - - [20/Jul/2025:00:33:03 +0000] "GET /car-body-polish-makes-it-look-like-new/ HTTP/1.1" 200 28708 "-" "Mozilla/5.0 (Macintosh; Intel Mac OS X 10_15_7) AppleWebKit/537.36 (KHTML, like Gecko) Chrome/133.0.0.0 Safari/537.36"
212.34.135.52 - - [20/Jul/2025:00:33:10 +0000] "GET /car-body-polish-makes-it-look-like-new/ HTTP/1.1" 200 28712 "-" "Mozilla/5.0 (Macintosh; Intel Mac OS X 10_15_7) AppleWebKit/537.36 (KHTML, like Gecko) Chrome/133.0.0.0 Safari/537.36"
209.74.77.214 - - [20/Jul/2025:00:33:28 +0000] "POST /wp-cron.php?doing_wp_cron=1752971608.2811551094055175781250 HTTP/1.1" 200 - "-" "WordPress/6.8.2; https://cartel.express"
43.157.95.131 - - [20/Jul/2025:00:33:27 +0000] "GET /product/double-star-rim/feed/ HTTP/1.1" 200 448 "-" "Mozilla/5.0 (iPhone; CPU iPhone OS 13_2_3 like Mac OS X) AppleWebKit/605.1.15 (KHTML, like Gecko) Version/13.0.3 Mobile/15E148 Safari/604.1"
66.249.68.35 - - [20/Jul/2025:00:33:36 +0000] "GET /product/double-star-rim/ HTTP/1.1" 200 19930 "-" "Mozilla/5.0 (Linux; Android 6.0.1; Nexus 5X Build/MMB29P) AppleWebKit/537.36 (KHTML, like Gecko) Chrome/137.0.7151.103 Mobile Safari/537.36 (compatible; Googlebot/2.1; +http://www.google.com/bot.html)"
66.249.68.35 - - [20/Jul/2025:00:34:50 +0000] "GET /shopdetail/1601456.shtml HTTP/1.1" 200 18199 "-" "Mozilla/5.0 (compatible; Googlebot/2.1; +http://www.google.com/bot.html)"
45.227.253.15 - - [20/Jul/2025:00:36:38 +0000] "GET /?of=1 HTTP/1.1" 200 8847 "-" "Mozilla/5.0 (Windows NT 10.0; Win64; x64) AppleWebKit/537.36 (KHTML, like Gecko) Chrome/77.0.3760. Safari/537.36 Edg/77.0.141.7"
66.249.68.35 - - [20/Jul/2025:00:37:06 +0000] "GET /shopdetail/52346978.shtml HTTP/1.1" 200 18653 "-" "Mozilla/5.0 (Linux; Android 6.0.1; Nexus 5X Build/MMB29P) AppleWebKit/537.36 (KHTML, like Gecko) Chrome/137.0.7151.103 Mobile Safari/537.36 (compatible; Googlebot/2.1; +http://www.google.com/bot.html)"
66.249.68.33 - - [20/Jul/2025:00:38:53 +0000] "GET /shopdetail/889690.shtml HTTP/1.1" 200 18575 "-" "Mozilla/5.0 (compatible; Googlebot/2.1; +http://www.google.com/bot.html)"
66.249.68.33 - - [20/Jul/2025:00:38:58 +0000] "GET /shopdetail/59845820.shtml HTTP/1.1" 200 18582 "-" "Mozilla/5.0 (compatible; Googlebot/2.1; +http://www.google.com/bot.html)"
66.249.68.35 - - [20/Jul/2025:00:40:49 +0000] "GET /shopdetail/1399974.shtml HTTP/1.1" 200 20371 "-" "Mozilla/5.0 (Linux; Android 6.0.1; Nexus 5X Build/MMB29P) AppleWebKit/537.36 (KHTML, like Gecko) Chrome/137.0.7151.103 Mobile Safari/537.36 (compatible; Googlebot/2.1; +http://www.google.com/bot.html)"
66.249.68.33 - - [20/Jul/2025:00:40:49 +0000] "GET /shopdetail/1399974.shtml HTTP/1.1" 200 20371 "-" "Mozilla/5.0 (compatible; Googlebot/2.1; +http://www.google.com/bot.html)"
66.249.68.35 - - [20/Jul/2025:00:41:27 +0000] "GET /shopdetail/1590300.shtml HTTP/1.1" 200 18400 "-" "Mozilla/5.0 (compatible; Googlebot/2.1; +http://www.google.com/bot.html)"
66.249.68.33 - - [20/Jul/2025:00:44:46 +0000] "GET /shopdetail/56469276.shtml HTTP/1.1" 200 18423 "-" "Mozilla/5.0 (compatible; Googlebot/2.1; +http://www.google.com/bot.html)"
66.249.68.35 - - [20/Jul/2025:00:48:50 +0000] "GET /shopdetail/1589114.shtml HTTP/1.1" 200 17760 "-" "Mozilla/5.0 (Linux; Android 6.0.1; Nexus 5X Build/MMB29P) AppleWebKit/537.36 (KHTML, like Gecko) Chrome/137.0.7151.103 Mobile Safari/537.36 (compatible; Googlebot/2.1; +http://www.google.com/bot.html)"
66.249.68.35 - - [20/Jul/2025:00:50:30 +0000] "GET /shopdetail/2489034.shtml HTTP/1.1" 200 19281 "-" "Mozilla/5.0 (compatible; Googlebot/2.1; +http://www.google.com/bot.html)"
66.249.68.33 - - [20/Jul/2025:00:50:55 +0000] "GET /shopdetail/4063106.shtml HTTP/1.1" 200 20101 "-" "Mozilla/5.0 (compatible; Googlebot/2.1; +http://www.google.com/bot.html)"
66.249.68.33 - - [20/Jul/2025:00:53:32 +0000] "GET /shopdetail/1176710.shtml HTTP/1.1" 200 20090 "-" "Mozilla/5.0 (Linux; Android 6.0.1; Nexus 5X Build/MMB29P) AppleWebKit/537.36 (KHTML, like Gecko) Chrome/137.0.7151.103 Mobile Safari/537.36 (compatible; Googlebot/2.1; +http://www.google.com/bot.html)"
66.249.68.33 - - [20/Jul/2025:00:54:12 +0000] "GET /shopdetail/1528596.shtml HTTP/1.1" 200 18615 "-" "Mozilla/5.0 (compatible; Googlebot/2.1; +http://www.google.com/bot.html)"
66.249.68.34 - - [20/Jul/2025:00:55:32 +0000] "GET /shopdetail/1437780.shtml HTTP/1.1" 200 18840 "-" "Mozilla/5.0 (Linux; Android 6.0.1; Nexus 5X Build/MMB29P) AppleWebKit/537.36 (KHTML, like Gecko) Chrome/137.0.7151.103 Mobile Safari/537.36 (compatible; Googlebot/2.1; +http://www.google.com/bot.html)"
66.249.68.34 - - [20/Jul/2025:00:57:26 +0000] "GET /shopdetail/1003406.shtml HTTP/1.1" 200 18291 "-" "Mozilla/5.0 (compatible; Googlebot/2.1; +http://www.google.com/bot.html)"
66.249.68.33 - - [20/Jul/2025:00:58:32 +0000] "GET /shopdetail/1431850.shtml HTTP/1.1" 200 18375 "-" "Mozilla/5.0 (Linux; Android 6.0.1; Nexus 5X Build/MMB29P) AppleWebKit/537.36 (KHTML, like Gecko) Chrome/137.0.7151.103 Mobile Safari/537.36 (compatible; Googlebot/2.1; +http://www.google.com/bot.html)"
66.249.68.35 - - [20/Jul/2025:01:02:07 +0000] "GET /shopdetail/1191424.shtml HTTP/1.1" 200 21021 "-" "Mozilla/5.0 (compatible; Googlebot/2.1; +http://www.google.com/bot.html)"
66.249.68.34 - - [20/Jul/2025:01:05:52 +0000] "GET /shopdetail/1383938.shtml HTTP/1.1" 200 20520 "-" "Mozilla/5.0 (Linux; Android 6.0.1; Nexus 5X Build/MMB29P) AppleWebKit/537.36 (KHTML, like Gecko) Chrome/137.0.7151.103 Mobile Safari/537.36 (compatible; Googlebot/2.1; +http://www.google.com/bot.html)"
66.249.68.34 - - [20/Jul/2025:01:06:10 +0000] "GET /shopdetail/1111700.shtml HTTP/1.1" 200 17946 "-" "Mozilla/5.0 (Linux; Android 6.0.1; Nexus 5X Build/MMB29P) AppleWebKit/537.36 (KHTML, like Gecko) Chrome/137.0.7151.103 Mobile Safari/537.36 (compatible; Googlebot/2.1; +http://www.google.com/bot.html)"
66.249.68.34 - - [20/Jul/2025:01:06:12 +0000] "GET /shopdetail/1077708.shtml HTTP/1.1" 200 18581 "-" "Mozilla/5.0 (Linux; Android 6.0.1; Nexus 5X Build/MMB29P) AppleWebKit/537.36 (KHTML, like Gecko) Chrome/137.0.7151.103 Mobile Safari/537.36 (compatible; Googlebot/2.1; +http://www.google.com/bot.html)"
66.249.68.33 - - [20/Jul/2025:01:06:21 +0000] "GET /shopdetail/1346640.shtml HTTP/1.1" 200 19195 "-" "Mozilla/5.0 (Linux; Android 6.0.1; Nexus 5X Build/MMB29P) AppleWebKit/537.36 (KHTML, like Gecko) Chrome/137.0.7151.103 Mobile Safari/537.36 (compatible; Googlebot/2.1; +http://www.google.com/bot.html)"
66.249.68.34 - - [20/Jul/2025:01:06:22 +0000] "GET /shopdetail/1529918.shtml HTTP/1.1" 200 18762 "-" "Mozilla/5.0 (Linux; Android 6.0.1; Nexus 5X Build/MMB29P) AppleWebKit/537.36 (KHTML, like Gecko) Chrome/137.0.7151.103 Mobile Safari/537.36 (compatible; Googlebot/2.1; +http://www.google.com/bot.html)"
66.249.68.34 - - [20/Jul/2025:01:06:23 +0000] "GET /shopdetail/2524340.shtml HTTP/1.1" 200 19831 "-" "Mozilla/5.0 (Linux; Android 6.0.1; Nexus 5X Build/MMB29P) AppleWebKit/537.36 (KHTML, like Gecko) Chrome/137.0.7151.103 Mobile Safari/537.36 (compatible; Googlebot/2.1; +http://www.google.com/bot.html)"
66.249.68.35 - - [20/Jul/2025:01:08:41 +0000] "GET /shopdetail/1244950.shtml HTTP/1.1" 200 20590 "-" "Mozilla/5.0 (Linux; Android 6.0.1; Nexus 5X Build/MMB29P) AppleWebKit/537.36 (KHTML, like Gecko) Chrome/137.0.7151.103 Mobile Safari/537.36 (compatible; Googlebot/2.1; +http://www.google.com/bot.html)"
66.249.68.34 - - [20/Jul/2025:01:16:38 +0000] "GET /shopdetail/1619736.shtml HTTP/1.1" 200 18034 "-" "Mozilla/5.0 (Linux; Android 6.0.1; Nexus 5X Build/MMB29P) AppleWebKit/537.36 (KHTML, like Gecko) Chrome/137.0.7151.103 Mobile Safari/537.36 (compatible; Googlebot/2.1; +http://www.google.com/bot.html)"
66.249.68.35 - - [20/Jul/2025:01:19:25 +0000] "GET /shopdetail/1694667228.shtml HTTP/1.1" 200 18802 "-" "Mozilla/5.0 (Linux; Android 6.0.1; Nexus 5X Build/MMB29P) AppleWebKit/537.36 (KHTML, like Gecko) Chrome/137.0.7151.103 Mobile Safari/537.36 (compatible; Googlebot/2.1; +http://www.google.com/bot.html)"
66.249.68.33 - - [20/Jul/2025:01:19:31 +0000] "GET /shopdetail/1696515910.shtml HTTP/1.1" 200 19394 "-" "Mozilla/5.0 (Linux; Android 6.0.1; Nexus 5X Build/MMB29P) AppleWebKit/537.36 (KHTML, like Gecko) Chrome/137.0.7151.103 Mobile Safari/537.36 (compatible; Googlebot/2.1; +http://www.google.com/bot.html)"
66.249.68.34 - - [20/Jul/2025:01:19:35 +0000] "GET /shopdetail/4176212.shtml HTTP/1.1" 200 20562 "-" "Mozilla/5.0 (Linux; Android 6.0.1; Nexus 5X Build/MMB29P) AppleWebKit/537.36 (KHTML, like Gecko) Chrome/137.0.7151.103 Mobile Safari/537.36 (compatible; Googlebot/2.1; +http://www.google.com/bot.html)"
66.249.68.33 - - [20/Jul/2025:01:19:38 +0000] "GET /255 HTTP/1.1" 200 20951 "-" "Mozilla/5.0 (Linux; Android 6.0.1; Nexus 5X Build/MMB29P) AppleWebKit/537.36 (KHTML, like Gecko) Chrome/137.0.7151.103 Mobile Safari/537.36 (compatible; Googlebot/2.1; +http://www.google.com/bot.html)"
66.249.68.33 - - [20/Jul/2025:01:19:45 +0000] "POST /get-message-notify HTTP/1.1" 200 18672 "https://cartel.express/255" "Mozilla/5.0 (Linux; Android 6.0.1; Nexus 5X Build/MMB29P) AppleWebKit/537.36 (KHTML, like Gecko) Chrome/137.0.7151.119 Mobile Safari/537.36 (compatible; Googlebot/2.1; +http://www.google.com/bot.html)"
66.249.68.35 - - [20/Jul/2025:01:20:34 +0000] "POST /get-message-notify HTTP/1.1" 200 18672 "https://cartel.express/shopdetail/4176212.shtml" "Mozilla/5.0 (Linux; Android 6.0.1; Nexus 5X Build/MMB29P) AppleWebKit/537.36 (KHTML, like Gecko) Chrome/137.0.7151.119 Mobile Safari/537.36 (compatible; Googlebot/2.1; +http://www.google.com/bot.html)"
66.249.68.35 - - [20/Jul/2025:01:24:00 +0000] "GET /shopdetail/1614130.shtml HTTP/1.1" 200 17958 "-" "Mozilla/5.0 (Linux; Android 6.0.1; Nexus 5X Build/MMB29P) AppleWebKit/537.36 (KHTML, like Gecko) Chrome/137.0.7151.103 Mobile Safari/537.36 (compatible; Googlebot/2.1; +http://www.google.com/bot.html)"
66.249.68.34 - - [20/Jul/2025:01:28:40 +0000] "GET /shopdetail/1295170.shtml HTTP/1.1" 200 19339 "-" "Mozilla/5.0 (compatible; Googlebot/2.1; +http://www.google.com/bot.html)"
66.249.68.33 - - [20/Jul/2025:01:31:42 +0000] "GET /shopdetail/52382088.shtml HTTP/1.1" 200 19604 "-" "Mozilla/5.0 (compatible; Googlebot/2.1; +http://www.google.com/bot.html)"
66.249.68.33 - - [20/Jul/2025:01:33:04 +0000] "GET /shopdetail/1380632.shtml HTTP/1.1" 200 19363 "-" "Mozilla/5.0 (compatible; Googlebot/2.1; +http://www.google.com/bot.html)"
66.249.68.34 - - [20/Jul/2025:01:33:47 +0000] "GET /shopdetail/905726.shtml HTTP/1.1" 200 18608 "-" "Mozilla/5.0 (compatible; Googlebot/2.1; +http://www.google.com/bot.html)"
66.249.68.34 - - [20/Jul/2025:01:35:45 +0000] "GET /shopdetail/59874334.shtml HTTP/1.1" 200 17953 "-" "Mozilla/5.0 (compatible; Googlebot/2.1; +http://www.google.com/bot.html)"
66.249.68.35 - - [20/Jul/2025:01:37:31 +0000] "GET /shopdetail/1392112.shtml HTTP/1.1" 200 18997 "-" "Mozilla/5.0 (compatible; Googlebot/2.1; +http://www.google.com/bot.html)"
45.227.253.15 - - [20/Jul/2025:01:38:25 +0000] "GET /index.php/jk HTTP/1.1" 200 59 "-" "Mozilla/5.0 (Macintosh; Intel Mac OS X 10.15; rv:80.0) Gecko/20100101 Firefox/80.0"
66.249.68.33 - - [20/Jul/2025:01:42:02 +0000] "GET /shopdetail/4072406.shtml HTTP/1.1" 200 18126 "-" "Mozilla/5.0 (Linux; Android 6.0.1; Nexus 5X Build/MMB29P) AppleWebKit/537.36 (KHTML, like Gecko) Chrome/137.0.7151.103 Mobile Safari/537.36 (compatible; Googlebot/2.1; +http://www.google.com/bot.html)"
66.249.68.33 - - [20/Jul/2025:01:42:12 +0000] "GET /shopdetail/49420196.shtml HTTP/1.1" 200 19634 "-" "Mozilla/5.0 (compatible; Googlebot/2.1; +http://www.google.com/bot.html)"
66.249.68.34 - - [20/Jul/2025:01:43:06 +0000] "GET /shopdetail/52326194.shtml HTTP/1.1" 200 18307 "-" "Mozilla/5.0 (Linux; Android 6.0.1; Nexus 5X Build/MMB29P) AppleWebKit/537.36 (KHTML, like Gecko) Chrome/137.0.7151.103 Mobile Safari/537.36 (compatible; Googlebot/2.1; +http://www.google.com/bot.html)"
85.208.96.206 - - [20/Jul/2025:01:46:07 +0000] "GET /robots.txt HTTP/1.1" 200 94 "-" "Mozilla/5.0 (compatible; SemrushBot/7~bl; +http://www.semrush.com/bot.html)"
209.74.77.214 - - [20/Jul/2025:01:46:13 +0000] "POST /wp-cron.php?doing_wp_cron=1752975973.0871300697326660156250 HTTP/1.1" 200 - "-" "WordPress/6.8.2; https://cartel.express"
85.208.96.204 - - [20/Jul/2025:01:46:08 +0000] "GET /cars_model/2-series/ HTTP/1.1" 200 35721 "-" "Mozilla/5.0 (compatible; SemrushBot/7~bl; +http://www.semrush.com/bot.html)"
66.249.68.35 - - [20/Jul/2025:01:47:37 +0000] "GET /shopdetail/992054.shtml HTTP/1.1" 200 18439 "-" "Mozilla/5.0 (Linux; Android 6.0.1; Nexus 5X Build/MMB29P) AppleWebKit/537.36 (KHTML, like Gecko) Chrome/137.0.7151.103 Mobile Safari/537.36 (compatible; Googlebot/2.1; +http://www.google.com/bot.html)"
66.249.68.34 - - [20/Jul/2025:01:47:50 +0000] "GET /shopdetail/53464416.shtml HTTP/1.1" 200 19306 "-" "Mozilla/5.0 (Linux; Android 6.0.1; Nexus 5X Build/MMB29P) AppleWebKit/537.36 (KHTML, like Gecko) Chrome/137.0.7151.103 Mobile Safari/537.36 (compatible; Googlebot/2.1; +http://www.google.com/bot.html)"
66.249.68.35 - - [20/Jul/2025:01:51:44 +0000] "GET /shopdetail/49428250.shtml HTTP/1.1" 200 19771 "-" "Mozilla/5.0 (Linux; Android 6.0.1; Nexus 5X Build/MMB29P) AppleWebKit/537.36 (KHTML, like Gecko) Chrome/137.0.7151.103 Mobile Safari/537.36 (compatible; Googlebot/2.1; +http://www.google.com/bot.html)"
66.249.68.33 - - [20/Jul/2025:01:51:56 +0000] "GET /shopdetail/2589282.shtml HTTP/1.1" 200 20496 "-" "Mozilla/5.0 (Linux; Android 6.0.1; Nexus 5X Build/MMB29P) AppleWebKit/537.36 (KHTML, like Gecko) Chrome/137.0.7151.103 Mobile Safari/537.36 (compatible; Googlebot/2.1; +http://www.google.com/bot.html)"
66.249.68.34 - - [20/Jul/2025:01:52:26 +0000] "GET /shopdetail/1667584.shtml HTTP/1.1" 200 18456 "-" "Mozilla/5.0 (Linux; Android 6.0.1; Nexus 5X Build/MMB29P) AppleWebKit/537.36 (KHTML, like Gecko) Chrome/137.0.7151.103 Mobile Safari/537.36 (compatible; Googlebot/2.1; +http://www.google.com/bot.html)"
209.74.77.214 - - [20/Jul/2025:01:52:54 +0000] "POST /wp-cron.php?doing_wp_cron=1752976374.0982370376586914062500 HTTP/1.1" 200 - "-" "WordPress/6.8.2; https://cartel.express"
74.125.150.34 - - [20/Jul/2025:01:52:53 +0000] "GET / HTTP/1.1" 200 40553 "-" "Mozilla/5.0 (X11; Linux x86_64) AppleWebKit/537.36 (KHTML, like Gecko) Chrome/129.0.0.0 Safari/537.36"
74.125.150.34 - - [20/Jul/2025:01:52:54 +0000] "GET /wp-content/plugins/trx_addons/addons/qw-extension/css/font-icons/css/qw_extension_icons.css HTTP/1.1" 200 900 "https://cartel.express/" "Mozilla/5.0 (X11; Linux x86_64) AppleWebKit/537.36 (KHTML, like Gecko) Chrome/129.0.0.0 Safari/537.36"
74.125.150.33 - - [20/Jul/2025:01:52:55 +0000] "GET /wp-content/themes/detailx/skins/default/css/font-icons/css/fontello.css HTTP/1.1" 200 7543 "https://cartel.express/" "Mozilla/5.0 (X11; Linux x86_64) AppleWebKit/537.36 (KHTML, like Gecko) Chrome/129.0.0.0 Safari/537.36"
74.125.150.34 - - [20/Jul/2025:01:52:55 +0000] "GET /wp-content/plugins/trx_addons/js/magnific/magnific-popup.min.css HTTP/1.1" 200 1548 "https://cartel.express/" "Mozilla/5.0 (X11; Linux x86_64) AppleWebKit/537.36 (KHTML, like Gecko) Chrome/129.0.0.0 Safari/537.36"
74.125.150.33 - - [20/Jul/2025:01:52:55 +0000] "GET /wp-content/plugins/woocommerce/assets/css/woocommerce.css?ver=10.0.2 HTTP/1.1" 200 10826 "https://cartel.express/" "Mozilla/5.0 (X11; Linux x86_64) AppleWebKit/537.36 (KHTML, like Gecko) Chrome/129.0.0.0 Safari/537.36"
74.125.150.34 - - [20/Jul/2025:01:52:55 +0000] "GET /wp-content/plugins/trx_addons/css/font-icons/css/trx_addons_icons.css HTTP/1.1" 200 4577 "https://cartel.express/" "Mozilla/5.0 (X11; Linux x86_64) AppleWebKit/537.36 (KHTML, like Gecko) Chrome/129.0.0.0 Safari/537.36"
74.125.150.34 - - [20/Jul/2025:01:52:55 +0000] "GET /wp-content/plugins/woo-smart-quick-view/assets/libs/perfect-scrollbar/css/perfect-scrollbar.min.css?ver=6.8.2 HTTP/1.1" 200 610 "https://cartel.express/" "Mozilla/5.0 (X11; Linux x86_64) AppleWebKit/537.36 (KHTML, like Gecko) Chrome/129.0.0.0 Safari/537.36"
74.125.150.34 - - [20/Jul/2025:01:52:56 +0000] "GET /wp-content/plugins/woocommerce/assets/css/brands.css?ver=10.0.2 HTTP/1.1" 200 684 "https://cartel.express/" "Mozilla/5.0 (X11; Linux x86_64) AppleWebKit/537.36 (KHTML, like Gecko) Chrome/129.0.0.0 Safari/537.36"
74.125.150.34 - - [20/Jul/2025:01:52:56 +0000] "GET /wp-content/uploads/elementor/css/custom-frontend.min.css?ver=1752119949 HTTP/1.1" 200 7083 "https://cartel.express/" "Mozilla/5.0 (X11; Linux x86_64) AppleWebKit/537.36 (KHTML, like Gecko) Chrome/129.0.0.0 Safari/537.36"
74.125.150.34 - - [20/Jul/2025:01:52:56 +0000] "GET /wp-content/plugins/advanced-popups/public/css/advanced-popups-public.css?ver=1.2.2 HTTP/1.1" 200 2297 "https://cartel.express/" "Mozilla/5.0 (X11; Linux x86_64) AppleWebKit/537.36 (KHTML, like Gecko) Chrome/129.0.0.0 Safari/537.36"
74.125.150.34 - - [20/Jul/2025:01:52:56 +0000] "GET /wp-content/plugins/elementor/assets/lib/eicons/css/elementor-icons.min.css?ver=5.43.0 HTTP/1.1" 200 4349 "https://cartel.express/" "Mozilla/5.0 (X11; Linux x86_64) AppleWebKit/537.36 (KHTML, like Gecko) Chrome/129.0.0.0 Safari/537.36"
74.125.150.34 - - [20/Jul/2025:01:52:56 +0000] "GET /wp-content/plugins/ti-woocommerce-wishlist/assets/css/webfont.min.css?ver=2.10.0 HTTP/1.1" 200 877 "https://cartel.express/" "Mozilla/5.0 (X11; Linux x86_64) AppleWebKit/537.36 (KHTML, like Gecko) Chrome/129.0.0.0 Safari/537.36"
74.125.150.33 - - [20/Jul/2025:01:52:56 +0000] "GET /wp-content/plugins/contact-form-7/includes/css/styles.css?ver=6.1 HTTP/1.1" 200 1031 "https://cartel.express/" "Mozilla/5.0 (X11; Linux x86_64) AppleWebKit/537.36 (KHTML, like Gecko) Chrome/129.0.0.0 Safari/537.36"
74.125.150.34 - - [20/Jul/2025:01:52:57 +0000] "GET /wp-content/plugins/elementor/assets/css/widget-spacer.min.css?ver=3.30.2 HTTP/1.1" 200 369 "https://cartel.express/" "Mozilla/5.0 (X11; Linux x86_64) AppleWebKit/537.36 (KHTML, like Gecko) Chrome/129.0.0.0 Safari/537.36"
74.125.150.34 - - [20/Jul/2025:01:52:57 +0000] "GET /wp-content/plugins/woo-smart-quick-view/assets/libs/perfect-scrollbar/css/custom-theme.css?ver=6.8.2 HTTP/1.1" 200 621 "https://cartel.express/" "Mozilla/5.0 (X11; Linux x86_64) AppleWebKit/537.36 (KHTML, like Gecko) Chrome/129.0.0.0 Safari/537.36"
74.125.150.33 - - [20/Jul/2025:01:52:57 +0000] "GET /wp-content/plugins/woo-smart-quick-view/assets/libs/slick/slick.css?ver=6.8.2 HTTP/1.1" 200 545 "https://cartel.express/" "Mozilla/5.0 (X11; Linux x86_64) AppleWebKit/537.36 (KHTML, like Gecko) Chrome/129.0.0.0 Safari/537.36"
74.125.150.33 - - [20/Jul/2025:01:52:57 +0000] "GET /wp-content/plugins/trx_addons/css/__styles.css HTTP/1.1" 200 47458 "https://cartel.express/" "Mozilla/5.0 (X11; Linux x86_64) AppleWebKit/537.36 (KHTML, like Gecko) Chrome/129.0.0.0 Safari/537.36"
74.125.150.33 - - [20/Jul/2025:01:52:58 +0000] "GET /wp-content/plugins/trx_addons/components/widgets/custom_links/custom_links.css HTTP/1.1" 200 819 "https://cartel.express/" "Mozilla/5.0 (X11; Linux x86_64) AppleWebKit/537.36 (KHTML, like Gecko) Chrome/129.0.0.0 Safari/537.36"
74.125.150.33 - - [20/Jul/2025:01:52:58 +0000] "GET /wp-content/plugins/trx_addons/components/cpt/testimonials/testimonials.css HTTP/1.1" 200 1017 "https://cartel.express/" "Mozilla/5.0 (X11; Linux x86_64) AppleWebKit/537.36 (KHTML, like Gecko) Chrome/129.0.0.0 Safari/537.36"
74.125.150.33 - - [20/Jul/2025:01:52:58 +0000] "GET /wp-content/plugins/trx_addons/components/api/contact-form-7/contact-form-7.css HTTP/1.1" 200 473 "https://cartel.express/" "Mozilla/5.0 (X11; Linux x86_64) AppleWebKit/537.36 (KHTML, like Gecko) Chrome/129.0.0.0 Safari/537.36"
74.125.150.33 - - [20/Jul/2025:01:52:58 +0000] "GET /wp-content/plugins/elementor/assets/css/widget-heading.min.css?ver=3.30.2 HTTP/1.1" 200 188 "https://cartel.express/" "Mozilla/5.0 (X11; Linux x86_64) AppleWebKit/537.36 (KHTML, like Gecko) Chrome/129.0.0.0 Safari/537.36"
74.125.150.33 - - [20/Jul/2025:01:52:59 +0000] "GET /wp-content/plugins/trx_addons/components/api/woocommerce/woocommerce.responsive.css HTTP/1.1" 200 1395 "https://cartel.express/" "Mozilla/5.0 (X11; Linux x86_64) AppleWebKit/537.36 (KHTML, like Gecko) Chrome/129.0.0.0 Safari/537.36"
74.125.150.33 - - [20/Jul/2025:01:52:59 +0000] "GET /wp-content/plugins/woocommerce/assets/css/woocommerce-layout.css?ver=10.0.2 HTTP/1.1" 200 3414 "https://cartel.express/" "Mozilla/5.0 (X11; Linux x86_64) AppleWebKit/537.36 (KHTML, like Gecko) Chrome/129.0.0.0 Safari/537.36"
74.125.150.33 - - [20/Jul/2025:01:52:59 +0000] "GET /wp-content/plugins/ti-woocommerce-wishlist/assets/css/public.min.css?ver=2.10.0 HTTP/1.1" 200 5605 "https://cartel.express/" "Mozilla/5.0 (X11; Linux x86_64) AppleWebKit/537.36 (KHTML, like Gecko) Chrome/129.0.0.0 Safari/537.36"
74.125.150.33 - - [20/Jul/2025:01:52:59 +0000] "GET /wp-content/plugins/ti-woocommerce-wishlist/assets/fonts/tinvwl-webfont.woff2?ver=xu2uyi HTTP/1.1" 200 4427 "https://cartel.express/" "Mozilla/5.0 (X11; Linux x86_64) AppleWebKit/537.36 (KHTML, like Gecko) Chrome/129.0.0.0 Safari/537.36"
74.125.150.33 - - [20/Jul/2025:01:52:59 +0000] "GET /wp-content/uploads/elementor/css/custom-widget-icon-box.min.css?ver=1752119949 HTTP/1.1" 200 705 "https://cartel.express/" "Mozilla/5.0 (X11; Linux x86_64) AppleWebKit/537.36 (KHTML, like Gecko) Chrome/129.0.0.0 Safari/537.36"
74.125.150.33 - - [20/Jul/2025:01:53:00 +0000] "GET /wp-content/plugins/trx_addons/components/shortcodes/content/content.responsive.css HTTP/1.1" 200 696 "https://cartel.express/" "Mozilla/5.0 (X11; Linux x86_64) AppleWebKit/537.36 (KHTML, like Gecko) Chrome/129.0.0.0 Safari/537.36"
74.125.150.33 - - [20/Jul/2025:01:53:00 +0000] "GET /wp-content/plugins/elementor/assets/lib/swiper/v8/css/swiper.min.css?ver=8.4.5 HTTP/1.1" 200 4583 "https://cartel.express/" "Mozilla/5.0 (X11; Linux x86_64) AppleWebKit/537.36 (KHTML, like Gecko) Chrome/129.0.0.0 Safari/537.36"
74.125.150.33 - - [20/Jul/2025:01:53:00 +0000] "GET /wp-content/plugins/elementor/assets/css/widget-divider.min.css?ver=3.30.2 HTTP/1.1" 200 771 "https://cartel.express/" "Mozilla/5.0 (X11; Linux x86_64) AppleWebKit/537.36 (KHTML, like Gecko) Chrome/129.0.0.0 Safari/537.36"
74.125.150.33 - - [20/Jul/2025:01:53:00 +0000] "GET /wp-content/plugins/trx_addons/components/api/woocommerce/woocommerce.css HTTP/1.1" 200 3998 "https://cartel.express/" "Mozilla/5.0 (X11; Linux x86_64) AppleWebKit/537.36 (KHTML, like Gecko) Chrome/129.0.0.0 Safari/537.36"
74.125.150.33 - - [20/Jul/2025:01:53:00 +0000] "GET /wp-content/plugins/trx_addons/addons/mouse-helper/mouse-helper.css HTTP/1.1" 200 1808 "https://cartel.express/" "Mozilla/5.0 (X11; Linux x86_64) AppleWebKit/537.36 (KHTML, like Gecko) Chrome/129.0.0.0 Safari/537.36"
74.125.150.33 - - [20/Jul/2025:01:53:01 +0000] "GET /wp-content/themes/detailx/skins/default/plugins/contact-form-7/contact-form-7.css HTTP/1.1" 200 5831 "https://cartel.express/" "Mozilla/5.0 (X11; Linux x86_64) AppleWebKit/537.36 (KHTML, like Gecko) Chrome/129.0.0.0 Safari/537.36"
74.125.150.33 - - [20/Jul/2025:01:53:01 +0000] "GET /wp-content/themes/detailx/skins/default/css/style.css HTTP/1.1" 200 68098 "https://cartel.express/" "Mozilla/5.0 (X11; Linux x86_64) AppleWebKit/537.36 (KHTML, like Gecko) Chrome/129.0.0.0 Safari/537.36"
74.125.150.33 - - [20/Jul/2025:01:53:01 +0000] "GET /wp-content/plugins/trx_addons/components/shortcodes/icons/icons.css HTTP/1.1" 200 1404 "https://cartel.express/" "Mozilla/5.0 (X11; Linux x86_64) AppleWebKit/537.36 (KHTML, like Gecko) Chrome/129.0.0.0 Safari/537.36"
74.125.150.33 - - [20/Jul/2025:01:53:01 +0000] "GET /wp-content/themes/detailx/skins/default/css/__responsive.css HTTP/1.1" 200 78843 "https://cartel.express/" "Mozilla/5.0 (X11; Linux x86_64) AppleWebKit/537.36 (KHTML, like Gecko) Chrome/129.0.0.0 Safari/537.36"
74.125.150.33 - - [20/Jul/2025:01:53:02 +0000] "GET /wp-content/uploads/elementor/google-fonts/css/robotoslab.css?ver=1742256790 HTTP/1.1" 200 917 "https://cartel.express/" "Mozilla/5.0 (X11; Linux x86_64) AppleWebKit/537.36 (KHTML, like Gecko) Chrome/129.0.0.0 Safari/537.36"
74.125.150.33 - - [20/Jul/2025:01:53:02 +0000] "GET /wp-includes/js/mediaelement/wp-mediaelement.min.css?ver=6.8.2 HTTP/1.1" 200 1156 "https://cartel.express/" "Mozilla/5.0 (X11; Linux x86_64) AppleWebKit/537.36 (KHTML, like Gecko) Chrome/129.0.0.0 Safari/537.36"
74.125.150.33 - - [20/Jul/2025:01:53:02 +0000] "GET /wp-content/plugins/trx_addons/components/shortcodes/icons/icons.responsive.css HTTP/1.1" 200 224 "https://cartel.express/" "Mozilla/5.0 (X11; Linux x86_64) AppleWebKit/537.36 (KHTML, like Gecko) Chrome/129.0.0.0 Safari/537.36"
74.125.150.33 - - [20/Jul/2025:01:53:02 +0000] "GET /wp-content/plugins/trx_addons/components/shortcodes/content/content.css HTTP/1.1" 200 618 "https://cartel.express/" "Mozilla/5.0 (X11; Linux x86_64) AppleWebKit/537.36 (KHTML, like Gecko) Chrome/129.0.0.0 Safari/537.36"
74.125.150.33 - - [20/Jul/2025:01:53:02 +0000] "GET /wp-content/plugins/trx_addons/components/cpt/services/services.css HTTP/1.1" 200 6021 "https://cartel.express/" "Mozilla/5.0 (X11; Linux x86_64) AppleWebKit/537.36 (KHTML, like Gecko) Chrome/129.0.0.0 Safari/537.36"
74.125.150.33 - - [20/Jul/2025:01:53:03 +0000] "GET /wp-content/plugins/trx_addons/addons/mouse-helper/mouse-helper.responsive.css HTTP/1.1" 200 304 "https://cartel.express/" "Mozilla/5.0 (X11; Linux x86_64) AppleWebKit/537.36 (KHTML, like Gecko) Chrome/129.0.0.0 Safari/537.36"
74.125.150.33 - - [20/Jul/2025:01:53:03 +0000] "GET /wp-content/plugins/trx_addons/components/shortcodes/blogger/blogger.responsive.css HTTP/1.1" 200 1069 "https://cartel.express/" "Mozilla/5.0 (X11; Linux x86_64) AppleWebKit/537.36 (KHTML, like Gecko) Chrome/129.0.0.0 Safari/537.36"
74.125.150.33 - - [20/Jul/2025:01:53:03 +0000] "GET /wp-content/plugins/trx_addons/components/shortcodes/blogger/blogger.css HTTP/1.1" 200 4496 "https://cartel.express/" "Mozilla/5.0 (X11; Linux x86_64) AppleWebKit/537.36 (KHTML, like Gecko) Chrome/129.0.0.0 Safari/537.36"
74.125.150.33 - - [20/Jul/2025:01:53:03 +0000] "GET /wp-content/plugins/trx_addons/css/__responsive.css HTTP/1.1" 200 7750 "https://cartel.express/" "Mozilla/5.0 (X11; Linux x86_64) AppleWebKit/537.36 (KHTML, like Gecko) Chrome/129.0.0.0 Safari/537.36"
74.125.150.33 - - [20/Jul/2025:01:53:03 +0000] "GET /wp-content/themes/detailx/skins/default/plugins/woocommerce/woocommerce.css HTTP/1.1" 200 33865 "https://cartel.express/" "Mozilla/5.0 (X11; Linux x86_64) AppleWebKit/537.36 (KHTML, like Gecko) Chrome/129.0.0.0 Safari/537.36"
74.125.150.33 - - [20/Jul/2025:01:53:03 +0000] "GET /wp-includes/js/jquery/jquery.min.js?ver=3.7.1 HTTP/1.1" 200 30368 "https://cartel.express/" "Mozilla/5.0 (X11; Linux x86_64) AppleWebKit/537.36 (KHTML, like Gecko) Chrome/129.0.0.0 Safari/537.36"
74.125.150.33 - - [20/Jul/2025:01:53:04 +0000] "GET /wp-content/uploads/elementor/google-fonts/css/barlowcondensed.css?ver=1742269076 HTTP/1.1" 200 903 "https://cartel.express/" "Mozilla/5.0 (X11; Linux x86_64) AppleWebKit/537.36 (KHTML, like Gecko) Chrome/129.0.0.0 Safari/537.36"
74.125.150.33 - - [20/Jul/2025:01:53:04 +0000] "GET /wp-content/plugins/elementor/assets/css/widget-image.min.css?ver=3.30.2 HTTP/1.1" 200 164 "https://cartel.express/" "Mozilla/5.0 (X11; Linux x86_64) AppleWebKit/537.36 (KHTML, like Gecko) Chrome/129.0.0.0 Safari/537.36"
74.125.150.33 - - [20/Jul/2025:01:53:04 +0000] "GET /wp-includes/js/dist/hooks.min.js?ver=4d63a3d491d11ffd8ac6 HTTP/1.1" 200 1648 "https://cartel.express/" "Mozilla/5.0 (X11; Linux x86_64) AppleWebKit/537.36 (KHTML, like Gecko) Chrome/129.0.0.0 Safari/537.36"
74.125.150.33 - - [20/Jul/2025:01:53:04 +0000] "GET /wp-content/plugins/woo-smart-quick-view/assets/libs/feather/feather.css?ver=6.8.2 HTTP/1.1" 200 169 "https://cartel.express/" "Mozilla/5.0 (X11; Linux x86_64) AppleWebKit/537.36 (KHTML, like Gecko) Chrome/129.0.0.0 Safari/537.36"
74.125.150.33 - - [20/Jul/2025:01:53:04 +0000] "GET /wp-content/plugins/woo-smart-quick-view/assets/css/frontend.css?ver=4.2.0 HTTP/1.1" 200 3569 "https://cartel.express/" "Mozilla/5.0 (X11; Linux x86_64) AppleWebKit/537.36 (KHTML, like Gecko) Chrome/129.0.0.0 Safari/537.36"
74.125.150.33 - - [20/Jul/2025:01:53:04 +0000] "GET /wp-content/plugins/trx_addons/components/shortcodes/skills/skills.css HTTP/1.1" 200 1106 "https://cartel.express/" "Mozilla/5.0 (X11; Linux x86_64) AppleWebKit/537.36 (KHTML, like Gecko) Chrome/129.0.0.0 Safari/537.36"
74.125.150.33 - - [20/Jul/2025:01:53:05 +0000] "GET /wp-content/themes/detailx/skins/default/css/__custom.css HTTP/1.1" 200 9696 "https://cartel.express/" "Mozilla/5.0 (X11; Linux x86_64) AppleWebKit/537.36 (KHTML, like Gecko) Chrome/129.0.0.0 Safari/537.36"
74.125.150.33 - - [20/Jul/2025:01:53:05 +0000] "GET /wp-content/uploads/elementor/google-fonts/css/roboto.css?ver=1742256774 HTTP/1.1" 200 2846 "https://cartel.express/" "Mozilla/5.0 (X11; Linux x86_64) AppleWebKit/537.36 (KHTML, like Gecko) Chrome/129.0.0.0 Safari/537.36"
74.125.150.33 - - [20/Jul/2025:01:53:05 +0000] "GET /wp-content/themes/detailx/skins/default/cars.css HTTP/1.1" 200 4959 "https://cartel.express/" "Mozilla/5.0 (X11; Linux x86_64) AppleWebKit/537.36 (KHTML, like Gecko) Chrome/129.0.0.0 Safari/537.36"
74.125.150.33 - - [20/Jul/2025:01:53:05 +0000] "GET /wp-content/plugins/trx_addons/components/cpt/services/services.responsive.css HTTP/1.1" 200 1394 "https://cartel.express/" "Mozilla/5.0 (X11; Linux x86_64) AppleWebKit/537.36 (KHTML, like Gecko) Chrome/129.0.0.0 Safari/537.36"
74.125.150.33 - - [20/Jul/2025:01:53:05 +0000] "GET /wp-content/plugins/trx_addons/addons/qw-extension/css/qw_extension_services.responsive.css HTTP/1.1" 200 1035 "https://cartel.express/" "Mozilla/5.0 (X11; Linux x86_64) AppleWebKit/537.36 (KHTML, like Gecko) Chrome/129.0.0.0 Safari/537.36"
74.125.150.33 - - [20/Jul/2025:01:53:06 +0000] "GET /wp-content/plugins/trx_addons/css/trx_addons.animations.css HTTP/1.1" 200 6429 "https://cartel.express/" "Mozilla/5.0 (X11; Linux x86_64) AppleWebKit/537.36 (KHTML, like Gecko) Chrome/129.0.0.0 Safari/537.36"
74.125.150.34 - - [20/Jul/2025:01:53:06 +0000] "GET /wp-content/themes/detailx/skins/default/extra-styles.css HTTP/1.1" 200 3370 "https://cartel.express/" "Mozilla/5.0 (X11; Linux x86_64) AppleWebKit/537.36 (KHTML, like Gecko) Chrome/129.0.0.0 Safari/537.36"
74.125.150.34 - - [20/Jul/2025:01:53:06 +0000] "GET /wp-content/themes/detailx/style.css HTTP/1.1" 200 1698 "https://cartel.express/" "Mozilla/5.0 (X11; Linux x86_64) AppleWebKit/537.36 (KHTML, like Gecko) Chrome/129.0.0.0 Safari/537.36"
74.125.150.34 - - [20/Jul/2025:01:53:06 +0000] "GET /wp-includes/js/mediaelement/mediaelementplayer-legacy.min.css?ver=4.2.17 HTTP/1.1" 200 2592 "https://cartel.express/" "Mozilla/5.0 (X11; Linux x86_64) AppleWebKit/537.36 (KHTML, like Gecko) Chrome/129.0.0.0 Safari/537.36"
74.125.150.33 - - [20/Jul/2025:01:53:06 +0000] "GET /wp-content/plugins/woocommerce/assets/client/blocks/wc-blocks.css?ver=wc-10.0.2 HTTP/1.1" 200 2575 "https://cartel.express/" "Mozilla/5.0 (X11; Linux x86_64) AppleWebKit/537.36 (KHTML, like Gecko) Chrome/129.0.0.0 Safari/537.36"
74.125.150.33 - - [20/Jul/2025:01:53:07 +0000] "GET /wp-content/themes/detailx/skins/default/plugins/woocommerce/woocommerce-responsive.css HTTP/1.1" 200 9063 "https://cartel.express/" "Mozilla/5.0 (X11; Linux x86_64) AppleWebKit/537.36 (KHTML, like Gecko) Chrome/129.0.0.0 Safari/537.36"
74.125.150.33 - - [20/Jul/2025:01:53:07 +0000] "GET /wp-content/themes/detailx-child/style.css HTTP/1.1" 200 302 "https://cartel.express/" "Mozilla/5.0 (X11; Linux x86_64) AppleWebKit/537.36 (KHTML, like Gecko) Chrome/129.0.0.0 Safari/537.36"
74.125.150.33 - - [20/Jul/2025:01:53:07 +0000] "GET /wp-content/plugins/revslider/sr6/assets/css/rs6.css?ver=6.7.34 HTTP/1.1" 200 12492 "https://cartel.express/" "Mozilla/5.0 (X11; Linux x86_64) AppleWebKit/537.36 (KHTML, like Gecko) Chrome/129.0.0.0 Safari/537.36"
74.125.150.33 - - [20/Jul/2025:01:53:07 +0000] "GET /wp-includes/js/jquery/ui/core.min.js?ver=1.13.3 HTTP/1.1" 200 7106 "https://cartel.express/" "Mozilla/5.0 (X11; Linux x86_64) AppleWebKit/537.36 (KHTML, like Gecko) Chrome/129.0.0.0 Safari/537.36"
74.125.150.34 - - [20/Jul/2025:01:53:07 +0000] "GET /wp-content/plugins/revslider/sr6/assets/assets/dummy.png HTTP/1.1" 200 68 "https://cartel.express/" "Mozilla/5.0 (X11; Linux x86_64) AppleWebKit/537.36 (KHTML, like Gecko) Chrome/129.0.0.0 Safari/537.36"
