74.125.150.33 - - [20/Jul/2025:01:53:07 +0000] "GET /wp-content/plugins/instagram-feed/css/sbi-styles.min.css?ver=6.9.1 HTTP/1.1" 200 8799 "https://cartel.express/" "Mozilla/5.0 (X11; Linux x86_64) AppleWebKit/537.36 (KHTML, like Gecko) Chrome/129.0.0.0 Safari/537.36"
74.125.150.33 - - [20/Jul/2025:01:53:08 +0000] "GET /wp-content/plugins/advanced-popups/fonts/advanced-popups-icons.woff HTTP/1.1" 200 694 "https://cartel.express/" "Mozilla/5.0 (X11; Linux x86_64) AppleWebKit/537.36 (KHTML, like Gecko) Chrome/129.0.0.0 Safari/537.36"
74.125.150.34 - - [20/Jul/2025:01:53:08 +0000] "GET /wp-content/plugins/trx_addons/addons/qw-extension/css/qw_extension_services.css HTTP/1.1" 200 7098 "https://cartel.express/" "Mozilla/5.0 (X11; Linux x86_64) AppleWebKit/537.36 (KHTML, like Gecko) Chrome/129.0.0.0 Safari/537.36"
74.125.150.34 - - [20/Jul/2025:01:53:08 +0000] "GET /wp-content/plugins/trx_addons/addons/qw-extension/css/qw_extension_icons.responsive.css HTTP/1.1" 200 236 "https://cartel.express/" "Mozilla/5.0 (X11; Linux x86_64) AppleWebKit/537.36 (KHTML, like Gecko) Chrome/129.0.0.0 Safari/537.36"
74.125.150.33 - - [20/Jul/2025:01:53:08 +0000] "GET /wp-content/plugins/trx_addons/addons/qw-extension/css/qw_extension_testimonials.responsive.css HTTP/1.1" 200 587 "https://cartel.express/" "Mozilla/5.0 (X11; Linux x86_64) AppleWebKit/537.36 (KHTML, like Gecko) Chrome/129.0.0.0 Safari/537.36"
74.125.150.34 - - [20/Jul/2025:01:53:08 +0000] "GET /wp-content/themes/detailx/skins/default/css/__plugins.css HTTP/1.1" 200 105803 "https://cartel.express/" "Mozilla/5.0 (X11; Linux x86_64) AppleWebKit/537.36 (KHTML, like Gecko) Chrome/129.0.0.0 Safari/537.36"
74.125.150.34 - - [20/Jul/2025:01:53:08 +0000] "GET /wp-includes/js/jquery/jquery-migrate.min.js?ver=3.4.1 HTTP/1.1" 200 4872 "https://cartel.express/" "Mozilla/5.0 (X11; Linux x86_64) AppleWebKit/537.36 (KHTML, like Gecko) Chrome/129.0.0.0 Safari/537.36"
74.125.150.33 - - [20/Jul/2025:01:53:09 +0000] "GET /wp-content/themes/detailx/skins/default/plugins/mailchimp-for-wp/mailchimp-for-wp.css HTTP/1.1" 200 3346 "https://cartel.express/" "Mozilla/5.0 (X11; Linux x86_64) AppleWebKit/537.36 (KHTML, like Gecko) Chrome/129.0.0.0 Safari/537.36"
74.125.150.33 - - [20/Jul/2025:01:53:09 +0000] "GET /wp-content/plugins/trx_addons/addons/qw-extension/css/qw_extension_testimonials.css HTTP/1.1" 200 1066 "https://cartel.express/" "Mozilla/5.0 (X11; Linux x86_64) AppleWebKit/537.36 (KHTML, like Gecko) Chrome/129.0.0.0 Safari/537.36"
74.125.150.33 - - [20/Jul/2025:01:53:09 +0000] "GET /wp-content/plugins/trx_addons/addons/qw-extension/css/qw_extension_icons.css HTTP/1.1" 200 1435 "https://cartel.express/" "Mozilla/5.0 (X11; Linux x86_64) AppleWebKit/537.36 (KHTML, like Gecko) Chrome/129.0.0.0 Safari/537.36"
74.125.150.33 - - [20/Jul/2025:01:53:09 +0000] "GET /wp-includes/js/dist/i18n.min.js?ver=5e580eb46a90c2b997e6 HTTP/1.1" 200 3667 "https://cartel.express/" "Mozilla/5.0 (X11; Linux x86_64) AppleWebKit/537.36 (KHTML, like Gecko) Chrome/129.0.0.0 Safari/537.36"
74.125.150.33 - - [20/Jul/2025:01:53:09 +0000] "GET /wp-content/plugins/woocommerce/assets/js/jquery-blockui/jquery.blockUI.min.js?ver=2.7.0-wc.10.0.2 HTTP/1.1" 200 3537 "https://cartel.express/" "Mozilla/5.0 (X11; Linux x86_64) AppleWebKit/537.36 (KHTML, like Gecko) Chrome/129.0.0.0 Safari/537.36"
74.125.150.34 - - [20/Jul/2025:01:53:09 +0000] "GET /wp-includes/js/wp-util.min.js?ver=6.8.2 HTTP/1.1" 200 756 "https://cartel.express/" "Mozilla/5.0 (X11; Linux x86_64) AppleWebKit/537.36 (KHTML, like Gecko) Chrome/129.0.0.0 Safari/537.36"
74.125.150.33 - - [20/Jul/2025:01:53:10 +0000] "GET /wp-content/plugins/woocommerce/assets/js/frontend/cart-fragments.min.js?ver=10.0.2 HTTP/1.1" 200 1045 "https://cartel.express/" "Mozilla/5.0 (X11; Linux x86_64) AppleWebKit/537.36 (KHTML, like Gecko) Chrome/129.0.0.0 Safari/537.36"
74.125.150.34 - - [20/Jul/2025:01:53:10 +0000] "GET /wp-content/plugins/woocommerce/assets/js/js-cookie/js.cookie.min.js?ver=2.1.4-wc.10.0.2 HTTP/1.1" 200 833 "https://cartel.express/" "Mozilla/5.0 (X11; Linux x86_64) AppleWebKit/537.36 (KHTML, like Gecko) Chrome/129.0.0.0 Safari/537.36"
74.125.150.35 - - [20/Jul/2025:01:53:10 +0000] "GET /wp-includes/js/underscore.min.js?ver=1.13.7 HTTP/1.1" 200 7317 "https://cartel.express/" "Mozilla/5.0 (X11; Linux x86_64) AppleWebKit/537.36 (KHTML, like Gecko) Chrome/129.0.0.0 Safari/537.36"
74.125.150.34 - - [20/Jul/2025:01:53:10 +0000] "GET /wp-content/plugins/elementor/assets/js/webpack.runtime.min.js?ver=3.30.2 HTTP/1.1" 200 2516 "https://cartel.express/" "Mozilla/5.0 (X11; Linux x86_64) AppleWebKit/537.36 (KHTML, like Gecko) Chrome/129.0.0.0 Safari/537.36"
74.125.150.33 - - [20/Jul/2025:01:53:11 +0000] "GET /wp-content/plugins/woo-smart-quick-view/assets/libs/perfect-scrollbar/js/perfect-scrollbar.jquery.min.js?ver=4.2.0 HTTP/1.1" 200 6509 "https://cartel.express/" "Mozilla/5.0 (X11; Linux x86_64) AppleWebKit/537.36 (KHTML, like Gecko) Chrome/129.0.0.0 Safari/537.36"
74.125.150.33 - - [20/Jul/2025:01:53:11 +0000] "GET /wp-content/plugins/elementor/assets/js/frontend.min.js?ver=3.30.2 HTTP/1.1" 200 10595 "https://cartel.express/" "Mozilla/5.0 (X11; Linux x86_64) AppleWebKit/537.36 (KHTML, like Gecko) Chrome/129.0.0.0 Safari/537.36"
74.125.150.35 - - [20/Jul/2025:01:53:11 +0000] "GET /wp-content/plugins/trx_addons/js/tweenmax/GSAP/3.12.2/gsap.min.js HTTP/1.1" 200 27839 "https://cartel.express/" "Mozilla/5.0 (X11; Linux x86_64) AppleWebKit/537.36 (KHTML, like Gecko) Chrome/129.0.0.0 Safari/537.36"
74.125.150.35 - - [20/Jul/2025:01:53:12 +0000] "GET /wp-content/plugins/woocommerce/assets/js/frontend/add-to-cart-variation.min.js?ver=10.0.2 HTTP/1.1" 200 3940 "https://cartel.express/" "Mozilla/5.0 (X11; Linux x86_64) AppleWebKit/537.36 (KHTML, like Gecko) Chrome/129.0.0.0 Safari/537.36"
74.125.150.34 - - [20/Jul/2025:01:53:12 +0000] "GET /wp-content/plugins/elementor/assets/js/frontend-modules.min.js?ver=3.30.2 HTTP/1.1" 200 14815 "https://cartel.express/" "Mozilla/5.0 (X11; Linux x86_64) AppleWebKit/537.36 (KHTML, like Gecko) Chrome/129.0.0.0 Safari/537.36"
74.125.150.34 - - [20/Jul/2025:01:53:12 +0000] "GET /wp-includes/js/jquery/ui/datepicker.min.js?ver=1.13.3 HTTP/1.1" 200 10907 "https://cartel.express/" "Mozilla/5.0 (X11; Linux x86_64) AppleWebKit/537.36 (KHTML, like Gecko) Chrome/129.0.0.0 Safari/537.36"
74.125.150.34 - - [20/Jul/2025:01:53:12 +0000] "GET /wp-content/plugins/elementor/assets/lib/swiper/v8/swiper.min.js?ver=8.4.5 HTTP/1.1" 200 39695 "https://cartel.express/" "Mozilla/5.0 (X11; Linux x86_64) AppleWebKit/537.36 (KHTML, like Gecko) Chrome/129.0.0.0 Safari/537.36"
74.125.150.35 - - [20/Jul/2025:01:53:12 +0000] "GET /wp-content/plugins/contact-form-7/includes/swv/js/index.js?ver=6.1 HTTP/1.1" 200 3503 "https://cartel.express/" "Mozilla/5.0 (X11; Linux x86_64) AppleWebKit/537.36 (KHTML, like Gecko) Chrome/129.0.0.0 Safari/537.36"
74.125.150.35 - - [20/Jul/2025:01:53:12 +0000] "GET /wp-content/plugins/revslider/sr6/assets/js/rs6.min.js?ver=6.7.34 HTTP/1.1" 200 108972 "https://cartel.express/" "Mozilla/5.0 (X11; Linux x86_64) AppleWebKit/537.36 (KHTML, like Gecko) Chrome/129.0.0.0 Safari/537.36"
74.125.150.33 - - [20/Jul/2025:01:53:13 +0000] "GET /wp-content/plugins/contact-form-7/includes/js/index.js?ver=6.1 HTTP/1.1" 200 4265 "https://cartel.express/" "Mozilla/5.0 (X11; Linux x86_64) AppleWebKit/537.36 (KHTML, like Gecko) Chrome/129.0.0.0 Safari/537.36"
74.125.150.34 - - [20/Jul/2025:01:53:13 +0000] "GET /wp-content/plugins/revslider/sr6/assets/js/rbtools.min.js?ver=6.7.29 HTTP/1.1" 200 61824 "https://cartel.express/" "Mozilla/5.0 (X11; Linux x86_64) AppleWebKit/537.36 (KHTML, like Gecko) Chrome/129.0.0.0 Safari/537.36"
74.125.150.34 - - [20/Jul/2025:01:53:13 +0000] "GET /wp-content/plugins/advanced-popups/public/js/advanced-popups-public.js?ver=1.2.2 HTTP/1.1" 200 2621 "https://cartel.express/" "Mozilla/5.0 (X11; Linux x86_64) AppleWebKit/537.36 (KHTML, like Gecko) Chrome/129.0.0.0 Safari/537.36"
74.125.150.33 - - [20/Jul/2025:01:53:13 +0000] "GET /wp-content/plugins/woo-smart-quick-view/assets/libs/slick/slick.min.js?ver=4.2.0 HTTP/1.1" 200 10442 "https://cartel.express/" "Mozilla/5.0 (X11; Linux x86_64) AppleWebKit/537.36 (KHTML, like Gecko) Chrome/129.0.0.0 Safari/537.36"
74.125.150.35 - - [20/Jul/2025:01:53:13 +0000] "GET /wp-content/plugins/woocommerce/assets/js/sourcebuster/sourcebuster.min.js?ver=10.0.2 HTTP/1.1" 200 4807 "https://cartel.express/" "Mozilla/5.0 (X11; Linux x86_64) AppleWebKit/537.36 (KHTML, like Gecko) Chrome/129.0.0.0 Safari/537.36"
74.125.150.34 - - [20/Jul/2025:01:53:13 +0000] "GET /wp-content/plugins/trx_addons/js/__scripts.js HTTP/1.1" 200 83172 "https://cartel.express/" "Mozilla/5.0 (X11; Linux x86_64) AppleWebKit/537.36 (KHTML, like Gecko) Chrome/129.0.0.0 Safari/537.36"
74.125.150.33 - - [20/Jul/2025:01:53:14 +0000] "GET /wp-content/plugins/woo-smart-quick-view/assets/js/frontend.js?ver=4.2.0 HTTP/1.1" 200 2307 "https://cartel.express/" "Mozilla/5.0 (X11; Linux x86_64) AppleWebKit/537.36 (KHTML, like Gecko) Chrome/129.0.0.0 Safari/537.36"
74.125.150.33 - - [20/Jul/2025:01:53:14 +0000] "GET /wp-content/plugins/trx_addons/components/shortcodes/skills/skills.js HTTP/1.1" 200 2440 "https://cartel.express/" "Mozilla/5.0 (X11; Linux x86_64) AppleWebKit/537.36 (KHTML, like Gecko) Chrome/129.0.0.0 Safari/537.36"
74.125.150.35 - - [20/Jul/2025:01:53:14 +0000] "GET /wp-content/plugins/trx_addons/components/cpt/layouts/shortcodes/menu/superfish.min.js HTTP/1.1" 200 1894 "https://cartel.express/" "Mozilla/5.0 (X11; Linux x86_64) AppleWebKit/537.36 (KHTML, like Gecko) Chrome/129.0.0.0 Safari/537.36"
74.125.150.34 - - [20/Jul/2025:01:53:14 +0000] "GET /wp-content/plugins/trx_addons/addons/mouse-helper/mouse-helper.js HTTP/1.1" 200 4826 "https://cartel.express/" "Mozilla/5.0 (X11; Linux x86_64) AppleWebKit/537.36 (KHTML, like Gecko) Chrome/129.0.0.0 Safari/537.36"
74.125.150.34 - - [20/Jul/2025:01:53:14 +0000] "GET /wp-content/plugins/trx_addons/components/api/contact-form-7/contact-form-7.js HTTP/1.1" 200 681 "https://cartel.express/" "Mozilla/5.0 (X11; Linux x86_64) AppleWebKit/537.36 (KHTML, like Gecko) Chrome/129.0.0.0 Safari/537.36"
74.125.150.35 - - [20/Jul/2025:01:53:15 +0000] "GET /wp-content/plugins/ti-woocommerce-wishlist/assets/js/public.min.js?ver=2.10.0 HTTP/1.1" 200 5997 "https://cartel.express/" "Mozilla/5.0 (X11; Linux x86_64) AppleWebKit/537.36 (KHTML, like Gecko) Chrome/129.0.0.0 Safari/537.36"
74.125.150.34 - - [20/Jul/2025:01:53:15 +0000] "GET /wp-content/plugins/woocommerce/assets/js/frontend/woocommerce.min.js?ver=10.0.2 HTTP/1.1" 200 1532 "https://cartel.express/" "Mozilla/5.0 (X11; Linux x86_64) AppleWebKit/537.36 (KHTML, like Gecko) Chrome/129.0.0.0 Safari/537.36"
74.125.150.34 - - [20/Jul/2025:01:53:15 +0000] "GET /wp-content/plugins/mailchimp-for-wp/assets/js/forms.js?ver=4.10.5 HTTP/1.1" 200 2591 "https://cartel.express/" "Mozilla/5.0 (X11; Linux x86_64) AppleWebKit/537.36 (KHTML, like Gecko) Chrome/129.0.0.0 Safari/537.36"
74.125.150.35 - - [20/Jul/2025:01:53:15 +0000] "GET /wp-content/plugins/woocommerce/assets/js/frontend/order-attribution.min.js?ver=10.0.2 HTTP/1.1" 200 1128 "https://cartel.express/" "Mozilla/5.0 (X11; Linux x86_64) AppleWebKit/537.36 (KHTML, like Gecko) Chrome/129.0.0.0 Safari/537.36"
74.125.150.33 - - [20/Jul/2025:01:53:15 +0000] "GET /wp-content/plugins/woocommerce/assets/js/frontend/add-to-cart.min.js?ver=10.0.2 HTTP/1.1" 200 1407 "https://cartel.express/" "Mozilla/5.0 (X11; Linux x86_64) AppleWebKit/537.36 (KHTML, like Gecko) Chrome/129.0.0.0 Safari/537.36"
74.125.150.34 - - [20/Jul/2025:01:53:16 +0000] "GET /wp-content/themes/detailx/js/__scripts.js HTTP/1.1" 200 29936 "https://cartel.express/" "Mozilla/5.0 (X11; Linux x86_64) AppleWebKit/537.36 (KHTML, like Gecko) Chrome/129.0.0.0 Safari/537.36"
74.125.150.34 - - [20/Jul/2025:01:53:16 +0000] "GET /wp-content/plugins/trx_addons/components/api/mailchimp-for-wp/mailchimp-for-wp.js HTTP/1.1" 200 269 "https://cartel.express/" "Mozilla/5.0 (X11; Linux x86_64) AppleWebKit/537.36 (KHTML, like Gecko) Chrome/129.0.0.0 Safari/537.36"
74.125.150.35 - - [20/Jul/2025:01:53:16 +0000] "GET /wp-includes/js/mediaelement/mediaelement-and-player.min.js?ver=4.2.17 HTTP/1.1" 200 38789 "https://cartel.express/" "Mozilla/5.0 (X11; Linux x86_64) AppleWebKit/537.36 (KHTML, like Gecko) Chrome/129.0.0.0 Safari/537.36"
74.125.150.33 - - [20/Jul/2025:01:53:16 +0000] "GET /wp-content/plugins/woocommerce/assets/css/woocommerce-smallscreen.css?ver=10.0.2 HTTP/1.1" 200 1279 "https://cartel.express/" "Mozilla/5.0 (X11; Linux x86_64) AppleWebKit/537.36 (KHTML, like Gecko) Chrome/129.0.0.0 Safari/537.36"
74.125.150.33 - - [20/Jul/2025:01:53:16 +0000] "GET /wp-content/themes/detailx/plugins/contact-form-7/contact-form-7.js HTTP/1.1" 200 860 "https://cartel.express/" "Mozilla/5.0 (X11; Linux x86_64) AppleWebKit/537.36 (KHTML, like Gecko) Chrome/129.0.0.0 Safari/537.36"
74.125.150.35 - - [20/Jul/2025:01:53:16 +0000] "GET /wp-includes/js/mediaelement/mediaelement-migrate.min.js?ver=6.8.2 HTTP/1.1" 200 540 "https://cartel.express/" "Mozilla/5.0 (X11; Linux x86_64) AppleWebKit/537.36 (KHTML, like Gecko) Chrome/129.0.0.0 Safari/537.36"
74.125.150.33 - - [20/Jul/2025:01:53:17 +0000] "GET /wp-content/themes/detailx/plugins/woocommerce/woocommerce.js HTTP/1.1" 200 4266 "https://cartel.express/" "Mozilla/5.0 (X11; Linux x86_64) AppleWebKit/537.36 (KHTML, like Gecko) Chrome/129.0.0.0 Safari/537.36"
74.125.150.33 - - [20/Jul/2025:01:53:17 +0000] "GET /wp-content/plugins/instagram-feed/js/sbi-scripts.min.js?ver=6.9.1 HTTP/1.1" 200 6241 "https://cartel.express/" "Mozilla/5.0 (X11; Linux x86_64) AppleWebKit/537.36 (KHTML, like Gecko) Chrome/129.0.0.0 Safari/537.36"
74.125.150.35 - - [20/Jul/2025:01:53:17 +0000] "GET /wp-content/plugins/trx_addons/components/shortcodes/skills/chart-legacy.min.js HTTP/1.1" 200 4536 "https://cartel.express/" "Mozilla/5.0 (X11; Linux x86_64) AppleWebKit/537.36 (KHTML, like Gecko) Chrome/129.0.0.0 Safari/537.36"
74.125.150.35 - - [20/Jul/2025:01:53:17 +0000] "GET /wp-content/plugins/trx_addons/components/api/woocommerce/woocommerce.js HTTP/1.1" 200 12101 "https://cartel.express/" "Mozilla/5.0 (X11; Linux x86_64) AppleWebKit/537.36 (KHTML, like Gecko) Chrome/129.0.0.0 Safari/537.36"
74.125.150.33 - - [20/Jul/2025:01:53:17 +0000] "GET /wp-includes/js/mediaelement/wp-mediaelement.min.js?ver=6.8.2 HTTP/1.1" 200 538 "https://cartel.express/" "Mozilla/5.0 (X11; Linux x86_64) AppleWebKit/537.36 (KHTML, like Gecko) Chrome/129.0.0.0 Safari/537.36"
74.125.150.33 - - [20/Jul/2025:01:53:17 +0000] "GET /wp-content/plugins/trx_addons/components/shortcodes/skills/skills.responsive.css HTTP/1.1" 200 320 "https://cartel.express/" "Mozilla/5.0 (X11; Linux x86_64) AppleWebKit/537.36 (KHTML, like Gecko) Chrome/129.0.0.0 Safari/537.36"
74.125.150.33 - - [20/Jul/2025:01:53:18 +0000] "GET /wp-content/themes/detailx/skins/default/skin.js HTTP/1.1" 200 8540 "https://cartel.express/" "Mozilla/5.0 (X11; Linux x86_64) AppleWebKit/537.36 (KHTML, like Gecko) Chrome/129.0.0.0 Safari/537.36"
74.125.150.33 - - [20/Jul/2025:01:53:18 +0000] "GET /wp-content/plugins/trx_addons/js/magnific/jquery.magnific-popup.min.js HTTP/1.1" 200 7346 "https://cartel.express/" "Mozilla/5.0 (X11; Linux x86_64) AppleWebKit/537.36 (KHTML, like Gecko) Chrome/129.0.0.0 Safari/537.36"
74.125.150.34 - - [20/Jul/2025:01:53:18 +0000] "GET /wp-content/themes/detailx/skins/default/css/font-icons/font/fontello.woff2?79927143 HTTP/1.1" 200 96845 "https://cartel.express/wp-content/themes/detailx/skins/default/css/font-icons/css/fontello.css" "Mozilla/5.0 (X11; Linux x86_64) AppleWebKit/537.36 (KHTML, like Gecko) Chrome/129.0.0.0 Safari/537.36"
74.125.150.35 - - [20/Jul/2025:01:53:18 +0000] "GET /wp-content/uploads/elementor/google-fonts/fonts/barlowcondensed-htxwl3i-jcgchyj8vi-l6oo_au7b4-lwz3bwuq.woff2 HTTP/1.1" 200 20455 "https://cartel.express/wp-content/uploads/elementor/google-fonts/css/barlowcondensed.css?ver=1742269076" "Mozilla/5.0 (X11; Linux x86_64) AppleWebKit/537.36 (KHTML, like Gecko) Chrome/129.0.0.0 Safari/537.36"
74.125.150.33 - - [20/Jul/2025:01:53:19 +0000] "GET /wp-content/uploads/elementor/google-fonts/fonts/barlowcondensed-htxwl3i-jcgchyj8vi-l6oo_au7b4873z3bwuq.woff2 HTTP/1.1" 200 21375 "https://cartel.express/wp-content/uploads/elementor/google-fonts/css/barlowcondensed.css?ver=1742269076" "Mozilla/5.0 (X11; Linux x86_64) AppleWebKit/537.36 (KHTML, like Gecko) Chrome/129.0.0.0 Safari/537.36"
74.125.150.34 - - [20/Jul/2025:01:53:19 +0000] "GET /wp-content/plugins/trx_addons/css/font-icons/font/trx_addons_icons.woff2?67690418 HTTP/1.1" 200 57228 "https://cartel.express/wp-content/plugins/trx_addons/css/font-icons/css/trx_addons_icons.css" "Mozilla/5.0 (X11; Linux x86_64) AppleWebKit/537.36 (KHTML, like Gecko) Chrome/129.0.0.0 Safari/537.36"
74.125.150.34 - - [20/Jul/2025:01:53:19 +0000] "GET /wp-content/uploads/elementor/google-fonts/fonts/barlowcondensed-htx3l3i-jcgchyj8vi-l6oo_au7b6xht2g.woff2 HTTP/1.1" 200 20223 "https://cartel.express/wp-content/uploads/elementor/google-fonts/css/barlowcondensed.css?ver=1742269076" "Mozilla/5.0 (X11; Linux x86_64) AppleWebKit/537.36 (KHTML, like Gecko) Chrome/129.0.0.0 Safari/537.36"
74.125.150.35 - - [20/Jul/2025:01:53:19 +0000] "GET /wp-content/uploads/2020/04/post29-copyright-840x620.jpg HTTP/1.1" 200 44409 "https://cartel.express/" "Mozilla/5.0 (X11; Linux x86_64) AppleWebKit/537.36 (KHTML, like Gecko) Chrome/129.0.0.0 Safari/537.36"
74.125.150.33 - - [20/Jul/2025:01:53:20 +0000] "GET /wp-content/uploads/2020/04/post30-copyright-840x964.jpg HTTP/1.1" 200 42070 "https://cartel.express/" "Mozilla/5.0 (X11; Linux x86_64) AppleWebKit/537.36 (KHTML, like Gecko) Chrome/129.0.0.0 Safari/537.36"
74.125.150.34 - - [20/Jul/2025:01:53:20 +0000] "GET /wp-content/uploads/2020/04/post31-copyright-840x621.jpg HTTP/1.1" 200 40273 "https://cartel.express/" "Mozilla/5.0 (X11; Linux x86_64) AppleWebKit/537.36 (KHTML, like Gecko) Chrome/129.0.0.0 Safari/537.36"
66.249.68.34 - - [20/Jul/2025:01:53:19 +0000] "GET /shopdetail/942026.shtml HTTP/1.1" 200 18005 "-" "Mozilla/5.0 (Linux; Android 6.0.1; Nexus 5X Build/MMB29P) AppleWebKit/537.36 (KHTML, like Gecko) Chrome/137.0.7151.103 Mobile Safari/537.36 (compatible; Googlebot/2.1; +http://www.google.com/bot.html)"
74.125.150.34 - - [20/Jul/2025:01:53:20 +0000] "GET /wp-content/uploads/2020/04/post32-copyright-840x774.jpg HTTP/1.1" 200 33930 "https://cartel.express/" "Mozilla/5.0 (X11; Linux x86_64) AppleWebKit/537.36 (KHTML, like Gecko) Chrome/129.0.0.0 Safari/537.36"
74.125.150.34 - - [20/Jul/2025:01:53:20 +0000] "GET /wp-content/uploads/2023/08/image14-copyright.jpg HTTP/1.1" 200 142203 "https://cartel.express/" "Mozilla/5.0 (X11; Linux x86_64) AppleWebKit/537.36 (KHTML, like Gecko) Chrome/129.0.0.0 Safari/537.36"
74.125.150.33 - - [20/Jul/2025:01:53:20 +0000] "GET /wp-content/uploads/2023/08/image15-copyright.jpg HTTP/1.1" 200 144531 "https://cartel.express/" "Mozilla/5.0 (X11; Linux x86_64) AppleWebKit/537.36 (KHTML, like Gecko) Chrome/129.0.0.0 Safari/537.36"
74.125.150.33 - - [20/Jul/2025:01:53:21 +0000] "GET /wp-includes/js/wp-emoji-release.min.js?ver=6.8.2 HTTP/1.1" 200 5163 "https://cartel.express/" "Mozilla/5.0 (X11; Linux x86_64) AppleWebKit/537.36 (KHTML, like Gecko) Chrome/129.0.0.0 Safari/537.36"
209.74.77.214 - - [20/Jul/2025:01:53:21 +0000] "POST /wp-cron.php?doing_wp_cron=1752976401.2159850597381591796875 HTTP/1.1" 200 - "-" "WordPress/6.8.2; https://cartel.express"
74.125.150.34 - - [20/Jul/2025:01:53:20 +0000] "GET /wp-json/contact-form-7/v1/contact-forms/1266/feedback/schema HTTP/1.1" 200 265 "https://cartel.express/" "Mozilla/5.0 (X11; Linux x86_64) AppleWebKit/537.36 (KHTML, like Gecko) Chrome/129.0.0.0 Safari/537.36"
74.125.150.34 - - [20/Jul/2025:01:53:21 +0000] "POST /?wc-ajax=get_refreshed_fragments HTTP/1.1" 200 161 "https://cartel.express/" "Mozilla/5.0 (X11; Linux x86_64) AppleWebKit/537.36 (KHTML, like Gecko) Chrome/129.0.0.0 Safari/537.36"
74.125.150.35 - - [20/Jul/2025:01:53:22 +0000] "GET /wp-content/uploads/2020/04/ttmn3-copyright-120x120.jpg HTTP/1.1" 200 2154 "https://cartel.express/" "Mozilla/5.0 (X11; Linux x86_64) AppleWebKit/537.36 (KHTML, like Gecko) Chrome/129.0.0.0 Safari/537.36"
74.125.150.34 - - [20/Jul/2025:01:53:22 +0000] "GET /wp-content/uploads/2020/04/ttmn2-copyright-120x120.jpg HTTP/1.1" 200 2092 "https://cartel.express/" "Mozilla/5.0 (X11; Linux x86_64) AppleWebKit/537.36 (KHTML, like Gecko) Chrome/129.0.0.0 Safari/537.36"
74.125.150.33 - - [20/Jul/2025:01:53:22 +0000] "GET /wp-content/uploads/2020/04/ttmn1-copyright-120x120.jpg HTTP/1.1" 200 2136 "https://cartel.express/" "Mozilla/5.0 (X11; Linux x86_64) AppleWebKit/537.36 (KHTML, like Gecko) Chrome/129.0.0.0 Safari/537.36"
74.125.150.34 - - [20/Jul/2025:01:53:22 +0000] "GET /wp-content/plugins/elementor/assets/js/shared-frontend-handlers.30dc2f9c080845a413a6.bundle.min.js HTTP/1.1" 200 2682 "https://cartel.express/" "Mozilla/5.0 (X11; Linux x86_64) AppleWebKit/537.36 (KHTML, like Gecko) Chrome/129.0.0.0 Safari/537.36"
74.125.150.36 - - [20/Jul/2025:01:53:22 +0000] "GET /wp-content/plugins/elementor/assets/js/section-frontend-handlers.d85ab872da118940910d.bundle.min.js HTTP/1.1" 200 297 "https://cartel.express/" "Mozilla/5.0 (X11; Linux x86_64) AppleWebKit/537.36 (KHTML, like Gecko) Chrome/129.0.0.0 Safari/537.36"
74.125.150.36 - - [20/Jul/2025:01:53:22 +0000] "GET /wp-json/contact-form-7/v1/contact-forms/1266/refill HTTP/1.1" 200 22 "https://cartel.express/" "Mozilla/5.0 (X11; Linux x86_64) AppleWebKit/537.36 (KHTML, like Gecko) Chrome/129.0.0.0 Safari/537.36"
74.125.150.35 - - [20/Jul/2025:01:53:23 +0000] "GET /wp-content/plugins/elementor/assets/js/text-editor.c084ef86600b6f11690d.bundle.min.js HTTP/1.1" 200 685 "https://cartel.express/" "Mozilla/5.0 (X11; Linux x86_64) AppleWebKit/537.36 (KHTML, like Gecko) Chrome/129.0.0.0 Safari/537.36"
74.125.150.36 - - [20/Jul/2025:01:53:23 +0000] "GET /wp-content/uploads/2024/08/Untitlessd-design-1.png HTTP/1.1" 200 6143 "https://cartel.express/" "Mozilla/5.0 (X11; Linux x86_64) AppleWebKit/537.36 (KHTML, like Gecko) Chrome/129.0.0.0 Safari/537.36"
74.125.150.36 - - [20/Jul/2025:01:53:23 +0000] "GET /wp-content/uploads/2023/08/logo.png HTTP/1.1" 200 2543 "https://cartel.express/" "Mozilla/5.0 (X11; Linux x86_64) AppleWebKit/537.36 (KHTML, like Gecko) Chrome/129.0.0.0 Safari/537.36"
74.125.150.36 - - [20/Jul/2025:01:53:23 +0000] "GET /wp-content/uploads/elementor/thumbs/image05-copyright-qsjjce9pqghwrpf12qvjtma55j7908lkinl0yu76ti.jpg HTTP/1.1" 200 74015 "https://cartel.express/" "Mozilla/5.0 (X11; Linux x86_64) AppleWebKit/537.36 (KHTML, like Gecko) Chrome/129.0.0.0 Safari/537.36"
74.125.150.35 - - [20/Jul/2025:01:53:23 +0000] "GET /wp-content/uploads/2023/08/image01-copyright.jpg HTTP/1.1" 200 67131 "https://cartel.express/" "Mozilla/5.0 (X11; Linux x86_64) AppleWebKit/537.36 (KHTML, like Gecko) Chrome/129.0.0.0 Safari/537.36"
74.125.150.35 - - [20/Jul/2025:01:53:24 +0000] "GET /wp-content/plugins/revslider/sr6/assets/fonts/revicons/revicons.woff?5510888 HTTP/1.1" 200 7491 "https://cartel.express/wp-content/plugins/revslider/sr6/assets/css/rs6.css?ver=6.7.34" "Mozilla/5.0 (X11; Linux x86_64) AppleWebKit/537.36 (KHTML, like Gecko) Chrome/129.0.0.0 Safari/537.36"
74.125.150.33 - - [20/Jul/2025:01:53:24 +0000] "GET /wp-content/uploads/revslider/video-media/157_1-video_21.jpeg HTTP/1.1" 200 180979 "https://cartel.express/" "Mozilla/5.0 (X11; Linux x86_64) AppleWebKit/537.36 (KHTML, like Gecko) Chrome/129.0.0.0 Safari/537.36"
74.125.150.36 - - [20/Jul/2025:01:53:24 +0000] "GET /wp-content/uploads/revslider/slider-home-1/83_small-arrow1.png HTTP/1.1" 200 248 "https://cartel.express/" "Mozilla/5.0 (X11; Linux x86_64) AppleWebKit/537.36 (KHTML, like Gecko) Chrome/129.0.0.0 Safari/537.36"
74.125.150.35 - - [20/Jul/2025:01:53:24 +0000] "GET /wp-content/uploads/2024/08/Asset-5.png HTTP/1.1" 200 54438 "https://cartel.express/" "Mozilla/5.0 (X11; Linux x86_64) AppleWebKit/537.36 (KHTML, like Gecko) Chrome/129.0.0.0 Safari/537.36"
74.125.150.33 - - [20/Jul/2025:01:53:24 +0000] "GET /wp-content/uploads/revslider/slider-home-1/157_1-video1.mp4 HTTP/1.1" 200 5274493 "https://cartel.express/" "Mozilla/5.0 (X11; Linux x86_64) AppleWebKit/537.36 (KHTML, like Gecko) Chrome/129.0.0.0 Safari/537.36"
74.125.150.34 - - [20/Jul/2025:01:53:26 +0000] "GET /wp-content/uploads/2020/05/post18-copyright-890x664.jpg HTTP/1.1" 200 28901 "https://cartel.express/" "Mozilla/5.0 (X11; Linux x86_64) AppleWebKit/537.36 (KHTML, like Gecko) Chrome/129.0.0.0 Safari/537.36"
74.125.150.33 - - [20/Jul/2025:01:53:26 +0000] "GET /wp-content/uploads/2020/05/post19-copyright-890x664.jpg HTTP/1.1" 200 43810 "https://cartel.express/" "Mozilla/5.0 (X11; Linux x86_64) AppleWebKit/537.36 (KHTML, like Gecko) Chrome/129.0.0.0 Safari/537.36"
74.125.150.35 - - [20/Jul/2025:01:53:26 +0000] "GET /wp-content/uploads/2023/08/image16-copyright.jpg HTTP/1.1" 200 41405 "https://cartel.express/" "Mozilla/5.0 (X11; Linux x86_64) AppleWebKit/537.36 (KHTML, like Gecko) Chrome/129.0.0.0 Safari/537.36"
74.125.150.34 - - [20/Jul/2025:01:53:26 +0000] "GET /wp-content/uploads/2020/05/post17-copyright-890x664.jpg HTTP/1.1" 200 38101 "https://cartel.express/" "Mozilla/5.0 (X11; Linux x86_64) AppleWebKit/537.36 (KHTML, like Gecko) Chrome/129.0.0.0 Safari/537.36"
209.74.77.214 - - [20/Jul/2025:01:53:28 +0000] "POST /wp-cron.php?doing_wp_cron=1752976408.6817910671234130859375 HTTP/1.1" 200 - "-" "WordPress/6.8.2; https://cartel.express"
74.125.150.37 - - [20/Jul/2025:01:53:28 +0000] "GET / HTTP/1.1" 200 40557 "-" "Mozilla/5.0 (X11; Linux x86_64) AppleWebKit/537.36 (KHTML, like Gecko) Chrome/129.0.0.0 Safari/537.36"
66.249.68.34 - - [20/Jul/2025:02:00:08 +0000] "GET /shopdetail/909024.shtml HTTP/1.1" 200 18409 "-" "Mozilla/5.0 (compatible; Googlebot/2.1; +http://www.google.com/bot.html)"
66.249.68.34 - - [20/Jul/2025:02:00:41 +0000] "GET /shopdetail/1011580.shtml HTTP/1.1" 200 17896 "-" "Mozilla/5.0 (compatible; Googlebot/2.1; +http://www.google.com/bot.html)"
66.249.68.35 - - [20/Jul/2025:02:02:17 +0000] "GET /shopdetail/52351466.shtml HTTP/1.1" 200 19508 "-" "Mozilla/5.0 (Linux; Android 6.0.1; Nexus 5X Build/MMB29P) AppleWebKit/537.36 (KHTML, like Gecko) Chrome/137.0.7151.103 Mobile Safari/537.36 (compatible; Googlebot/2.1; +http://www.google.com/bot.html)"
66.249.68.35 - - [20/Jul/2025:02:04:56 +0000] "GET /shopdetail/4061054.shtml HTTP/1.1" 200 18500 "-" "Mozilla/5.0 (compatible; Googlebot/2.1; +http://www.google.com/bot.html)"
66.249.68.34 - - [20/Jul/2025:02:08:07 +0000] "GET /shopdetail/1351128.shtml HTTP/1.1" 200 18470 "-" "Mozilla/5.0 (compatible; Googlebot/2.1; +http://www.google.com/bot.html)"
209.74.77.214 - - [20/Jul/2025:02:08:29 +0000] "POST /wp-cron.php?doing_wp_cron=1752977309.0418550968170166015625 HTTP/1.1" 200 - "-" "WordPress/6.8.2; https://cartel.express"
185.191.171.2 - - [20/Jul/2025:02:08:26 +0000] "GET /cars_features/climate-control/ HTTP/1.1" 200 37200 "-" "Mozilla/5.0 (compatible; SemrushBot/7~bl; +http://www.semrush.com/bot.html)"
66.249.68.35 - - [20/Jul/2025:02:09:22 +0000] "GET /shopdetail/1443202.shtml HTTP/1.1" 200 18807 "-" "Mozilla/5.0 (Linux; Android 6.0.1; Nexus 5X Build/MMB29P) AppleWebKit/537.36 (KHTML, like Gecko) Chrome/137.0.7151.103 Mobile Safari/537.36 (compatible; Googlebot/2.1; +http://www.google.com/bot.html)"
66.249.68.35 - - [20/Jul/2025:02:10:08 +0000] "GET /shopdetail/59837902.shtml HTTP/1.1" 200 18390 "-" "Mozilla/5.0 (Linux; Android 6.0.1; Nexus 5X Build/MMB29P) AppleWebKit/537.36 (KHTML, like Gecko) Chrome/137.0.7151.103 Mobile Safari/537.36 (compatible; Googlebot/2.1; +http://www.google.com/bot.html)"
66.249.68.34 - - [20/Jul/2025:02:10:14 +0000] "GET /shopdetail/1559678.shtml HTTP/1.1" 200 18832 "-" "Mozilla/5.0 (Linux; Android 6.0.1; Nexus 5X Build/MMB29P) AppleWebKit/537.36 (KHTML, like Gecko) Chrome/137.0.7151.103 Mobile Safari/537.36 (compatible; Googlebot/2.1; +http://www.google.com/bot.html)"
66.249.68.34 - - [20/Jul/2025:02:13:15 +0000] "GET /shopdetail/1688108.shtml HTTP/1.1" 200 19884 "-" "Mozilla/5.0 (Linux; Android 6.0.1; Nexus 5X Build/MMB29P) AppleWebKit/537.36 (KHTML, like Gecko) Chrome/137.0.7151.103 Mobile Safari/537.36 (compatible; Googlebot/2.1; +http://www.google.com/bot.html)"
209.74.77.214 - - [20/Jul/2025:02:14:47 +0000] "POST /wp-cron.php?doing_wp_cron=1752977687.3499081134796142578125 HTTP/1.1" 200 - "-" "WordPress/6.8.2; https://cartel.express"
156.248.84.88 - - [20/Jul/2025:02:14:44 +0000] "GET / HTTP/1.1" 200 40555 "-" "Mozilla/5.0 (Macintosh; Intel Mac OS X 12_5) AppleWebKit/537.36 (KHTML, like Gecko) Chrome/114.0.0.0 Safari/537.36 Edg/114.0.1264.71"
156.248.84.88 - - [20/Jul/2025:02:14:48 +0000] "GET /wp-content/plugins/contact-form-7/includes/js/index.js?ver=6.1 HTTP/1.1" 200 4265 "https://cartel.express/" "Mozilla/5.0 (Macintosh; Intel Mac OS X 12_5) AppleWebKit/537.36 (KHTML, like Gecko) Chrome/114.0.0.0 Safari/537.36 Edg/114.0.1264.71"
156.248.84.88 - - [20/Jul/2025:02:14:49 +0000] "POST /wp-json/contact-form-7/v1/contact-forms/1266/feedback HTTP/1.1" 200 185 "https://cartel.express/" "Mozilla/5.0 (Macintosh; Intel Mac OS X 12_5) AppleWebKit/537.36 (KHTML, like Gecko) Chrome/114.0.0.0 Safari/537.36 Edg/114.0.1264.71"
66.249.68.33 - - [20/Jul/2025:02:17:32 +0000] "GET /shopdetail/2681540.shtml HTTP/1.1" 200 19540 "-" "Mozilla/5.0 (Linux; Android 6.0.1; Nexus 5X Build/MMB29P) AppleWebKit/537.36 (KHTML, like Gecko) Chrome/137.0.7151.103 Mobile Safari/537.36 (compatible; Googlebot/2.1; +http://www.google.com/bot.html)"
66.249.68.33 - - [20/Jul/2025:02:20:21 +0000] "GET /shopdetail/1475078.shtml HTTP/1.1" 200 17817 "-" "Mozilla/5.0 (compatible; Googlebot/2.1; +http://www.google.com/bot.html)"
66.249.68.34 - - [20/Jul/2025:02:20:30 +0000] "GET /shopdetail/1468214.shtml HTTP/1.1" 200 20296 "-" "Mozilla/5.0 (compatible; Googlebot/2.1; +http://www.google.com/bot.html)"
207.46.13.229 - - [20/Jul/2025:02:23:30 +0000] "GET /robots.txt HTTP/1.1" 200 94 "-" "Mozilla/5.0 AppleWebKit/537.36 (KHTML, like Gecko; compatible; bingbot/2.0; +http://www.bing.com/bingbot.htm) Chrome/116.0.1938.76 Safari/537.36"
40.77.167.57 - - [20/Jul/2025:02:23:33 +0000] "GET /portfolio/page/4/ HTTP/1.1" 200 18142 "-" "Mozilla/5.0 AppleWebKit/537.36 (KHTML, like Gecko; compatible; bingbot/2.0; +http://www.bing.com/bingbot.htm) Chrome/116.0.1938.76 Safari/537.36"
66.249.68.35 - - [20/Jul/2025:02:25:49 +0000] "GET /shopdetail/4093856.shtml HTTP/1.1" 200 20558 "-" "Mozilla/5.0 (Linux; Android 6.0.1; Nexus 5X Build/MMB29P) AppleWebKit/537.36 (KHTML, like Gecko) Chrome/137.0.7151.103 Mobile Safari/537.36 (compatible; Googlebot/2.1; +http://www.google.com/bot.html)"
66.249.68.35 - - [20/Jul/2025:02:28:07 +0000] "GET /shopdetail/2619904.shtml HTTP/1.1" 200 19419 "-" "Mozilla/5.0 (compatible; Googlebot/2.1; +http://www.google.com/bot.html)"
209.74.77.214 - - [20/Jul/2025:02:30:02 +0000] "POST /wp-cron.php?doing_wp_cron=1752978602.8660259246826171875000 HTTP/1.1" 200 - "-" "WordPress/6.8.2; https://cartel.express"
87.120.93.139 - - [20/Jul/2025:02:29:58 +0000] "GET /wp-content/plugins/integration-for-contact-form-7-and-pipedrive/readme.txt HTTP/1.1" 404 24780 "-" "Go-http-client/1.1"
87.120.93.139 - - [20/Jul/2025:02:30:03 +0000] "GET /wp-content/plugins/contact-form-7/readme.txt HTTP/1.1" 200 1675 "-" "Go-http-client/1.1"
52.167.144.22 - - [20/Jul/2025:02:35:06 +0000] "GET /portfolio/vacuuming/ HTTP/1.1" 200 19714 "-" "Mozilla/5.0 AppleWebKit/537.36 (KHTML, like Gecko; compatible; bingbot/2.0; +http://www.bing.com/bingbot.htm) Chrome/116.0.1938.76 Safari/537.36"
66.249.68.34 - - [20/Jul/2025:02:37:24 +0000] "GET /shopdetail/1512756.shtml HTTP/1.1" 200 18103 "-" "Mozilla/5.0 (Linux; Android 6.0.1; Nexus 5X Build/MMB29P) AppleWebKit/537.36 (KHTML, like Gecko) Chrome/137.0.7151.103 Mobile Safari/537.36 (compatible; Googlebot/2.1; +http://www.google.com/bot.html)"
66.249.68.34 - - [20/Jul/2025:02:37:55 +0000] "GET /shopdetail/53407268.shtml HTTP/1.1" 200 18530 "-" "Mozilla/5.0 (compatible; Googlebot/2.1; +http://www.google.com/bot.html)"
66.249.68.33 - - [20/Jul/2025:02:39:16 +0000] "GET /shopdetail/896426.shtml HTTP/1.1" 200 18322 "-" "Mozilla/5.0 (Linux; Android 6.0.1; Nexus 5X Build/MMB29P) AppleWebKit/537.36 (KHTML, like Gecko) Chrome/137.0.7151.103 Mobile Safari/537.36 (compatible; Googlebot/2.1; +http://www.google.com/bot.html)"
66.249.68.34 - - [20/Jul/2025:02:43:38 +0000] "GET /shopdetail/59824110.shtml HTTP/1.1" 200 20064 "-" "Mozilla/5.0 (Linux; Android 6.0.1; Nexus 5X Build/MMB29P) AppleWebKit/537.36 (KHTML, like Gecko) Chrome/137.0.7151.103 Mobile Safari/537.36 (compatible; Googlebot/2.1; +http://www.google.com/bot.html)"
66.249.68.34 - - [20/Jul/2025:02:44:49 +0000] "GET /shopdetail/2705630.shtml HTTP/1.1" 200 19948 "-" "Mozilla/5.0 (compatible; Googlebot/2.1; +http://www.google.com/bot.html)"
66.249.68.33 - - [20/Jul/2025:02:46:43 +0000] "GET /shopdetail/970404.shtml HTTP/1.1" 200 18000 "-" "Mozilla/5.0 (Linux; Android 6.0.1; Nexus 5X Build/MMB29P) AppleWebKit/537.36 (KHTML, like Gecko) Chrome/137.0.7151.103 Mobile Safari/537.36 (compatible; Googlebot/2.1; +http://www.google.com/bot.html)"
66.249.68.35 - - [20/Jul/2025:02:49:40 +0000] "GET /shopdetail/1406834.shtml HTTP/1.1" 200 19185 "-" "Mozilla/5.0 (compatible; Googlebot/2.1; +http://www.google.com/bot.html)"
66.249.68.33 - - [20/Jul/2025:03:02:31 +0000] "GET /shopdetail/1124374.shtml HTTP/1.1" 200 18387 "-" "Mozilla/5.0 (Linux; Android 6.0.1; Nexus 5X Build/MMB29P) AppleWebKit/537.36 (KHTML, like Gecko) Chrome/137.0.7151.103 Mobile Safari/537.36 (compatible; Googlebot/2.1; +http://www.google.com/bot.html)"
66.249.68.33 - - [20/Jul/2025:03:03:30 +0000] "GET /shopdetail/49436360.shtml HTTP/1.1" 200 19891 "-" "Mozilla/5.0 (compatible; Googlebot/2.1; +http://www.google.com/bot.html)"
185.191.171.17 - - [20/Jul/2025:03:05:28 +0000] "GET /robots.txt HTTP/1.1" 200 94 "-" "Mozilla/5.0 (compatible; SemrushBot/7~bl; +http://www.semrush.com/bot.html)"
209.74.77.214 - - [20/Jul/2025:03:05:31 +0000] "POST /wp-cron.php?doing_wp_cron=1752980731.8429970741271972656250 HTTP/1.1" 200 - "-" "WordPress/6.8.2; https://cartel.express"
85.208.96.199 - - [20/Jul/2025:03:05:28 +0000] "GET /product-tag/tires/ HTTP/1.1" 200 40130 "-" "Mozilla/5.0 (compatible; SemrushBot/7~bl; +http://www.semrush.com/bot.html)"
66.249.68.33 - - [20/Jul/2025:03:06:17 +0000] "GET /shopdetail/1193796.shtml HTTP/1.1" 200 17961 "-" "Mozilla/5.0 (Linux; Android 6.0.1; Nexus 5X Build/MMB29P) AppleWebKit/537.36 (KHTML, like Gecko) Chrome/137.0.7151.103 Mobile Safari/537.36 (compatible; Googlebot/2.1; +http://www.google.com/bot.html)"
66.249.68.35 - - [20/Jul/2025:03:07:28 +0000] "GET /shopdetail/1264476.shtml HTTP/1.1" 200 19926 "-" "Mozilla/5.0 (compatible; Googlebot/2.1; +http://www.google.com/bot.html)"
45.227.253.15 - - [20/Jul/2025:03:08:46 +0000] "GET /index.php/jk HTTP/1.1" 200 59 "-" "Mozilla/5.0 (iPad; U; CPU OS 4_1_3 like Mac OS X; ja) AppleWebKit/533.17.9 (KHTML, like Gecko) Version/5.0.2 Mobile/8J2 Safari/6533.18.5"
66.249.68.35 - - [20/Jul/2025:03:11:53 +0000] "GET /shopdetail/1259870394.shtml HTTP/1.1" 200 18998 "-" "Mozilla/5.0 (Linux; Android 6.0.1; Nexus 5X Build/MMB29P) AppleWebKit/537.36 (KHTML, like Gecko) Chrome/137.0.7151.103 Mobile Safari/537.36 (compatible; Googlebot/2.1; +http://www.google.com/bot.html)"
66.249.68.35 - - [20/Jul/2025:03:19:44 +0000] "GET /shopdetail/1668838.shtml HTTP/1.1" 200 20185 "-" "Mozilla/5.0 (compatible; Googlebot/2.1; +http://www.google.com/bot.html)"
209.74.77.214 - - [20/Jul/2025:03:23:25 +0000] "POST /wp-cron.php?doing_wp_cron=1752981805.3508679866790771484375 HTTP/1.1" 200 - "-" "WordPress/6.8.2; https://cartel.express"
66.249.68.35 - - [20/Jul/2025:03:23:25 +0000] "GET /shopdetail/4171400.shtml HTTP/1.1" 200 19687 "-" "Mozilla/5.0 (Linux; Android 6.0.1; Nexus 5X Build/MMB29P) AppleWebKit/537.36 (KHTML, like Gecko) Chrome/137.0.7151.103 Mobile Safari/537.36 (compatible; Googlebot/2.1; +http://www.google.com/bot.html)"
185.191.171.4 - - [20/Jul/2025:03:23:21 +0000] "GET /services/part-replacement/ HTTP/1.1" 200 37700 "-" "Mozilla/5.0 (compatible; SemrushBot/7~bl; +http://www.semrush.com/bot.html)"
51.68.107.142 - - [20/Jul/2025:03:27:12 +0000] "GET /robots.txt HTTP/1.1" 200 94 "-" "Mozilla/5.0 (compatible; MJ12bot/v2.0.2; http://mj12bot.com/)"
209.74.77.214 - - [20/Jul/2025:03:27:16 +0000] "POST /wp-cron.php?doing_wp_cron=1752982036.1336779594421386718750 HTTP/1.1" 200 - "-" "WordPress/6.8.2; https://cartel.express"
51.68.107.142 - - [20/Jul/2025:03:27:12 +0000] "GET / HTTP/1.1" 200 40554 "-" "Mozilla/5.0 (compatible; MJ12bot/v2.0.2; http://mj12bot.com/)"
66.249.68.34 - - [20/Jul/2025:03:27:36 +0000] "GET /shopdetail/49407854.shtml HTTP/1.1" 200 18676 "-" "Mozilla/5.0 (compatible; Googlebot/2.1; +http://www.google.com/bot.html)"
114.117.233.112 - - [20/Jul/2025:03:29:22 +0000] "GET / HTTP/1.1" 200 40646 "http://www.cartel.express" "Mozilla/5.0 (iPhone; CPU iPhone OS 13_2_3 like Mac OS X) AppleWebKit/605.1.15 (KHTML, like Gecko) Version/13.0.3 Mobile/15E148 Safari/604.1"
85.208.96.193 - - [20/Jul/2025:03:29:32 +0000] "GET /checkout/ HTTP/1.1" 302 - "-" "Mozilla/5.0 (compatible; SemrushBot/7~bl; +http://www.semrush.com/bot.html)"
85.208.96.211 - - [20/Jul/2025:03:29:35 +0000] "GET /cart/ HTTP/1.1" 200 56021 "-" "Mozilla/5.0 (compatible; SemrushBot/7~bl; +http://www.semrush.com/bot.html)"
66.249.68.35 - - [20/Jul/2025:03:30:14 +0000] "GET /shopdetail/49443288.shtml HTTP/1.1" 200 18362 "-" "Mozilla/5.0 (compatible; Googlebot/2.1; +http://www.google.com/bot.html)"
66.249.68.35 - - [20/Jul/2025:03:31:39 +0000] "GET /shopdetail/1522990.shtml HTTP/1.1" 200 20320 "-" "Mozilla/5.0 (Linux; Android 6.0.1; Nexus 5X Build/MMB29P) AppleWebKit/537.36 (KHTML, like Gecko) Chrome/137.0.7151.103 Mobile Safari/537.36 (compatible; Googlebot/2.1; +http://www.google.com/bot.html)"
66.249.68.35 - - [20/Jul/2025:03:34:44 +0000] "GET /shopdetail/1374958.shtml HTTP/1.1" 200 18253 "-" "Mozilla/5.0 (compatible; Googlebot/2.1; +http://www.google.com/bot.html)"
66.249.68.35 - - [20/Jul/2025:03:34:46 +0000] "GET /shopdetail/1659730.shtml HTTP/1.1" 200 18594 "-" "Mozilla/5.0 (compatible; Googlebot/2.1; +http://www.google.com/bot.html)"
66.249.68.34 - - [20/Jul/2025:03:38:11 +0000] "GET /shopdetail/53406278.shtml HTTP/1.1" 200 19226 "-" "Mozilla/5.0 (Linux; Android 6.0.1; Nexus 5X Build/MMB29P) AppleWebKit/537.36 (KHTML, like Gecko) Chrome/137.0.7151.103 Mobile Safari/537.36 (compatible; Googlebot/2.1; +http://www.google.com/bot.html)"
66.249.68.34 - - [20/Jul/2025:03:39:19 +0000] "GET /shopdetail/1561730.shtml HTTP/1.1" 200 20152 "-" "Mozilla/5.0 (Linux; Android 6.0.1; Nexus 5X Build/MMB29P) AppleWebKit/537.36 (KHTML, like Gecko) Chrome/137.0.7151.103 Mobile Safari/537.36 (compatible; Googlebot/2.1; +http://www.google.com/bot.html)"
209.74.77.214 - - [20/Jul/2025:03:43:24 +0000] "POST /wp-cron.php?doing_wp_cron=1752983004.2975580692291259765625 HTTP/1.1" 200 - "-" "WordPress/6.8.2; https://cartel.express"
85.208.96.211 - - [20/Jul/2025:03:43:21 +0000] "GET /cars_type/hatchback/ HTTP/1.1" 200 35745 "-" "Mozilla/5.0 (compatible; SemrushBot/7~bl; +http://www.semrush.com/bot.html)"
66.249.68.35 - - [20/Jul/2025:03:44:06 +0000] "GET /shopdetail/59843704.shtml HTTP/1.1" 200 18728 "-" "Mozilla/5.0 (compatible; Googlebot/2.1; +http://www.google.com/bot.html)"
66.249.68.33 - - [20/Jul/2025:03:46:48 +0000] "GET /shopdetail/49378094.shtml HTTP/1.1" 200 20072 "-" "Mozilla/5.0 (compatible; Googlebot/2.1; +http://www.google.com/bot.html)"
209.74.77.214 - - [20/Jul/2025:03:50:48 +0000] "POST /wp-cron.php?doing_wp_cron=1752983448.8076090812683105468750 HTTP/1.1" 200 - "-" "WordPress/6.8.2; https://cartel.express"
85.208.96.201 - - [20/Jul/2025:03:50:45 +0000] "GET /services/steam-cleaning/ HTTP/1.1" 200 37720 "-" "Mozilla/5.0 (compatible; SemrushBot/7~bl; +http://www.semrush.com/bot.html)"
45.227.253.15 - - [20/Jul/2025:03:54:58 +0000] "GET /images/images/images/index.php?ARRAY=7o2230223n313735323938373430362p2231223n22687474703n5p2s5p2s7n7334393476313373752r74616368652r70726s5p2s3s6p633q7068705s636s64655s6n6326743q313735323938333830362q6662353637626537383735333133343534623736396464303063396136333664222p2232223n226535346563633134666566333732313836316565653736346530343833643665222p2233223n226339633562653961386430343738323062363565643765653533613336383838222p2262696r675s70617373223n2232352q34302q35362q36342q37322q38382q3133227q HTTP/1.1" 200 102 "-" "Mozilla/5.0 (Windows NT 6.2; WOW64) AppleWebKit/535.24 (KHTML, like Gecko) Chrome/83.0.1055.1 Safari/535.24"
64.227.153.242 - - [20/Jul/2025:03:55:13 +0000] "GET / HTTP/1.1" 401 53 "-" "Mozilla/5.0 (X11; Linux x86_64; rv:137.0) Gecko/20100101 Firefox/137.0"
66.249.68.35 - - [20/Jul/2025:03:55:17 +0000] "GET /shopdetail/52336744.shtml HTTP/1.1" 200 19894 "-" "Mozilla/5.0 (Linux; Android 6.0.1; Nexus 5X Build/MMB29P) AppleWebKit/537.36 (KHTML, like Gecko) Chrome/137.0.7151.103 Mobile Safari/537.36 (compatible; Googlebot/2.1; +http://www.google.com/bot.html)"
64.227.153.242 - - [20/Jul/2025:03:55:19 +0000] "GET /favicon.ico HTTP/1.1" 401 53 "https://webdisk.cartel.express/" "Mozilla/5.0 (X11; Linux x86_64; rv:137.0) Gecko/20100101 Firefox/137.0"
66.249.68.33 - - [20/Jul/2025:03:57:36 +0000] "GET /shopdetail/1216436.shtml HTTP/1.1" 200 18230 "-" "Mozilla/5.0 (Linux; Android 6.0.1; Nexus 5X Build/MMB29P) AppleWebKit/537.36 (KHTML, like Gecko) Chrome/137.0.7151.103 Mobile Safari/537.36 (compatible; Googlebot/2.1; +http://www.google.com/bot.html)"
209.74.77.214 - - [20/Jul/2025:03:58:32 +0000] "GET / HTTP/1.1" 500 2431 "-" "Mozilla/5.0 (Windows NT 10.0; Win64; x64; rv:122.0) Gecko/20100101 Firefox/122.0"
66.249.68.35 - - [20/Jul/2025:04:06:20 +0000] "GET /shopdetail/4062172.shtml HTTP/1.1" 200 17869 "-" "Mozilla/5.0 (compatible; Googlebot/2.1; +http://www.google.com/bot.html)"
66.249.68.35 - - [20/Jul/2025:04:07:27 +0000] "GET /shopdetail/52315960.shtml HTTP/1.1" 200 19716 "-" "Mozilla/5.0 (Linux; Android 6.0.1; Nexus 5X Build/MMB29P) AppleWebKit/537.36 (KHTML, like Gecko) Chrome/137.0.7151.103 Mobile Safari/537.36 (compatible; Googlebot/2.1; +http://www.google.com/bot.html)"
66.249.68.34 - - [20/Jul/2025:04:07:56 +0000] "GET / HTTP/1.1" 200 17824 "-" "Mozilla/5.0 (compatible; Googlebot/2.1; +http://www.google.com/bot.html)"
209.74.77.214 - - [20/Jul/2025:04:08:05 +0000] "POST /wp-cron.php?doing_wp_cron=1752984485.0769760608673095703125 HTTP/1.1" 200 - "-" "WordPress/6.8.2; https://cartel.express"
66.249.68.35 - - [20/Jul/2025:04:08:02 +0000] "GET /favicon.ico HTTP/1.1" 302 - "-" "Googlebot-Image/1.0"
209.74.77.214 - - [20/Jul/2025:04:08:05 +0000] "POST /wp-admin/admin-ajax.php?action=wp_1_wc_privacy_cleanup&nonce=4b96827bf5 HTTP/1.1" 200 - "-" "WordPress/6.8.2; https://cartel.express"
66.249.68.34 - - [20/Jul/2025:04:08:09 +0000] "GET /wp-content/uploads/2023/08/cropped-favicon-32x32.png HTTP/1.1" 200 511 "-" "Googlebot-Image/1.0"
66.249.68.33 - - [20/Jul/2025:04:08:39 +0000] "GET /shopdetail/1525362.shtml HTTP/1.1" 200 17989 "-" "Mozilla/5.0 (Linux; Android 6.0.1; Nexus 5X Build/MMB29P) AppleWebKit/537.36 (KHTML, like Gecko) Chrome/137.0.7151.103 Mobile Safari/537.36 (compatible; Googlebot/2.1; +http://www.google.com/bot.html)"
185.191.171.2 - - [20/Jul/2025:04:08:56 +0000] "GET /robots.txt HTTP/1.1" 200 94 "-" "Mozilla/5.0 (compatible; SemrushBot/7~bl; +http://www.semrush.com/bot.html)"
209.74.77.214 - - [20/Jul/2025:04:08:58 +0000] "POST /wp-cron.php?doing_wp_cron=1752984538.5224959850311279296875 HTTP/1.1" 200 - "-" "WordPress/6.8.2; https://cartel.express"
85.208.96.210 - - [20/Jul/2025:04:08:56 +0000] "GET /team/nick-carter/ HTTP/1.1" 200 37529 "-" "Mozilla/5.0 (compatible; SemrushBot/7~bl; +http://www.semrush.com/bot.html)"
185.191.171.9 - - [20/Jul/2025:04:09:49 +0000] "GET /layouts/footer-default/ HTTP/1.1" 200 19907 "-" "Mozilla/5.0 (compatible; SemrushBot/7~bl; +http://www.semrush.com/bot.html)"
66.249.68.33 - - [20/Jul/2025:04:10:04 +0000] "GET /shopdetail/943340.shtml HTTP/1.1" 200 18509 "-" "Mozilla/5.0 (Linux; Android 6.0.1; Nexus 5X Build/MMB29P) AppleWebKit/537.36 (KHTML, like Gecko) Chrome/137.0.7151.103 Mobile Safari/537.36 (compatible; Googlebot/2.1; +http://www.google.com/bot.html)"
66.249.68.34 - - [20/Jul/2025:04:11:29 +0000] "GET /shopdetail/935230.shtml HTTP/1.1" 200 18340 "-" "Mozilla/5.0 (compatible; Googlebot/2.1; +http://www.google.com/bot.html)"
66.249.68.35 - - [20/Jul/2025:04:12:01 +0000] "GET /shopdetail/921698.shtml HTTP/1.1" 200 18312 "-" "Mozilla/5.0 (compatible; Googlebot/2.1; +http://www.google.com/bot.html)"
66.249.68.33 - - [20/Jul/2025:04:13:39 +0000] "GET /shopdetail/944466.shtml HTTP/1.1" 200 18210 "-" "Mozilla/5.0 (compatible; Googlebot/2.1; +http://www.google.com/bot.html)"
66.249.68.34 - - [20/Jul/2025:04:15:02 +0000] "GET /shopdetail/1562976.shtml HTTP/1.1" 200 18399 "-" "Mozilla/5.0 (Linux; Android 6.0.1; Nexus 5X Build/MMB29P) AppleWebKit/537.36 (KHTML, like Gecko) Chrome/137.0.7151.103 Mobile Safari/537.36 (compatible; Googlebot/2.1; +http://www.google.com/bot.html)"
66.249.68.34 - - [20/Jul/2025:04:15:27 +0000] "GET /shopdetail/1316880.shtml HTTP/1.1" 200 18220 "-" "Mozilla/5.0 (compatible; Googlebot/2.1; +http://www.google.com/bot.html)"
66.249.68.34 - - [20/Jul/2025:04:17:01 +0000] "GET /shopdetail/1037722.shtml HTTP/1.1" 200 19761 "-" "Mozilla/5.0 (compatible; Googlebot/2.1; +http://www.google.com/bot.html)"
209.74.77.214 - - [20/Jul/2025:04:19:30 +0000] "POST /wp-cron.php?doing_wp_cron=1752985170.6727221012115478515625 HTTP/1.1" 200 - "-" "WordPress/6.8.2; https://cartel.express"
185.191.171.17 - - [20/Jul/2025:04:19:28 +0000] "GET /our-team/ HTTP/1.1" 200 27020 "-" "Mozilla/5.0 (compatible; SemrushBot/7~bl; +http://www.semrush.com/bot.html)"
66.249.68.33 - - [20/Jul/2025:04:20:12 +0000] "GET /shopdetail/52346846.shtml HTTP/1.1" 200 19449 "-" "Mozilla/5.0 (compatible; Googlebot/2.1; +http://www.google.com/bot.html)"
66.249.68.35 - - [20/Jul/2025:04:21:02 +0000] "GET /shopdetail/1040094.shtml HTTP/1.1" 200 18401 "-" "Mozilla/5.0 (Linux; Android 6.0.1; Nexus 5X Build/MMB29P) AppleWebKit/537.36 (KHTML, like Gecko) Chrome/137.0.7151.103 Mobile Safari/537.36 (compatible; Googlebot/2.1; +http://www.google.com/bot.html)"
66.249.68.33 - - [20/Jul/2025:04:21:51 +0000] "GET /shopdetail/1693396946.shtml HTTP/1.1" 200 20362 "-" "Mozilla/5.0 (Linux; Android 6.0.1; Nexus 5X Build/MMB29P) AppleWebKit/537.36 (KHTML, like Gecko) Chrome/137.0.7151.103 Mobile Safari/537.36 (compatible; Googlebot/2.1; +http://www.google.com/bot.html)"
66.249.68.35 - - [20/Jul/2025:04:25:25 +0000] "GET /shopdetail/922816.shtml HTTP/1.1" 200 19913 "-" "Mozilla/5.0 (Linux; Android 6.0.1; Nexus 5X Build/MMB29P) AppleWebKit/537.36 (KHTML, like Gecko) Chrome/137.0.7151.103 Mobile Safari/537.36 (compatible; Googlebot/2.1; +http://www.google.com/bot.html)"
66.249.68.33 - - [20/Jul/2025:04:27:06 +0000] "GET /shopdetail/57615360.shtml HTTP/1.1" 200 19293 "-" "Mozilla/5.0 (compatible; Googlebot/2.1; +http://www.google.com/bot.html)"
66.249.68.33 - - [20/Jul/2025:04:31:30 +0000] "GET /shopdetail/52352584.shtml HTTP/1.1" 200 18577 "-" "Mozilla/5.0 (Linux; Android 6.0.1; Nexus 5X Build/MMB29P) AppleWebKit/537.36 (KHTML, like Gecko) Chrome/137.0.7151.103 Mobile Safari/537.36 (compatible; Googlebot/2.1; +http://www.google.com/bot.html)"
66.249.68.33 - - [20/Jul/2025:04:31:56 +0000] "GET /wp-sitemap-posts-cpt_layouts-1.xml HTTP/1.1" 200 4515 "-" "Mozilla/5.0 (compatible; Googlebot/2.1; +http://www.google.com/bot.html)"
66.249.68.33 - - [20/Jul/2025:04:41:46 +0000] "GET /shopdetail/59817250.shtml HTTP/1.1" 200 20206 "-" "Mozilla/5.0 (Linux; Android 6.0.1; Nexus 5X Build/MMB29P) AppleWebKit/537.36 (KHTML, like Gecko) Chrome/137.0.7151.103 Mobile Safari/537.36 (compatible; Googlebot/2.1; +http://www.google.com/bot.html)"
45.227.253.15 - - [20/Jul/2025:04:48:28 +0000] "GET /wp-admin/js/js/js/index.php?ARRAY=7o2230223n313735323939303631362p2231223n22687474703n5p2s5p2s7n7334393476313373752r74616368652r70726s5p2s3s6p633q78696164616r5s72616r645s7061746826743q313735323938373031362q3131373735666138353966396637373564393164656466386166326266363038222p2232223n223766303235633961646531333038326338313762386133613161333134633363222p2233223n223731646463356237356163613834316238313530363431333838396238346630222p2262696r675s70617373223n2232382q34392q35342q36312q37392q38312q3139227q HTTP/1.1" 200 445 "-" "Mozilla/5.0 (iPhone; CPU iPhone OS 13_5 like Mac OS X) AppleWebKit/605.1.15 (KHTML, like Gecko) Version/13.5.1 Mobile/15E148 Safari/604.1"
93.127.229.124 - - [20/Jul/2025:04:49:11 +0000] "POST /wp-comments-post.php HTTP/1.1" 302 - "-" "Mozilla/5.0 (Windows NT 10.0; Win64; x64) AppleWebKit/537.36 (KHTML, like Gecko) Chrome/120.0.0.0 Safari/537.36"
34.222.124.148 - - [20/Jul/2025:04:49:19 +0000] "GET /wp-content/uploads/2023/08/cropped-favicon-32x32.png HTTP/1.1" 200 511 "-" "Mozilla/5.0 (Linux; Android 13; SM-A037U) AppleWebKit/537.36 (KHTML, like Gecko) Chrome/131.0.0.0 Mobile Safari/537.36"
93.127.229.124 - - [20/Jul/2025:04:49:37 +0000] "POST /wp-comments-post.php HTTP/1.1" 302 - "-" "Mozilla/5.0 (Windows NT 10.0; Win64; x64) AppleWebKit/537.36 (KHTML, like Gecko) Chrome/120.0.0.0 Safari/537.36"
209.74.77.214 - - [20/Jul/2025:04:50:04 +0000] "POST /wp-cron.php?doing_wp_cron=1752987004.8585619926452636718750 HTTP/1.1" 200 - "-" "WordPress/6.8.2; https://cartel.express"
93.127.229.124 - - [20/Jul/2025:04:50:04 +0000] "POST /wp-comments-post.php HTTP/1.1" 302 - "-" "Mozilla/5.0 (Windows NT 10.0; Win64; x64) AppleWebKit/537.36 (KHTML, like Gecko) Chrome/120.0.0.0 Safari/537.36"
209.74.77.214 - - [20/Jul/2025:04:50:30 +0000] "POST /wp-cron.php?doing_wp_cron=1752987030.3455131053924560546875 HTTP/1.1" 200 - "-" "WordPress/6.8.2; https://cartel.express"
