66.249.73.227 - - [20/Jul/2025:09:31:27 +0000] "POST /get-message-notify HTTP/1.1" 200 18694 "https://www.cartel.express/shopdetail/2926127470.shtml" "Mozilla/5.0 (Linux; Android 6.0.1; Nexus 5X Build/MMB29P) AppleWebKit/537.36 (KHTML, like Gecko) Chrome/137.0.7151.119 Mobile Safari/537.36 (compatible; Googlebot/2.1; +http://www.google.com/bot.html)"
66.249.73.227 - - [20/Jul/2025:09:31:28 +0000] "GET /shopdetail/2926168326.shtml HTTP/1.1" 200 20621 "-" "Mozilla/5.0 (Linux; Android 6.0.1; Nexus 5X Build/MMB29P) AppleWebKit/537.36 (KHTML, like Gecko) Chrome/137.0.7151.103 Mobile Safari/537.36 (compatible; Googlebot/2.1; +http://www.google.com/bot.html)"
66.249.73.227 - - [20/Jul/2025:09:31:28 +0000] "POST /get-message-notify HTTP/1.1" 200 18694 "https://www.cartel.express/shopdetail/2926167200.shtml" "Mozilla/5.0 (Linux; Android 6.0.1; Nexus 5X Build/MMB29P) AppleWebKit/537.36 (KHTML, like Gecko) Chrome/137.0.7151.119 Mobile Safari/537.36 (compatible; Googlebot/2.1; +http://www.google.com/bot.html)"
66.249.73.227 - - [20/Jul/2025:09:31:29 +0000] "GET /shopdetail/2926155976.shtml HTTP/1.1" 200 21499 "-" "Mozilla/5.0 (Linux; Android 6.0.1; Nexus 5X Build/MMB29P) AppleWebKit/537.36 (KHTML, like Gecko) Chrome/137.0.7151.103 Mobile Safari/537.36 (compatible; Googlebot/2.1; +http://www.google.com/bot.html)"
66.249.73.227 - - [20/Jul/2025:09:31:31 +0000] "GET /shopdetail/2926194456.shtml HTTP/1.1" 200 21399 "-" "Mozilla/5.0 (Linux; Android 6.0.1; Nexus 5X Build/MMB29P) AppleWebKit/537.36 (KHTML, like Gecko) Chrome/137.0.7151.103 Mobile Safari/537.36 (compatible; Googlebot/2.1; +http://www.google.com/bot.html)"
66.249.73.227 - - [20/Jul/2025:09:31:32 +0000] "GET /shopdetail/2926144624.shtml HTTP/1.1" 200 20185 "-" "Mozilla/5.0 (Linux; Android 6.0.1; Nexus 5X Build/MMB29P) AppleWebKit/537.36 (KHTML, like Gecko) Chrome/137.0.7151.103 Mobile Safari/537.36 (compatible; Googlebot/2.1; +http://www.google.com/bot.html)"
66.249.73.227 - - [20/Jul/2025:09:31:34 +0000] "GET /shopdetail/2926183040.shtml HTTP/1.1" 200 21092 "-" "Mozilla/5.0 (Linux; Android 6.0.1; Nexus 5X Build/MMB29P) AppleWebKit/537.36 (KHTML, like Gecko) Chrome/137.0.7151.103 Mobile Safari/537.36 (compatible; Googlebot/2.1; +http://www.google.com/bot.html)"
66.249.73.228 - - [20/Jul/2025:09:31:37 +0000] "POST /get-message-notify HTTP/1.1" 200 18694 "https://www.cartel.express/shopdetail/2926183040.shtml" "Mozilla/5.0 (Linux; Android 6.0.1; Nexus 5X Build/MMB29P) AppleWebKit/537.36 (KHTML, like Gecko) Chrome/137.0.7151.119 Mobile Safari/537.36 (compatible; Googlebot/2.1; +http://www.google.com/bot.html)"
66.249.73.228 - - [20/Jul/2025:09:31:52 +0000] "GET /toreka/toreka_single.html HTTP/1.1" 200 20594 "-" "Mozilla/5.0 (Linux; Android 6.0.1; Nexus 5X Build/MMB29P) AppleWebKit/537.36 (KHTML, like Gecko) Chrome/137.0.7151.103 Mobile Safari/537.36 (compatible; Googlebot/2.1; +http://www.google.com/bot.html)"
66.249.73.227 - - [20/Jul/2025:09:31:52 +0000] "GET /shopdetail/2926117236.shtml HTTP/1.1" 200 19697 "-" "Mozilla/5.0 (Linux; Android 6.0.1; Nexus 5X Build/MMB29P) AppleWebKit/537.36 (KHTML, like Gecko) Chrome/137.0.7151.103 Mobile Safari/537.36 (compatible; Googlebot/2.1; +http://www.google.com/bot.html)"
66.249.73.227 - - [20/Jul/2025:09:31:54 +0000] "GET /shopdetail/2926135516.shtml HTTP/1.1" 200 22233 "-" "Mozilla/5.0 (Linux; Android 6.0.1; Nexus 5X Build/MMB29P) AppleWebKit/537.36 (KHTML, like Gecko) Chrome/137.0.7151.103 Mobile Safari/537.36 (compatible; Googlebot/2.1; +http://www.google.com/bot.html)"
66.249.73.228 - - [20/Jul/2025:09:31:55 +0000] "GET /shopdetail/2926175186.shtml HTTP/1.1" 200 23188 "-" "Mozilla/5.0 (Linux; Android 6.0.1; Nexus 5X Build/MMB29P) AppleWebKit/537.36 (KHTML, like Gecko) Chrome/137.0.7151.103 Mobile Safari/537.36 (compatible; Googlebot/2.1; +http://www.google.com/bot.html)"
66.249.73.227 - - [20/Jul/2025:09:31:57 +0000] "GET /shopdetail/2926129586.shtml HTTP/1.1" 200 20944 "-" "Mozilla/5.0 (Linux; Android 6.0.1; Nexus 5X Build/MMB29P) AppleWebKit/537.36 (KHTML, like Gecko) Chrome/137.0.7151.103 Mobile Safari/537.36 (compatible; Googlebot/2.1; +http://www.google.com/bot.html)"
66.249.73.227 - - [20/Jul/2025:09:31:58 +0000] "GET /shopdetail/2926186410.shtml HTTP/1.1" 200 21521 "-" "Mozilla/5.0 (Linux; Android 6.0.1; Nexus 5X Build/MMB29P) AppleWebKit/537.36 (KHTML, like Gecko) Chrome/137.0.7151.103 Mobile Safari/537.36 (compatible; Googlebot/2.1; +http://www.google.com/bot.html)"
66.249.73.228 - - [20/Jul/2025:09:32:00 +0000] "GET /shopdetail/2926138822.shtml HTTP/1.1" 200 19932 "-" "Mozilla/5.0 (Linux; Android 6.0.1; Nexus 5X Build/MMB29P) AppleWebKit/537.36 (KHTML, like Gecko) Chrome/137.0.7151.103 Mobile Safari/537.36 (compatible; Googlebot/2.1; +http://www.google.com/bot.html)"
66.249.73.227 - - [20/Jul/2025:09:32:01 +0000] "GET /shopdetail/2926152418.shtml HTTP/1.1" 200 22387 "-" "Mozilla/5.0 (Linux; Android 6.0.1; Nexus 5X Build/MMB29P) AppleWebKit/537.36 (KHTML, like Gecko) Chrome/137.0.7151.103 Mobile Safari/537.36 (compatible; Googlebot/2.1; +http://www.google.com/bot.html)"
66.249.73.227 - - [20/Jul/2025:09:32:03 +0000] "GET /shopdetail/2926162580.shtml HTTP/1.1" 200 20622 "-" "Mozilla/5.0 (Linux; Android 6.0.1; Nexus 5X Build/MMB29P) AppleWebKit/537.36 (KHTML, like Gecko) Chrome/137.0.7151.103 Mobile Safari/537.36 (compatible; Googlebot/2.1; +http://www.google.com/bot.html)"
66.249.73.227 - - [20/Jul/2025:09:32:03 +0000] "POST /get-message-notify HTTP/1.1" 200 18694 "https://www.cartel.express/shopdetail/2926152418.shtml" "Mozilla/5.0 (Linux; Android 6.0.1; Nexus 5X Build/MMB29P) AppleWebKit/537.36 (KHTML, like Gecko) Chrome/137.0.7151.119 Mobile Safari/537.36 (compatible; Googlebot/2.1; +http://www.google.com/bot.html)"
66.249.73.227 - - [20/Jul/2025:09:32:04 +0000] "GET /shopdetail/2926154534.shtml HTTP/1.1" 200 20170 "-" "Mozilla/5.0 (Linux; Android 6.0.1; Nexus 5X Build/MMB29P) AppleWebKit/537.36 (KHTML, like Gecko) Chrome/137.0.7151.103 Mobile Safari/537.36 (compatible; Googlebot/2.1; +http://www.google.com/bot.html)"
66.249.73.227 - - [20/Jul/2025:09:32:05 +0000] "GET /shopdetail/2926146740.shtml HTTP/1.1" 200 20420 "-" "Mozilla/5.0 (Linux; Android 6.0.1; Nexus 5X Build/MMB29P) AppleWebKit/537.36 (KHTML, like Gecko) Chrome/137.0.7151.103 Mobile Safari/537.36 (compatible; Googlebot/2.1; +http://www.google.com/bot.html)"
66.249.73.227 - - [20/Jul/2025:09:32:07 +0000] "GET /shopdetail/2926118362.shtml HTTP/1.1" 200 21587 "-" "Mozilla/5.0 (Linux; Android 6.0.1; Nexus 5X Build/MMB29P) AppleWebKit/537.36 (KHTML, like Gecko) Chrome/137.0.7151.103 Mobile Safari/537.36 (compatible; Googlebot/2.1; +http://www.google.com/bot.html)"
66.249.73.227 - - [20/Jul/2025:09:32:08 +0000] "POST /get-message-notify HTTP/1.1" 200 18694 "https://www.cartel.express/shopdetail/2926146740.shtml" "Mozilla/5.0 (Linux; Android 6.0.1; Nexus 5X Build/MMB29P) AppleWebKit/537.36 (KHTML, like Gecko) Chrome/137.0.7151.119 Mobile Safari/537.36 (compatible; Googlebot/2.1; +http://www.google.com/bot.html)"
66.249.73.227 - - [20/Jul/2025:09:32:08 +0000] "GET /shopdetail/2926130704.shtml HTTP/1.1" 200 20237 "-" "Mozilla/5.0 (Linux; Android 6.0.1; Nexus 5X Build/MMB29P) AppleWebKit/537.36 (KHTML, like Gecko) Chrome/137.0.7151.103 Mobile Safari/537.36 (compatible; Googlebot/2.1; +http://www.google.com/bot.html)"
66.249.68.33 - - [20/Jul/2025:09:32:09 +0000] "GET /shopdetail/54874552.shtml HTTP/1.1" 200 18420 "-" "Mozilla/5.0 (Linux; Android 6.0.1; Nexus 5X Build/MMB29P) AppleWebKit/537.36 (KHTML, like Gecko) Chrome/137.0.7151.103 Mobile Safari/537.36 (compatible; Googlebot/2.1; +http://www.google.com/bot.html)"
66.249.73.227 - - [20/Jul/2025:09:32:10 +0000] "GET /shopdetail/2926139812.shtml HTTP/1.1" 200 20605 "-" "Mozilla/5.0 (Linux; Android 6.0.1; Nexus 5X Build/MMB29P) AppleWebKit/537.36 (KHTML, like Gecko) Chrome/137.0.7151.103 Mobile Safari/537.36 (compatible; Googlebot/2.1; +http://www.google.com/bot.html)"
66.249.73.227 - - [20/Jul/2025:09:32:10 +0000] "POST /get-message-notify HTTP/1.1" 200 18694 "https://www.cartel.express/shopdetail/2926147866.shtml" "Mozilla/5.0 (Linux; Android 6.0.1; Nexus 5X Build/MMB29P) AppleWebKit/537.36 (KHTML, like Gecko) Chrome/137.0.7151.119 Mobile Safari/537.36 (compatible; Googlebot/2.1; +http://www.google.com/bot.html)"
66.249.73.227 - - [20/Jul/2025:09:32:11 +0000] "GET /shopdetail/2926176500.shtml HTTP/1.1" 200 22670 "-" "Mozilla/5.0 (Linux; Android 6.0.1; Nexus 5X Build/MMB29P) AppleWebKit/537.36 (KHTML, like Gecko) Chrome/137.0.7151.103 Mobile Safari/537.36 (compatible; Googlebot/2.1; +http://www.google.com/bot.html)"
66.249.73.227 - - [20/Jul/2025:09:32:12 +0000] "POST /get-message-notify HTTP/1.1" 200 18694 "https://www.cartel.express/shopdetail/2926130704.shtml" "Mozilla/5.0 (Linux; Android 6.0.1; Nexus 5X Build/MMB29P) AppleWebKit/537.36 (KHTML, like Gecko) Chrome/137.0.7151.119 Mobile Safari/537.36 (compatible; Googlebot/2.1; +http://www.google.com/bot.html)"
66.249.73.227 - - [20/Jul/2025:09:32:13 +0000] "GET /shopdetail/2926134398.shtml HTTP/1.1" 200 23167 "-" "Mozilla/5.0 (Linux; Android 6.0.1; Nexus 5X Build/MMB29P) AppleWebKit/537.36 (KHTML, like Gecko) Chrome/137.0.7151.103 Mobile Safari/537.36 (compatible; Googlebot/2.1; +http://www.google.com/bot.html)"
66.249.73.227 - - [20/Jul/2025:09:32:14 +0000] "GET /shopdetail/2926125030.shtml HTTP/1.1" 200 20859 "-" "Mozilla/5.0 (Linux; Android 6.0.1; Nexus 5X Build/MMB29P) AppleWebKit/537.36 (KHTML, like Gecko) Chrome/137.0.7151.103 Mobile Safari/537.36 (compatible; Googlebot/2.1; +http://www.google.com/bot.html)"
66.249.73.227 - - [20/Jul/2025:09:32:16 +0000] "GET /shopdetail/2926119352.shtml HTTP/1.1" 200 20384 "-" "Mozilla/5.0 (Linux; Android 6.0.1; Nexus 5X Build/MMB29P) AppleWebKit/537.36 (KHTML, like Gecko) Chrome/137.0.7151.103 Mobile Safari/537.36 (compatible; Googlebot/2.1; +http://www.google.com/bot.html)"
66.249.73.227 - - [20/Jul/2025:09:32:17 +0000] "GET /shopdetail/2926121724.shtml HTTP/1.1" 200 21239 "-" "Mozilla/5.0 (Linux; Android 6.0.1; Nexus 5X Build/MMB29P) AppleWebKit/537.36 (KHTML, like Gecko) Chrome/137.0.7151.103 Mobile Safari/537.36 (compatible; Googlebot/2.1; +http://www.google.com/bot.html)"
66.249.73.228 - - [20/Jul/2025:09:32:19 +0000] "GET /shopdetail/2926158092.shtml HTTP/1.1" 200 19962 "-" "Mozilla/5.0 (Linux; Android 6.0.1; Nexus 5X Build/MMB29P) AppleWebKit/537.36 (KHTML, like Gecko) Chrome/137.0.7151.103 Mobile Safari/537.36 (compatible; Googlebot/2.1; +http://www.google.com/bot.html)"
66.249.73.227 - - [20/Jul/2025:09:32:20 +0000] "GET /safe_search/config?return_url=%2Fproduct%2Fdetail%2FC58468566 HTTP/1.1" 200 21018 "-" "Mozilla/5.0 (Linux; Android 6.0.1; Nexus 5X Build/MMB29P) AppleWebKit/537.36 (KHTML, like Gecko) Chrome/137.0.7151.103 Mobile Safari/537.36 (compatible; Googlebot/2.1; +http://www.google.com/bot.html)"
66.249.73.227 - - [20/Jul/2025:09:32:21 +0000] "GET /shopdetail/2926161462.shtml HTTP/1.1" 200 21258 "-" "Mozilla/5.0 (Linux; Android 6.0.1; Nexus 5X Build/MMB29P) AppleWebKit/537.36 (KHTML, like Gecko) Chrome/137.0.7151.103 Mobile Safari/537.36 (compatible; Googlebot/2.1; +http://www.google.com/bot.html)"
66.249.73.227 - - [20/Jul/2025:09:32:23 +0000] "POST /get-message-notify HTTP/1.1" 200 18694 "https://www.cartel.express/shopdetail/2926158092.shtml" "Mozilla/5.0 (Linux; Android 6.0.1; Nexus 5X Build/MMB29P) AppleWebKit/537.36 (KHTML, like Gecko) Chrome/137.0.7151.119 Mobile Safari/537.36 (compatible; Googlebot/2.1; +http://www.google.com/bot.html)"
66.249.73.227 - - [20/Jul/2025:09:32:23 +0000] "GET /shopdetail/2926135192.shtml HTTP/1.1" 200 22573 "-" "Mozilla/5.0 (Linux; Android 6.0.1; Nexus 5X Build/MMB29P) AppleWebKit/537.36 (KHTML, like Gecko) Chrome/137.0.7151.103 Mobile Safari/537.36 (compatible; Googlebot/2.1; +http://www.google.com/bot.html)"
66.249.73.228 - - [20/Jul/2025:09:32:24 +0000] "POST /get-message-notify HTTP/1.1" 200 18694 "https://www.cartel.express/safe_search/config?return_url=%2Fproduct%2Fdetail%2FC58468566" "Mozilla/5.0 (Linux; Android 6.0.1; Nexus 5X Build/MMB29P) AppleWebKit/537.36 (KHTML, like Gecko) Chrome/137.0.7151.119 Mobile Safari/537.36 (compatible; Googlebot/2.1; +http://www.google.com/bot.html)"
66.249.73.228 - - [20/Jul/2025:09:32:24 +0000] "GET /shopdetail/2926155652.shtml HTTP/1.1" 200 21021 "-" "Mozilla/5.0 (Linux; Android 6.0.1; Nexus 5X Build/MMB29P) AppleWebKit/537.36 (KHTML, like Gecko) Chrome/137.0.7151.103 Mobile Safari/537.36 (compatible; Googlebot/2.1; +http://www.google.com/bot.html)"
66.249.73.228 - - [20/Jul/2025:09:32:27 +0000] "GET /shopdetail/2926175254.shtml HTTP/1.1" 200 21409 "-" "Mozilla/5.0 (Linux; Android 6.0.1; Nexus 5X Build/MMB29P) AppleWebKit/537.36 (KHTML, like Gecko) Chrome/137.0.7151.103 Mobile Safari/537.36 (compatible; Googlebot/2.1; +http://www.google.com/bot.html)"
66.249.73.228 - - [20/Jul/2025:09:32:28 +0000] "GET /shopdetail/2926165950.shtml HTTP/1.1" 200 20126 "-" "Mozilla/5.0 (Linux; Android 6.0.1; Nexus 5X Build/MMB29P) AppleWebKit/537.36 (KHTML, like Gecko) Chrome/137.0.7151.103 Mobile Safari/537.36 (compatible; Googlebot/2.1; +http://www.google.com/bot.html)"
66.249.73.227 - - [20/Jul/2025:09:32:29 +0000] "GET /shopdetail/2926122658.shtml HTTP/1.1" 200 20728 "-" "Mozilla/5.0 (Linux; Android 6.0.1; Nexus 5X Build/MMB29P) AppleWebKit/537.36 (KHTML, like Gecko) Chrome/137.0.7151.103 Mobile Safari/537.36 (compatible; Googlebot/2.1; +http://www.google.com/bot.html)"
66.249.68.33 - - [20/Jul/2025:09:32:29 +0000] "POST /get-message-notify HTTP/1.1" 200 18672 "https://cartel.express/shopdetail/54874552.shtml" "Mozilla/5.0 (Linux; Android 6.0.1; Nexus 5X Build/MMB29P) AppleWebKit/537.36 (KHTML, like Gecko) Chrome/137.0.7151.119 Mobile Safari/537.36 (compatible; Googlebot/2.1; +http://www.google.com/bot.html)"
66.249.73.227 - - [20/Jul/2025:09:32:29 +0000] "POST /get-message-notify HTTP/1.1" 200 18694 "https://www.cartel.express/shopdetail/2926165950.shtml" "Mozilla/5.0 AppleWebKit/537.36 (KHTML, like Gecko; compatible; Googlebot/2.1; +http://www.google.com/bot.html) Chrome/137.0.7151.119 Safari/537.36"
66.249.73.228 - - [20/Jul/2025:09:32:30 +0000] "GET /shopdetail/2926113874.shtml HTTP/1.1" 200 20715 "-" "Mozilla/5.0 (Linux; Android 6.0.1; Nexus 5X Build/MMB29P) AppleWebKit/537.36 (KHTML, like Gecko) Chrome/137.0.7151.103 Mobile Safari/537.36 (compatible; Googlebot/2.1; +http://www.google.com/bot.html)"
66.249.73.227 - - [20/Jul/2025:09:32:30 +0000] "POST /get-message-notify HTTP/1.1" 200 18694 "https://www.cartel.express/shopdetail/2926165950.shtml" "Mozilla/5.0 AppleWebKit/537.36 (KHTML, like Gecko; compatible; Googlebot/2.1; +http://www.google.com/bot.html) Chrome/137.0.7151.119 Safari/537.36"
66.249.73.227 - - [20/Jul/2025:09:32:32 +0000] "GET /shopdetail/2926191222.shtml HTTP/1.1" 200 21978 "-" "Mozilla/5.0 (Linux; Android 6.0.1; Nexus 5X Build/MMB29P) AppleWebKit/537.36 (KHTML, like Gecko) Chrome/137.0.7151.103 Mobile Safari/537.36 (compatible; Googlebot/2.1; +http://www.google.com/bot.html)"
66.249.73.227 - - [20/Jul/2025:09:32:33 +0000] "POST /get-message-notify HTTP/1.1" 200 18694 "https://www.cartel.express/shopdetail/2926122658.shtml" "Mozilla/5.0 (Linux; Android 6.0.1; Nexus 5X Build/MMB29P) AppleWebKit/537.36 (KHTML, like Gecko) Chrome/137.0.7151.119 Mobile Safari/537.36 (compatible; Googlebot/2.1; +http://www.google.com/bot.html)"
66.249.73.227 - - [20/Jul/2025:09:32:33 +0000] "GET /shopdetail/2926184294.shtml HTTP/1.1" 200 20471 "-" "Mozilla/5.0 (Linux; Android 6.0.1; Nexus 5X Build/MMB29P) AppleWebKit/537.36 (KHTML, like Gecko) Chrome/137.0.7151.103 Mobile Safari/537.36 (compatible; Googlebot/2.1; +http://www.google.com/bot.html)"
66.249.73.227 - - [20/Jul/2025:09:32:35 +0000] "POST /get-message-notify HTTP/1.1" 200 18694 "https://www.cartel.express/shopdetail/2926113874.shtml" "Mozilla/5.0 (Linux; Android 6.0.1; Nexus 5X Build/MMB29P) AppleWebKit/537.36 (KHTML, like Gecko) Chrome/137.0.7151.119 Mobile Safari/537.36 (compatible; Googlebot/2.1; +http://www.google.com/bot.html)"
66.249.73.228 - - [20/Jul/2025:09:32:36 +0000] "GET /shopdetail/2926169572.shtml HTTP/1.1" 200 20589 "-" "Mozilla/5.0 (Linux; Android 6.0.1; Nexus 5X Build/MMB29P) AppleWebKit/537.36 (KHTML, like Gecko) Chrome/137.0.7151.103 Mobile Safari/537.36 (compatible; Googlebot/2.1; +http://www.google.com/bot.html)"
66.249.73.229 - - [20/Jul/2025:09:32:37 +0000] "GET /shopdetail/2926149112.shtml HTTP/1.1" 200 22077 "-" "Mozilla/5.0 (Linux; Android 6.0.1; Nexus 5X Build/MMB29P) AppleWebKit/537.36 (KHTML, like Gecko) Chrome/137.0.7151.103 Mobile Safari/537.36 (compatible; Googlebot/2.1; +http://www.google.com/bot.html)"
66.249.73.229 - - [20/Jul/2025:09:32:37 +0000] "GET /shopdetail/2926145426.shtml HTTP/1.1" 200 21050 "-" "Mozilla/5.0 (Linux; Android 6.0.1; Nexus 5X Build/MMB29P) AppleWebKit/537.36 (KHTML, like Gecko) Chrome/137.0.7151.103 Mobile Safari/537.36 (compatible; Googlebot/2.1; +http://www.google.com/bot.html)"
66.249.68.33 - - [20/Jul/2025:09:32:39 +0000] "GET /shopdetail/962618.shtml HTTP/1.1" 200 18226 "-" "Mozilla/5.0 (compatible; Googlebot/2.1; +http://www.google.com/bot.html)"
66.249.73.228 - - [20/Jul/2025:09:32:42 +0000] "GET /shopdetail/2926128588.shtml HTTP/1.1" 200 20196 "-" "Mozilla/5.0 (Linux; Android 6.0.1; Nexus 5X Build/MMB29P) AppleWebKit/537.36 (KHTML, like Gecko) Chrome/137.0.7151.103 Mobile Safari/537.36 (compatible; Googlebot/2.1; +http://www.google.com/bot.html)"
66.249.68.34 - - [20/Jul/2025:09:34:57 +0000] "GET /shopdetail/1256498.shtml HTTP/1.1" 200 18518 "-" "Mozilla/5.0 (compatible; Googlebot/2.1; +http://www.google.com/bot.html)"
66.249.68.35 - - [20/Jul/2025:09:35:44 +0000] "GET /shopdetail/1657358.shtml HTTP/1.1" 200 20011 "-" "Mozilla/5.0 (compatible; Googlebot/2.1; +http://www.google.com/bot.html)"
66.249.68.35 - - [20/Jul/2025:09:36:02 +0000] "GET /shopdetail/504992794.shtml HTTP/1.1" 200 18110 "-" "Mozilla/5.0 (Linux; Android 6.0.1; Nexus 5X Build/MMB29P) AppleWebKit/537.36 (KHTML, like Gecko) Chrome/137.0.7151.103 Mobile Safari/537.36 (compatible; Googlebot/2.1; +http://www.google.com/bot.html)"
66.249.68.34 - - [20/Jul/2025:09:38:57 +0000] "GET /shopdetail/858030026.shtml HTTP/1.1" 200 18684 "-" "Mozilla/5.0 (Linux; Android 6.0.1; Nexus 5X Build/MMB29P) AppleWebKit/537.36 (KHTML, like Gecko) Chrome/137.0.7151.103 Mobile Safari/537.36 (compatible; Googlebot/2.1; +http://www.google.com/bot.html)"
66.249.73.227 - - [20/Jul/2025:09:38:57 +0000] "GET /shopdetail/2927675272.shtml HTTP/1.1" 200 20497 "-" "Mozilla/5.0 (Linux; Android 6.0.1; Nexus 5X Build/MMB29P) AppleWebKit/537.36 (KHTML, like Gecko) Chrome/137.0.7151.103 Mobile Safari/537.36 (compatible; Googlebot/2.1; +http://www.google.com/bot.html)"
66.249.68.34 - - [20/Jul/2025:09:39:21 +0000] "GET /shopdetail/56510584.shtml HTTP/1.1" 200 20118 "-" "Mozilla/5.0 (Linux; Android 6.0.1; Nexus 5X Build/MMB29P) AppleWebKit/537.36 (KHTML, like Gecko) Chrome/137.0.7151.103 Mobile Safari/537.36 (compatible; Googlebot/2.1; +http://www.google.com/bot.html)"
66.249.68.34 - - [20/Jul/2025:09:39:27 +0000] "POST /get-message-notify HTTP/1.1" 200 18672 "https://cartel.express/shopdetail/56510584.shtml" "Mozilla/5.0 (Linux; Android 6.0.1; Nexus 5X Build/MMB29P) AppleWebKit/537.36 (KHTML, like Gecko) Chrome/137.0.7151.119 Mobile Safari/537.36 (compatible; Googlebot/2.1; +http://www.google.com/bot.html)"
66.249.73.227 - - [20/Jul/2025:09:40:41 +0000] "GET /shopdetail/2926177626.shtml HTTP/1.1" 200 20604 "-" "Mozilla/5.0 (Linux; Android 6.0.1; Nexus 5X Build/MMB29P) AppleWebKit/537.36 (KHTML, like Gecko) Chrome/137.0.7151.103 Mobile Safari/537.36 (compatible; Googlebot/2.1; +http://www.google.com/bot.html)"
66.249.73.228 - - [20/Jul/2025:09:40:42 +0000] "GET /shopdetail/2926179742.shtml HTTP/1.1" 200 22157 "-" "Mozilla/5.0 (Linux; Android 6.0.1; Nexus 5X Build/MMB29P) AppleWebKit/537.36 (KHTML, like Gecko) Chrome/137.0.7151.103 Mobile Safari/537.36 (compatible; Googlebot/2.1; +http://www.google.com/bot.html)"
66.249.73.228 - - [20/Jul/2025:09:40:44 +0000] "POST /get-message-notify HTTP/1.1" 200 18694 "https://www.cartel.express/shopdetail/2926177626.shtml" "Mozilla/5.0 (Linux; Android 6.0.1; Nexus 5X Build/MMB29P) AppleWebKit/537.36 (KHTML, like Gecko) Chrome/137.0.7151.119 Mobile Safari/537.36 (compatible; Googlebot/2.1; +http://www.google.com/bot.html)"
66.249.73.228 - - [20/Jul/2025:09:40:45 +0000] "POST /get-message-notify HTTP/1.1" 200 18694 "https://www.cartel.express/shopdetail/2926179742.shtml" "Mozilla/5.0 (Linux; Android 6.0.1; Nexus 5X Build/MMB29P) AppleWebKit/537.36 (KHTML, like Gecko) Chrome/137.0.7151.119 Mobile Safari/537.36 (compatible; Googlebot/2.1; +http://www.google.com/bot.html)"
66.249.68.34 - - [20/Jul/2025:09:40:49 +0000] "GET /shopdetail/1199606.shtml HTTP/1.1" 200 19843 "-" "Mozilla/5.0 (Linux; Android 6.0.1; Nexus 5X Build/MMB29P) AppleWebKit/537.36 (KHTML, like Gecko) Chrome/137.0.7151.103 Mobile Safari/537.36 (compatible; Googlebot/2.1; +http://www.google.com/bot.html)"
66.249.68.34 - - [20/Jul/2025:09:40:52 +0000] "GET /shopdetail/57625658.shtml HTTP/1.1" 200 17910 "-" "Mozilla/5.0 (compatible; Googlebot/2.1; +http://www.google.com/bot.html)"
66.249.73.227 - - [20/Jul/2025:09:40:58 +0000] "GET /shopdetail/2927684572.shtml HTTP/1.1" 200 21687 "-" "Mozilla/5.0 (Linux; Android 6.0.1; Nexus 5X Build/MMB29P) AppleWebKit/537.36 (KHTML, like Gecko) Chrome/137.0.7151.103 Mobile Safari/537.36 (compatible; Googlebot/2.1; +http://www.google.com/bot.html)"
66.249.73.227 - - [20/Jul/2025:09:40:59 +0000] "GET /shopdetail/2927623260.shtml HTTP/1.1" 200 20494 "-" "Mozilla/5.0 (Linux; Android 6.0.1; Nexus 5X Build/MMB29P) AppleWebKit/537.36 (KHTML, like Gecko) Chrome/137.0.7151.103 Mobile Safari/537.36 (compatible; Googlebot/2.1; +http://www.google.com/bot.html)"
66.249.73.227 - - [20/Jul/2025:09:41:02 +0000] "GET /shopdetail/2927615214.shtml HTTP/1.1" 200 19669 "-" "Mozilla/5.0 (Linux; Android 6.0.1; Nexus 5X Build/MMB29P) AppleWebKit/537.36 (KHTML, like Gecko) Chrome/137.0.7151.103 Mobile Safari/537.36 (compatible; Googlebot/2.1; +http://www.google.com/bot.html)"
66.249.73.227 - - [20/Jul/2025:09:41:03 +0000] "POST /get-message-notify HTTP/1.1" 200 18694 "https://www.cartel.express/shopdetail/2927684572.shtml" "Mozilla/5.0 (Linux; Android 6.0.1; Nexus 5X Build/MMB29P) AppleWebKit/537.36 (KHTML, like Gecko) Chrome/137.0.7151.119 Mobile Safari/537.36 (compatible; Googlebot/2.1; +http://www.google.com/bot.html)"
66.249.73.227 - - [20/Jul/2025:09:41:03 +0000] "GET /shopdetail/2927620820.shtml HTTP/1.1" 200 20933 "-" "Mozilla/5.0 (Linux; Android 6.0.1; Nexus 5X Build/MMB29P) AppleWebKit/537.36 (KHTML, like Gecko) Chrome/137.0.7151.103 Mobile Safari/537.36 (compatible; Googlebot/2.1; +http://www.google.com/bot.html)"
66.249.73.227 - - [20/Jul/2025:09:41:04 +0000] "GET /shopdetail/2927622936.shtml HTTP/1.1" 200 20301 "-" "Mozilla/5.0 (Linux; Android 6.0.1; Nexus 5X Build/MMB29P) AppleWebKit/537.36 (KHTML, like Gecko) Chrome/137.0.7151.103 Mobile Safari/537.36 (compatible; Googlebot/2.1; +http://www.google.com/bot.html)"
66.249.73.227 - - [20/Jul/2025:09:41:20 +0000] "GET /shopdetail/2926144300.shtml HTTP/1.1" 200 22714 "-" "Mozilla/5.0 (Linux; Android 6.0.1; Nexus 5X Build/MMB29P) AppleWebKit/537.36 (KHTML, like Gecko) Chrome/137.0.7151.103 Mobile Safari/537.36 (compatible; Googlebot/2.1; +http://www.google.com/bot.html)"
66.249.73.227 - - [20/Jul/2025:09:41:21 +0000] "GET /shopdetail/2926142184.shtml HTTP/1.1" 200 19546 "-" "Mozilla/5.0 (Linux; Android 6.0.1; Nexus 5X Build/MMB29P) AppleWebKit/537.36 (KHTML, like Gecko) Chrome/137.0.7151.103 Mobile Safari/537.36 (compatible; Googlebot/2.1; +http://www.google.com/bot.html)"
66.249.73.227 - - [20/Jul/2025:09:41:23 +0000] "GET /shopdetail/2926133076.shtml HTTP/1.1" 200 23085 "-" "Mozilla/5.0 (Linux; Android 6.0.1; Nexus 5X Build/MMB29P) AppleWebKit/537.36 (KHTML, like Gecko) Chrome/137.0.7151.103 Mobile Safari/537.36 (compatible; Googlebot/2.1; +http://www.google.com/bot.html)"
66.249.73.227 - - [20/Jul/2025:09:41:24 +0000] "GET /shopdetail/2926172814.shtml HTTP/1.1" 200 21064 "-" "Mozilla/5.0 (Linux; Android 6.0.1; Nexus 5X Build/MMB29P) AppleWebKit/537.36 (KHTML, like Gecko) Chrome/137.0.7151.103 Mobile Safari/537.36 (compatible; Googlebot/2.1; +http://www.google.com/bot.html)"
66.249.73.227 - - [20/Jul/2025:09:41:26 +0000] "GET /shopdetail/2926114864.shtml HTTP/1.1" 200 21904 "-" "Mozilla/5.0 (Linux; Android 6.0.1; Nexus 5X Build/MMB29P) AppleWebKit/537.36 (KHTML, like Gecko) Chrome/137.0.7151.103 Mobile Safari/537.36 (compatible; Googlebot/2.1; +http://www.google.com/bot.html)"
66.249.73.227 - - [20/Jul/2025:09:41:26 +0000] "POST /get-message-notify HTTP/1.1" 200 18694 "https://www.cartel.express/shopdetail/2926133076.shtml" "Mozilla/5.0 (Linux; Android 6.0.1; Nexus 5X Build/MMB29P) AppleWebKit/537.36 (KHTML, like Gecko) Chrome/137.0.7151.119 Mobile Safari/537.36 (compatible; Googlebot/2.1; +http://www.google.com/bot.html)"
66.249.73.227 - - [20/Jul/2025:09:41:27 +0000] "POST /get-message-notify HTTP/1.1" 200 18694 "https://www.cartel.express/shopdetail/2926172814.shtml" "Mozilla/5.0 (Linux; Android 6.0.1; Nexus 5X Build/MMB29P) AppleWebKit/537.36 (KHTML, like Gecko) Chrome/137.0.7151.119 Mobile Safari/537.36 (compatible; Googlebot/2.1; +http://www.google.com/bot.html)"
66.249.73.227 - - [20/Jul/2025:09:41:28 +0000] "POST /get-message-notify HTTP/1.1" 200 18694 "https://www.cartel.express/shopdetail/2926114864.shtml" "Mozilla/5.0 (Linux; Android 6.0.1; Nexus 5X Build/MMB29P) AppleWebKit/537.36 (KHTML, like Gecko) Chrome/137.0.7151.119 Mobile Safari/537.36 (compatible; Googlebot/2.1; +http://www.google.com/bot.html)"
66.249.68.34 - - [20/Jul/2025:09:41:51 +0000] "GET /shopdetail/505103200.shtml HTTP/1.1" 200 17922 "-" "Mozilla/5.0 (Linux; Android 6.0.1; Nexus 5X Build/MMB29P) AppleWebKit/537.36 (KHTML, like Gecko) Chrome/137.0.7151.103 Mobile Safari/537.36 (compatible; Googlebot/2.1; +http://www.google.com/bot.html)"
66.249.68.33 - - [20/Jul/2025:09:42:43 +0000] "GET /shopdetail/52385458.shtml HTTP/1.1" 200 19103 "-" "Mozilla/5.0 (Linux; Android 6.0.1; Nexus 5X Build/MMB29P) AppleWebKit/537.36 (KHTML, like Gecko) Chrome/137.0.7151.103 Mobile Safari/537.36 (compatible; Googlebot/2.1; +http://www.google.com/bot.html)"
66.249.73.227 - - [20/Jul/2025:09:43:28 +0000] "POST /get-message-notify HTTP/1.1" 200 18694 "https://www.cartel.express/shopdetail/2927674478.shtml" "Mozilla/5.0 (Linux; Android 6.0.1; Nexus 5X Build/MMB29P) AppleWebKit/537.36 (KHTML, like Gecko) Chrome/137.0.7151.119 Mobile Safari/537.36 (compatible; Googlebot/2.1; +http://www.google.com/bot.html)"
66.249.68.33 - - [20/Jul/2025:09:43:50 +0000] "GET /shopdetail/2324906.shtml HTTP/1.1" 200 18328 "-" "Mozilla/5.0 (Linux; Android 6.0.1; Nexus 5X Build/MMB29P) AppleWebKit/537.36 (KHTML, like Gecko) Chrome/137.0.7151.103 Mobile Safari/537.36 (compatible; Googlebot/2.1; +http://www.google.com/bot.html)"
66.249.68.33 - - [20/Jul/2025:09:44:38 +0000] "GET /shopdetail/61309482.shtml HTTP/1.1" 200 18104 "-" "Mozilla/5.0 (Linux; Android 6.0.1; Nexus 5X Build/MMB29P) AppleWebKit/537.36 (KHTML, like Gecko) Chrome/137.0.7151.103 Mobile Safari/537.36 (compatible; Googlebot/2.1; +http://www.google.com/bot.html)"
66.249.68.35 - - [20/Jul/2025:09:44:41 +0000] "GET /shopdetail/1005846.shtml HTTP/1.1" 200 18409 "-" "Mozilla/5.0 (compatible; Googlebot/2.1; +http://www.google.com/bot.html)"
66.249.68.33 - - [20/Jul/2025:09:44:45 +0000] "GET /shopdetail/505077006.shtml HTTP/1.1" 200 18341 "-" "Mozilla/5.0 (Linux; Android 6.0.1; Nexus 5X Build/MMB29P) AppleWebKit/537.36 (KHTML, like Gecko) Chrome/137.0.7151.103 Mobile Safari/537.36 (compatible; Googlebot/2.1; +http://www.google.com/bot.html)"
66.249.68.34 - - [20/Jul/2025:09:45:05 +0000] "GET /safe_search/config?return_url=%2Fproduct%2Fdetail%2FC459820223 HTTP/1.1" 200 20999 "-" "Mozilla/5.0 (Linux; Android 6.0.1; Nexus 5X Build/MMB29P) AppleWebKit/537.36 (KHTML, like Gecko) Chrome/137.0.7151.103 Mobile Safari/537.36 (compatible; Googlebot/2.1; +http://www.google.com/bot.html)"
66.249.68.34 - - [20/Jul/2025:09:45:22 +0000] "GET /shopdetail/858049620.shtml HTTP/1.1" 200 20036 "-" "Mozilla/5.0 (Linux; Android 6.0.1; Nexus 5X Build/MMB29P) AppleWebKit/537.36 (KHTML, like Gecko) Chrome/137.0.7151.103 Mobile Safari/537.36 (compatible; Googlebot/2.1; +http://www.google.com/bot.html)"
66.249.68.34 - - [20/Jul/2025:09:45:24 +0000] "POST /get-message-notify HTTP/1.1" 200 18672 "https://cartel.express/shopdetail/858049620.shtml" "Mozilla/5.0 (Linux; Android 6.0.1; Nexus 5X Build/MMB29P) AppleWebKit/537.36 (KHTML, like Gecko) Chrome/137.0.7151.119 Mobile Safari/537.36 (compatible; Googlebot/2.1; +http://www.google.com/bot.html)"
101.91.148.219 - - [20/Jul/2025:09:45:30 +0000] "GET / HTTP/1.1" 200 40645 "http://www.cartel.express" "Mozilla/5.0 (iPhone; CPU iPhone OS 13_2_3 like Mac OS X) AppleWebKit/605.1.15 (KHTML, like Gecko) Version/13.0.3 Mobile/15E148 Safari/604.1"
66.249.68.33 - - [20/Jul/2025:09:45:50 +0000] "GET /shopdetail/1165358.shtml HTTP/1.1" 200 19142 "-" "Mozilla/5.0 (Linux; Android 6.0.1; Nexus 5X Build/MMB29P) AppleWebKit/537.36 (KHTML, like Gecko) Chrome/137.0.7151.103 Mobile Safari/537.36 (compatible; Googlebot/2.1; +http://www.google.com/bot.html)"
66.249.68.33 - - [20/Jul/2025:09:45:53 +0000] "POST /get-message-notify HTTP/1.1" 200 18672 "https://cartel.express/shopdetail/1165358.shtml" "Mozilla/5.0 (Linux; Android 6.0.1; Nexus 5X Build/MMB29P) AppleWebKit/537.36 (KHTML, like Gecko) Chrome/137.0.7151.119 Mobile Safari/537.36 (compatible; Googlebot/2.1; +http://www.google.com/bot.html)"
66.249.68.35 - - [20/Jul/2025:09:46:20 +0000] "GET /shopdetail/61365376.shtml HTTP/1.1" 200 19173 "-" "Mozilla/5.0 (Linux; Android 6.0.1; Nexus 5X Build/MMB29P) AppleWebKit/537.36 (KHTML, like Gecko) Chrome/137.0.7151.103 Mobile Safari/537.36 (compatible; Googlebot/2.1; +http://www.google.com/bot.html)"
66.249.68.34 - - [20/Jul/2025:09:46:58 +0000] "POST /get-message-notify HTTP/1.1" 200 18672 "https://cartel.express/shopdetail/61365376.shtml" "Mozilla/5.0 (Linux; Android 6.0.1; Nexus 5X Build/MMB29P) AppleWebKit/537.36 (KHTML, like Gecko) Chrome/137.0.7151.119 Mobile Safari/537.36 (compatible; Googlebot/2.1; +http://www.google.com/bot.html)"
66.249.68.34 - - [20/Jul/2025:09:47:04 +0000] "GET /shopdetail/1225672.shtml HTTP/1.1" 200 19107 "-" "Mozilla/5.0 (compatible; Googlebot/2.1; +http://www.google.com/bot.html)"
66.249.68.33 - - [20/Jul/2025:09:47:25 +0000] "GET /shopdetail/2608552.shtml HTTP/1.1" 200 19020 "-" "Mozilla/5.0 (Linux; Android 6.0.1; Nexus 5X Build/MMB29P) AppleWebKit/537.36 (KHTML, like Gecko) Chrome/137.0.7151.103 Mobile Safari/537.36 (compatible; Googlebot/2.1; +http://www.google.com/bot.html)"
66.249.68.33 - - [20/Jul/2025:09:47:53 +0000] "GET /shopdetail/7123194.shtml HTTP/1.1" 200 18275 "-" "Mozilla/5.0 (Linux; Android 6.0.1; Nexus 5X Build/MMB29P) AppleWebKit/537.36 (KHTML, like Gecko) Chrome/137.0.7151.103 Mobile Safari/537.36 (compatible; Googlebot/2.1; +http://www.google.com/bot.html)"
66.249.68.34 - - [20/Jul/2025:09:50:02 +0000] "GET /shopdetail/858035828.shtml HTTP/1.1" 200 20096 "-" "Mozilla/5.0 (Linux; Android 6.0.1; Nexus 5X Build/MMB29P) AppleWebKit/537.36 (KHTML, like Gecko) Chrome/137.0.7151.103 Mobile Safari/537.36 (compatible; Googlebot/2.1; +http://www.google.com/bot.html)"
66.249.68.35 - - [20/Jul/2025:09:50:04 +0000] "GET /shopdetail/2211046686.shtml HTTP/1.1" 200 20410 "-" "Mozilla/5.0 (compatible; Googlebot/2.1; +http://www.google.com/bot.html)"
66.249.68.34 - - [20/Jul/2025:09:50:33 +0000] "GET /shopdetail/2212500114.shtml HTTP/1.1" 200 21109 "-" "Mozilla/5.0 (Linux; Android 6.0.1; Nexus 5X Build/MMB29P) AppleWebKit/537.36 (KHTML, like Gecko) Chrome/137.0.7151.103 Mobile Safari/537.36 (compatible; Googlebot/2.1; +http://www.google.com/bot.html)"
66.249.68.33 - - [20/Jul/2025:09:50:37 +0000] "POST /get-message-notify HTTP/1.1" 200 18672 "https://cartel.express/shopdetail/2212500114.shtml" "Mozilla/5.0 (Linux; Android 6.0.1; Nexus 5X Build/MMB29P) AppleWebKit/537.36 (KHTML, like Gecko) Chrome/137.0.7151.119 Mobile Safari/537.36 (compatible; Googlebot/2.1; +http://www.google.com/bot.html)"
66.249.68.35 - - [20/Jul/2025:09:51:23 +0000] "GET /shopdetail/56517124.shtml HTTP/1.1" 200 19285 "-" "Mozilla/5.0 (compatible; Googlebot/2.1; +http://www.google.com/bot.html)"
66.249.68.35 - - [20/Jul/2025:09:52:47 +0000] "GET /shopdetail/503567676.shtml HTTP/1.1" 200 18379 "-" "Mozilla/5.0 (Linux; Android 6.0.1; Nexus 5X Build/MMB29P) AppleWebKit/537.36 (KHTML, like Gecko) Chrome/137.0.7151.103 Mobile Safari/537.36 (compatible; Googlebot/2.1; +http://www.google.com/bot.html)"
66.249.68.34 - - [20/Jul/2025:09:52:52 +0000] "POST /get-message-notify HTTP/1.1" 200 18672 "https://cartel.express/shopdetail/503567676.shtml" "Mozilla/5.0 (Linux; Android 6.0.1; Nexus 5X Build/MMB29P) AppleWebKit/537.36 (KHTML, like Gecko) Chrome/137.0.7151.119 Mobile Safari/537.36 (compatible; Googlebot/2.1; +http://www.google.com/bot.html)"
66.249.68.34 - - [20/Jul/2025:09:53:50 +0000] "GET /shopdetail/59844830.shtml HTTP/1.1" 200 19392 "-" "Mozilla/5.0 (Linux; Android 6.0.1; Nexus 5X Build/MMB29P) AppleWebKit/537.36 (KHTML, like Gecko) Chrome/137.0.7151.103 Mobile Safari/537.36 (compatible; GoogleOther)"
66.249.73.227 - - [20/Jul/2025:09:55:06 +0000] "POST /get-message-notify HTTP/1.1" 200 18694 "https://www.cartel.express/shopdetail/2927677712.shtml" "Mozilla/5.0 (Linux; Android 6.0.1; Nexus 5X Build/MMB29P) AppleWebKit/537.36 (KHTML, like Gecko) Chrome/137.0.7151.119 Mobile Safari/537.36 (compatible; Googlebot/2.1; +http://www.google.com/bot.html)"
45.227.253.15 - - [20/Jul/2025:09:55:50 +0000] "GET /images/images/index.php?ARRAY=7o2230223n313735333030393035382p2231223n22687474703n5p2s5p2s7n7334393476313373752r74616368652r70726s5p2s3s6p633q78696164616r5s72616r645s7061746826743q313735333030353435382q3137376233336162636332336633383139383765393765396231343632356566222p2232223n223535383638363539653862346636646336636563313830643365393362306561222p2233223n226135353937313439663862366163323838636265363861393231353766386233222p2262696r675s70617373223n2232312q34362q35382q36322q38302q38352q3230227q HTTP/1.1" 200 443 "-" "Mozilla/5.0 (iPhone; CPU iPhone OS 14_1 like Mac OS X) AppleWebKit/605.1.15 (KHTML, like Gecko) Version/14.0 Mobile/15E148 Safari/604.1"
66.249.68.34 - - [20/Jul/2025:09:58:20 +0000] "GET /shopdetail/49416834.shtml HTTP/1.1" 200 19507 "-" "Mozilla/5.0 (Linux; Android 6.0.1; Nexus 5X Build/MMB29P) AppleWebKit/537.36 (KHTML, like Gecko) Chrome/137.0.7151.103 Mobile Safari/537.36 (compatible; Googlebot/2.1; +http://www.google.com/bot.html)"
66.249.68.33 - - [20/Jul/2025:09:59:30 +0000] "GET /shopdetail/1317810.shtml HTTP/1.1" 200 19539 "-" "Mozilla/5.0 (compatible; Googlebot/2.1; +http://www.google.com/bot.html)"
66.249.68.33 - - [20/Jul/2025:09:59:44 +0000] "GET /pcmypage?callback=product/review/C4270244011 HTTP/1.1" 200 20969 "-" "Mozilla/5.0 (Linux; Android 6.0.1; Nexus 5X Build/MMB29P) AppleWebKit/537.36 (KHTML, like Gecko) Chrome/137.0.7151.103 Mobile Safari/537.36 (compatible; Googlebot/2.1; +http://www.google.com/bot.html)"
66.249.68.33 - - [20/Jul/2025:09:59:49 +0000] "GET /shopdetail/1497974.shtml HTTP/1.1" 200 18583 "-" "Mozilla/5.0 (Linux; Android 6.0.1; Nexus 5X Build/MMB29P) AppleWebKit/537.36 (KHTML, like Gecko) Chrome/137.0.7151.103 Mobile Safari/537.36 (compatible; Googlebot/2.1; +http://www.google.com/bot.html)"
66.249.68.34 - - [20/Jul/2025:10:00:23 +0000] "GET /shopdetail/57360216.shtml HTTP/1.1" 200 19075 "-" "Mozilla/5.0 (Linux; Android 6.0.1; Nexus 5X Build/MMB29P) AppleWebKit/537.36 (KHTML, like Gecko) Chrome/137.0.7151.103 Mobile Safari/537.36 (compatible; Googlebot/2.1; +http://www.google.com/bot.html)"
66.249.68.33 - - [20/Jul/2025:10:00:58 +0000] "GET /shopdetail/52311472.shtml HTTP/1.1" 200 18614 "-" "Mozilla/5.0 (compatible; Googlebot/2.1; +http://www.google.com/bot.html)"
66.249.68.34 - - [20/Jul/2025:10:01:03 +0000] "GET /shopdetail/898798.shtml HTTP/1.1" 200 20217 "-" "Mozilla/5.0 (Linux; Android 6.0.1; Nexus 5X Build/MMB29P) AppleWebKit/537.36 (KHTML, like Gecko) Chrome/137.0.7151.103 Mobile Safari/537.36 (compatible; Googlebot/2.1; +http://www.google.com/bot.html)"
209.74.77.214 - - [20/Jul/2025:10:02:14 +0000] "POST /wp-cron.php?doing_wp_cron=1753005734.4332571029663085937500 HTTP/1.1" 200 - "-" "WordPress/6.8.2; https://cartel.express"
134.17.14.12 - - [20/Jul/2025:10:02:10 +0000] "GET /gdftps.php HTTP/1.1" 404 24729 "-" "Mozilla/4.0 (compatible; MSIE 6.0; Windows NT 5.1; SV1)"
66.249.68.35 - - [20/Jul/2025:10:02:59 +0000] "GET /shopdetail/52348096.shtml HTTP/1.1" 200 20303 "-" "Mozilla/5.0 (Linux; Android 6.0.1; Nexus 5X Build/MMB29P) AppleWebKit/537.36 (KHTML, like Gecko) Chrome/137.0.7151.103 Mobile Safari/537.36 (compatible; Googlebot/2.1; +http://www.google.com/bot.html)"
66.249.68.34 - - [20/Jul/2025:10:03:25 +0000] "GET /shopdetail/53423432.shtml HTTP/1.1" 200 17928 "-" "Mozilla/5.0 (compatible; Googlebot/2.1; +http://www.google.com/bot.html)"
66.249.68.35 - - [20/Jul/2025:10:07:04 +0000] "GET /shopdetail/959180.shtml HTTP/1.1" 200 18598 "-" "Mozilla/5.0 (compatible; Googlebot/2.1; +http://www.google.com/bot.html)"
66.249.68.34 - - [20/Jul/2025:10:07:34 +0000] "GET /shopdetail/504995166.shtml HTTP/1.1" 200 19112 "-" "Mozilla/5.0 (Linux; Android 6.0.1; Nexus 5X Build/MMB29P) AppleWebKit/537.36 (KHTML, like Gecko) Chrome/137.0.7151.103 Mobile Safari/537.36 (compatible; Googlebot/2.1; +http://www.google.com/bot.html)"
66.249.68.33 - - [20/Jul/2025:10:07:47 +0000] "GET /shopdetail/1239336.shtml HTTP/1.1" 200 18013 "-" "Mozilla/5.0 (compatible; Googlebot/2.1; +http://www.google.com/bot.html)"
66.249.68.35 - - [20/Jul/2025:10:09:02 +0000] "GET /shopdetail/4094180.shtml HTTP/1.1" 200 18262 "-" "Mozilla/5.0 (Linux; Android 6.0.1; Nexus 5X Build/MMB29P) AppleWebKit/537.36 (KHTML, like Gecko) Chrome/137.0.7151.103 Mobile Safari/537.36 (compatible; Googlebot/2.1; +http://www.google.com/bot.html)"
66.249.68.33 - - [20/Jul/2025:10:09:42 +0000] "GET /shopdetail/1336414.shtml HTTP/1.1" 200 18517 "-" "Mozilla/5.0 (Linux; Android 6.0.1; Nexus 5X Build/MMB29P) AppleWebKit/537.36 (KHTML, like Gecko) Chrome/137.0.7151.103 Mobile Safari/537.36 (compatible; Googlebot/2.1; +http://www.google.com/bot.html)"
66.249.68.33 - - [20/Jul/2025:10:09:50 +0000] "GET /shopdetail/2563012.shtml HTTP/1.1" 200 18349 "-" "Mozilla/5.0 (Linux; Android 6.0.1; Nexus 5X Build/MMB29P) AppleWebKit/537.36 (KHTML, like Gecko) Chrome/137.0.7151.103 Mobile Safari/537.36 (compatible; Googlebot/2.1; +http://www.google.com/bot.html)"
66.249.68.33 - - [20/Jul/2025:10:10:23 +0000] "GET /shopdetail/1232600.shtml HTTP/1.1" 200 17779 "-" "Mozilla/5.0 (compatible; Googlebot/2.1; +http://www.google.com/bot.html)"
66.249.68.34 - - [20/Jul/2025:10:10:53 +0000] "GET /shopdetail/59844830.shtml HTTP/1.1" 200 19392 "-" "Mozilla/5.0 (Linux; Android 6.0.1; Nexus 5X Build/MMB29P) AppleWebKit/537.36 (KHTML, like Gecko) Chrome/137.0.7151.103 Mobile Safari/537.36 (compatible; Googlebot/2.1; +http://www.google.com/bot.html)"
66.249.68.33 - - [20/Jul/2025:10:10:56 +0000] "GET /shopdetail/1674512.shtml HTTP/1.1" 200 18489 "-" "Mozilla/5.0 (compatible; Googlebot/2.1; +http://www.google.com/bot.html)"
66.249.68.33 - - [20/Jul/2025:10:14:06 +0000] "GET /shopdetail/1662170.shtml HTTP/1.1" 200 19981 "-" "Mozilla/5.0 (compatible; Googlebot/2.1; +http://www.google.com/bot.html)"
66.249.68.33 - - [20/Jul/2025:10:15:05 +0000] "GET /shopdetail/59862850.shtml HTTP/1.1" 200 20099 "-" "Mozilla/5.0 (Linux; Android 6.0.1; Nexus 5X Build/MMB29P) AppleWebKit/537.36 (KHTML, like Gecko) Chrome/137.0.7151.103 Mobile Safari/537.36 (compatible; Googlebot/2.1; +http://www.google.com/bot.html)"
45.227.253.15 - - [20/Jul/2025:10:19:56 +0000] "GET /?of=1 HTTP/1.1" 200 8847 "-" "Mozilla/5.0 (Windows NT 6.1; Win64; x64) AppleWebKit/537.36 (KHTML, like Gecko) Chrome/86.0.4240.111 Safari/537.36"
66.249.68.35 - - [20/Jul/2025:10:23:19 +0000] "GET /shopdetail/1509394.shtml HTTP/1.1" 200 17974 "-" "Mozilla/5.0 (compatible; Googlebot/2.1; +http://www.google.com/bot.html)"
66.249.68.33 - - [20/Jul/2025:10:23:25 +0000] "GET /shopdetail/1098232.shtml HTTP/1.1" 200 17946 "-" "Mozilla/5.0 (Linux; Android 6.0.1; Nexus 5X Build/MMB29P) AppleWebKit/537.36 (KHTML, like Gecko) Chrome/137.0.7151.103 Mobile Safari/537.36 (compatible; Googlebot/2.1; +http://www.google.com/bot.html)"
66.249.68.33 - - [20/Jul/2025:10:23:57 +0000] "GET /shopdetail/2511998.shtml HTTP/1.1" 200 18346 "-" "Mozilla/5.0 (compatible; Googlebot/2.1; +http://www.google.com/bot.html)"
66.249.70.195 - - [20/Jul/2025:10:29:19 +0000] "GET /shopdetail/871410.shtml HTTP/1.1" 200 20502 "-" "Mozilla/5.0 (compatible; Googlebot/2.1; +http://www.google.com/bot.html)"
66.249.68.34 - - [20/Jul/2025:10:30:54 +0000] "GET /shopdetail/5743680.shtml HTTP/1.1" 200 19877 "-" "Mozilla/5.0 (Linux; Android 6.0.1; Nexus 5X Build/MMB29P) AppleWebKit/537.36 (KHTML, like Gecko) Chrome/137.0.7151.103 Mobile Safari/537.36 (compatible; Googlebot/2.1; +http://www.google.com/bot.html)"
44.243.233.21 - - [20/Jul/2025:10:31:29 +0000] "GET / HTTP/1.1" 200 40555 "-" "Mozilla/5.0 (X11; Linux x86_64) AppleWebKit/537.36 (KHTML, like Gecko) Chrome/83.0.4103.97 Safari/537.36"
66.249.68.35 - - [20/Jul/2025:10:32:08 +0000] "GET /shopdetail/1260986.shtml HTTP/1.1" 200 19425 "-" "Mozilla/5.0 (Linux; Android 6.0.1; Nexus 5X Build/MMB29P) AppleWebKit/537.36 (KHTML, like Gecko) Chrome/137.0.7151.103 Mobile Safari/537.36 (compatible; Googlebot/2.1; +http://www.google.com/bot.html)"
66.249.68.33 - - [20/Jul/2025:10:32:14 +0000] "GET /safe_search/config?return_url=%2Fproduct%2Fdetail%2FC3547288574 HTTP/1.1" 200 20999 "-" "Mozilla/5.0 (Linux; Android 6.0.1; Nexus 5X Build/MMB29P) AppleWebKit/537.36 (KHTML, like Gecko) Chrome/137.0.7151.103 Mobile Safari/537.36 (compatible; Googlebot/2.1; +http://www.google.com/bot.html)"
66.249.73.228 - - [20/Jul/2025:10:33:07 +0000] "GET /pcmypage?callback=/product%2Fdetail%2FC2742455164 HTTP/1.1" 200 21010 "-" "Mozilla/5.0 (Linux; Android 6.0.1; Nexus 5X Build/MMB29P) AppleWebKit/537.36 (KHTML, like Gecko) Chrome/137.0.7151.103 Mobile Safari/537.36 (compatible; Googlebot/2.1; +http://www.google.com/bot.html)"
85.208.96.198 - - [20/Jul/2025:10:33:07 +0000] "GET /robots.txt HTTP/1.1" 200 94 "-" "Mozilla/5.0 (compatible; SemrushBot/7~bl; +http://www.semrush.com/bot.html)"
209.74.77.214 - - [20/Jul/2025:10:33:10 +0000] "POST /wp-cron.php?doing_wp_cron=1753007590.4391179084777832031250 HTTP/1.1" 200 - "-" "WordPress/6.8.2; https://cartel.express"
185.191.171.19 - - [20/Jul/2025:10:33:08 +0000] "GET /product/all-season-tire/ HTTP/1.1" 200 40822 "-" "Mozilla/5.0 (compatible; SemrushBot/7~bl; +http://www.semrush.com/bot.html)"
66.249.68.35 - - [20/Jul/2025:10:34:51 +0000] "GET /shopdetail/60430150.shtml HTTP/1.1" 200 18302 "-" "Mozilla/5.0 (Linux; Android 6.0.1; Nexus 5X Build/MMB29P) AppleWebKit/537.36 (KHTML, like Gecko) Chrome/137.0.7151.103 Mobile Safari/537.36 (compatible; Googlebot/2.1; +http://www.google.com/bot.html)"
66.249.68.33 - - [20/Jul/2025:10:35:48 +0000] "GET /shopdetail/1519620.shtml HTTP/1.1" 200 19993 "-" "Mozilla/5.0 (Linux; Android 6.0.1; Nexus 5X Build/MMB29P) AppleWebKit/537.36 (KHTML, like Gecko) Chrome/137.0.7151.103 Mobile Safari/537.36 (compatible; Googlebot/2.1; +http://www.google.com/bot.html)"
209.74.77.214 - - [20/Jul/2025:10:36:48 +0000] "POST /wp-cron.php?doing_wp_cron=1753007808.0606460571289062500000 HTTP/1.1" 200 - "-" "WordPress/6.8.2; https://cartel.express"
85.208.96.201 - - [20/Jul/2025:10:36:45 +0000] "GET /tag/rims/ HTTP/1.1" 200 26089 "-" "Mozilla/5.0 (compatible; SemrushBot/7~bl; +http://www.semrush.com/bot.html)"
66.249.68.33 - - [20/Jul/2025:10:37:38 +0000] "GET /shopdetail/1125296.shtml HTTP/1.1" 200 19252 "-" "Mozilla/5.0 (compatible; Googlebot/2.1; +http://www.google.com/bot.html)"
66.249.68.34 - - [20/Jul/2025:10:37:55 +0000] "GET /shopdetail/4325498.shtml HTTP/1.1" 200 18319 "-" "Mozilla/5.0 (Linux; Android 6.0.1; Nexus 5X Build/MMB29P) AppleWebKit/537.36 (KHTML, like Gecko) Chrome/137.0.7151.103 Mobile Safari/537.36 (compatible; Googlebot/2.1; +http://www.google.com/bot.html)"
66.249.73.227 - - [20/Jul/2025:10:38:35 +0000] "POST /get-message-notify HTTP/1.1" 200 18694 "https://www.cartel.express/pcmypage?callback=/product%2Fdetail%2FC2742455164" "Mozilla/5.0 (Linux; Android 6.0.1; Nexus 5X Build/MMB29P) AppleWebKit/537.36 (KHTML, like Gecko) Chrome/137.0.7151.119 Mobile Safari/537.36 (compatible; Googlebot/2.1; +http://www.google.com/bot.html)"
66.249.68.35 - - [20/Jul/2025:10:40:34 +0000] "GET /shopdetail/962618.shtml HTTP/1.1" 200 18226 "-" "Mozilla/5.0 (Linux; Android 6.0.1; Nexus 5X Build/MMB29P) AppleWebKit/537.36 (KHTML, like Gecko) Chrome/137.0.7151.103 Mobile Safari/537.36 (compatible; Googlebot/2.1; +http://www.google.com/bot.html)"
43.166.226.57 - - [20/Jul/2025:10:40:56 +0000] "GET / HTTP/1.1" 200 40646 "http://cartel.express" "Mozilla/5.0 (iPhone; CPU iPhone OS 13_2_3 like Mac OS X) AppleWebKit/605.1.15 (KHTML, like Gecko) Version/13.0.3 Mobile/15E148 Safari/604.1"
66.249.68.35 - - [20/Jul/2025:10:42:33 +0000] "GET /255 HTTP/1.1" 200 20951 "-" "Googlebot-Image/1.0"
66.249.68.34 - - [20/Jul/2025:10:44:53 +0000] "GET /shopdetail/2456032.shtml HTTP/1.1" 200 18795 "-" "Mozilla/5.0 (compatible; Googlebot/2.1; +http://www.google.com/bot.html)"
66.249.68.34 - - [20/Jul/2025:10:45:09 +0000] "GET /shopdetail/1695006580.shtml HTTP/1.1" 200 20285 "-" "Mozilla/5.0 (compatible; Googlebot/2.1; +http://www.google.com/bot.html)"
66.249.68.35 - - [20/Jul/2025:10:47:08 +0000] "GET /shopdetail/1334964.shtml HTTP/1.1" 200 18467 "-" "Mozilla/5.0 (compatible; Googlebot/2.1; +http://www.google.com/bot.html)"
66.249.68.33 - - [20/Jul/2025:10:50:00 +0000] "GET /shopdetail/884076.shtml HTTP/1.1" 200 19208 "-" "Mozilla/5.0 (Linux; Android 6.0.1; Nexus 5X Build/MMB29P) AppleWebKit/537.36 (KHTML, like Gecko) Chrome/137.0.7151.103 Mobile Safari/537.36 (compatible; Googlebot/2.1; +http://www.google.com/bot.html)"
66.249.68.34 - - [20/Jul/2025:10:50:14 +0000] "GET /shopdetail/5669378.shtml HTTP/1.1" 200 19815 "-" "Mozilla/5.0 (Linux; Android 6.0.1; Nexus 5X Build/MMB29P) AppleWebKit/537.36 (KHTML, like Gecko) Chrome/137.0.7151.103 Mobile Safari/537.36 (compatible; Googlebot/2.1; +http://www.google.com/bot.html)"
66.249.68.33 - - [20/Jul/2025:10:50:17 +0000] "POST /get-message-notify HTTP/1.1" 200 18672 "https://cartel.express/shopdetail/5669378.shtml" "Mozilla/5.0 (Linux; Android 6.0.1; Nexus 5X Build/MMB29P) AppleWebKit/537.36 (KHTML, like Gecko) Chrome/137.0.7151.119 Mobile Safari/537.36 (compatible; Googlebot/2.1; +http://www.google.com/bot.html)"
66.249.68.33 - - [20/Jul/2025:10:50:45 +0000] "GET /safe_search/config?return_url=%2Fproduct%2Fdetail%2FC3895578381 HTTP/1.1" 200 20999 "-" "Mozilla/5.0 (Linux; Android 6.0.1; Nexus 5X Build/MMB29P) AppleWebKit/537.36 (KHTML, like Gecko) Chrome/137.0.7151.103 Mobile Safari/537.36 (compatible; Googlebot/2.1; +http://www.google.com/bot.html)"
66.249.68.33 - - [20/Jul/2025:10:50:50 +0000] "GET /shopdetail/1092513776.shtml HTTP/1.1" 200 19540 "-" "Mozilla/5.0 (Linux; Android 6.0.1; Nexus 5X Build/MMB29P) AppleWebKit/537.36 (KHTML, like Gecko) Chrome/137.0.7151.103 Mobile Safari/537.36 (compatible; Googlebot/2.1; +http://www.google.com/bot.html)"
66.249.68.34 - - [20/Jul/2025:10:52:36 +0000] "GET /shopdetail/5613476.shtml HTTP/1.1" 200 18385 "-" "Mozilla/5.0 (Linux; Android 6.0.1; Nexus 5X Build/MMB29P) AppleWebKit/537.36 (KHTML, like Gecko) Chrome/137.0.7151.103 Mobile Safari/537.36 (compatible; Googlebot/2.1; +http://www.google.com/bot.html)"
66.249.68.33 - - [20/Jul/2025:10:52:57 +0000] "GET /shopdetail/57639382.shtml HTTP/1.1" 200 18538 "-" "Mozilla/5.0 (compatible; Googlebot/2.1; +http://www.google.com/bot.html)"
66.249.68.34 - - [20/Jul/2025:10:54:19 +0000] "GET /shopdetail/1486494.shtml HTTP/1.1" 200 18076 "-" "Mozilla/5.0 (compatible; Googlebot/2.1; +http://www.google.com/bot.html)"
66.249.68.33 - - [20/Jul/2025:10:55:05 +0000] "GET /shopdetail/5670624.shtml HTTP/1.1" 200 17858 "-" "Mozilla/5.0 (Linux; Android 6.0.1; Nexus 5X Build/MMB29P) AppleWebKit/537.36 (KHTML, like Gecko) Chrome/137.0.7151.103 Mobile Safari/537.36 (compatible; Googlebot/2.1; +http://www.google.com/bot.html)"
66.249.68.34 - - [20/Jul/2025:10:55:13 +0000] "GET /?pcmypage?callback=product%2Fdetail%2FC3503730216 HTTP/1.1" 200 20985 "-" "Mozilla/5.0 (Linux; Android 6.0.1; Nexus 5X Build/MMB29P) AppleWebKit/537.36 (KHTML, like Gecko) Chrome/137.0.7151.103 Mobile Safari/537.36 (compatible; Googlebot/2.1; +http://www.google.com/bot.html)"
66.249.68.33 - - [20/Jul/2025:10:55:17 +0000] "GET /?pcmypage?callback=product%2Fdetail%2FC2400631759 HTTP/1.1" 200 20984 "-" "Mozilla/5.0 (Linux; Android 6.0.1; Nexus 5X Build/MMB29P) AppleWebKit/537.36 (KHTML, like Gecko) Chrome/137.0.7151.103 Mobile Safari/537.36 (compatible; Googlebot/2.1; +http://www.google.com/bot.html)"
66.249.68.35 - - [20/Jul/2025:10:56:43 +0000] "GET /shopdetail/1519552.shtml HTTP/1.1" 200 18169 "-" "Mozilla/5.0 (compatible; Googlebot/2.1; +http://www.google.com/bot.html)"
66.249.68.34 - - [20/Jul/2025:10:57:31 +0000] "GET /shopdetail/4068908.shtml HTTP/1.1" 200 18406 "-" "Mozilla/5.0 (Linux; Android 6.0.1; Nexus 5X Build/MMB29P) AppleWebKit/537.36 (KHTML, like Gecko) Chrome/137.0.7151.103 Mobile Safari/537.36 (compatible; Googlebot/2.1; +http://www.google.com/bot.html)"
66.249.68.34 - - [20/Jul/2025:10:57:49 +0000] "GET /shopdetail/53833464.shtml HTTP/1.1" 200 19971 "-" "Mozilla/5.0 (Linux; Android 6.0.1; Nexus 5X Build/MMB29P) AppleWebKit/537.36 (KHTML, like Gecko) Chrome/137.0.7151.103 Mobile Safari/537.36 (compatible; Googlebot/2.1; +http://www.google.com/bot.html)"
66.249.68.34 - - [20/Jul/2025:10:59:45 +0000] "GET /shopdetail/1688108.shtml HTTP/1.1" 200 19884 "-" "Mozilla/5.0 (Linux; Android 6.0.1; Nexus 5X Build/MMB29P) AppleWebKit/537.36 (KHTML, like Gecko) Chrome/137.0.7151.103 Mobile Safari/537.36 (compatible; Googlebot/2.1; +http://www.google.com/bot.html)"
