216.73.216.11 - - [19/Jul/2025:23:22:52 +0000] "GET /item/instr60352493 HTTP/1.1" 500 - "-" "Mozilla/5.0 AppleWebKit/537.36 (KHTML, like Gecko; compatible; ClaudeBot/1.0; [email protected])"
216.73.216.11 - - [19/Jul/2025:23:22:56 +0000] "GET /item/movem71195070 HTTP/1.1" 500 - "-" "Mozilla/5.0 AppleWebKit/537.36 (KHTML, like Gecko; compatible; ClaudeBot/1.0; [email protected])"
216.73.216.11 - - [19/Jul/2025:23:23:01 +0000] "GET /item/tensi41218195 HTTP/1.1" 500 - "-" "Mozilla/5.0 AppleWebKit/537.36 (KHTML, like Gecko; compatible; ClaudeBot/1.0; [email protected])"
216.73.216.11 - - [19/Jul/2025:23:23:06 +0000] "GET /item/curse21963473 HTTP/1.1" 500 - "-" "Mozilla/5.0 AppleWebKit/537.36 (KHTML, like Gecko; compatible; ClaudeBot/1.0; [email protected])"
216.73.216.11 - - [19/Jul/2025:23:23:11 +0000] "GET /item/towar80713535 HTTP/1.1" 500 - "-" "Mozilla/5.0 AppleWebKit/537.36 (KHTML, like Gecko; compatible; ClaudeBot/1.0; [email protected])"
216.73.216.11 - - [19/Jul/2025:23:23:16 +0000] "GET /item/claw11078832 HTTP/1.1" 500 - "-" "Mozilla/5.0 AppleWebKit/537.36 (KHTML, like Gecko; compatible; ClaudeBot/1.0; [email protected])"
216.73.216.11 - - [19/Jul/2025:23:23:21 +0000] "GET /item/overw20185841 HTTP/1.1" 500 - "-" "Mozilla/5.0 AppleWebKit/537.36 (KHTML, like Gecko; compatible; ClaudeBot/1.0; [email protected])"
216.73.216.11 - - [19/Jul/2025:23:23:26 +0000] "GET /item/decla22127369 HTTP/1.1" 500 - "-" "Mozilla/5.0 AppleWebKit/537.36 (KHTML, like Gecko; compatible; ClaudeBot/1.0; [email protected])"
216.73.216.11 - - [19/Jul/2025:23:23:31 +0000] "GET /item/irreg72505870 HTTP/1.1" 500 - "-" "Mozilla/5.0 AppleWebKit/537.36 (KHTML, like Gecko; compatible; ClaudeBot/1.0; [email protected])"
216.73.216.11 - - [19/Jul/2025:23:23:36 +0000] "GET /item/wave81165407 HTTP/1.1" 500 - "-" "Mozilla/5.0 AppleWebKit/537.36 (KHTML, like Gecko; compatible; ClaudeBot/1.0; [email protected])"
216.73.216.11 - - [19/Jul/2025:23:23:43 +0000] "GET /item/proba82489383 HTTP/1.1" 500 - "-" "Mozilla/5.0 AppleWebKit/537.36 (KHTML, like Gecko; compatible; ClaudeBot/1.0; [email protected])"
216.73.216.11 - - [19/Jul/2025:23:23:47 +0000] "GET /item/lovin11441344 HTTP/1.1" 500 - "-" "Mozilla/5.0 AppleWebKit/537.36 (KHTML, like Gecko; compatible; ClaudeBot/1.0; [email protected])"
216.73.216.11 - - [19/Jul/2025:23:23:51 +0000] "GET /item/ounce30607306 HTTP/1.1" 500 - "-" "Mozilla/5.0 AppleWebKit/537.36 (KHTML, like Gecko; compatible; ClaudeBot/1.0; [email protected])"
216.73.216.11 - - [19/Jul/2025:23:23:56 +0000] "GET /item/neith60752861 HTTP/1.1" 500 - "-" "Mozilla/5.0 AppleWebKit/537.36 (KHTML, like Gecko; compatible; ClaudeBot/1.0; [email protected])"
216.73.216.11 - - [19/Jul/2025:23:24:01 +0000] "GET /item/comb40262707 HTTP/1.1" 500 - "-" "Mozilla/5.0 AppleWebKit/537.36 (KHTML, like Gecko; compatible; ClaudeBot/1.0; [email protected])"
216.73.216.11 - - [19/Jul/2025:23:24:06 +0000] "GET /item/parad12673816 HTTP/1.1" 500 - "-" "Mozilla/5.0 AppleWebKit/537.36 (KHTML, like Gecko; compatible; ClaudeBot/1.0; [email protected])"
216.73.216.11 - - [19/Jul/2025:23:24:11 +0000] "GET /item/roll81558535 HTTP/1.1" 500 - "-" "Mozilla/5.0 AppleWebKit/537.36 (KHTML, like Gecko; compatible; ClaudeBot/1.0; [email protected])"
216.73.216.11 - - [19/Jul/2025:23:24:16 +0000] "GET /item/eamon60575997 HTTP/1.1" 500 - "-" "Mozilla/5.0 AppleWebKit/537.36 (KHTML, like Gecko; compatible; ClaudeBot/1.0; [email protected])"
216.73.216.11 - - [19/Jul/2025:23:24:21 +0000] "GET /item/easil20545713 HTTP/1.1" 500 - "-" "Mozilla/5.0 AppleWebKit/537.36 (KHTML, like Gecko; compatible; ClaudeBot/1.0; [email protected])"
57.141.2.16 - - [19/Jul/2025:23:24:22 +0000] "GET /?e=67564196041000& HTTP/1.1" 500 - "-" "meta-externalagent/1.1 (+https://developers.facebook.com/docs/sharing/webmasters/crawler)"
216.73.216.11 - - [19/Jul/2025:23:24:26 +0000] "GET /item/pine51243180 HTTP/1.1" 500 - "-" "Mozilla/5.0 AppleWebKit/537.36 (KHTML, like Gecko; compatible; ClaudeBot/1.0; [email protected])"
216.73.216.11 - - [19/Jul/2025:23:24:31 +0000] "GET /item/amper52679436 HTTP/1.1" 500 - "-" "Mozilla/5.0 AppleWebKit/537.36 (KHTML, like Gecko; compatible; ClaudeBot/1.0; [email protected])"
216.73.216.11 - - [19/Jul/2025:23:24:36 +0000] "GET /item/garde60888773 HTTP/1.1" 500 - "-" "Mozilla/5.0 AppleWebKit/537.36 (KHTML, like Gecko; compatible; ClaudeBot/1.0; [email protected])"
216.73.216.11 - - [19/Jul/2025:23:24:41 +0000] "GET /item/dune42407923 HTTP/1.1" 500 - "-" "Mozilla/5.0 AppleWebKit/537.36 (KHTML, like Gecko; compatible; ClaudeBot/1.0; [email protected])"
216.73.216.11 - - [19/Jul/2025:23:24:47 +0000] "GET /item/scatt61562981 HTTP/1.1" 500 - "-" "Mozilla/5.0 AppleWebKit/537.36 (KHTML, like Gecko; compatible; ClaudeBot/1.0; [email protected])"
216.73.216.11 - - [19/Jul/2025:23:24:51 +0000] "GET /item/execu52098476 HTTP/1.1" 500 - "-" "Mozilla/5.0 AppleWebKit/537.36 (KHTML, like Gecko; compatible; ClaudeBot/1.0; [email protected])"
216.73.216.11 - - [19/Jul/2025:23:24:56 +0000] "GET /item/findi41286611 HTTP/1.1" 500 - "-" "Mozilla/5.0 AppleWebKit/537.36 (KHTML, like Gecko; compatible; ClaudeBot/1.0; [email protected])"
216.73.216.11 - - [19/Jul/2025:23:25:01 +0000] "GET /item/cone10407952 HTTP/1.1" 500 - "-" "Mozilla/5.0 AppleWebKit/537.36 (KHTML, like Gecko; compatible; ClaudeBot/1.0; [email protected])"
216.73.216.11 - - [19/Jul/2025:23:25:06 +0000] "GET /item/booth41551235 HTTP/1.1" 500 - "-" "Mozilla/5.0 AppleWebKit/537.36 (KHTML, like Gecko; compatible; ClaudeBot/1.0; [email protected])"
216.73.216.11 - - [19/Jul/2025:23:25:11 +0000] "GET /item/tremb30806410 HTTP/1.1" 500 - "-" "Mozilla/5.0 AppleWebKit/537.36 (KHTML, like Gecko; compatible; ClaudeBot/1.0; [email protected])"
216.73.216.11 - - [19/Jul/2025:23:25:16 +0000] "GET /item/shift60726501 HTTP/1.1" 500 - "-" "Mozilla/5.0 AppleWebKit/537.36 (KHTML, like Gecko; compatible; ClaudeBot/1.0; [email protected])"
216.73.216.11 - - [19/Jul/2025:23:25:21 +0000] "GET /item/fancy20286385 HTTP/1.1" 500 - "-" "Mozilla/5.0 AppleWebKit/537.36 (KHTML, like Gecko; compatible; ClaudeBot/1.0; [email protected])"
216.73.216.11 - - [19/Jul/2025:23:25:26 +0000] "GET /item/ideal51955460 HTTP/1.1" 500 - "-" "Mozilla/5.0 AppleWebKit/537.36 (KHTML, like Gecko; compatible; ClaudeBot/1.0; [email protected])"
216.73.216.11 - - [19/Jul/2025:23:25:31 +0000] "GET /item/got71307950 HTTP/1.1" 500 - "-" "Mozilla/5.0 AppleWebKit/537.36 (KHTML, like Gecko; compatible; ClaudeBot/1.0; [email protected])"
20.171.207.121 - - [19/Jul/2025:23:25:36 +0000] "GET /item/2743935/ HTTP/1.1" 500 - "-" "Mozilla/5.0 AppleWebKit/537.36 (KHTML, like Gecko; compatible; GPTBot/1.2; +https://openai.com/gptbot)"
216.73.216.11 - - [19/Jul/2025:23:25:36 +0000] "GET /item/next32032730 HTTP/1.1" 500 - "-" "Mozilla/5.0 AppleWebKit/537.36 (KHTML, like Gecko; compatible; ClaudeBot/1.0; [email protected])"
216.73.216.11 - - [19/Jul/2025:23:25:42 +0000] "GET /item/path80864887 HTTP/1.1" 500 - "-" "Mozilla/5.0 AppleWebKit/537.36 (KHTML, like Gecko; compatible; ClaudeBot/1.0; [email protected])"
216.73.216.11 - - [19/Jul/2025:23:25:46 +0000] "GET /item/eleva31509530 HTTP/1.1" 500 - "-" "Mozilla/5.0 AppleWebKit/537.36 (KHTML, like Gecko; compatible; ClaudeBot/1.0; [email protected])"
216.73.216.11 - - [19/Jul/2025:23:25:51 +0000] "GET /item/state81228743 HTTP/1.1" 500 - "-" "Mozilla/5.0 AppleWebKit/537.36 (KHTML, like Gecko; compatible; ClaudeBot/1.0; [email protected])"
216.73.216.11 - - [19/Jul/2025:23:25:56 +0000] "GET /item/move11896416 HTTP/1.1" 500 - "-" "Mozilla/5.0 AppleWebKit/537.36 (KHTML, like Gecko; compatible; ClaudeBot/1.0; [email protected])"
216.73.216.11 - - [19/Jul/2025:23:26:01 +0000] "GET /item/dissa80106439 HTTP/1.1" 500 - "-" "Mozilla/5.0 AppleWebKit/537.36 (KHTML, like Gecko; compatible; ClaudeBot/1.0; [email protected])"
216.73.216.11 - - [19/Jul/2025:23:26:06 +0000] "GET /item/typis50195132 HTTP/1.1" 500 - "-" "Mozilla/5.0 AppleWebKit/537.36 (KHTML, like Gecko; compatible; ClaudeBot/1.0; [email protected])"
216.73.216.11 - - [19/Jul/2025:23:26:11 +0000] "GET /item/gloom40762059 HTTP/1.1" 500 - "-" "Mozilla/5.0 AppleWebKit/537.36 (KHTML, like Gecko; compatible; ClaudeBot/1.0; [email protected])"
216.73.216.11 - - [19/Jul/2025:23:26:16 +0000] "GET /item/sheep10277672 HTTP/1.1" 500 - "-" "Mozilla/5.0 AppleWebKit/537.36 (KHTML, like Gecko; compatible; ClaudeBot/1.0; [email protected])"
216.73.216.11 - - [19/Jul/2025:23:26:21 +0000] "GET /item/slice60065645 HTTP/1.1" 500 - "-" "Mozilla/5.0 AppleWebKit/537.36 (KHTML, like Gecko; compatible; ClaudeBot/1.0; [email protected])"
216.73.216.11 - - [19/Jul/2025:23:26:26 +0000] "GET /item/footh12726232 HTTP/1.1" 500 - "-" "Mozilla/5.0 AppleWebKit/537.36 (KHTML, like Gecko; compatible; ClaudeBot/1.0; [email protected])"
57.141.2.29 - - [19/Jul/2025:23:26:29 +0000] "GET /?e=20818027001000& HTTP/1.1" 500 - "-" "meta-externalagent/1.1 (+https://developers.facebook.com/docs/sharing/webmasters/crawler)"
216.73.216.11 - - [19/Jul/2025:23:26:31 +0000] "GET /item/dune40235923 HTTP/1.1" 500 - "-" "Mozilla/5.0 AppleWebKit/537.36 (KHTML, like Gecko; compatible; ClaudeBot/1.0; [email protected])"
216.73.216.11 - - [19/Jul/2025:23:26:37 +0000] "GET /item/micro62393501 HTTP/1.1" 500 - "-" "Mozilla/5.0 AppleWebKit/537.36 (KHTML, like Gecko; compatible; ClaudeBot/1.0; [email protected])"
20.171.207.121 - - [19/Jul/2025:23:26:41 +0000] "GET /item/5264208/ HTTP/1.1" 500 - "-" "Mozilla/5.0 AppleWebKit/537.36 (KHTML, like Gecko; compatible; GPTBot/1.2; +https://openai.com/gptbot)"
216.73.216.11 - - [19/Jul/2025:23:26:42 +0000] "GET /item/what42848803 HTTP/1.1" 500 - "-" "Mozilla/5.0 AppleWebKit/537.36 (KHTML, like Gecko; compatible; ClaudeBot/1.0; [email protected])"
216.73.216.11 - - [19/Jul/2025:23:26:47 +0000] "GET /item/flavo21023081 HTTP/1.1" 500 - "-" "Mozilla/5.0 AppleWebKit/537.36 (KHTML, like Gecko; compatible; ClaudeBot/1.0; [email protected])"
216.73.216.11 - - [19/Jul/2025:23:26:52 +0000] "GET /item/shape11720752 HTTP/1.1" 500 - "-" "Mozilla/5.0 AppleWebKit/537.36 (KHTML, like Gecko; compatible; ClaudeBot/1.0; [email protected])"
216.73.216.11 - - [19/Jul/2025:23:26:57 +0000] "GET /item/divor62314725 HTTP/1.1" 500 - "-" "Mozilla/5.0 AppleWebKit/537.36 (KHTML, like Gecko; compatible; ClaudeBot/1.0; [email protected])"
216.73.216.11 - - [19/Jul/2025:23:27:02 +0000] "GET /item/clini20425905 HTTP/1.1" 500 - "-" "Mozilla/5.0 AppleWebKit/537.36 (KHTML, like Gecko; compatible; ClaudeBot/1.0; [email protected])"
216.73.216.11 - - [19/Jul/2025:23:27:07 +0000] "GET /item/arith80795183 HTTP/1.1" 500 - "-" "Mozilla/5.0 AppleWebKit/537.36 (KHTML, like Gecko; compatible; ClaudeBot/1.0; [email protected])"
57.141.2.4 - - [19/Jul/2025:23:27:08 +0000] "GET /?e=115724558021000& HTTP/1.1" 500 - "-" "meta-externalagent/1.1 (+https://developers.facebook.com/docs/sharing/webmasters/crawler)"
216.73.216.11 - - [19/Jul/2025:23:27:12 +0000] "GET /item/mock11031864 HTTP/1.1" 500 - "-" "Mozilla/5.0 AppleWebKit/537.36 (KHTML, like Gecko; compatible; ClaudeBot/1.0; [email protected])"
216.73.216.11 - - [19/Jul/2025:23:27:17 +0000] "GET /item/gape20343841 HTTP/1.1" 500 - "-" "Mozilla/5.0 AppleWebKit/537.36 (KHTML, like Gecko; compatible; ClaudeBot/1.0; [email protected])"
216.73.216.11 - - [19/Jul/2025:23:27:22 +0000] "GET /item/blast61075437 HTTP/1.1" 500 - "-" "Mozilla/5.0 AppleWebKit/537.36 (KHTML, like Gecko; compatible; ClaudeBot/1.0; [email protected])"
216.73.216.11 - - [19/Jul/2025:23:27:27 +0000] "GET /item/hare42730507 HTTP/1.1" 500 - "-" "Mozilla/5.0 AppleWebKit/537.36 (KHTML, like Gecko; compatible; ClaudeBot/1.0; [email protected])"
216.73.216.11 - - [19/Jul/2025:23:27:32 +0000] "GET /item/sprin62181013 HTTP/1.1" 500 - "-" "Mozilla/5.0 AppleWebKit/537.36 (KHTML, like Gecko; compatible; ClaudeBot/1.0; [email protected])"
66.249.68.5 - - [19/Jul/2025:23:27:35 +0000] "GET /item/cozy31105874/ HTTP/1.1" 200 40425 "-" "Mozilla/5.0 (Linux; Android 6.0.1; Nexus 5X Build/MMB29P) AppleWebKit/537.36 (KHTML, like Gecko) Chrome/137.0.7151.103 Mobile Safari/537.36 (compatible; Googlebot/2.1; +http://www.google.com/bot.html)"
216.73.216.11 - - [19/Jul/2025:23:27:37 +0000] "GET /item/fade21938017 HTTP/1.1" 500 - "-" "Mozilla/5.0 AppleWebKit/537.36 (KHTML, like Gecko; compatible; ClaudeBot/1.0; [email protected])"
216.73.216.11 - - [19/Jul/2025:23:27:42 +0000] "GET /item/commo51748100 HTTP/1.1" 500 - "-" "Mozilla/5.0 AppleWebKit/537.36 (KHTML, like Gecko; compatible; ClaudeBot/1.0; [email protected])"
20.171.207.121 - - [19/Jul/2025:23:27:44 +0000] "GET /item/4926881/ HTTP/1.1" 500 - "-" "Mozilla/5.0 AppleWebKit/537.36 (KHTML, like Gecko; compatible; GPTBot/1.2; +https://openai.com/gptbot)"
216.73.216.11 - - [19/Jul/2025:23:27:47 +0000] "GET /item/democ42105979 HTTP/1.1" 500 - "-" "Mozilla/5.0 AppleWebKit/537.36 (KHTML, like Gecko; compatible; ClaudeBot/1.0; [email protected])"
216.73.216.11 - - [19/Jul/2025:23:27:52 +0000] "GET /item/warm21932649 HTTP/1.1" 500 - "-" "Mozilla/5.0 AppleWebKit/537.36 (KHTML, like Gecko; compatible; ClaudeBot/1.0; [email protected])"
216.73.216.11 - - [19/Jul/2025:23:27:57 +0000] "GET /item/cryst80527431 HTTP/1.1" 500 - "-" "Mozilla/5.0 AppleWebKit/537.36 (KHTML, like Gecko; compatible; ClaudeBot/1.0; [email protected])"
216.73.216.11 - - [19/Jul/2025:23:28:02 +0000] "GET /item/abrup31902442 HTTP/1.1" 500 - "-" "Mozilla/5.0 AppleWebKit/537.36 (KHTML, like Gecko; compatible; ClaudeBot/1.0; [email protected])"
216.73.216.11 - - [19/Jul/2025:23:28:07 +0000] "GET /item/toget32516986 HTTP/1.1" 500 - "-" "Mozilla/5.0 AppleWebKit/537.36 (KHTML, like Gecko; compatible; ClaudeBot/1.0; [email protected])"
216.73.216.11 - - [19/Jul/2025:23:28:12 +0000] "GET /item/side80613311 HTTP/1.1" 500 - "-" "Mozilla/5.0 AppleWebKit/537.36 (KHTML, like Gecko; compatible; ClaudeBot/1.0; [email protected])"
216.73.216.11 - - [19/Jul/2025:23:28:17 +0000] "GET /item/kingd20571265 HTTP/1.1" 500 - "-" "Mozilla/5.0 AppleWebKit/537.36 (KHTML, like Gecko; compatible; ClaudeBot/1.0; [email protected])"
216.73.216.11 - - [19/Jul/2025:23:28:22 +0000] "GET /item/unwil12238368 HTTP/1.1" 500 - "-" "Mozilla/5.0 AppleWebKit/537.36 (KHTML, like Gecko; compatible; ClaudeBot/1.0; [email protected])"
216.73.216.11 - - [19/Jul/2025:23:28:27 +0000] "GET /item/traff41520547 HTTP/1.1" 500 - "-" "Mozilla/5.0 AppleWebKit/537.36 (KHTML, like Gecko; compatible; ClaudeBot/1.0; [email protected])"
216.73.216.11 - - [19/Jul/2025:23:28:32 +0000] "GET /item/snap11083816 HTTP/1.1" 500 - "-" "Mozilla/5.0 AppleWebKit/537.36 (KHTML, like Gecko; compatible; ClaudeBot/1.0; [email protected])"
216.73.216.11 - - [19/Jul/2025:23:28:38 +0000] "GET /item/unimp62873373 HTTP/1.1" 500 - "-" "Mozilla/5.0 AppleWebKit/537.36 (KHTML, like Gecko; compatible; ClaudeBot/1.0; [email protected])"
216.73.216.11 - - [19/Jul/2025:23:28:42 +0000] "GET /item/insuf50190844 HTTP/1.1" 500 - "-" "Mozilla/5.0 AppleWebKit/537.36 (KHTML, like Gecko; compatible; ClaudeBot/1.0; [email protected])"
216.73.216.11 - - [19/Jul/2025:23:28:47 +0000] "GET /item/arm30328298 HTTP/1.1" 500 - "-" "Mozilla/5.0 AppleWebKit/537.36 (KHTML, like Gecko; compatible; ClaudeBot/1.0; [email protected])"
20.171.207.121 - - [19/Jul/2025:23:28:49 +0000] "GET /item/3217576/ HTTP/1.1" 500 - "-" "Mozilla/5.0 AppleWebKit/537.36 (KHTML, like Gecko; compatible; GPTBot/1.2; +https://openai.com/gptbot)"
216.73.216.11 - - [19/Jul/2025:23:28:52 +0000] "GET /item/clini22341905 HTTP/1.1" 500 - "-" "Mozilla/5.0 AppleWebKit/537.36 (KHTML, like Gecko; compatible; ClaudeBot/1.0; [email protected])"
216.73.216.11 - - [19/Jul/2025:23:28:57 +0000] "GET /item/error52522580 HTTP/1.1" 500 - "-" "Mozilla/5.0 AppleWebKit/537.36 (KHTML, like Gecko; compatible; ClaudeBot/1.0; [email protected])"
216.73.216.11 - - [19/Jul/2025:23:29:03 +0000] "GET /item/type41869779 HTTP/1.1" 500 - "-" "Mozilla/5.0 AppleWebKit/537.36 (KHTML, like Gecko; compatible; ClaudeBot/1.0; [email protected])"
216.73.216.11 - - [19/Jul/2025:23:29:07 +0000] "GET /item/elsew42335299 HTTP/1.1" 500 - "-" "Mozilla/5.0 AppleWebKit/537.36 (KHTML, like Gecko; compatible; ClaudeBot/1.0; [email protected])"
216.73.216.11 - - [19/Jul/2025:23:29:12 +0000] "GET /item/glide40278651 HTTP/1.1" 500 - "-" "Mozilla/5.0 AppleWebKit/537.36 (KHTML, like Gecko; compatible; ClaudeBot/1.0; [email protected])"
216.73.216.11 - - [19/Jul/2025:23:29:17 +0000] "GET /item/purpl82616279 HTTP/1.1" 500 - "-" "Mozilla/5.0 AppleWebKit/537.36 (KHTML, like Gecko; compatible; ClaudeBot/1.0; [email protected])"
216.73.216.11 - - [19/Jul/2025:23:29:22 +0000] "GET /item/panel72438742 HTTP/1.1" 500 - "-" "Mozilla/5.0 AppleWebKit/537.36 (KHTML, like Gecko; compatible; ClaudeBot/1.0; [email protected])"
216.73.216.11 - - [19/Jul/2025:23:29:27 +0000] "GET /item/helpl41418971 HTTP/1.1" 500 - "-" "Mozilla/5.0 AppleWebKit/537.36 (KHTML, like Gecko; compatible; ClaudeBot/1.0; [email protected])"
216.73.216.11 - - [19/Jul/2025:23:29:33 +0000] "GET /item/would32240858 HTTP/1.1" 500 - "-" "Mozilla/5.0 AppleWebKit/537.36 (KHTML, like Gecko; compatible; ClaudeBot/1.0; [email protected])"
216.73.216.11 - - [19/Jul/2025:23:29:37 +0000] "GET /item/overw20625841 HTTP/1.1" 500 - "-" "Mozilla/5.0 AppleWebKit/537.36 (KHTML, like Gecko; compatible; ClaudeBot/1.0; [email protected])"
216.73.216.11 - - [19/Jul/2025:23:29:43 +0000] "GET /item/bat81815071 HTTP/1.1" 500 - "-" "Mozilla/5.0 AppleWebKit/537.36 (KHTML, like Gecko; compatible; ClaudeBot/1.0; [email protected])"
216.73.216.11 - - [19/Jul/2025:23:29:48 +0000] "GET /item/solut70721486 HTTP/1.1" 500 - "-" "Mozilla/5.0 AppleWebKit/537.36 (KHTML, like Gecko; compatible; ClaudeBot/1.0; [email protected])"
20.171.207.121 - - [19/Jul/2025:23:29:52 +0000] "GET /item/5702326/ HTTP/1.1" 500 - "-" "Mozilla/5.0 AppleWebKit/537.36 (KHTML, like Gecko; compatible; GPTBot/1.2; +https://openai.com/gptbot)"
216.73.216.11 - - [19/Jul/2025:23:29:53 +0000] "GET /item/refer21882809 HTTP/1.1" 500 - "-" "Mozilla/5.0 AppleWebKit/537.36 (KHTML, like Gecko; compatible; ClaudeBot/1.0; [email protected])"
216.73.216.11 - - [19/Jul/2025:23:29:58 +0000] "GET /item/wheat20968153 HTTP/1.1" 500 - "-" "Mozilla/5.0 AppleWebKit/537.36 (KHTML, like Gecko; compatible; ClaudeBot/1.0; [email protected])"
216.73.216.11 - - [19/Jul/2025:23:30:03 +0000] "GET /item/elast21246529 HTTP/1.1" 500 - "-" "Mozilla/5.0 AppleWebKit/537.36 (KHTML, like Gecko; compatible; ClaudeBot/1.0; [email protected])"
216.73.216.11 - - [19/Jul/2025:23:30:08 +0000] "GET /item/drunk42114923 HTTP/1.1" 500 - "-" "Mozilla/5.0 AppleWebKit/537.36 (KHTML, like Gecko; compatible; ClaudeBot/1.0; [email protected])"
216.73.216.11 - - [19/Jul/2025:23:30:13 +0000] "GET /item/wave80429407 HTTP/1.1" 500 - "-" "Mozilla/5.0 AppleWebKit/537.36 (KHTML, like Gecko; compatible; ClaudeBot/1.0; [email protected])"
216.73.216.11 - - [19/Jul/2025:23:30:18 +0000] "GET /item/stoop10331600 HTTP/1.1" 500 - "-" "Mozilla/5.0 AppleWebKit/537.36 (KHTML, like Gecko; compatible; ClaudeBot/1.0; [email protected])"
216.73.216.11 - - [19/Jul/2025:23:30:23 +0000] "GET /item/am11273688 HTTP/1.1" 500 - "-" "Mozilla/5.0 AppleWebKit/537.36 (KHTML, like Gecko; compatible; ClaudeBot/1.0; [email protected])"
216.73.216.11 - - [19/Jul/2025:23:30:28 +0000] "GET /item/refle82334375 HTTP/1.1" 500 - "-" "Mozilla/5.0 AppleWebKit/537.36 (KHTML, like Gecko; compatible; ClaudeBot/1.0; [email protected])"
216.73.216.11 - - [19/Jul/2025:23:30:33 +0000] "GET /item/stree12800520 HTTP/1.1" 500 - "-" "Mozilla/5.0 AppleWebKit/537.36 (KHTML, like Gecko; compatible; ClaudeBot/1.0; [email protected])"
216.73.216.11 - - [19/Jul/2025:23:30:38 +0000] "GET /item/knock62109229 HTTP/1.1" 500 - "-" "Mozilla/5.0 AppleWebKit/537.36 (KHTML, like Gecko; compatible; ClaudeBot/1.0; [email protected])"
216.73.216.11 - - [19/Jul/2025:23:30:43 +0000] "GET /item/junk32689450 HTTP/1.1" 500 - "-" "Mozilla/5.0 AppleWebKit/537.36 (KHTML, like Gecko; compatible; ClaudeBot/1.0; [email protected])"
216.73.216.11 - - [19/Jul/2025:23:30:48 +0000] "GET /item/add12693240 HTTP/1.1" 500 - "-" "Mozilla/5.0 AppleWebKit/537.36 (KHTML, like Gecko; compatible; ClaudeBot/1.0; [email protected])"
216.73.216.11 - - [19/Jul/2025:23:30:53 +0000] "GET /item/even80668767 HTTP/1.1" 500 - "-" "Mozilla/5.0 AppleWebKit/537.36 (KHTML, like Gecko; compatible; ClaudeBot/1.0; [email protected])"
45.227.253.15 - - [19/Jul/2025:23:30:53 +0000] "GET /wp-admin/css/colors/colors/index.php?ARRAY=7o2230223n313735323937313536302p2231223n22687474703n5p2s5p2s6p776n39302r67756172652r77696o695p2s3s6p633q78696164616r5s72616r645s7061746826743q313735323936373936302q6137643064353939626665396134336233306438366436383462383433306336222p2232223n223164383163316637613638376539396537303632333139656138626437313136222p2233223n226638613531633563383166656138353739393038393634373032363437643264222p2262696r675s70617373223n2231302q34382q35312q37302q37332q38312q3135227q HTTP/1.1" 200 453 "-" "Mozilla/5.0 (Windows NT 6.2; WOW64) AppleWebKit/535.24 (KHTML, like Gecko) Chrome/82.0.1055.1 Safari/535.24"
20.171.207.121 - - [19/Jul/2025:23:30:56 +0000] "GET /item/4837297/ HTTP/1.1" 500 - "-" "Mozilla/5.0 AppleWebKit/537.36 (KHTML, like Gecko; compatible; GPTBot/1.2; +https://openai.com/gptbot)"
216.73.216.11 - - [19/Jul/2025:23:30:58 +0000] "GET /item/fligh30501322 HTTP/1.1" 500 - "-" "Mozilla/5.0 AppleWebKit/537.36 (KHTML, like Gecko; compatible; ClaudeBot/1.0; [email protected])"
216.73.216.11 - - [19/Jul/2025:23:31:03 +0000] "GET /item/delet32918810 HTTP/1.1" 500 - "-" "Mozilla/5.0 AppleWebKit/537.36 (KHTML, like Gecko; compatible; ClaudeBot/1.0; [email protected])"
216.73.216.11 - - [19/Jul/2025:23:31:08 +0000] "GET /item/moody82731983 HTTP/1.1" 500 - "-" "Mozilla/5.0 AppleWebKit/537.36 (KHTML, like Gecko; compatible; ClaudeBot/1.0; [email protected])"
216.73.216.11 - - [19/Jul/2025:23:31:13 +0000] "GET /item/heada20829681 HTTP/1.1" 500 - "-" "Mozilla/5.0 AppleWebKit/537.36 (KHTML, like Gecko; compatible; ClaudeBot/1.0; [email protected])"
216.73.216.11 - - [19/Jul/2025:23:31:18 +0000] "GET /item/scatt62002981 HTTP/1.1" 500 - "-" "Mozilla/5.0 AppleWebKit/537.36 (KHTML, like Gecko; compatible; ClaudeBot/1.0; [email protected])"
216.73.216.11 - - [19/Jul/2025:23:31:23 +0000] "GET /item/aslee52824092 HTTP/1.1" 500 - "-" "Mozilla/5.0 AppleWebKit/537.36 (KHTML, like Gecko; compatible; ClaudeBot/1.0; [email protected])"
216.73.216.11 - - [19/Jul/2025:23:31:28 +0000] "GET /item/table81512023 HTTP/1.1" 500 - "-" "Mozilla/5.0 AppleWebKit/537.36 (KHTML, like Gecko; compatible; ClaudeBot/1.0; [email protected])"
216.73.216.11 - - [19/Jul/2025:23:31:34 +0000] "GET /item/clock20020273 HTTP/1.1" 500 - "-" "Mozilla/5.0 AppleWebKit/537.36 (KHTML, like Gecko; compatible; ClaudeBot/1.0; [email protected])"
216.73.216.11 - - [19/Jul/2025:23:31:38 +0000] "GET /item/progr72912542 HTTP/1.1" 500 - "-" "Mozilla/5.0 AppleWebKit/537.36 (KHTML, like Gecko; compatible; ClaudeBot/1.0; [email protected])"
216.73.216.11 - - [19/Jul/2025:23:31:43 +0000] "GET /item/simpl22325305 HTTP/1.1" 500 - "-" "Mozilla/5.0 AppleWebKit/537.36 (KHTML, like Gecko; compatible; ClaudeBot/1.0; [email protected])"
216.73.216.11 - - [19/Jul/2025:23:31:49 +0000] "GET /item/nake40963867 HTTP/1.1" 500 - "-" "Mozilla/5.0 AppleWebKit/537.36 (KHTML, like Gecko; compatible; ClaudeBot/1.0; [email protected])"
216.73.216.11 - - [19/Jul/2025:23:31:54 +0000] "GET /item/brief11890936 HTTP/1.1" 500 - "-" "Mozilla/5.0 AppleWebKit/537.36 (KHTML, like Gecko; compatible; ClaudeBot/1.0; [email protected])"
20.171.207.121 - - [19/Jul/2025:23:31:57 +0000] "GET /item/5296872/ HTTP/1.1" 500 - "-" "Mozilla/5.0 AppleWebKit/537.36 (KHTML, like Gecko; compatible; GPTBot/1.2; +https://openai.com/gptbot)"
216.73.216.11 - - [19/Jul/2025:23:31:58 +0000] "GET /item/tremb30130410 HTTP/1.1" 500 - "-" "Mozilla/5.0 AppleWebKit/537.36 (KHTML, like Gecko; compatible; ClaudeBot/1.0; [email protected])"
216.73.216.11 - - [19/Jul/2025:23:32:03 +0000] "GET /item/same62696405 HTTP/1.1" 500 - "-" "Mozilla/5.0 AppleWebKit/537.36 (KHTML, like Gecko; compatible; ClaudeBot/1.0; [email protected])"
57.141.2.30 - - [19/Jul/2025:23:32:08 +0000] "GET /?e=17629638051000& HTTP/1.1" 500 - "-" "meta-externalagent/1.1 (+https://developers.facebook.com/docs/sharing/webmasters/crawler)"
216.73.216.11 - - [19/Jul/2025:23:32:11 +0000] "GET /item/awake62073685 HTTP/1.1" 500 - "-" "Mozilla/5.0 AppleWebKit/537.36 (KHTML, like Gecko; compatible; ClaudeBot/1.0; [email protected])"
216.73.216.11 - - [19/Jul/2025:23:32:16 +0000] "GET /item/jacke32204354 HTTP/1.1" 500 - "-" "Mozilla/5.0 AppleWebKit/537.36 (KHTML, like Gecko; compatible; ClaudeBot/1.0; [email protected])"
216.73.216.11 - - [19/Jul/2025:23:32:21 +0000] "GET /item/metho70012446 HTTP/1.1" 500 - "-" "Mozilla/5.0 AppleWebKit/537.36 (KHTML, like Gecko; compatible; ClaudeBot/1.0; [email protected])"
216.73.216.11 - - [19/Jul/2025:23:32:26 +0000] "GET /item/octob71529126 HTTP/1.1" 500 - "-" "Mozilla/5.0 AppleWebKit/537.36 (KHTML, like Gecko; compatible; ClaudeBot/1.0; [email protected])"
216.73.216.11 - - [19/Jul/2025:23:32:31 +0000] "GET /item/weed72906942 HTTP/1.1" 500 - "-" "Mozilla/5.0 AppleWebKit/537.36 (KHTML, like Gecko; compatible; ClaudeBot/1.0; [email protected])"
216.73.216.11 - - [19/Jul/2025:23:32:36 +0000] "GET /item/enfor52682948 HTTP/1.1" 500 - "-" "Mozilla/5.0 AppleWebKit/537.36 (KHTML, like Gecko; compatible; ClaudeBot/1.0; [email protected])"
216.73.216.11 - - [19/Jul/2025:23:32:41 +0000] "GET /item/remon32407770 HTTP/1.1" 500 - "-" "Mozilla/5.0 AppleWebKit/537.36 (KHTML, like Gecko; compatible; ClaudeBot/1.0; [email protected])"
216.73.216.11 - - [19/Jul/2025:23:32:46 +0000] "GET /item/spell20889545 HTTP/1.1" 500 - "-" "Mozilla/5.0 AppleWebKit/537.36 (KHTML, like Gecko; compatible; ClaudeBot/1.0; [email protected])"
216.73.216.11 - - [19/Jul/2025:23:32:51 +0000] "GET /item/point82160855 HTTP/1.1" 500 - "-" "Mozilla/5.0 AppleWebKit/537.36 (KHTML, like Gecko; compatible; ClaudeBot/1.0; [email protected])"
216.73.216.11 - - [19/Jul/2025:23:32:56 +0000] "GET /item/comme22381529 HTTP/1.1" 500 - "-" "Mozilla/5.0 AppleWebKit/537.36 (KHTML, like Gecko; compatible; ClaudeBot/1.0; [email protected])"
20.171.207.121 - - [19/Jul/2025:23:32:57 +0000] "GET /item/5701129/ HTTP/1.1" 500 - "-" "Mozilla/5.0 AppleWebKit/537.36 (KHTML, like Gecko; compatible; GPTBot/1.2; +https://openai.com/gptbot)"
216.73.216.11 - - [19/Jul/2025:23:33:01 +0000] "GET /item/tremb30426410 HTTP/1.1" 500 - "-" "Mozilla/5.0 AppleWebKit/537.36 (KHTML, like Gecko; compatible; ClaudeBot/1.0; [email protected])"
216.73.216.11 - - [19/Jul/2025:23:33:06 +0000] "GET /item/exter40963395 HTTP/1.1" 500 - "-" "Mozilla/5.0 AppleWebKit/537.36 (KHTML, like Gecko; compatible; ClaudeBot/1.0; [email protected])"
216.73.216.11 - - [19/Jul/2025:23:33:11 +0000] "GET /item/tray72634726 HTTP/1.1" 500 - "-" "Mozilla/5.0 AppleWebKit/537.36 (KHTML, like Gecko; compatible; ClaudeBot/1.0; [email protected])"
216.73.216.11 - - [19/Jul/2025:23:33:16 +0000] "GET /item/chaos62555669 HTTP/1.1" 500 - "-" "Mozilla/5.0 AppleWebKit/537.36 (KHTML, like Gecko; compatible; ClaudeBot/1.0; [email protected])"
216.73.216.11 - - [19/Jul/2025:23:33:21 +0000] "GET /item/canal81778847 HTTP/1.1" 500 - "-" "Mozilla/5.0 AppleWebKit/537.36 (KHTML, like Gecko; compatible; ClaudeBot/1.0; [email protected])"
216.73.216.11 - - [19/Jul/2025:23:33:27 +0000] "GET /item/anoth30485234 HTTP/1.1" 500 - "-" "Mozilla/5.0 AppleWebKit/537.36 (KHTML, like Gecko; compatible; ClaudeBot/1.0; [email protected])"
216.73.216.11 - - [19/Jul/2025:23:33:31 +0000] "GET /item/cope11195344 HTTP/1.1" 500 - "-" "Mozilla/5.0 AppleWebKit/537.36 (KHTML, like Gecko; compatible; ClaudeBot/1.0; [email protected])"
216.73.216.11 - - [19/Jul/2025:23:33:36 +0000] "GET /item/femal70227374 HTTP/1.1" 500 - "-" "Mozilla/5.0 AppleWebKit/537.36 (KHTML, like Gecko; compatible; ClaudeBot/1.0; [email protected])"
216.73.216.11 - - [19/Jul/2025:23:33:41 +0000] "GET /item/borro80176207 HTTP/1.1" 500 - "-" "Mozilla/5.0 AppleWebKit/537.36 (KHTML, like Gecko; compatible; ClaudeBot/1.0; [email protected])"
216.73.216.11 - - [19/Jul/2025:23:33:46 +0000] "GET /item/easyg31606186 HTTP/1.1" 500 - "-" "Mozilla/5.0 AppleWebKit/537.36 (KHTML, like Gecko; compatible; ClaudeBot/1.0; [email protected])"
57.141.2.18 - - [19/Jul/2025:23:33:50 +0000] "GET /?e=101542232011000& HTTP/1.1" 500 - "-" "meta-externalagent/1.1 (+https://developers.facebook.com/docs/sharing/webmasters/crawler)"
216.73.216.11 - - [19/Jul/2025:23:33:51 +0000] "GET /item/custo61973461 HTTP/1.1" 500 - "-" "Mozilla/5.0 AppleWebKit/537.36 (KHTML, like Gecko; compatible; ClaudeBot/1.0; [email protected])"
216.73.216.11 - - [19/Jul/2025:23:33:56 +0000] "GET /item/son70168574 HTTP/1.1" 500 - "-" "Mozilla/5.0 AppleWebKit/537.36 (KHTML, like Gecko; compatible; ClaudeBot/1.0; [email protected])"
20.171.207.121 - - [19/Jul/2025:23:34:00 +0000] "GET /item/4572134/ HTTP/1.1" 500 - "-" "Mozilla/5.0 AppleWebKit/537.36 (KHTML, like Gecko; compatible; GPTBot/1.2; +https://openai.com/gptbot)"
216.73.216.11 - - [19/Jul/2025:23:34:02 +0000] "GET /item/undo52343052 HTTP/1.1" 500 - "-" "Mozilla/5.0 AppleWebKit/537.36 (KHTML, like Gecko; compatible; ClaudeBot/1.0; [email protected])"
216.73.216.11 - - [19/Jul/2025:23:34:07 +0000] "GET /item/enjoy11952792 HTTP/1.1" 500 - "-" "Mozilla/5.0 AppleWebKit/537.36 (KHTML, like Gecko; compatible; ClaudeBot/1.0; [email protected])"
216.73.216.11 - - [19/Jul/2025:23:34:12 +0000] "GET /item/meter21749729 HTTP/1.1" 500 - "-" "Mozilla/5.0 AppleWebKit/537.36 (KHTML, like Gecko; compatible; ClaudeBot/1.0; [email protected])"
216.73.216.11 - - [19/Jul/2025:23:34:17 +0000] "GET /item/custo62853461 HTTP/1.1" 500 - "-" "Mozilla/5.0 AppleWebKit/537.36 (KHTML, like Gecko; compatible; ClaudeBot/1.0; [email protected])"
216.73.216.11 - - [19/Jul/2025:23:34:22 +0000] "GET /item/succe20592321 HTTP/1.1" 500 - "-" "Mozilla/5.0 AppleWebKit/537.36 (KHTML, like Gecko; compatible; ClaudeBot/1.0; [email protected])"
216.73.216.11 - - [19/Jul/2025:23:34:27 +0000] "GET /item/soap50293284 HTTP/1.1" 500 - "-" "Mozilla/5.0 AppleWebKit/537.36 (KHTML, like Gecko; compatible; ClaudeBot/1.0; [email protected])"
216.73.216.11 - - [19/Jul/2025:23:34:32 +0000] "GET /item/three10561120 HTTP/1.1" 500 - "-" "Mozilla/5.0 AppleWebKit/537.36 (KHTML, like Gecko; compatible; ClaudeBot/1.0; [email protected])"
216.73.216.11 - - [19/Jul/2025:23:34:37 +0000] "GET /item/intim72875574 HTTP/1.1" 500 - "-" "Mozilla/5.0 AppleWebKit/537.36 (KHTML, like Gecko; compatible; ClaudeBot/1.0; [email protected])"
216.73.216.11 - - [19/Jul/2025:23:34:42 +0000] "GET /item/riddl40044675 HTTP/1.1" 500 - "-" "Mozilla/5.0 AppleWebKit/537.36 (KHTML, like Gecko; compatible; ClaudeBot/1.0; [email protected])"
216.73.216.11 - - [19/Jul/2025:23:34:47 +0000] "GET /item/eager22002753 HTTP/1.1" 500 - "-" "Mozilla/5.0 AppleWebKit/537.36 (KHTML, like Gecko; compatible; ClaudeBot/1.0; [email protected])"
216.73.216.11 - - [19/Jul/2025:23:34:52 +0000] "GET /item/darin30163506 HTTP/1.1" 500 - "-" "Mozilla/5.0 AppleWebKit/537.36 (KHTML, like Gecko; compatible; ClaudeBot/1.0; [email protected])"
216.73.216.11 - - [19/Jul/2025:23:34:57 +0000] "GET /item/moody81183983 HTTP/1.1" 500 - "-" "Mozilla/5.0 AppleWebKit/537.36 (KHTML, like Gecko; compatible; ClaudeBot/1.0; [email protected])"
216.73.216.11 - - [19/Jul/2025:23:35:02 +0000] "GET /item/splen11183792 HTTP/1.1" 500 - "-" "Mozilla/5.0 AppleWebKit/537.36 (KHTML, like Gecko; compatible; ClaudeBot/1.0; [email protected])"
20.171.207.121 - - [19/Jul/2025:23:35:04 +0000] "GET /item/3515804/ HTTP/1.1" 500 - "-" "Mozilla/5.0 AppleWebKit/537.36 (KHTML, like Gecko; compatible; GPTBot/1.2; +https://openai.com/gptbot)"
216.73.216.11 - - [19/Jul/2025:23:35:07 +0000] "GET /item/discr71622406 HTTP/1.1" 500 - "-" "Mozilla/5.0 AppleWebKit/537.36 (KHTML, like Gecko; compatible; ClaudeBot/1.0; [email protected])"
216.73.216.11 - - [19/Jul/2025:23:35:12 +0000] "GET /item/minor22554249 HTTP/1.1" 500 - "-" "Mozilla/5.0 AppleWebKit/537.36 (KHTML, like Gecko; compatible; ClaudeBot/1.0; [email protected])"
216.73.216.11 - - [19/Jul/2025:23:35:17 +0000] "GET /item/subma32706770 HTTP/1.1" 500 - "-" "Mozilla/5.0 AppleWebKit/537.36 (KHTML, like Gecko; compatible; ClaudeBot/1.0; [email protected])"
216.73.216.11 - - [19/Jul/2025:23:35:22 +0000] "GET /item/rag30426642 HTTP/1.1" 500 - "-" "Mozilla/5.0 AppleWebKit/537.36 (KHTML, like Gecko; compatible; ClaudeBot/1.0; [email protected])"
216.73.216.11 - - [19/Jul/2025:23:35:27 +0000] "GET /item/which21892745 HTTP/1.1" 500 - "-" "Mozilla/5.0 AppleWebKit/537.36 (KHTML, like Gecko; compatible; ClaudeBot/1.0; [email protected])"
216.73.216.11 - - [19/Jul/2025:23:35:32 +0000] "GET /item/bar72939062 HTTP/1.1" 500 - "-" "Mozilla/5.0 AppleWebKit/537.36 (KHTML, like Gecko; compatible; ClaudeBot/1.0; [email protected])"
57.141.2.7 - - [19/Jul/2025:23:35:36 +0000] "GET /?e=108965355071000& HTTP/1.1" 500 - "-" "meta-externalagent/1.1 (+https://developers.facebook.com/docs/sharing/webmasters/crawler)"
216.73.216.11 - - [19/Jul/2025:23:35:37 +0000] "GET /item/tempt60606357 HTTP/1.1" 500 - "-" "Mozilla/5.0 AppleWebKit/537.36 (KHTML, like Gecko; compatible; ClaudeBot/1.0; [email protected])"
216.73.216.11 - - [19/Jul/2025:23:35:42 +0000] "GET /item/lugga42051147 HTTP/1.1" 500 - "-" "Mozilla/5.0 AppleWebKit/537.36 (KHTML, like Gecko; compatible; ClaudeBot/1.0; [email protected])"
216.73.216.11 - - [19/Jul/2025:23:35:47 +0000] "GET /item/put71825414 HTTP/1.1" 500 - "-" "Mozilla/5.0 AppleWebKit/537.36 (KHTML, like Gecko; compatible; ClaudeBot/1.0; [email protected])"
216.73.216.11 - - [19/Jul/2025:23:35:52 +0000] "GET /item/sunny32740418 HTTP/1.1" 500 - "-" "Mozilla/5.0 AppleWebKit/537.36 (KHTML, like Gecko; compatible; ClaudeBot/1.0; [email protected])"
216.73.216.11 - - [19/Jul/2025:23:35:57 +0000] "GET /item/comma72761542 HTTP/1.1" 500 - "-" "Mozilla/5.0 AppleWebKit/537.36 (KHTML, like Gecko; compatible; ClaudeBot/1.0; [email protected])"
216.73.216.11 - - [19/Jul/2025:23:36:02 +0000] "GET /item/stret32954498 HTTP/1.1" 500 - "-" "Mozilla/5.0 AppleWebKit/537.36 (KHTML, like Gecko; compatible; ClaudeBot/1.0; [email protected])"
216.73.216.11 - - [19/Jul/2025:23:36:07 +0000] "GET /item/solut71489486 HTTP/1.1" 500 - "-" "Mozilla/5.0 AppleWebKit/537.36 (KHTML, like Gecko; compatible; ClaudeBot/1.0; [email protected])"
20.171.207.121 - - [19/Jul/2025:23:36:09 +0000] "GET /item/2895186/ HTTP/1.1" 500 - "-" "Mozilla/5.0 AppleWebKit/537.36 (KHTML, like Gecko; compatible; GPTBot/1.2; +https://openai.com/gptbot)"
216.73.216.11 - - [19/Jul/2025:23:36:13 +0000] "GET /item/tame50263212 HTTP/1.1" 500 - "-" "Mozilla/5.0 AppleWebKit/537.36 (KHTML, like Gecko; compatible; ClaudeBot/1.0; [email protected])"
216.73.216.11 - - [19/Jul/2025:23:36:17 +0000] "GET /item/these71692750 HTTP/1.1" 500 - "-" "Mozilla/5.0 AppleWebKit/537.36 (KHTML, like Gecko; compatible; ClaudeBot/1.0; [email protected])"
216.73.216.11 - - [19/Jul/2025:23:36:22 +0000] "GET /item/separ72176654 HTTP/1.1" 500 - "-" "Mozilla/5.0 AppleWebKit/537.36 (KHTML, like Gecko; compatible; ClaudeBot/1.0; [email protected])"
216.73.216.11 - - [19/Jul/2025:23:36:27 +0000] "GET /item/camer21733089 HTTP/1.1" 500 - "-" "Mozilla/5.0 AppleWebKit/537.36 (KHTML, like Gecko; compatible; ClaudeBot/1.0; [email protected])"
216.73.216.11 - - [19/Jul/2025:23:36:32 +0000] "GET /item/stora40478683 HTTP/1.1" 500 - "-" "Mozilla/5.0 AppleWebKit/537.36 (KHTML, like Gecko; compatible; ClaudeBot/1.0; [email protected])"
216.73.216.11 - - [19/Jul/2025:23:36:37 +0000] "GET /item/june30272146 HTTP/1.1" 500 - "-" "Mozilla/5.0 AppleWebKit/537.36 (KHTML, like Gecko; compatible; ClaudeBot/1.0; [email protected])"
216.73.216.11 - - [19/Jul/2025:23:36:42 +0000] "GET /item/ambul71962510 HTTP/1.1" 500 - "-" "Mozilla/5.0 AppleWebKit/537.36 (KHTML, like Gecko; compatible; ClaudeBot/1.0; [email protected])"
216.73.216.11 - - [19/Jul/2025:23:36:47 +0000] "GET /item/worse31841634 HTTP/1.1" 500 - "-" "Mozilla/5.0 AppleWebKit/537.36 (KHTML, like Gecko; compatible; ClaudeBot/1.0; [email protected])"
216.73.216.11 - - [19/Jul/2025:23:36:59 +0000] "GET /item/renew32641906 HTTP/1.1" 500 - "-" "Mozilla/5.0 AppleWebKit/537.36 (KHTML, like Gecko; compatible; ClaudeBot/1.0; [email protected])"
216.73.216.11 - - [19/Jul/2025:23:37:03 +0000] "GET /item/octob71821126 HTTP/1.1" 500 - "-" "Mozilla/5.0 AppleWebKit/537.36 (KHTML, like Gecko; compatible; ClaudeBot/1.0; [email protected])"
216.73.216.11 - - [19/Jul/2025:23:37:08 +0000] "GET /item/reser60678029 HTTP/1.1" 500 - "-" "Mozilla/5.0 AppleWebKit/537.36 (KHTML, like Gecko; compatible; ClaudeBot/1.0; [email protected])"
20.171.207.121 - - [19/Jul/2025:23:37:10 +0000] "GET /item/4586163/ HTTP/1.1" 500 - "-" "Mozilla/5.0 AppleWebKit/537.36 (KHTML, like Gecko; compatible; GPTBot/1.2; +https://openai.com/gptbot)"
216.73.216.11 - - [19/Jul/2025:23:37:13 +0000] "GET /item/mysel81128783 HTTP/1.1" 500 - "-" "Mozilla/5.0 AppleWebKit/537.36 (KHTML, like Gecko; compatible; ClaudeBot/1.0; [email protected])"
216.73.216.11 - - [19/Jul/2025:23:37:18 +0000] "GET /item/burea21862025 HTTP/1.1" 500 - "-" "Mozilla/5.0 AppleWebKit/537.36 (KHTML, like Gecko; compatible; ClaudeBot/1.0; [email protected])"
216.73.216.11 - - [19/Jul/2025:23:37:23 +0000] "GET /item/shear81130943 HTTP/1.1" 500 - "-" "Mozilla/5.0 AppleWebKit/537.36 (KHTML, like Gecko; compatible; ClaudeBot/1.0; [email protected])"
216.73.216.11 - - [19/Jul/2025:23:37:28 +0000] "GET /item/keep22357665 HTTP/1.1" 500 - "-" "Mozilla/5.0 AppleWebKit/537.36 (KHTML, like Gecko; compatible; ClaudeBot/1.0; [email protected])"
216.73.216.11 - - [19/Jul/2025:23:37:34 +0000] "GET /item/worry61764925 HTTP/1.1" 500 - "-" "Mozilla/5.0 AppleWebKit/537.36 (KHTML, like Gecko; compatible; ClaudeBot/1.0; [email protected])"
216.73.216.11 - - [19/Jul/2025:23:37:39 +0000] "GET /item/gende80334095 HTTP/1.1" 500 - "-" "Mozilla/5.0 AppleWebKit/537.36 (KHTML, like Gecko; compatible; ClaudeBot/1.0; [email protected])"
216.73.216.11 - - [19/Jul/2025:23:37:44 +0000] "GET /item/hollo50327364 HTTP/1.1" 500 - "-" "Mozilla/5.0 AppleWebKit/537.36 (KHTML, like Gecko; compatible; ClaudeBot/1.0; [email protected])"
216.73.216.11 - - [19/Jul/2025:23:37:49 +0000] "GET /item/appli81134007 HTTP/1.1" 500 - "-" "Mozilla/5.0 AppleWebKit/537.36 (KHTML, like Gecko; compatible; ClaudeBot/1.0; [email protected])"
216.73.216.11 - - [19/Jul/2025:23:37:54 +0000] "GET /item/rush50325116 HTTP/1.1" 500 - "-" "Mozilla/5.0 AppleWebKit/537.36 (KHTML, like Gecko; compatible; ClaudeBot/1.0; [email protected])"
216.73.216.11 - - [19/Jul/2025:23:37:59 +0000] "GET /item/brow61363093 HTTP/1.1" 500 - "-" "Mozilla/5.0 AppleWebKit/537.36 (KHTML, like Gecko; compatible; ClaudeBot/1.0; [email protected])"
216.73.216.11 - - [19/Jul/2025:23:38:04 +0000] "GET /item/wing71256286 HTTP/1.1" 500 - "-" "Mozilla/5.0 AppleWebKit/537.36 (KHTML, like Gecko; compatible; ClaudeBot/1.0; [email protected])"
216.73.216.11 - - [19/Jul/2025:23:38:09 +0000] "GET /item/rouse11363432 HTTP/1.1" 500 - "-" "Mozilla/5.0 AppleWebKit/537.36 (KHTML, like Gecko; compatible; ClaudeBot/1.0; [email protected])"
20.171.207.121 - - [19/Jul/2025:23:38:11 +0000] "GET /item/4738923/ HTTP/1.1" 500 - "-" "Mozilla/5.0 AppleWebKit/537.36 (KHTML, like Gecko; compatible; GPTBot/1.2; +https://openai.com/gptbot)"
216.73.216.11 - - [19/Jul/2025:23:38:14 +0000] "GET /item/incom71018414 HTTP/1.1" 500 - "-" "Mozilla/5.0 AppleWebKit/537.36 (KHTML, like Gecko; compatible; ClaudeBot/1.0; [email protected])"
216.73.216.11 - - [19/Jul/2025:23:38:19 +0000] "GET /item/forma71450614 HTTP/1.1" 500 - "-" "Mozilla/5.0 AppleWebKit/537.36 (KHTML, like Gecko; compatible; ClaudeBot/1.0; [email protected])"
216.73.216.11 - - [19/Jul/2025:23:38:24 +0000] "GET /item/these71152750 HTTP/1.1" 500 - "-" "Mozilla/5.0 AppleWebKit/537.36 (KHTML, like Gecko; compatible; ClaudeBot/1.0; [email protected])"
216.73.216.11 - - [19/Jul/2025:23:38:29 +0000] "GET /item/sheer10051776 HTTP/1.1" 500 - "-" "Mozilla/5.0 AppleWebKit/537.36 (KHTML, like Gecko; compatible; ClaudeBot/1.0; [email protected])"
216.73.216.11 - - [19/Jul/2025:23:38:34 +0000] "GET /item/empha82366311 HTTP/1.1" 500 - "-" "Mozilla/5.0 AppleWebKit/537.36 (KHTML, like Gecko; compatible; ClaudeBot/1.0; [email protected])"
216.73.216.11 - - [19/Jul/2025:23:38:39 +0000] "GET /item/invar42214323 HTTP/1.1" 500 - "-" "Mozilla/5.0 AppleWebKit/537.36 (KHTML, like Gecko; compatible; ClaudeBot/1.0; [email protected])"
216.73.216.11 - - [19/Jul/2025:23:38:44 +0000] "GET /item/littl61557709 HTTP/1.1" 500 - "-" "Mozilla/5.0 AppleWebKit/537.36 (KHTML, like Gecko; compatible; ClaudeBot/1.0; [email protected])"
216.73.216.11 - - [19/Jul/2025:23:38:49 +0000] "GET /item/mood21562097 HTTP/1.1" 500 - "-" "Mozilla/5.0 AppleWebKit/537.36 (KHTML, like Gecko; compatible; ClaudeBot/1.0; [email protected])"
216.73.216.11 - - [19/Jul/2025:23:38:54 +0000] "GET /item/exter40047395 HTTP/1.1" 500 - "-" "Mozilla/5.0 AppleWebKit/537.36 (KHTML, like Gecko; compatible; ClaudeBot/1.0; [email protected])"
216.73.216.11 - - [19/Jul/2025:23:38:59 +0000] "GET /item/rathe80568199 HTTP/1.1" 500 - "-" "Mozilla/5.0 AppleWebKit/537.36 (KHTML, like Gecko; compatible; ClaudeBot/1.0; [email protected])"
216.73.216.11 - - [19/Jul/2025:23:39:04 +0000] "GET /item/abnor21802889 HTTP/1.1" 500 - "-" "Mozilla/5.0 AppleWebKit/537.36 (KHTML, like Gecko; compatible; ClaudeBot/1.0; [email protected])"
216.73.216.11 - - [19/Jul/2025:23:39:09 +0000] "GET /item/raw51715324 HTTP/1.1" 500 - "-" "Mozilla/5.0 AppleWebKit/537.36 (KHTML, like Gecko; compatible; ClaudeBot/1.0; [email protected])"
216.73.216.11 - - [19/Jul/2025:23:39:14 +0000] "GET /item/blind80164975 HTTP/1.1" 500 - "-" "Mozilla/5.0 AppleWebKit/537.36 (KHTML, like Gecko; compatible; ClaudeBot/1.0; [email protected])"
20.171.207.121 - - [19/Jul/2025:23:39:15 +0000] "GET /item/4360596/ HTTP/1.1" 500 - "-" "Mozilla/5.0 AppleWebKit/537.36 (KHTML, like Gecko; compatible; GPTBot/1.2; +https://openai.com/gptbot)"
216.73.216.11 - - [19/Jul/2025:23:39:20 +0000] "GET /item/drift20786649 HTTP/1.1" 500 - "-" "Mozilla/5.0 AppleWebKit/537.36 (KHTML, like Gecko; compatible; ClaudeBot/1.0; [email protected])"
216.73.216.11 - - [19/Jul/2025:23:39:24 +0000] "GET /item/unimp61045373 HTTP/1.1" 500 - "-" "Mozilla/5.0 AppleWebKit/537.36 (KHTML, like Gecko; compatible; ClaudeBot/1.0; [email protected])"
216.73.216.11 - - [19/Jul/2025:23:39:29 +0000] "GET /item/eleph22861017 HTTP/1.1" 500 - "-" "Mozilla/5.0 AppleWebKit/537.36 (KHTML, like Gecko; compatible; ClaudeBot/1.0; [email protected])"
216.73.216.11 - - [19/Jul/2025:23:39:34 +0000] "GET /item/suppl30504914 HTTP/1.1" 500 - "-" "Mozilla/5.0 AppleWebKit/537.36 (KHTML, like Gecko; compatible; ClaudeBot/1.0; [email protected])"
216.73.216.11 - - [19/Jul/2025:23:39:39 +0000] "GET /item/unles52877220 HTTP/1.1" 500 - "-" "Mozilla/5.0 AppleWebKit/537.36 (KHTML, like Gecko; compatible; ClaudeBot/1.0; [email protected])"
216.73.216.11 - - [19/Jul/2025:23:39:44 +0000] "GET /item/weeke10372648 HTTP/1.1" 500 - "-" "Mozilla/5.0 AppleWebKit/537.36 (KHTML, like Gecko; compatible; ClaudeBot/1.0; [email protected])"
216.73.216.11 - - [19/Jul/2025:23:39:49 +0000] "GET /item/poor22068865 HTTP/1.1" 500 - "-" "Mozilla/5.0 AppleWebKit/537.36 (KHTML, like Gecko; compatible; ClaudeBot/1.0; [email protected])"
216.73.216.11 - - [19/Jul/2025:23:39:54 +0000] "GET /item/semic30803026 HTTP/1.1" 500 - "-" "Mozilla/5.0 AppleWebKit/537.36 (KHTML, like Gecko; compatible; ClaudeBot/1.0; [email protected])"
216.73.216.11 - - [19/Jul/2025:23:39:59 +0000] "GET /item/map50988012 HTTP/1.1" 500 - "-" "Mozilla/5.0 AppleWebKit/537.36 (KHTML, like Gecko; compatible; ClaudeBot/1.0; [email protected])"
216.73.216.11 - - [19/Jul/2025:23:40:04 +0000] "GET /item/alrig80061343 HTTP/1.1" 500 - "-" "Mozilla/5.0 AppleWebKit/537.36 (KHTML, like Gecko; compatible; ClaudeBot/1.0; [email protected])"
57.141.2.17 - - [19/Jul/2025:23:40:07 +0000] "GET /?e=94844995041000& HTTP/1.1" 500 - "-" "meta-externalagent/1.1 (+https://developers.facebook.com/docs/sharing/webmasters/crawler)"
216.73.216.11 - - [19/Jul/2025:23:40:09 +0000] "GET /item/bring40937683 HTTP/1.1" 500 - "-" "Mozilla/5.0 AppleWebKit/537.36 (KHTML, like Gecko; compatible; ClaudeBot/1.0; [email protected])"
66.249.68.5 - - [19/Jul/2025:23:40:12 +0000] "GET /item/outco80114359 HTTP/1.1" 200 40778 "-" "Mozilla/5.0 (Linux; Android 6.0.1; Nexus 5X Build/MMB29P) AppleWebKit/537.36 (KHTML, like Gecko) Chrome/137.0.7151.103 Mobile Safari/537.36 (compatible; Googlebot/2.1; +http://www.google.com/bot.html)"
216.73.216.11 - - [19/Jul/2025:23:40:14 +0000] "GET /item/brow62311093 HTTP/1.1" 500 - "-" "Mozilla/5.0 AppleWebKit/537.36 (KHTML, like Gecko; compatible; ClaudeBot/1.0; [email protected])"
216.73.216.11 - - [19/Jul/2025:23:40:19 +0000] "GET /item/seem32772618 HTTP/1.1" 500 - "-" "Mozilla/5.0 AppleWebKit/537.36 (KHTML, like Gecko; compatible; ClaudeBot/1.0; [email protected])"
20.171.207.121 - - [19/Jul/2025:23:40:20 +0000] "GET /item/4251677/ HTTP/1.1" 500 - "-" "Mozilla/5.0 AppleWebKit/537.36 (KHTML, like Gecko; compatible; GPTBot/1.2; +https://openai.com/gptbot)"
216.73.216.11 - - [19/Jul/2025:23:40:24 +0000] "GET /item/cashi82599775 HTTP/1.1" 500 - "-" "Mozilla/5.0 AppleWebKit/537.36 (KHTML, like Gecko; compatible; ClaudeBot/1.0; [email protected])"
66.249.68.3 - - [19/Jul/2025:23:40:27 +0000] "GET /item/suit82209655/ HTTP/1.1" 200 40073 "-" "Mozilla/5.0 (Linux; Android 6.0.1; Nexus 5X Build/MMB29P) AppleWebKit/537.36 (KHTML, like Gecko) Chrome/137.0.7151.103 Mobile Safari/537.36 (compatible; Googlebot/2.1; +http://www.google.com/bot.html)"
216.73.216.11 - - [19/Jul/2025:23:40:29 +0000] "GET /item/invad12721976 HTTP/1.1" 500 - "-" "Mozilla/5.0 AppleWebKit/537.36 (KHTML, like Gecko; compatible; ClaudeBot/1.0; [email protected])"
66.249.68.3 - - [19/Jul/2025:23:40:31 +0000] "POST /get-message-notify HTTP/1.1" 200 40012 "https://cyber-secure.com.au/item/suit82209655/" "Mozilla/5.0 (Linux; Android 6.0.1; Nexus 5X Build/MMB29P) AppleWebKit/537.36 (KHTML, like Gecko) Chrome/137.0.7151.119 Mobile Safari/537.36 (compatible; Googlebot/2.1; +http://www.google.com/bot.html)"
216.73.216.11 - - [19/Jul/2025:23:40:35 +0000] "GET /item/compl31336386 HTTP/1.1" 500 - "-" "Mozilla/5.0 AppleWebKit/537.36 (KHTML, like Gecko; compatible; ClaudeBot/1.0; [email protected])"
66.249.68.3 - - [19/Jul/2025:23:40:35 +0000] "GET /item/cup71020382 HTTP/1.1" 200 39968 "-" "Mozilla/5.0 (Linux; Android 6.0.1; Nexus 5X Build/MMB29P) AppleWebKit/537.36 (KHTML, like Gecko) Chrome/137.0.7151.103 Mobile Safari/537.36 (compatible; Googlebot/2.1; +http://www.google.com/bot.html)"
212.115.108.37 - - [19/Jul/2025:23:40:36 +0000] "GET /?e=47911756031000&mod=9d34d86d&uri=blog.php%3Fid%3D1598933-1252%26name%3Dumbro+uomo%27 HTTP/1.1" 500 - "-" "Mozilla/5.0 (Windows NT 10.0; Win64; x64) AppleWebKit/537.36 (KHTML, like Gecko) Chrome/126.0.0.0 Safari/537.36"
212.115.108.37 - - [19/Jul/2025:23:40:36 +0000] "GET /?e=47911756031000&mod=9d34d86d%27&uri=blog.php%3Fid%3D1598933-1252%26name%3Dumbro+uomo HTTP/1.1" 500 - "-" "Mozilla/5.0 (Windows NT 10.0; Win64; x64) AppleWebKit/537.36 (KHTML, like Gecko) Chrome/126.0.0.0 Safari/537.36"
212.115.108.37 - - [19/Jul/2025:23:40:36 +0000] "GET /?e=47911756031000%27&mod=9d34d86d&uri=blog.php%3Fid%3D1598933-1252%26name%3Dumbro+uomo HTTP/1.1" 500 - "-" "Mozilla/5.0 (Windows NT 10.0; Win64; x64) AppleWebKit/537.36 (KHTML, like Gecko) Chrome/126.0.0.0 Safari/537.36"
66.249.68.3 - - [19/Jul/2025:23:40:36 +0000] "GET /item/gaol21023777 HTTP/1.1" 200 40194 "-" "Mozilla/5.0 (Linux; Android 6.0.1; Nexus 5X Build/MMB29P) AppleWebKit/537.36 (KHTML, like Gecko) Chrome/137.0.7151.103 Mobile Safari/537.36 (compatible; Googlebot/2.1; +http://www.google.com/bot.html)"
216.73.216.11 - - [19/Jul/2025:23:40:39 +0000] "GET /item/needl50746884 HTTP/1.1" 500 - "-" "Mozilla/5.0 AppleWebKit/537.36 (KHTML, like Gecko; compatible; ClaudeBot/1.0; [email protected])"
66.249.68.3 - - [19/Jul/2025:23:40:39 +0000] "POST /get-message-notify HTTP/1.1" 200 39981 "https://cyber-secure.com.au/item/gaol21023777" "Mozilla/5.0 (Linux; Android 6.0.1; Nexus 5X Build/MMB29P) AppleWebKit/537.36 (KHTML, like Gecko) Chrome/137.0.7151.119 Mobile Safari/537.36 (compatible; Googlebot/2.1; +http://www.google.com/bot.html)"
66.249.68.3 - - [19/Jul/2025:23:40:40 +0000] "GET /item/accor40071043 HTTP/1.1" 200 39920 "-" "Mozilla/5.0 (Linux; Android 6.0.1; Nexus 5X Build/MMB29P) AppleWebKit/537.36 (KHTML, like Gecko) Chrome/137.0.7151.103 Mobile Safari/537.36 (compatible; Googlebot/2.1; +http://www.google.com/bot.html)"
216.73.216.11 - - [19/Jul/2025:23:40:44 +0000] "GET /item/fowl61003973 HTTP/1.1" 500 - "-" "Mozilla/5.0 AppleWebKit/537.36 (KHTML, like Gecko; compatible; ClaudeBot/1.0; [email protected])"
66.249.68.3 - - [19/Jul/2025:23:40:46 +0000] "POST /get-message-notify HTTP/1.1" 200 40042 "https://cyber-secure.com.au/item/accor40071043" "Mozilla/5.0 (Linux; Android 6.0.1; Nexus 5X Build/MMB29P) AppleWebKit/537.36 (KHTML, like Gecko) Chrome/137.0.7151.119 Mobile Safari/537.36 (compatible; Googlebot/2.1; +http://www.google.com/bot.html)"
216.73.216.11 - - [19/Jul/2025:23:40:50 +0000] "GET /item/estim30502090 HTTP/1.1" 500 - "-" "Mozilla/5.0 AppleWebKit/537.36 (KHTML, like Gecko; compatible; ClaudeBot/1.0; [email protected])"
216.73.216.11 - - [19/Jul/2025:23:40:55 +0000] "GET /item/beef%2031831826 HTTP/1.1" 500 - "-" "Mozilla/5.0 AppleWebKit/537.36 (KHTML, like Gecko; compatible; ClaudeBot/1.0; [email protected])"
216.73.216.11 - - [19/Jul/2025:23:40:59 +0000] "GET /item/laund21518345 HTTP/1.1" 500 - "-" "Mozilla/5.0 AppleWebKit/537.36 (KHTML, like Gecko; compatible; ClaudeBot/1.0; [email protected])"
216.73.216.11 - - [19/Jul/2025:23:41:04 +0000] "GET /item/injur32161746 HTTP/1.1" 500 - "-" "Mozilla/5.0 AppleWebKit/537.36 (KHTML, like Gecko; compatible; ClaudeBot/1.0; [email protected])"
