66.249.68.128 - - [20/Jul/2025:04:39:46 +0000] "GET /shopdetail/200191681 HTTP/1.1" 200 25822 "-" "Mozilla/5.0 (Linux; Android 6.0.1; Nexus 5X Build/MMB29P) AppleWebKit/537.36 (KHTML, like Gecko) Chrome/137.0.7151.103 Mobile Safari/537.36 (compatible; Googlebot/2.1; +http://www.google.com/bot.html)"
66.249.68.128 - - [20/Jul/2025:04:39:50 +0000] "GET /shopdetail/84067081 HTTP/1.1" 200 25483 "-" "Mozilla/5.0 (Linux; Android 6.0.1; Nexus 5X Build/MMB29P) AppleWebKit/537.36 (KHTML, like Gecko) Chrome/137.0.7151.103 Mobile Safari/537.36 (compatible; Googlebot/2.1; +http://www.google.com/bot.html)"
66.249.68.128 - - [20/Jul/2025:04:39:53 +0000] "GET /shopdetail/194033681 HTTP/1.1" 200 24935 "-" "Mozilla/5.0 (Linux; Android 6.0.1; Nexus 5X Build/MMB29P) AppleWebKit/537.36 (KHTML, like Gecko) Chrome/137.0.7151.103 Mobile Safari/537.36 (compatible; Googlebot/2.1; +http://www.google.com/bot.html)"
66.249.68.128 - - [20/Jul/2025:04:39:55 +0000] "GET /shopdetail/138757681 HTTP/1.1" 200 25229 "-" "Mozilla/5.0 (Linux; Android 6.0.1; Nexus 5X Build/MMB29P) AppleWebKit/537.36 (KHTML, like Gecko) Chrome/137.0.7151.103 Mobile Safari/537.36 (compatible; Googlebot/2.1; +http://www.google.com/bot.html)"
66.249.68.128 - - [20/Jul/2025:04:39:57 +0000] "GET /shopdetail/30255481 HTTP/1.1" 200 25416 "-" "Mozilla/5.0 (Linux; Android 6.0.1; Nexus 5X Build/MMB29P) AppleWebKit/537.36 (KHTML, like Gecko) Chrome/137.0.7151.103 Mobile Safari/537.36 (compatible; Googlebot/2.1; +http://www.google.com/bot.html)"
66.249.68.128 - - [20/Jul/2025:04:39:59 +0000] "GET /shopdetail/118897281 HTTP/1.1" 200 25453 "-" "Mozilla/5.0 (Linux; Android 6.0.1; Nexus 5X Build/MMB29P) AppleWebKit/537.36 (KHTML, like Gecko) Chrome/137.0.7151.103 Mobile Safari/537.36 (compatible; Googlebot/2.1; +http://www.google.com/bot.html)"
66.249.68.128 - - [20/Jul/2025:04:40:02 +0000] "GET /shopdetail/94831881 HTTP/1.1" 200 25215 "-" "Mozilla/5.0 (Linux; Android 6.0.1; Nexus 5X Build/MMB29P) AppleWebKit/537.36 (KHTML, like Gecko) Chrome/137.0.7151.103 Mobile Safari/537.36 (compatible; Googlebot/2.1; +http://www.google.com/bot.html)"
66.249.68.128 - - [20/Jul/2025:04:40:05 +0000] "GET /shopdetail/146216681 HTTP/1.1" 200 25705 "-" "Mozilla/5.0 (Linux; Android 6.0.1; Nexus 5X Build/MMB29P) AppleWebKit/537.36 (KHTML, like Gecko) Chrome/137.0.7151.103 Mobile Safari/537.36 (compatible; Googlebot/2.1; +http://www.google.com/bot.html)"
66.249.68.128 - - [20/Jul/2025:04:40:07 +0000] "GET /shopdetail/124288681 HTTP/1.1" 200 26121 "-" "Mozilla/5.0 (Linux; Android 6.0.1; Nexus 5X Build/MMB29P) AppleWebKit/537.36 (KHTML, like Gecko) Chrome/137.0.7151.103 Mobile Safari/537.36 (compatible; Googlebot/2.1; +http://www.google.com/bot.html)"
66.249.68.128 - - [20/Jul/2025:04:40:10 +0000] "GET /shopdetail/161589281 HTTP/1.1" 200 25455 "-" "Mozilla/5.0 (Linux; Android 6.0.1; Nexus 5X Build/MMB29P) AppleWebKit/537.36 (KHTML, like Gecko) Chrome/137.0.7151.103 Mobile Safari/537.36 (compatible; Googlebot/2.1; +http://www.google.com/bot.html)"
66.249.68.128 - - [20/Jul/2025:04:40:13 +0000] "GET /shopdetail/109210181 HTTP/1.1" 200 25660 "-" "Mozilla/5.0 (Linux; Android 6.0.1; Nexus 5X Build/MMB29P) AppleWebKit/537.36 (KHTML, like Gecko) Chrome/137.0.7151.103 Mobile Safari/537.36 (compatible; Googlebot/2.1; +http://www.google.com/bot.html)"
66.249.68.128 - - [20/Jul/2025:04:40:16 +0000] "GET /shopdetail/4607281 HTTP/1.1" 200 26185 "-" "Mozilla/5.0 (Linux; Android 6.0.1; Nexus 5X Build/MMB29P) AppleWebKit/537.36 (KHTML, like Gecko) Chrome/137.0.7151.103 Mobile Safari/537.36 (compatible; Googlebot/2.1; +http://www.google.com/bot.html)"
66.249.68.128 - - [20/Jul/2025:04:40:18 +0000] "GET /shopdetail/155125081 HTTP/1.1" 200 25411 "-" "Mozilla/5.0 (Linux; Android 6.0.1; Nexus 5X Build/MMB29P) AppleWebKit/537.36 (KHTML, like Gecko) Chrome/137.0.7151.103 Mobile Safari/537.36 (compatible; Googlebot/2.1; +http://www.google.com/bot.html)"
66.249.68.128 - - [20/Jul/2025:04:40:23 +0000] "GET /shopdetail/69653381 HTTP/1.1" 200 26274 "-" "Mozilla/5.0 (Linux; Android 6.0.1; Nexus 5X Build/MMB29P) AppleWebKit/537.36 (KHTML, like Gecko) Chrome/137.0.7151.103 Mobile Safari/537.36 (compatible; Googlebot/2.1; +http://www.google.com/bot.html)"
66.249.68.128 - - [20/Jul/2025:04:40:25 +0000] "GET /shopdetail/64872881 HTTP/1.1" 200 24888 "-" "Mozilla/5.0 (Linux; Android 6.0.1; Nexus 5X Build/MMB29P) AppleWebKit/537.36 (KHTML, like Gecko) Chrome/137.0.7151.103 Mobile Safari/537.36 (compatible; Googlebot/2.1; +http://www.google.com/bot.html)"
66.249.68.128 - - [20/Jul/2025:04:40:28 +0000] "GET /shopdetail/130029381 HTTP/1.1" 200 25194 "-" "Mozilla/5.0 (Linux; Android 6.0.1; Nexus 5X Build/MMB29P) AppleWebKit/537.36 (KHTML, like Gecko) Chrome/137.0.7151.103 Mobile Safari/537.36 (compatible; Googlebot/2.1; +http://www.google.com/bot.html)"
66.249.68.128 - - [20/Jul/2025:04:40:30 +0000] "GET /shopdetail/148390981 HTTP/1.1" 200 26704 "-" "Mozilla/5.0 (Linux; Android 6.0.1; Nexus 5X Build/MMB29P) AppleWebKit/537.36 (KHTML, like Gecko) Chrome/137.0.7151.103 Mobile Safari/537.36 (compatible; Googlebot/2.1; +http://www.google.com/bot.html)"
66.249.68.129 - - [20/Jul/2025:04:40:33 +0000] "GET /shopdetail/26541881 HTTP/1.1" 200 24831 "-" "Mozilla/5.0 (Linux; Android 6.0.1; Nexus 5X Build/MMB29P) AppleWebKit/537.36 (KHTML, like Gecko) Chrome/137.0.7151.103 Mobile Safari/537.36 (compatible; Googlebot/2.1; +http://www.google.com/bot.html)"
66.249.68.128 - - [20/Jul/2025:04:40:34 +0000] "GET /shopdetail/89365781 HTTP/1.1" 200 26095 "-" "Mozilla/5.0 (Linux; Android 6.0.1; Nexus 5X Build/MMB29P) AppleWebKit/537.36 (KHTML, like Gecko) Chrome/137.0.7151.103 Mobile Safari/537.36 (compatible; Googlebot/2.1; +http://www.google.com/bot.html)"
66.249.68.129 - - [20/Jul/2025:04:40:37 +0000] "GET /shopdetail/179268281 HTTP/1.1" 200 24365 "-" "Mozilla/5.0 (Linux; Android 6.0.1; Nexus 5X Build/MMB29P) AppleWebKit/537.36 (KHTML, like Gecko) Chrome/137.0.7151.103 Mobile Safari/537.36 (compatible; Googlebot/2.1; +http://www.google.com/bot.html)"
66.249.68.129 - - [20/Jul/2025:04:40:40 +0000] "GET /shopdetail/122373181 HTTP/1.1" 200 26247 "-" "Mozilla/5.0 (Linux; Android 6.0.1; Nexus 5X Build/MMB29P) AppleWebKit/537.36 (KHTML, like Gecko) Chrome/137.0.7151.103 Mobile Safari/537.36 (compatible; Googlebot/2.1; +http://www.google.com/bot.html)"
66.249.68.128 - - [20/Jul/2025:04:40:42 +0000] "GET /shopdetail/102616181 HTTP/1.1" 200 26534 "-" "Mozilla/5.0 (Linux; Android 6.0.1; Nexus 5X Build/MMB29P) AppleWebKit/537.36 (KHTML, like Gecko) Chrome/137.0.7151.103 Mobile Safari/537.36 (compatible; Googlebot/2.1; +http://www.google.com/bot.html)"
66.249.68.129 - - [20/Jul/2025:04:40:45 +0000] "GET /shopdetail/115443081 HTTP/1.1" 200 24690 "-" "Mozilla/5.0 (Linux; Android 6.0.1; Nexus 5X Build/MMB29P) AppleWebKit/537.36 (KHTML, like Gecko) Chrome/137.0.7151.103 Mobile Safari/537.36 (compatible; Googlebot/2.1; +http://www.google.com/bot.html)"
66.249.68.129 - - [20/Jul/2025:04:40:48 +0000] "GET /shopdetail/139539481 HTTP/1.1" 200 25603 "-" "Mozilla/5.0 (Linux; Android 6.0.1; Nexus 5X Build/MMB29P) AppleWebKit/537.36 (KHTML, like Gecko) Chrome/137.0.7151.103 Mobile Safari/537.36 (compatible; Googlebot/2.1; +http://www.google.com/bot.html)"
66.249.68.128 - - [20/Jul/2025:04:40:50 +0000] "GET /shopdetail/20215781 HTTP/1.1" 200 26089 "-" "Mozilla/5.0 (Linux; Android 6.0.1; Nexus 5X Build/MMB29P) AppleWebKit/537.36 (KHTML, like Gecko) Chrome/137.0.7151.103 Mobile Safari/537.36 (compatible; Googlebot/2.1; +http://www.google.com/bot.html)"
66.249.68.129 - - [20/Jul/2025:04:40:55 +0000] "GET /shopdetail/13296781 HTTP/1.1" 200 25497 "-" "Mozilla/5.0 (Linux; Android 6.0.1; Nexus 5X Build/MMB29P) AppleWebKit/537.36 (KHTML, like Gecko) Chrome/137.0.7151.103 Mobile Safari/537.36 (compatible; Googlebot/2.1; +http://www.google.com/bot.html)"
66.249.68.129 - - [20/Jul/2025:04:40:58 +0000] "GET /shopdetail/122643281 HTTP/1.1" 200 25183 "-" "Mozilla/5.0 (Linux; Android 6.0.1; Nexus 5X Build/MMB29P) AppleWebKit/537.36 (KHTML, like Gecko) Chrome/137.0.7151.103 Mobile Safari/537.36 (compatible; Googlebot/2.1; +http://www.google.com/bot.html)"
66.249.68.129 - - [20/Jul/2025:04:41:00 +0000] "GET /shopdetail/24821281 HTTP/1.1" 200 25306 "-" "Mozilla/5.0 (Linux; Android 6.0.1; Nexus 5X Build/MMB29P) AppleWebKit/537.36 (KHTML, like Gecko) Chrome/137.0.7151.103 Mobile Safari/537.36 (compatible; Googlebot/2.1; +http://www.google.com/bot.html)"
66.249.68.129 - - [20/Jul/2025:04:41:03 +0000] "GET /shopdetail/119453181 HTTP/1.1" 200 24997 "-" "Mozilla/5.0 (Linux; Android 6.0.1; Nexus 5X Build/MMB29P) AppleWebKit/537.36 (KHTML, like Gecko) Chrome/137.0.7151.103 Mobile Safari/537.36 (compatible; Googlebot/2.1; +http://www.google.com/bot.html)"
66.249.68.128 - - [20/Jul/2025:04:41:05 +0000] "GET /shopdetail/1423881 HTTP/1.1" 200 24880 "-" "Mozilla/5.0 (Linux; Android 6.0.1; Nexus 5X Build/MMB29P) AppleWebKit/537.36 (KHTML, like Gecko) Chrome/137.0.7151.103 Mobile Safari/537.36 (compatible; Googlebot/2.1; +http://www.google.com/bot.html)"
66.249.68.129 - - [20/Jul/2025:04:41:08 +0000] "GET /shopdetail/3369981 HTTP/1.1" 200 25319 "-" "Mozilla/5.0 (Linux; Android 6.0.1; Nexus 5X Build/MMB29P) AppleWebKit/537.36 (KHTML, like Gecko) Chrome/137.0.7151.103 Mobile Safari/537.36 (compatible; Googlebot/2.1; +http://www.google.com/bot.html)"
45.227.253.15 - - [20/Jul/2025:04:48:29 +0000] "GET /wp-includes/Requests/src/Transport/Transport/index.php?ARRAY=7o2230223n313735323939303631372p2231223n22687474703n5p2s5p2s7n7334393476313373752r74616368652r70726s5p2s3s6p633q78696164616r5s72616r645s7061746826743q313735323938373031372q3039306665363462323036623366363866313861336530636636623031316461222p2232223n223531613862396366396664366466396164343364313161626434363235316539222p2233223n223934356438666134663530376639383361656238376163666666646565326364222p2262696r675s70617373223n2232352q34332q35322q36372q37372q38362q3237227q HTTP/1.1" 200 471 "-" "Mozilla/5.0 (iPad; U; CPU OS 4_1_3 like Mac OS X; ja) AppleWebKit/533.17.9 (KHTML, like Gecko) Version/5.0.2 Mobile/8J2 Safari/6533.18.5"
209.74.77.214 - - [20/Jul/2025:04:50:12 +0000] "POST /wp-cron.php?doing_wp_cron=1752987012.2964329719543457031250 HTTP/1.1" 200 - "-" "WordPress/6.8.2; https://diamondtiptiling.com"
45.227.253.15 - - [20/Jul/2025:04:50:09 +0000] "GET /index.php/jk HTTP/1.1" 301 - "-" "Mozilla/5.0 (Windows NT 6.1; WOW64; rv:70.0) Gecko/20100101 Firefox/70.0"
45.227.253.15 - - [20/Jul/2025:04:50:13 +0000] "GET /jk HTTP/1.1" 404 17103 "https://diamondtiptiling.com/index.php/jk" "Mozilla/5.0 (Windows NT 6.1; WOW64; rv:70.0) Gecko/20100101 Firefox/70.0"
209.74.77.214 - - [20/Jul/2025:05:11:26 +0000] "POST /wp-cron.php?doing_wp_cron=1752988286.7890288829803466796875 HTTP/1.1" 200 - "-" "WordPress/6.8.2; https://diamondtiptiling.com"
57.141.2.21 - - [20/Jul/2025:05:11:23 +0000] "GET /product/2783487915.shtm HTTP/1.1" 404 80913 "-" "meta-externalagent/1.1 (+https://developers.facebook.com/docs/sharing/webmasters/crawler)"
209.74.77.214 - - [20/Jul/2025:05:20:49 +0000] "POST /wp-cron.php?doing_wp_cron=1752988849.5141339302062988281250 HTTP/1.1" 200 - "-" "WordPress/6.8.2; https://diamondtiptiling.com"
41.222.113.150 - - [20/Jul/2025:05:20:47 +0000] "POST /xmlrpc.php HTTP/1.1" 200 403 "-" "Mozilla/5.0 (Windows NT 10.0; Win64; x64) AppleWebKit/537.36 (KHTML, like Gecko) Chrome/91.0.4472.124 Safari/537.36"
66.249.68.128 - - [20/Jul/2025:05:21:21 +0000] "GET /shopdetail/140809681 HTTP/1.1" 200 27602 "-" "Mozilla/5.0 (Linux; Android 6.0.1; Nexus 5X Build/MMB29P) AppleWebKit/537.36 (KHTML, like Gecko) Chrome/137.0.7151.103 Mobile Safari/537.36 (compatible; Googlebot/2.1; +http://www.google.com/bot.html)"
66.249.68.129 - - [20/Jul/2025:05:31:36 +0000] "GET /shopdetail/191033781 HTTP/1.1" 200 24292 "-" "Mozilla/5.0 (Linux; Android 6.0.1; Nexus 5X Build/MMB29P) AppleWebKit/537.36 (KHTML, like Gecko) Chrome/137.0.7151.103 Mobile Safari/537.36 (compatible; Googlebot/2.1; +http://www.google.com/bot.html)"
66.249.68.130 - - [20/Jul/2025:05:31:39 +0000] "GET /shopdetail/51318881 HTTP/1.1" 200 25677 "-" "Mozilla/5.0 (Linux; Android 6.0.1; Nexus 5X Build/MMB29P) AppleWebKit/537.36 (KHTML, like Gecko) Chrome/137.0.7151.103 Mobile Safari/537.36 (compatible; Googlebot/2.1; +http://www.google.com/bot.html)"
66.249.68.129 - - [20/Jul/2025:05:33:10 +0000] "GET /shopdetail/34438981 HTTP/1.1" 200 26002 "-" "Mozilla/5.0 (Linux; Android 6.0.1; Nexus 5X Build/MMB29P) AppleWebKit/537.36 (KHTML, like Gecko) Chrome/137.0.7151.103 Mobile Safari/537.36 (compatible; Googlebot/2.1; +http://www.google.com/bot.html)"
66.249.68.130 - - [20/Jul/2025:05:33:13 +0000] "GET /shopdetail/155946281 HTTP/1.1" 200 25435 "-" "Mozilla/5.0 (Linux; Android 6.0.1; Nexus 5X Build/MMB29P) AppleWebKit/537.36 (KHTML, like Gecko) Chrome/137.0.7151.103 Mobile Safari/537.36 (compatible; Googlebot/2.1; +http://www.google.com/bot.html)"
66.249.68.129 - - [20/Jul/2025:05:33:16 +0000] "GET /shopdetail/132645881 HTTP/1.1" 200 28735 "-" "Mozilla/5.0 (Linux; Android 6.0.1; Nexus 5X Build/MMB29P) AppleWebKit/537.36 (KHTML, like Gecko) Chrome/137.0.7151.103 Mobile Safari/537.36 (compatible; Googlebot/2.1; +http://www.google.com/bot.html)"
216.73.216.66 - - [20/Jul/2025:05:33:18 +0000] "GET /robots.txt HTTP/1.1" 200 111 "-" "Mozilla/5.0 AppleWebKit/537.36 (KHTML, like Gecko; compatible; ClaudeBot/1.0; [email protected])"
216.73.216.66 - - [20/Jul/2025:05:33:18 +0000] "GET /sitemap.xml HTTP/1.1" 200 4782 "-" "Mozilla/5.0 AppleWebKit/537.36 (KHTML, like Gecko; compatible; ClaudeBot/1.0; [email protected])"
66.249.68.128 - - [20/Jul/2025:05:33:19 +0000] "GET /shopdetail/112478681 HTTP/1.1" 200 25723 "-" "Mozilla/5.0 (Linux; Android 6.0.1; Nexus 5X Build/MMB29P) AppleWebKit/537.36 (KHTML, like Gecko) Chrome/137.0.7151.103 Mobile Safari/537.36 (compatible; Googlebot/2.1; +http://www.google.com/bot.html)"
66.249.68.128 - - [20/Jul/2025:05:33:21 +0000] "GET /shopdetail/19815481 HTTP/1.1" 200 25609 "-" "Mozilla/5.0 (Linux; Android 6.0.1; Nexus 5X Build/MMB29P) AppleWebKit/537.36 (KHTML, like Gecko) Chrome/137.0.7151.103 Mobile Safari/537.36 (compatible; Googlebot/2.1; +http://www.google.com/bot.html)"
66.249.68.128 - - [20/Jul/2025:05:33:25 +0000] "GET /shopdetail/118934781 HTTP/1.1" 200 25511 "-" "Mozilla/5.0 (Linux; Android 6.0.1; Nexus 5X Build/MMB29P) AppleWebKit/537.36 (KHTML, like Gecko) Chrome/137.0.7151.103 Mobile Safari/537.36 (compatible; Googlebot/2.1; +http://www.google.com/bot.html)"
66.249.68.128 - - [20/Jul/2025:05:33:27 +0000] "GET /shopdetail/82946581 HTTP/1.1" 200 25543 "-" "Mozilla/5.0 (Linux; Android 6.0.1; Nexus 5X Build/MMB29P) AppleWebKit/537.36 (KHTML, like Gecko) Chrome/137.0.7151.103 Mobile Safari/537.36 (compatible; Googlebot/2.1; +http://www.google.com/bot.html)"
66.249.68.128 - - [20/Jul/2025:05:33:29 +0000] "GET /shopdetail/52732681 HTTP/1.1" 200 25616 "-" "Mozilla/5.0 (Linux; Android 6.0.1; Nexus 5X Build/MMB29P) AppleWebKit/537.36 (KHTML, like Gecko) Chrome/137.0.7151.103 Mobile Safari/537.36 (compatible; Googlebot/2.1; +http://www.google.com/bot.html)"
66.249.68.128 - - [20/Jul/2025:05:33:32 +0000] "GET /shopdetail/130342381 HTTP/1.1" 200 24966 "-" "Mozilla/5.0 (Linux; Android 6.0.1; Nexus 5X Build/MMB29P) AppleWebKit/537.36 (KHTML, like Gecko) Chrome/137.0.7151.103 Mobile Safari/537.36 (compatible; Googlebot/2.1; +http://www.google.com/bot.html)"
66.249.68.128 - - [20/Jul/2025:05:33:35 +0000] "GET /shopdetail/152993281 HTTP/1.1" 200 25388 "-" "Mozilla/5.0 (Linux; Android 6.0.1; Nexus 5X Build/MMB29P) AppleWebKit/537.36 (KHTML, like Gecko) Chrome/137.0.7151.103 Mobile Safari/537.36 (compatible; Googlebot/2.1; +http://www.google.com/bot.html)"
66.249.68.128 - - [20/Jul/2025:05:33:37 +0000] "GET /shopdetail/97412081 HTTP/1.1" 200 25016 "-" "Mozilla/5.0 (Linux; Android 6.0.1; Nexus 5X Build/MMB29P) AppleWebKit/537.36 (KHTML, like Gecko) Chrome/137.0.7151.103 Mobile Safari/537.36 (compatible; Googlebot/2.1; +http://www.google.com/bot.html)"
209.74.77.214 - - [20/Jul/2025:05:33:40 +0000] "POST /wp-cron.php?doing_wp_cron=1752989620.6950340270996093750000 HTTP/1.1" 200 - "-" "WordPress/6.8.2; https://diamondtiptiling.com"
66.249.68.128 - - [20/Jul/2025:05:33:40 +0000] "GET /shopdetail/46530781 HTTP/1.1" 200 25867 "-" "Mozilla/5.0 (Linux; Android 6.0.1; Nexus 5X Build/MMB29P) AppleWebKit/537.36 (KHTML, like Gecko) Chrome/137.0.7151.103 Mobile Safari/537.36 (compatible; Googlebot/2.1; +http://www.google.com/bot.html)"
175.100.46.104 - - [20/Jul/2025:05:33:39 +0000] "POST /xmlrpc.php HTTP/1.1" 200 403 "-" "Mozilla/5.0 (Windows NT 10.0; Win64; x64) AppleWebKit/537.36 (KHTML, like Gecko) Chrome/91.0.4472.124 Safari/537.36"
66.249.68.128 - - [20/Jul/2025:05:33:43 +0000] "GET /shopdetail/125606281 HTTP/1.1" 200 25879 "-" "Mozilla/5.0 (Linux; Android 6.0.1; Nexus 5X Build/MMB29P) AppleWebKit/537.36 (KHTML, like Gecko) Chrome/137.0.7151.103 Mobile Safari/537.36 (compatible; Googlebot/2.1; +http://www.google.com/bot.html)"
66.249.68.129 - - [20/Jul/2025:05:33:45 +0000] "GET /shopdetail/163270381 HTTP/1.1" 200 25362 "-" "Mozilla/5.0 (Linux; Android 6.0.1; Nexus 5X Build/MMB29P) AppleWebKit/537.36 (KHTML, like Gecko) Chrome/137.0.7151.103 Mobile Safari/537.36 (compatible; Googlebot/2.1; +http://www.google.com/bot.html)"
66.249.68.128 - - [20/Jul/2025:05:33:48 +0000] "GET /shopdetail/1186381 HTTP/1.1" 200 24997 "-" "Mozilla/5.0 (Linux; Android 6.0.1; Nexus 5X Build/MMB29P) AppleWebKit/537.36 (KHTML, like Gecko) Chrome/137.0.7151.103 Mobile Safari/537.36 (compatible; Googlebot/2.1; +http://www.google.com/bot.html)"
66.249.68.129 - - [20/Jul/2025:05:33:51 +0000] "GET /shopdetail/124986581 HTTP/1.1" 200 28232 "-" "Mozilla/5.0 (Linux; Android 6.0.1; Nexus 5X Build/MMB29P) AppleWebKit/537.36 (KHTML, like Gecko) Chrome/137.0.7151.103 Mobile Safari/537.36 (compatible; Googlebot/2.1; +http://www.google.com/bot.html)"
66.249.68.128 - - [20/Jul/2025:05:33:59 +0000] "GET /shopdetail/197978781 HTTP/1.1" 200 24431 "-" "Mozilla/5.0 (Linux; Android 6.0.1; Nexus 5X Build/MMB29P) AppleWebKit/537.36 (KHTML, like Gecko) Chrome/137.0.7151.103 Mobile Safari/537.36 (compatible; Googlebot/2.1; +http://www.google.com/bot.html)"
66.249.68.129 - - [20/Jul/2025:05:34:02 +0000] "GET /shopdetail/65126281 HTTP/1.1" 200 25505 "-" "Mozilla/5.0 (Linux; Android 6.0.1; Nexus 5X Build/MMB29P) AppleWebKit/537.36 (KHTML, like Gecko) Chrome/137.0.7151.103 Mobile Safari/537.36 (compatible; Googlebot/2.1; +http://www.google.com/bot.html)"
66.249.68.128 - - [20/Jul/2025:05:34:04 +0000] "GET /shopdetail/153608581 HTTP/1.1" 200 25435 "-" "Mozilla/5.0 (Linux; Android 6.0.1; Nexus 5X Build/MMB29P) AppleWebKit/537.36 (KHTML, like Gecko) Chrome/137.0.7151.103 Mobile Safari/537.36 (compatible; Googlebot/2.1; +http://www.google.com/bot.html)"
187.87.20.120 - - [20/Jul/2025:05:34:05 +0000] "POST /xmlrpc.php HTTP/1.1" 200 403 "-" "Mozilla/5.0 (Windows NT 10.0; Win64; x64) AppleWebKit/537.36 (KHTML, like Gecko) Chrome/91.0.4472.124 Safari/537.36"
66.249.68.128 - - [20/Jul/2025:05:34:07 +0000] "GET /shopdetail/77208981 HTTP/1.1" 200 26077 "-" "Mozilla/5.0 (Linux; Android 6.0.1; Nexus 5X Build/MMB29P) AppleWebKit/537.36 (KHTML, like Gecko) Chrome/137.0.7151.103 Mobile Safari/537.36 (compatible; Googlebot/2.1; +http://www.google.com/bot.html)"
66.249.68.128 - - [20/Jul/2025:05:34:10 +0000] "GET /shopdetail/105179281 HTTP/1.1" 200 24931 "-" "Mozilla/5.0 (Linux; Android 6.0.1; Nexus 5X Build/MMB29P) AppleWebKit/537.36 (KHTML, like Gecko) Chrome/137.0.7151.103 Mobile Safari/537.36 (compatible; Googlebot/2.1; +http://www.google.com/bot.html)"
66.249.68.128 - - [20/Jul/2025:05:34:12 +0000] "GET /shopdetail/205018781 HTTP/1.1" 200 24735 "-" "Mozilla/5.0 (Linux; Android 6.0.1; Nexus 5X Build/MMB29P) AppleWebKit/537.36 (KHTML, like Gecko) Chrome/137.0.7151.103 Mobile Safari/537.36 (compatible; Googlebot/2.1; +http://www.google.com/bot.html)"
66.249.68.128 - - [20/Jul/2025:05:34:15 +0000] "GET /shopdetail/58471181 HTTP/1.1" 200 25170 "-" "Mozilla/5.0 (Linux; Android 6.0.1; Nexus 5X Build/MMB29P) AppleWebKit/537.36 (KHTML, like Gecko) Chrome/137.0.7151.103 Mobile Safari/537.36 (compatible; Googlebot/2.1; +http://www.google.com/bot.html)"
66.249.68.128 - - [20/Jul/2025:05:34:18 +0000] "GET /shopdetail/141872081 HTTP/1.1" 200 24716 "-" "Mozilla/5.0 (Linux; Android 6.0.1; Nexus 5X Build/MMB29P) AppleWebKit/537.36 (KHTML, like Gecko) Chrome/137.0.7151.103 Mobile Safari/537.36 (compatible; Googlebot/2.1; +http://www.google.com/bot.html)"
66.249.68.128 - - [20/Jul/2025:05:34:23 +0000] "GET /shopdetail/114289181 HTTP/1.1" 200 25482 "-" "Mozilla/5.0 (Linux; Android 6.0.1; Nexus 5X Build/MMB29P) AppleWebKit/537.36 (KHTML, like Gecko) Chrome/137.0.7151.103 Mobile Safari/537.36 (compatible; Googlebot/2.1; +http://www.google.com/bot.html)"
209.74.77.214 - - [20/Jul/2025:05:34:37 +0000] "POST /wp-cron.php?doing_wp_cron=1752989677.8003671169281005859375 HTTP/1.1" 200 - "-" "WordPress/6.8.2; https://diamondtiptiling.com"
216.247.24.157 - - [20/Jul/2025:05:34:37 +0000] "POST /xmlrpc.php HTTP/1.1" 200 403 "-" "Mozilla/5.0 (Linux; Android 10; x64) AppleWebKit/537.36 (KHTML, like Gecko) Safari/13.0.0.0 Safari/537.36"
66.249.68.130 - - [20/Jul/2025:05:35:15 +0000] "GET /shopdetail/14494881 HTTP/1.1" 200 25287 "-" "Mozilla/5.0 (Linux; Android 6.0.1; Nexus 5X Build/MMB29P) AppleWebKit/537.36 (KHTML, like Gecko) Chrome/137.0.7151.103 Mobile Safari/537.36 (compatible; Googlebot/2.1; +http://www.google.com/bot.html)"
66.249.68.128 - - [20/Jul/2025:05:36:11 +0000] "GET /shopdetail/187278381 HTTP/1.1" 200 23942 "-" "Mozilla/5.0 (Linux; Android 6.0.1; Nexus 5X Build/MMB29P) AppleWebKit/537.36 (KHTML, like Gecko) Chrome/137.0.7151.103 Mobile Safari/537.36 (compatible; Googlebot/2.1; +http://www.google.com/bot.html)"
66.249.68.129 - - [20/Jul/2025:05:36:16 +0000] "GET /shopdetail/74267681 HTTP/1.1" 200 26046 "-" "Mozilla/5.0 (Linux; Android 6.0.1; Nexus 5X Build/MMB29P) AppleWebKit/537.36 (KHTML, like Gecko) Chrome/137.0.7151.103 Mobile Safari/537.36 (compatible; Googlebot/2.1; +http://www.google.com/bot.html)"
209.74.77.214 - - [20/Jul/2025:05:38:13 +0000] "POST /wp-cron.php?doing_wp_cron=1752989893.1083760261535644531250 HTTP/1.1" 200 - "-" "WordPress/6.8.2; https://diamondtiptiling.com"
175.100.46.104 - - [20/Jul/2025:05:38:11 +0000] "GET /wp-json/wp/v2/users HTTP/1.1" 200 1579 "-" "Mozilla/4.0 (compatible; Win32; WinHttp.WinHttpRequest.5)"
187.87.20.120 - - [20/Jul/2025:05:38:23 +0000] "GET /wp-json/wp/v2/users HTTP/1.1" 200 1579 "-" "Mozilla/4.0 (compatible; Win32; WinHttp.WinHttpRequest.5)"
209.74.77.214 - - [20/Jul/2025:05:39:38 +0000] "POST /wp-cron.php?doing_wp_cron=1752989978.6330668926239013671875 HTTP/1.1" 200 - "-" "WordPress/6.8.2; https://diamondtiptiling.com"
175.100.46.104 - - [20/Jul/2025:05:39:37 +0000] "POST /xmlrpc.php HTTP/1.1" 200 403 "-" "Mozilla/5.0 (Windows NT 10.0; Win64; x64) AppleWebKit/537.36 (KHTML, like Gecko) Chrome/91.0.4472.124 Safari/537.36"
209.74.77.214 - - [20/Jul/2025:05:40:20 +0000] "POST /wp-cron.php?doing_wp_cron=1752990020.3002979755401611328125 HTTP/1.1" 200 - "-" "WordPress/6.8.2; https://diamondtiptiling.com"
187.87.20.120 - - [20/Jul/2025:05:40:17 +0000] "POST /xmlrpc.php HTTP/1.1" 200 403 "-" "Mozilla/5.0 (Windows NT 10.0; Win64; x64) AppleWebKit/537.36 (KHTML, like Gecko) Chrome/91.0.4472.124 Safari/537.36"
209.74.77.214 - - [20/Jul/2025:05:41:06 +0000] "POST /wp-cron.php?doing_wp_cron=1752990066.6471118927001953125000 HTTP/1.1" 200 - "-" "WordPress/6.8.2; https://diamondtiptiling.com"
175.100.46.104 - - [20/Jul/2025:05:41:05 +0000] "POST /xmlrpc.php HTTP/1.1" 200 403 "-" "Mozilla/5.0 (Windows NT 10.0; Win64; x64) AppleWebKit/537.36 (KHTML, like Gecko) Chrome/91.0.4472.124 Safari/537.36"
187.87.20.120 - - [20/Jul/2025:05:41:53 +0000] "POST /xmlrpc.php HTTP/1.1" 200 403 "-" "Mozilla/5.0 (Windows NT 10.0; Win64; x64) AppleWebKit/537.36 (KHTML, like Gecko) Chrome/91.0.4472.124 Safari/537.36"
209.74.77.214 - - [20/Jul/2025:05:42:30 +0000] "POST /wp-cron.php?doing_wp_cron=1752990150.3050839900970458984375 HTTP/1.1" 200 - "-" "WordPress/6.8.2; https://diamondtiptiling.com"
175.100.46.104 - - [20/Jul/2025:05:42:27 +0000] "POST /xmlrpc.php HTTP/1.1" 200 403 "-" "Mozilla/5.0 (Windows NT 10.0; Win64; x64) AppleWebKit/537.36 (KHTML, like Gecko) Chrome/91.0.4472.124 Safari/537.36"
209.74.77.214 - - [20/Jul/2025:05:43:06 +0000] "POST /wp-cron.php?doing_wp_cron=1752990186.3180859088897705078125 HTTP/1.1" 200 - "-" "WordPress/6.8.2; https://diamondtiptiling.com"
91.228.225.143 - - [20/Jul/2025:05:43:04 +0000] "GET /wp-content/plugins/customer-reviews-woocommerce/js/form.js HTTP/1.1" 404 80913 "https://www.google.com/" "Mozilla/5.0 (Windows NT 10.0; Win64; x64) AppleWebKit/537.36 (KHTML, like Gecko) Chrome/126.0.0.0 Safari/537.36"
187.87.20.120 - - [20/Jul/2025:05:43:35 +0000] "POST /xmlrpc.php HTTP/1.1" 200 403 "-" "Mozilla/5.0 (Windows NT 10.0; Win64; x64) AppleWebKit/537.36 (KHTML, like Gecko) Chrome/91.0.4472.124 Safari/537.36"
209.74.77.214 - - [20/Jul/2025:05:43:47 +0000] "POST /wp-cron.php?doing_wp_cron=1752990227.5438020229339599609375 HTTP/1.1" 200 - "-" "WordPress/6.8.2; https://diamondtiptiling.com"
175.100.46.104 - - [20/Jul/2025:05:43:47 +0000] "POST /xmlrpc.php HTTP/1.1" 200 403 "-" "Mozilla/5.0 (Windows NT 10.0; Win64; x64) AppleWebKit/537.36 (KHTML, like Gecko) Chrome/91.0.4472.124 Safari/537.36"
66.249.68.128 - - [20/Jul/2025:05:44:00 +0000] "GET /shopdetail/188818281 HTTP/1.1" 200 26215 "-" "Mozilla/5.0 (Linux; Android 6.0.1; Nexus 5X Build/MMB29P) AppleWebKit/537.36 (KHTML, like Gecko) Chrome/137.0.7151.103 Mobile Safari/537.36 (compatible; Googlebot/2.1; +http://www.google.com/bot.html)"
209.74.77.214 - - [20/Jul/2025:05:45:05 +0000] "POST /wp-cron.php?doing_wp_cron=1752990305.2319529056549072265625 HTTP/1.1" 200 - "-" "WordPress/6.8.2; https://diamondtiptiling.com"
175.100.46.104 - - [20/Jul/2025:05:45:00 +0000] "POST /xmlrpc.php HTTP/1.1" 200 403 "-" "Mozilla/5.0 (Windows NT 10.0; Win64; x64) AppleWebKit/537.36 (KHTML, like Gecko) Chrome/91.0.4472.124 Safari/537.36"
209.74.77.214 - - [20/Jul/2025:05:45:15 +0000] "POST /wp-cron.php?doing_wp_cron=1752990314.8579590320587158203125 HTTP/1.1" 200 - "-" "WordPress/6.8.2; https://diamondtiptiling.com"
187.87.20.120 - - [20/Jul/2025:05:45:13 +0000] "POST /xmlrpc.php HTTP/1.1" 200 403 "-" "Mozilla/5.0 (Windows NT 10.0; Win64; x64) AppleWebKit/537.36 (KHTML, like Gecko) Chrome/91.0.4472.124 Safari/537.36"
209.74.77.214 - - [20/Jul/2025:05:46:25 +0000] "POST /wp-cron.php?doing_wp_cron=1752990385.5612609386444091796875 HTTP/1.1" 200 - "-" "WordPress/6.8.2; https://diamondtiptiling.com"
175.100.46.104 - - [20/Jul/2025:05:46:24 +0000] "POST /xmlrpc.php HTTP/1.1" 200 403 "-" "Mozilla/5.0 (Windows NT 10.0; Win64; x64) AppleWebKit/537.36 (KHTML, like Gecko) Chrome/91.0.4472.124 Safari/537.36"
209.74.77.214 - - [20/Jul/2025:05:46:25 +0000] "POST /wp-admin/admin-ajax.php?action=wp_1_wc_privacy_cleanup&nonce=ef74d2902d HTTP/1.1" 200 - "-" "WordPress/6.8.2; https://diamondtiptiling.com"
209.74.77.214 - - [20/Jul/2025:05:46:46 +0000] "POST /wp-cron.php?doing_wp_cron=1752990406.9358899593353271484375 HTTP/1.1" 200 - "-" "WordPress/6.8.2; https://diamondtiptiling.com"
187.87.20.120 - - [20/Jul/2025:05:46:46 +0000] "POST /xmlrpc.php HTTP/1.1" 200 403 "-" "Mozilla/5.0 (Windows NT 10.0; Win64; x64) AppleWebKit/537.36 (KHTML, like Gecko) Chrome/91.0.4472.124 Safari/537.36"
66.249.68.128 - - [20/Jul/2025:05:47:24 +0000] "GET /shopdetail/181932281 HTTP/1.1" 200 24768 "-" "Mozilla/5.0 (Linux; Android 6.0.1; Nexus 5X Build/MMB29P) AppleWebKit/537.36 (KHTML, like Gecko) Chrome/137.0.7151.103 Mobile Safari/537.36 (compatible; Googlebot/2.1; +http://www.google.com/bot.html)"
175.100.46.104 - - [20/Jul/2025:05:47:45 +0000] "POST /xmlrpc.php HTTP/1.1" 200 403 "-" "Mozilla/5.0 (Windows NT 10.0; Win64; x64) AppleWebKit/537.36 (KHTML, like Gecko) Chrome/91.0.4472.124 Safari/537.36"
209.74.77.214 - - [20/Jul/2025:05:48:03 +0000] "POST /wp-cron.php?doing_wp_cron=1752990483.0315010547637939453125 HTTP/1.1" 200 - "-" "WordPress/6.8.2; https://diamondtiptiling.com"
209.74.77.214 - - [20/Jul/2025:05:48:06 +0000] "POST /wp-cron.php?doing_wp_cron=1752990486.3567891120910644531250 HTTP/1.1" 200 - "-" "WordPress/6.8.2; https://diamondtiptiling.com"
187.87.20.120 - - [20/Jul/2025:05:48:18 +0000] "POST /xmlrpc.php HTTP/1.1" 200 403 "-" "Mozilla/5.0 (Windows NT 10.0; Win64; x64) AppleWebKit/537.36 (KHTML, like Gecko) Chrome/91.0.4472.124 Safari/537.36"
175.100.46.104 - - [20/Jul/2025:05:49:04 +0000] "POST /xmlrpc.php HTTP/1.1" 200 403 "-" "Mozilla/5.0 (Windows NT 10.0; Win64; x64) AppleWebKit/537.36 (KHTML, like Gecko) Chrome/91.0.4472.124 Safari/537.36"
66.249.68.128 - - [20/Jul/2025:05:49:16 +0000] "GET /product/102154738.shtm HTTP/1.1" 200 25506 "-" "Mozilla/5.0 (Linux; Android 6.0.1; Nexus 5X Build/MMB29P) AppleWebKit/537.36 (KHTML, like Gecko) Chrome/137.0.7151.103 Mobile Safari/537.36 (compatible; Googlebot/2.1; +http://www.google.com/bot.html)"
209.74.77.214 - - [20/Jul/2025:05:49:54 +0000] "POST /wp-cron.php?doing_wp_cron=1752990594.2124900817871093750000 HTTP/1.1" 200 - "-" "WordPress/6.8.2; https://diamondtiptiling.com"
187.87.20.120 - - [20/Jul/2025:05:49:52 +0000] "POST /xmlrpc.php HTTP/1.1" 200 403 "-" "Mozilla/5.0 (Windows NT 10.0; Win64; x64) AppleWebKit/537.36 (KHTML, like Gecko) Chrome/91.0.4472.124 Safari/537.36"
209.74.77.214 - - [20/Jul/2025:05:50:34 +0000] "POST /wp-cron.php?doing_wp_cron=1752990634.1113901138305664062500 HTTP/1.1" 200 - "-" "WordPress/6.8.2; https://diamondtiptiling.com"
175.100.46.104 - - [20/Jul/2025:05:50:32 +0000] "POST /xmlrpc.php HTTP/1.1" 200 403 "-" "Mozilla/5.0 (Windows NT 10.0; Win64; x64) AppleWebKit/537.36 (KHTML, like Gecko) Chrome/91.0.4472.124 Safari/537.36"
209.74.77.214 - - [20/Jul/2025:05:51:33 +0000] "POST /wp-cron.php?doing_wp_cron=1752990693.1013340950012207031250 HTTP/1.1" 200 - "-" "WordPress/6.8.2; https://diamondtiptiling.com"
187.87.20.120 - - [20/Jul/2025:05:51:31 +0000] "POST /xmlrpc.php HTTP/1.1" 200 403 "-" "Mozilla/5.0 (Windows NT 10.0; Win64; x64) AppleWebKit/537.36 (KHTML, like Gecko) Chrome/91.0.4472.124 Safari/537.36"
66.249.68.128 - - [20/Jul/2025:05:51:44 +0000] "GET /product/102376625.shtm HTTP/1.1" 200 25492 "-" "Mozilla/5.0 (Linux; Android 6.0.1; Nexus 5X Build/MMB29P) AppleWebKit/537.36 (KHTML, like Gecko) Chrome/137.0.7151.103 Mobile Safari/537.36 (compatible; Googlebot/2.1; +http://www.google.com/bot.html)"
175.100.46.104 - - [20/Jul/2025:05:51:53 +0000] "POST /xmlrpc.php HTTP/1.1" 200 403 "-" "Mozilla/5.0 (Windows NT 10.0; Win64; x64) AppleWebKit/537.36 (KHTML, like Gecko) Chrome/91.0.4472.124 Safari/537.36"
209.74.77.214 - - [20/Jul/2025:05:53:14 +0000] "POST /wp-cron.php?doing_wp_cron=1752990794.3912940025329589843750 HTTP/1.1" 200 - "-" "WordPress/6.8.2; https://diamondtiptiling.com"
209.74.77.214 - - [20/Jul/2025:05:53:14 +0000] "POST /wp-cron.php?doing_wp_cron=1752990794.3912971019744873046875 HTTP/1.1" 200 - "-" "WordPress/6.8.2; https://diamondtiptiling.com"
187.87.20.120 - - [20/Jul/2025:05:53:13 +0000] "POST /xmlrpc.php HTTP/1.1" 200 403 "-" "Mozilla/5.0 (Windows NT 10.0; Win64; x64) AppleWebKit/537.36 (KHTML, like Gecko) Chrome/91.0.4472.124 Safari/537.36"
175.100.46.104 - - [20/Jul/2025:05:53:14 +0000] "POST /xmlrpc.php HTTP/1.1" 200 403 "-" "Mozilla/5.0 (Windows NT 10.0; Win64; x64) AppleWebKit/537.36 (KHTML, like Gecko) Chrome/91.0.4472.124 Safari/537.36"
66.249.68.129 - - [20/Jul/2025:05:54:10 +0000] "GET /product/102594214.shtm HTTP/1.1" 200 26858 "-" "Mozilla/5.0 (Linux; Android 6.0.1; Nexus 5X Build/MMB29P) AppleWebKit/537.36 (KHTML, like Gecko) Chrome/137.0.7151.103 Mobile Safari/537.36 (compatible; Googlebot/2.1; +http://www.google.com/bot.html)"
209.74.77.214 - - [20/Jul/2025:05:54:28 +0000] "POST /wp-cron.php?doing_wp_cron=1752990868.0046091079711914062500 HTTP/1.1" 200 - "-" "WordPress/6.8.2; https://diamondtiptiling.com"
175.100.46.104 - - [20/Jul/2025:05:54:26 +0000] "POST /xmlrpc.php HTTP/1.1" 200 403 "-" "Mozilla/5.0 (Windows NT 10.0; Win64; x64) AppleWebKit/537.36 (KHTML, like Gecko) Chrome/91.0.4472.124 Safari/537.36"
187.87.20.120 - - [20/Jul/2025:05:54:46 +0000] "POST /xmlrpc.php HTTP/1.1" 200 403 "-" "Mozilla/5.0 (Windows NT 10.0; Win64; x64) AppleWebKit/537.36 (KHTML, like Gecko) Chrome/91.0.4472.124 Safari/537.36"
209.74.77.214 - - [20/Jul/2025:05:55:38 +0000] "POST /wp-cron.php?doing_wp_cron=1752990938.5453250408172607421875 HTTP/1.1" 200 - "-" "WordPress/6.8.2; https://diamondtiptiling.com"
175.100.46.104 - - [20/Jul/2025:05:55:36 +0000] "POST /xmlrpc.php HTTP/1.1" 200 403 "-" "Mozilla/5.0 (Windows NT 10.0; Win64; x64) AppleWebKit/537.36 (KHTML, like Gecko) Chrome/91.0.4472.124 Safari/537.36"
66.249.68.130 - - [20/Jul/2025:05:56:38 +0000] "GET /product/102541056.shtm HTTP/1.1" 200 24706 "-" "Mozilla/5.0 (Linux; Android 6.0.1; Nexus 5X Build/MMB29P) AppleWebKit/537.36 (KHTML, like Gecko) Chrome/137.0.7151.103 Mobile Safari/537.36 (compatible; Googlebot/2.1; +http://www.google.com/bot.html)"
209.74.77.214 - - [20/Jul/2025:05:56:57 +0000] "POST /wp-cron.php?doing_wp_cron=1752991017.5016119480133056640625 HTTP/1.1" 200 - "-" "WordPress/6.8.2; https://diamondtiptiling.com"
175.100.46.104 - - [20/Jul/2025:05:56:56 +0000] "POST /xmlrpc.php HTTP/1.1" 200 403 "-" "Mozilla/5.0 (Windows NT 10.0; Win64; x64) AppleWebKit/537.36 (KHTML, like Gecko) Chrome/91.0.4472.124 Safari/537.36"
209.74.77.214 - - [20/Jul/2025:05:58:14 +0000] "POST /wp-cron.php?doing_wp_cron=1752991094.8741500377655029296875 HTTP/1.1" 200 - "-" "WordPress/6.8.2; https://diamondtiptiling.com"
187.87.20.120 - - [20/Jul/2025:05:58:13 +0000] "POST /xmlrpc.php HTTP/1.1" 200 403 "-" "Mozilla/5.0 (Windows NT 10.0; Win64; x64) AppleWebKit/537.36 (KHTML, like Gecko) Chrome/91.0.4472.124 Safari/537.36"
175.100.46.104 - - [20/Jul/2025:05:58:20 +0000] "POST /xmlrpc.php HTTP/1.1" 200 403 "-" "Mozilla/5.0 (Windows NT 10.0; Win64; x64) AppleWebKit/537.36 (KHTML, like Gecko) Chrome/91.0.4472.124 Safari/537.36"
66.249.68.129 - - [20/Jul/2025:05:59:06 +0000] "GET /product/102980596.shtm HTTP/1.1" 200 26385 "-" "Mozilla/5.0 (Linux; Android 6.0.1; Nexus 5X Build/MMB29P) AppleWebKit/537.36 (KHTML, like Gecko) Chrome/137.0.7151.103 Mobile Safari/537.36 (compatible; Googlebot/2.1; +http://www.google.com/bot.html)"
209.74.77.214 - - [20/Jul/2025:05:59:38 +0000] "POST /wp-cron.php?doing_wp_cron=1752991178.2838449478149414062500 HTTP/1.1" 200 - "-" "WordPress/6.8.2; https://diamondtiptiling.com"
175.100.46.104 - - [20/Jul/2025:05:59:37 +0000] "POST /xmlrpc.php HTTP/1.1" 200 403 "-" "Mozilla/5.0 (Windows NT 10.0; Win64; x64) AppleWebKit/537.36 (KHTML, like Gecko) Chrome/91.0.4472.124 Safari/537.36"
187.87.20.120 - - [20/Jul/2025:05:59:57 +0000] "POST /xmlrpc.php HTTP/1.1" 200 403 "-" "Mozilla/5.0 (Windows NT 10.0; Win64; x64) AppleWebKit/537.36 (KHTML, like Gecko) Chrome/91.0.4472.124 Safari/537.36"
209.74.77.214 - - [20/Jul/2025:06:00:57 +0000] "POST /wp-cron.php?doing_wp_cron=1752991257.2230310440063476562500 HTTP/1.1" 200 - "-" "WordPress/6.8.2; https://diamondtiptiling.com"
175.100.46.104 - - [20/Jul/2025:06:00:55 +0000] "POST /xmlrpc.php HTTP/1.1" 200 403 "-" "Mozilla/5.0 (Windows NT 10.0; Win64; x64) AppleWebKit/537.36 (KHTML, like Gecko) Chrome/91.0.4472.124 Safari/537.36"
66.249.68.129 - - [20/Jul/2025:06:01:34 +0000] "GET /product/102295935.shtm HTTP/1.1" 200 25796 "-" "Mozilla/5.0 (Linux; Android 6.0.1; Nexus 5X Build/MMB29P) AppleWebKit/537.36 (KHTML, like Gecko) Chrome/137.0.7151.103 Mobile Safari/537.36 (compatible; Googlebot/2.1; +http://www.google.com/bot.html)"
209.74.77.214 - - [20/Jul/2025:06:02:14 +0000] "POST /wp-cron.php?doing_wp_cron=1752991334.7600820064544677734375 HTTP/1.1" 200 - "-" "WordPress/6.8.2; https://diamondtiptiling.com"
175.100.46.104 - - [20/Jul/2025:06:02:12 +0000] "POST /xmlrpc.php HTTP/1.1" 200 403 "-" "Mozilla/5.0 (Windows NT 10.0; Win64; x64) AppleWebKit/537.36 (KHTML, like Gecko) Chrome/91.0.4472.124 Safari/537.36"
209.74.77.214 - - [20/Jul/2025:06:03:18 +0000] "POST /wp-cron.php?doing_wp_cron=1752991398.0263540744781494140625 HTTP/1.1" 200 - "-" "WordPress/6.8.2; https://diamondtiptiling.com"
57.141.2.15 - - [20/Jul/2025:06:03:16 +0000] "GET /product/852877681.shtm HTTP/1.1" 404 80913 "-" "meta-externalagent/1.1 (+https://developers.facebook.com/docs/sharing/webmasters/crawler)"
187.87.20.120 - - [20/Jul/2025:06:03:25 +0000] "POST /xmlrpc.php HTTP/1.1" 200 403 "-" "Mozilla/5.0 (Windows NT 10.0; Win64; x64) AppleWebKit/537.36 (KHTML, like Gecko) Chrome/91.0.4472.124 Safari/537.36"
175.100.46.104 - - [20/Jul/2025:06:03:31 +0000] "POST /xmlrpc.php HTTP/1.1" 200 403 "-" "Mozilla/5.0 (Windows NT 10.0; Win64; x64) AppleWebKit/537.36 (KHTML, like Gecko) Chrome/91.0.4472.124 Safari/537.36"
57.141.2.28 - - [20/Jul/2025:06:03:43 +0000] "GET /product/2783342418.shtm HTTP/1.1" 404 80913 "-" "meta-externalagent/1.1 (+https://developers.facebook.com/docs/sharing/webmasters/crawler)"
66.249.68.128 - - [20/Jul/2025:06:04:02 +0000] "GET /product/102980670.shtm HTTP/1.1" 200 24608 "-" "Mozilla/5.0 (Linux; Android 6.0.1; Nexus 5X Build/MMB29P) AppleWebKit/537.36 (KHTML, like Gecko) Chrome/137.0.7151.103 Mobile Safari/537.36 (compatible; Googlebot/2.1; +http://www.google.com/bot.html)"
209.74.77.214 - - [20/Jul/2025:06:04:44 +0000] "POST /wp-cron.php?doing_wp_cron=1752991484.7843248844146728515625 HTTP/1.1" 200 - "-" "WordPress/6.8.2; https://diamondtiptiling.com"
175.100.46.104 - - [20/Jul/2025:06:04:43 +0000] "POST /xmlrpc.php HTTP/1.1" 200 403 "-" "Mozilla/5.0 (Windows NT 10.0; Win64; x64) AppleWebKit/537.36 (KHTML, like Gecko) Chrome/91.0.4472.124 Safari/537.36"
209.74.77.214 - - [20/Jul/2025:06:05:17 +0000] "POST /wp-cron.php?doing_wp_cron=1752991517.7328250408172607421875 HTTP/1.1" 200 - "-" "WordPress/6.8.2; https://diamondtiptiling.com"
187.87.20.120 - - [20/Jul/2025:06:05:15 +0000] "POST /xmlrpc.php HTTP/1.1" 200 403 "-" "Mozilla/5.0 (Windows NT 10.0; Win64; x64) AppleWebKit/537.36 (KHTML, like Gecko) Chrome/91.0.4472.124 Safari/537.36"
175.100.46.104 - - [20/Jul/2025:06:06:00 +0000] "POST /xmlrpc.php HTTP/1.1" 200 403 "-" "Mozilla/5.0 (Windows NT 10.0; Win64; x64) AppleWebKit/537.36 (KHTML, like Gecko) Chrome/91.0.4472.124 Safari/537.36"
43.157.149.188 - - [20/Jul/2025:06:06:20 +0000] "GET / HTTP/1.1" 200 25845 "http://www.diamondtiptiling.com" "Mozilla/5.0 (iPhone; CPU iPhone OS 13_2_3 like Mac OS X) AppleWebKit/605.1.15 (KHTML, like Gecko) Version/13.0.3 Mobile/15E148 Safari/604.1"
57.141.2.30 - - [20/Jul/2025:06:06:36 +0000] "GET /product/2783159914.shtm HTTP/1.1" 404 80913 "-" "meta-externalagent/1.1 (+https://developers.facebook.com/docs/sharing/webmasters/crawler)"
57.141.2.29 - - [20/Jul/2025:06:06:39 +0000] "GET /product/2782947620.shtm HTTP/1.1" 404 80913 "-" "meta-externalagent/1.1 (+https://developers.facebook.com/docs/sharing/webmasters/crawler)"
57.141.2.29 - - [20/Jul/2025:06:06:42 +0000] "GET /product/2783375313.shtm HTTP/1.1" 404 80913 "-" "meta-externalagent/1.1 (+https://developers.facebook.com/docs/sharing/webmasters/crawler)"
57.141.2.16 - - [20/Jul/2025:06:06:44 +0000] "GET /product/853129234.shtm HTTP/1.1" 404 80913 "-" "meta-externalagent/1.1 (+https://developers.facebook.com/docs/sharing/webmasters/crawler)"
57.141.2.1 - - [20/Jul/2025:06:06:44 +0000] "GET /product/852800164.shtm HTTP/1.1" 404 80913 "-" "meta-externalagent/1.1 (+https://developers.facebook.com/docs/sharing/webmasters/crawler)"
57.141.2.23 - - [20/Jul/2025:06:06:46 +0000] "GET /product/2783606739.shtm HTTP/1.1" 404 80913 "-" "meta-externalagent/1.1 (+https://developers.facebook.com/docs/sharing/webmasters/crawler)"
187.87.20.120 - - [20/Jul/2025:06:06:52 +0000] "POST /xmlrpc.php HTTP/1.1" 200 403 "-" "Mozilla/5.0 (Windows NT 10.0; Win64; x64) AppleWebKit/537.36 (KHTML, like Gecko) Chrome/91.0.4472.124 Safari/537.36"
209.74.77.214 - - [20/Jul/2025:06:07:17 +0000] "POST /wp-cron.php?doing_wp_cron=1752991637.3444070816040039062500 HTTP/1.1" 200 - "-" "WordPress/6.8.2; https://diamondtiptiling.com"
175.100.46.104 - - [20/Jul/2025:06:07:17 +0000] "POST /xmlrpc.php HTTP/1.1" 200 403 "-" "Mozilla/5.0 (Windows NT 10.0; Win64; x64) AppleWebKit/537.36 (KHTML, like Gecko) Chrome/91.0.4472.124 Safari/537.36"
57.141.2.24 - - [20/Jul/2025:06:07:38 +0000] "GET /product/2782801128.shtm HTTP/1.1" 404 80913 "-" "meta-externalagent/1.1 (+https://developers.facebook.com/docs/sharing/webmasters/crawler)"
57.141.2.27 - - [20/Jul/2025:06:07:42 +0000] "GET /product/2783131251.shtm HTTP/1.1" 404 80913 "-" "meta-externalagent/1.1 (+https://developers.facebook.com/docs/sharing/webmasters/crawler)"
187.87.20.120 - - [20/Jul/2025:06:08:27 +0000] "POST /xmlrpc.php HTTP/1.1" 200 403 "-" "Mozilla/5.0 (Windows NT 10.0; Win64; x64) AppleWebKit/537.36 (KHTML, like Gecko) Chrome/91.0.4472.124 Safari/537.36"
209.74.77.214 - - [20/Jul/2025:06:08:28 +0000] "POST /wp-cron.php?doing_wp_cron=1752991708.6603960990905761718750 HTTP/1.1" 200 - "-" "WordPress/6.8.2; https://diamondtiptiling.com"
175.100.46.104 - - [20/Jul/2025:06:08:28 +0000] "POST /xmlrpc.php HTTP/1.1" 200 403 "-" "Mozilla/5.0 (Windows NT 10.0; Win64; x64) AppleWebKit/537.36 (KHTML, like Gecko) Chrome/91.0.4472.124 Safari/537.36"
209.74.77.214 - - [20/Jul/2025:06:09:38 +0000] "POST /wp-cron.php?doing_wp_cron=1752991778.6144380569458007812500 HTTP/1.1" 200 - "-" "WordPress/6.8.2; https://diamondtiptiling.com"
175.100.46.104 - - [20/Jul/2025:06:09:37 +0000] "POST /xmlrpc.php HTTP/1.1" 200 403 "-" "Mozilla/5.0 (Windows NT 10.0; Win64; x64) AppleWebKit/537.36 (KHTML, like Gecko) Chrome/91.0.4472.124 Safari/537.36"
209.74.77.214 - - [20/Jul/2025:06:10:57 +0000] "POST /wp-cron.php?doing_wp_cron=1752991857.4578189849853515625000 HTTP/1.1" 200 - "-" "WordPress/6.8.2; https://diamondtiptiling.com"
175.100.46.104 - - [20/Jul/2025:06:10:55 +0000] "POST /xmlrpc.php HTTP/1.1" 200 403 "-" "Mozilla/5.0 (Windows NT 10.0; Win64; x64) AppleWebKit/537.36 (KHTML, like Gecko) Chrome/91.0.4472.124 Safari/537.36"
209.74.77.214 - - [20/Jul/2025:06:11:59 +0000] "POST /wp-cron.php?doing_wp_cron=1752991919.4386138916015625000000 HTTP/1.1" 200 - "-" "WordPress/6.8.2; https://diamondtiptiling.com"
187.87.20.120 - - [20/Jul/2025:06:11:57 +0000] "POST /xmlrpc.php HTTP/1.1" 200 403 "-" "Mozilla/5.0 (Windows NT 10.0; Win64; x64) AppleWebKit/537.36 (KHTML, like Gecko) Chrome/91.0.4472.124 Safari/537.36"
209.74.77.214 - - [20/Jul/2025:06:12:10 +0000] "POST /wp-cron.php?doing_wp_cron=1752991930.8723340034484863281250 HTTP/1.1" 200 - "-" "WordPress/6.8.2; https://diamondtiptiling.com"
175.100.46.104 - - [20/Jul/2025:06:12:10 +0000] "POST /xmlrpc.php HTTP/1.1" 200 403 "-" "Mozilla/5.0 (Windows NT 10.0; Win64; x64) AppleWebKit/537.36 (KHTML, like Gecko) Chrome/91.0.4472.124 Safari/537.36"
209.74.77.214 - - [20/Jul/2025:06:13:27 +0000] "POST /wp-cron.php?doing_wp_cron=1752992007.1810729503631591796875 HTTP/1.1" 200 - "-" "WordPress/6.8.2; https://diamondtiptiling.com"
175.100.46.104 - - [20/Jul/2025:06:13:25 +0000] "POST /xmlrpc.php HTTP/1.1" 200 403 "-" "Mozilla/5.0 (Windows NT 10.0; Win64; x64) AppleWebKit/537.36 (KHTML, like Gecko) Chrome/91.0.4472.124 Safari/537.36"
216.73.216.66 - - [20/Jul/2025:06:13:44 +0000] "GET /wp-sitemap.xml HTTP/1.1" 200 4745 "-" "Mozilla/5.0 AppleWebKit/537.36 (KHTML, like Gecko; compatible; ClaudeBot/1.0; [email protected])"
187.87.20.120 - - [20/Jul/2025:06:13:47 +0000] "POST /xmlrpc.php HTTP/1.1" 200 403 "-" "Mozilla/5.0 (Windows NT 10.0; Win64; x64) AppleWebKit/537.36 (KHTML, like Gecko) Chrome/91.0.4472.124 Safari/537.36"
209.74.77.214 - - [20/Jul/2025:06:14:44 +0000] "POST /wp-cron.php?doing_wp_cron=1752992084.7109498977661132812500 HTTP/1.1" 200 - "-" "WordPress/6.8.2; https://diamondtiptiling.com"
175.100.46.104 - - [20/Jul/2025:06:14:43 +0000] "POST /xmlrpc.php HTTP/1.1" 200 403 "-" "Mozilla/5.0 (Windows NT 10.0; Win64; x64) AppleWebKit/537.36 (KHTML, like Gecko) Chrome/91.0.4472.124 Safari/537.36"
209.74.77.214 - - [20/Jul/2025:06:15:32 +0000] "POST /wp-cron.php?doing_wp_cron=1752992132.8714940547943115234375 HTTP/1.1" 200 - "-" "WordPress/6.8.2; https://diamondtiptiling.com"
187.87.20.120 - - [20/Jul/2025:06:15:31 +0000] "POST /xmlrpc.php HTTP/1.1" 200 403 "-" "Mozilla/5.0 (Windows NT 10.0; Win64; x64) AppleWebKit/537.36 (KHTML, like Gecko) Chrome/91.0.4472.124 Safari/537.36"
175.100.46.104 - - [20/Jul/2025:06:15:56 +0000] "POST /xmlrpc.php HTTP/1.1" 200 403 "-" "Mozilla/5.0 (Windows NT 10.0; Win64; x64) AppleWebKit/537.36 (KHTML, like Gecko) Chrome/91.0.4472.124 Safari/537.36"
209.74.77.214 - - [20/Jul/2025:06:17:10 +0000] "POST /wp-cron.php?doing_wp_cron=1752992230.1939439773559570312500 HTTP/1.1" 200 - "-" "WordPress/6.8.2; https://diamondtiptiling.com"
175.100.46.104 - - [20/Jul/2025:06:17:08 +0000] "POST /xmlrpc.php HTTP/1.1" 200 403 "-" "Mozilla/5.0 (Windows NT 10.0; Win64; x64) AppleWebKit/537.36 (KHTML, like Gecko) Chrome/91.0.4472.124 Safari/537.36"
187.87.20.120 - - [20/Jul/2025:06:17:27 +0000] "POST /xmlrpc.php HTTP/1.1" 200 403 "-" "Mozilla/5.0 (Windows NT 10.0; Win64; x64) AppleWebKit/537.36 (KHTML, like Gecko) Chrome/91.0.4472.124 Safari/537.36"
209.74.77.214 - - [20/Jul/2025:06:18:26 +0000] "POST /wp-cron.php?doing_wp_cron=1752992306.4850320816040039062500 HTTP/1.1" 200 - "-" "WordPress/6.8.2; https://diamondtiptiling.com"
175.100.46.104 - - [20/Jul/2025:06:18:24 +0000] "POST /xmlrpc.php HTTP/1.1" 200 403 "-" "Mozilla/5.0 (Windows NT 10.0; Win64; x64) AppleWebKit/537.36 (KHTML, like Gecko) Chrome/91.0.4472.124 Safari/537.36"
187.87.20.120 - - [20/Jul/2025:06:19:03 +0000] "POST /xmlrpc.php HTTP/1.1" 200 403 "-" "Mozilla/5.0 (Windows NT 10.0; Win64; x64) AppleWebKit/537.36 (KHTML, like Gecko) Chrome/91.0.4472.124 Safari/537.36"
209.74.77.214 - - [20/Jul/2025:06:19:40 +0000] "POST /wp-cron.php?doing_wp_cron=1752992380.7145340442657470703125 HTTP/1.1" 200 - "-" "WordPress/6.8.2; https://diamondtiptiling.com"
175.100.46.104 - - [20/Jul/2025:06:19:39 +0000] "POST /xmlrpc.php HTTP/1.1" 200 403 "-" "Mozilla/5.0 (Windows NT 10.0; Win64; x64) AppleWebKit/537.36 (KHTML, like Gecko) Chrome/91.0.4472.124 Safari/537.36"
209.74.77.214 - - [20/Jul/2025:06:20:53 +0000] "POST /wp-cron.php?doing_wp_cron=1752992453.7595090866088867187500 HTTP/1.1" 200 - "-" "WordPress/6.8.2; https://diamondtiptiling.com"
209.74.77.214 - - [20/Jul/2025:06:20:53 +0000] "POST /wp-cron.php?doing_wp_cron=1752992453.7599489688873291015625 HTTP/1.1" 200 - "-" "WordPress/6.8.2; https://diamondtiptiling.com"
187.87.20.120 - - [20/Jul/2025:06:20:52 +0000] "POST /xmlrpc.php HTTP/1.1" 200 403 "-" "Mozilla/5.0 (Windows NT 10.0; Win64; x64) AppleWebKit/537.36 (KHTML, like Gecko) Chrome/91.0.4472.124 Safari/537.36"
175.100.46.104 - - [20/Jul/2025:06:20:53 +0000] "POST /xmlrpc.php HTTP/1.1" 200 403 "-" "Mozilla/5.0 (Windows NT 10.0; Win64; x64) AppleWebKit/537.36 (KHTML, like Gecko) Chrome/91.0.4472.124 Safari/537.36"
209.74.77.214 - - [20/Jul/2025:06:22:10 +0000] "POST /wp-cron.php?doing_wp_cron=1752992530.5835039615631103515625 HTTP/1.1" 200 - "-" "WordPress/6.8.2; https://diamondtiptiling.com"
175.100.46.104 - - [20/Jul/2025:06:22:08 +0000] "POST /xmlrpc.php HTTP/1.1" 200 403 "-" "Mozilla/5.0 (Windows NT 10.0; Win64; x64) AppleWebKit/537.36 (KHTML, like Gecko) Chrome/91.0.4472.124 Safari/537.36"
49.109.9.224 - - [20/Jul/2025:06:22:24 +0000] "GET /shopdetail/140998181 HTTP/1.1" 200 25928 "https://search.yahoo.co.jp/" "Mozilla/5.0 (iPhone; CPU iPhone OS 18_5 like Mac OS X) AppleWebKit/605.1.15 (KHTML, like Gecko) Mobile/15E148 YJApp-IOS jp.co.yahoo.ipn.appli/4.142.0"
74.125.150.128 - - [20/Jul/2025:06:22:27 +0000] "GET /shopdetail/140998181 HTTP/1.1" 404 17104 "-" "Mozilla/5.0 (Linux; Android 6.0.1; Nexus 5X Build/MMB29P) AppleWebKit/537.36 (KHTML, like Gecko) Chrome/137.0.7151.119 Mobile Safari/537.36"
74.125.150.130 - - [20/Jul/2025:06:22:27 +0000] "GET /wp-content/plugins/contact-form-7/includes/css/styles.css?ver=6.0.6 HTTP/1.1" 200 1015 "https://diamondtiptiling.com/shopdetail/140998181" "Mozilla/5.0 (Linux; Android 6.0.1; Nexus 5X Build/MMB29P) AppleWebKit/537.36 (KHTML, like Gecko) Chrome/137.0.7151.119 Mobile Safari/537.36"
74.125.150.129 - - [20/Jul/2025:06:22:27 +0000] "GET /wp-includes/css/dist/block-library/style.min.css?ver=6.8.2 HTTP/1.1" 200 15315 "https://diamondtiptiling.com/shopdetail/140998181" "Mozilla/5.0 (Linux; Android 6.0.1; Nexus 5X Build/MMB29P) AppleWebKit/537.36 (KHTML, like Gecko) Chrome/137.0.7151.119 Mobile Safari/537.36"
74.125.150.129 - - [20/Jul/2025:06:22:28 +0000] "GET /wp-content/plugins/leadconnector/public/css/lc-public.css?ver=3.0.8 HTTP/1.1" 200 106 "https://diamondtiptiling.com/shopdetail/140998181" "Mozilla/5.0 (Linux; Android 6.0.1; Nexus 5X Build/MMB29P) AppleWebKit/537.36 (KHTML, like Gecko) Chrome/137.0.7151.119 Mobile Safari/537.36"
74.125.150.130 - - [20/Jul/2025:06:22:28 +0000] "GET /wp-content/plugins/floens-addon/assets/vendors/bxslider/jquery.bxslider.css?ver=1744546415 HTTP/1.1" 200 1219 "https://diamondtiptiling.com/shopdetail/140998181" "Mozilla/5.0 (Linux; Android 6.0.1; Nexus 5X Build/MMB29P) AppleWebKit/537.36 (KHTML, like Gecko) Chrome/137.0.7151.119 Mobile Safari/537.36"
74.125.150.128 - - [20/Jul/2025:06:22:28 +0000] "GET /wp-content/plugins/floens-addon/assets/vendors/animate/animate.min.css?ver=1744546415 HTTP/1.1" 200 4734 "https://diamondtiptiling.com/shopdetail/140998181" "Mozilla/5.0 (Linux; Android 6.0.1; Nexus 5X Build/MMB29P) AppleWebKit/537.36 (KHTML, like Gecko) Chrome/137.0.7151.119 Mobile Safari/537.36"
74.125.150.128 - - [20/Jul/2025:06:22:28 +0000] "GET /wp-content/plugins/floens-addon/assets/vendors/animate/custom-animate.css?ver=1744546415 HTTP/1.1" 200 2551 "https://diamondtiptiling.com/shopdetail/140998181" "Mozilla/5.0 (Linux; Android 6.0.1; Nexus 5X Build/MMB29P) AppleWebKit/537.36 (KHTML, like Gecko) Chrome/137.0.7151.119 Mobile Safari/537.36"
