216.247.24.157 - - [20/Jul/2025:06:46:39 +0000] "POST /xmlrpc.php HTTP/1.1" 200 403 "-" "Mozilla/5.0 (Macintosh; Intel Mac OS X 10_15_7; x86) AppleWebKit/537.36 (KHTML, like Gecko) Opera/65.0.0.0 Safari/537.36"
187.87.20.120 - - [20/Jul/2025:06:47:04 +0000] "POST /xmlrpc.php HTTP/1.1" 200 403 "-" "Mozilla/5.0 (Windows NT 10.0; Win64; x64) AppleWebKit/537.36 (KHTML, like Gecko) Chrome/91.0.4472.124 Safari/537.36"
66.249.68.128 - - [20/Jul/2025:06:47:26 +0000] "GET /product/102662196.shtm HTTP/1.1" 200 24667 "-" "Mozilla/5.0 (Linux; Android 6.0.1; Nexus 5X Build/MMB29P) AppleWebKit/537.36 (KHTML, like Gecko) Chrome/137.0.7151.103 Mobile Safari/537.36 (compatible; Googlebot/2.1; +http://www.google.com/bot.html)"
209.74.77.214 - - [20/Jul/2025:06:49:06 +0000] "POST /wp-cron.php?doing_wp_cron=1752994146.3333249092102050781250 HTTP/1.1" 200 - "-" "WordPress/6.8.2; https://diamondtiptiling.com"
187.87.20.120 - - [20/Jul/2025:06:49:04 +0000] "POST /xmlrpc.php HTTP/1.1" 200 403 "-" "Mozilla/5.0 (Windows NT 10.0; Win64; x64) AppleWebKit/537.36 (KHTML, like Gecko) Chrome/91.0.4472.124 Safari/537.36"
216.247.24.157 - - [20/Jul/2025:06:49:18 +0000] "POST /xmlrpc.php HTTP/1.1" 200 403 "-" "Mozilla/5.0 (Windows NT 6.3; x86) AppleWebKit/537.36 (KHTML, like Gecko) Chrome/90.0.0.0 Safari/537.36"
66.249.68.130 - - [20/Jul/2025:06:49:57 +0000] "GET /product/102801205.shtm HTTP/1.1" 200 25123 "-" "Mozilla/5.0 (Linux; Android 6.0.1; Nexus 5X Build/MMB29P) AppleWebKit/537.36 (KHTML, like Gecko) Chrome/137.0.7151.103 Mobile Safari/537.36 (compatible; Googlebot/2.1; +http://www.google.com/bot.html)"
209.74.77.214 - - [20/Jul/2025:06:51:51 +0000] "POST /wp-cron.php?doing_wp_cron=1752994311.8057088851928710937500 HTTP/1.1" 200 - "-" "WordPress/6.8.2; https://diamondtiptiling.com"
216.247.24.157 - - [20/Jul/2025:06:51:50 +0000] "POST /xmlrpc.php HTTP/1.1" 200 403 "-" "Mozilla/5.0 (Windows NT 6.3; x64) AppleWebKit/537.36 (KHTML, like Gecko) Edge/92.0.0.0 Safari/537.36"
66.249.68.129 - - [20/Jul/2025:06:52:29 +0000] "GET /product/102152616.shtm HTTP/1.1" 200 25548 "-" "Mozilla/5.0 (Linux; Android 6.0.1; Nexus 5X Build/MMB29P) AppleWebKit/537.36 (KHTML, like Gecko) Chrome/137.0.7151.103 Mobile Safari/537.36 (compatible; Googlebot/2.1; +http://www.google.com/bot.html)"
209.74.77.214 - - [20/Jul/2025:06:54:28 +0000] "POST /wp-cron.php?doing_wp_cron=1752994468.2129859924316406250000 HTTP/1.1" 200 - "-" "WordPress/6.8.2; https://diamondtiptiling.com"
216.247.24.157 - - [20/Jul/2025:06:54:26 +0000] "POST /xmlrpc.php HTTP/1.1" 200 403 "-" "Mozilla/5.0 (X11; Ubuntu; Linux x86_64; x86) AppleWebKit/537.36 (KHTML, like Gecko) Safari/10.0.0.0 Safari/537.36"
66.249.68.130 - - [20/Jul/2025:06:55:01 +0000] "GET /product/102781020.shtm HTTP/1.1" 200 24617 "-" "Mozilla/5.0 (Linux; Android 6.0.1; Nexus 5X Build/MMB29P) AppleWebKit/537.36 (KHTML, like Gecko) Chrome/137.0.7151.103 Mobile Safari/537.36 (compatible; Googlebot/2.1; +http://www.google.com/bot.html)"
57.141.2.30 - - [20/Jul/2025:06:55:03 +0000] "GET /product/2783325538.shtm HTTP/1.1" 404 80913 "-" "meta-externalagent/1.1 (+https://developers.facebook.com/docs/sharing/webmasters/crawler)"
209.74.77.214 - - [20/Jul/2025:06:55:06 +0000] "POST /wp-cron.php?doing_wp_cron=1752994506.6769890785217285156250 HTTP/1.1" 200 - "-" "WordPress/6.8.2; https://diamondtiptiling.com"
57.141.2.27 - - [20/Jul/2025:06:55:06 +0000] "GET /product/2783222471.shtm HTTP/1.1" 404 80913 "-" "meta-externalagent/1.1 (+https://developers.facebook.com/docs/sharing/webmasters/crawler)"
57.141.2.18 - - [20/Jul/2025:06:55:17 +0000] "GET /product/852718351.shtm HTTP/1.1" 404 80913 "-" "meta-externalagent/1.1 (+https://developers.facebook.com/docs/sharing/webmasters/crawler)"
209.74.77.214 - - [20/Jul/2025:06:56:54 +0000] "POST /wp-cron.php?doing_wp_cron=1752994614.1112930774688720703125 HTTP/1.1" 200 - "-" "WordPress/6.8.2; https://diamondtiptiling.com"
18.215.112.101 - - [20/Jul/2025:06:56:53 +0000] "GET /product/vein-patterns/ HTTP/1.1" 200 18702 "-" "Mozilla/5.0 AppleWebKit/537.36 (KHTML, like Gecko; compatible; Amazonbot/0.1; +https://developer.amazon.com/support/amazonbot) Chrome/119.0.6045.214 Safari/537.36"
209.74.77.214 - - [20/Jul/2025:06:57:10 +0000] "POST /wp-cron.php?doing_wp_cron=1752994630.5473430156707763671875 HTTP/1.1" 200 - "-" "WordPress/6.8.2; https://diamondtiptiling.com"
216.247.24.157 - - [20/Jul/2025:06:57:10 +0000] "POST /xmlrpc.php HTTP/1.1" 200 403 "-" "Mozilla/5.0 (Windows NT 6.2; x86) AppleWebKit/537.36 (KHTML, like Gecko) Firefox/75.0.0.0 Safari/537.36"
66.249.68.128 - - [20/Jul/2025:06:57:34 +0000] "GET /shopdetail/12222581 HTTP/1.1" 200 25966 "-" "Mozilla/5.0 (Linux; Android 6.0.1; Nexus 5X Build/MMB29P) AppleWebKit/537.36 (KHTML, like Gecko) Chrome/137.0.7151.103 Mobile Safari/537.36 (compatible; Googlebot/2.1; +http://www.google.com/bot.html)"
209.74.77.214 - - [20/Jul/2025:06:59:43 +0000] "POST /wp-cron.php?doing_wp_cron=1752994783.3302209377288818359375 HTTP/1.1" 200 - "-" "WordPress/6.8.2; https://diamondtiptiling.com"
216.247.24.157 - - [20/Jul/2025:06:59:41 +0000] "POST /xmlrpc.php HTTP/1.1" 200 403 "-" "Mozilla/5.0 (Windows NT 6.3; arm64) AppleWebKit/537.36 (KHTML, like Gecko) Chrome/92.0.0.0 Safari/537.36"
209.74.77.214 - - [20/Jul/2025:07:01:51 +0000] "POST /wp-cron.php?doing_wp_cron=1752994911.6969048976898193359375 HTTP/1.1" 200 - "-" "WordPress/6.8.2; https://diamondtiptiling.com"
216.247.24.157 - - [20/Jul/2025:07:01:50 +0000] "POST /xmlrpc.php HTTP/1.1" 200 403 "-" "Mozilla/5.0 (Windows NT 10.0; x86) AppleWebKit/537.36 (KHTML, like Gecko) Firefox/88.0.0.0 Safari/537.36"
209.74.77.214 - - [20/Jul/2025:07:03:51 +0000] "POST /wp-cron.php?doing_wp_cron=1752995031.8379199504852294921875 HTTP/1.1" 200 - "-" "WordPress/6.8.2; https://diamondtiptiling.com"
216.247.24.157 - - [20/Jul/2025:07:03:50 +0000] "POST /xmlrpc.php HTTP/1.1" 200 403 "-" "Mozilla/5.0 (Windows NT 6.2; x86) AppleWebKit/537.36 (KHTML, like Gecko) Edge/82.0.0.0 Safari/537.36"
45.227.253.15 - - [20/Jul/2025:07:03:59 +0000] "GET /index.php/jk HTTP/1.1" 301 - "-" "Mozilla/5.0 (Macintosh; Intel Mac OS X 10.15; rv:79.0) Gecko/20100101 Firefox/79.0"
45.227.253.15 - - [20/Jul/2025:07:04:00 +0000] "GET /jk HTTP/1.1" 404 17104 "https://diamondtiptiling.com/index.php/jk" "Mozilla/5.0 (Macintosh; Intel Mac OS X 10.15; rv:79.0) Gecko/20100101 Firefox/79.0"
209.74.77.214 - - [20/Jul/2025:07:05:48 +0000] "POST /wp-cron.php?doing_wp_cron=1752995148.4865078926086425781250 HTTP/1.1" 200 - "-" "WordPress/6.8.2; https://diamondtiptiling.com"
216.247.24.157 - - [20/Jul/2025:07:05:47 +0000] "POST /xmlrpc.php HTTP/1.1" 200 403 "-" "Mozilla/5.0 (Macintosh; Intel Mac OS X 10_15_7; arm64) AppleWebKit/537.36 (KHTML, like Gecko) Chrome/81.0.0.0 Safari/537.36"
209.74.77.214 - - [20/Jul/2025:07:07:32 +0000] "POST /wp-cron.php?doing_wp_cron=1752995252.2061231136322021484375 HTTP/1.1" 200 - "-" "WordPress/6.8.2; https://diamondtiptiling.com"
216.247.24.157 - - [20/Jul/2025:07:07:30 +0000] "POST /xmlrpc.php HTTP/1.1" 200 403 "-" "Mozilla/5.0 (Macintosh; Intel Mac OS X 10_15_7; arm64) AppleWebKit/537.36 (KHTML, like Gecko) Firefox/84.0.0.0 Safari/537.36"
85.208.96.212 - - [20/Jul/2025:07:10:54 +0000] "GET /robots.txt HTTP/1.1" 200 111 "-" "Mozilla/5.0 (compatible; SemrushBot/7~bl; +http://www.semrush.com/bot.html)"
209.74.77.214 - - [20/Jul/2025:07:10:56 +0000] "POST /wp-cron.php?doing_wp_cron=1752995456.8193519115447998046875 HTTP/1.1" 200 - "-" "WordPress/6.8.2; https://diamondtiptiling.com"
216.247.24.157 - - [20/Jul/2025:07:10:57 +0000] "POST /xmlrpc.php HTTP/1.1" 200 403 "-" "Mozilla/5.0 (Windows NT 6.3; x86) AppleWebKit/537.36 (KHTML, like Gecko) Firefox/99.0.0.0 Safari/537.36"
185.191.171.4 - - [20/Jul/2025:07:10:55 +0000] "GET /onepage-home-two/ HTTP/1.1" 200 25914 "-" "Mozilla/5.0 (compatible; SemrushBot/7~bl; +http://www.semrush.com/bot.html)"
209.74.77.214 - - [20/Jul/2025:07:12:37 +0000] "POST /wp-cron.php?doing_wp_cron=1752995557.4564359188079833984375 HTTP/1.1" 200 - "-" "WordPress/6.8.2; https://diamondtiptiling.com"
216.247.24.157 - - [20/Jul/2025:07:12:36 +0000] "POST /xmlrpc.php HTTP/1.1" 200 403 "-" "Mozilla/5.0 (Windows NT 6.3; arm64) AppleWebKit/537.36 (KHTML, like Gecko) Edge/95.0.0.0 Safari/537.36"
209.74.77.214 - - [20/Jul/2025:07:14:10 +0000] "POST /wp-cron.php?doing_wp_cron=1752995650.7315349578857421875000 HTTP/1.1" 200 - "-" "WordPress/6.8.2; https://diamondtiptiling.com"
216.247.24.157 - - [20/Jul/2025:07:14:09 +0000] "POST /xmlrpc.php HTTP/1.1" 200 403 "-" "Mozilla/5.0 (Windows NT 6.2; x86) AppleWebKit/537.36 (KHTML, like Gecko) Edge/88.0.0.0 Safari/537.36"
209.74.77.214 - - [20/Jul/2025:07:15:53 +0000] "POST /wp-cron.php?doing_wp_cron=1752995753.4420239925384521484375 HTTP/1.1" 200 - "-" "WordPress/6.8.2; https://diamondtiptiling.com"
216.247.24.157 - - [20/Jul/2025:07:15:51 +0000] "POST /xmlrpc.php HTTP/1.1" 200 403 "-" "Mozilla/5.0 (Windows NT 6.2; x86) AppleWebKit/537.36 (KHTML, like Gecko) Chrome/109.0.0.0 Safari/537.36"
209.74.77.214 - - [20/Jul/2025:07:17:30 +0000] "POST /wp-cron.php?doing_wp_cron=1752995850.2221240997314453125000 HTTP/1.1" 200 - "-" "WordPress/6.8.2; https://diamondtiptiling.com"
216.247.24.157 - - [20/Jul/2025:07:17:28 +0000] "POST /xmlrpc.php HTTP/1.1" 200 403 "-" "Mozilla/5.0 (Macintosh; Intel Mac OS X 10_15_7; x86) AppleWebKit/537.36 (KHTML, like Gecko) Firefox/82.0.0.0 Safari/537.36"
209.74.77.214 - - [20/Jul/2025:07:19:21 +0000] "POST /wp-cron.php?doing_wp_cron=1752995961.0726280212402343750000 HTTP/1.1" 200 - "-" "WordPress/6.8.2; https://diamondtiptiling.com"
216.247.24.157 - - [20/Jul/2025:07:19:19 +0000] "POST /xmlrpc.php HTTP/1.1" 200 403 "-" "Mozilla/5.0 (Windows NT 6.2; arm64) AppleWebKit/537.36 (KHTML, like Gecko) Edge/88.0.0.0 Safari/537.36"
209.74.77.214 - - [20/Jul/2025:07:20:54 +0000] "POST /wp-cron.php?doing_wp_cron=1752996054.4834289550781250000000 HTTP/1.1" 200 - "-" "WordPress/6.8.2; https://diamondtiptiling.com"
216.247.24.157 - - [20/Jul/2025:07:20:52 +0000] "POST /xmlrpc.php HTTP/1.1" 200 403 "-" "Mozilla/5.0 (Windows NT 6.2; x64) AppleWebKit/537.36 (KHTML, like Gecko) Opera/72.0.0.0 Safari/537.36"
209.74.77.214 - - [20/Jul/2025:07:22:23 +0000] "POST /wp-cron.php?doing_wp_cron=1752996143.8873538970947265625000 HTTP/1.1" 200 - "-" "WordPress/6.8.2; https://diamondtiptiling.com"
216.247.24.157 - - [20/Jul/2025:07:22:22 +0000] "POST /xmlrpc.php HTTP/1.1" 200 403 "-" "Mozilla/5.0 (Windows NT 10.0; x86) AppleWebKit/537.36 (KHTML, like Gecko) Opera/79.0.0.0 Safari/537.36"
209.74.77.214 - - [20/Jul/2025:07:24:03 +0000] "POST /wp-cron.php?doing_wp_cron=1752996243.0633831024169921875000 HTTP/1.1" 200 - "-" "WordPress/6.8.2; https://diamondtiptiling.com"
216.247.24.157 - - [20/Jul/2025:07:24:01 +0000] "POST /xmlrpc.php HTTP/1.1" 200 403 "-" "Mozilla/5.0 (Linux; Android 10; x64) AppleWebKit/537.36 (KHTML, like Gecko) Edge/89.0.0.0 Safari/537.36"
209.74.77.214 - - [20/Jul/2025:07:25:42 +0000] "POST /wp-cron.php?doing_wp_cron=1752996342.7404859066009521484375 HTTP/1.1" 200 - "-" "WordPress/6.8.2; https://diamondtiptiling.com"
216.247.24.157 - - [20/Jul/2025:07:25:41 +0000] "POST /xmlrpc.php HTTP/1.1" 200 403 "-" "Mozilla/5.0 (Windows NT 6.3; x86) AppleWebKit/537.36 (KHTML, like Gecko) Firefox/97.0.0.0 Safari/537.36"
209.74.77.214 - - [20/Jul/2025:07:27:18 +0000] "POST /wp-cron.php?doing_wp_cron=1752996438.3966479301452636718750 HTTP/1.1" 200 - "-" "WordPress/6.8.2; https://diamondtiptiling.com"
216.247.24.157 - - [20/Jul/2025:07:27:16 +0000] "POST /xmlrpc.php HTTP/1.1" 200 403 "-" "Mozilla/5.0 (Macintosh; Intel Mac OS X 10_15_7; x64) AppleWebKit/537.36 (KHTML, like Gecko) Opera/77.0.0.0 Safari/537.36"
66.249.68.129 - - [20/Jul/2025:07:28:46 +0000] "GET /shopdetail/117489781 HTTP/1.1" 200 25510 "-" "Mozilla/5.0 (Linux; Android 6.0.1; Nexus 5X Build/MMB29P) AppleWebKit/537.36 (KHTML, like Gecko) Chrome/137.0.7151.103 Mobile Safari/537.36 (compatible; GoogleOther)"
209.74.77.214 - - [20/Jul/2025:07:28:56 +0000] "POST /wp-cron.php?doing_wp_cron=1752996535.9851260185241699218750 HTTP/1.1" 200 - "-" "WordPress/6.8.2; https://diamondtiptiling.com"
216.247.24.157 - - [20/Jul/2025:07:28:54 +0000] "POST /xmlrpc.php HTTP/1.1" 200 403 "-" "Mozilla/5.0 (Windows NT 10.0; x86) AppleWebKit/537.36 (KHTML, like Gecko) Chrome/99.0.0.0 Safari/537.36"
209.74.77.214 - - [20/Jul/2025:07:30:30 +0000] "POST /wp-cron.php?doing_wp_cron=1752996630.1976890563964843750000 HTTP/1.1" 200 - "-" "WordPress/6.8.2; https://diamondtiptiling.com"
216.247.24.157 - - [20/Jul/2025:07:30:28 +0000] "POST /xmlrpc.php HTTP/1.1" 200 403 "-" "Mozilla/5.0 (Linux; Android 10; arm64) AppleWebKit/537.36 (KHTML, like Gecko) Opera/66.0.0.0 Safari/537.36"
209.74.77.214 - - [20/Jul/2025:07:32:10 +0000] "POST /wp-cron.php?doing_wp_cron=1752996730.6215360164642333984375 HTTP/1.1" 200 - "-" "WordPress/6.8.2; https://diamondtiptiling.com"
216.247.24.157 - - [20/Jul/2025:07:32:09 +0000] "POST /xmlrpc.php HTTP/1.1" 200 403 "-" "Mozilla/5.0 (X11; Ubuntu; Linux x86_64; x86) AppleWebKit/537.36 (KHTML, like Gecko) Safari/15.0.0.0 Safari/537.36"
209.74.77.214 - - [20/Jul/2025:07:33:57 +0000] "POST /wp-cron.php?doing_wp_cron=1752996837.7850689888000488281250 HTTP/1.1" 200 - "-" "WordPress/6.8.2; https://diamondtiptiling.com"
216.247.24.157 - - [20/Jul/2025:07:33:56 +0000] "POST /xmlrpc.php HTTP/1.1" 200 403 "-" "Mozilla/5.0 (Linux; Android 10; arm64) AppleWebKit/537.36 (KHTML, like Gecko) Safari/13.0.0.0 Safari/537.36"
66.249.68.130 - - [20/Jul/2025:07:35:18 +0000] "GET /shopdetail/130190281 HTTP/1.1" 200 25877 "-" "Mozilla/5.0 (Linux; Android 6.0.1; Nexus 5X Build/MMB29P) AppleWebKit/537.36 (KHTML, like Gecko) Chrome/137.0.7151.103 Mobile Safari/537.36 (compatible; Googlebot/2.1; +http://www.google.com/bot.html)"
209.74.77.214 - - [20/Jul/2025:07:35:36 +0000] "POST /wp-cron.php?doing_wp_cron=1752996936.2879190444946289062500 HTTP/1.1" 200 - "-" "WordPress/6.8.2; https://diamondtiptiling.com"
216.247.24.157 - - [20/Jul/2025:07:35:35 +0000] "POST /xmlrpc.php HTTP/1.1" 200 403 "-" "Mozilla/5.0 (X11; Ubuntu; Linux x86_64; x64) AppleWebKit/537.36 (KHTML, like Gecko) Opera/76.0.0.0 Safari/537.36"
209.74.77.214 - - [20/Jul/2025:07:37:20 +0000] "POST /wp-cron.php?doing_wp_cron=1752997040.6542239189147949218750 HTTP/1.1" 200 - "-" "WordPress/6.8.2; https://diamondtiptiling.com"
216.247.24.157 - - [20/Jul/2025:07:37:19 +0000] "POST /xmlrpc.php HTTP/1.1" 200 403 "-" "Mozilla/5.0 (Linux; Android 10; x64) AppleWebKit/537.36 (KHTML, like Gecko) Opera/77.0.0.0 Safari/537.36"
66.249.68.129 - - [20/Jul/2025:07:37:48 +0000] "GET /shopdetail/205997981 HTTP/1.1" 200 24357 "-" "Mozilla/5.0 (Linux; Android 6.0.1; Nexus 5X Build/MMB29P) AppleWebKit/537.36 (KHTML, like Gecko) Chrome/137.0.7151.103 Mobile Safari/537.36 (compatible; Googlebot/2.1; +http://www.google.com/bot.html)"
209.74.77.214 - - [20/Jul/2025:07:38:55 +0000] "POST /wp-cron.php?doing_wp_cron=1752997135.9503760337829589843750 HTTP/1.1" 200 - "-" "WordPress/6.8.2; https://diamondtiptiling.com"
216.247.24.157 - - [20/Jul/2025:07:38:54 +0000] "POST /xmlrpc.php HTTP/1.1" 200 403 "-" "Mozilla/5.0 (Windows NT 6.2; x64) AppleWebKit/537.36 (KHTML, like Gecko) Chrome/114.0.0.0 Safari/537.36"
209.74.77.214 - - [20/Jul/2025:07:40:38 +0000] "POST /wp-cron.php?doing_wp_cron=1752997238.1233029365539550781250 HTTP/1.1" 200 - "-" "WordPress/6.8.2; https://diamondtiptiling.com"
216.247.24.157 - - [20/Jul/2025:07:40:36 +0000] "POST /xmlrpc.php HTTP/1.1" 200 403 "-" "Mozilla/5.0 (Windows NT 10.0; arm64) AppleWebKit/537.36 (KHTML, like Gecko) Chrome/103.0.0.0 Safari/537.36"
209.74.77.214 - - [20/Jul/2025:07:42:14 +0000] "POST /wp-cron.php?doing_wp_cron=1752997334.5073161125183105468750 HTTP/1.1" 200 - "-" "WordPress/6.8.2; https://diamondtiptiling.com"
216.247.24.157 - - [20/Jul/2025:07:42:12 +0000] "POST /xmlrpc.php HTTP/1.1" 200 403 "-" "Mozilla/5.0 (Linux; Android 10; arm64) AppleWebKit/537.36 (KHTML, like Gecko) Edge/92.0.0.0 Safari/537.36"
209.74.77.214 - - [20/Jul/2025:07:43:54 +0000] "POST /wp-cron.php?doing_wp_cron=1752997434.0008649826049804687500 HTTP/1.1" 200 - "-" "WordPress/6.8.2; https://diamondtiptiling.com"
216.247.24.157 - - [20/Jul/2025:07:43:52 +0000] "POST /xmlrpc.php HTTP/1.1" 200 403 "-" "Mozilla/5.0 (Windows NT 6.3; arm64) AppleWebKit/537.36 (KHTML, like Gecko) Safari/14.0.0.0 Safari/537.36"
209.74.77.214 - - [20/Jul/2025:07:45:34 +0000] "POST /wp-cron.php?doing_wp_cron=1752997534.1948618888854980468750 HTTP/1.1" 200 - "-" "WordPress/6.8.2; https://diamondtiptiling.com"
216.247.24.157 - - [20/Jul/2025:07:45:32 +0000] "POST /xmlrpc.php HTTP/1.1" 200 403 "-" "Mozilla/5.0 (Macintosh; Intel Mac OS X 10_15_7; arm64) AppleWebKit/537.36 (KHTML, like Gecko) Opera/70.0.0.0 Safari/537.36"
209.74.77.214 - - [20/Jul/2025:07:47:09 +0000] "POST /wp-cron.php?doing_wp_cron=1752997629.3758549690246582031250 HTTP/1.1" 200 - "-" "WordPress/6.8.2; https://diamondtiptiling.com"
216.247.24.157 - - [20/Jul/2025:07:47:07 +0000] "POST /xmlrpc.php HTTP/1.1" 200 403 "-" "Mozilla/5.0 (Macintosh; Intel Mac OS X 10_15_7; x86) AppleWebKit/537.36 (KHTML, like Gecko) Safari/13.0.0.0 Safari/537.36"
57.141.2.4 - - [20/Jul/2025:07:47:14 +0000] "GET /product/2782971987.shtm HTTP/1.1" 404 80913 "-" "meta-externalagent/1.1 (+https://developers.facebook.com/docs/sharing/webmasters/crawler)"
66.249.68.130 - - [20/Jul/2025:07:52:18 +0000] "GET /jukyuban/ HTTP/1.1" 200 25761 "-" "Mozilla/5.0 (Linux; Android 6.0.1; Nexus 5X Build/MMB29P) AppleWebKit/537.36 (KHTML, like Gecko) Chrome/137.0.7151.103 Mobile Safari/537.36 (compatible; GoogleOther)"
209.74.77.214 - - [20/Jul/2025:07:53:32 +0000] "POST /wp-cron.php?doing_wp_cron=1752998012.6849749088287353515625 HTTP/1.1" 200 - "-" "WordPress/6.8.2; https://diamondtiptiling.com"
209.74.77.214 - - [20/Jul/2025:07:53:32 +0000] "POST /wp-cron.php?doing_wp_cron=1752998012.6849870681762695312500 HTTP/1.1" 200 - "-" "WordPress/6.8.2; https://diamondtiptiling.com"
138.68.82.23 - - [20/Jul/2025:07:53:31 +0000] "GET / HTTP/1.1" 200 159323 "-" "-"
138.68.82.23 - - [20/Jul/2025:07:53:32 +0000] "GET / HTTP/1.1" 200 159323 "-" "Mozilla/5.0 (Linux; Android 6.0; HTC One M9 Build/MRA311168) AppleWebKit/537.36 (KHTML, like Gecko) Chrome/52.0.3511.98 Mobile Safari/537.3"
138.68.82.23 - - [20/Jul/2025:07:53:33 +0000] "GET /@vite/env HTTP/1.1" 404 17103 "-" "Go-http-client/1.1"
138.68.82.23 - - [20/Jul/2025:07:53:34 +0000] "GET /actuator/env HTTP/1.1" 404 17105 "-" "Go-http-client/1.1"
138.68.82.23 - - [20/Jul/2025:07:53:34 +0000] "GET /server HTTP/1.1" 404 17102 "-" "Go-http-client/1.1"
138.68.82.23 - - [20/Jul/2025:07:53:35 +0000] "GET /.vscode/sftp.json HTTP/1.1" 404 17102 "-" "Go-http-client/1.1"
138.68.82.23 - - [20/Jul/2025:07:53:36 +0000] "GET /about HTTP/1.1" 301 - "-" "Go-http-client/1.1"
138.68.82.23 - - [20/Jul/2025:07:53:36 +0000] "GET /debug/default/view?panel=config HTTP/1.1" 404 17104 "-" "Go-http-client/1.1"
138.68.82.23 - - [20/Jul/2025:07:53:37 +0000] "GET /v2/_catalog HTTP/1.1" 404 17105 "-" "Go-http-client/1.1"
138.68.82.23 - - [20/Jul/2025:07:53:38 +0000] "GET /ecp/Current/exporttool/microsoft.exchange.ediscovery.exporttool.application HTTP/1.1" 404 17104 "-" "Go-http-client/1.1"
138.68.82.23 - - [20/Jul/2025:07:53:39 +0000] "GET /server-status HTTP/1.1" 404 17104 "-" "Go-http-client/1.1"
138.68.82.23 - - [20/Jul/2025:07:53:39 +0000] "GET /login.action HTTP/1.1" 404 17104 "-" "Go-http-client/1.1"
138.68.82.23 - - [20/Jul/2025:07:53:40 +0000] "GET /_all_dbs HTTP/1.1" 404 17104 "-" "Mozilla/5.0 (l9scan/2.0.431323e27373e24373e2930323; +https://leakix.net)"
138.68.82.23 - - [20/Jul/2025:07:53:41 +0000] "GET /.DS_Store HTTP/1.1" 404 17104 "-" "Go-http-client/1.1"
138.68.82.23 - - [20/Jul/2025:07:53:41 +0000] "GET /.env HTTP/1.1" 404 17105 "-" "Go-http-client/1.1"
138.68.82.23 - - [20/Jul/2025:07:53:42 +0000] "GET /.git/config HTTP/1.1" 404 17105 "-" "Go-http-client/1.1"
138.68.82.23 - - [20/Jul/2025:07:53:43 +0000] "GET /s/431323e27373e24373e2930323/_/;/META-INF/maven/com.atlassian.jira/jira-webapp-dist/pom.properties HTTP/1.1" 404 17103 "-" "Go-http-client/1.1"
138.68.82.23 - - [20/Jul/2025:07:53:43 +0000] "GET /config.json HTTP/1.1" 404 17104 "-" "Go-http-client/1.1"
138.68.82.23 - - [20/Jul/2025:07:53:44 +0000] "GET /telescope/requests HTTP/1.1" 404 17104 "-" "Go-http-client/1.1"
138.68.82.23 - - [20/Jul/2025:07:53:45 +0000] "GET /info.php HTTP/1.1" 404 17103 "-" "Go-http-client/1.1"
138.68.82.23 - - [20/Jul/2025:07:53:45 +0000] "GET /?rest_route=/wp/v2/users/ HTTP/1.1" 200 415 "-" "Go-http-client/1.1"
43.157.150.69 - - [20/Jul/2025:08:01:42 +0000] "GET / HTTP/1.1" 200 25845 "http://diamondtiptiling.com" "Mozilla/5.0 (iPhone; CPU iPhone OS 13_2_3 like Mac OS X) AppleWebKit/605.1.15 (KHTML, like Gecko) Version/13.0.3 Mobile/15E148 Safari/604.1"
66.249.68.129 - - [20/Jul/2025:08:01:48 +0000] "GET /shopdetail/32453881 HTTP/1.1" 200 25629 "-" "Mozilla/5.0 (Linux; Android 6.0.1; Nexus 5X Build/MMB29P) AppleWebKit/537.36 (KHTML, like Gecko) Chrome/137.0.7151.103 Mobile Safari/537.36 (compatible; Googlebot/2.1; +http://www.google.com/bot.html)"
209.74.77.214 - - [20/Jul/2025:08:02:15 +0000] "POST /wp-cron.php?doing_wp_cron=1752998535.7070438861846923828125 HTTP/1.1" 200 - "-" "WordPress/6.8.2; https://diamondtiptiling.com"
57.141.2.21 - - [20/Jul/2025:08:02:15 +0000] "GET /product/676189246.shtm HTTP/1.1" 404 80913 "-" "meta-externalagent/1.1 (+https://developers.facebook.com/docs/sharing/webmasters/crawler)"
57.141.2.19 - - [20/Jul/2025:08:02:16 +0000] "GET /product/676210426.shtm HTTP/1.1" 404 80913 "-" "meta-externalagent/1.1 (+https://developers.facebook.com/docs/sharing/webmasters/crawler)"
66.249.68.128 - - [20/Jul/2025:08:04:34 +0000] "GET /shopdetail/212165681 HTTP/1.1" 200 24534 "-" "Mozilla/5.0 (Linux; Android 6.0.1; Nexus 5X Build/MMB29P) AppleWebKit/537.36 (KHTML, like Gecko) Chrome/137.0.7151.103 Mobile Safari/537.36 (compatible; Googlebot/2.1; +http://www.google.com/bot.html)"
216.73.216.66 - - [20/Jul/2025:08:06:37 +0000] "GET /robots.txt HTTP/1.1" 200 111 "-" "Mozilla/5.0 AppleWebKit/537.36 (KHTML, like Gecko; compatible; ClaudeBot/1.0; [email protected])"
209.74.77.214 - - [20/Jul/2025:08:06:37 +0000] "POST /wp-cron.php?doing_wp_cron=1752998797.8965179920196533203125 HTTP/1.1" 200 - "-" "WordPress/6.8.2; https://diamondtiptiling.com"
216.73.216.66 - - [20/Jul/2025:08:06:37 +0000] "GET /recollection.php HTTP/1.1" 404 17104 "-" "Mozilla/5.0 AppleWebKit/537.36 (KHTML, like Gecko; compatible; ClaudeBot/1.0; [email protected])"
85.208.96.194 - - [20/Jul/2025:08:06:36 +0000] "GET /product/tiling-concrete/ HTTP/1.1" 200 18704 "-" "Mozilla/5.0 (compatible; SemrushBot/7~bl; +http://www.semrush.com/bot.html)"
66.249.68.130 - - [20/Jul/2025:08:07:12 +0000] "GET /shopdetail/94824881 HTTP/1.1" 200 24976 "-" "Mozilla/5.0 (Linux; Android 6.0.1; Nexus 5X Build/MMB29P) AppleWebKit/537.36 (KHTML, like Gecko) Chrome/137.0.7151.103 Mobile Safari/537.36 (compatible; Googlebot/2.1; +http://www.google.com/bot.html)"
66.249.68.129 - - [20/Jul/2025:08:09:21 +0000] "GET /shopdetail/132550181 HTTP/1.1" 200 25481 "-" "Mozilla/5.0 (Linux; Android 6.0.1; Nexus 5X Build/MMB29P) AppleWebKit/537.36 (KHTML, like Gecko) Chrome/137.0.7151.103 Mobile Safari/537.36 (compatible; Googlebot/2.1; +http://www.google.com/bot.html)"
66.249.68.130 - - [20/Jul/2025:08:21:49 +0000] "GET /shopdetail/208026381 HTTP/1.1" 200 24321 "-" "Mozilla/5.0 (Linux; Android 6.0.1; Nexus 5X Build/MMB29P) AppleWebKit/537.36 (KHTML, like Gecko) Chrome/137.0.7151.103 Mobile Safari/537.36 (compatible; Googlebot/2.1; +http://www.google.com/bot.html)"
66.249.68.129 - - [20/Jul/2025:08:24:18 +0000] "GET /product/102430778.shtm HTTP/1.1" 200 24592 "-" "Mozilla/5.0 (Linux; Android 6.0.1; Nexus 5X Build/MMB29P) AppleWebKit/537.36 (KHTML, like Gecko) Chrome/137.0.7151.103 Mobile Safari/537.36 (compatible; Googlebot/2.1; +http://www.google.com/bot.html)"
209.74.77.214 - - [20/Jul/2025:08:26:44 +0000] "POST /wp-cron.php?doing_wp_cron=1753000004.4836530685424804687500 HTTP/1.1" 200 - "-" "WordPress/6.8.2; https://diamondtiptiling.com"
57.141.2.10 - - [20/Jul/2025:08:26:44 +0000] "GET /product/2782882815.shtm HTTP/1.1" 404 80913 "-" "meta-externalagent/1.1 (+https://developers.facebook.com/docs/sharing/webmasters/crawler)"
57.141.2.5 - - [20/Jul/2025:08:26:42 +0000] "GET /product/2783371077.shtm HTTP/1.1" 404 80913 "-" "meta-externalagent/1.1 (+https://developers.facebook.com/docs/sharing/webmasters/crawler)"
66.249.68.128 - - [20/Jul/2025:08:26:48 +0000] "GET /product/102761952.shtm HTTP/1.1" 200 25199 "-" "Mozilla/5.0 (Linux; Android 6.0.1; Nexus 5X Build/MMB29P) AppleWebKit/537.36 (KHTML, like Gecko) Chrome/137.0.7151.103 Mobile Safari/537.36 (compatible; Googlebot/2.1; +http://www.google.com/bot.html)"
209.74.77.214 - - [20/Jul/2025:08:27:23 +0000] "POST /wp-cron.php?doing_wp_cron=1753000043.5173850059509277343750 HTTP/1.1" 200 - "-" "WordPress/6.8.2; https://diamondtiptiling.com"
57.141.2.8 - - [20/Jul/2025:08:27:21 +0000] "GET /product/2783361550.shtm HTTP/1.1" 404 80913 "-" "meta-externalagent/1.1 (+https://developers.facebook.com/docs/sharing/webmasters/crawler)"
57.141.2.30 - - [20/Jul/2025:08:27:23 +0000] "GET /product/2783302106.shtm HTTP/1.1" 404 80913 "-" "meta-externalagent/1.1 (+https://developers.facebook.com/docs/sharing/webmasters/crawler)"
57.141.2.29 - - [20/Jul/2025:08:27:26 +0000] "GET /product/2782843562.shtm HTTP/1.1" 404 80913 "-" "meta-externalagent/1.1 (+https://developers.facebook.com/docs/sharing/webmasters/crawler)"
57.141.2.2 - - [20/Jul/2025:08:27:28 +0000] "GET /product/853343642.shtm HTTP/1.1" 404 80913 "-" "meta-externalagent/1.1 (+https://developers.facebook.com/docs/sharing/webmasters/crawler)"
66.249.68.128 - - [20/Jul/2025:08:29:18 +0000] "GET /product/102728989.shtm HTTP/1.1" 200 24244 "-" "Mozilla/5.0 (Linux; Android 6.0.1; Nexus 5X Build/MMB29P) AppleWebKit/537.36 (KHTML, like Gecko) Chrome/137.0.7151.103 Mobile Safari/537.36 (compatible; Googlebot/2.1; +http://www.google.com/bot.html)"
66.249.68.130 - - [20/Jul/2025:08:31:48 +0000] "GET /product/102510279.shtm HTTP/1.1" 200 25435 "-" "Mozilla/5.0 (Linux; Android 6.0.1; Nexus 5X Build/MMB29P) AppleWebKit/537.36 (KHTML, like Gecko) Chrome/137.0.7151.103 Mobile Safari/537.36 (compatible; Googlebot/2.1; +http://www.google.com/bot.html)"
66.249.68.128 - - [20/Jul/2025:08:34:18 +0000] "GET /product/102660008.shtm HTTP/1.1" 200 25321 "-" "Mozilla/5.0 (Linux; Android 6.0.1; Nexus 5X Build/MMB29P) AppleWebKit/537.36 (KHTML, like Gecko) Chrome/137.0.7151.103 Mobile Safari/537.36 (compatible; Googlebot/2.1; +http://www.google.com/bot.html)"
66.249.68.129 - - [20/Jul/2025:08:36:48 +0000] "GET /product/102353257.shtm HTTP/1.1" 200 25187 "-" "Mozilla/5.0 (Linux; Android 6.0.1; Nexus 5X Build/MMB29P) AppleWebKit/537.36 (KHTML, like Gecko) Chrome/137.0.7151.103 Mobile Safari/537.36 (compatible; Googlebot/2.1; +http://www.google.com/bot.html)"
66.249.68.130 - - [20/Jul/2025:08:39:20 +0000] "GET /product/102122834.shtm HTTP/1.1" 200 26237 "-" "Mozilla/5.0 (Linux; Android 6.0.1; Nexus 5X Build/MMB29P) AppleWebKit/537.36 (KHTML, like Gecko) Chrome/137.0.7151.103 Mobile Safari/537.36 (compatible; Googlebot/2.1; +http://www.google.com/bot.html)"
4.227.36.18 - - [20/Jul/2025:08:43:04 +0000] "GET /robots.txt HTTP/1.1" 200 111 "-" "Mozilla/5.0 AppleWebKit/537.36 (KHTML, like Gecko; compatible; GPTBot/1.2; +https://openai.com/gptbot)"
20.171.207.193 - - [20/Jul/2025:08:43:04 +0000] "GET /recollection.php?sitemap.xml HTTP/1.1" 403 4877 "-" "Mozilla/5.0 AppleWebKit/537.36 (KHTML, like Gecko; compatible; GPTBot/1.2; +https://openai.com/gptbot)"
209.74.77.214 - - [20/Jul/2025:08:45:24 +0000] "POST /wp-cron.php?doing_wp_cron=1753001124.9442648887634277343750 HTTP/1.1" 200 - "-" "WordPress/6.8.2; https://diamondtiptiling.com"
57.141.2.30 - - [20/Jul/2025:08:45:22 +0000] "GET /product/2783484674.shtm HTTP/1.1" 404 80913 "-" "meta-externalagent/1.1 (+https://developers.facebook.com/docs/sharing/webmasters/crawler)"
20.171.207.193 - - [20/Jul/2025:08:45:51 +0000] "GET /sitemap.xml HTTP/1.1" 200 4769 "-" "Mozilla/5.0 AppleWebKit/537.36 (KHTML, like Gecko; compatible; GPTBot/1.2; +https://openai.com/gptbot)"
20.171.207.193 - - [20/Jul/2025:08:45:54 +0000] "GET /shopdetail/107348281 HTTP/1.1" 404 17104 "-" "Mozilla/5.0 AppleWebKit/537.36 (KHTML, like Gecko; compatible; GPTBot/1.2; +https://openai.com/gptbot)"
20.171.207.193 - - [20/Jul/2025:08:45:57 +0000] "GET /shopdetail/105492681 HTTP/1.1" 404 17104 "-" "Mozilla/5.0 AppleWebKit/537.36 (KHTML, like Gecko; compatible; GPTBot/1.2; +https://openai.com/gptbot)"
20.171.207.193 - - [20/Jul/2025:08:46:00 +0000] "GET /shopdetail/185327981 HTTP/1.1" 404 17103 "-" "Mozilla/5.0 AppleWebKit/537.36 (KHTML, like Gecko; compatible; GPTBot/1.2; +https://openai.com/gptbot)"
209.74.77.214 - - [20/Jul/2025:08:46:03 +0000] "POST /wp-cron.php?doing_wp_cron=1753001163.5152668952941894531250 HTTP/1.1" 200 - "-" "WordPress/6.8.2; https://diamondtiptiling.com"
20.171.207.193 - - [20/Jul/2025:08:46:03 +0000] "GET /shopdetail/162940081 HTTP/1.1" 404 17103 "-" "Mozilla/5.0 AppleWebKit/537.36 (KHTML, like Gecko; compatible; GPTBot/1.2; +https://openai.com/gptbot)"
209.74.77.214 - - [20/Jul/2025:08:46:06 +0000] "POST /wp-cron.php?doing_wp_cron=1753001166.3335409164428710937500 HTTP/1.1" 200 - "-" "WordPress/6.8.2; https://diamondtiptiling.com"
20.171.207.193 - - [20/Jul/2025:08:46:06 +0000] "GET /shopdetail/154507381 HTTP/1.1" 404 17103 "-" "Mozilla/5.0 AppleWebKit/537.36 (KHTML, like Gecko; compatible; GPTBot/1.2; +https://openai.com/gptbot)"
20.171.207.193 - - [20/Jul/2025:08:46:08 +0000] "GET /shopdetail/209938581 HTTP/1.1" 404 17103 "-" "Mozilla/5.0 AppleWebKit/537.36 (KHTML, like Gecko; compatible; GPTBot/1.2; +https://openai.com/gptbot)"
57.141.2.24 - - [20/Jul/2025:08:46:10 +0000] "GET /product/853120752.shtm HTTP/1.1" 404 80913 "-" "meta-externalagent/1.1 (+https://developers.facebook.com/docs/sharing/webmasters/crawler)"
20.171.207.193 - - [20/Jul/2025:08:46:11 +0000] "GET /shopdetail/190422581 HTTP/1.1" 404 17103 "-" "Mozilla/5.0 AppleWebKit/537.36 (KHTML, like Gecko; compatible; GPTBot/1.2; +https://openai.com/gptbot)"
57.141.2.26 - - [20/Jul/2025:08:46:12 +0000] "GET /product/2783154619.shtm HTTP/1.1" 404 80913 "-" "meta-externalagent/1.1 (+https://developers.facebook.com/docs/sharing/webmasters/crawler)"
20.171.207.193 - - [20/Jul/2025:08:46:14 +0000] "GET /shopdetail/160395281 HTTP/1.1" 404 17103 "-" "Mozilla/5.0 AppleWebKit/537.36 (KHTML, like Gecko; compatible; GPTBot/1.2; +https://openai.com/gptbot)"
57.141.2.21 - - [20/Jul/2025:08:46:15 +0000] "GET /product/2783378560.shtm HTTP/1.1" 404 80913 "-" "meta-externalagent/1.1 (+https://developers.facebook.com/docs/sharing/webmasters/crawler)"
57.141.2.15 - - [20/Jul/2025:08:46:16 +0000] "GET /product/852890325.shtm HTTP/1.1" 404 80913 "-" "meta-externalagent/1.1 (+https://developers.facebook.com/docs/sharing/webmasters/crawler)"
20.171.207.193 - - [20/Jul/2025:08:46:17 +0000] "GET /shopdetail/173064781 HTTP/1.1" 404 17103 "-" "Mozilla/5.0 AppleWebKit/537.36 (KHTML, like Gecko; compatible; GPTBot/1.2; +https://openai.com/gptbot)"
57.141.2.26 - - [20/Jul/2025:08:46:18 +0000] "GET /product/2783423108.shtm HTTP/1.1" 404 80913 "-" "meta-externalagent/1.1 (+https://developers.facebook.com/docs/sharing/webmasters/crawler)"
20.171.207.193 - - [20/Jul/2025:08:46:20 +0000] "GET /shopdetail/197014381 HTTP/1.1" 404 17102 "-" "Mozilla/5.0 AppleWebKit/537.36 (KHTML, like Gecko; compatible; GPTBot/1.2; +https://openai.com/gptbot)"
57.141.2.4 - - [20/Jul/2025:08:46:20 +0000] "GET /product/2782769224.shtm HTTP/1.1" 404 80913 "-" "meta-externalagent/1.1 (+https://developers.facebook.com/docs/sharing/webmasters/crawler)"
20.171.207.193 - - [20/Jul/2025:08:46:23 +0000] "GET /shopdetail/191037481 HTTP/1.1" 404 17103 "-" "Mozilla/5.0 AppleWebKit/537.36 (KHTML, like Gecko; compatible; GPTBot/1.2; +https://openai.com/gptbot)"
20.171.207.193 - - [20/Jul/2025:08:46:25 +0000] "GET /shopdetail/170358281 HTTP/1.1" 404 17103 "-" "Mozilla/5.0 AppleWebKit/537.36 (KHTML, like Gecko; compatible; GPTBot/1.2; +https://openai.com/gptbot)"
20.171.207.193 - - [20/Jul/2025:08:46:28 +0000] "GET /shopdetail/197092481 HTTP/1.1" 404 17103 "-" "Mozilla/5.0 AppleWebKit/537.36 (KHTML, like Gecko; compatible; GPTBot/1.2; +https://openai.com/gptbot)"
20.171.207.193 - - [20/Jul/2025:08:46:31 +0000] "GET /shopdetail/103252481 HTTP/1.1" 404 17103 "-" "Mozilla/5.0 AppleWebKit/537.36 (KHTML, like Gecko; compatible; GPTBot/1.2; +https://openai.com/gptbot)"
20.171.207.193 - - [20/Jul/2025:08:46:34 +0000] "GET /shopdetail/102959681 HTTP/1.1" 404 17103 "-" "Mozilla/5.0 AppleWebKit/537.36 (KHTML, like Gecko; compatible; GPTBot/1.2; +https://openai.com/gptbot)"
20.171.207.193 - - [20/Jul/2025:08:46:37 +0000] "GET /shopdetail/208235481 HTTP/1.1" 404 17103 "-" "Mozilla/5.0 AppleWebKit/537.36 (KHTML, like Gecko; compatible; GPTBot/1.2; +https://openai.com/gptbot)"
20.171.207.193 - - [20/Jul/2025:08:46:40 +0000] "GET /shopdetail/139684781 HTTP/1.1" 404 17102 "-" "Mozilla/5.0 AppleWebKit/537.36 (KHTML, like Gecko; compatible; GPTBot/1.2; +https://openai.com/gptbot)"
20.171.207.193 - - [20/Jul/2025:08:46:43 +0000] "GET /shopdetail/209561681 HTTP/1.1" 404 17102 "-" "Mozilla/5.0 AppleWebKit/537.36 (KHTML, like Gecko; compatible; GPTBot/1.2; +https://openai.com/gptbot)"
20.171.207.193 - - [20/Jul/2025:08:46:45 +0000] "GET /shopdetail/119530281 HTTP/1.1" 404 17103 "-" "Mozilla/5.0 AppleWebKit/537.36 (KHTML, like Gecko; compatible; GPTBot/1.2; +https://openai.com/gptbot)"
20.171.207.193 - - [20/Jul/2025:08:46:48 +0000] "GET /shopdetail/174904281 HTTP/1.1" 404 17103 "-" "Mozilla/5.0 AppleWebKit/537.36 (KHTML, like Gecko; compatible; GPTBot/1.2; +https://openai.com/gptbot)"
20.171.207.193 - - [20/Jul/2025:08:46:51 +0000] "GET /shopdetail/125973381 HTTP/1.1" 404 17103 "-" "Mozilla/5.0 AppleWebKit/537.36 (KHTML, like Gecko; compatible; GPTBot/1.2; +https://openai.com/gptbot)"
20.171.207.193 - - [20/Jul/2025:08:46:54 +0000] "GET /shopdetail/197625581 HTTP/1.1" 404 17104 "-" "Mozilla/5.0 AppleWebKit/537.36 (KHTML, like Gecko; compatible; GPTBot/1.2; +https://openai.com/gptbot)"
20.171.207.193 - - [20/Jul/2025:08:46:57 +0000] "GET /shopdetail/117062481 HTTP/1.1" 404 17104 "-" "Mozilla/5.0 AppleWebKit/537.36 (KHTML, like Gecko; compatible; GPTBot/1.2; +https://openai.com/gptbot)"
20.171.207.193 - - [20/Jul/2025:08:47:00 +0000] "GET /shopdetail/168549781 HTTP/1.1" 404 17103 "-" "Mozilla/5.0 AppleWebKit/537.36 (KHTML, like Gecko; compatible; GPTBot/1.2; +https://openai.com/gptbot)"
20.171.207.193 - - [20/Jul/2025:08:47:03 +0000] "GET /shopdetail/102046581 HTTP/1.1" 404 17103 "-" "Mozilla/5.0 AppleWebKit/537.36 (KHTML, like Gecko; compatible; GPTBot/1.2; +https://openai.com/gptbot)"
209.74.77.214 - - [20/Jul/2025:08:47:06 +0000] "POST /wp-cron.php?doing_wp_cron=1753001226.1151759624481201171875 HTTP/1.1" 200 - "-" "WordPress/6.8.2; https://diamondtiptiling.com"
20.171.207.193 - - [20/Jul/2025:08:47:05 +0000] "GET /shopdetail/136730481 HTTP/1.1" 404 17103 "-" "Mozilla/5.0 AppleWebKit/537.36 (KHTML, like Gecko; compatible; GPTBot/1.2; +https://openai.com/gptbot)"
20.171.207.193 - - [20/Jul/2025:08:47:08 +0000] "GET /shopdetail/174392081 HTTP/1.1" 404 17103 "-" "Mozilla/5.0 AppleWebKit/537.36 (KHTML, like Gecko; compatible; GPTBot/1.2; +https://openai.com/gptbot)"
20.171.207.193 - - [20/Jul/2025:08:47:11 +0000] "GET /shopdetail/128506381 HTTP/1.1" 404 17103 "-" "Mozilla/5.0 AppleWebKit/537.36 (KHTML, like Gecko; compatible; GPTBot/1.2; +https://openai.com/gptbot)"
20.171.207.193 - - [20/Jul/2025:08:47:14 +0000] "GET /shopdetail/203786281 HTTP/1.1" 404 17103 "-" "Mozilla/5.0 AppleWebKit/537.36 (KHTML, like Gecko; compatible; GPTBot/1.2; +https://openai.com/gptbot)"
20.171.207.193 - - [20/Jul/2025:08:47:17 +0000] "GET /shopdetail/142979381 HTTP/1.1" 404 17103 "-" "Mozilla/5.0 AppleWebKit/537.36 (KHTML, like Gecko; compatible; GPTBot/1.2; +https://openai.com/gptbot)"
20.171.207.193 - - [20/Jul/2025:08:47:19 +0000] "GET /shopdetail/134798681 HTTP/1.1" 404 17103 "-" "Mozilla/5.0 AppleWebKit/537.36 (KHTML, like Gecko; compatible; GPTBot/1.2; +https://openai.com/gptbot)"
20.171.207.193 - - [20/Jul/2025:08:47:22 +0000] "GET /shopdetail/109287581 HTTP/1.1" 404 17103 "-" "Mozilla/5.0 AppleWebKit/537.36 (KHTML, like Gecko; compatible; GPTBot/1.2; +https://openai.com/gptbot)"
20.171.207.193 - - [20/Jul/2025:08:47:25 +0000] "GET /shopdetail/145697181 HTTP/1.1" 404 17102 "-" "Mozilla/5.0 AppleWebKit/537.36 (KHTML, like Gecko; compatible; GPTBot/1.2; +https://openai.com/gptbot)"
20.171.207.193 - - [20/Jul/2025:08:47:28 +0000] "GET /shopdetail/197236381 HTTP/1.1" 404 17103 "-" "Mozilla/5.0 AppleWebKit/537.36 (KHTML, like Gecko; compatible; GPTBot/1.2; +https://openai.com/gptbot)"
20.171.207.193 - - [20/Jul/2025:08:47:31 +0000] "GET /shopdetail/176794281 HTTP/1.1" 404 17102 "-" "Mozilla/5.0 AppleWebKit/537.36 (KHTML, like Gecko; compatible; GPTBot/1.2; +https://openai.com/gptbot)"
20.171.207.193 - - [20/Jul/2025:08:47:34 +0000] "GET /shopdetail/162507381 HTTP/1.1" 404 17102 "-" "Mozilla/5.0 AppleWebKit/537.36 (KHTML, like Gecko; compatible; GPTBot/1.2; +https://openai.com/gptbot)"
20.171.207.193 - - [20/Jul/2025:08:47:37 +0000] "GET /shopdetail/160921481 HTTP/1.1" 404 17102 "-" "Mozilla/5.0 AppleWebKit/537.36 (KHTML, like Gecko; compatible; GPTBot/1.2; +https://openai.com/gptbot)"
20.171.207.193 - - [20/Jul/2025:08:47:39 +0000] "GET /shopdetail/134953281 HTTP/1.1" 404 17103 "-" "Mozilla/5.0 AppleWebKit/537.36 (KHTML, like Gecko; compatible; GPTBot/1.2; +https://openai.com/gptbot)"
20.171.207.193 - - [20/Jul/2025:08:47:42 +0000] "GET /shopdetail/203693281 HTTP/1.1" 404 17103 "-" "Mozilla/5.0 AppleWebKit/537.36 (KHTML, like Gecko; compatible; GPTBot/1.2; +https://openai.com/gptbot)"
20.171.207.193 - - [20/Jul/2025:08:47:45 +0000] "GET /shopdetail/147931081 HTTP/1.1" 404 17102 "-" "Mozilla/5.0 AppleWebKit/537.36 (KHTML, like Gecko; compatible; GPTBot/1.2; +https://openai.com/gptbot)"
20.171.207.193 - - [20/Jul/2025:08:47:48 +0000] "GET /shopdetail/204757681 HTTP/1.1" 404 17103 "-" "Mozilla/5.0 AppleWebKit/537.36 (KHTML, like Gecko; compatible; GPTBot/1.2; +https://openai.com/gptbot)"
20.171.207.193 - - [20/Jul/2025:08:47:51 +0000] "GET /shopdetail/184260581 HTTP/1.1" 404 17102 "-" "Mozilla/5.0 AppleWebKit/537.36 (KHTML, like Gecko; compatible; GPTBot/1.2; +https://openai.com/gptbot)"
20.171.207.193 - - [20/Jul/2025:08:47:54 +0000] "GET /shopdetail/175440681 HTTP/1.1" 404 17102 "-" "Mozilla/5.0 AppleWebKit/537.36 (KHTML, like Gecko; compatible; GPTBot/1.2; +https://openai.com/gptbot)"
20.171.207.193 - - [20/Jul/2025:08:47:57 +0000] "GET /shopdetail/203972981 HTTP/1.1" 404 17102 "-" "Mozilla/5.0 AppleWebKit/537.36 (KHTML, like Gecko; compatible; GPTBot/1.2; +https://openai.com/gptbot)"
20.171.207.193 - - [20/Jul/2025:08:48:00 +0000] "GET /shopdetail/204651781 HTTP/1.1" 404 17103 "-" "Mozilla/5.0 AppleWebKit/537.36 (KHTML, like Gecko; compatible; GPTBot/1.2; +https://openai.com/gptbot)"
20.171.207.193 - - [20/Jul/2025:08:48:02 +0000] "GET /shopdetail/147869281 HTTP/1.1" 404 17103 "-" "Mozilla/5.0 AppleWebKit/537.36 (KHTML, like Gecko; compatible; GPTBot/1.2; +https://openai.com/gptbot)"
20.171.207.193 - - [20/Jul/2025:08:48:05 +0000] "GET /shopdetail/190027481 HTTP/1.1" 404 17102 "-" "Mozilla/5.0 AppleWebKit/537.36 (KHTML, like Gecko; compatible; GPTBot/1.2; +https://openai.com/gptbot)"
209.74.77.214 - - [20/Jul/2025:08:48:08 +0000] "POST /wp-cron.php?doing_wp_cron=1753001288.7991240024566650390625 HTTP/1.1" 200 - "-" "WordPress/6.8.2; https://diamondtiptiling.com"
20.171.207.193 - - [20/Jul/2025:08:48:08 +0000] "GET /shopdetail/159208481 HTTP/1.1" 404 17103 "-" "Mozilla/5.0 AppleWebKit/537.36 (KHTML, like Gecko; compatible; GPTBot/1.2; +https://openai.com/gptbot)"
20.171.207.193 - - [20/Jul/2025:08:48:11 +0000] "GET /shopdetail/173948081 HTTP/1.1" 404 17103 "-" "Mozilla/5.0 AppleWebKit/537.36 (KHTML, like Gecko; compatible; GPTBot/1.2; +https://openai.com/gptbot)"
20.171.207.193 - - [20/Jul/2025:08:48:14 +0000] "GET /shopdetail/207094281 HTTP/1.1" 404 17102 "-" "Mozilla/5.0 AppleWebKit/537.36 (KHTML, like Gecko; compatible; GPTBot/1.2; +https://openai.com/gptbot)"
20.171.207.193 - - [20/Jul/2025:08:48:17 +0000] "GET /shopdetail/135017281 HTTP/1.1" 404 17103 "-" "Mozilla/5.0 AppleWebKit/537.36 (KHTML, like Gecko; compatible; GPTBot/1.2; +https://openai.com/gptbot)"
20.171.207.193 - - [20/Jul/2025:08:48:20 +0000] "GET /shopdetail/203268781 HTTP/1.1" 404 17102 "-" "Mozilla/5.0 AppleWebKit/537.36 (KHTML, like Gecko; compatible; GPTBot/1.2; +https://openai.com/gptbot)"
20.171.207.193 - - [20/Jul/2025:08:48:23 +0000] "GET /shopdetail/209665281 HTTP/1.1" 404 17102 "-" "Mozilla/5.0 AppleWebKit/537.36 (KHTML, like Gecko; compatible; GPTBot/1.2; +https://openai.com/gptbot)"
20.171.207.193 - - [20/Jul/2025:08:48:25 +0000] "GET /shopdetail/136397581 HTTP/1.1" 404 17102 "-" "Mozilla/5.0 AppleWebKit/537.36 (KHTML, like Gecko; compatible; GPTBot/1.2; +https://openai.com/gptbot)"
20.171.207.193 - - [20/Jul/2025:08:48:28 +0000] "GET /shopdetail/158497081 HTTP/1.1" 404 17102 "-" "Mozilla/5.0 AppleWebKit/537.36 (KHTML, like Gecko; compatible; GPTBot/1.2; +https://openai.com/gptbot)"
20.171.207.193 - - [20/Jul/2025:08:48:31 +0000] "GET /shopdetail/132641981 HTTP/1.1" 404 17103 "-" "Mozilla/5.0 AppleWebKit/537.36 (KHTML, like Gecko; compatible; GPTBot/1.2; +https://openai.com/gptbot)"
20.171.207.193 - - [20/Jul/2025:08:48:34 +0000] "GET /shopdetail/195706881 HTTP/1.1" 404 17104 "-" "Mozilla/5.0 AppleWebKit/537.36 (KHTML, like Gecko; compatible; GPTBot/1.2; +https://openai.com/gptbot)"
20.171.207.193 - - [20/Jul/2025:08:48:37 +0000] "GET /shopdetail/175982681 HTTP/1.1" 404 17104 "-" "Mozilla/5.0 AppleWebKit/537.36 (KHTML, like Gecko; compatible; GPTBot/1.2; +https://openai.com/gptbot)"
20.171.207.193 - - [20/Jul/2025:08:48:39 +0000] "GET /shopdetail/193626581 HTTP/1.1" 404 17103 "-" "Mozilla/5.0 AppleWebKit/537.36 (KHTML, like Gecko; compatible; GPTBot/1.2; +https://openai.com/gptbot)"
20.171.207.193 - - [20/Jul/2025:08:48:42 +0000] "GET /shopdetail/127560081 HTTP/1.1" 404 17104 "-" "Mozilla/5.0 AppleWebKit/537.36 (KHTML, like Gecko; compatible; GPTBot/1.2; +https://openai.com/gptbot)"
20.171.207.193 - - [20/Jul/2025:08:48:45 +0000] "GET /shopdetail/127956681 HTTP/1.1" 404 17102 "-" "Mozilla/5.0 AppleWebKit/537.36 (KHTML, like Gecko; compatible; GPTBot/1.2; +https://openai.com/gptbot)"
20.171.207.193 - - [20/Jul/2025:08:48:48 +0000] "GET /shopdetail/196630481 HTTP/1.1" 404 17103 "-" "Mozilla/5.0 AppleWebKit/537.36 (KHTML, like Gecko; compatible; GPTBot/1.2; +https://openai.com/gptbot)"
20.171.207.193 - - [20/Jul/2025:08:48:51 +0000] "GET /shopdetail/103747281 HTTP/1.1" 404 17103 "-" "Mozilla/5.0 AppleWebKit/537.36 (KHTML, like Gecko; compatible; GPTBot/1.2; +https://openai.com/gptbot)"
20.171.207.193 - - [20/Jul/2025:08:48:54 +0000] "GET /shopdetail/175921081 HTTP/1.1" 404 17103 "-" "Mozilla/5.0 AppleWebKit/537.36 (KHTML, like Gecko; compatible; GPTBot/1.2; +https://openai.com/gptbot)"
20.171.207.193 - - [20/Jul/2025:08:48:56 +0000] "GET /shopdetail/195083781 HTTP/1.1" 404 17103 "-" "Mozilla/5.0 AppleWebKit/537.36 (KHTML, like Gecko; compatible; GPTBot/1.2; +https://openai.com/gptbot)"
20.171.207.193 - - [20/Jul/2025:08:48:59 +0000] "GET /shopdetail/163526981 HTTP/1.1" 404 17103 "-" "Mozilla/5.0 AppleWebKit/537.36 (KHTML, like Gecko; compatible; GPTBot/1.2; +https://openai.com/gptbot)"
20.171.207.193 - - [20/Jul/2025:08:49:02 +0000] "GET /shopdetail/127435381 HTTP/1.1" 404 17103 "-" "Mozilla/5.0 AppleWebKit/537.36 (KHTML, like Gecko; compatible; GPTBot/1.2; +https://openai.com/gptbot)"
20.171.207.193 - - [20/Jul/2025:08:49:05 +0000] "GET /shopdetail/145978381 HTTP/1.1" 404 17102 "-" "Mozilla/5.0 AppleWebKit/537.36 (KHTML, like Gecko; compatible; GPTBot/1.2; +https://openai.com/gptbot)"
209.74.77.214 - - [20/Jul/2025:08:49:08 +0000] "POST /wp-cron.php?doing_wp_cron=1753001348.2101190090179443359375 HTTP/1.1" 200 - "-" "WordPress/6.8.2; https://diamondtiptiling.com"
20.171.207.193 - - [20/Jul/2025:08:49:07 +0000] "GET /shopdetail/195600381 HTTP/1.1" 404 17103 "-" "Mozilla/5.0 AppleWebKit/537.36 (KHTML, like Gecko; compatible; GPTBot/1.2; +https://openai.com/gptbot)"
20.171.207.193 - - [20/Jul/2025:08:49:10 +0000] "GET /shopdetail/168905381 HTTP/1.1" 404 17103 "-" "Mozilla/5.0 AppleWebKit/537.36 (KHTML, like Gecko; compatible; GPTBot/1.2; +https://openai.com/gptbot)"
20.171.207.193 - - [20/Jul/2025:08:49:13 +0000] "GET /shopdetail/161459281 HTTP/1.1" 404 17103 "-" "Mozilla/5.0 AppleWebKit/537.36 (KHTML, like Gecko; compatible; GPTBot/1.2; +https://openai.com/gptbot)"
20.171.207.193 - - [20/Jul/2025:08:49:16 +0000] "GET /shopdetail/145696781 HTTP/1.1" 404 17103 "-" "Mozilla/5.0 AppleWebKit/537.36 (KHTML, like Gecko; compatible; GPTBot/1.2; +https://openai.com/gptbot)"
20.171.207.193 - - [20/Jul/2025:08:49:18 +0000] "GET /shopdetail/184765281 HTTP/1.1" 404 17103 "-" "Mozilla/5.0 AppleWebKit/537.36 (KHTML, like Gecko; compatible; GPTBot/1.2; +https://openai.com/gptbot)"
20.171.207.193 - - [20/Jul/2025:08:49:21 +0000] "GET /shopdetail/172293681 HTTP/1.1" 404 17103 "-" "Mozilla/5.0 AppleWebKit/537.36 (KHTML, like Gecko; compatible; GPTBot/1.2; +https://openai.com/gptbot)"
20.171.207.193 - - [20/Jul/2025:08:49:24 +0000] "GET /shopdetail/209223481 HTTP/1.1" 404 17104 "-" "Mozilla/5.0 AppleWebKit/537.36 (KHTML, like Gecko; compatible; GPTBot/1.2; +https://openai.com/gptbot)"
20.171.207.193 - - [20/Jul/2025:08:49:27 +0000] "GET /shopdetail/192377481 HTTP/1.1" 404 17103 "-" "Mozilla/5.0 AppleWebKit/537.36 (KHTML, like Gecko; compatible; GPTBot/1.2; +https://openai.com/gptbot)"
20.171.207.193 - - [20/Jul/2025:08:49:30 +0000] "GET /shopdetail/179074581 HTTP/1.1" 404 17103 "-" "Mozilla/5.0 AppleWebKit/537.36 (KHTML, like Gecko; compatible; GPTBot/1.2; +https://openai.com/gptbot)"
20.171.207.193 - - [20/Jul/2025:08:49:33 +0000] "GET /shopdetail/135347681 HTTP/1.1" 404 17103 "-" "Mozilla/5.0 AppleWebKit/537.36 (KHTML, like Gecko; compatible; GPTBot/1.2; +https://openai.com/gptbot)"
20.171.207.193 - - [20/Jul/2025:08:49:36 +0000] "GET /shopdetail/149703981 HTTP/1.1" 404 17103 "-" "Mozilla/5.0 AppleWebKit/537.36 (KHTML, like Gecko; compatible; GPTBot/1.2; +https://openai.com/gptbot)"
20.171.207.193 - - [20/Jul/2025:08:49:38 +0000] "GET /shopdetail/131025481 HTTP/1.1" 404 17103 "-" "Mozilla/5.0 AppleWebKit/537.36 (KHTML, like Gecko; compatible; GPTBot/1.2; +https://openai.com/gptbot)"
20.171.207.193 - - [20/Jul/2025:08:49:41 +0000] "GET /shopdetail/186325081 HTTP/1.1" 404 17103 "-" "Mozilla/5.0 AppleWebKit/537.36 (KHTML, like Gecko; compatible; GPTBot/1.2; +https://openai.com/gptbot)"
20.171.207.193 - - [20/Jul/2025:08:49:44 +0000] "GET /shopdetail/212705981 HTTP/1.1" 404 17103 "-" "Mozilla/5.0 AppleWebKit/537.36 (KHTML, like Gecko; compatible; GPTBot/1.2; +https://openai.com/gptbot)"
20.171.207.193 - - [20/Jul/2025:08:49:47 +0000] "GET /shopdetail/130512981 HTTP/1.1" 404 17103 "-" "Mozilla/5.0 AppleWebKit/537.36 (KHTML, like Gecko; compatible; GPTBot/1.2; +https://openai.com/gptbot)"
20.171.207.193 - - [20/Jul/2025:08:49:50 +0000] "GET /shopdetail/210703981 HTTP/1.1" 404 17103 "-" "Mozilla/5.0 AppleWebKit/537.36 (KHTML, like Gecko; compatible; GPTBot/1.2; +https://openai.com/gptbot)"
20.171.207.193 - - [20/Jul/2025:08:49:53 +0000] "GET /shopdetail/173445681 HTTP/1.1" 404 17103 "-" "Mozilla/5.0 AppleWebKit/537.36 (KHTML, like Gecko; compatible; GPTBot/1.2; +https://openai.com/gptbot)"
20.171.207.193 - - [20/Jul/2025:08:49:56 +0000] "GET /shopdetail/157041981 HTTP/1.1" 404 17103 "-" "Mozilla/5.0 AppleWebKit/537.36 (KHTML, like Gecko; compatible; GPTBot/1.2; +https://openai.com/gptbot)"
20.171.207.193 - - [20/Jul/2025:08:49:58 +0000] "GET /shopdetail/142536581 HTTP/1.1" 404 17103 "-" "Mozilla/5.0 AppleWebKit/537.36 (KHTML, like Gecko; compatible; GPTBot/1.2; +https://openai.com/gptbot)"
209.74.77.214 - - [20/Jul/2025:08:50:02 +0000] "POST /wp-cron.php?doing_wp_cron=1753001402.0348589420318603515625 HTTP/1.1" 200 - "-" "WordPress/6.8.2; https://diamondtiptiling.com"
20.171.207.193 - - [20/Jul/2025:08:50:01 +0000] "GET /shopdetail/169847381 HTTP/1.1" 404 17103 "-" "Mozilla/5.0 AppleWebKit/537.36 (KHTML, like Gecko; compatible; GPTBot/1.2; +https://openai.com/gptbot)"
20.171.207.193 - - [20/Jul/2025:08:50:04 +0000] "GET /shopdetail/206990581 HTTP/1.1" 404 17103 "-" "Mozilla/5.0 AppleWebKit/537.36 (KHTML, like Gecko; compatible; GPTBot/1.2; +https://openai.com/gptbot)"
209.74.77.214 - - [20/Jul/2025:08:50:07 +0000] "POST /wp-cron.php?doing_wp_cron=1753001407.3206589221954345703125 HTTP/1.1" 200 - "-" "WordPress/6.8.2; https://diamondtiptiling.com"
20.171.207.193 - - [20/Jul/2025:08:50:07 +0000] "GET /shopdetail/197674581 HTTP/1.1" 404 17102 "-" "Mozilla/5.0 AppleWebKit/537.36 (KHTML, like Gecko; compatible; GPTBot/1.2; +https://openai.com/gptbot)"
20.171.207.193 - - [20/Jul/2025:08:50:09 +0000] "GET /shopdetail/202423981 HTTP/1.1" 404 17103 "-" "Mozilla/5.0 AppleWebKit/537.36 (KHTML, like Gecko; compatible; GPTBot/1.2; +https://openai.com/gptbot)"
20.171.207.193 - - [20/Jul/2025:08:50:12 +0000] "GET /shopdetail/179316581 HTTP/1.1" 404 17103 "-" "Mozilla/5.0 AppleWebKit/537.36 (KHTML, like Gecko; compatible; GPTBot/1.2; +https://openai.com/gptbot)"
20.171.207.193 - - [20/Jul/2025:08:50:15 +0000] "GET /shopdetail/208637481 HTTP/1.1" 404 17100 "-" "Mozilla/5.0 AppleWebKit/537.36 (KHTML, like Gecko; compatible; GPTBot/1.2; +https://openai.com/gptbot)"
20.171.207.193 - - [20/Jul/2025:08:50:18 +0000] "GET /shopdetail/162315081 HTTP/1.1" 404 17103 "-" "Mozilla/5.0 AppleWebKit/537.36 (KHTML, like Gecko; compatible; GPTBot/1.2; +https://openai.com/gptbot)"
20.171.207.193 - - [20/Jul/2025:08:50:21 +0000] "GET /shopdetail/206613781 HTTP/1.1" 404 17103 "-" "Mozilla/5.0 AppleWebKit/537.36 (KHTML, like Gecko; compatible; GPTBot/1.2; +https://openai.com/gptbot)"
