209.74.77.214 - - [20/Jul/2025:00:45:41 +0000] "POST /wp-cron.php?doing_wp_cron=1752972341.5021929740905761718750 HTTP/1.1" 200 - "-" "WordPress/6.8.2; https://diamondtiptiling.com"
57.141.2.9 - - [20/Jul/2025:00:45:39 +0000] "GET /product/2782795767.shtm HTTP/1.1" 404 80913 "-" "meta-externalagent/1.1 (+https://developers.facebook.com/docs/sharing/webmasters/crawler)"
57.141.2.27 - - [20/Jul/2025:00:45:45 +0000] "GET /product/2783120593.shtm HTTP/1.1" 404 80913 "-" "meta-externalagent/1.1 (+https://developers.facebook.com/docs/sharing/webmasters/crawler)"
57.141.2.4 - - [20/Jul/2025:00:45:59 +0000] "GET /product/853476367.shtm HTTP/1.1" 404 80913 "-" "meta-externalagent/1.1 (+https://developers.facebook.com/docs/sharing/webmasters/crawler)"
57.141.2.25 - - [20/Jul/2025:00:45:59 +0000] "GET /product/2782861571.shtm HTTP/1.1" 404 80913 "-" "meta-externalagent/1.1 (+https://developers.facebook.com/docs/sharing/webmasters/crawler)"
57.141.2.25 - - [20/Jul/2025:00:46:00 +0000] "GET /product/2783044203.shtm HTTP/1.1" 404 80913 "-" "meta-externalagent/1.1 (+https://developers.facebook.com/docs/sharing/webmasters/crawler)"
57.141.2.7 - - [20/Jul/2025:00:46:01 +0000] "GET /product/2783572841.shtm HTTP/1.1" 404 80913 "-" "meta-externalagent/1.1 (+https://developers.facebook.com/docs/sharing/webmasters/crawler)"
209.74.77.214 - - [20/Jul/2025:00:46:06 +0000] "POST /wp-cron.php?doing_wp_cron=1752972366.7149488925933837890625 HTTP/1.1" 200 - "-" "WordPress/6.8.2; https://diamondtiptiling.com"
57.141.2.29 - - [20/Jul/2025:00:46:06 +0000] "GET /product/2783122715.shtm HTTP/1.1" 404 80913 "-" "meta-externalagent/1.1 (+https://developers.facebook.com/docs/sharing/webmasters/crawler)"
57.141.2.22 - - [20/Jul/2025:00:46:22 +0000] "GET /product/2783114243.shtm HTTP/1.1" 404 80913 "-" "meta-externalagent/1.1 (+https://developers.facebook.com/docs/sharing/webmasters/crawler)"
209.74.77.214 - - [20/Jul/2025:00:49:28 +0000] "POST /wp-cron.php?doing_wp_cron=1752972568.9169719219207763671875 HTTP/1.1" 200 - "-" "WordPress/6.8.2; https://diamondtiptiling.com"
57.141.2.5 - - [20/Jul/2025:00:49:27 +0000] "GET /toyu/top/CKmSpSfTop.jsp HTTP/1.1" 404 80913 "-" "meta-externalagent/1.1 (+https://developers.facebook.com/docs/sharing/webmasters/crawler)"
209.74.77.214 - - [20/Jul/2025:00:51:14 +0000] "POST /wp-cron.php?doing_wp_cron=1752972674.5507099628448486328125 HTTP/1.1" 200 - "-" "WordPress/6.8.2; https://diamondtiptiling.com"
57.141.2.14 - - [20/Jul/2025:00:51:12 +0000] "GET /product/2782791531.shtm HTTP/1.1" 404 80913 "-" "meta-externalagent/1.1 (+https://developers.facebook.com/docs/sharing/webmasters/crawler)"
57.141.2.23 - - [20/Jul/2025:00:51:15 +0000] "GET /product/2783279857.shtm HTTP/1.1" 404 80913 "-" "meta-externalagent/1.1 (+https://developers.facebook.com/docs/sharing/webmasters/crawler)"
57.141.2.8 - - [20/Jul/2025:00:51:28 +0000] "GET /product/2783042081.shtm HTTP/1.1" 404 80913 "-" "meta-externalagent/1.1 (+https://developers.facebook.com/docs/sharing/webmasters/crawler)"
209.74.77.214 - - [20/Jul/2025:01:01:07 +0000] "POST /wp-cron.php?doing_wp_cron=1752973267.4152700901031494140625 HTTP/1.1" 200 - "-" "WordPress/6.8.2; https://diamondtiptiling.com"
87.120.93.139 - - [20/Jul/2025:01:01:02 +0000] "GET /wp-content/plugins/profitori/readme.txt HTTP/1.1" 404 17103 "-" "Mozilla/5.0 (Fedora; Linux x86_64) AppleWebKit/537.36 (KHTML, like Gecko) Chrome/134.0.0.0 Safari/537.36"
209.74.77.214 - - [20/Jul/2025:01:02:09 +0000] "POST /wp-cron.php?doing_wp_cron=1752973329.2252690792083740234375 HTTP/1.1" 200 - "-" "WordPress/6.8.2; https://diamondtiptiling.com"
85.208.96.211 - - [20/Jul/2025:01:02:07 +0000] "GET /product/vein-patterns/ HTTP/1.1" 200 18701 "-" "Mozilla/5.0 (compatible; SemrushBot/7~bl; +http://www.semrush.com/bot.html)"
88.80.26.2 - - [20/Jul/2025:01:05:07 +0000] "GET / HTTP/1.1" 200 159323 "diamondtiptiling.com" "Mozilla/5.0 (Linux; Android 10; SM-A205FN) AppleWebKit/537.36 (KHTML, like Gecko) Chrome/74.0.3729.169 YaBrowser/19.6.0.612.00 Mobile Safari/537.36"
57.141.2.7 - - [20/Jul/2025:01:05:16 +0000] "GET /shop/customer/entry.aspx HTTP/1.1" 404 80913 "-" "meta-externalagent/1.1 (+https://developers.facebook.com/docs/sharing/webmasters/crawler)"
57.141.2.24 - - [20/Jul/2025:01:05:41 +0000] "GET /shop/customer/bookmark.aspx HTTP/1.1" 404 80913 "-" "meta-externalagent/1.1 (+https://developers.facebook.com/docs/sharing/webmasters/crawler)"
195.47.238.92 - - [20/Jul/2025:01:05:59 +0000] "GET / HTTP/1.1" 200 159323 "https://diamondtiptiling.com" "Mozilla/5.0 (Linux; Android 10; SM-A205FN) AppleWebKit/537.36 (KHTML, like Gecko) Chrome/74.0.3729.169 YaBrowser/19.6.0.612.00 Mobile Safari/537.36"
195.47.238.92 - - [20/Jul/2025:01:06:02 +0000] "GET /about HTTP/1.1" 301 - "https://diamondtiptiling.com/about" "Mozilla/5.0 (Linux; Android 10; SM-A205FN) AppleWebKit/537.36 (KHTML, like Gecko) Chrome/74.0.3729.169 YaBrowser/19.6.0.612.00 Mobile Safari/537.36"
195.47.238.92 - - [20/Jul/2025:01:06:02 +0000] "GET /about/ HTTP/1.1" 200 116787 "https://diamondtiptiling.com/about" "Mozilla/5.0 (Linux; Android 10; SM-A205FN) AppleWebKit/537.36 (KHTML, like Gecko) Chrome/74.0.3729.169 YaBrowser/19.6.0.612.00 Mobile Safari/537.36"
195.47.238.92 - - [20/Jul/2025:01:06:04 +0000] "GET /comments/feed HTTP/1.1" 301 - "https://diamondtiptiling.com/comments/feed" "Mozilla/5.0 (Linux; Android 10; SM-A205FN) AppleWebKit/537.36 (KHTML, like Gecko) Chrome/74.0.3729.169 YaBrowser/19.6.0.612.00 Mobile Safari/537.36"
195.47.238.92 - - [20/Jul/2025:01:06:05 +0000] "GET /comments/feed/ HTTP/1.1" 200 10071 "https://diamondtiptiling.com/comments/feed" "Mozilla/5.0 (Linux; Android 10; SM-A205FN) AppleWebKit/537.36 (KHTML, like Gecko) Chrome/74.0.3729.169 YaBrowser/19.6.0.612.00 Mobile Safari/537.36"
209.74.77.214 - - [20/Jul/2025:01:06:07 +0000] "POST /wp-cron.php?doing_wp_cron=1752973566.9737019538879394531250 HTTP/1.1" 200 - "-" "WordPress/6.8.2; https://diamondtiptiling.com"
195.47.238.92 - - [20/Jul/2025:01:06:06 +0000] "GET /contact HTTP/1.1" 301 - "https://diamondtiptiling.com/contact" "Mozilla/5.0 (Linux; Android 10; SM-A205FN) AppleWebKit/537.36 (KHTML, like Gecko) Chrome/74.0.3729.169 YaBrowser/19.6.0.612.00 Mobile Safari/537.36"
195.47.238.92 - - [20/Jul/2025:01:06:07 +0000] "GET /contact/ HTTP/1.1" 200 85239 "https://diamondtiptiling.com/contact" "Mozilla/5.0 (Linux; Android 10; SM-A205FN) AppleWebKit/537.36 (KHTML, like Gecko) Chrome/74.0.3729.169 YaBrowser/19.6.0.612.00 Mobile Safari/537.36"
195.47.238.92 - - [20/Jul/2025:01:06:09 +0000] "GET /feed HTTP/1.1" 301 - "https://diamondtiptiling.com/feed" "Mozilla/5.0 (Linux; Android 10; SM-A205FN) AppleWebKit/537.36 (KHTML, like Gecko) Chrome/74.0.3729.169 YaBrowser/19.6.0.612.00 Mobile Safari/537.36"
195.47.238.92 - - [20/Jul/2025:01:06:09 +0000] "GET /feed/ HTTP/1.1" 200 27137 "https://diamondtiptiling.com/feed" "Mozilla/5.0 (Linux; Android 10; SM-A205FN) AppleWebKit/537.36 (KHTML, like Gecko) Chrome/74.0.3729.169 YaBrowser/19.6.0.612.00 Mobile Safari/537.36"
109.70.100.66 - - [20/Jul/2025:01:06:11 +0000] "GET /grouting HTTP/1.1" 301 - "https://diamondtiptiling.com/grouting" "Mozilla/5.0 (Linux; Android 10; SM-A205FN) AppleWebKit/537.36 (KHTML, like Gecko) Chrome/74.0.3729.169 YaBrowser/19.6.0.612.00 Mobile Safari/537.36"
109.70.100.66 - - [20/Jul/2025:01:06:12 +0000] "GET /grouting/ HTTP/1.1" 200 98987 "https://diamondtiptiling.com/grouting" "Mozilla/5.0 (Linux; Android 10; SM-A205FN) AppleWebKit/537.36 (KHTML, like Gecko) Chrome/74.0.3729.169 YaBrowser/19.6.0.612.00 Mobile Safari/537.36"
109.70.100.66 - - [20/Jul/2025:01:06:14 +0000] "GET /how-to-protect-your-floors-during-a-move HTTP/1.1" 301 - "https://diamondtiptiling.com/how-to-protect-your-floors-during-a-move" "Mozilla/5.0 (Linux; Android 10; SM-A205FN) AppleWebKit/537.36 (KHTML, like Gecko) Chrome/74.0.3729.169 YaBrowser/19.6.0.612.00 Mobile Safari/537.36"
109.70.100.66 - - [20/Jul/2025:01:06:14 +0000] "GET /how-to-protect-your-floors-during-a-move/ HTTP/1.1" 200 99807 "https://diamondtiptiling.com/how-to-protect-your-floors-during-a-move" "Mozilla/5.0 (Linux; Android 10; SM-A205FN) AppleWebKit/537.36 (KHTML, like Gecko) Chrome/74.0.3729.169 YaBrowser/19.6.0.612.00 Mobile Safari/537.36"
109.70.100.66 - - [20/Jul/2025:01:06:16 +0000] "POST /wp-comments-post.php HTTP/1.1" 302 - "https://diamondtiptiling.com/wp-comments-post.php" "Mozilla/5.0 (Linux; Android 10; SM-A205FN) AppleWebKit/537.36 (KHTML, like Gecko) Chrome/74.0.3729.169 YaBrowser/19.6.0.612.00 Mobile Safari/537.36"
109.70.100.66 - - [20/Jul/2025:01:06:16 +0000] "GET /how-to-protect-your-floors-during-a-move/?unapproved=62&moderation-hash=a5751f5d6dd3973e868dd23cc9392220 HTTP/1.1" 200 99824 "https://diamondtiptiling.com/wp-comments-post.php" "Mozilla/5.0 (Linux; Android 10; SM-A205FN) AppleWebKit/537.36 (KHTML, like Gecko) Chrome/74.0.3729.169 YaBrowser/19.6.0.612.00 Mobile Safari/537.36"
109.70.100.66 - - [20/Jul/2025:01:06:18 +0000] "GET /our-team HTTP/1.1" 301 - "https://diamondtiptiling.com/our-team" "Mozilla/5.0 (Linux; Android 10; SM-A205FN) AppleWebKit/537.36 (KHTML, like Gecko) Chrome/74.0.3729.169 YaBrowser/19.6.0.612.00 Mobile Safari/537.36"
109.70.100.66 - - [20/Jul/2025:01:06:18 +0000] "GET /our-team/ HTTP/1.1" 200 88093 "https://diamondtiptiling.com/our-team" "Mozilla/5.0 (Linux; Android 10; SM-A205FN) AppleWebKit/537.36 (KHTML, like Gecko) Chrome/74.0.3729.169 YaBrowser/19.6.0.612.00 Mobile Safari/537.36"
109.70.100.66 - - [20/Jul/2025:01:06:20 +0000] "GET /quote HTTP/1.1" 301 - "https://diamondtiptiling.com/quote" "Mozilla/5.0 (Linux; Android 10; SM-A205FN) AppleWebKit/537.36 (KHTML, like Gecko) Chrome/74.0.3729.169 YaBrowser/19.6.0.612.00 Mobile Safari/537.36"
109.70.100.66 - - [20/Jul/2025:01:06:21 +0000] "GET /quote/ HTTP/1.1" 200 79339 "https://diamondtiptiling.com/quote" "Mozilla/5.0 (Linux; Android 10; SM-A205FN) AppleWebKit/537.36 (KHTML, like Gecko) Chrome/74.0.3729.169 YaBrowser/19.6.0.612.00 Mobile Safari/537.36"
37.48.70.156 - - [20/Jul/2025:01:06:22 +0000] "GET /screeding HTTP/1.1" 301 - "https://diamondtiptiling.com/screeding" "Mozilla/5.0 (Linux; Android 10; SM-A205FN) AppleWebKit/537.36 (KHTML, like Gecko) Chrome/74.0.3729.169 YaBrowser/19.6.0.612.00 Mobile Safari/537.36"
37.48.70.156 - - [20/Jul/2025:01:06:23 +0000] "GET /screeding/ HTTP/1.1" 200 98902 "https://diamondtiptiling.com/screeding" "Mozilla/5.0 (Linux; Android 10; SM-A205FN) AppleWebKit/537.36 (KHTML, like Gecko) Chrome/74.0.3729.169 YaBrowser/19.6.0.612.00 Mobile Safari/537.36"
37.48.70.156 - - [20/Jul/2025:01:06:24 +0000] "GET /self HTTP/1.1" 301 - "https://diamondtiptiling.com/self" "Mozilla/5.0 (Linux; Android 10; SM-A205FN) AppleWebKit/537.36 (KHTML, like Gecko) Chrome/74.0.3729.169 YaBrowser/19.6.0.612.00 Mobile Safari/537.36"
37.48.70.156 - - [20/Jul/2025:01:06:25 +0000] "GET /self/ HTTP/1.1" 200 93594 "https://diamondtiptiling.com/self" "Mozilla/5.0 (Linux; Android 10; SM-A205FN) AppleWebKit/537.36 (KHTML, like Gecko) Chrome/74.0.3729.169 YaBrowser/19.6.0.612.00 Mobile Safari/537.36"
37.48.70.156 - - [20/Jul/2025:01:06:26 +0000] "GET /self-leveling HTTP/1.1" 301 - "https://diamondtiptiling.com/self-leveling" "Mozilla/5.0 (Linux; Android 10; SM-A205FN) AppleWebKit/537.36 (KHTML, like Gecko) Chrome/74.0.3729.169 YaBrowser/19.6.0.612.00 Mobile Safari/537.36"
37.48.70.156 - - [20/Jul/2025:01:06:27 +0000] "GET /self-leveling/ HTTP/1.1" 200 98830 "https://diamondtiptiling.com/self-leveling" "Mozilla/5.0 (Linux; Android 10; SM-A205FN) AppleWebKit/537.36 (KHTML, like Gecko) Chrome/74.0.3729.169 YaBrowser/19.6.0.612.00 Mobile Safari/537.36"
37.48.70.156 - - [20/Jul/2025:01:06:29 +0000] "GET /services HTTP/1.1" 301 - "https://diamondtiptiling.com/services" "Mozilla/5.0 (Linux; Android 10; SM-A205FN) AppleWebKit/537.36 (KHTML, like Gecko) Chrome/74.0.3729.169 YaBrowser/19.6.0.612.00 Mobile Safari/537.36"
37.48.70.156 - - [20/Jul/2025:01:06:29 +0000] "GET /services/ HTTP/1.1" 200 97210 "https://diamondtiptiling.com/services" "Mozilla/5.0 (Linux; Android 10; SM-A205FN) AppleWebKit/537.36 (KHTML, like Gecko) Chrome/74.0.3729.169 YaBrowser/19.6.0.612.00 Mobile Safari/537.36"
37.48.70.156 - - [20/Jul/2025:01:06:31 +0000] "GET /talk-about-the-three-major-types-of-floor-tiles HTTP/1.1" 301 - "https://diamondtiptiling.com/talk-about-the-three-major-types-of-floor-tiles" "Mozilla/5.0 (Linux; Android 10; SM-A205FN) AppleWebKit/537.36 (KHTML, like Gecko) Chrome/74.0.3729.169 YaBrowser/19.6.0.612.00 Mobile Safari/537.36"
37.48.70.156 - - [20/Jul/2025:01:06:31 +0000] "GET /talk-about-the-three-major-types-of-floor-tiles/ HTTP/1.1" 200 99812 "https://diamondtiptiling.com/talk-about-the-three-major-types-of-floor-tiles" "Mozilla/5.0 (Linux; Android 10; SM-A205FN) AppleWebKit/537.36 (KHTML, like Gecko) Chrome/74.0.3729.169 YaBrowser/19.6.0.612.00 Mobile Safari/537.36"
45.90.185.104 - - [20/Jul/2025:01:06:33 +0000] "POST /wp-comments-post.php HTTP/1.1" 302 - "https://diamondtiptiling.com/wp-comments-post.php" "Mozilla/5.0 (Linux; Android 10; SM-A205FN) AppleWebKit/537.36 (KHTML, like Gecko) Chrome/74.0.3729.169 YaBrowser/19.6.0.612.00 Mobile Safari/537.36"
45.90.185.104 - - [20/Jul/2025:01:06:33 +0000] "GET /talk-about-the-three-major-types-of-floor-tiles/?unapproved=63&moderation-hash=39338bd4a58e1645918884225e832502 HTTP/1.1" 200 99829 "https://diamondtiptiling.com/wp-comments-post.php" "Mozilla/5.0 (Linux; Android 10; SM-A205FN) AppleWebKit/537.36 (KHTML, like Gecko) Chrome/74.0.3729.169 YaBrowser/19.6.0.612.00 Mobile Safari/537.36"
45.90.185.104 - - [20/Jul/2025:01:06:35 +0000] "GET /there-are-many-variations-of-passages-of-available-but-majority HTTP/1.1" 301 - "https://diamondtiptiling.com/there-are-many-variations-of-passages-of-available-but-majority" "Mozilla/5.0 (Linux; Android 10; SM-A205FN) AppleWebKit/537.36 (KHTML, like Gecko) Chrome/74.0.3729.169 YaBrowser/19.6.0.612.00 Mobile Safari/537.36"
45.90.185.104 - - [20/Jul/2025:01:06:36 +0000] "GET /there-are-many-variations-of-passages-of-available-but-majority/ HTTP/1.1" 200 100064 "https://diamondtiptiling.com/there-are-many-variations-of-passages-of-available-but-majority" "Mozilla/5.0 (Linux; Android 10; SM-A205FN) AppleWebKit/537.36 (KHTML, like Gecko) Chrome/74.0.3729.169 YaBrowser/19.6.0.612.00 Mobile Safari/537.36"
45.90.185.104 - - [20/Jul/2025:01:06:38 +0000] "POST /wp-comments-post.php HTTP/1.1" 429 2586 "https://diamondtiptiling.com/wp-comments-post.php" "Mozilla/5.0 (Linux; Android 10; SM-A205FN) AppleWebKit/537.36 (KHTML, like Gecko) Chrome/74.0.3729.169 YaBrowser/19.6.0.612.00 Mobile Safari/537.36"
45.90.185.104 - - [20/Jul/2025:01:06:39 +0000] "GET /tile-removal HTTP/1.1" 301 - "https://diamondtiptiling.com/tile-removal" "Mozilla/5.0 (Linux; Android 10; SM-A205FN) AppleWebKit/537.36 (KHTML, like Gecko) Chrome/74.0.3729.169 YaBrowser/19.6.0.612.00 Mobile Safari/537.36"
45.90.185.104 - - [20/Jul/2025:01:06:40 +0000] "GET /tile-removal/ HTTP/1.1" 200 98965 "https://diamondtiptiling.com/tile-removal" "Mozilla/5.0 (Linux; Android 10; SM-A205FN) AppleWebKit/537.36 (KHTML, like Gecko) Chrome/74.0.3729.169 YaBrowser/19.6.0.612.00 Mobile Safari/537.36"
45.90.185.104 - - [20/Jul/2025:01:06:41 +0000] "GET /tiling HTTP/1.1" 301 - "https://diamondtiptiling.com/tiling" "Mozilla/5.0 (Linux; Android 10; SM-A205FN) AppleWebKit/537.36 (KHTML, like Gecko) Chrome/74.0.3729.169 YaBrowser/19.6.0.612.00 Mobile Safari/537.36"
45.90.185.104 - - [20/Jul/2025:01:06:42 +0000] "GET /tiling/ HTTP/1.1" 200 98850 "https://diamondtiptiling.com/tiling" "Mozilla/5.0 (Linux; Android 10; SM-A205FN) AppleWebKit/537.36 (KHTML, like Gecko) Chrome/74.0.3729.169 YaBrowser/19.6.0.612.00 Mobile Safari/537.36"
45.90.185.104 - - [20/Jul/2025:01:06:44 +0000] "GET /waterproofing HTTP/1.1" 301 - "https://diamondtiptiling.com/waterproofing" "Mozilla/5.0 (Linux; Android 10; SM-A205FN) AppleWebKit/537.36 (KHTML, like Gecko) Chrome/74.0.3729.169 YaBrowser/19.6.0.612.00 Mobile Safari/537.36"
45.90.185.104 - - [20/Jul/2025:01:06:44 +0000] "GET /waterproofing/ HTTP/1.1" 200 99151 "https://diamondtiptiling.com/waterproofing" "Mozilla/5.0 (Linux; Android 10; SM-A205FN) AppleWebKit/537.36 (KHTML, like Gecko) Chrome/74.0.3729.169 YaBrowser/19.6.0.612.00 Mobile Safari/537.36"
185.220.101.107 - - [20/Jul/2025:01:06:46 +0000] "GET /wp-json HTTP/1.1" 200 1524795 "https://diamondtiptiling.com/wp-json" "Mozilla/5.0 (Linux; Android 10; SM-A205FN) AppleWebKit/537.36 (KHTML, like Gecko) Chrome/74.0.3729.169 YaBrowser/19.6.0.612.00 Mobile Safari/537.36"
185.220.101.107 - - [20/Jul/2025:01:06:50 +0000] "GET /wp-json/oembed/1.0/embed?url=https%3A%2F%2Fdiamondtiptiling.com%2F HTTP/1.1" 200 2071 "https://diamondtiptiling.com/wp-json/oembed/1.0/embed?url=https%3A%2F%2Fdiamondtiptiling.com%2F" "Mozilla/5.0 (Linux; Android 10; SM-A205FN) AppleWebKit/537.36 (KHTML, like Gecko) Chrome/74.0.3729.169 YaBrowser/19.6.0.612.00 Mobile Safari/537.36"
185.220.101.107 - - [20/Jul/2025:01:06:51 +0000] "GET /wp-json/oembed/1.0/embed?url=https%3A%2F%2Fdiamondtiptiling.com%2F&format=xml HTTP/1.1" 200 2233 "https://diamondtiptiling.com/wp-json/oembed/1.0/embed?url=https%3A%2F%2Fdiamondtiptiling.com%2F&format=xml" "Mozilla/5.0 (Linux; Android 10; SM-A205FN) AppleWebKit/537.36 (KHTML, like Gecko) Chrome/74.0.3729.169 YaBrowser/19.6.0.612.00 Mobile Safari/537.36"
185.220.101.107 - - [20/Jul/2025:01:06:52 +0000] "GET /wp-json/wp/v2/pages/1612 HTTP/1.1" 200 103889 "https://diamondtiptiling.com/wp-json/wp/v2/pages/1612" "Mozilla/5.0 (Linux; Android 10; SM-A205FN) AppleWebKit/537.36 (KHTML, like Gecko) Chrome/74.0.3729.169 YaBrowser/19.6.0.612.00 Mobile Safari/537.36"
185.220.101.107 - - [20/Jul/2025:01:06:54 +0000] "GET /xmlrpc.php?rsd HTTP/1.1" 200 834 "https://diamondtiptiling.com/xmlrpc.php?rsd" "Mozilla/5.0 (Linux; Android 10; SM-A205FN) AppleWebKit/537.36 (KHTML, like Gecko) Chrome/74.0.3729.169 YaBrowser/19.6.0.612.00 Mobile Safari/537.36"
209.74.77.214 - - [20/Jul/2025:01:11:37 +0000] "POST /wp-cron.php?doing_wp_cron=1752973897.8872179985046386718750 HTTP/1.1" 200 - "-" "WordPress/6.8.2; https://diamondtiptiling.com"
57.141.2.2 - - [20/Jul/2025:01:11:36 +0000] "GET /jukyuban/ HTTP/1.1" 404 80913 "-" "meta-externalagent/1.1 (+https://developers.facebook.com/docs/sharing/webmasters/crawler)"
209.74.77.214 - - [20/Jul/2025:01:12:19 +0000] "POST /wp-cron.php?doing_wp_cron=1752973939.3291800022125244140625 HTTP/1.1" 200 - "-" "WordPress/6.8.2; https://diamondtiptiling.com"
57.141.2.9 - - [20/Jul/2025:01:12:17 +0000] "GET /shop/pg/1AgreementInfo/ HTTP/1.1" 404 80913 "-" "meta-externalagent/1.1 (+https://developers.facebook.com/docs/sharing/webmasters/crawler)"
66.249.68.129 - - [20/Jul/2025:01:12:35 +0000] "GET /product/AmazonEmber HTTP/1.1" 200 25921 "-" "Mozilla/5.0 (Linux; Android 6.0.1; Nexus 5X Build/MMB29P) AppleWebKit/537.36 (KHTML, like Gecko) Chrome/137.0.7151.103 Mobile Safari/537.36 (compatible; Googlebot/2.1; +http://www.google.com/bot.html)"
104.210.140.139 - - [20/Jul/2025:01:12:44 +0000] "GET /robots.txt HTTP/1.1" 200 111 "-" "Mozilla/5.0 (Macintosh; Intel Mac OS X 10_15_7) AppleWebKit/537.36 (KHTML, like Gecko) Chrome/131.0.0.0 Safari/537.36; compatible; OAI-SearchBot/1.0; +https://openai.com/searchbot"
209.74.77.214 - - [20/Jul/2025:01:14:10 +0000] "POST /wp-cron.php?doing_wp_cron=1752974050.4260869026184082031250 HTTP/1.1" 200 - "-" "WordPress/6.8.2; https://diamondtiptiling.com"
57.141.2.22 - - [20/Jul/2025:01:14:08 +0000] "GET /reserve/tool/ HTTP/1.1" 404 80913 "-" "meta-externalagent/1.1 (+https://developers.facebook.com/docs/sharing/webmasters/crawler)"
66.249.68.129 - - [20/Jul/2025:01:15:13 +0000] "GET /shopdetail/124752681 HTTP/1.1" 200 25807 "-" "Mozilla/5.0 (Linux; Android 6.0.1; Nexus 5X Build/MMB29P) AppleWebKit/537.36 (KHTML, like Gecko) Chrome/137.0.7151.103 Mobile Safari/537.36 (compatible; Googlebot/2.1; +http://www.google.com/bot.html)"
66.249.68.129 - - [20/Jul/2025:01:15:17 +0000] "GET /shopdetail/140163981 HTTP/1.1" 200 24931 "-" "Mozilla/5.0 (Linux; Android 6.0.1; Nexus 5X Build/MMB29P) AppleWebKit/537.36 (KHTML, like Gecko) Chrome/137.0.7151.103 Mobile Safari/537.36 (compatible; Googlebot/2.1; +http://www.google.com/bot.html)"
66.249.68.129 - - [20/Jul/2025:01:15:20 +0000] "GET /shopdetail/25933781 HTTP/1.1" 200 25124 "-" "Mozilla/5.0 (Linux; Android 6.0.1; Nexus 5X Build/MMB29P) AppleWebKit/537.36 (KHTML, like Gecko) Chrome/137.0.7151.103 Mobile Safari/537.36 (compatible; Googlebot/2.1; +http://www.google.com/bot.html)"
66.249.68.128 - - [20/Jul/2025:01:15:22 +0000] "GET /shopdetail/63361781 HTTP/1.1" 200 25189 "-" "Mozilla/5.0 (Linux; Android 6.0.1; Nexus 5X Build/MMB29P) AppleWebKit/537.36 (KHTML, like Gecko) Chrome/137.0.7151.103 Mobile Safari/537.36 (compatible; Googlebot/2.1; +http://www.google.com/bot.html)"
66.249.68.128 - - [20/Jul/2025:01:15:23 +0000] "GET /shopdetail/184006981 HTTP/1.1" 200 25440 "-" "Mozilla/5.0 (Linux; Android 6.0.1; Nexus 5X Build/MMB29P) AppleWebKit/537.36 (KHTML, like Gecko) Chrome/137.0.7151.103 Mobile Safari/537.36 (compatible; Googlebot/2.1; +http://www.google.com/bot.html)"
66.249.68.128 - - [20/Jul/2025:01:15:24 +0000] "GET /shopdetail/65349881 HTTP/1.1" 200 27791 "-" "Mozilla/5.0 (Linux; Android 6.0.1; Nexus 5X Build/MMB29P) AppleWebKit/537.36 (KHTML, like Gecko) Chrome/137.0.7151.103 Mobile Safari/537.36 (compatible; Googlebot/2.1; +http://www.google.com/bot.html)"
66.249.68.128 - - [20/Jul/2025:01:15:26 +0000] "GET /shopdetail/31534581 HTTP/1.1" 200 25039 "-" "Mozilla/5.0 (Linux; Android 6.0.1; Nexus 5X Build/MMB29P) AppleWebKit/537.36 (KHTML, like Gecko) Chrome/137.0.7151.103 Mobile Safari/537.36 (compatible; Googlebot/2.1; +http://www.google.com/bot.html)"
66.249.68.128 - - [20/Jul/2025:01:15:29 +0000] "GET /shopdetail/111931781 HTTP/1.1" 200 25726 "-" "Mozilla/5.0 (Linux; Android 6.0.1; Nexus 5X Build/MMB29P) AppleWebKit/537.36 (KHTML, like Gecko) Chrome/137.0.7151.103 Mobile Safari/537.36 (compatible; Googlebot/2.1; +http://www.google.com/bot.html)"
66.249.68.128 - - [20/Jul/2025:01:15:32 +0000] "GET /shopdetail/65039181 HTTP/1.1" 200 30053 "-" "Mozilla/5.0 (Linux; Android 6.0.1; Nexus 5X Build/MMB29P) AppleWebKit/537.36 (KHTML, like Gecko) Chrome/137.0.7151.103 Mobile Safari/537.36 (compatible; Googlebot/2.1; +http://www.google.com/bot.html)"
66.249.68.128 - - [20/Jul/2025:01:15:35 +0000] "GET /shopdetail/51083681 HTTP/1.1" 200 24902 "-" "Mozilla/5.0 (Linux; Android 6.0.1; Nexus 5X Build/MMB29P) AppleWebKit/537.36 (KHTML, like Gecko) Chrome/137.0.7151.103 Mobile Safari/537.36 (compatible; Googlebot/2.1; +http://www.google.com/bot.html)"
66.249.68.128 - - [20/Jul/2025:01:15:40 +0000] "GET /shopdetail/51011981 HTTP/1.1" 200 25219 "-" "Mozilla/5.0 (Linux; Android 6.0.1; Nexus 5X Build/MMB29P) AppleWebKit/537.36 (KHTML, like Gecko) Chrome/137.0.7151.103 Mobile Safari/537.36 (compatible; Googlebot/2.1; +http://www.google.com/bot.html)"
209.74.77.214 - - [20/Jul/2025:01:17:13 +0000] "POST /wp-cron.php?doing_wp_cron=1752974233.7851369380950927734375 HTTP/1.1" 200 - "-" "WordPress/6.8.2; https://diamondtiptiling.com"
57.141.2.5 - - [20/Jul/2025:01:17:12 +0000] "GET /shop/pg/1SiteUse/ HTTP/1.1" 404 80913 "-" "meta-externalagent/1.1 (+https://developers.facebook.com/docs/sharing/webmasters/crawler)"
57.141.2.16 - - [20/Jul/2025:01:17:29 +0000] "GET /product/2783294753.shtm HTTP/1.1" 404 80913 "-" "meta-externalagent/1.1 (+https://developers.facebook.com/docs/sharing/webmasters/crawler)"
57.141.2.28 - - [20/Jul/2025:01:17:35 +0000] "GET /product/852853194.shtm HTTP/1.1" 404 80913 "-" "meta-externalagent/1.1 (+https://developers.facebook.com/docs/sharing/webmasters/crawler)"
209.74.77.214 - - [20/Jul/2025:01:18:35 +0000] "POST /wp-cron.php?doing_wp_cron=1752974315.2739679813385009765625 HTTP/1.1" 200 - "-" "WordPress/6.8.2; https://diamondtiptiling.com"
57.141.2.4 - - [20/Jul/2025:01:18:33 +0000] "GET /shop/pg/1AvailableInfo/ HTTP/1.1" 404 80913 "-" "meta-externalagent/1.1 (+https://developers.facebook.com/docs/sharing/webmasters/crawler)"
66.249.68.130 - - [20/Jul/2025:01:19:15 +0000] "GET /shopdetail/33616981 HTTP/1.1" 200 25700 "-" "Mozilla/5.0 (Linux; Android 6.0.1; Nexus 5X Build/MMB29P) AppleWebKit/537.36 (KHTML, like Gecko) Chrome/137.0.7151.103 Mobile Safari/537.36 (compatible; Googlebot/2.1; +http://www.google.com/bot.html)"
209.74.77.214 - - [20/Jul/2025:01:20:38 +0000] "POST /wp-cron.php?doing_wp_cron=1752974438.4520859718322753906250 HTTP/1.1" 200 - "-" "WordPress/6.8.2; https://diamondtiptiling.com"
57.141.2.7 - - [20/Jul/2025:01:20:36 +0000] "GET /product/2783254375.shtm HTTP/1.1" 404 80913 "-" "meta-externalagent/1.1 (+https://developers.facebook.com/docs/sharing/webmasters/crawler)"
57.141.2.9 - - [20/Jul/2025:01:20:46 +0000] "GET /product/2783419935.shtm HTTP/1.1" 404 80913 "-" "meta-externalagent/1.1 (+https://developers.facebook.com/docs/sharing/webmasters/crawler)"
57.141.2.2 - - [20/Jul/2025:01:20:47 +0000] "GET /product/853105866.shtm HTTP/1.1" 404 80913 "-" "meta-externalagent/1.1 (+https://developers.facebook.com/docs/sharing/webmasters/crawler)"
57.141.2.26 - - [20/Jul/2025:01:20:54 +0000] "GET /shop/customer/menu.aspx HTTP/1.1" 404 80913 "-" "meta-externalagent/1.1 (+https://developers.facebook.com/docs/sharing/webmasters/crawler)"
57.141.2.6 - - [20/Jul/2025:01:20:55 +0000] "GET /product/2783376510.shtm HTTP/1.1" 404 80913 "-" "meta-externalagent/1.1 (+https://developers.facebook.com/docs/sharing/webmasters/crawler)"
209.74.77.214 - - [20/Jul/2025:01:21:07 +0000] "POST /wp-cron.php?doing_wp_cron=1752974467.4568319320678710937500 HTTP/1.1" 200 - "-" "WordPress/6.8.2; https://diamondtiptiling.com"
57.141.2.25 - - [20/Jul/2025:01:21:07 +0000] "GET /product/2783049434.shtm HTTP/1.1" 404 80913 "-" "meta-externalagent/1.1 (+https://developers.facebook.com/docs/sharing/webmasters/crawler)"
57.141.2.8 - - [20/Jul/2025:01:21:23 +0000] "GET /product/2783083452.shtm HTTP/1.1" 404 80913 "-" "meta-externalagent/1.1 (+https://developers.facebook.com/docs/sharing/webmasters/crawler)"
57.141.2.18 - - [20/Jul/2025:01:21:29 +0000] "GET /product/2783067571.shtm HTTP/1.1" 404 80913 "-" "meta-externalagent/1.1 (+https://developers.facebook.com/docs/sharing/webmasters/crawler)"
57.141.2.29 - - [20/Jul/2025:01:21:59 +0000] "GET /product/2783356255.shtm HTTP/1.1" 404 80913 "-" "meta-externalagent/1.1 (+https://developers.facebook.com/docs/sharing/webmasters/crawler)"
57.141.2.16 - - [20/Jul/2025:01:22:04 +0000] "GET /product/2783293634.shtm HTTP/1.1" 404 80913 "-" "meta-externalagent/1.1 (+https://developers.facebook.com/docs/sharing/webmasters/crawler)"
209.74.77.214 - - [20/Jul/2025:01:22:06 +0000] "POST /wp-cron.php?doing_wp_cron=1752974526.4662380218505859375000 HTTP/1.1" 200 - "-" "WordPress/6.8.2; https://diamondtiptiling.com"
57.141.2.7 - - [20/Jul/2025:01:22:06 +0000] "GET /product/2783417813.shtm HTTP/1.1" 404 80913 "-" "meta-externalagent/1.1 (+https://developers.facebook.com/docs/sharing/webmasters/crawler)"
57.141.2.9 - - [20/Jul/2025:01:22:06 +0000] "GET /product/2783099347.shtm HTTP/1.1" 404 80913 "-" "meta-externalagent/1.1 (+https://developers.facebook.com/docs/sharing/webmasters/crawler)"
57.141.2.11 - - [20/Jul/2025:01:22:09 +0000] "GET /product/852767265.shtm HTTP/1.1" 404 80913 "-" "meta-externalagent/1.1 (+https://developers.facebook.com/docs/sharing/webmasters/crawler)"
57.141.2.3 - - [20/Jul/2025:01:22:18 +0000] "GET /product/2783316007.shtm HTTP/1.1" 404 80913 "-" "meta-externalagent/1.1 (+https://developers.facebook.com/docs/sharing/webmasters/crawler)"
57.141.2.10 - - [20/Jul/2025:01:23:03 +0000] "GET /product/2782822308.shtm HTTP/1.1" 404 80913 "-" "meta-externalagent/1.1 (+https://developers.facebook.com/docs/sharing/webmasters/crawler)"
209.74.77.214 - - [20/Jul/2025:01:25:17 +0000] "POST /wp-cron.php?doing_wp_cron=1752974717.5536839962005615234375 HTTP/1.1" 200 - "-" "WordPress/6.8.2; https://diamondtiptiling.com"
57.141.2.26 - - [20/Jul/2025:01:25:15 +0000] "GET /product/2783061149.shtm HTTP/1.1" 404 80913 "-" "meta-externalagent/1.1 (+https://developers.facebook.com/docs/sharing/webmasters/crawler)"
57.141.2.22 - - [20/Jul/2025:01:25:54 +0000] "GET /product/852724701.shtm HTTP/1.1" 404 80913 "-" "meta-externalagent/1.1 (+https://developers.facebook.com/docs/sharing/webmasters/crawler)"
209.74.77.214 - - [20/Jul/2025:01:31:57 +0000] "POST /wp-cron.php?doing_wp_cron=1752975117.0705840587615966796875 HTTP/1.1" 200 - "-" "WordPress/6.8.2; https://diamondtiptiling.com"
57.141.2.14 - - [20/Jul/2025:01:31:55 +0000] "GET /shop/pg/1SiteUse HTTP/1.1" 404 80913 "-" "meta-externalagent/1.1 (+https://developers.facebook.com/docs/sharing/webmasters/crawler)"
209.74.77.214 - - [20/Jul/2025:01:32:11 +0000] "POST /wp-cron.php?doing_wp_cron=1752975131.1231150627136230468750 HTTP/1.1" 200 - "-" "WordPress/6.8.2; https://diamondtiptiling.com"
57.141.2.5 - - [20/Jul/2025:01:32:10 +0000] "GET /pw/ HTTP/1.1" 404 80913 "-" "meta-externalagent/1.1 (+https://developers.facebook.com/docs/sharing/webmasters/crawler)"
209.74.77.214 - - [20/Jul/2025:01:33:54 +0000] "POST /wp-cron.php?doing_wp_cron=1752975234.3704459667205810546875 HTTP/1.1" 200 - "-" "WordPress/6.8.2; https://diamondtiptiling.com"
57.141.2.19 - - [20/Jul/2025:01:33:52 +0000] "GET /shop/order/make_estimate.aspx HTTP/1.1" 404 80913 "-" "meta-externalagent/1.1 (+https://developers.facebook.com/docs/sharing/webmasters/crawler)"
209.74.77.214 - - [20/Jul/2025:01:36:09 +0000] "POST /wp-cron.php?doing_wp_cron=1752975369.7086830139160156250000 HTTP/1.1" 200 - "-" "WordPress/6.8.2; https://diamondtiptiling.com"
57.141.2.22 - - [20/Jul/2025:01:36:07 +0000] "GET /shop/customer/bookmark_guest.aspx HTTP/1.1" 404 80913 "-" "meta-externalagent/1.1 (+https://developers.facebook.com/docs/sharing/webmasters/crawler)"
57.141.2.6 - - [20/Jul/2025:01:36:58 +0000] "GET /product/2782931601.shtm HTTP/1.1" 404 80913 "-" "meta-externalagent/1.1 (+https://developers.facebook.com/docs/sharing/webmasters/crawler)"
216.73.216.66 - - [20/Jul/2025:01:37:06 +0000] "GET /robots.txt HTTP/1.1" 200 111 "-" "Mozilla/5.0 AppleWebKit/537.36 (KHTML, like Gecko; compatible; ClaudeBot/1.0; [email protected])"
216.73.216.66 - - [20/Jul/2025:01:37:06 +0000] "GET /sitemap.xml HTTP/1.1" 200 4811 "-" "Mozilla/5.0 AppleWebKit/537.36 (KHTML, like Gecko; compatible; ClaudeBot/1.0; [email protected])"
209.74.77.214 - - [20/Jul/2025:01:38:39 +0000] "POST /wp-cron.php?doing_wp_cron=1752975519.6826169490814208984375 HTTP/1.1" 200 - "-" "WordPress/6.8.2; https://diamondtiptiling.com"
45.227.253.15 - - [20/Jul/2025:01:38:37 +0000] "GET /index.php/jk HTTP/1.1" 301 - "-" "Mozilla/5.0 (Windows NT 10.0; Win64; x64) AppleWebKit/537.36 (KHTML, like Gecko) Chrome/79.0.3970 Safari/537.36 Edg/79.0.143.5"
45.227.253.15 - - [20/Jul/2025:01:38:40 +0000] "GET /jk HTTP/1.1" 404 17104 "https://diamondtiptiling.com/index.php/jk" "Mozilla/5.0 (Windows NT 10.0; Win64; x64) AppleWebKit/537.36 (KHTML, like Gecko) Chrome/79.0.3970 Safari/537.36 Edg/79.0.143.5"
209.74.77.214 - - [20/Jul/2025:01:39:38 +0000] "POST /wp-cron.php?doing_wp_cron=1752975578.8894910812377929687500 HTTP/1.1" 200 - "-" "WordPress/6.8.2; https://diamondtiptiling.com"
57.141.2.28 - - [20/Jul/2025:01:39:37 +0000] "GET /shop/pg/1howto/ HTTP/1.1" 404 80913 "-" "meta-externalagent/1.1 (+https://developers.facebook.com/docs/sharing/webmasters/crawler)"
57.141.2.17 - - [20/Jul/2025:01:39:57 +0000] "GET /contents/event/kansyasai/ HTTP/1.1" 404 80913 "-" "meta-externalagent/1.1 (+https://developers.facebook.com/docs/sharing/webmasters/crawler)"
209.74.77.214 - - [20/Jul/2025:01:43:19 +0000] "POST /wp-cron.php?doing_wp_cron=1752975799.2118380069732666015625 HTTP/1.1" 200 - "-" "WordPress/6.8.2; https://diamondtiptiling.com"
57.141.2.7 - - [20/Jul/2025:01:43:17 +0000] "GET /contents/renga/ HTTP/1.1" 404 80913 "-" "meta-externalagent/1.1 (+https://developers.facebook.com/docs/sharing/webmasters/crawler)"
209.74.77.214 - - [20/Jul/2025:01:47:46 +0000] "POST /wp-cron.php?doing_wp_cron=1752976066.8729081153869628906250 HTTP/1.1" 200 - "-" "WordPress/6.8.2; https://diamondtiptiling.com"
57.141.2.11 - - [20/Jul/2025:01:47:45 +0000] "GET /shop/category/categorylist.aspx HTTP/1.1" 404 80913 "-" "meta-externalagent/1.1 (+https://developers.facebook.com/docs/sharing/webmasters/crawler)"
44.209.89.189 - - [20/Jul/2025:01:58:29 +0000] "GET /robots.txt HTTP/1.1" 200 111 "-" "Mozilla/5.0 AppleWebKit/537.36 (KHTML, like Gecko; compatible; Amazonbot/0.1; +https://developer.amazon.com/support/amazonbot) Chrome/119.0.6045.214 Safari/537.36"
209.74.77.214 - - [20/Jul/2025:01:58:30 +0000] "POST /wp-cron.php?doing_wp_cron=1752976710.9089438915252685546875 HTTP/1.1" 200 - "-" "WordPress/6.8.2; https://diamondtiptiling.com"
54.204.62.163 - - [20/Jul/2025:01:58:29 +0000] "GET /work/ HTTP/1.1" 200 19092 "-" "Mozilla/5.0 AppleWebKit/537.36 (KHTML, like Gecko; compatible; Amazonbot/0.1; +https://developer.amazon.com/support/amazonbot) Chrome/119.0.6045.214 Safari/537.36"
43.166.247.155 - - [20/Jul/2025:02:22:23 +0000] "GET / HTTP/1.1" 200 25846 "http://diamondtiptiling.com" "Mozilla/5.0 (iPhone; CPU iPhone OS 13_2_3 like Mac OS X) AppleWebKit/605.1.15 (KHTML, like Gecko) Version/13.0.3 Mobile/15E148 Safari/604.1"
66.249.68.129 - - [20/Jul/2025:02:32:09 +0000] "GET /shopdetail/146029981 HTTP/1.1" 200 26458 "-" "Mozilla/5.0 (Linux; Android 6.0.1; Nexus 5X Build/MMB29P) AppleWebKit/537.36 (KHTML, like Gecko) Chrome/137.0.7151.103 Mobile Safari/537.36 (compatible; Googlebot/2.1; +http://www.google.com/bot.html)"
66.249.68.128 - - [20/Jul/2025:02:39:06 +0000] "GET /shopdetail/85089981 HTTP/1.1" 200 24856 "-" "Mozilla/5.0 (Linux; Android 6.0.1; Nexus 5X Build/MMB29P) AppleWebKit/537.36 (KHTML, like Gecko) Chrome/137.0.7151.103 Mobile Safari/537.36 (compatible; Googlebot/2.1; +http://www.google.com/bot.html)"
209.74.77.214 - - [20/Jul/2025:02:43:57 +0000] "POST /wp-cron.php?doing_wp_cron=1752979437.3217940330505371093750 HTTP/1.1" 200 - "-" "WordPress/6.8.2; https://diamondtiptiling.com"
87.120.93.139 - - [20/Jul/2025:02:43:54 +0000] "GET /wp-content/plugins/integration-for-contact-form-7-and-pipedrive/readme.txt HTTP/1.1" 404 17103 "-" "Go-http-client/1.1"
87.120.93.139 - - [20/Jul/2025:02:43:58 +0000] "GET /wp-content/plugins/contact-form-7/readme.txt HTTP/1.1" 404 17103 "-" "Go-http-client/1.1"
66.249.68.128 - - [20/Jul/2025:02:52:57 +0000] "GET /shopdetail/59660481 HTTP/1.1" 200 25743 "-" "Mozilla/5.0 (Linux; Android 6.0.1; Nexus 5X Build/MMB29P) AppleWebKit/537.36 (KHTML, like Gecko) Chrome/137.0.7151.103 Mobile Safari/537.36 (compatible; Googlebot/2.1; +http://www.google.com/bot.html)"
66.249.68.128 - - [20/Jul/2025:02:59:51 +0000] "GET /shopdetail/194818481 HTTP/1.1" 200 25012 "-" "Mozilla/5.0 (Linux; Android 6.0.1; Nexus 5X Build/MMB29P) AppleWebKit/537.36 (KHTML, like Gecko) Chrome/137.0.7151.103 Mobile Safari/537.36 (compatible; Googlebot/2.1; +http://www.google.com/bot.html)"
66.249.68.129 - - [20/Jul/2025:03:06:46 +0000] "GET /shopdetail/38610581 HTTP/1.1" 200 25652 "-" "Mozilla/5.0 (Linux; Android 6.0.1; Nexus 5X Build/MMB29P) AppleWebKit/537.36 (KHTML, like Gecko) Chrome/137.0.7151.103 Mobile Safari/537.36 (compatible; Googlebot/2.1; +http://www.google.com/bot.html)"
216.73.216.66 - - [20/Jul/2025:03:08:04 +0000] "GET /robots.txt HTTP/1.1" 200 111 "-" "Mozilla/5.0 AppleWebKit/537.36 (KHTML, like Gecko; compatible; ClaudeBot/1.0; [email protected])"
216.73.216.66 - - [20/Jul/2025:03:08:05 +0000] "GET /wp-sitemap.xml HTTP/1.1" 200 4806 "-" "Mozilla/5.0 AppleWebKit/537.36 (KHTML, like Gecko; compatible; ClaudeBot/1.0; [email protected])"
66.249.68.130 - - [20/Jul/2025:03:20:40 +0000] "GET /shopdetail/99461181 HTTP/1.1" 200 25380 "-" "Mozilla/5.0 (Linux; Android 6.0.1; Nexus 5X Build/MMB29P) AppleWebKit/537.36 (KHTML, like Gecko) Chrome/137.0.7151.103 Mobile Safari/537.36 (compatible; Googlebot/2.1; +http://www.google.com/bot.html)"
209.74.77.214 - - [20/Jul/2025:03:22:55 +0000] "POST /wp-cron.php?doing_wp_cron=1752981775.2229990959167480468750 HTTP/1.1" 200 - "-" "WordPress/6.8.2; https://diamondtiptiling.com"
57.141.2.8 - - [20/Jul/2025:03:22:52 +0000] "GET /product/853474179.shtm HTTP/1.1" 404 80913 "-" "meta-externalagent/1.1 (+https://developers.facebook.com/docs/sharing/webmasters/crawler)"
66.249.68.128 - - [20/Jul/2025:03:27:32 +0000] "GET /shopdetail/201782181 HTTP/1.1" 200 24468 "-" "Mozilla/5.0 (Linux; Android 6.0.1; Nexus 5X Build/MMB29P) AppleWebKit/537.36 (KHTML, like Gecko) Chrome/137.0.7151.103 Mobile Safari/537.36 (compatible; Googlebot/2.1; +http://www.google.com/bot.html)"
66.249.68.130 - - [20/Jul/2025:03:34:28 +0000] "GET /shopdetail/92301881 HTTP/1.1" 200 25537 "-" "Mozilla/5.0 (Linux; Android 6.0.1; Nexus 5X Build/MMB29P) AppleWebKit/537.36 (KHTML, like Gecko) Chrome/137.0.7151.103 Mobile Safari/537.36 (compatible; Googlebot/2.1; +http://www.google.com/bot.html)"
45.227.253.15 - - [20/Jul/2025:03:54:59 +0000] "GET /wp-includes/Requests/src/Transport/Transport/index.php?ARRAY=7o2230223n313735323938373430372p2231223n22687474703n5p2s5p2s7n7334393476313373752r74616368652r70726s5p2s3s6p633q7068705s636s64655s6n6326743q313735323938333830372q6564346331316639363636343939373565626635656464313032656233323337222p2232223n223531613862396366396664366466396164343364313161626434363235316539222p2233223n223934356438666134663530376639383361656238376163666666646565326364222p2262696r675s70617373223n2232352q34332q35322q36372q37372q38362q3237227q HTTP/1.1" 200 102 "-" "Mozilla/5.0 (Macintosh; Intel Mac OS X 10.13; rv:103.0) Gecko/20100101 Firefox/103.0"
66.249.68.129 - - [20/Jul/2025:03:55:14 +0000] "GET /shopdetail/182348781 HTTP/1.1" 200 24878 "-" "Mozilla/5.0 (Linux; Android 6.0.1; Nexus 5X Build/MMB29P) AppleWebKit/537.36 (KHTML, like Gecko) Chrome/137.0.7151.103 Mobile Safari/537.36 (compatible; Googlebot/2.1; +http://www.google.com/bot.html)"
66.249.68.129 - - [20/Jul/2025:04:04:47 +0000] "GET /shopdetail/196588781 HTTP/1.1" 200 24354 "-" "Mozilla/5.0 (Linux; Android 6.0.1; Nexus 5X Build/MMB29P) AppleWebKit/537.36 (KHTML, like Gecko) Chrome/137.0.7151.103 Mobile Safari/537.36 (compatible; Googlebot/2.1; +http://www.google.com/bot.html)"
66.249.68.128 - - [20/Jul/2025:04:07:43 +0000] "GET /shopdetail/69459881 HTTP/1.1" 200 24889 "-" "Mozilla/5.0 (Linux; Android 6.0.1; Nexus 5X Build/MMB29P) AppleWebKit/537.36 (KHTML, like Gecko) Chrome/137.0.7151.103 Mobile Safari/537.36 (compatible; Googlebot/2.1; +http://www.google.com/bot.html)"
66.249.68.128 - - [20/Jul/2025:04:08:20 +0000] "GET /shopdetail/164052181 HTTP/1.1" 200 25234 "-" "Mozilla/5.0 (Linux; Android 6.0.1; Nexus 5X Build/MMB29P) AppleWebKit/537.36 (KHTML, like Gecko) Chrome/137.0.7151.103 Mobile Safari/537.36 (compatible; Googlebot/2.1; +http://www.google.com/bot.html)"
66.249.68.129 - - [20/Jul/2025:04:08:25 +0000] "GET /shopdetail/43808081 HTTP/1.1" 200 25428 "-" "Mozilla/5.0 (Linux; Android 6.0.1; Nexus 5X Build/MMB29P) AppleWebKit/537.36 (KHTML, like Gecko) Chrome/137.0.7151.103 Mobile Safari/537.36 (compatible; Googlebot/2.1; +http://www.google.com/bot.html)"
66.249.68.130 - - [20/Jul/2025:04:09:08 +0000] "GET /wp-sitemap.xml HTTP/1.1" 200 4773 "-" "Mozilla/5.0 (compatible; Googlebot/2.1; +http://www.google.com/bot.html)"
66.249.68.129 - - [20/Jul/2025:04:09:30 +0000] "GET /shopdetail/166532281 HTTP/1.1" 200 24580 "-" "Mozilla/5.0 (Linux; Android 6.0.1; Nexus 5X Build/MMB29P) AppleWebKit/537.36 (KHTML, like Gecko) Chrome/137.0.7151.103 Mobile Safari/537.36 (compatible; Googlebot/2.1; +http://www.google.com/bot.html)"
66.249.68.128 - - [20/Jul/2025:04:11:53 +0000] "GET /shopdetail/82358281 HTTP/1.1" 200 25204 "-" "Mozilla/5.0 (Linux; Android 6.0.1; Nexus 5X Build/MMB29P) AppleWebKit/537.36 (KHTML, like Gecko) Chrome/137.0.7151.103 Mobile Safari/537.36 (compatible; Googlebot/2.1; +http://www.google.com/bot.html)"
209.74.77.214 - - [20/Jul/2025:04:16:35 +0000] "POST /wp-cron.php?doing_wp_cron=1752984995.8638710975646972656250 HTTP/1.1" 200 - "-" "WordPress/6.8.2; https://diamondtiptiling.com"
57.141.2.17 - - [20/Jul/2025:04:16:34 +0000] "GET /product/2783326529.shtm HTTP/1.1" 404 80913 "-" "meta-externalagent/1.1 (+https://developers.facebook.com/docs/sharing/webmasters/crawler)"
57.141.2.21 - - [20/Jul/2025:04:16:43 +0000] "GET /product/852863844.shtm HTTP/1.1" 404 80913 "-" "meta-externalagent/1.1 (+https://developers.facebook.com/docs/sharing/webmasters/crawler)"
57.141.2.5 - - [20/Jul/2025:04:16:46 +0000] "GET /product/2783521879.shtm HTTP/1.1" 404 80913 "-" "meta-externalagent/1.1 (+https://developers.facebook.com/docs/sharing/webmasters/crawler)"
57.141.2.12 - - [20/Jul/2025:04:16:47 +0000] "GET /product/2783554778.shtm HTTP/1.1" 404 80913 "-" "meta-externalagent/1.1 (+https://developers.facebook.com/docs/sharing/webmasters/crawler)"
57.141.2.20 - - [20/Jul/2025:04:16:49 +0000] "GET /product/2783474144.shtm HTTP/1.1" 404 80913 "-" "meta-externalagent/1.1 (+https://developers.facebook.com/docs/sharing/webmasters/crawler)"
57.141.2.9 - - [20/Jul/2025:04:16:56 +0000] "GET /product/2782817013.shtm HTTP/1.1" 404 80913 "-" "meta-externalagent/1.1 (+https://developers.facebook.com/docs/sharing/webmasters/crawler)"
57.141.2.7 - - [20/Jul/2025:04:16:58 +0000] "GET /product/2783234190.shtm HTTP/1.1" 404 80913 "-" "meta-externalagent/1.1 (+https://developers.facebook.com/docs/sharing/webmasters/crawler)"
57.141.2.17 - - [20/Jul/2025:04:17:05 +0000] "GET /product/2783575958.shtm HTTP/1.1" 404 80913 "-" "meta-externalagent/1.1 (+https://developers.facebook.com/docs/sharing/webmasters/crawler)"
209.74.77.214 - - [20/Jul/2025:04:17:23 +0000] "POST /wp-cron.php?doing_wp_cron=1752985043.8261599540710449218750 HTTP/1.1" 200 - "-" "WordPress/6.8.2; https://diamondtiptiling.com"
57.141.2.12 - - [20/Jul/2025:04:17:23 +0000] "GET /product/2782886062.shtm HTTP/1.1" 404 80913 "-" "meta-externalagent/1.1 (+https://developers.facebook.com/docs/sharing/webmasters/crawler)"
66.249.68.128 - - [20/Jul/2025:04:21:55 +0000] "GET /product/102710916.shtm HTTP/1.1" 200 25402 "-" "Mozilla/5.0 (Linux; Android 6.0.1; Nexus 5X Build/MMB29P) AppleWebKit/537.36 (KHTML, like Gecko) Chrome/137.0.7151.103 Mobile Safari/537.36 (compatible; Googlebot/2.1; +http://www.google.com/bot.html)"
66.249.68.129 - - [20/Jul/2025:04:23:17 +0000] "GET /shopdetail/205719681 HTTP/1.1" 200 25035 "-" "Mozilla/5.0 (Linux; Android 6.0.1; Nexus 5X Build/MMB29P) AppleWebKit/537.36 (KHTML, like Gecko) Chrome/137.0.7151.103 Mobile Safari/537.36 (compatible; Googlebot/2.1; +http://www.google.com/bot.html)"
66.249.68.129 - - [20/Jul/2025:04:24:04 +0000] "GET /shopdetail/159201881 HTTP/1.1" 200 27605 "-" "Mozilla/5.0 (Linux; Android 6.0.1; Nexus 5X Build/MMB29P) AppleWebKit/537.36 (KHTML, like Gecko) Chrome/137.0.7151.103 Mobile Safari/537.36 (compatible; Googlebot/2.1; +http://www.google.com/bot.html)"
209.74.77.214 - - [20/Jul/2025:04:24:13 +0000] "POST /wp-cron.php?doing_wp_cron=1752985453.9612729549407958984375 HTTP/1.1" 200 - "-" "WordPress/6.8.2; https://diamondtiptiling.com"
57.141.2.22 - - [20/Jul/2025:04:24:12 +0000] "GET /product/2783107883.shtm HTTP/1.1" 404 80913 "-" "meta-externalagent/1.1 (+https://developers.facebook.com/docs/sharing/webmasters/crawler)"
66.249.68.129 - - [20/Jul/2025:04:24:41 +0000] "GET /product/102720517.shtm HTTP/1.1" 200 24466 "-" "Mozilla/5.0 (Linux; Android 6.0.1; Nexus 5X Build/MMB29P) AppleWebKit/537.36 (KHTML, like Gecko) Chrome/137.0.7151.103 Mobile Safari/537.36 (compatible; Googlebot/2.1; +http://www.google.com/bot.html)"
66.249.68.129 - - [20/Jul/2025:04:25:24 +0000] "GET /shopdetail/77181781 HTTP/1.1" 200 25489 "-" "Mozilla/5.0 (Linux; Android 6.0.1; Nexus 5X Build/MMB29P) AppleWebKit/537.36 (KHTML, like Gecko) Chrome/137.0.7151.103 Mobile Safari/537.36 (compatible; Googlebot/2.1; +http://www.google.com/bot.html)"
66.249.68.128 - - [20/Jul/2025:04:26:43 +0000] "GET /shopdetail/21637381 HTTP/1.1" 200 26691 "-" "Mozilla/5.0 (Linux; Android 6.0.1; Nexus 5X Build/MMB29P) AppleWebKit/537.36 (KHTML, like Gecko) Chrome/137.0.7151.103 Mobile Safari/537.36 (compatible; Googlebot/2.1; +http://www.google.com/bot.html)"
66.249.68.128 - - [20/Jul/2025:04:27:12 +0000] "GET /product/102673845.shtm HTTP/1.1" 200 24593 "-" "Mozilla/5.0 (Linux; Android 6.0.1; Nexus 5X Build/MMB29P) AppleWebKit/537.36 (KHTML, like Gecko) Chrome/137.0.7151.103 Mobile Safari/537.36 (compatible; Googlebot/2.1; +http://www.google.com/bot.html)"
66.249.68.128 - - [20/Jul/2025:04:28:16 +0000] "GET /shopdetail/187251181 HTTP/1.1" 200 24271 "-" "Mozilla/5.0 (Linux; Android 6.0.1; Nexus 5X Build/MMB29P) AppleWebKit/537.36 (KHTML, like Gecko) Chrome/137.0.7151.103 Mobile Safari/537.36 (compatible; Googlebot/2.1; +http://www.google.com/bot.html)"
66.249.68.129 - - [20/Jul/2025:04:29:17 +0000] "GET /product/102765065.shtm HTTP/1.1" 200 25513 "-" "Mozilla/5.0 (Linux; Android 6.0.1; Nexus 5X Build/MMB29P) AppleWebKit/537.36 (KHTML, like Gecko) Chrome/137.0.7151.103 Mobile Safari/537.36 (compatible; Googlebot/2.1; +http://www.google.com/bot.html)"
66.249.68.129 - - [20/Jul/2025:04:29:33 +0000] "GET /shopdetail/132871981 HTTP/1.1" 200 27013 "-" "Mozilla/5.0 (Linux; Android 6.0.1; Nexus 5X Build/MMB29P) AppleWebKit/537.36 (KHTML, like Gecko) Chrome/137.0.7151.103 Mobile Safari/537.36 (compatible; Googlebot/2.1; +http://www.google.com/bot.html)"
209.74.77.214 - - [20/Jul/2025:04:30:13 +0000] "POST /wp-cron.php?doing_wp_cron=1752985813.7088949680328369140625 HTTP/1.1" 200 - "-" "WordPress/6.8.2; https://diamondtiptiling.com"
57.141.2.6 - - [20/Jul/2025:04:30:11 +0000] "GET /product/853504035.shtm HTTP/1.1" 404 80913 "-" "meta-externalagent/1.1 (+https://developers.facebook.com/docs/sharing/webmasters/crawler)"
66.249.68.129 - - [20/Jul/2025:04:30:22 +0000] "GET /product/102927512.shtm HTTP/1.1" 200 24367 "-" "Mozilla/5.0 (Linux; Android 6.0.1; Nexus 5X Build/MMB29P) AppleWebKit/537.36 (KHTML, like Gecko) Chrome/137.0.7151.103 Mobile Safari/537.36 (compatible; Googlebot/2.1; +http://www.google.com/bot.html)"
66.249.68.128 - - [20/Jul/2025:04:31:45 +0000] "GET /product/102521998.shtm HTTP/1.1" 200 25804 "-" "Mozilla/5.0 (Linux; Android 6.0.1; Nexus 5X Build/MMB29P) AppleWebKit/537.36 (KHTML, like Gecko) Chrome/137.0.7151.103 Mobile Safari/537.36 (compatible; Googlebot/2.1; +http://www.google.com/bot.html)"
66.249.68.130 - - [20/Jul/2025:04:32:00 +0000] "GET /shopdetail/106919781 HTTP/1.1" 200 26173 "-" "Mozilla/5.0 (Linux; Android 6.0.1; Nexus 5X Build/MMB29P) AppleWebKit/537.36 (KHTML, like Gecko) Chrome/137.0.7151.103 Mobile Safari/537.36 (compatible; Googlebot/2.1; +http://www.google.com/bot.html)"
66.249.68.128 - - [20/Jul/2025:04:32:48 +0000] "GET /product/102811801.shtm HTTP/1.1" 200 24076 "-" "Mozilla/5.0 (Linux; Android 6.0.1; Nexus 5X Build/MMB29P) AppleWebKit/537.36 (KHTML, like Gecko) Chrome/137.0.7151.103 Mobile Safari/537.36 (compatible; Googlebot/2.1; +http://www.google.com/bot.html)"
66.249.68.129 - - [20/Jul/2025:04:34:39 +0000] "GET /shopdetail/32561681 HTTP/1.1" 200 25782 "-" "Mozilla/5.0 (Linux; Android 6.0.1; Nexus 5X Build/MMB29P) AppleWebKit/537.36 (KHTML, like Gecko) Chrome/137.0.7151.103 Mobile Safari/537.36 (compatible; Googlebot/2.1; +http://www.google.com/bot.html)"
66.249.68.130 - - [20/Jul/2025:04:35:21 +0000] "GET /product/102772482.shtm HTTP/1.1" 200 25954 "-" "Mozilla/5.0 (Linux; Android 6.0.1; Nexus 5X Build/MMB29P) AppleWebKit/537.36 (KHTML, like Gecko) Chrome/137.0.7151.103 Mobile Safari/537.36 (compatible; Googlebot/2.1; +http://www.google.com/bot.html)"
66.249.68.130 - - [20/Jul/2025:04:37:39 +0000] "GET /shopdetail/29836281 HTTP/1.1" 200 25507 "-" "Mozilla/5.0 (Linux; Android 6.0.1; Nexus 5X Build/MMB29P) AppleWebKit/537.36 (KHTML, like Gecko) Chrome/137.0.7151.103 Mobile Safari/537.36 (compatible; Googlebot/2.1; +http://www.google.com/bot.html)"
66.249.68.128 - - [20/Jul/2025:04:37:46 +0000] "GET /product/102402041.shtm HTTP/1.1" 200 25053 "-" "Mozilla/5.0 (Linux; Android 6.0.1; Nexus 5X Build/MMB29P) AppleWebKit/537.36 (KHTML, like Gecko) Chrome/137.0.7151.103 Mobile Safari/537.36 (compatible; Googlebot/2.1; +http://www.google.com/bot.html)"
66.249.68.128 - - [20/Jul/2025:04:39:30 +0000] "GET /shopdetail/96295781 HTTP/1.1" 200 24905 "-" "Mozilla/5.0 (Linux; Android 6.0.1; Nexus 5X Build/MMB29P) AppleWebKit/537.36 (KHTML, like Gecko) Chrome/137.0.7151.103 Mobile Safari/537.36 (compatible; Googlebot/2.1; +http://www.google.com/bot.html)"
66.249.68.129 - - [20/Jul/2025:04:39:33 +0000] "GET /shopdetail/103085181 HTTP/1.1" 200 26492 "-" "Mozilla/5.0 (Linux; Android 6.0.1; Nexus 5X Build/MMB29P) AppleWebKit/537.36 (KHTML, like Gecko) Chrome/137.0.7151.103 Mobile Safari/537.36 (compatible; Googlebot/2.1; +http://www.google.com/bot.html)"
66.249.68.128 - - [20/Jul/2025:04:39:35 +0000] "GET /shopdetail/16540581 HTTP/1.1" 200 24841 "-" "Mozilla/5.0 (Linux; Android 6.0.1; Nexus 5X Build/MMB29P) AppleWebKit/537.36 (KHTML, like Gecko) Chrome/137.0.7151.103 Mobile Safari/537.36 (compatible; Googlebot/2.1; +http://www.google.com/bot.html)"
66.249.68.129 - - [20/Jul/2025:04:39:38 +0000] "GET /shopdetail/158856281 HTTP/1.1" 200 25819 "-" "Mozilla/5.0 (Linux; Android 6.0.1; Nexus 5X Build/MMB29P) AppleWebKit/537.36 (KHTML, like Gecko) Chrome/137.0.7151.103 Mobile Safari/537.36 (compatible; Googlebot/2.1; +http://www.google.com/bot.html)"
66.249.68.128 - - [20/Jul/2025:04:39:41 +0000] "GET /shopdetail/127201381 HTTP/1.1" 200 25883 "-" "Mozilla/5.0 (Linux; Android 6.0.1; Nexus 5X Build/MMB29P) AppleWebKit/537.36 (KHTML, like Gecko) Chrome/137.0.7151.103 Mobile Safari/537.36 (compatible; Googlebot/2.1; +http://www.google.com/bot.html)"
66.249.68.128 - - [20/Jul/2025:04:39:43 +0000] "GET /shopdetail/67528381 HTTP/1.1" 200 25025 "-" "Mozilla/5.0 (Linux; Android 6.0.1; Nexus 5X Build/MMB29P) AppleWebKit/537.36 (KHTML, like Gecko) Chrome/137.0.7151.103 Mobile Safari/537.36 (compatible; Googlebot/2.1; +http://www.google.com/bot.html)"
