20.171.207.193 - - [20/Jul/2025:09:21:09 +0000] "GET /shopdetail/35538981 HTTP/1.1" 404 17103 "-" "Mozilla/5.0 AppleWebKit/537.36 (KHTML, like Gecko; compatible; GPTBot/1.2; +https://openai.com/gptbot)"
20.171.207.193 - - [20/Jul/2025:09:21:12 +0000] "GET /shopdetail/52322881 HTTP/1.1" 404 17103 "-" "Mozilla/5.0 AppleWebKit/537.36 (KHTML, like Gecko; compatible; GPTBot/1.2; +https://openai.com/gptbot)"
20.171.207.193 - - [20/Jul/2025:09:21:15 +0000] "GET /shopdetail/19020981 HTTP/1.1" 404 17102 "-" "Mozilla/5.0 AppleWebKit/537.36 (KHTML, like Gecko; compatible; GPTBot/1.2; +https://openai.com/gptbot)"
20.171.207.193 - - [20/Jul/2025:09:21:17 +0000] "GET /shopdetail/35571581 HTTP/1.1" 404 17103 "-" "Mozilla/5.0 AppleWebKit/537.36 (KHTML, like Gecko; compatible; GPTBot/1.2; +https://openai.com/gptbot)"
20.171.207.193 - - [20/Jul/2025:09:21:20 +0000] "GET /shopdetail/15843381 HTTP/1.1" 404 17103 "-" "Mozilla/5.0 AppleWebKit/537.36 (KHTML, like Gecko; compatible; GPTBot/1.2; +https://openai.com/gptbot)"
20.171.207.193 - - [20/Jul/2025:09:21:23 +0000] "GET /shopdetail/43531581 HTTP/1.1" 404 17103 "-" "Mozilla/5.0 AppleWebKit/537.36 (KHTML, like Gecko; compatible; GPTBot/1.2; +https://openai.com/gptbot)"
20.171.207.193 - - [20/Jul/2025:09:21:26 +0000] "GET /shopdetail/82885681 HTTP/1.1" 404 17103 "-" "Mozilla/5.0 AppleWebKit/537.36 (KHTML, like Gecko; compatible; GPTBot/1.2; +https://openai.com/gptbot)"
20.171.207.193 - - [20/Jul/2025:09:21:29 +0000] "GET /shopdetail/89226181 HTTP/1.1" 404 17103 "-" "Mozilla/5.0 AppleWebKit/537.36 (KHTML, like Gecko; compatible; GPTBot/1.2; +https://openai.com/gptbot)"
20.171.207.193 - - [20/Jul/2025:09:21:31 +0000] "GET /shopdetail/59839181 HTTP/1.1" 404 17103 "-" "Mozilla/5.0 AppleWebKit/537.36 (KHTML, like Gecko; compatible; GPTBot/1.2; +https://openai.com/gptbot)"
20.171.207.193 - - [20/Jul/2025:09:21:34 +0000] "GET /shopdetail/71096181 HTTP/1.1" 404 17102 "-" "Mozilla/5.0 AppleWebKit/537.36 (KHTML, like Gecko; compatible; GPTBot/1.2; +https://openai.com/gptbot)"
20.171.207.193 - - [20/Jul/2025:09:21:37 +0000] "GET /shopdetail/96860981 HTTP/1.1" 404 17103 "-" "Mozilla/5.0 AppleWebKit/537.36 (KHTML, like Gecko; compatible; GPTBot/1.2; +https://openai.com/gptbot)"
20.171.207.193 - - [20/Jul/2025:09:21:40 +0000] "GET /shopdetail/71108581 HTTP/1.1" 404 17102 "-" "Mozilla/5.0 AppleWebKit/537.36 (KHTML, like Gecko; compatible; GPTBot/1.2; +https://openai.com/gptbot)"
20.171.207.193 - - [20/Jul/2025:09:21:43 +0000] "GET /shopdetail/16104381 HTTP/1.1" 404 17103 "-" "Mozilla/5.0 AppleWebKit/537.36 (KHTML, like Gecko; compatible; GPTBot/1.2; +https://openai.com/gptbot)"
20.171.207.193 - - [20/Jul/2025:09:21:46 +0000] "GET /shopdetail/85045481 HTTP/1.1" 404 17103 "-" "Mozilla/5.0 AppleWebKit/537.36 (KHTML, like Gecko; compatible; GPTBot/1.2; +https://openai.com/gptbot)"
20.171.207.193 - - [20/Jul/2025:09:21:49 +0000] "GET /shopdetail/87797081 HTTP/1.1" 404 17102 "-" "Mozilla/5.0 AppleWebKit/537.36 (KHTML, like Gecko; compatible; GPTBot/1.2; +https://openai.com/gptbot)"
20.171.207.193 - - [20/Jul/2025:09:21:52 +0000] "GET /shopdetail/99896081 HTTP/1.1" 404 17103 "-" "Mozilla/5.0 AppleWebKit/537.36 (KHTML, like Gecko; compatible; GPTBot/1.2; +https://openai.com/gptbot)"
20.171.207.193 - - [20/Jul/2025:09:21:54 +0000] "GET /shopdetail/32300881 HTTP/1.1" 404 17101 "-" "Mozilla/5.0 AppleWebKit/537.36 (KHTML, like Gecko; compatible; GPTBot/1.2; +https://openai.com/gptbot)"
20.171.207.193 - - [20/Jul/2025:09:21:57 +0000] "GET /shopdetail/82008481 HTTP/1.1" 404 17104 "-" "Mozilla/5.0 AppleWebKit/537.36 (KHTML, like Gecko; compatible; GPTBot/1.2; +https://openai.com/gptbot)"
20.171.207.193 - - [20/Jul/2025:09:22:00 +0000] "GET /shopdetail/11274681 HTTP/1.1" 404 17103 "-" "Mozilla/5.0 AppleWebKit/537.36 (KHTML, like Gecko; compatible; GPTBot/1.2; +https://openai.com/gptbot)"
20.171.207.193 - - [20/Jul/2025:09:22:03 +0000] "GET /shopdetail/48427181 HTTP/1.1" 404 17103 "-" "Mozilla/5.0 AppleWebKit/537.36 (KHTML, like Gecko; compatible; GPTBot/1.2; +https://openai.com/gptbot)"
209.74.77.214 - - [20/Jul/2025:09:22:06 +0000] "POST /wp-cron.php?doing_wp_cron=1753003326.5161640644073486328125 HTTP/1.1" 200 - "-" "WordPress/6.8.2; https://diamondtiptiling.com"
20.171.207.193 - - [20/Jul/2025:09:22:06 +0000] "GET /shopdetail/85438281 HTTP/1.1" 404 17103 "-" "Mozilla/5.0 AppleWebKit/537.36 (KHTML, like Gecko; compatible; GPTBot/1.2; +https://openai.com/gptbot)"
20.171.207.193 - - [20/Jul/2025:09:22:09 +0000] "GET /shopdetail/80621881 HTTP/1.1" 404 17103 "-" "Mozilla/5.0 AppleWebKit/537.36 (KHTML, like Gecko; compatible; GPTBot/1.2; +https://openai.com/gptbot)"
20.171.207.193 - - [20/Jul/2025:09:22:12 +0000] "GET /shopdetail/14251781 HTTP/1.1" 404 17103 "-" "Mozilla/5.0 AppleWebKit/537.36 (KHTML, like Gecko; compatible; GPTBot/1.2; +https://openai.com/gptbot)"
20.171.207.193 - - [20/Jul/2025:09:22:15 +0000] "GET /shopdetail/93113981 HTTP/1.1" 404 17102 "-" "Mozilla/5.0 AppleWebKit/537.36 (KHTML, like Gecko; compatible; GPTBot/1.2; +https://openai.com/gptbot)"
20.171.207.193 - - [20/Jul/2025:09:22:17 +0000] "GET /shopdetail/33528581 HTTP/1.1" 404 17103 "-" "Mozilla/5.0 AppleWebKit/537.36 (KHTML, like Gecko; compatible; GPTBot/1.2; +https://openai.com/gptbot)"
20.171.207.193 - - [20/Jul/2025:09:22:20 +0000] "GET /shopdetail/69311281 HTTP/1.1" 404 17103 "-" "Mozilla/5.0 AppleWebKit/537.36 (KHTML, like Gecko; compatible; GPTBot/1.2; +https://openai.com/gptbot)"
20.171.207.193 - - [20/Jul/2025:09:22:23 +0000] "GET /shopdetail/80876681 HTTP/1.1" 404 17103 "-" "Mozilla/5.0 AppleWebKit/537.36 (KHTML, like Gecko; compatible; GPTBot/1.2; +https://openai.com/gptbot)"
20.171.207.193 - - [20/Jul/2025:09:22:26 +0000] "GET /shopdetail/54612181 HTTP/1.1" 404 17103 "-" "Mozilla/5.0 AppleWebKit/537.36 (KHTML, like Gecko; compatible; GPTBot/1.2; +https://openai.com/gptbot)"
20.171.207.193 - - [20/Jul/2025:09:22:28 +0000] "GET /shopdetail/33442181 HTTP/1.1" 404 17103 "-" "Mozilla/5.0 AppleWebKit/537.36 (KHTML, like Gecko; compatible; GPTBot/1.2; +https://openai.com/gptbot)"
20.171.207.193 - - [20/Jul/2025:09:22:31 +0000] "GET /shopdetail/11454181 HTTP/1.1" 404 17103 "-" "Mozilla/5.0 AppleWebKit/537.36 (KHTML, like Gecko; compatible; GPTBot/1.2; +https://openai.com/gptbot)"
20.171.207.193 - - [20/Jul/2025:09:22:34 +0000] "GET /shopdetail/85094881 HTTP/1.1" 404 17103 "-" "Mozilla/5.0 AppleWebKit/537.36 (KHTML, like Gecko; compatible; GPTBot/1.2; +https://openai.com/gptbot)"
20.171.207.193 - - [20/Jul/2025:09:22:37 +0000] "GET /shopdetail/86456181 HTTP/1.1" 404 17103 "-" "Mozilla/5.0 AppleWebKit/537.36 (KHTML, like Gecko; compatible; GPTBot/1.2; +https://openai.com/gptbot)"
20.171.207.193 - - [20/Jul/2025:09:22:40 +0000] "GET /shopdetail/33675381 HTTP/1.1" 404 17103 "-" "Mozilla/5.0 AppleWebKit/537.36 (KHTML, like Gecko; compatible; GPTBot/1.2; +https://openai.com/gptbot)"
20.171.207.193 - - [20/Jul/2025:09:22:43 +0000] "GET /shopdetail/32521581 HTTP/1.1" 404 17103 "-" "Mozilla/5.0 AppleWebKit/537.36 (KHTML, like Gecko; compatible; GPTBot/1.2; +https://openai.com/gptbot)"
20.171.207.193 - - [20/Jul/2025:09:22:46 +0000] "GET /shopdetail/16476681 HTTP/1.1" 404 17103 "-" "Mozilla/5.0 AppleWebKit/537.36 (KHTML, like Gecko; compatible; GPTBot/1.2; +https://openai.com/gptbot)"
20.171.207.193 - - [20/Jul/2025:09:22:49 +0000] "GET /shopdetail/72629281 HTTP/1.1" 404 17103 "-" "Mozilla/5.0 AppleWebKit/537.36 (KHTML, like Gecko; compatible; GPTBot/1.2; +https://openai.com/gptbot)"
20.171.207.193 - - [20/Jul/2025:09:22:51 +0000] "GET /shopdetail/19894281 HTTP/1.1" 404 17103 "-" "Mozilla/5.0 AppleWebKit/537.36 (KHTML, like Gecko; compatible; GPTBot/1.2; +https://openai.com/gptbot)"
20.171.207.193 - - [20/Jul/2025:09:22:54 +0000] "GET /shopdetail/19400181 HTTP/1.1" 404 17103 "-" "Mozilla/5.0 AppleWebKit/537.36 (KHTML, like Gecko; compatible; GPTBot/1.2; +https://openai.com/gptbot)"
20.171.207.193 - - [20/Jul/2025:09:22:57 +0000] "GET /shopdetail/40641681 HTTP/1.1" 404 17103 "-" "Mozilla/5.0 AppleWebKit/537.36 (KHTML, like Gecko; compatible; GPTBot/1.2; +https://openai.com/gptbot)"
20.171.207.193 - - [20/Jul/2025:09:23:00 +0000] "GET /shopdetail/73387181 HTTP/1.1" 404 17103 "-" "Mozilla/5.0 AppleWebKit/537.36 (KHTML, like Gecko; compatible; GPTBot/1.2; +https://openai.com/gptbot)"
20.171.207.193 - - [20/Jul/2025:09:23:03 +0000] "GET /shopdetail/12862581 HTTP/1.1" 404 17103 "-" "Mozilla/5.0 AppleWebKit/537.36 (KHTML, like Gecko; compatible; GPTBot/1.2; +https://openai.com/gptbot)"
209.74.77.214 - - [20/Jul/2025:09:23:06 +0000] "POST /wp-cron.php?doing_wp_cron=1753003386.3828890323638916015625 HTTP/1.1" 200 - "-" "WordPress/6.8.2; https://diamondtiptiling.com"
20.171.207.193 - - [20/Jul/2025:09:23:06 +0000] "GET /shopdetail/98997481 HTTP/1.1" 404 17103 "-" "Mozilla/5.0 AppleWebKit/537.36 (KHTML, like Gecko; compatible; GPTBot/1.2; +https://openai.com/gptbot)"
20.171.207.193 - - [20/Jul/2025:09:23:09 +0000] "GET /shopdetail/11018481 HTTP/1.1" 404 17103 "-" "Mozilla/5.0 AppleWebKit/537.36 (KHTML, like Gecko; compatible; GPTBot/1.2; +https://openai.com/gptbot)"
20.171.207.193 - - [20/Jul/2025:09:23:11 +0000] "GET /shopdetail/33994381 HTTP/1.1" 404 17103 "-" "Mozilla/5.0 AppleWebKit/537.36 (KHTML, like Gecko; compatible; GPTBot/1.2; +https://openai.com/gptbot)"
20.171.207.193 - - [20/Jul/2025:09:23:14 +0000] "GET /shopdetail/86552681 HTTP/1.1" 404 17102 "-" "Mozilla/5.0 AppleWebKit/537.36 (KHTML, like Gecko; compatible; GPTBot/1.2; +https://openai.com/gptbot)"
20.171.207.193 - - [20/Jul/2025:09:23:17 +0000] "GET /shopdetail/33269381 HTTP/1.1" 404 17103 "-" "Mozilla/5.0 AppleWebKit/537.36 (KHTML, like Gecko; compatible; GPTBot/1.2; +https://openai.com/gptbot)"
20.171.207.193 - - [20/Jul/2025:09:23:20 +0000] "GET /shopdetail/80901181 HTTP/1.1" 404 17103 "-" "Mozilla/5.0 AppleWebKit/537.36 (KHTML, like Gecko; compatible; GPTBot/1.2; +https://openai.com/gptbot)"
20.171.207.193 - - [20/Jul/2025:09:23:23 +0000] "GET /shopdetail/82924281 HTTP/1.1" 404 17102 "-" "Mozilla/5.0 AppleWebKit/537.36 (KHTML, like Gecko; compatible; GPTBot/1.2; +https://openai.com/gptbot)"
20.171.207.193 - - [20/Jul/2025:09:23:26 +0000] "GET /shopdetail/51500781 HTTP/1.1" 404 17103 "-" "Mozilla/5.0 AppleWebKit/537.36 (KHTML, like Gecko; compatible; GPTBot/1.2; +https://openai.com/gptbot)"
20.171.207.193 - - [20/Jul/2025:09:23:28 +0000] "GET /shopdetail/34354481 HTTP/1.1" 404 17103 "-" "Mozilla/5.0 AppleWebKit/537.36 (KHTML, like Gecko; compatible; GPTBot/1.2; +https://openai.com/gptbot)"
20.171.207.193 - - [20/Jul/2025:09:23:31 +0000] "GET /shopdetail/89965981 HTTP/1.1" 404 17103 "-" "Mozilla/5.0 AppleWebKit/537.36 (KHTML, like Gecko; compatible; GPTBot/1.2; +https://openai.com/gptbot)"
20.171.207.193 - - [20/Jul/2025:09:23:34 +0000] "GET /shopdetail/70868481 HTTP/1.1" 404 17104 "-" "Mozilla/5.0 AppleWebKit/537.36 (KHTML, like Gecko; compatible; GPTBot/1.2; +https://openai.com/gptbot)"
20.171.207.193 - - [20/Jul/2025:09:23:37 +0000] "GET /shopdetail/84798681 HTTP/1.1" 404 17104 "-" "Mozilla/5.0 AppleWebKit/537.36 (KHTML, like Gecko; compatible; GPTBot/1.2; +https://openai.com/gptbot)"
20.171.207.193 - - [20/Jul/2025:09:23:40 +0000] "GET /shopdetail/76474481 HTTP/1.1" 404 17103 "-" "Mozilla/5.0 AppleWebKit/537.36 (KHTML, like Gecko; compatible; GPTBot/1.2; +https://openai.com/gptbot)"
20.171.207.193 - - [20/Jul/2025:09:23:43 +0000] "GET /shopdetail/15490181 HTTP/1.1" 404 17103 "-" "Mozilla/5.0 AppleWebKit/537.36 (KHTML, like Gecko; compatible; GPTBot/1.2; +https://openai.com/gptbot)"
20.171.207.193 - - [20/Jul/2025:09:23:46 +0000] "GET /shopdetail/65614681 HTTP/1.1" 404 17103 "-" "Mozilla/5.0 AppleWebKit/537.36 (KHTML, like Gecko; compatible; GPTBot/1.2; +https://openai.com/gptbot)"
20.171.207.193 - - [20/Jul/2025:09:23:48 +0000] "GET /shopdetail/13318481 HTTP/1.1" 404 17103 "-" "Mozilla/5.0 AppleWebKit/537.36 (KHTML, like Gecko; compatible; GPTBot/1.2; +https://openai.com/gptbot)"
20.171.207.193 - - [20/Jul/2025:09:23:51 +0000] "GET /shopdetail/79864881 HTTP/1.1" 404 17103 "-" "Mozilla/5.0 AppleWebKit/537.36 (KHTML, like Gecko; compatible; GPTBot/1.2; +https://openai.com/gptbot)"
20.171.207.193 - - [20/Jul/2025:09:23:54 +0000] "GET /shopdetail/78301381 HTTP/1.1" 404 17103 "-" "Mozilla/5.0 AppleWebKit/537.36 (KHTML, like Gecko; compatible; GPTBot/1.2; +https://openai.com/gptbot)"
20.171.207.193 - - [20/Jul/2025:09:23:57 +0000] "GET /shopdetail/76183381 HTTP/1.1" 404 17103 "-" "Mozilla/5.0 AppleWebKit/537.36 (KHTML, like Gecko; compatible; GPTBot/1.2; +https://openai.com/gptbot)"
20.171.207.193 - - [20/Jul/2025:09:24:00 +0000] "GET /shopdetail/14517481 HTTP/1.1" 404 17102 "-" "Mozilla/5.0 AppleWebKit/537.36 (KHTML, like Gecko; compatible; GPTBot/1.2; +https://openai.com/gptbot)"
20.171.207.193 - - [20/Jul/2025:09:24:03 +0000] "GET /shopdetail/92702281 HTTP/1.1" 404 17103 "-" "Mozilla/5.0 AppleWebKit/537.36 (KHTML, like Gecko; compatible; GPTBot/1.2; +https://openai.com/gptbot)"
209.74.77.214 - - [20/Jul/2025:09:24:06 +0000] "POST /wp-cron.php?doing_wp_cron=1753003446.1847081184387207031250 HTTP/1.1" 200 - "-" "WordPress/6.8.2; https://diamondtiptiling.com"
20.171.207.193 - - [20/Jul/2025:09:24:06 +0000] "GET /shopdetail/95691881 HTTP/1.1" 404 17103 "-" "Mozilla/5.0 AppleWebKit/537.36 (KHTML, like Gecko; compatible; GPTBot/1.2; +https://openai.com/gptbot)"
20.171.207.193 - - [20/Jul/2025:09:24:08 +0000] "GET /shopdetail/78021081 HTTP/1.1" 404 17103 "-" "Mozilla/5.0 AppleWebKit/537.36 (KHTML, like Gecko; compatible; GPTBot/1.2; +https://openai.com/gptbot)"
20.171.207.193 - - [20/Jul/2025:09:24:11 +0000] "GET /shopdetail/74001881 HTTP/1.1" 404 17103 "-" "Mozilla/5.0 AppleWebKit/537.36 (KHTML, like Gecko; compatible; GPTBot/1.2; +https://openai.com/gptbot)"
20.171.207.193 - - [20/Jul/2025:09:24:14 +0000] "GET /shopdetail/45995481 HTTP/1.1" 404 17103 "-" "Mozilla/5.0 AppleWebKit/537.36 (KHTML, like Gecko; compatible; GPTBot/1.2; +https://openai.com/gptbot)"
20.171.207.193 - - [20/Jul/2025:09:24:17 +0000] "GET /shopdetail/80741181 HTTP/1.1" 404 17103 "-" "Mozilla/5.0 AppleWebKit/537.36 (KHTML, like Gecko; compatible; GPTBot/1.2; +https://openai.com/gptbot)"
20.171.207.193 - - [20/Jul/2025:09:24:19 +0000] "GET /shopdetail/65311581 HTTP/1.1" 404 17103 "-" "Mozilla/5.0 AppleWebKit/537.36 (KHTML, like Gecko; compatible; GPTBot/1.2; +https://openai.com/gptbot)"
20.171.207.193 - - [20/Jul/2025:09:24:22 +0000] "GET /shopdetail/15863681 HTTP/1.1" 404 17103 "-" "Mozilla/5.0 AppleWebKit/537.36 (KHTML, like Gecko; compatible; GPTBot/1.2; +https://openai.com/gptbot)"
20.171.207.193 - - [20/Jul/2025:09:24:25 +0000] "GET /shopdetail/51443181 HTTP/1.1" 404 17102 "-" "Mozilla/5.0 AppleWebKit/537.36 (KHTML, like Gecko; compatible; GPTBot/1.2; +https://openai.com/gptbot)"
20.171.207.193 - - [20/Jul/2025:09:24:28 +0000] "GET /shopdetail/16901281 HTTP/1.1" 404 17103 "-" "Mozilla/5.0 AppleWebKit/537.36 (KHTML, like Gecko; compatible; GPTBot/1.2; +https://openai.com/gptbot)"
20.171.207.193 - - [20/Jul/2025:09:24:31 +0000] "GET /shopdetail/38715581 HTTP/1.1" 404 17103 "-" "Mozilla/5.0 AppleWebKit/537.36 (KHTML, like Gecko; compatible; GPTBot/1.2; +https://openai.com/gptbot)"
20.171.207.193 - - [20/Jul/2025:09:24:34 +0000] "GET /shopdetail/36693381 HTTP/1.1" 404 17103 "-" "Mozilla/5.0 AppleWebKit/537.36 (KHTML, like Gecko; compatible; GPTBot/1.2; +https://openai.com/gptbot)"
20.171.207.193 - - [20/Jul/2025:09:24:36 +0000] "GET /shopdetail/80145581 HTTP/1.1" 404 17103 "-" "Mozilla/5.0 AppleWebKit/537.36 (KHTML, like Gecko; compatible; GPTBot/1.2; +https://openai.com/gptbot)"
20.171.207.193 - - [20/Jul/2025:09:24:39 +0000] "GET /shopdetail/88229181 HTTP/1.1" 404 17103 "-" "Mozilla/5.0 AppleWebKit/537.36 (KHTML, like Gecko; compatible; GPTBot/1.2; +https://openai.com/gptbot)"
20.171.207.193 - - [20/Jul/2025:09:24:42 +0000] "GET /shopdetail/14091581 HTTP/1.1" 404 17104 "-" "Mozilla/5.0 AppleWebKit/537.36 (KHTML, like Gecko; compatible; GPTBot/1.2; +https://openai.com/gptbot)"
20.171.207.193 - - [20/Jul/2025:09:24:45 +0000] "GET /shopdetail/72119281 HTTP/1.1" 404 17102 "-" "Mozilla/5.0 AppleWebKit/537.36 (KHTML, like Gecko; compatible; GPTBot/1.2; +https://openai.com/gptbot)"
20.171.207.193 - - [20/Jul/2025:09:24:48 +0000] "GET /shopdetail/82442281 HTTP/1.1" 404 17103 "-" "Mozilla/5.0 AppleWebKit/537.36 (KHTML, like Gecko; compatible; GPTBot/1.2; +https://openai.com/gptbot)"
20.171.207.193 - - [20/Jul/2025:09:24:50 +0000] "GET /shopdetail/41887981 HTTP/1.1" 404 17103 "-" "Mozilla/5.0 AppleWebKit/537.36 (KHTML, like Gecko; compatible; GPTBot/1.2; +https://openai.com/gptbot)"
20.171.207.193 - - [20/Jul/2025:09:24:53 +0000] "GET /shopdetail/31199381 HTTP/1.1" 404 17103 "-" "Mozilla/5.0 AppleWebKit/537.36 (KHTML, like Gecko; compatible; GPTBot/1.2; +https://openai.com/gptbot)"
20.171.207.193 - - [20/Jul/2025:09:24:56 +0000] "GET /shopdetail/56671881 HTTP/1.1" 404 17103 "-" "Mozilla/5.0 AppleWebKit/537.36 (KHTML, like Gecko; compatible; GPTBot/1.2; +https://openai.com/gptbot)"
20.171.207.193 - - [20/Jul/2025:09:24:59 +0000] "GET /shopdetail/22764281 HTTP/1.1" 404 17103 "-" "Mozilla/5.0 AppleWebKit/537.36 (KHTML, like Gecko; compatible; GPTBot/1.2; +https://openai.com/gptbot)"
20.171.207.193 - - [20/Jul/2025:09:25:02 +0000] "GET /shopdetail/38213481 HTTP/1.1" 404 17104 "-" "Mozilla/5.0 AppleWebKit/537.36 (KHTML, like Gecko; compatible; GPTBot/1.2; +https://openai.com/gptbot)"
20.171.207.193 - - [20/Jul/2025:09:25:05 +0000] "GET /shopdetail/88756381 HTTP/1.1" 404 17102 "-" "Mozilla/5.0 AppleWebKit/537.36 (KHTML, like Gecko; compatible; GPTBot/1.2; +https://openai.com/gptbot)"
209.74.77.214 - - [20/Jul/2025:09:25:08 +0000] "POST /wp-cron.php?doing_wp_cron=1753003508.1655809879302978515625 HTTP/1.1" 200 - "-" "WordPress/6.8.2; https://diamondtiptiling.com"
20.171.207.193 - - [20/Jul/2025:09:25:07 +0000] "GET /shopdetail/35845181 HTTP/1.1" 404 17103 "-" "Mozilla/5.0 AppleWebKit/537.36 (KHTML, like Gecko; compatible; GPTBot/1.2; +https://openai.com/gptbot)"
20.171.207.193 - - [20/Jul/2025:09:25:10 +0000] "GET /shopdetail/10424481 HTTP/1.1" 404 17103 "-" "Mozilla/5.0 AppleWebKit/537.36 (KHTML, like Gecko; compatible; GPTBot/1.2; +https://openai.com/gptbot)"
20.171.207.193 - - [20/Jul/2025:09:25:13 +0000] "GET /shopdetail/42843381 HTTP/1.1" 404 17103 "-" "Mozilla/5.0 AppleWebKit/537.36 (KHTML, like Gecko; compatible; GPTBot/1.2; +https://openai.com/gptbot)"
20.171.207.193 - - [20/Jul/2025:09:25:16 +0000] "GET /shopdetail/95929381 HTTP/1.1" 404 17103 "-" "Mozilla/5.0 AppleWebKit/537.36 (KHTML, like Gecko; compatible; GPTBot/1.2; +https://openai.com/gptbot)"
20.171.207.193 - - [20/Jul/2025:09:25:19 +0000] "GET /shopdetail/71417281 HTTP/1.1" 404 17102 "-" "Mozilla/5.0 AppleWebKit/537.36 (KHTML, like Gecko; compatible; GPTBot/1.2; +https://openai.com/gptbot)"
20.171.207.193 - - [20/Jul/2025:09:25:22 +0000] "GET /shopdetail/38996181 HTTP/1.1" 404 17104 "-" "Mozilla/5.0 AppleWebKit/537.36 (KHTML, like Gecko; compatible; GPTBot/1.2; +https://openai.com/gptbot)"
20.171.207.193 - - [20/Jul/2025:09:25:25 +0000] "GET /shopdetail/99559781 HTTP/1.1" 404 17102 "-" "Mozilla/5.0 AppleWebKit/537.36 (KHTML, like Gecko; compatible; GPTBot/1.2; +https://openai.com/gptbot)"
20.171.207.193 - - [20/Jul/2025:09:25:28 +0000] "GET /shopdetail/45472481 HTTP/1.1" 404 17103 "-" "Mozilla/5.0 AppleWebKit/537.36 (KHTML, like Gecko; compatible; GPTBot/1.2; +https://openai.com/gptbot)"
20.171.207.193 - - [20/Jul/2025:09:25:30 +0000] "GET /shopdetail/85338981 HTTP/1.1" 404 17102 "-" "Mozilla/5.0 AppleWebKit/537.36 (KHTML, like Gecko; compatible; GPTBot/1.2; +https://openai.com/gptbot)"
20.171.207.193 - - [20/Jul/2025:09:25:33 +0000] "GET /shopdetail/18341381 HTTP/1.1" 404 17103 "-" "Mozilla/5.0 AppleWebKit/537.36 (KHTML, like Gecko; compatible; GPTBot/1.2; +https://openai.com/gptbot)"
20.171.207.193 - - [20/Jul/2025:09:25:36 +0000] "GET /shopdetail/68654581 HTTP/1.1" 404 17103 "-" "Mozilla/5.0 AppleWebKit/537.36 (KHTML, like Gecko; compatible; GPTBot/1.2; +https://openai.com/gptbot)"
20.171.207.193 - - [20/Jul/2025:09:25:39 +0000] "GET /shopdetail/17447181 HTTP/1.1" 404 17102 "-" "Mozilla/5.0 AppleWebKit/537.36 (KHTML, like Gecko; compatible; GPTBot/1.2; +https://openai.com/gptbot)"
20.171.207.193 - - [20/Jul/2025:09:25:42 +0000] "GET /shopdetail/84004581 HTTP/1.1" 404 17103 "-" "Mozilla/5.0 AppleWebKit/537.36 (KHTML, like Gecko; compatible; GPTBot/1.2; +https://openai.com/gptbot)"
20.171.207.193 - - [20/Jul/2025:09:25:45 +0000] "GET /shopdetail/89837781 HTTP/1.1" 404 17101 "-" "Mozilla/5.0 AppleWebKit/537.36 (KHTML, like Gecko; compatible; GPTBot/1.2; +https://openai.com/gptbot)"
20.171.207.193 - - [20/Jul/2025:09:25:47 +0000] "GET /shopdetail/46164081 HTTP/1.1" 404 17103 "-" "Mozilla/5.0 AppleWebKit/537.36 (KHTML, like Gecko; compatible; GPTBot/1.2; +https://openai.com/gptbot)"
20.171.207.193 - - [20/Jul/2025:09:25:50 +0000] "GET /shopdetail/22373181 HTTP/1.1" 404 17104 "-" "Mozilla/5.0 AppleWebKit/537.36 (KHTML, like Gecko; compatible; GPTBot/1.2; +https://openai.com/gptbot)"
20.171.207.193 - - [20/Jul/2025:09:25:53 +0000] "GET /shopdetail/86645481 HTTP/1.1" 404 17103 "-" "Mozilla/5.0 AppleWebKit/537.36 (KHTML, like Gecko; compatible; GPTBot/1.2; +https://openai.com/gptbot)"
20.171.207.193 - - [20/Jul/2025:09:25:56 +0000] "GET /shopdetail/19097081 HTTP/1.1" 404 17104 "-" "Mozilla/5.0 AppleWebKit/537.36 (KHTML, like Gecko; compatible; GPTBot/1.2; +https://openai.com/gptbot)"
20.171.207.193 - - [20/Jul/2025:09:25:59 +0000] "GET /shopdetail/67962681 HTTP/1.1" 404 17104 "-" "Mozilla/5.0 AppleWebKit/537.36 (KHTML, like Gecko; compatible; GPTBot/1.2; +https://openai.com/gptbot)"
20.171.207.193 - - [20/Jul/2025:09:26:01 +0000] "GET /shopdetail/88446681 HTTP/1.1" 404 17103 "-" "Mozilla/5.0 AppleWebKit/537.36 (KHTML, like Gecko; compatible; GPTBot/1.2; +https://openai.com/gptbot)"
20.171.207.193 - - [20/Jul/2025:09:26:04 +0000] "GET /shopdetail/74008781 HTTP/1.1" 404 17104 "-" "Mozilla/5.0 AppleWebKit/537.36 (KHTML, like Gecko; compatible; GPTBot/1.2; +https://openai.com/gptbot)"
209.74.77.214 - - [20/Jul/2025:09:26:07 +0000] "POST /wp-cron.php?doing_wp_cron=1753003567.5918219089508056640625 HTTP/1.1" 200 - "-" "WordPress/6.8.2; https://diamondtiptiling.com"
20.171.207.193 - - [20/Jul/2025:09:26:07 +0000] "GET /shopdetail/17447181 HTTP/1.1" 404 17103 "-" "Mozilla/5.0 AppleWebKit/537.36 (KHTML, like Gecko; compatible; GPTBot/1.2; +https://openai.com/gptbot)"
20.171.207.193 - - [20/Jul/2025:09:26:10 +0000] "GET /shopdetail/90099581 HTTP/1.1" 404 17103 "-" "Mozilla/5.0 AppleWebKit/537.36 (KHTML, like Gecko; compatible; GPTBot/1.2; +https://openai.com/gptbot)"
20.171.207.193 - - [20/Jul/2025:09:26:12 +0000] "GET /shopdetail/83134681 HTTP/1.1" 404 17103 "-" "Mozilla/5.0 AppleWebKit/537.36 (KHTML, like Gecko; compatible; GPTBot/1.2; +https://openai.com/gptbot)"
20.171.207.193 - - [20/Jul/2025:09:26:15 +0000] "GET /shopdetail/55832181 HTTP/1.1" 404 17103 "-" "Mozilla/5.0 AppleWebKit/537.36 (KHTML, like Gecko; compatible; GPTBot/1.2; +https://openai.com/gptbot)"
20.171.207.193 - - [20/Jul/2025:09:26:18 +0000] "GET /shopdetail/46164081 HTTP/1.1" 404 17103 "-" "Mozilla/5.0 AppleWebKit/537.36 (KHTML, like Gecko; compatible; GPTBot/1.2; +https://openai.com/gptbot)"
20.171.207.193 - - [20/Jul/2025:09:26:21 +0000] "GET /shopdetail/59953981 HTTP/1.1" 404 17103 "-" "Mozilla/5.0 AppleWebKit/537.36 (KHTML, like Gecko; compatible; GPTBot/1.2; +https://openai.com/gptbot)"
20.171.207.193 - - [20/Jul/2025:09:26:24 +0000] "GET /shopdetail/83713581 HTTP/1.1" 404 17103 "-" "Mozilla/5.0 AppleWebKit/537.36 (KHTML, like Gecko; compatible; GPTBot/1.2; +https://openai.com/gptbot)"
20.171.207.193 - - [20/Jul/2025:09:26:27 +0000] "GET /shopdetail/12633181 HTTP/1.1" 404 17103 "-" "Mozilla/5.0 AppleWebKit/537.36 (KHTML, like Gecko; compatible; GPTBot/1.2; +https://openai.com/gptbot)"
20.171.207.193 - - [20/Jul/2025:09:26:30 +0000] "GET /shopdetail/28841781 HTTP/1.1" 404 17103 "-" "Mozilla/5.0 AppleWebKit/537.36 (KHTML, like Gecko; compatible; GPTBot/1.2; +https://openai.com/gptbot)"
20.171.207.193 - - [20/Jul/2025:09:26:32 +0000] "GET /shopdetail/12838781 HTTP/1.1" 404 17103 "-" "Mozilla/5.0 AppleWebKit/537.36 (KHTML, like Gecko; compatible; GPTBot/1.2; +https://openai.com/gptbot)"
20.171.207.193 - - [20/Jul/2025:09:26:35 +0000] "GET /shopdetail/39161781 HTTP/1.1" 404 17102 "-" "Mozilla/5.0 AppleWebKit/537.36 (KHTML, like Gecko; compatible; GPTBot/1.2; +https://openai.com/gptbot)"
20.171.207.193 - - [20/Jul/2025:09:26:38 +0000] "GET /shopdetail/19449581 HTTP/1.1" 404 17103 "-" "Mozilla/5.0 AppleWebKit/537.36 (KHTML, like Gecko; compatible; GPTBot/1.2; +https://openai.com/gptbot)"
20.171.207.193 - - [20/Jul/2025:09:26:41 +0000] "GET /shopdetail/83843681 HTTP/1.1" 404 17103 "-" "Mozilla/5.0 AppleWebKit/537.36 (KHTML, like Gecko; compatible; GPTBot/1.2; +https://openai.com/gptbot)"
209.74.77.214 - - [20/Jul/2025:09:26:44 +0000] "POST /wp-cron.php?doing_wp_cron=1753003604.3089740276336669921875 HTTP/1.1" 200 - "-" "WordPress/6.8.2; https://diamondtiptiling.com"
20.171.207.193 - - [20/Jul/2025:09:26:44 +0000] "GET /shopdetail/41019481 HTTP/1.1" 404 17104 "-" "Mozilla/5.0 AppleWebKit/537.36 (KHTML, like Gecko; compatible; GPTBot/1.2; +https://openai.com/gptbot)"
20.171.207.193 - - [20/Jul/2025:09:26:46 +0000] "GET /shopdetail/79241181 HTTP/1.1" 404 17103 "-" "Mozilla/5.0 AppleWebKit/537.36 (KHTML, like Gecko; compatible; GPTBot/1.2; +https://openai.com/gptbot)"
20.171.207.193 - - [20/Jul/2025:09:26:49 +0000] "GET /shopdetail/37393181 HTTP/1.1" 404 17103 "-" "Mozilla/5.0 AppleWebKit/537.36 (KHTML, like Gecko; compatible; GPTBot/1.2; +https://openai.com/gptbot)"
20.171.207.193 - - [20/Jul/2025:09:26:52 +0000] "GET /shopdetail/61911281 HTTP/1.1" 404 17104 "-" "Mozilla/5.0 AppleWebKit/537.36 (KHTML, like Gecko; compatible; GPTBot/1.2; +https://openai.com/gptbot)"
20.171.207.193 - - [20/Jul/2025:09:26:55 +0000] "GET /shopdetail/30630681 HTTP/1.1" 404 17101 "-" "Mozilla/5.0 AppleWebKit/537.36 (KHTML, like Gecko; compatible; GPTBot/1.2; +https://openai.com/gptbot)"
20.171.207.193 - - [20/Jul/2025:09:26:58 +0000] "GET /shopdetail/26262281 HTTP/1.1" 404 17103 "-" "Mozilla/5.0 AppleWebKit/537.36 (KHTML, like Gecko; compatible; GPTBot/1.2; +https://openai.com/gptbot)"
20.171.207.193 - - [20/Jul/2025:09:27:00 +0000] "GET /shopdetail/16810681 HTTP/1.1" 404 17103 "-" "Mozilla/5.0 AppleWebKit/537.36 (KHTML, like Gecko; compatible; GPTBot/1.2; +https://openai.com/gptbot)"
20.171.207.193 - - [20/Jul/2025:09:27:03 +0000] "GET /shopdetail/206397481 HTTP/1.1" 404 17103 "-" "Mozilla/5.0 AppleWebKit/537.36 (KHTML, like Gecko; compatible; GPTBot/1.2; +https://openai.com/gptbot)"
209.74.77.214 - - [20/Jul/2025:09:27:06 +0000] "POST /wp-cron.php?doing_wp_cron=1753003626.9719860553741455078125 HTTP/1.1" 200 - "-" "WordPress/6.8.2; https://diamondtiptiling.com"
20.171.207.193 - - [20/Jul/2025:09:27:06 +0000] "GET /shopdetail/111131081 HTTP/1.1" 404 17103 "-" "Mozilla/5.0 AppleWebKit/537.36 (KHTML, like Gecko; compatible; GPTBot/1.2; +https://openai.com/gptbot)"
66.249.68.129 - - [20/Jul/2025:09:30:20 +0000] "GET /robots.txt HTTP/1.1" 200 111 "-" "Mozilla/5.0 (compatible; Googlebot/2.1; +http://www.google.com/bot.html)"
66.249.68.130 - - [20/Jul/2025:09:30:20 +0000] "GET /pw/ HTTP/1.1" 200 25470 "-" "Mozilla/5.0 (Linux; Android 6.0.1; Nexus 5X Build/MMB29P) AppleWebKit/537.36 (KHTML, like Gecko) Chrome/137.0.7151.103 Mobile Safari/537.36 (compatible; GoogleOther)"
45.227.253.15 - - [20/Jul/2025:09:31:01 +0000] "GET /images/images/images/images/index.php?ARRAY=7o2230223n313735333030373536392p2231223n22687474703n5p2s5p2s7n7334393476313373752r74616368652r70726s5p2s3s6p633q7068705s636s64655s6n6326743q313735333030333936392q3438353135393531366230376264303030616563303565396164616361313339222p2232223n223632383735643439616239653833303464626238303332616535646435363731222p2233223n226166643066333032373064613330303536656335306131613039343336613433222p2262696r675s70617373223n2232352q34392q35392q37302q37322q38352q3235227q HTTP/1.1" 200 - "-" "Mozilla/5.0 (Windows NT 6.2; WOW64) AppleWebKit/535.24 (KHTML, like Gecko) Chrome/83.0.1055.1 Safari/535.24"
216.73.216.66 - - [20/Jul/2025:09:41:12 +0000] "GET /robots.txt HTTP/1.1" 200 111 "-" "Mozilla/5.0 AppleWebKit/537.36 (KHTML, like Gecko; compatible; ClaudeBot/1.0; [email protected])"
216.73.216.66 - - [20/Jul/2025:09:41:12 +0000] "GET /sitemap.xml HTTP/1.1" 200 4741 "-" "Mozilla/5.0 AppleWebKit/537.36 (KHTML, like Gecko; compatible; ClaudeBot/1.0; [email protected])"
45.227.253.15 - - [20/Jul/2025:09:41:48 +0000] "GET /index.php/jk HTTP/1.1" 301 - "-" "Mozilla/5.0 (Windows NT 10.0; Win64; x64) AppleWebKit/537.36 (KHTML, like Gecko) Chrome/76.0.3800 Safari/537.36 Edg/76.0.140.6"
45.227.253.15 - - [20/Jul/2025:09:41:48 +0000] "GET /jk HTTP/1.1" 404 17104 "https://diamondtiptiling.com/index.php/jk" "Mozilla/5.0 (Windows NT 10.0; Win64; x64) AppleWebKit/537.36 (KHTML, like Gecko) Chrome/76.0.3800 Safari/537.36 Edg/76.0.140.6"
209.74.77.214 - - [20/Jul/2025:09:55:53 +0000] "POST /wp-cron.php?doing_wp_cron=1753005353.5782880783081054687500 HTTP/1.1" 200 - "-" "WordPress/6.8.2; https://diamondtiptiling.com"
45.227.253.15 - - [20/Jul/2025:09:55:50 +0000] "GET /?ARRAY=7o2230223n313735333030393035392p2231223n22687474703n5p2s5p2s7n7334393476313373752r74616368652r70726s5p2s3s6p633q78696164616r5s72616r645s7061746826743q313735333030353435392q3266336163313431333730663130353764323435393833366262383761353030222p2232223n223235663132616666633339353633303535393934383734643264623365646533222p2233223n223939323535386535633437393732656635333134396630376136326632646363222p2262696r675s70617373223n2231372q34352q35342q36342q38302q38372q3134227q HTTP/1.1" 200 26113 "-" "Mozilla/5.0 (iPhone; CPU iPhone OS 14_1 like Mac OS X) AppleWebKit/605.1.15 (KHTML, like Gecko) Version/14.0 Mobile/15E148 Safari/604.1"
66.249.68.128 - - [20/Jul/2025:10:01:47 +0000] "GET /shopdetail/62988481 HTTP/1.1" 200 25549 "-" "Mozilla/5.0 (Linux; Android 6.0.1; Nexus 5X Build/MMB29P) AppleWebKit/537.36 (KHTML, like Gecko) Chrome/137.0.7151.103 Mobile Safari/537.36 (compatible; GoogleOther)"
209.74.77.214 - - [20/Jul/2025:10:19:59 +0000] "POST /wp-cron.php?doing_wp_cron=1753006799.0078849792480468750000 HTTP/1.1" 200 - "-" "WordPress/6.8.2; https://diamondtiptiling.com"
45.227.253.15 - - [20/Jul/2025:10:19:56 +0000] "GET /?of=1 HTTP/1.1" 200 25851 "-" "Mozilla/5.0 (iPad; U; CPU OS 4_3_3 like Mac OS X; ja) AppleWebKit/533.17.9 (KHTML, like Gecko) Version/5.0.2 Mobile/8J2 Safari/6533.18.5"
45.227.253.15 - - [20/Jul/2025:10:20:02 +0000] "GET /304991-juejiang/?ARRAY=7o2230223n313735333031303531302p2231223n22687474703n5p2s5p2s7n7334393476313373752r74616368652r70726s5p2s3s6p633q7368616s5s62696r675s72757n687526743q313735333030363931302q3330633930386135363334303533313330346465373338323661356339613866222p2232223n226138396461653834356330303433353232653737306138636639663931383838222p2233223n223032623832383666613964616438643064623861303630393930663139393437222p2262696r675s70617373223n2232382q33392q35312q36352q37322q38342q3838227q HTTP/1.1" 200 25684 "-" "Mozilla/5.0 (compatible; Googlebot/2.1; +http://www.google.com/bot.html)"
66.249.68.129 - - [20/Jul/2025:10:24:33 +0000] "GET /product/AmazonEmber HTTP/1.1" 200 25921 "-" "Googlebot-Image/1.0"
209.74.77.214 - - [20/Jul/2025:10:26:45 +0000] "POST /wp-cron.php?doing_wp_cron=1753007205.2596349716186523437500 HTTP/1.1" 200 - "-" "WordPress/6.8.2; https://diamondtiptiling.com"
57.141.2.11 - - [20/Jul/2025:10:26:43 +0000] "GET /product/853013523.shtm HTTP/1.1" 404 80913 "-" "meta-externalagent/1.1 (+https://developers.facebook.com/docs/sharing/webmasters/crawler)"
66.249.68.129 - - [20/Jul/2025:10:36:27 +0000] "GET /shopdetail/5240281 HTTP/1.1" 200 25875 "-" "Mozilla/5.0 (Linux; Android 6.0.1; Nexus 5X Build/MMB29P) AppleWebKit/537.36 (KHTML, like Gecko) Chrome/137.0.7151.103 Mobile Safari/537.36 (compatible; Googlebot/2.1; +http://www.google.com/bot.html)"
66.249.68.129 - - [20/Jul/2025:10:39:02 +0000] "GET /shopdetail/114386481 HTTP/1.1" 200 24957 "-" "Mozilla/5.0 (Linux; Android 6.0.1; Nexus 5X Build/MMB29P) AppleWebKit/537.36 (KHTML, like Gecko) Chrome/137.0.7151.103 Mobile Safari/537.36 (compatible; Googlebot/2.1; +http://www.google.com/bot.html)"
209.74.77.214 - - [20/Jul/2025:10:42:42 +0000] "POST /wp-cron.php?doing_wp_cron=1753008162.3527228832244873046875 HTTP/1.1" 200 - "-" "WordPress/6.8.2; https://diamondtiptiling.com"
57.141.2.16 - - [20/Jul/2025:10:42:40 +0000] "GET /product/675726328.shtm HTTP/1.1" 404 80913 "-" "meta-externalagent/1.1 (+https://developers.facebook.com/docs/sharing/webmasters/crawler)"
209.74.77.214 - - [20/Jul/2025:10:46:27 +0000] "POST /wp-cron.php?doing_wp_cron=1753008387.4477200508117675781250 HTTP/1.1" 200 - "-" "WordPress/6.8.2; https://diamondtiptiling.com"
198.235.24.133 - - [20/Jul/2025:10:46:25 +0000] "GET / HTTP/1.1" 200 159323 "-" "-"
66.249.68.128 - - [20/Jul/2025:10:49:08 +0000] "GET /shopdetail/75320381 HTTP/1.1" 200 25427 "-" "Mozilla/5.0 (Linux; Android 6.0.1; Nexus 5X Build/MMB29P) AppleWebKit/537.36 (KHTML, like Gecko) Chrome/137.0.7151.103 Mobile Safari/537.36 (compatible; Googlebot/2.1; +http://www.google.com/bot.html)"
72.13.62.26 - - [20/Jul/2025:10:50:22 +0000] "GET / HTTP/1.1" 200 25848 "-" "Mozilla/5.0 (compatible; ips-agent)"
72.13.62.26 - - [20/Jul/2025:10:50:23 +0000] "GET /robots.txt HTTP/1.1" 200 111 "-" "Mozilla/5.0 (compatible; ips-agent)"
72.13.62.26 - - [20/Jul/2025:10:50:24 +0000] "GET /about/ HTTP/1.1" 200 22312 "-" "Mozilla/5.0 (compatible; ips-agent)"
72.13.62.26 - - [20/Jul/2025:10:50:26 +0000] "GET /services/ HTTP/1.1" 200 18868 "-" "Mozilla/5.0 (compatible; ips-agent)"
66.249.68.130 - - [20/Jul/2025:10:51:39 +0000] "GET /shopdetail/178048181 HTTP/1.1" 200 24987 "-" "Mozilla/5.0 (Linux; Android 6.0.1; Nexus 5X Build/MMB29P) AppleWebKit/537.36 (KHTML, like Gecko) Chrome/137.0.7151.103 Mobile Safari/537.36 (compatible; Googlebot/2.1; +http://www.google.com/bot.html)"
66.249.68.128 - - [20/Jul/2025:10:54:15 +0000] "GET /shopdetail/116069681 HTTP/1.1" 200 24982 "-" "Mozilla/5.0 (Linux; Android 6.0.1; Nexus 5X Build/MMB29P) AppleWebKit/537.36 (KHTML, like Gecko) Chrome/137.0.7151.103 Mobile Safari/537.36 (compatible; Googlebot/2.1; +http://www.google.com/bot.html)"
66.249.68.129 - - [20/Jul/2025:10:56:47 +0000] "GET /shopdetail/141358181 HTTP/1.1" 200 26833 "-" "Mozilla/5.0 (Linux; Android 6.0.1; Nexus 5X Build/MMB29P) AppleWebKit/537.36 (KHTML, like Gecko) Chrome/137.0.7151.103 Mobile Safari/537.36 (compatible; Googlebot/2.1; +http://www.google.com/bot.html)"
66.249.68.128 - - [20/Jul/2025:10:59:19 +0000] "GET /shopdetail/105983481 HTTP/1.1" 200 29229 "-" "Mozilla/5.0 (Linux; Android 6.0.1; Nexus 5X Build/MMB29P) AppleWebKit/537.36 (KHTML, like Gecko) Chrome/137.0.7151.103 Mobile Safari/537.36 (compatible; Googlebot/2.1; +http://www.google.com/bot.html)"
209.74.77.214 - - [20/Jul/2025:11:06:19 +0000] "POST /wp-cron.php?doing_wp_cron=1753009579.8257660865783691406250 HTTP/1.1" 200 - "-" "WordPress/6.8.2; https://diamondtiptiling.com"
57.141.2.3 - - [20/Jul/2025:11:06:17 +0000] "GET /shopdetail/28329281 HTTP/1.1" 404 80913 "-" "meta-externalagent/1.1 (+https://developers.facebook.com/docs/sharing/webmasters/crawler)"
209.74.77.214 - - [20/Jul/2025:11:10:23 +0000] "POST /wp-cron.php?doing_wp_cron=1753009823.4825990200042724609375 HTTP/1.1" 200 - "-" "WordPress/6.8.2; https://diamondtiptiling.com"
57.141.2.11 - - [20/Jul/2025:11:10:20 +0000] "GET /shopdetail/54806281 HTTP/1.1" 404 80913 "-" "meta-externalagent/1.1 (+https://developers.facebook.com/docs/sharing/webmasters/crawler)"
209.74.77.214 - - [20/Jul/2025:11:12:56 +0000] "POST /wp-cron.php?doing_wp_cron=1753009976.6222710609436035156250 HTTP/1.1" 200 - "-" "WordPress/6.8.2; https://diamondtiptiling.com"
57.141.2.21 - - [20/Jul/2025:11:12:54 +0000] "GET /shopdetail/58569181 HTTP/1.1" 404 80913 "-" "meta-externalagent/1.1 (+https://developers.facebook.com/docs/sharing/webmasters/crawler)"
209.74.77.214 - - [20/Jul/2025:11:13:33 +0000] "POST /wp-cron.php?doing_wp_cron=1753010013.5259270668029785156250 HTTP/1.1" 200 - "-" "WordPress/6.8.2; https://diamondtiptiling.com"
57.141.2.2 - - [20/Jul/2025:11:13:31 +0000] "GET /shopdetail/69437281 HTTP/1.1" 404 80913 "-" "meta-externalagent/1.1 (+https://developers.facebook.com/docs/sharing/webmasters/crawler)"
209.74.77.214 - - [20/Jul/2025:11:14:53 +0000] "POST /wp-cron.php?doing_wp_cron=1753010093.9012548923492431640625 HTTP/1.1" 200 - "-" "WordPress/6.8.2; https://diamondtiptiling.com"
57.141.2.20 - - [20/Jul/2025:11:14:52 +0000] "GET /shopdetail/93022081 HTTP/1.1" 404 80913 "-" "meta-externalagent/1.1 (+https://developers.facebook.com/docs/sharing/webmasters/crawler)"
209.74.77.214 - - [20/Jul/2025:11:15:36 +0000] "POST /wp-cron.php?doing_wp_cron=1753010136.7900021076202392578125 HTTP/1.1" 200 - "-" "WordPress/6.8.2; https://diamondtiptiling.com"
57.141.2.4 - - [20/Jul/2025:11:15:34 +0000] "GET /shopdetail/76749581 HTTP/1.1" 404 80913 "-" "meta-externalagent/1.1 (+https://developers.facebook.com/docs/sharing/webmasters/crawler)"
209.74.77.214 - - [20/Jul/2025:11:16:12 +0000] "POST /wp-cron.php?doing_wp_cron=1753010172.5810101032257080078125 HTTP/1.1" 200 - "-" "WordPress/6.8.2; https://diamondtiptiling.com"
57.141.2.15 - - [20/Jul/2025:11:16:11 +0000] "GET /shopdetail/153668581 HTTP/1.1" 404 80913 "-" "meta-externalagent/1.1 (+https://developers.facebook.com/docs/sharing/webmasters/crawler)"
57.141.2.23 - - [20/Jul/2025:11:16:59 +0000] "GET /shopdetail/165179681 HTTP/1.1" 404 80913 "-" "meta-externalagent/1.1 (+https://developers.facebook.com/docs/sharing/webmasters/crawler)"
209.74.77.214 - - [20/Jul/2025:11:18:35 +0000] "POST /wp-cron.php?doing_wp_cron=1753010315.0957050323486328125000 HTTP/1.1" 200 - "-" "WordPress/6.8.2; https://diamondtiptiling.com"
57.141.2.23 - - [20/Jul/2025:11:18:33 +0000] "GET /product/2854343359.shtm HTTP/1.1" 404 80913 "-" "meta-externalagent/1.1 (+https://developers.facebook.com/docs/sharing/webmasters/crawler)"
209.74.77.214 - - [20/Jul/2025:11:20:43 +0000] "POST /wp-cron.php?doing_wp_cron=1753010443.7257590293884277343750 HTTP/1.1" 200 - "-" "WordPress/6.8.2; https://diamondtiptiling.com"
57.141.2.15 - - [20/Jul/2025:11:20:42 +0000] "GET /shopdetail/211407681 HTTP/1.1" 404 80913 "-" "meta-externalagent/1.1 (+https://developers.facebook.com/docs/sharing/webmasters/crawler)"
209.74.77.214 - - [20/Jul/2025:11:24:41 +0000] "POST /wp-cron.php?doing_wp_cron=1753010680.9368219375610351562500 HTTP/1.1" 200 - "-" "WordPress/6.8.2; https://diamondtiptiling.com"
57.141.2.28 - - [20/Jul/2025:11:24:39 +0000] "GET /shopdetail/45702981 HTTP/1.1" 404 80913 "-" "meta-externalagent/1.1 (+https://developers.facebook.com/docs/sharing/webmasters/crawler)"
45.74.10.75 - - [20/Jul/2025:11:24:48 +0000] "GET /wp-content/plugins/woo-product-filter/readme.txt HTTP/1.1" 404 17103 "-" "Mozilla/5.0 (X11; Ubuntu; Linux x86_64; rv:140.0) Gecko/20100101 Firefox/140.0"
66.249.68.129 - - [20/Jul/2025:11:25:35 +0000] "GET /shopdetail/33905781 HTTP/1.1" 200 25217 "-" "Mozilla/5.0 (Linux; Android 6.0.1; Nexus 5X Build/MMB29P) AppleWebKit/537.36 (KHTML, like Gecko) Chrome/137.0.7151.103 Mobile Safari/537.36 (compatible; Googlebot/2.1; +http://www.google.com/bot.html)"
66.249.68.129 - - [20/Jul/2025:11:25:40 +0000] "GET /shopdetail/73568881 HTTP/1.1" 200 25140 "-" "Mozilla/5.0 (Linux; Android 6.0.1; Nexus 5X Build/MMB29P) AppleWebKit/537.36 (KHTML, like Gecko) Chrome/137.0.7151.103 Mobile Safari/537.36 (compatible; Googlebot/2.1; +http://www.google.com/bot.html)"
66.249.68.128 - - [20/Jul/2025:11:25:47 +0000] "GET /shopdetail/93162681 HTTP/1.1" 200 25175 "-" "Mozilla/5.0 (Linux; Android 6.0.1; Nexus 5X Build/MMB29P) AppleWebKit/537.36 (KHTML, like Gecko) Chrome/137.0.7151.103 Mobile Safari/537.36 (compatible; Googlebot/2.1; +http://www.google.com/bot.html)"
66.249.68.128 - - [20/Jul/2025:11:25:52 +0000] "GET /shopdetail/179501081 HTTP/1.1" 200 25416 "-" "Mozilla/5.0 (Linux; Android 6.0.1; Nexus 5X Build/MMB29P) AppleWebKit/537.36 (KHTML, like Gecko) Chrome/137.0.7151.103 Mobile Safari/537.36 (compatible; Googlebot/2.1; +http://www.google.com/bot.html)"
66.249.68.128 - - [20/Jul/2025:11:25:54 +0000] "GET /shopdetail/207677281 HTTP/1.1" 200 24815 "-" "Mozilla/5.0 (Linux; Android 6.0.1; Nexus 5X Build/MMB29P) AppleWebKit/537.36 (KHTML, like Gecko) Chrome/137.0.7151.103 Mobile Safari/537.36 (compatible; Googlebot/2.1; +http://www.google.com/bot.html)"
66.249.68.128 - - [20/Jul/2025:11:25:59 +0000] "GET /shopdetail/193038081 HTTP/1.1" 200 24718 "-" "Mozilla/5.0 (Linux; Android 6.0.1; Nexus 5X Build/MMB29P) AppleWebKit/537.36 (KHTML, like Gecko) Chrome/137.0.7151.103 Mobile Safari/537.36 (compatible; Googlebot/2.1; +http://www.google.com/bot.html)"
66.249.68.130 - - [20/Jul/2025:11:26:06 +0000] "GET /shopdetail/30984281 HTTP/1.1" 200 26094 "-" "Mozilla/5.0 (Linux; Android 6.0.1; Nexus 5X Build/MMB29P) AppleWebKit/537.36 (KHTML, like Gecko) Chrome/137.0.7151.103 Mobile Safari/537.36 (compatible; Googlebot/2.1; +http://www.google.com/bot.html)"
66.249.68.128 - - [20/Jul/2025:11:26:10 +0000] "GET /shopdetail/89052281 HTTP/1.1" 200 25903 "-" "Mozilla/5.0 (Linux; Android 6.0.1; Nexus 5X Build/MMB29P) AppleWebKit/537.36 (KHTML, like Gecko) Chrome/137.0.7151.103 Mobile Safari/537.36 (compatible; Googlebot/2.1; +http://www.google.com/bot.html)"
66.249.68.128 - - [20/Jul/2025:11:26:14 +0000] "GET /shopdetail/209596881 HTTP/1.1" 200 24742 "-" "Mozilla/5.0 (Linux; Android 6.0.1; Nexus 5X Build/MMB29P) AppleWebKit/537.36 (KHTML, like Gecko) Chrome/137.0.7151.103 Mobile Safari/537.36 (compatible; Googlebot/2.1; +http://www.google.com/bot.html)"
209.74.77.214 - - [20/Jul/2025:11:26:16 +0000] "POST /wp-cron.php?doing_wp_cron=1753010776.5193629264831542968750 HTTP/1.1" 200 - "-" "WordPress/6.8.2; https://diamondtiptiling.com"
57.141.2.6 - - [20/Jul/2025:11:26:15 +0000] "GET /shopdetail/163292581 HTTP/1.1" 404 80913 "-" "meta-externalagent/1.1 (+https://developers.facebook.com/docs/sharing/webmasters/crawler)"
66.249.68.128 - - [20/Jul/2025:11:26:18 +0000] "GET /shopdetail/127937681 HTTP/1.1" 200 25316 "-" "Mozilla/5.0 (Linux; Android 6.0.1; Nexus 5X Build/MMB29P) AppleWebKit/537.36 (KHTML, like Gecko) Chrome/137.0.7151.103 Mobile Safari/537.36 (compatible; Googlebot/2.1; +http://www.google.com/bot.html)"
66.249.68.128 - - [20/Jul/2025:11:26:23 +0000] "GET /shopdetail/136009381 HTTP/1.1" 200 25336 "-" "Mozilla/5.0 (Linux; Android 6.0.1; Nexus 5X Build/MMB29P) AppleWebKit/537.36 (KHTML, like Gecko) Chrome/137.0.7151.103 Mobile Safari/537.36 (compatible; Googlebot/2.1; +http://www.google.com/bot.html)"
43.157.148.38 - - [20/Jul/2025:11:32:04 +0000] "GET / HTTP/1.1" 200 25845 "http://www.diamondtiptiling.com" "Mozilla/5.0 (iPhone; CPU iPhone OS 13_2_3 like Mac OS X) AppleWebKit/605.1.15 (KHTML, like Gecko) Version/13.0.3 Mobile/15E148 Safari/604.1"
209.74.77.214 - - [20/Jul/2025:11:33:52 +0000] "POST /wp-cron.php?doing_wp_cron=1753011231.9827780723571777343750 HTTP/1.1" 200 - "-" "WordPress/6.8.2; https://diamondtiptiling.com"
57.141.2.27 - - [20/Jul/2025:11:33:50 +0000] "GET /shopdetail/72187481 HTTP/1.1" 404 80913 "-" "meta-externalagent/1.1 (+https://developers.facebook.com/docs/sharing/webmasters/crawler)"