74.125.150.129 - - [20/Jul/2025:06:22:28 +0000] "GET /wp-content/plugins/floens-addon/assets/vendors/bootstrap-select/css/bootstrap-select.min.css?ver=1744546415 HTTP/1.1" 200 2357 "https://diamondtiptiling.com/shopdetail/140998181" "Mozilla/5.0 (Linux; Android 6.0.1; Nexus 5X Build/MMB29P) AppleWebKit/537.36 (KHTML, like Gecko) Chrome/137.0.7151.119 Mobile Safari/537.36"
74.125.150.128 - - [20/Jul/2025:06:22:28 +0000] "GET /wp-content/plugins/floens-addon/assets/vendors/jquery-magnific-popup/jquery.magnific-popup.css?ver=1744546415 HTTP/1.1" 200 1830 "https://diamondtiptiling.com/shopdetail/140998181" "Mozilla/5.0 (Linux; Android 6.0.1; Nexus 5X Build/MMB29P) AppleWebKit/537.36 (KHTML, like Gecko) Chrome/137.0.7151.119 Mobile Safari/537.36"
74.125.150.130 - - [20/Jul/2025:06:22:28 +0000] "GET /wp-content/plugins/floens-addon/assets/vendors/odometer/odometer.min.css?ver=1744546415 HTTP/1.1" 200 484 "https://diamondtiptiling.com/shopdetail/140998181" "Mozilla/5.0 (Linux; Android 6.0.1; Nexus 5X Build/MMB29P) AppleWebKit/537.36 (KHTML, like Gecko) Chrome/137.0.7151.119 Mobile Safari/537.36"
74.125.150.129 - - [20/Jul/2025:06:22:28 +0000] "GET /wp-content/plugins/floens-addon/assets/vendors/owl-carousel/owl.carousel.min.css?ver=1744546415 HTTP/1.1" 200 1072 "https://diamondtiptiling.com/shopdetail/140998181" "Mozilla/5.0 (Linux; Android 6.0.1; Nexus 5X Build/MMB29P) AppleWebKit/537.36 (KHTML, like Gecko) Chrome/137.0.7151.119 Mobile Safari/537.36"
74.125.150.128 - - [20/Jul/2025:06:22:29 +0000] "GET /wp-content/plugins/floens-addon/assets/vendors/owl-carousel/owl.theme.default.min.css?ver=1744546415 HTTP/1.1" 200 483 "https://diamondtiptiling.com/shopdetail/140998181" "Mozilla/5.0 (Linux; Android 6.0.1; Nexus 5X Build/MMB29P) AppleWebKit/537.36 (KHTML, like Gecko) Chrome/137.0.7151.119 Mobile Safari/537.36"
74.125.150.130 - - [20/Jul/2025:06:22:29 +0000] "GET /wp-content/plugins/floens-addon/assets/vendors/timepicker/timePicker.css?ver=1744546415 HTTP/1.1" 200 1055 "https://diamondtiptiling.com/shopdetail/140998181" "Mozilla/5.0 (Linux; Android 6.0.1; Nexus 5X Build/MMB29P) AppleWebKit/537.36 (KHTML, like Gecko) Chrome/137.0.7151.119 Mobile Safari/537.36"
74.125.150.129 - - [20/Jul/2025:06:22:29 +0000] "GET /wp-content/plugins/elementor/assets/lib/swiper/v8/css/swiper.min.css?ver=8.4.5 HTTP/1.1" 200 4583 "https://diamondtiptiling.com/shopdetail/140998181" "Mozilla/5.0 (Linux; Android 6.0.1; Nexus 5X Build/MMB29P) AppleWebKit/537.36 (KHTML, like Gecko) Chrome/137.0.7151.119 Mobile Safari/537.36"
74.125.150.129 - - [20/Jul/2025:06:22:29 +0000] "GET /wp-content/plugins/floens-addon/assets/vendors/tiny-slider/tiny-slider.css?ver=1744546415 HTTP/1.1" 200 742 "https://diamondtiptiling.com/shopdetail/140998181" "Mozilla/5.0 (Linux; Android 6.0.1; Nexus 5X Build/MMB29P) AppleWebKit/537.36 (KHTML, like Gecko) Chrome/137.0.7151.119 Mobile Safari/537.36"
74.125.150.128 - - [20/Jul/2025:06:22:29 +0000] "GET /wp-content/plugins/floens-addon/assets/css/floens-addon.css?ver=1744546415 HTTP/1.1" 200 25 "https://diamondtiptiling.com/shopdetail/140998181" "Mozilla/5.0 (Linux; Android 6.0.1; Nexus 5X Build/MMB29P) AppleWebKit/537.36 (KHTML, like Gecko) Chrome/137.0.7151.119 Mobile Safari/537.36"
74.125.150.130 - - [20/Jul/2025:06:22:29 +0000] "GET /wp-content/plugins/woo-smart-quick-view/assets/libs/perfect-scrollbar/css/perfect-scrollbar.min.css?ver=6.8.2 HTTP/1.1" 200 610 "https://diamondtiptiling.com/shopdetail/140998181" "Mozilla/5.0 (Linux; Android 6.0.1; Nexus 5X Build/MMB29P) AppleWebKit/537.36 (KHTML, like Gecko) Chrome/137.0.7151.119 Mobile Safari/537.36"
74.125.150.130 - - [20/Jul/2025:06:22:30 +0000] "GET /wp-content/plugins/floens-addon/assets/vendors/jquery-ui/jquery-ui.css?ver=1744546415 HTTP/1.1" 200 7685 "https://diamondtiptiling.com/shopdetail/140998181" "Mozilla/5.0 (Linux; Android 6.0.1; Nexus 5X Build/MMB29P) AppleWebKit/537.36 (KHTML, like Gecko) Chrome/137.0.7151.119 Mobile Safari/537.36"
74.125.150.130 - - [20/Jul/2025:06:22:30 +0000] "GET /wp-content/plugins/woo-smart-quick-view/assets/libs/perfect-scrollbar/css/custom-theme.css?ver=6.8.2 HTTP/1.1" 200 621 "https://diamondtiptiling.com/shopdetail/140998181" "Mozilla/5.0 (Linux; Android 6.0.1; Nexus 5X Build/MMB29P) AppleWebKit/537.36 (KHTML, like Gecko) Chrome/137.0.7151.119 Mobile Safari/537.36"
74.125.150.130 - - [20/Jul/2025:06:22:30 +0000] "GET /wp-content/plugins/floens-addon/assets/vendors/reey-font/stylesheet.css?ver=1744546415 HTTP/1.1" 200 201 "https://diamondtiptiling.com/shopdetail/140998181" "Mozilla/5.0 (Linux; Android 6.0.1; Nexus 5X Build/MMB29P) AppleWebKit/537.36 (KHTML, like Gecko) Chrome/137.0.7151.119 Mobile Safari/537.36"
74.125.150.129 - - [20/Jul/2025:06:22:30 +0000] "GET /wp-content/plugins/woo-smart-wishlist/assets/css/icons.css?ver=4.9.9 HTTP/1.1" 200 674 "https://diamondtiptiling.com/shopdetail/140998181" "Mozilla/5.0 (Linux; Android 6.0.1; Nexus 5X Build/MMB29P) AppleWebKit/537.36 (KHTML, like Gecko) Chrome/137.0.7151.119 Mobile Safari/537.36"
74.125.150.130 - - [20/Jul/2025:06:22:30 +0000] "GET /wp-content/plugins/woo-smart-wishlist/assets/css/frontend.css?ver=4.9.9 HTTP/1.1" 200 3063 "https://diamondtiptiling.com/shopdetail/140998181" "Mozilla/5.0 (Linux; Android 6.0.1; Nexus 5X Build/MMB29P) AppleWebKit/537.36 (KHTML, like Gecko) Chrome/137.0.7151.119 Mobile Safari/537.36"
74.125.150.130 - - [20/Jul/2025:06:22:30 +0000] "GET /wp-content/plugins/woo-smart-quick-view/assets/css/frontend.css?ver=4.1.8 HTTP/1.1" 200 3569 "https://diamondtiptiling.com/shopdetail/140998181" "Mozilla/5.0 (Linux; Android 6.0.1; Nexus 5X Build/MMB29P) AppleWebKit/537.36 (KHTML, like Gecko) Chrome/137.0.7151.119 Mobile Safari/537.36"
74.125.150.129 - - [20/Jul/2025:06:22:30 +0000] "GET /wp-content/plugins/woocommerce/assets/css/brands.css?ver=9.8.5 HTTP/1.1" 200 684 "https://diamondtiptiling.com/shopdetail/140998181" "Mozilla/5.0 (Linux; Android 6.0.1; Nexus 5X Build/MMB29P) AppleWebKit/537.36 (KHTML, like Gecko) Chrome/137.0.7151.119 Mobile Safari/537.36"
74.125.150.128 - - [20/Jul/2025:06:22:30 +0000] "GET /wp-content/themes/floens/assets/vendors/fontawesome/css/all.min.css?ver=5.15.1 HTTP/1.1" 200 12873 "https://diamondtiptiling.com/shopdetail/140998181" "Mozilla/5.0 (Linux; Android 6.0.1; Nexus 5X Build/MMB29P) AppleWebKit/537.36 (KHTML, like Gecko) Chrome/137.0.7151.119 Mobile Safari/537.36"
74.125.150.128 - - [20/Jul/2025:06:22:31 +0000] "GET /wp-content/themes/floens/assets/vendors/flaticons/css/flaticon.css?ver=1.1 HTTP/1.1" 200 2393 "https://diamondtiptiling.com/shopdetail/140998181" "Mozilla/5.0 (Linux; Android 6.0.1; Nexus 5X Build/MMB29P) AppleWebKit/537.36 (KHTML, like Gecko) Chrome/137.0.7151.119 Mobile Safari/537.36"
74.125.150.128 - - [20/Jul/2025:06:22:31 +0000] "GET /wp-includes/js/jquery/jquery.min.js?ver=3.7.1 HTTP/1.1" 200 30368 "https://diamondtiptiling.com/shopdetail/140998181" "Mozilla/5.0 (Linux; Android 6.0.1; Nexus 5X Build/MMB29P) AppleWebKit/537.36 (KHTML, like Gecko) Chrome/137.0.7151.119 Mobile Safari/537.36"
74.125.150.129 - - [20/Jul/2025:06:22:31 +0000] "GET /wp-content/themes/floens-child/style.css?ver=6.8.2 HTTP/1.1" 200 242 "https://diamondtiptiling.com/shopdetail/140998181" "Mozilla/5.0 (Linux; Android 6.0.1; Nexus 5X Build/MMB29P) AppleWebKit/537.36 (KHTML, like Gecko) Chrome/137.0.7151.119 Mobile Safari/537.36"
74.125.150.128 - - [20/Jul/2025:06:22:31 +0000] "GET /wp-content/plugins/woo-smart-quick-view/assets/libs/magnific-popup/magnific-popup.css?ver=6.8.2 HTTP/1.1" 200 1804 "https://diamondtiptiling.com/shopdetail/140998181" "Mozilla/5.0 (Linux; Android 6.0.1; Nexus 5X Build/MMB29P) AppleWebKit/537.36 (KHTML, like Gecko) Chrome/137.0.7151.119 Mobile Safari/537.36"
74.125.150.129 - - [20/Jul/2025:06:22:31 +0000] "GET /wp-content/plugins/woo-smart-quick-view/assets/libs/feather/feather.css?ver=6.8.2 HTTP/1.1" 200 169 "https://diamondtiptiling.com/shopdetail/140998181" "Mozilla/5.0 (Linux; Android 6.0.1; Nexus 5X Build/MMB29P) AppleWebKit/537.36 (KHTML, like Gecko) Chrome/137.0.7151.119 Mobile Safari/537.36"
74.125.150.129 - - [20/Jul/2025:06:22:31 +0000] "GET /wp-includes/js/wp-util.min.js?ver=6.8.2 HTTP/1.1" 200 756 "https://diamondtiptiling.com/shopdetail/140998181" "Mozilla/5.0 (Linux; Android 6.0.1; Nexus 5X Build/MMB29P) AppleWebKit/537.36 (KHTML, like Gecko) Chrome/137.0.7151.119 Mobile Safari/537.36"
74.125.150.128 - - [20/Jul/2025:06:22:32 +0000] "GET /wp-content/plugins/woocommerce/assets/js/js-cookie/js.cookie.min.js?ver=2.1.4-wc.9.8.5 HTTP/1.1" 200 833 "https://diamondtiptiling.com/shopdetail/140998181" "Mozilla/5.0 (Linux; Android 6.0.1; Nexus 5X Build/MMB29P) AppleWebKit/537.36 (KHTML, like Gecko) Chrome/137.0.7151.119 Mobile Safari/537.36"
74.125.150.129 - - [20/Jul/2025:06:22:32 +0000] "GET /wp-content/uploads/2025/04/error-404-cloud-shape-1-2.png HTTP/1.1" 200 639 "https://diamondtiptiling.com/shopdetail/140998181" "Mozilla/5.0 (Linux; Android 6.0.1; Nexus 5X Build/MMB29P) AppleWebKit/537.36 (KHTML, like Gecko) Chrome/137.0.7151.119 Mobile Safari/537.36"
74.125.150.128 - - [20/Jul/2025:06:22:32 +0000] "GET /wp-includes/js/underscore.min.js?ver=1.13.7 HTTP/1.1" 200 7317 "https://diamondtiptiling.com/shopdetail/140998181" "Mozilla/5.0 (Linux; Android 6.0.1; Nexus 5X Build/MMB29P) AppleWebKit/537.36 (KHTML, like Gecko) Chrome/137.0.7151.119 Mobile Safari/537.36"
74.125.150.128 - - [20/Jul/2025:06:22:32 +0000] "GET /wp-content/uploads/2025/04/error-404-cloud-shape-1-1.png HTTP/1.1" 200 633 "https://diamondtiptiling.com/shopdetail/140998181" "Mozilla/5.0 (Linux; Android 6.0.1; Nexus 5X Build/MMB29P) AppleWebKit/537.36 (KHTML, like Gecko) Chrome/137.0.7151.119 Mobile Safari/537.36"
74.125.150.128 - - [20/Jul/2025:06:22:32 +0000] "GET /wp-includes/js/jquery/jquery-migrate.min.js?ver=3.4.1 HTTP/1.1" 200 4872 "https://diamondtiptiling.com/shopdetail/140998181" "Mozilla/5.0 (Linux; Android 6.0.1; Nexus 5X Build/MMB29P) AppleWebKit/537.36 (KHTML, like Gecko) Chrome/137.0.7151.119 Mobile Safari/537.36"
74.125.150.129 - - [20/Jul/2025:06:22:32 +0000] "GET /wp-content/plugins/leadconnector/public/js/lc-public.js?ver=3.0.8 HTTP/1.1" 200 1322 "https://diamondtiptiling.com/shopdetail/140998181" "Mozilla/5.0 (Linux; Android 6.0.1; Nexus 5X Build/MMB29P) AppleWebKit/537.36 (KHTML, like Gecko) Chrome/137.0.7151.119 Mobile Safari/537.36"
74.125.150.129 - - [20/Jul/2025:06:22:32 +0000] "GET /wp-content/plugins/woo-smart-quick-view/assets/css/icons.css?ver=4.1.8 HTTP/1.1" 200 773 "https://diamondtiptiling.com/shopdetail/140998181" "Mozilla/5.0 (Linux; Android 6.0.1; Nexus 5X Build/MMB29P) AppleWebKit/537.36 (KHTML, like Gecko) Chrome/137.0.7151.119 Mobile Safari/537.36"
74.125.150.128 - - [20/Jul/2025:06:22:33 +0000] "GET /wp-content/themes/floens/style.css?ver=6.8.2 HTTP/1.1" 200 72998 "https://diamondtiptiling.com/shopdetail/140998181" "Mozilla/5.0 (Linux; Android 6.0.1; Nexus 5X Build/MMB29P) AppleWebKit/537.36 (KHTML, like Gecko) Chrome/137.0.7151.119 Mobile Safari/537.36"
74.125.150.128 - - [20/Jul/2025:06:22:33 +0000] "GET /wp-content/plugins/floens-addon/assets/vendors/slick/slick.css?ver=1744546415 HTTP/1.1" 200 577 "https://diamondtiptiling.com/shopdetail/140998181" "Mozilla/5.0 (Linux; Android 6.0.1; Nexus 5X Build/MMB29P) AppleWebKit/537.36 (KHTML, like Gecko) Chrome/137.0.7151.119 Mobile Safari/537.36"
74.125.150.128 - - [20/Jul/2025:06:22:33 +0000] "GET /wp-content/plugins/woocommerce/assets/js/jquery-blockui/jquery.blockUI.min.js?ver=2.7.0-wc.9.8.5 HTTP/1.1" 200 3537 "https://diamondtiptiling.com/shopdetail/140998181" "Mozilla/5.0 (Linux; Android 6.0.1; Nexus 5X Build/MMB29P) AppleWebKit/537.36 (KHTML, like Gecko) Chrome/137.0.7151.119 Mobile Safari/537.36"
74.125.150.128 - - [20/Jul/2025:06:22:33 +0000] "GET /wp-content/themes/floens/assets/vendors/bootstrap/css/bootstrap.min.css?ver=5.0.0 HTTP/1.1" 200 22899 "https://diamondtiptiling.com/shopdetail/140998181" "Mozilla/5.0 (Linux; Android 6.0.1; Nexus 5X Build/MMB29P) AppleWebKit/537.36 (KHTML, like Gecko) Chrome/137.0.7151.119 Mobile Safari/537.36"
74.125.150.128 - - [20/Jul/2025:06:22:33 +0000] "GET /wp-content/plugins/floens-addon/assets/vendors/jarallax/jarallax.css?ver=1744546415 HTTP/1.1" 200 208 "https://diamondtiptiling.com/shopdetail/140998181" "Mozilla/5.0 (Linux; Android 6.0.1; Nexus 5X Build/MMB29P) AppleWebKit/537.36 (KHTML, like Gecko) Chrome/137.0.7151.119 Mobile Safari/537.36"
74.125.150.128 - - [20/Jul/2025:06:22:33 +0000] "GET /wp-content/themes/floens/assets/vendors/floens-icons/style.css?ver=1.1 HTTP/1.1" 200 787 "https://diamondtiptiling.com/shopdetail/140998181" "Mozilla/5.0 (Linux; Android 6.0.1; Nexus 5X Build/MMB29P) AppleWebKit/537.36 (KHTML, like Gecko) Chrome/137.0.7151.119 Mobile Safari/537.36"
74.125.150.129 - - [20/Jul/2025:06:22:33 +0000] "GET /wp-content/plugins/floens-addon/assets/vendors/nouislider/nouislider.min.css?ver=1744546415 HTTP/1.1" 200 1181 "https://diamondtiptiling.com/shopdetail/140998181" "Mozilla/5.0 (Linux; Android 6.0.1; Nexus 5X Build/MMB29P) AppleWebKit/537.36 (KHTML, like Gecko) Chrome/137.0.7151.119 Mobile Safari/537.36"
74.125.150.128 - - [20/Jul/2025:06:22:34 +0000] "GET /wp-content/uploads/2025/04/error-404-cloud-shape-1-3.png HTTP/1.1" 200 638 "https://diamondtiptiling.com/shopdetail/140998181" "Mozilla/5.0 (Linux; Android 6.0.1; Nexus 5X Build/MMB29P) AppleWebKit/537.36 (KHTML, like Gecko) Chrome/137.0.7151.119 Mobile Safari/537.36"
74.125.150.129 - - [20/Jul/2025:06:22:34 +0000] "GET /wp-content/uploads/2025/04/error-404-rain-shape-1-1.png HTTP/1.1" 200 460 "https://diamondtiptiling.com/shopdetail/140998181" "Mozilla/5.0 (Linux; Android 6.0.1; Nexus 5X Build/MMB29P) AppleWebKit/537.36 (KHTML, like Gecko) Chrome/137.0.7151.119 Mobile Safari/537.36"
74.125.150.129 - - [20/Jul/2025:06:22:34 +0000] "GET /wp-content/uploads/2025/04/error-404-rain-shape-1-2.png HTTP/1.1" 200 487 "https://diamondtiptiling.com/shopdetail/140998181" "Mozilla/5.0 (Linux; Android 6.0.1; Nexus 5X Build/MMB29P) AppleWebKit/537.36 (KHTML, like Gecko) Chrome/137.0.7151.119 Mobile Safari/537.36"
74.125.150.129 - - [20/Jul/2025:06:22:34 +0000] "GET /wp-content/plugins/woocommerce/assets/client/blocks/wc-blocks.css?ver=wc-9.8.5 HTTP/1.1" 200 2500 "https://diamondtiptiling.com/shopdetail/140998181" "Mozilla/5.0 (Linux; Android 6.0.1; Nexus 5X Build/MMB29P) AppleWebKit/537.36 (KHTML, like Gecko) Chrome/137.0.7151.119 Mobile Safari/537.36"
74.125.150.129 - - [20/Jul/2025:06:22:34 +0000] "GET /wp-content/plugins/elementor/assets/css/frontend.min.css?ver=3.29.1 HTTP/1.1" 200 7106 "https://diamondtiptiling.com/shopdetail/140998181" "Mozilla/5.0 (Linux; Android 6.0.1; Nexus 5X Build/MMB29P) AppleWebKit/537.36 (KHTML, like Gecko) Chrome/137.0.7151.119 Mobile Safari/537.36"
74.125.150.128 - - [20/Jul/2025:06:22:34 +0000] "GET /wp-content/uploads/elementor/css/post-1901.css?ver=1748500559 HTTP/1.1" 200 125 "https://diamondtiptiling.com/shopdetail/140998181" "Mozilla/5.0 (Linux; Android 6.0.1; Nexus 5X Build/MMB29P) AppleWebKit/537.36 (KHTML, like Gecko) Chrome/137.0.7151.119 Mobile Safari/537.36"
74.125.150.129 - - [20/Jul/2025:06:22:34 +0000] "GET /wp-content/uploads/elementor/css/post-176.css?ver=1748500559 HTTP/1.1" 200 588 "https://diamondtiptiling.com/shopdetail/140998181" "Mozilla/5.0 (Linux; Android 6.0.1; Nexus 5X Build/MMB29P) AppleWebKit/537.36 (KHTML, like Gecko) Chrome/137.0.7151.119 Mobile Safari/537.36"
74.125.150.129 - - [20/Jul/2025:06:22:35 +0000] "GET /wp-content/uploads/elementor/css/post-12.css?ver=1748500560 HTTP/1.1" 200 406 "https://diamondtiptiling.com/shopdetail/140998181" "Mozilla/5.0 (Linux; Android 6.0.1; Nexus 5X Build/MMB29P) AppleWebKit/537.36 (KHTML, like Gecko) Chrome/137.0.7151.119 Mobile Safari/537.36"
74.125.150.128 - - [20/Jul/2025:06:22:35 +0000] "GET /wp-content/uploads/elementor/google-fonts/css/roboto.css?ver=1744546798 HTTP/1.1" 200 2873 "https://diamondtiptiling.com/shopdetail/140998181" "Mozilla/5.0 (Linux; Android 6.0.1; Nexus 5X Build/MMB29P) AppleWebKit/537.36 (KHTML, like Gecko) Chrome/137.0.7151.119 Mobile Safari/537.36"
74.125.150.129 - - [20/Jul/2025:06:22:35 +0000] "GET /wp-content/plugins/floens-addon/assets/vendors/floens-icons/style.css?ver=1.1 HTTP/1.1" 200 787 "https://diamondtiptiling.com/shopdetail/140998181" "Mozilla/5.0 (Linux; Android 6.0.1; Nexus 5X Build/MMB29P) AppleWebKit/537.36 (KHTML, like Gecko) Chrome/137.0.7151.119 Mobile Safari/537.36"
74.125.150.129 - - [20/Jul/2025:06:22:35 +0000] "GET /wp-content/uploads/elementor/google-fonts/css/robotoslab.css?ver=1744546815 HTTP/1.1" 200 962 "https://diamondtiptiling.com/shopdetail/140998181" "Mozilla/5.0 (Linux; Android 6.0.1; Nexus 5X Build/MMB29P) AppleWebKit/537.36 (KHTML, like Gecko) Chrome/137.0.7151.119 Mobile Safari/537.36"
74.125.150.129 - - [20/Jul/2025:06:22:35 +0000] "GET /wp-includes/js/dist/hooks.min.js?ver=4d63a3d491d11ffd8ac6 HTTP/1.1" 200 1648 "https://diamondtiptiling.com/shopdetail/140998181" "Mozilla/5.0 (Linux; Android 6.0.1; Nexus 5X Build/MMB29P) AppleWebKit/537.36 (KHTML, like Gecko) Chrome/137.0.7151.119 Mobile Safari/537.36"
74.125.150.128 - - [20/Jul/2025:06:22:35 +0000] "GET /wp-includes/js/dist/i18n.min.js?ver=5e580eb46a90c2b997e6 HTTP/1.1" 200 3667 "https://diamondtiptiling.com/shopdetail/140998181" "Mozilla/5.0 (Linux; Android 6.0.1; Nexus 5X Build/MMB29P) AppleWebKit/537.36 (KHTML, like Gecko) Chrome/137.0.7151.119 Mobile Safari/537.36"
74.125.150.128 - - [20/Jul/2025:06:22:35 +0000] "GET /wp-content/plugins/contact-form-7/includes/swv/js/index.js?ver=6.0.6 HTTP/1.1" 200 3503 "https://diamondtiptiling.com/shopdetail/140998181" "Mozilla/5.0 (Linux; Android 6.0.1; Nexus 5X Build/MMB29P) AppleWebKit/537.36 (KHTML, like Gecko) Chrome/137.0.7151.119 Mobile Safari/537.36"
74.125.150.128 - - [20/Jul/2025:06:22:36 +0000] "GET /wp-includes/js/jquery/ui/core.min.js?ver=1.13.3 HTTP/1.1" 200 7106 "https://diamondtiptiling.com/shopdetail/140998181" "Mozilla/5.0 (Linux; Android 6.0.1; Nexus 5X Build/MMB29P) AppleWebKit/537.36 (KHTML, like Gecko) Chrome/137.0.7151.119 Mobile Safari/537.36"
74.125.150.128 - - [20/Jul/2025:06:22:36 +0000] "GET /wp-content/plugins/contact-form-7/includes/js/index.js?ver=6.0.6 HTTP/1.1" 200 4265 "https://diamondtiptiling.com/shopdetail/140998181" "Mozilla/5.0 (Linux; Android 6.0.1; Nexus 5X Build/MMB29P) AppleWebKit/537.36 (KHTML, like Gecko) Chrome/137.0.7151.119 Mobile Safari/537.36"
74.125.150.129 - - [20/Jul/2025:06:22:36 +0000] "GET /wp-content/themes/floens/assets/vendors/bootstrap/js/bootstrap.min.js?ver=5.0.0 HTTP/1.1" 200 22377 "https://diamondtiptiling.com/shopdetail/140998181" "Mozilla/5.0 (Linux; Android 6.0.1; Nexus 5X Build/MMB29P) AppleWebKit/537.36 (KHTML, like Gecko) Chrome/137.0.7151.119 Mobile Safari/537.36"
74.125.150.129 - - [20/Jul/2025:06:22:36 +0000] "GET /wp-includes/js/jquery/ui/datepicker.min.js?ver=1.13.3 HTTP/1.1" 200 10907 "https://diamondtiptiling.com/shopdetail/140998181" "Mozilla/5.0 (Linux; Android 6.0.1; Nexus 5X Build/MMB29P) AppleWebKit/537.36 (KHTML, like Gecko) Chrome/137.0.7151.119 Mobile Safari/537.36"
74.125.150.128 - - [20/Jul/2025:06:22:36 +0000] "GET /wp-content/plugins/floens-addon/assets/vendors/bootstrap-select/js/bootstrap-select.min.js?ver=1744546415 HTTP/1.1" 200 17281 "https://diamondtiptiling.com/shopdetail/140998181" "Mozilla/5.0 (Linux; Android 6.0.1; Nexus 5X Build/MMB29P) AppleWebKit/537.36 (KHTML, like Gecko) Chrome/137.0.7151.119 Mobile Safari/537.36"
74.125.150.128 - - [20/Jul/2025:06:22:36 +0000] "GET /wp-content/plugins/floens-addon/assets/vendors/bxslider/jquery.bxslider.min.js?ver=1744546415 HTTP/1.1" 200 5167 "https://diamondtiptiling.com/shopdetail/140998181" "Mozilla/5.0 (Linux; Android 6.0.1; Nexus 5X Build/MMB29P) AppleWebKit/537.36 (KHTML, like Gecko) Chrome/137.0.7151.119 Mobile Safari/537.36"
74.125.150.128 - - [20/Jul/2025:06:22:36 +0000] "GET /wp-content/plugins/floens-addon/assets/vendors/countdown/countdown.min.js?ver=1744546415 HTTP/1.1" 200 2029 "https://diamondtiptiling.com/shopdetail/140998181" "Mozilla/5.0 (Linux; Android 6.0.1; Nexus 5X Build/MMB29P) AppleWebKit/537.36 (KHTML, like Gecko) Chrome/137.0.7151.119 Mobile Safari/537.36"
74.125.150.129 - - [20/Jul/2025:06:22:36 +0000] "GET /wp-content/plugins/floens-addon/assets/vendors/jarallax/jarallax.min.js?ver=1744546415 HTTP/1.1" 200 5252 "https://diamondtiptiling.com/shopdetail/140998181" "Mozilla/5.0 (Linux; Android 6.0.1; Nexus 5X Build/MMB29P) AppleWebKit/537.36 (KHTML, like Gecko) Chrome/137.0.7151.119 Mobile Safari/537.36"
74.125.150.128 - - [20/Jul/2025:06:22:37 +0000] "GET /wp-content/plugins/floens-addon/assets/vendors/jquery-ajaxchimp/jquery.ajaxchimp.min.js?ver=1744546415 HTTP/1.1" 200 939 "https://diamondtiptiling.com/shopdetail/140998181" "Mozilla/5.0 (Linux; Android 6.0.1; Nexus 5X Build/MMB29P) AppleWebKit/537.36 (KHTML, like Gecko) Chrome/137.0.7151.119 Mobile Safari/537.36"
74.125.150.128 - - [20/Jul/2025:06:22:37 +0000] "GET /wp-content/plugins/floens-addon/assets/vendors/jquery-appear/jquery.appear.min.js?ver=1744546415 HTTP/1.1" 200 600 "https://diamondtiptiling.com/shopdetail/140998181" "Mozilla/5.0 (Linux; Android 6.0.1; Nexus 5X Build/MMB29P) AppleWebKit/537.36 (KHTML, like Gecko) Chrome/137.0.7151.119 Mobile Safari/537.36"
74.125.150.128 - - [20/Jul/2025:06:22:37 +0000] "GET /wp-content/plugins/floens-addon/assets/vendors/jquery-magnific-popup/jquery.magnific-popup.min.js?ver=1744546415 HTTP/1.1" 200 7348 "https://diamondtiptiling.com/shopdetail/140998181" "Mozilla/5.0 (Linux; Android 6.0.1; Nexus 5X Build/MMB29P) AppleWebKit/537.36 (KHTML, like Gecko) Chrome/137.0.7151.119 Mobile Safari/537.36"
74.125.150.129 - - [20/Jul/2025:06:22:37 +0000] "GET /wp-content/plugins/floens-addon/assets/vendors/odometer/odometer.min.js?ver=1744546415 HTTP/1.1" 200 3542 "https://diamondtiptiling.com/shopdetail/140998181" "Mozilla/5.0 (Linux; Android 6.0.1; Nexus 5X Build/MMB29P) AppleWebKit/537.36 (KHTML, like Gecko) Chrome/137.0.7151.119 Mobile Safari/537.36"
74.125.150.129 - - [20/Jul/2025:06:22:37 +0000] "GET /wp-content/plugins/elementor/assets/lib/swiper/v8/swiper.min.js?ver=8.4.5 HTTP/1.1" 200 39695 "https://diamondtiptiling.com/shopdetail/140998181" "Mozilla/5.0 (Linux; Android 6.0.1; Nexus 5X Build/MMB29P) AppleWebKit/537.36 (KHTML, like Gecko) Chrome/137.0.7151.119 Mobile Safari/537.36"
74.125.150.129 - - [20/Jul/2025:06:22:37 +0000] "GET /wp-content/plugins/floens-addon/assets/vendors/nouislider/nouislider.min.js?ver=1744546415 HTTP/1.1" 200 8299 "https://diamondtiptiling.com/shopdetail/140998181" "Mozilla/5.0 (Linux; Android 6.0.1; Nexus 5X Build/MMB29P) AppleWebKit/537.36 (KHTML, like Gecko) Chrome/137.0.7151.119 Mobile Safari/537.36"
74.125.150.128 - - [20/Jul/2025:06:22:37 +0000] "GET /wp-content/plugins/floens-addon/assets/vendors/tiny-slider/tiny-slider.js?ver=1744546415 HTTP/1.1" 200 12759 "https://diamondtiptiling.com/shopdetail/140998181" "Mozilla/5.0 (Linux; Android 6.0.1; Nexus 5X Build/MMB29P) AppleWebKit/537.36 (KHTML, like Gecko) Chrome/137.0.7151.119 Mobile Safari/537.36"
74.125.150.129 - - [20/Jul/2025:06:22:37 +0000] "GET /wp-content/plugins/floens-addon/assets/vendors/owl-carousel/owl.carousel.min.js?ver=1744546415 HTTP/1.1" 200 11418 "https://diamondtiptiling.com/shopdetail/140998181" "Mozilla/5.0 (Linux; Android 6.0.1; Nexus 5X Build/MMB29P) AppleWebKit/537.36 (KHTML, like Gecko) Chrome/137.0.7151.119 Mobile Safari/537.36"
74.125.150.129 - - [20/Jul/2025:06:22:38 +0000] "GET /wp-content/plugins/floens-addon/assets/vendors/jquery-circle-progress/jquery.circle-progress.min.js?ver=1744546415 HTTP/1.1" 200 1866 "https://diamondtiptiling.com/shopdetail/140998181" "Mozilla/5.0 (Linux; Android 6.0.1; Nexus 5X Build/MMB29P) AppleWebKit/537.36 (KHTML, like Gecko) Chrome/137.0.7151.119 Mobile Safari/537.36"
74.125.150.129 - - [20/Jul/2025:06:22:38 +0000] "GET /wp-content/plugins/floens-addon/assets/vendors/slick/slick.min.js?ver=1744546415 HTTP/1.1" 200 10445 "https://diamondtiptiling.com/shopdetail/140998181" "Mozilla/5.0 (Linux; Android 6.0.1; Nexus 5X Build/MMB29P) AppleWebKit/537.36 (KHTML, like Gecko) Chrome/137.0.7151.119 Mobile Safari/537.36"
74.125.150.129 - - [20/Jul/2025:06:22:38 +0000] "GET /wp-content/plugins/floens-addon/assets/vendors/sharer/sharer.min.js?ver=1744546415 HTTP/1.1" 200 2179 "https://diamondtiptiling.com/shopdetail/140998181" "Mozilla/5.0 (Linux; Android 6.0.1; Nexus 5X Build/MMB29P) AppleWebKit/537.36 (KHTML, like Gecko) Chrome/137.0.7151.119 Mobile Safari/537.36"
74.125.150.129 - - [20/Jul/2025:06:22:38 +0000] "GET /wp-content/plugins/floens-addon/assets/vendors/circleType/jquery.circleType.js?ver=1744546415 HTTP/1.1" 200 1397 "https://diamondtiptiling.com/shopdetail/140998181" "Mozilla/5.0 (Linux; Android 6.0.1; Nexus 5X Build/MMB29P) AppleWebKit/537.36 (KHTML, like Gecko) Chrome/137.0.7151.119 Mobile Safari/537.36"
74.125.150.128 - - [20/Jul/2025:06:22:38 +0000] "GET /wp-content/plugins/floens-addon/assets/vendors/timepicker/timePicker.js?ver=1744546415 HTTP/1.1" 200 5351 "https://diamondtiptiling.com/shopdetail/140998181" "Mozilla/5.0 (Linux; Android 6.0.1; Nexus 5X Build/MMB29P) AppleWebKit/537.36 (KHTML, like Gecko) Chrome/137.0.7151.119 Mobile Safari/537.36"
74.125.150.129 - - [20/Jul/2025:06:22:38 +0000] "GET /wp-content/plugins/floens-addon/assets/vendors/circleType/jquery.lettering.min.js?ver=1744546415 HTTP/1.1" 200 499 "https://diamondtiptiling.com/shopdetail/140998181" "Mozilla/5.0 (Linux; Android 6.0.1; Nexus 5X Build/MMB29P) AppleWebKit/537.36 (KHTML, like Gecko) Chrome/137.0.7151.119 Mobile Safari/537.36"
74.125.150.129 - - [20/Jul/2025:06:22:38 +0000] "GET /wp-content/plugins/woo-smart-quick-view/assets/libs/perfect-scrollbar/js/perfect-scrollbar.jquery.min.js?ver=4.1.8 HTTP/1.1" 200 6509 "https://diamondtiptiling.com/shopdetail/140998181" "Mozilla/5.0 (Linux; Android 6.0.1; Nexus 5X Build/MMB29P) AppleWebKit/537.36 (KHTML, like Gecko) Chrome/137.0.7151.119 Mobile Safari/537.36"
74.125.150.129 - - [20/Jul/2025:06:22:39 +0000] "GET /wp-content/plugins/woocommerce/assets/js/frontend/add-to-cart-variation.min.js?ver=9.8.5 HTTP/1.1" 200 3940 "https://diamondtiptiling.com/shopdetail/140998181" "Mozilla/5.0 (Linux; Android 6.0.1; Nexus 5X Build/MMB29P) AppleWebKit/537.36 (KHTML, like Gecko) Chrome/137.0.7151.119 Mobile Safari/537.36"
74.125.150.129 - - [20/Jul/2025:06:22:39 +0000] "GET /wp-content/plugins/woo-smart-quick-view/assets/libs/magnific-popup/jquery.magnific-popup.min.js?ver=4.1.8 HTTP/1.1" 200 7346 "https://diamondtiptiling.com/shopdetail/140998181" "Mozilla/5.0 (Linux; Android 6.0.1; Nexus 5X Build/MMB29P) AppleWebKit/537.36 (KHTML, like Gecko) Chrome/137.0.7151.119 Mobile Safari/537.36"
74.125.150.129 - - [20/Jul/2025:06:22:39 +0000] "GET /wp-content/plugins/floens-addon/assets/js/floens-addon.js?ver=1744546415 HTTP/1.1" 200 4447 "https://diamondtiptiling.com/shopdetail/140998181" "Mozilla/5.0 (Linux; Android 6.0.1; Nexus 5X Build/MMB29P) AppleWebKit/537.36 (KHTML, like Gecko) Chrome/137.0.7151.119 Mobile Safari/537.36"
74.125.150.128 - - [20/Jul/2025:06:22:39 +0000] "GET /wp-content/plugins/woo-smart-wishlist/assets/js/frontend.js?ver=4.9.9 HTTP/1.1" 200 4482 "https://diamondtiptiling.com/shopdetail/140998181" "Mozilla/5.0 (Linux; Android 6.0.1; Nexus 5X Build/MMB29P) AppleWebKit/537.36 (KHTML, like Gecko) Chrome/137.0.7151.119 Mobile Safari/537.36"
74.125.150.129 - - [20/Jul/2025:06:22:39 +0000] "GET /wp-content/themes/floens/assets/js/floens-theme.js?ver=1752992547 HTTP/1.1" 200 2990 "https://diamondtiptiling.com/shopdetail/140998181" "Mozilla/5.0 (Linux; Android 6.0.1; Nexus 5X Build/MMB29P) AppleWebKit/537.36 (KHTML, like Gecko) Chrome/137.0.7151.119 Mobile Safari/537.36"
74.125.150.128 - - [20/Jul/2025:06:22:39 +0000] "GET /wp-content/plugins/woo-smart-quick-view/assets/js/frontend.js?ver=4.1.8 HTTP/1.1" 200 2307 "https://diamondtiptiling.com/shopdetail/140998181" "Mozilla/5.0 (Linux; Android 6.0.1; Nexus 5X Build/MMB29P) AppleWebKit/537.36 (KHTML, like Gecko) Chrome/137.0.7151.119 Mobile Safari/537.36"
74.125.150.128 - - [20/Jul/2025:06:22:39 +0000] "GET /wp-content/plugins/woocommerce/assets/js/sourcebuster/sourcebuster.min.js?ver=9.8.5 HTTP/1.1" 200 4807 "https://diamondtiptiling.com/shopdetail/140998181" "Mozilla/5.0 (Linux; Android 6.0.1; Nexus 5X Build/MMB29P) AppleWebKit/537.36 (KHTML, like Gecko) Chrome/137.0.7151.119 Mobile Safari/537.36"
74.125.150.128 - - [20/Jul/2025:06:22:40 +0000] "GET /wp-content/themes/floens/assets/vendors/isotope/isotope.js?ver=2.1.1 HTTP/1.1" 200 10188 "https://diamondtiptiling.com/shopdetail/140998181" "Mozilla/5.0 (Linux; Android 6.0.1; Nexus 5X Build/MMB29P) AppleWebKit/537.36 (KHTML, like Gecko) Chrome/137.0.7151.119 Mobile Safari/537.36"
74.125.150.128 - - [20/Jul/2025:06:22:40 +0000] "GET /wp-content/plugins/elementor/assets/js/webpack.runtime.min.js?ver=3.29.1 HTTP/1.1" 200 2516 "https://diamondtiptiling.com/shopdetail/140998181" "Mozilla/5.0 (Linux; Android 6.0.1; Nexus 5X Build/MMB29P) AppleWebKit/537.36 (KHTML, like Gecko) Chrome/137.0.7151.119 Mobile Safari/537.36"
74.125.150.129 - - [20/Jul/2025:06:22:40 +0000] "GET /wp-content/plugins/elementor/assets/js/frontend-modules.min.js?ver=3.29.1 HTTP/1.1" 200 14815 "https://diamondtiptiling.com/shopdetail/140998181" "Mozilla/5.0 (Linux; Android 6.0.1; Nexus 5X Build/MMB29P) AppleWebKit/537.36 (KHTML, like Gecko) Chrome/137.0.7151.119 Mobile Safari/537.36"
74.125.150.129 - - [20/Jul/2025:06:22:40 +0000] "GET /wp-content/plugins/elementor-pro/assets/js/webpack-pro.runtime.min.js?ver=3.28.4 HTTP/1.1" 200 2857 "https://diamondtiptiling.com/shopdetail/140998181" "Mozilla/5.0 (Linux; Android 6.0.1; Nexus 5X Build/MMB29P) AppleWebKit/537.36 (KHTML, like Gecko) Chrome/137.0.7151.119 Mobile Safari/537.36"
74.125.150.129 - - [20/Jul/2025:06:22:40 +0000] "GET /wp-content/plugins/elementor-pro/assets/js/elements-handlers.min.js?ver=3.28.4 HTTP/1.1" 200 10702 "https://diamondtiptiling.com/shopdetail/140998181" "Mozilla/5.0 (Linux; Android 6.0.1; Nexus 5X Build/MMB29P) AppleWebKit/537.36 (KHTML, like Gecko) Chrome/137.0.7151.119 Mobile Safari/537.36"
74.125.150.129 - - [20/Jul/2025:06:22:40 +0000] "GET /wp-includes/js/imagesloaded.min.js?ver=5.0.0 HTTP/1.1" 200 1803 "https://diamondtiptiling.com/shopdetail/140998181" "Mozilla/5.0 (Linux; Android 6.0.1; Nexus 5X Build/MMB29P) AppleWebKit/537.36 (KHTML, like Gecko) Chrome/137.0.7151.119 Mobile Safari/537.36"
74.125.150.129 - - [20/Jul/2025:06:22:40 +0000] "GET /wp-content/plugins/woocommerce/assets/js/frontend/woocommerce.min.js?ver=9.8.5 HTTP/1.1" 200 1437 "https://diamondtiptiling.com/shopdetail/140998181" "Mozilla/5.0 (Linux; Android 6.0.1; Nexus 5X Build/MMB29P) AppleWebKit/537.36 (KHTML, like Gecko) Chrome/137.0.7151.119 Mobile Safari/537.36"
74.125.150.128 - - [20/Jul/2025:06:22:40 +0000] "GET /wp-content/plugins/elementor/assets/js/frontend.min.js?ver=3.29.1 HTTP/1.1" 200 10595 "https://diamondtiptiling.com/shopdetail/140998181" "Mozilla/5.0 (Linux; Android 6.0.1; Nexus 5X Build/MMB29P) AppleWebKit/537.36 (KHTML, like Gecko) Chrome/137.0.7151.119 Mobile Safari/537.36"
74.125.150.129 - - [20/Jul/2025:06:22:41 +0000] "GET /wp-content/uploads/2025/04/DiaWhite.png HTTP/1.1" 200 4205 "https://diamondtiptiling.com/shopdetail/140998181" "Mozilla/5.0 (Linux; Android 6.0.1; Nexus 5X Build/MMB29P) AppleWebKit/537.36 (KHTML, like Gecko) Chrome/137.0.7151.119 Mobile Safari/537.36"
74.125.150.128 - - [20/Jul/2025:06:22:41 +0000] "GET /wp-content/uploads/2024/01/DiaBlack-1.png HTTP/1.1" 200 4361 "https://diamondtiptiling.com/shopdetail/140998181" "Mozilla/5.0 (Linux; Android 6.0.1; Nexus 5X Build/MMB29P) AppleWebKit/537.36 (KHTML, like Gecko) Chrome/137.0.7151.119 Mobile Safari/537.36"
74.125.150.129 - - [20/Jul/2025:06:22:41 +0000] "GET /wp-content/plugins/woocommerce/assets/js/frontend/add-to-cart.min.js?ver=9.8.5 HTTP/1.1" 200 1368 "https://diamondtiptiling.com/shopdetail/140998181" "Mozilla/5.0 (Linux; Android 6.0.1; Nexus 5X Build/MMB29P) AppleWebKit/537.36 (KHTML, like Gecko) Chrome/137.0.7151.119 Mobile Safari/537.36"
74.125.150.128 - - [20/Jul/2025:06:22:41 +0000] "GET /wp-content/plugins/elementor-pro/assets/js/frontend.min.js?ver=3.28.4 HTTP/1.1" 200 6509 "https://diamondtiptiling.com/shopdetail/140998181" "Mozilla/5.0 (Linux; Android 6.0.1; Nexus 5X Build/MMB29P) AppleWebKit/537.36 (KHTML, like Gecko) Chrome/137.0.7151.119 Mobile Safari/537.36"
74.125.150.129 - - [20/Jul/2025:06:22:41 +0000] "GET /wp-content/uploads/2025/04/error-404-rain-shape-1-3.png HTTP/1.1" 200 395 "https://diamondtiptiling.com/shopdetail/140998181" "Mozilla/5.0 (Linux; Android 6.0.1; Nexus 5X Build/MMB29P) AppleWebKit/537.36 (KHTML, like Gecko) Chrome/137.0.7151.119 Mobile Safari/537.36"
74.125.150.128 - - [20/Jul/2025:06:22:41 +0000] "GET /wp-content/uploads/2025/04/error-404-rain-shape-1-4.png HTTP/1.1" 200 468 "https://diamondtiptiling.com/shopdetail/140998181" "Mozilla/5.0 (Linux; Android 6.0.1; Nexus 5X Build/MMB29P) AppleWebKit/537.36 (KHTML, like Gecko) Chrome/137.0.7151.119 Mobile Safari/537.36"
74.125.150.129 - - [20/Jul/2025:06:22:42 +0000] "GET /wp-content/uploads/2025/04/error-404-border-shape-1-1.png HTTP/1.1" 200 363 "https://diamondtiptiling.com/shopdetail/140998181" "Mozilla/5.0 (Linux; Android 6.0.1; Nexus 5X Build/MMB29P) AppleWebKit/537.36 (KHTML, like Gecko) Chrome/137.0.7151.119 Mobile Safari/537.36"
74.125.150.128 - - [20/Jul/2025:06:22:42 +0000] "GET /wp-content/uploads/2025/04/error-404-search-shape-1-1.png HTTP/1.1" 200 4097 "https://diamondtiptiling.com/shopdetail/140998181" "Mozilla/5.0 (Linux; Android 6.0.1; Nexus 5X Build/MMB29P) AppleWebKit/537.36 (KHTML, like Gecko) Chrome/137.0.7151.119 Mobile Safari/537.36"
74.125.150.129 - - [20/Jul/2025:06:22:42 +0000] "GET /wp-content/plugins/floens-addon/assets/vendors/wow/wow.js?ver=1744546415 HTTP/1.1" 200 2212 "https://diamondtiptiling.com/shopdetail/140998181" "Mozilla/5.0 (Linux; Android 6.0.1; Nexus 5X Build/MMB29P) AppleWebKit/537.36 (KHTML, like Gecko) Chrome/137.0.7151.119 Mobile Safari/537.36"
74.125.150.128 - - [20/Jul/2025:06:22:42 +0000] "GET /wp-content/plugins/woocommerce/assets/js/frontend/order-attribution.min.js?ver=9.8.5 HTTP/1.1" 200 1137 "https://diamondtiptiling.com/shopdetail/140998181" "Mozilla/5.0 (Linux; Android 6.0.1; Nexus 5X Build/MMB29P) AppleWebKit/537.36 (KHTML, like Gecko) Chrome/137.0.7151.119 Mobile Safari/537.36"
74.125.150.129 - - [20/Jul/2025:06:22:42 +0000] "GET /wp-content/uploads/2025/04/DTT-LOGO-1.png HTTP/1.1" 200 91327 "https://diamondtiptiling.com/shopdetail/140998181" "Mozilla/5.0 (Linux; Android 6.0.1; Nexus 5X Build/MMB29P) AppleWebKit/537.36 (KHTML, like Gecko) Chrome/137.0.7151.119 Mobile Safari/537.36"
74.125.150.128 - - [20/Jul/2025:06:22:43 +0000] "GET /wp-content/uploads/2025/04/page-header-bg-1-1.png HTTP/1.1" 200 43513 "https://diamondtiptiling.com/shopdetail/140998181" "Mozilla/5.0 (Linux; Android 6.0.1; Nexus 5X Build/MMB29P) AppleWebKit/537.36 (KHTML, like Gecko) Chrome/137.0.7151.119 Mobile Safari/537.36"
74.125.150.128 - - [20/Jul/2025:06:22:43 +0000] "GET /wp-content/themes/floens/assets/images/close.png HTTP/1.1" 200 1302 "https://diamondtiptiling.com/wp-content/themes/floens/style.css?ver=6.8.2" "Mozilla/5.0 (Linux; Android 6.0.1; Nexus 5X Build/MMB29P) AppleWebKit/537.36 (KHTML, like Gecko) Chrome/137.0.7151.119 Mobile Safari/537.36"
74.125.150.128 - - [20/Jul/2025:06:22:43 +0000] "GET /wp-content/uploads/2024/01/footer-bg-1-1.png HTTP/1.1" 200 117589 "https://diamondtiptiling.com/wp-content/uploads/elementor/css/post-176.css?ver=1748500559" "Mozilla/5.0 (Linux; Android 6.0.1; Nexus 5X Build/MMB29P) AppleWebKit/537.36 (KHTML, like Gecko) Chrome/137.0.7151.119 Mobile Safari/537.36"
74.125.150.129 - - [20/Jul/2025:06:22:43 +0000] "GET /wp-content/plugins/floens-addon/assets/vendors/floens-icons/fonts/icomoon.ttf?aa2zsr HTTP/1.1" 200 10194 "https://diamondtiptiling.com/wp-content/plugins/floens-addon/assets/vendors/floens-icons/style.css?ver=1.1" "Mozilla/5.0 (Linux; Android 6.0.1; Nexus 5X Build/MMB29P) AppleWebKit/537.36 (KHTML, like Gecko) Chrome/137.0.7151.119 Mobile Safari/537.36"
74.125.150.128 - - [20/Jul/2025:06:22:43 +0000] "GET /wp-content/themes/floens/assets/vendors/fontawesome/webfonts/fa-brands-400.woff2 HTTP/1.1" 200 78493 "https://diamondtiptiling.com/wp-content/themes/floens/assets/vendors/fontawesome/css/all.min.css?ver=5.15.1" "Mozilla/5.0 (Linux; Android 6.0.1; Nexus 5X Build/MMB29P) AppleWebKit/537.36 (KHTML, like Gecko) Chrome/137.0.7151.119 Mobile Safari/537.36"
74.125.150.129 - - [20/Jul/2025:06:22:43 +0000] "GET /wp-content/themes/floens/assets/vendors/fontawesome/webfonts/fa-solid-900.woff2 HTTP/1.1" 200 80265 "https://diamondtiptiling.com/wp-content/themes/floens/assets/vendors/fontawesome/css/all.min.css?ver=5.15.1" "Mozilla/5.0 (Linux; Android 6.0.1; Nexus 5X Build/MMB29P) AppleWebKit/537.36 (KHTML, like Gecko) Chrome/137.0.7151.119 Mobile Safari/537.36"
74.125.150.129 - - [20/Jul/2025:06:22:44 +0000] "GET /wp-includes/js/wp-emoji-release.min.js?ver=6.8.2 HTTP/1.1" 200 5163 "https://diamondtiptiling.com/shopdetail/140998181" "Mozilla/5.0 (Linux; Android 6.0.1; Nexus 5X Build/MMB29P) AppleWebKit/537.36 (KHTML, like Gecko) Chrome/137.0.7151.119 Mobile Safari/537.36"
74.125.150.128 - - [20/Jul/2025:06:22:44 +0000] "POST /?wc-ajax=woosw_get_data HTTP/1.1" 200 192 "https://diamondtiptiling.com/shopdetail/140998181" "Mozilla/5.0 (Linux; Android 6.0.1; Nexus 5X Build/MMB29P) AppleWebKit/537.36 (KHTML, like Gecko) Chrome/137.0.7151.119 Mobile Safari/537.36"
74.125.150.128 - - [20/Jul/2025:06:22:44 +0000] "GET /wp-content/themes/floens/assets/vendors/floens-icons/fonts/icomoon.ttf?aa2zsr HTTP/1.1" 200 10194 "https://diamondtiptiling.com/wp-content/themes/floens/assets/vendors/floens-icons/style.css?ver=1.1" "Mozilla/5.0 (Linux; Android 6.0.1; Nexus 5X Build/MMB29P) AppleWebKit/537.36 (KHTML, like Gecko) Chrome/137.0.7151.119 Mobile Safari/537.36"
74.125.150.129 - - [20/Jul/2025:06:22:44 +0000] "GET /wp-content/plugins/elementor/assets/js/shared-frontend-handlers.30dc2f9c080845a413a6.bundle.min.js HTTP/1.1" 200 2682 "https://diamondtiptiling.com/shopdetail/140998181" "Mozilla/5.0 (Linux; Android 6.0.1; Nexus 5X Build/MMB29P) AppleWebKit/537.36 (KHTML, like Gecko) Chrome/137.0.7151.119 Mobile Safari/537.36"
74.125.150.129 - - [20/Jul/2025:06:22:44 +0000] "GET /wp-content/uploads/elementor/google-fonts/fonts/roboto-kfo7cnqeu92fr1me7ksn66agldtyluama3yuba.woff2 HTTP/1.1" 200 40156 "https://diamondtiptiling.com/wp-content/uploads/elementor/google-fonts/css/roboto.css?ver=1744546798" "Mozilla/5.0 (Linux; Android 6.0.1; Nexus 5X Build/MMB29P) AppleWebKit/537.36 (KHTML, like Gecko) Chrome/137.0.7151.119 Mobile Safari/537.36"
209.74.77.214 - - [20/Jul/2025:06:23:22 +0000] "POST /wp-cron.php?doing_wp_cron=1752992602.3306200504302978515625 HTTP/1.1" 200 - "-" "WordPress/6.8.2; https://diamondtiptiling.com"
175.100.46.104 - - [20/Jul/2025:06:23:20 +0000] "POST /xmlrpc.php HTTP/1.1" 200 403 "-" "Mozilla/5.0 (Windows NT 10.0; Win64; x64) AppleWebKit/537.36 (KHTML, like Gecko) Chrome/91.0.4472.124 Safari/537.36"
209.74.77.214 - - [20/Jul/2025:06:24:39 +0000] "POST /wp-cron.php?doing_wp_cron=1752992679.1247470378875732421875 HTTP/1.1" 200 - "-" "WordPress/6.8.2; https://diamondtiptiling.com"
187.87.20.120 - - [20/Jul/2025:06:24:37 +0000] "POST /xmlrpc.php HTTP/1.1" 200 403 "-" "Mozilla/5.0 (Windows NT 10.0; Win64; x64) AppleWebKit/537.36 (KHTML, like Gecko) Chrome/91.0.4472.124 Safari/537.36"
175.100.46.104 - - [20/Jul/2025:06:24:40 +0000] "POST /xmlrpc.php HTTP/1.1" 200 403 "-" "Mozilla/5.0 (Windows NT 10.0; Win64; x64) AppleWebKit/537.36 (KHTML, like Gecko) Chrome/91.0.4472.124 Safari/537.36"
209.74.77.214 - - [20/Jul/2025:06:25:55 +0000] "POST /wp-cron.php?doing_wp_cron=1752992755.6042809486389160156250 HTTP/1.1" 200 - "-" "WordPress/6.8.2; https://diamondtiptiling.com"
175.100.46.104 - - [20/Jul/2025:06:25:54 +0000] "POST /xmlrpc.php HTTP/1.1" 200 403 "-" "Mozilla/5.0 (Windows NT 10.0; Win64; x64) AppleWebKit/537.36 (KHTML, like Gecko) Chrome/91.0.4472.124 Safari/537.36"
209.74.77.214 - - [20/Jul/2025:06:26:23 +0000] "POST /wp-cron.php?doing_wp_cron=1752992783.8824439048767089843750 HTTP/1.1" 200 - "-" "WordPress/6.8.2; https://diamondtiptiling.com"
187.87.20.120 - - [20/Jul/2025:06:26:23 +0000] "POST /xmlrpc.php HTTP/1.1" 200 403 "-" "Mozilla/5.0 (Windows NT 10.0; Win64; x64) AppleWebKit/537.36 (KHTML, like Gecko) Chrome/91.0.4472.124 Safari/537.36"
66.249.68.130 - - [20/Jul/2025:06:27:08 +0000] "GET /shopdetail/38640081 HTTP/1.1" 200 24987 "-" "Mozilla/5.0 (Linux; Android 6.0.1; Nexus 5X Build/MMB29P) AppleWebKit/537.36 (KHTML, like Gecko) Chrome/137.0.7151.103 Mobile Safari/537.36 (compatible; Googlebot/2.1; +http://www.google.com/bot.html)"
209.74.77.214 - - [20/Jul/2025:06:27:18 +0000] "POST /wp-cron.php?doing_wp_cron=1752992838.3962149620056152343750 HTTP/1.1" 200 - "-" "WordPress/6.8.2; https://diamondtiptiling.com"
175.100.46.104 - - [20/Jul/2025:06:27:17 +0000] "POST /xmlrpc.php HTTP/1.1" 200 403 "-" "Mozilla/5.0 (Windows NT 10.0; Win64; x64) AppleWebKit/537.36 (KHTML, like Gecko) Chrome/91.0.4472.124 Safari/537.36"
209.74.77.214 - - [20/Jul/2025:06:28:16 +0000] "POST /wp-cron.php?doing_wp_cron=1752992896.3922989368438720703125 HTTP/1.1" 200 - "-" "WordPress/6.8.2; https://diamondtiptiling.com"
187.87.20.120 - - [20/Jul/2025:06:28:14 +0000] "POST /xmlrpc.php HTTP/1.1" 200 403 "-" "Mozilla/5.0 (Windows NT 10.0; Win64; x64) AppleWebKit/537.36 (KHTML, like Gecko) Chrome/91.0.4472.124 Safari/537.36"
175.100.46.104 - - [20/Jul/2025:06:28:30 +0000] "POST /xmlrpc.php HTTP/1.1" 200 403 "-" "Mozilla/5.0 (Windows NT 10.0; Win64; x64) AppleWebKit/537.36 (KHTML, like Gecko) Chrome/91.0.4472.124 Safari/537.36"
209.74.77.214 - - [20/Jul/2025:06:29:06 +0000] "POST /wp-cron.php?doing_wp_cron=1752992946.0691680908203125000000 HTTP/1.1" 200 - "-" "WordPress/6.8.2; https://diamondtiptiling.com"
216.247.24.157 - - [20/Jul/2025:06:29:04 +0000] "GET /wp-json/wp/v2/users HTTP/1.1" 200 1579 "-" "Mozilla/4.0 (compatible; Win32; WinHttp.WinHttpRequest.5)"
175.100.46.104 - - [20/Jul/2025:06:29:37 +0000] "POST /xmlrpc.php HTTP/1.1" 200 403 "-" "Mozilla/5.0 (Windows NT 10.0; Win64; x64) AppleWebKit/537.36 (KHTML, like Gecko) Chrome/91.0.4472.124 Safari/537.36"
66.249.68.129 - - [20/Jul/2025:06:29:40 +0000] "GET /shopdetail/179099381 HTTP/1.1" 200 24673 "-" "Mozilla/5.0 (Linux; Android 6.0.1; Nexus 5X Build/MMB29P) AppleWebKit/537.36 (KHTML, like Gecko) Chrome/137.0.7151.103 Mobile Safari/537.36 (compatible; Googlebot/2.1; +http://www.google.com/bot.html)"
187.87.20.120 - - [20/Jul/2025:06:29:59 +0000] "POST /xmlrpc.php HTTP/1.1" 200 403 "-" "Mozilla/5.0 (Windows NT 10.0; Win64; x64) AppleWebKit/537.36 (KHTML, like Gecko) Chrome/91.0.4472.124 Safari/537.36"
209.74.77.214 - - [20/Jul/2025:06:31:39 +0000] "POST /wp-cron.php?doing_wp_cron=1752993099.6605150699615478515625 HTTP/1.1" 200 - "-" "WordPress/6.8.2; https://diamondtiptiling.com"
216.247.24.157 - - [20/Jul/2025:06:31:38 +0000] "POST /xmlrpc.php HTTP/1.1" 200 403 "-" "Mozilla/5.0 (X11; Ubuntu; Linux x86_64; arm64) AppleWebKit/537.36 (KHTML, like Gecko) Firefox/98.0.0.0 Safari/537.36"
187.87.20.120 - - [20/Jul/2025:06:31:45 +0000] "POST /xmlrpc.php HTTP/1.1" 200 403 "-" "Mozilla/5.0 (Windows NT 10.0; Win64; x64) AppleWebKit/537.36 (KHTML, like Gecko) Chrome/91.0.4472.124 Safari/537.36"
66.249.68.129 - - [20/Jul/2025:06:32:13 +0000] "GET /shopdetail/178482181 HTTP/1.1" 200 25529 "-" "Mozilla/5.0 (Linux; Android 6.0.1; Nexus 5X Build/MMB29P) AppleWebKit/537.36 (KHTML, like Gecko) Chrome/137.0.7151.103 Mobile Safari/537.36 (compatible; Googlebot/2.1; +http://www.google.com/bot.html)"
209.74.77.214 - - [20/Jul/2025:06:33:39 +0000] "POST /wp-cron.php?doing_wp_cron=1752993218.9711940288543701171875 HTTP/1.1" 200 - "-" "WordPress/6.8.2; https://diamondtiptiling.com"
187.87.20.120 - - [20/Jul/2025:06:33:37 +0000] "POST /xmlrpc.php HTTP/1.1" 200 403 "-" "Mozilla/5.0 (Windows NT 10.0; Win64; x64) AppleWebKit/537.36 (KHTML, like Gecko) Chrome/91.0.4472.124 Safari/537.36"
57.141.2.23 - - [20/Jul/2025:06:33:43 +0000] "GET /product/852753364.shtm HTTP/1.1" 404 80913 "-" "meta-externalagent/1.1 (+https://developers.facebook.com/docs/sharing/webmasters/crawler)"
216.247.24.157 - - [20/Jul/2025:06:33:58 +0000] "POST /xmlrpc.php HTTP/1.1" 200 403 "-" "Mozilla/5.0 (Linux; Android 10; x64) AppleWebKit/537.36 (KHTML, like Gecko) Opera/71.0.0.0 Safari/537.36"
66.249.68.128 - - [20/Jul/2025:06:34:44 +0000] "GET /shopdetail/116936981 HTTP/1.1" 200 24917 "-" "Mozilla/5.0 (Linux; Android 6.0.1; Nexus 5X Build/MMB29P) AppleWebKit/537.36 (KHTML, like Gecko) Chrome/137.0.7151.103 Mobile Safari/537.36 (compatible; Googlebot/2.1; +http://www.google.com/bot.html)"
209.74.77.214 - - [20/Jul/2025:06:35:31 +0000] "POST /wp-cron.php?doing_wp_cron=1752993331.2713780403137207031250 HTTP/1.1" 200 - "-" "WordPress/6.8.2; https://diamondtiptiling.com"
187.87.20.120 - - [20/Jul/2025:06:35:29 +0000] "POST /xmlrpc.php HTTP/1.1" 200 403 "-" "Mozilla/5.0 (Windows NT 10.0; Win64; x64) AppleWebKit/537.36 (KHTML, like Gecko) Chrome/91.0.4472.124 Safari/537.36"
209.74.77.214 - - [20/Jul/2025:06:36:15 +0000] "POST /wp-cron.php?doing_wp_cron=1752993375.8175818920135498046875 HTTP/1.1" 200 - "-" "WordPress/6.8.2; https://diamondtiptiling.com"
216.247.24.157 - - [20/Jul/2025:06:36:14 +0000] "POST /xmlrpc.php HTTP/1.1" 200 403 "-" "Mozilla/5.0 (Macintosh; Intel Mac OS X 10_15_7; x64) AppleWebKit/537.36 (KHTML, like Gecko) Chrome/99.0.0.0 Safari/537.36"
66.249.68.129 - - [20/Jul/2025:06:37:17 +0000] "GET /product/102247077.shtm HTTP/1.1" 200 25649 "-" "Mozilla/5.0 (Linux; Android 6.0.1; Nexus 5X Build/MMB29P) AppleWebKit/537.36 (KHTML, like Gecko) Chrome/137.0.7151.103 Mobile Safari/537.36 (compatible; Googlebot/2.1; +http://www.google.com/bot.html)"
209.74.77.214 - - [20/Jul/2025:06:37:18 +0000] "POST /wp-cron.php?doing_wp_cron=1752993438.4454979896545410156250 HTTP/1.1" 200 - "-" "WordPress/6.8.2; https://diamondtiptiling.com"
187.87.20.120 - - [20/Jul/2025:06:37:16 +0000] "POST /xmlrpc.php HTTP/1.1" 200 403 "-" "Mozilla/5.0 (Windows NT 10.0; Win64; x64) AppleWebKit/537.36 (KHTML, like Gecko) Chrome/91.0.4472.124 Safari/537.36"
209.74.77.214 - - [20/Jul/2025:06:38:42 +0000] "POST /wp-cron.php?doing_wp_cron=1752993522.7980010509490966796875 HTTP/1.1" 200 - "-" "WordPress/6.8.2; https://diamondtiptiling.com"
216.247.24.157 - - [20/Jul/2025:06:38:41 +0000] "POST /xmlrpc.php HTTP/1.1" 200 403 "-" "Mozilla/5.0 (Windows NT 10.0; arm64) AppleWebKit/537.36 (KHTML, like Gecko) Chrome/101.0.0.0 Safari/537.36"
66.249.68.128 - - [20/Jul/2025:06:39:49 +0000] "GET /product/102805377.shtm HTTP/1.1" 200 25159 "-" "Mozilla/5.0 (Linux; Android 6.0.1; Nexus 5X Build/MMB29P) AppleWebKit/537.36 (KHTML, like Gecko) Chrome/137.0.7151.103 Mobile Safari/537.36 (compatible; Googlebot/2.1; +http://www.google.com/bot.html)"
209.74.77.214 - - [20/Jul/2025:06:41:02 +0000] "POST /wp-cron.php?doing_wp_cron=1752993662.0953729152679443359375 HTTP/1.1" 200 - "-" "WordPress/6.8.2; https://diamondtiptiling.com"
57.141.2.20 - - [20/Jul/2025:06:41:00 +0000] "GET /product/853315043.shtm HTTP/1.1" 404 80913 "-" "meta-externalagent/1.1 (+https://developers.facebook.com/docs/sharing/webmasters/crawler)"
209.74.77.214 - - [20/Jul/2025:06:41:08 +0000] "POST /wp-cron.php?doing_wp_cron=1752993668.6068899631500244140625 HTTP/1.1" 200 - "-" "WordPress/6.8.2; https://diamondtiptiling.com"
57.141.2.6 - - [20/Jul/2025:06:41:08 +0000] "GET /product/2783007000.shtm HTTP/1.1" 404 80913 "-" "meta-externalagent/1.1 (+https://developers.facebook.com/docs/sharing/webmasters/crawler)"
187.87.20.120 - - [20/Jul/2025:06:41:11 +0000] "POST /xmlrpc.php HTTP/1.1" 200 403 "-" "Mozilla/5.0 (Windows NT 10.0; Win64; x64) AppleWebKit/537.36 (KHTML, like Gecko) Chrome/91.0.4472.124 Safari/537.36"
216.247.24.157 - - [20/Jul/2025:06:41:21 +0000] "POST /xmlrpc.php HTTP/1.1" 200 403 "-" "Mozilla/5.0 (Linux; Android 10; arm64) AppleWebKit/537.36 (KHTML, like Gecko) Firefox/72.0.0.0 Safari/537.36"
66.249.68.128 - - [20/Jul/2025:06:42:21 +0000] "GET /product/102257607.shtm HTTP/1.1" 200 26429 "-" "Mozilla/5.0 (Linux; Android 6.0.1; Nexus 5X Build/MMB29P) AppleWebKit/537.36 (KHTML, like Gecko) Chrome/137.0.7151.103 Mobile Safari/537.36 (compatible; Googlebot/2.1; +http://www.google.com/bot.html)"
209.74.77.214 - - [20/Jul/2025:06:43:06 +0000] "POST /wp-cron.php?doing_wp_cron=1752993786.5653328895568847656250 HTTP/1.1" 200 - "-" "WordPress/6.8.2; https://diamondtiptiling.com"
187.87.20.120 - - [20/Jul/2025:06:43:05 +0000] "POST /xmlrpc.php HTTP/1.1" 200 403 "-" "Mozilla/5.0 (Windows NT 10.0; Win64; x64) AppleWebKit/537.36 (KHTML, like Gecko) Chrome/91.0.4472.124 Safari/537.36"
216.247.24.157 - - [20/Jul/2025:06:43:58 +0000] "POST /xmlrpc.php HTTP/1.1" 200 403 "-" "Mozilla/5.0 (X11; Ubuntu; Linux x86_64; x86) AppleWebKit/537.36 (KHTML, like Gecko) Opera/74.0.0.0 Safari/537.36"
209.74.77.214 - - [20/Jul/2025:06:45:03 +0000] "POST /wp-cron.php?doing_wp_cron=1752993903.1322929859161376953125 HTTP/1.1" 200 - "-" "WordPress/6.8.2; https://diamondtiptiling.com"
187.87.20.120 - - [20/Jul/2025:06:45:01 +0000] "POST /xmlrpc.php HTTP/1.1" 200 403 "-" "Mozilla/5.0 (Windows NT 10.0; Win64; x64) AppleWebKit/537.36 (KHTML, like Gecko) Chrome/91.0.4472.124 Safari/537.36"
216.73.216.66 - - [20/Jul/2025:06:46:14 +0000] "GET /robots.txt HTTP/1.1" 200 111 "-" "Mozilla/5.0 AppleWebKit/537.36 (KHTML, like Gecko; compatible; ClaudeBot/1.0; [email protected])"
216.73.216.66 - - [20/Jul/2025:06:46:14 +0000] "GET /wp-sitemap.xml HTTP/1.1" 200 4761 "-" "Mozilla/5.0 AppleWebKit/537.36 (KHTML, like Gecko; compatible; ClaudeBot/1.0; [email protected])"
209.74.77.214 - - [20/Jul/2025:06:46:40 +0000] "POST /wp-cron.php?doing_wp_cron=1752994000.7225589752197265625000 HTTP/1.1" 200 - "-" "WordPress/6.8.2; https://diamondtiptiling.com"
