57.141.2.27 - - [19/Jul/2025:16:19:34 +0000] "GET /shopdetail/148006881 HTTP/1.1" 404 80913 "-" "meta-externalagent/1.1 (+https://developers.facebook.com/docs/sharing/webmasters/crawler)"
209.74.77.214 - - [19/Jul/2025:16:21:05 +0000] "POST /wp-cron.php?doing_wp_cron=1752942065.1287848949432373046875 HTTP/1.1" 200 - "-" "WordPress/6.8.2; https://diamondtiptiling.com"
57.141.2.22 - - [19/Jul/2025:16:21:04 +0000] "GET /shopdetail/59463381 HTTP/1.1" 404 80913 "-" "meta-externalagent/1.1 (+https://developers.facebook.com/docs/sharing/webmasters/crawler)"
209.74.77.214 - - [19/Jul/2025:16:24:28 +0000] "POST /wp-cron.php?doing_wp_cron=1752942268.0927670001983642578125 HTTP/1.1" 200 - "-" "WordPress/6.8.2; https://diamondtiptiling.com"
57.141.2.28 - - [19/Jul/2025:16:24:26 +0000] "GET /shopdetail/180884181 HTTP/1.1" 404 80913 "-" "meta-externalagent/1.1 (+https://developers.facebook.com/docs/sharing/webmasters/crawler)"
57.141.2.23 - - [19/Jul/2025:16:24:32 +0000] "GET /shopdetail/38013581 HTTP/1.1" 404 80913 "-" "meta-externalagent/1.1 (+https://developers.facebook.com/docs/sharing/webmasters/crawler)"
209.74.77.214 - - [19/Jul/2025:16:27:34 +0000] "POST /wp-cron.php?doing_wp_cron=1752942454.6848199367523193359375 HTTP/1.1" 200 - "-" "WordPress/6.8.2; https://diamondtiptiling.com"
57.141.2.22 - - [19/Jul/2025:16:27:33 +0000] "GET /product/2783477257.shtm HTTP/1.1" 404 80913 "-" "meta-externalagent/1.1 (+https://developers.facebook.com/docs/sharing/webmasters/crawler)"
57.141.2.23 - - [19/Jul/2025:16:27:36 +0000] "GET /shopdetail/29515881 HTTP/1.1" 404 80913 "-" "meta-externalagent/1.1 (+https://developers.facebook.com/docs/sharing/webmasters/crawler)"
57.141.2.26 - - [19/Jul/2025:16:27:39 +0000] "GET /product/2783087698.shtm HTTP/1.1" 404 80913 "-" "meta-externalagent/1.1 (+https://developers.facebook.com/docs/sharing/webmasters/crawler)"
57.141.2.12 - - [19/Jul/2025:16:27:53 +0000] "GET /product/2783429466.shtm HTTP/1.1" 404 80913 "-" "meta-externalagent/1.1 (+https://developers.facebook.com/docs/sharing/webmasters/crawler)"
57.141.2.28 - - [19/Jul/2025:16:28:00 +0000] "GET /product/2782912543.shtm HTTP/1.1" 404 80913 "-" "meta-externalagent/1.1 (+https://developers.facebook.com/docs/sharing/webmasters/crawler)"
57.141.2.16 - - [19/Jul/2025:16:28:02 +0000] "GET /product/2783295748.shtm HTTP/1.1" 404 80913 "-" "meta-externalagent/1.1 (+https://developers.facebook.com/docs/sharing/webmasters/crawler)"
57.141.2.14 - - [19/Jul/2025:16:28:03 +0000] "GET /product/853163252.shtm HTTP/1.1" 404 80913 "-" "meta-externalagent/1.1 (+https://developers.facebook.com/docs/sharing/webmasters/crawler)"
209.74.77.214 - - [19/Jul/2025:16:28:06 +0000] "POST /wp-cron.php?doing_wp_cron=1752942486.3750839233398437500000 HTTP/1.1" 200 - "-" "WordPress/6.8.2; https://diamondtiptiling.com"
57.141.2.10 - - [19/Jul/2025:16:28:06 +0000] "GET /product/2783220413.shtm HTTP/1.1" 404 80913 "-" "meta-externalagent/1.1 (+https://developers.facebook.com/docs/sharing/webmasters/crawler)"
66.249.68.129 - - [19/Jul/2025:16:28:07 +0000] "GET /shopdetail/164332781 HTTP/1.1" 200 25427 "-" "Mozilla/5.0 (Linux; Android 6.0.1; Nexus 5X Build/MMB29P) AppleWebKit/537.36 (KHTML, like Gecko) Chrome/137.0.7151.103 Mobile Safari/537.36 (compatible; Googlebot/2.1; +http://www.google.com/bot.html)"
57.141.2.26 - - [19/Jul/2025:16:28:08 +0000] "GET /product/2783251198.shtm HTTP/1.1" 404 80913 "-" "meta-externalagent/1.1 (+https://developers.facebook.com/docs/sharing/webmasters/crawler)"
57.141.2.4 - - [19/Jul/2025:16:28:09 +0000] "GET /product/2783499634.shtm HTTP/1.1" 404 80913 "-" "meta-externalagent/1.1 (+https://developers.facebook.com/docs/sharing/webmasters/crawler)"
57.141.2.19 - - [19/Jul/2025:16:28:10 +0000] "GET /product/2783170436.shtm HTTP/1.1" 404 80913 "-" "meta-externalagent/1.1 (+https://developers.facebook.com/docs/sharing/webmasters/crawler)"
57.141.2.4 - - [19/Jul/2025:16:28:37 +0000] "GET /product/852939247.shtm HTTP/1.1" 404 80913 "-" "meta-externalagent/1.1 (+https://developers.facebook.com/docs/sharing/webmasters/crawler)"
57.141.2.5 - - [19/Jul/2025:16:28:52 +0000] "GET /shopdetail/118949481 HTTP/1.1" 404 80913 "-" "meta-externalagent/1.1 (+https://developers.facebook.com/docs/sharing/webmasters/crawler)"
209.74.77.214 - - [19/Jul/2025:16:29:16 +0000] "POST /wp-cron.php?doing_wp_cron=1752942556.2612700462341308593750 HTTP/1.1" 200 - "-" "WordPress/6.8.2; https://diamondtiptiling.com"
57.141.2.4 - - [19/Jul/2025:16:29:16 +0000] "GET /product/2783287274.shtm HTTP/1.1" 404 80913 "-" "meta-externalagent/1.1 (+https://developers.facebook.com/docs/sharing/webmasters/crawler)"
66.249.68.128 - - [19/Jul/2025:16:31:33 +0000] "GET /shopdetail/11440481 HTTP/1.1" 200 26024 "-" "Mozilla/5.0 (Linux; Android 6.0.1; Nexus 5X Build/MMB29P) AppleWebKit/537.36 (KHTML, like Gecko) Chrome/137.0.7151.103 Mobile Safari/537.36 (compatible; Googlebot/2.1; +http://www.google.com/bot.html)"
209.74.77.214 - - [19/Jul/2025:16:32:02 +0000] "POST /wp-cron.php?doing_wp_cron=1752942722.3430299758911132812500 HTTP/1.1" 200 - "-" "WordPress/6.8.2; https://diamondtiptiling.com"
57.141.2.1 - - [19/Jul/2025:16:32:01 +0000] "GET /shopdetail/155392881 HTTP/1.1" 404 80913 "-" "meta-externalagent/1.1 (+https://developers.facebook.com/docs/sharing/webmasters/crawler)"
209.74.77.214 - - [19/Jul/2025:16:34:20 +0000] "POST /wp-cron.php?doing_wp_cron=1752942860.7318239212036132812500 HTTP/1.1" 200 - "-" "WordPress/6.8.2; https://diamondtiptiling.com"
57.141.2.6 - - [19/Jul/2025:16:34:19 +0000] "GET /shopdetail/178892781 HTTP/1.1" 404 80913 "-" "meta-externalagent/1.1 (+https://developers.facebook.com/docs/sharing/webmasters/crawler)"
66.249.68.130 - - [19/Jul/2025:16:35:45 +0000] "GET /shopdetail/163368681 HTTP/1.1" 200 24928 "-" "Mozilla/5.0 (Linux; Android 6.0.1; Nexus 5X Build/MMB29P) AppleWebKit/537.36 (KHTML, like Gecko) Chrome/137.0.7151.103 Mobile Safari/537.36 (compatible; Googlebot/2.1; +http://www.google.com/bot.html)"
209.74.77.214 - - [19/Jul/2025:16:36:21 +0000] "POST /wp-cron.php?doing_wp_cron=1752942981.5726559162139892578125 HTTP/1.1" 200 - "-" "WordPress/6.8.2; https://diamondtiptiling.com"
57.141.2.22 - - [19/Jul/2025:16:36:20 +0000] "GET /shopdetail/52079581 HTTP/1.1" 404 80913 "-" "meta-externalagent/1.1 (+https://developers.facebook.com/docs/sharing/webmasters/crawler)"
209.74.77.214 - - [19/Jul/2025:16:38:56 +0000] "POST /wp-cron.php?doing_wp_cron=1752943136.1625208854675292968750 HTTP/1.1" 200 - "-" "WordPress/6.8.2; https://diamondtiptiling.com"
57.141.2.20 - - [19/Jul/2025:16:38:55 +0000] "GET /shopdetail/19151881 HTTP/1.1" 404 80913 "-" "meta-externalagent/1.1 (+https://developers.facebook.com/docs/sharing/webmasters/crawler)"
57.141.2.28 - - [19/Jul/2025:16:38:59 +0000] "GET /shopdetail/7127281 HTTP/1.1" 404 80913 "-" "meta-externalagent/1.1 (+https://developers.facebook.com/docs/sharing/webmasters/crawler)"
209.74.77.214 - - [19/Jul/2025:16:40:02 +0000] "POST /wp-cron.php?doing_wp_cron=1752943202.7276089191436767578125 HTTP/1.1" 200 - "-" "WordPress/6.8.2; https://diamondtiptiling.com"
57.141.2.30 - - [19/Jul/2025:16:40:00 +0000] "GET /shopdetail/138173081 HTTP/1.1" 404 80913 "-" "meta-externalagent/1.1 (+https://developers.facebook.com/docs/sharing/webmasters/crawler)"
66.249.68.130 - - [19/Jul/2025:16:40:02 +0000] "GET /shopdetail/93467581 HTTP/1.1" 200 25520 "-" "Mozilla/5.0 (Linux; Android 6.0.1; Nexus 5X Build/MMB29P) AppleWebKit/537.36 (KHTML, like Gecko) Chrome/137.0.7151.103 Mobile Safari/537.36 (compatible; Googlebot/2.1; +http://www.google.com/bot.html)"
209.74.77.214 - - [19/Jul/2025:16:43:42 +0000] "POST /wp-cron.php?doing_wp_cron=1752943422.7045791149139404296875 HTTP/1.1" 200 - "-" "WordPress/6.8.2; https://diamondtiptiling.com"
57.141.2.24 - - [19/Jul/2025:16:43:41 +0000] "GET /shopdetail/55921381 HTTP/1.1" 404 80913 "-" "meta-externalagent/1.1 (+https://developers.facebook.com/docs/sharing/webmasters/crawler)"
57.141.2.16 - - [19/Jul/2025:16:44:03 +0000] "GET /product/852897808.shtm HTTP/1.1" 404 80913 "-" "meta-externalagent/1.1 (+https://developers.facebook.com/docs/sharing/webmasters/crawler)"
209.74.77.214 - - [19/Jul/2025:16:44:10 +0000] "POST /wp-cron.php?doing_wp_cron=1752943450.9414260387420654296875 HTTP/1.1" 200 - "-" "WordPress/6.8.2; https://diamondtiptiling.com"
57.141.2.7 - - [19/Jul/2025:16:44:10 +0000] "GET /product/2783085510.shtm HTTP/1.1" 404 80913 "-" "meta-externalagent/1.1 (+https://developers.facebook.com/docs/sharing/webmasters/crawler)"
57.141.2.12 - - [19/Jul/2025:16:44:13 +0000] "GET /product/2782750092.shtm HTTP/1.1" 404 80913 "-" "meta-externalagent/1.1 (+https://developers.facebook.com/docs/sharing/webmasters/crawler)"
57.141.2.5 - - [19/Jul/2025:16:44:14 +0000] "GET /product/2782753333.shtm HTTP/1.1" 404 80913 "-" "meta-externalagent/1.1 (+https://developers.facebook.com/docs/sharing/webmasters/crawler)"
57.141.2.5 - - [19/Jul/2025:16:44:16 +0000] "GET /product/2783197045.shtm HTTP/1.1" 404 80913 "-" "meta-externalagent/1.1 (+https://developers.facebook.com/docs/sharing/webmasters/crawler)"
57.141.2.20 - - [19/Jul/2025:16:44:16 +0000] "GET /product/852843663.shtm HTTP/1.1" 404 80913 "-" "meta-externalagent/1.1 (+https://developers.facebook.com/docs/sharing/webmasters/crawler)"
57.141.2.7 - - [19/Jul/2025:16:44:16 +0000] "GET /product/2782811658.shtm HTTP/1.1" 404 80913 "-" "meta-externalagent/1.1 (+https://developers.facebook.com/docs/sharing/webmasters/crawler)"
66.249.68.129 - - [19/Jul/2025:16:44:19 +0000] "GET /shopdetail/116646081 HTTP/1.1" 200 25502 "-" "Mozilla/5.0 (Linux; Android 6.0.1; Nexus 5X Build/MMB29P) AppleWebKit/537.36 (KHTML, like Gecko) Chrome/137.0.7151.103 Mobile Safari/537.36 (compatible; Googlebot/2.1; +http://www.google.com/bot.html)"
57.141.2.23 - - [19/Jul/2025:16:44:21 +0000] "GET /product/2783181160.shtm HTTP/1.1" 404 80913 "-" "meta-externalagent/1.1 (+https://developers.facebook.com/docs/sharing/webmasters/crawler)"
57.141.2.24 - - [19/Jul/2025:16:44:31 +0000] "GET /product/2783019772.shtm HTTP/1.1" 404 80913 "-" "meta-externalagent/1.1 (+https://developers.facebook.com/docs/sharing/webmasters/crawler)"
66.249.68.129 - - [19/Jul/2025:16:48:37 +0000] "GET /shopdetail/98500081 HTTP/1.1" 200 25524 "-" "Mozilla/5.0 (Linux; Android 6.0.1; Nexus 5X Build/MMB29P) AppleWebKit/537.36 (KHTML, like Gecko) Chrome/137.0.7151.103 Mobile Safari/537.36 (compatible; Googlebot/2.1; +http://www.google.com/bot.html)"
209.74.77.214 - - [19/Jul/2025:16:48:49 +0000] "POST /wp-cron.php?doing_wp_cron=1752943729.8202970027923583984375 HTTP/1.1" 200 - "-" "WordPress/6.8.2; https://diamondtiptiling.com"
57.141.2.21 - - [19/Jul/2025:16:48:48 +0000] "GET /shopdetail/65101381 HTTP/1.1" 404 80913 "-" "meta-externalagent/1.1 (+https://developers.facebook.com/docs/sharing/webmasters/crawler)"
66.249.68.129 - - [19/Jul/2025:16:52:54 +0000] "GET /product/102358488.shtm HTTP/1.1" 200 25006 "-" "Mozilla/5.0 (Linux; Android 6.0.1; Nexus 5X Build/MMB29P) AppleWebKit/537.36 (KHTML, like Gecko) Chrome/137.0.7151.103 Mobile Safari/537.36 (compatible; Googlebot/2.1; +http://www.google.com/bot.html)"
209.74.77.214 - - [19/Jul/2025:16:57:08 +0000] "POST /wp-cron.php?doing_wp_cron=1752944228.3105421066284179687500 HTTP/1.1" 200 - "-" "WordPress/6.8.2; https://diamondtiptiling.com"
57.141.2.28 - - [19/Jul/2025:16:57:06 +0000] "GET /product/852957252.shtm HTTP/1.1" 404 80913 "-" "meta-externalagent/1.1 (+https://developers.facebook.com/docs/sharing/webmasters/crawler)"
57.141.2.17 - - [19/Jul/2025:16:57:13 +0000] "GET /product/853008158.shtm HTTP/1.1" 404 80913 "-" "meta-externalagent/1.1 (+https://developers.facebook.com/docs/sharing/webmasters/crawler)"
57.141.2.27 - - [19/Jul/2025:16:57:17 +0000] "GET /shopdetail/62705581 HTTP/1.1" 404 80913 "-" "meta-externalagent/1.1 (+https://developers.facebook.com/docs/sharing/webmasters/crawler)"
57.141.2.12 - - [19/Jul/2025:16:57:17 +0000] "GET /product/2783370086.shtm HTTP/1.1" 404 80913 "-" "meta-externalagent/1.1 (+https://developers.facebook.com/docs/sharing/webmasters/crawler)"
57.141.2.21 - - [19/Jul/2025:16:57:18 +0000] "GET /product/852831940.shtm HTTP/1.1" 404 80913 "-" "meta-externalagent/1.1 (+https://developers.facebook.com/docs/sharing/webmasters/crawler)"
66.249.68.130 - - [19/Jul/2025:16:57:22 +0000] "GET /product/102603815.shtm HTTP/1.1" 200 24511 "-" "Mozilla/5.0 (Linux; Android 6.0.1; Nexus 5X Build/MMB29P) AppleWebKit/537.36 (KHTML, like Gecko) Chrome/137.0.7151.103 Mobile Safari/537.36 (compatible; Googlebot/2.1; +http://www.google.com/bot.html)"
57.141.2.21 - - [19/Jul/2025:16:57:39 +0000] "GET /product/2783561192.shtm HTTP/1.1" 404 80913 "-" "meta-externalagent/1.1 (+https://developers.facebook.com/docs/sharing/webmasters/crawler)"
57.141.2.11 - - [19/Jul/2025:16:57:44 +0000] "GET /product/2783172558.shtm HTTP/1.1" 404 80913 "-" "meta-externalagent/1.1 (+https://developers.facebook.com/docs/sharing/webmasters/crawler)"
209.74.77.214 - - [19/Jul/2025:16:59:55 +0000] "POST /wp-cron.php?doing_wp_cron=1752944395.1487710475921630859375 HTTP/1.1" 200 - "-" "WordPress/6.8.2; https://diamondtiptiling.com"
57.141.2.15 - - [19/Jul/2025:16:59:53 +0000] "GET /shopdetail/98171681 HTTP/1.1" 404 80913 "-" "meta-externalagent/1.1 (+https://developers.facebook.com/docs/sharing/webmasters/crawler)"
209.74.77.214 - - [19/Jul/2025:17:01:10 +0000] "POST /wp-cron.php?doing_wp_cron=1752944470.5159130096435546875000 HTTP/1.1" 200 - "-" "WordPress/6.8.2; https://diamondtiptiling.com"
57.141.2.26 - - [19/Jul/2025:17:01:08 +0000] "GET /shopdetail/124141981 HTTP/1.1" 404 80913 "-" "meta-externalagent/1.1 (+https://developers.facebook.com/docs/sharing/webmasters/crawler)"
209.74.77.214 - - [19/Jul/2025:17:02:36 +0000] "POST /wp-cron.php?doing_wp_cron=1752944556.1731851100921630859375 HTTP/1.1" 200 - "-" "WordPress/6.8.2; https://diamondtiptiling.com"
57.141.2.8 - - [19/Jul/2025:17:02:34 +0000] "GET /product/852917993.shtm HTTP/1.1" 404 80913 "-" "meta-externalagent/1.1 (+https://developers.facebook.com/docs/sharing/webmasters/crawler)"
209.74.77.214 - - [19/Jul/2025:17:12:49 +0000] "POST /wp-cron.php?doing_wp_cron=1752945169.6889140605926513671875 HTTP/1.1" 200 - "-" "WordPress/6.8.2; https://diamondtiptiling.com"
57.141.2.10 - - [19/Jul/2025:17:12:47 +0000] "GET /shopdetail/37178881 HTTP/1.1" 404 80913 "-" "meta-externalagent/1.1 (+https://developers.facebook.com/docs/sharing/webmasters/crawler)"
66.249.68.130 - - [19/Jul/2025:17:14:53 +0000] "GET /shopdetail/58007181 HTTP/1.1" 200 27830 "-" "Mozilla/5.0 (Linux; Android 6.0.1; Nexus 5X Build/MMB29P) AppleWebKit/537.36 (KHTML, like Gecko) Chrome/137.0.7151.103 Mobile Safari/537.36 (compatible; Googlebot/2.1; +http://www.google.com/bot.html)"
209.74.77.214 - - [19/Jul/2025:17:15:50 +0000] "POST /wp-cron.php?doing_wp_cron=1752945350.5355060100555419921875 HTTP/1.1" 200 - "-" "WordPress/6.8.2; https://diamondtiptiling.com"
57.141.2.28 - - [19/Jul/2025:17:15:48 +0000] "GET /product/853480603.shtm HTTP/1.1" 404 80913 "-" "meta-externalagent/1.1 (+https://developers.facebook.com/docs/sharing/webmasters/crawler)"
57.141.2.13 - - [19/Jul/2025:17:16:00 +0000] "GET /product/2783461436.shtm HTTP/1.1" 404 80913 "-" "meta-externalagent/1.1 (+https://developers.facebook.com/docs/sharing/webmasters/crawler)"
209.74.77.214 - - [19/Jul/2025:17:17:10 +0000] "POST /wp-cron.php?doing_wp_cron=1752945430.2140600681304931640625 HTTP/1.1" 200 - "-" "WordPress/6.8.2; https://diamondtiptiling.com"
57.141.2.26 - - [19/Jul/2025:17:17:08 +0000] "GET /product/852970024.shtm HTTP/1.1" 404 80913 "-" "meta-externalagent/1.1 (+https://developers.facebook.com/docs/sharing/webmasters/crawler)"
209.74.77.214 - - [19/Jul/2025:17:20:50 +0000] "POST /wp-cron.php?doing_wp_cron=1752945650.9150230884552001953125 HTTP/1.1" 200 - "-" "WordPress/6.8.2; https://diamondtiptiling.com"
57.141.2.19 - - [19/Jul/2025:17:20:49 +0000] "GET /shopdetail/155360781 HTTP/1.1" 404 80913 "-" "meta-externalagent/1.1 (+https://developers.facebook.com/docs/sharing/webmasters/crawler)"
209.74.77.214 - - [19/Jul/2025:17:23:44 +0000] "POST /wp-cron.php?doing_wp_cron=1752945824.8515770435333251953125 HTTP/1.1" 200 - "-" "WordPress/6.8.2; https://diamondtiptiling.com"
57.141.2.1 - - [19/Jul/2025:17:23:43 +0000] "GET /shopdetail/127113981 HTTP/1.1" 404 80913 "-" "meta-externalagent/1.1 (+https://developers.facebook.com/docs/sharing/webmasters/crawler)"
209.74.77.214 - - [19/Jul/2025:17:29:55 +0000] "POST /wp-cron.php?doing_wp_cron=1752946195.4432420730590820312500 HTTP/1.1" 200 - "-" "WordPress/6.8.2; https://diamondtiptiling.com"
57.141.2.27 - - [19/Jul/2025:17:29:53 +0000] "GET /shopdetail/15584881 HTTP/1.1" 404 80913 "-" "meta-externalagent/1.1 (+https://developers.facebook.com/docs/sharing/webmasters/crawler)"
209.74.77.214 - - [19/Jul/2025:17:30:29 +0000] "POST /wp-cron.php?doing_wp_cron=1752946229.2025859355926513671875 HTTP/1.1" 200 - "-" "WordPress/6.8.2; https://diamondtiptiling.com"
57.141.2.17 - - [19/Jul/2025:17:30:27 +0000] "GET /shopdetail/99968281 HTTP/1.1" 404 80913 "-" "meta-externalagent/1.1 (+https://developers.facebook.com/docs/sharing/webmasters/crawler)"
209.74.77.214 - - [19/Jul/2025:17:32:18 +0000] "POST /wp-cron.php?doing_wp_cron=1752946337.9701120853424072265625 HTTP/1.1" 200 - "-" "WordPress/6.8.2; https://diamondtiptiling.com"
57.141.2.27 - - [19/Jul/2025:17:32:16 +0000] "GET /shopdetail/7150781 HTTP/1.1" 404 80913 "-" "meta-externalagent/1.1 (+https://developers.facebook.com/docs/sharing/webmasters/crawler)"
45.227.253.15 - - [19/Jul/2025:17:32:38 +0000] "GET /wp-content/themes/floens/template-parts/layout/layout/index.php?ARRAY=7o2230223n313735323935303036362p2231223n22687474703n5p2s5p2s7n7334393476313373752r74616368652r70726s5p2s3s6p633q7068705s636s64655s6n6326743q313735323934363436362q3334303961313963626265343661613636356637343131623961356462373862222p2232223n223033626365663935343037336538346635363136326161316133333135633239222p2233223n223739356665343238326538306539353539353835323737623233313331633532222p2262696r675s70617373223n2231372q35302q35362q36382q37342q38372q3131227q HTTP/1.1" 200 102 "-" "Mozilla/5.0 (Windows NT 10.0; Win64; x64) AppleWebKit/537.36 (KHTML, like Gecko) Chrome/83.0.3302.140 Safari/537.36 Edge/18.18960"
57.141.2.25 - - [19/Jul/2025:17:32:52 +0000] "GET /shopdetail/126220581 HTTP/1.1" 404 80913 "-" "meta-externalagent/1.1 (+https://developers.facebook.com/docs/sharing/webmasters/crawler)"
209.74.77.214 - - [19/Jul/2025:17:38:37 +0000] "POST /wp-cron.php?doing_wp_cron=1752946717.8041419982910156250000 HTTP/1.1" 200 - "-" "WordPress/6.8.2; https://diamondtiptiling.com"
57.141.2.29 - - [19/Jul/2025:17:38:35 +0000] "GET /shopdetail/91306381 HTTP/1.1" 404 80913 "-" "meta-externalagent/1.1 (+https://developers.facebook.com/docs/sharing/webmasters/crawler)"
209.74.77.214 - - [19/Jul/2025:17:42:35 +0000] "POST /wp-cron.php?doing_wp_cron=1752946955.8040950298309326171875 HTTP/1.1" 200 - "-" "WordPress/6.8.2; https://diamondtiptiling.com"
57.141.2.20 - - [19/Jul/2025:17:42:33 +0000] "GET /shopdetail/28029081 HTTP/1.1" 404 80913 "-" "meta-externalagent/1.1 (+https://developers.facebook.com/docs/sharing/webmasters/crawler)"
209.74.77.214 - - [19/Jul/2025:17:45:03 +0000] "POST /wp-cron.php?doing_wp_cron=1752947103.2483661174774169921875 HTTP/1.1" 200 - "-" "WordPress/6.8.2; https://diamondtiptiling.com"
57.141.2.27 - - [19/Jul/2025:17:45:01 +0000] "GET /shopdetail/27121181 HTTP/1.1" 404 80913 "-" "meta-externalagent/1.1 (+https://developers.facebook.com/docs/sharing/webmasters/crawler)"
209.74.77.214 - - [19/Jul/2025:17:45:59 +0000] "POST /wp-cron.php?doing_wp_cron=1752947159.7491700649261474609375 HTTP/1.1" 200 - "-" "WordPress/6.8.2; https://diamondtiptiling.com"
57.141.2.15 - - [19/Jul/2025:17:45:58 +0000] "GET /shopdetail/63822481 HTTP/1.1" 404 80913 "-" "meta-externalagent/1.1 (+https://developers.facebook.com/docs/sharing/webmasters/crawler)"
209.74.77.214 - - [19/Jul/2025:17:46:32 +0000] "POST /wp-cron.php?doing_wp_cron=1752947192.2990210056304931640625 HTTP/1.1" 200 - "-" "WordPress/6.8.2; https://diamondtiptiling.com"
162.241.2.240 - - [19/Jul/2025:17:46:31 +0000] "POST /xmlrpc.php HTTP/1.1" 200 206 "https://diamondtiptiling.com" "Mozilla/5.0 (Macintosh; Intel Mac OS X 14.3) AppleWebKit/614.31.14 (KHTML, like Gecko) Version/17.0.96 Safari/614.31.14"
209.74.77.214 - - [19/Jul/2025:17:47:08 +0000] "POST /wp-cron.php?doing_wp_cron=1752947228.7283229827880859375000 HTTP/1.1" 200 - "-" "WordPress/6.8.2; https://diamondtiptiling.com"
57.141.2.22 - - [19/Jul/2025:17:47:07 +0000] "GET /shopdetail/53201281 HTTP/1.1" 404 80913 "-" "meta-externalagent/1.1 (+https://developers.facebook.com/docs/sharing/webmasters/crawler)"
209.74.77.214 - - [19/Jul/2025:17:49:12 +0000] "POST /wp-cron.php?doing_wp_cron=1752947352.1044580936431884765625 HTTP/1.1" 200 - "-" "WordPress/6.8.2; https://diamondtiptiling.com"
57.141.2.1 - - [19/Jul/2025:17:49:10 +0000] "GET /shopdetail/177791581 HTTP/1.1" 404 80913 "-" "meta-externalagent/1.1 (+https://developers.facebook.com/docs/sharing/webmasters/crawler)"
57.141.2.22 - - [19/Jul/2025:17:49:18 +0000] "GET /shopdetail/97772181 HTTP/1.1" 404 80913 "-" "meta-externalagent/1.1 (+https://developers.facebook.com/docs/sharing/webmasters/crawler)"
209.74.77.214 - - [19/Jul/2025:18:01:00 +0000] "POST /wp-cron.php?doing_wp_cron=1752948060.3862509727478027343750 HTTP/1.1" 200 - "-" "WordPress/6.8.2; https://diamondtiptiling.com"
57.141.2.7 - - [19/Jul/2025:18:00:58 +0000] "GET /shopdetail/34262081 HTTP/1.1" 404 80913 "-" "meta-externalagent/1.1 (+https://developers.facebook.com/docs/sharing/webmasters/crawler)"
209.74.77.214 - - [19/Jul/2025:18:07:09 +0000] "POST /wp-cron.php?doing_wp_cron=1752948429.3693270683288574218750 HTTP/1.1" 200 - "-" "WordPress/6.8.2; https://diamondtiptiling.com"
57.141.2.8 - - [19/Jul/2025:18:07:07 +0000] "GET /shopdetail/149244381 HTTP/1.1" 404 80913 "-" "meta-externalagent/1.1 (+https://developers.facebook.com/docs/sharing/webmasters/crawler)"
209.74.77.214 - - [19/Jul/2025:18:08:08 +0000] "POST /wp-cron.php?doing_wp_cron=1752948488.8371019363403320312500 HTTP/1.1" 200 - "-" "WordPress/6.8.2; https://diamondtiptiling.com"
57.141.2.23 - - [19/Jul/2025:18:08:07 +0000] "GET /shopdetail/196166281 HTTP/1.1" 404 80913 "-" "meta-externalagent/1.1 (+https://developers.facebook.com/docs/sharing/webmasters/crawler)"
209.74.77.214 - - [19/Jul/2025:18:10:04 +0000] "POST /wp-cron.php?doing_wp_cron=1752948604.2634410858154296875000 HTTP/1.1" 200 - "-" "WordPress/6.8.2; https://diamondtiptiling.com"
57.141.2.5 - - [19/Jul/2025:18:10:02 +0000] "GET /shopdetail/102266881 HTTP/1.1" 404 80913 "-" "meta-externalagent/1.1 (+https://developers.facebook.com/docs/sharing/webmasters/crawler)"
209.74.77.214 - - [19/Jul/2025:18:13:06 +0000] "POST /wp-cron.php?doing_wp_cron=1752948786.0481369495391845703125 HTTP/1.1" 200 - "-" "WordPress/6.8.2; https://diamondtiptiling.com"
57.141.2.26 - - [19/Jul/2025:18:13:04 +0000] "GET /shopdetail/38916681 HTTP/1.1" 404 80913 "-" "meta-externalagent/1.1 (+https://developers.facebook.com/docs/sharing/webmasters/crawler)"
209.74.77.214 - - [19/Jul/2025:18:14:18 +0000] "POST /wp-cron.php?doing_wp_cron=1752948858.2000300884246826171875 HTTP/1.1" 200 - "-" "WordPress/6.8.2; https://diamondtiptiling.com"
57.141.2.6 - - [19/Jul/2025:18:14:16 +0000] "GET /shopdetail/210855081 HTTP/1.1" 404 80913 "-" "meta-externalagent/1.1 (+https://developers.facebook.com/docs/sharing/webmasters/crawler)"
43.130.53.252 - - [19/Jul/2025:18:24:21 +0000] "GET / HTTP/1.1" 200 25849 "http://diamondtiptiling.com" "Mozilla/5.0 (iPhone; CPU iPhone OS 13_2_3 like Mac OS X) AppleWebKit/605.1.15 (KHTML, like Gecko) Version/13.0.3 Mobile/15E148 Safari/604.1"
209.74.77.214 - - [19/Jul/2025:18:32:22 +0000] "POST /wp-cron.php?doing_wp_cron=1752949942.6202750205993652343750 HTTP/1.1" 200 - "-" "WordPress/6.8.2; https://diamondtiptiling.com"
57.141.2.4 - - [19/Jul/2025:18:32:20 +0000] "GET /product/2783037781.shtm HTTP/1.1" 404 80913 "-" "meta-externalagent/1.1 (+https://developers.facebook.com/docs/sharing/webmasters/crawler)"
45.227.253.15 - - [19/Jul/2025:18:33:26 +0000] "GET /wp-content/plugins/elementor/core/settings/base/base/index.php?ARRAY=7o2230223n313735323935333731342p2231223n22687474703n5p2s5p2s7n7334393476313373752r74616368652r70726s5p2s3s6p633q78696164616r5s72616r645s7061746826743q313735323935303131342q6466643261663266636137313966313235623863633735653334356461633764222p2232223n226131306331633364396266653031313936643734623531323430646163336531222p2233223n226638613531633563383166656138353739393038393634373032363437643264222p2262696r675s70617373223n2232312q34362q35322q36312q38302q38332q3135227q HTTP/1.1" 200 477 "-" "Mozilla/5.0 (Windows NT 10.0; Win64; x64; rv:82.0) Gecko/20100101 Firefox/82.0"
209.74.77.214 - - [19/Jul/2025:18:33:54 +0000] "POST /wp-cron.php?doing_wp_cron=1752950034.8006620407104492187500 HTTP/1.1" 200 - "-" "WordPress/6.8.2; https://diamondtiptiling.com"
57.141.2.26 - - [19/Jul/2025:18:33:53 +0000] "GET /shopdetail/89353581 HTTP/1.1" 404 80913 "-" "meta-externalagent/1.1 (+https://developers.facebook.com/docs/sharing/webmasters/crawler)"
209.74.77.214 - - [19/Jul/2025:18:39:15 +0000] "POST /wp-cron.php?doing_wp_cron=1752950355.2774150371551513671875 HTTP/1.1" 200 - "-" "WordPress/6.8.2; https://diamondtiptiling.com"
57.141.2.24 - - [19/Jul/2025:18:39:14 +0000] "GET /shopdetail/43570481 HTTP/1.1" 404 80913 "-" "meta-externalagent/1.1 (+https://developers.facebook.com/docs/sharing/webmasters/crawler)"
209.74.77.214 - - [19/Jul/2025:18:40:32 +0000] "POST /wp-cron.php?doing_wp_cron=1752950432.0181739330291748046875 HTTP/1.1" 200 - "-" "WordPress/6.8.2; https://diamondtiptiling.com"
57.141.2.6 - - [19/Jul/2025:18:40:30 +0000] "GET /shopdetail/68516681 HTTP/1.1" 404 80913 "-" "meta-externalagent/1.1 (+https://developers.facebook.com/docs/sharing/webmasters/crawler)"
2a06:98c0:3600::103 - - [19/Jul/2025:18:40:41 +0000] "GET /wp-admin/setup-config.php HTTP/1.1" 404 17106 "-" "Mozilla/5.0 (Windows NT 10.0; Win64; x64) AppleWebKit/537.36 (KHTML, like Gecko) Chrome/137.0.0.0 Safari/537.36"
182.44.10.67 - - [19/Jul/2025:18:41:05 +0000] "GET / HTTP/1.1" 200 25848 "http://diamondtiptiling.com" "Mozilla/5.0 (iPhone; CPU iPhone OS 13_2_3 like Mac OS X) AppleWebKit/605.1.15 (KHTML, like Gecko) Version/13.0.3 Mobile/15E148 Safari/604.1"
209.74.77.214 - - [19/Jul/2025:18:41:25 +0000] "POST /wp-cron.php?doing_wp_cron=1752950485.3057720661163330078125 HTTP/1.1" 200 - "-" "WordPress/6.8.2; https://diamondtiptiling.com"
2a06:98c0:3600::103 - - [19/Jul/2025:18:41:25 +0000] "GET /wordpress/wp-admin/setup-config.php HTTP/1.1" 404 17106 "-" "Mozilla/5.0 (Windows NT 10.0; Win64; x64) AppleWebKit/537.36 (KHTML, like Gecko) Chrome/137.0.0.0 Safari/537.36"
209.74.77.214 - - [19/Jul/2025:18:58:09 +0000] "POST /wp-cron.php?doing_wp_cron=1752951489.9104990959167480468750 HTTP/1.1" 200 - "-" "WordPress/6.8.2; https://diamondtiptiling.com"
45.227.253.15 - - [19/Jul/2025:18:58:07 +0000] "GET /index.php/jk HTTP/1.1" 301 - "-" "Mozilla/5.0 (iPhone; CPU iPhone OS 12_4 like Mac OS X) AppleWebKit/605.1.15 (KHTML, like Gecko) Version/12.4.2 Mobile/15E148 Safari/604.1"
45.227.253.15 - - [19/Jul/2025:18:58:10 +0000] "GET /jk HTTP/1.1" 404 17106 "https://diamondtiptiling.com/index.php/jk" "Mozilla/5.0 (iPhone; CPU iPhone OS 12_4 like Mac OS X) AppleWebKit/605.1.15 (KHTML, like Gecko) Version/12.4.2 Mobile/15E148 Safari/604.1"
209.74.77.214 - - [19/Jul/2025:19:00:39 +0000] "POST /wp-cron.php?doing_wp_cron=1752951639.4014649391174316406250 HTTP/1.1" 200 - "-" "WordPress/6.8.2; https://diamondtiptiling.com"
57.141.2.24 - - [19/Jul/2025:19:00:38 +0000] "GET /shopdetail/49157481 HTTP/1.1" 404 80913 "-" "meta-externalagent/1.1 (+https://developers.facebook.com/docs/sharing/webmasters/crawler)"
209.74.77.214 - - [19/Jul/2025:19:06:47 +0000] "POST /wp-cron.php?doing_wp_cron=1752952007.7409670352935791015625 HTTP/1.1" 200 - "-" "WordPress/6.8.2; https://diamondtiptiling.com"
57.141.2.24 - - [19/Jul/2025:19:06:45 +0000] "GET /shopdetail/34857181 HTTP/1.1" 404 80913 "-" "meta-externalagent/1.1 (+https://developers.facebook.com/docs/sharing/webmasters/crawler)"
209.74.77.214 - - [19/Jul/2025:19:08:24 +0000] "POST /wp-cron.php?doing_wp_cron=1752952104.8425009250640869140625 HTTP/1.1" 200 - "-" "WordPress/6.8.2; https://diamondtiptiling.com"
57.141.2.18 - - [19/Jul/2025:19:08:23 +0000] "GET /shopdetail/17593381 HTTP/1.1" 404 80913 "-" "meta-externalagent/1.1 (+https://developers.facebook.com/docs/sharing/webmasters/crawler)"
209.74.77.214 - - [19/Jul/2025:19:15:41 +0000] "POST /wp-cron.php?doing_wp_cron=1752952541.9384770393371582031250 HTTP/1.1" 200 - "-" "WordPress/6.8.2; https://diamondtiptiling.com"
57.141.2.9 - - [19/Jul/2025:19:15:39 +0000] "GET /shopdetail/207192281 HTTP/1.1" 404 80913 "-" "meta-externalagent/1.1 (+https://developers.facebook.com/docs/sharing/webmasters/crawler)"
57.141.2.9 - - [19/Jul/2025:19:16:05 +0000] "GET /shopdetail/166187081 HTTP/1.1" 404 80913 "-" "meta-externalagent/1.1 (+https://developers.facebook.com/docs/sharing/webmasters/crawler)"
209.74.77.214 - - [19/Jul/2025:19:17:49 +0000] "POST /wp-cron.php?doing_wp_cron=1752952669.4300239086151123046875 HTTP/1.1" 200 - "-" "WordPress/6.8.2; https://diamondtiptiling.com"
57.141.2.21 - - [19/Jul/2025:19:17:47 +0000] "GET /product/2782869044.shtm HTTP/1.1" 404 80913 "-" "meta-externalagent/1.1 (+https://developers.facebook.com/docs/sharing/webmasters/crawler)"
57.141.2.12 - - [19/Jul/2025:19:17:59 +0000] "GET /product/2783071807.shtm HTTP/1.1" 404 80913 "-" "meta-externalagent/1.1 (+https://developers.facebook.com/docs/sharing/webmasters/crawler)"
57.141.2.16 - - [19/Jul/2025:19:18:05 +0000] "GET /product/2782793645.shtm HTTP/1.1" 404 80913 "-" "meta-externalagent/1.1 (+https://developers.facebook.com/docs/sharing/webmasters/crawler)"
209.74.77.214 - - [19/Jul/2025:19:18:59 +0000] "POST /wp-cron.php?doing_wp_cron=1752952738.9836170673370361328125 HTTP/1.1" 200 - "-" "WordPress/6.8.2; https://diamondtiptiling.com"
57.141.2.13 - - [19/Jul/2025:19:18:57 +0000] "GET /product/2782839262.shtm HTTP/1.1" 404 80913 "-" "meta-externalagent/1.1 (+https://developers.facebook.com/docs/sharing/webmasters/crawler)"
209.74.77.214 - - [19/Jul/2025:19:19:52 +0000] "POST /wp-cron.php?doing_wp_cron=1752952792.0975809097290039062500 HTTP/1.1" 200 - "-" "WordPress/6.8.2; https://diamondtiptiling.com"
57.141.2.4 - - [19/Jul/2025:19:19:51 +0000] "GET /product/853303394.shtm HTTP/1.1" 404 80913 "-" "meta-externalagent/1.1 (+https://developers.facebook.com/docs/sharing/webmasters/crawler)"
57.141.2.23 - - [19/Jul/2025:19:19:58 +0000] "GET /product/2783399804.shtm HTTP/1.1" 404 80913 "-" "meta-externalagent/1.1 (+https://developers.facebook.com/docs/sharing/webmasters/crawler)"
57.141.2.24 - - [19/Jul/2025:19:20:02 +0000] "GET /product/852814996.shtm HTTP/1.1" 404 80913 "-" "meta-externalagent/1.1 (+https://developers.facebook.com/docs/sharing/webmasters/crawler)"
209.74.77.214 - - [19/Jul/2025:19:20:14 +0000] "POST /wp-cron.php?doing_wp_cron=1752952814.7934460639953613281250 HTTP/1.1" 200 - "-" "WordPress/6.8.2; https://diamondtiptiling.com"
57.141.2.25 - - [19/Jul/2025:19:20:14 +0000] "GET /shopdetail/5211581 HTTP/1.1" 404 80913 "-" "meta-externalagent/1.1 (+https://developers.facebook.com/docs/sharing/webmasters/crawler)"
57.141.2.5 - - [19/Jul/2025:19:20:55 +0000] "GET /shopdetail/108551781 HTTP/1.1" 404 80913 "-" "meta-externalagent/1.1 (+https://developers.facebook.com/docs/sharing/webmasters/crawler)"
209.74.77.214 - - [19/Jul/2025:19:25:40 +0000] "POST /wp-cron.php?doing_wp_cron=1752953140.7481930255889892578125 HTTP/1.1" 200 - "-" "WordPress/6.8.2; https://diamondtiptiling.com"
57.141.2.11 - - [19/Jul/2025:19:25:38 +0000] "GET /shopdetail/141432381 HTTP/1.1" 404 80913 "-" "meta-externalagent/1.1 (+https://developers.facebook.com/docs/sharing/webmasters/crawler)"
209.74.77.214 - - [19/Jul/2025:19:28:52 +0000] "POST /wp-cron.php?doing_wp_cron=1752953332.9003539085388183593750 HTTP/1.1" 200 - "-" "WordPress/6.8.2; https://diamondtiptiling.com"
57.141.2.30 - - [19/Jul/2025:19:28:51 +0000] "GET /product/2783470971.shtm HTTP/1.1" 404 80913 "-" "meta-externalagent/1.1 (+https://developers.facebook.com/docs/sharing/webmasters/crawler)"
209.74.77.214 - - [19/Jul/2025:19:31:52 +0000] "POST /wp-cron.php?doing_wp_cron=1752953512.2129719257354736328125 HTTP/1.1" 200 - "-" "WordPress/6.8.2; https://diamondtiptiling.com"
57.141.2.21 - - [19/Jul/2025:19:31:50 +0000] "GET /product/2782722552.shtm HTTP/1.1" 404 80913 "-" "meta-externalagent/1.1 (+https://developers.facebook.com/docs/sharing/webmasters/crawler)"
185.191.171.13 - - [19/Jul/2025:19:41:05 +0000] "GET /robots.txt HTTP/1.1" 200 111 "-" "Mozilla/5.0 (compatible; SemrushBot/7~bl; +http://www.semrush.com/bot.html)"
209.74.77.214 - - [19/Jul/2025:19:41:07 +0000] "POST /wp-cron.php?doing_wp_cron=1752954067.5902559757232666015625 HTTP/1.1" 200 - "-" "WordPress/6.8.2; https://diamondtiptiling.com"
85.208.96.195 - - [19/Jul/2025:19:41:05 +0000] "GET /megamenu/megamenu-two/ HTTP/1.1" 200 11568 "-" "Mozilla/5.0 (compatible; SemrushBot/7~bl; +http://www.semrush.com/bot.html)"
216.73.216.31 - - [19/Jul/2025:19:41:40 +0000] "GET /robots.txt HTTP/1.1" 200 111 "-" "Mozilla/5.0 AppleWebKit/537.36 (KHTML, like Gecko; compatible; ClaudeBot/1.0; [email protected])"
216.73.216.31 - - [19/Jul/2025:19:41:40 +0000] "GET /sitemap.xml HTTP/1.1" 200 4780 "-" "Mozilla/5.0 AppleWebKit/537.36 (KHTML, like Gecko; compatible; ClaudeBot/1.0; [email protected])"
209.74.77.214 - - [19/Jul/2025:19:43:02 +0000] "POST /wp-cron.php?doing_wp_cron=1752954182.3129010200500488281250 HTTP/1.1" 200 - "-" "WordPress/6.8.2; https://diamondtiptiling.com"
57.141.2.26 - - [19/Jul/2025:19:43:00 +0000] "GET /product/2782938023.shtm HTTP/1.1" 404 80913 "-" "meta-externalagent/1.1 (+https://developers.facebook.com/docs/sharing/webmasters/crawler)"
209.74.77.214 - - [19/Jul/2025:19:43:07 +0000] "POST /wp-cron.php?doing_wp_cron=1752954187.8736460208892822265625 HTTP/1.1" 200 - "-" "WordPress/6.8.2; https://diamondtiptiling.com"
57.141.2.2 - - [19/Jul/2025:19:43:07 +0000] "GET /product/852956127.shtm HTTP/1.1" 404 80913 "-" "meta-externalagent/1.1 (+https://developers.facebook.com/docs/sharing/webmasters/crawler)"
57.141.2.13 - - [19/Jul/2025:19:43:13 +0000] "GET /product/2782764986.shtm HTTP/1.1" 404 80913 "-" "meta-externalagent/1.1 (+https://developers.facebook.com/docs/sharing/webmasters/crawler)"
57.141.2.11 - - [19/Jul/2025:19:43:22 +0000] "GET /product/2783500625.shtm HTTP/1.1" 404 80913 "-" "meta-externalagent/1.1 (+https://developers.facebook.com/docs/sharing/webmasters/crawler)"
57.141.2.14 - - [19/Jul/2025:19:43:40 +0000] "GET /product/2783469844.shtm HTTP/1.1" 404 80913 "-" "meta-externalagent/1.1 (+https://developers.facebook.com/docs/sharing/webmasters/crawler)"
209.74.77.214 - - [19/Jul/2025:19:48:34 +0000] "POST /wp-cron.php?doing_wp_cron=1752954514.8866879940032958984375 HTTP/1.1" 200 - "-" "WordPress/6.8.2; https://diamondtiptiling.com"
57.141.2.24 - - [19/Jul/2025:19:48:32 +0000] "GET /product/2783497512.shtm HTTP/1.1" 404 80913 "-" "meta-externalagent/1.1 (+https://developers.facebook.com/docs/sharing/webmasters/crawler)"
57.141.2.13 - - [19/Jul/2025:19:49:03 +0000] "GET /product/2783588796.shtm HTTP/1.1" 404 80913 "-" "meta-externalagent/1.1 (+https://developers.facebook.com/docs/sharing/webmasters/crawler)"
209.74.77.214 - - [19/Jul/2025:19:49:09 +0000] "POST /wp-cron.php?doing_wp_cron=1752954549.3142879009246826171875 HTTP/1.1" 200 - "-" "WordPress/6.8.2; https://diamondtiptiling.com"
57.141.2.1 - - [19/Jul/2025:19:49:09 +0000] "GET /product/2783335001.shtm HTTP/1.1" 404 80913 "-" "meta-externalagent/1.1 (+https://developers.facebook.com/docs/sharing/webmasters/crawler)"
57.141.2.6 - - [19/Jul/2025:19:49:15 +0000] "GET /product/2783142970.shtm HTTP/1.1" 404 80913 "-" "meta-externalagent/1.1 (+https://developers.facebook.com/docs/sharing/webmasters/crawler)"
57.141.2.28 - - [19/Jul/2025:19:49:20 +0000] "GET /product/2783434831.shtm HTTP/1.1" 404 80913 "-" "meta-externalagent/1.1 (+https://developers.facebook.com/docs/sharing/webmasters/crawler)"
209.74.77.214 - - [19/Jul/2025:19:51:59 +0000] "POST /wp-cron.php?doing_wp_cron=1752954719.6269760131835937500000 HTTP/1.1" 200 - "-" "WordPress/6.8.2; https://diamondtiptiling.com"
216.73.216.31 - - [19/Jul/2025:19:51:58 +0000] "GET /recollection.php HTTP/1.1" 404 17106 "-" "Mozilla/5.0 AppleWebKit/537.36 (KHTML, like Gecko; compatible; ClaudeBot/1.0; [email protected])"
159.89.174.141 - - [19/Jul/2025:20:00:23 +0000] "GET / HTTP/1.1" 200 25849 "-" "Mozilla/5.0 (X11; Linux x86_64) AppleWebKit/537.36 (KHTML, like Gecko) Chrome/137.0.0.0 Safari/537.36"
159.89.174.141 - - [19/Jul/2025:20:00:30 +0000] "GET /wp-content/uploads/2025/04/cropped-android-icon-96x96-1-32x32.png HTTP/1.1" 200 915 "https://diamondtiptiling.com/" "Mozilla/5.0 (X11; Linux x86_64) AppleWebKit/537.36 (KHTML, like Gecko) Chrome/137.0.0.0 Safari/537.36"
209.74.77.214 - - [19/Jul/2025:20:13:51 +0000] "POST /wp-cron.php?doing_wp_cron=1752956031.4014589786529541015625 HTTP/1.1" 200 - "-" "WordPress/6.8.2; https://diamondtiptiling.com"
209.74.77.214 - - [19/Jul/2025:20:13:51 +0000] "POST /wp-cron.php?doing_wp_cron=1752956031.4016740322113037109375 HTTP/1.1" 200 - "-" "WordPress/6.8.2; https://diamondtiptiling.com"
2a06:98c0:3600::103 - - [19/Jul/2025:20:13:49 +0000] "GET /wp-admin/setup-config.php HTTP/1.1" 404 17106 "-" "Mozilla/5.0 (Windows NT 10.0; Win64; x64) AppleWebKit/537.36 (KHTML, like Gecko) Chrome/137.0.0.0 Safari/537.36"
2a06:98c0:3600::103 - - [19/Jul/2025:20:13:49 +0000] "GET /wordpress/wp-admin/setup-config.php HTTP/1.1" 404 17106 "-" "Mozilla/5.0 (Windows NT 10.0; Win64; x64) AppleWebKit/537.36 (KHTML, like Gecko) Chrome/137.0.0.0 Safari/537.36"
209.74.77.214 - - [19/Jul/2025:20:29:34 +0000] "POST /wp-cron.php?doing_wp_cron=1752956974.5828061103820800781250 HTTP/1.1" 200 - "-" "WordPress/6.8.2; https://diamondtiptiling.com"
57.141.2.6 - - [19/Jul/2025:20:29:32 +0000] "GET /product/852971023.shtm HTTP/1.1" 404 80913 "-" "meta-externalagent/1.1 (+https://developers.facebook.com/docs/sharing/webmasters/crawler)"
66.249.68.129 - - [19/Jul/2025:20:30:50 +0000] "GET /sitemap.xml HTTP/1.1" 200 4773 "-" "Mozilla/5.0 (compatible; Googlebot/2.1; +http://www.google.com/bot.html)"
138.68.187.217 - - [19/Jul/2025:20:41:16 +0000] "GET / HTTP/1.1" 200 25850 "-" "Mozilla/5.0 (X11; Linux x86_64) AppleWebKit/537.36 (KHTML, like Gecko) Chrome/137.0.0.0 Safari/537.36"
138.68.187.217 - - [19/Jul/2025:20:41:20 +0000] "GET /wp-content/uploads/2025/04/cropped-android-icon-96x96-1-32x32.png HTTP/1.1" 200 915 "https://diamondtiptiling.com/" "Mozilla/5.0 (X11; Linux x86_64) AppleWebKit/537.36 (KHTML, like Gecko) Chrome/137.0.0.0 Safari/537.36"
13.79.53.150 - - [19/Jul/2025:20:52:46 +0000] "GET /wp-login.php?action=register HTTP/1.1" 302 - "-" "-"
13.79.53.150 - - [19/Jul/2025:20:52:46 +0000] "GET /wp-login.php?registration=disabled HTTP/1.1" 200 6169 "-" "-"
13.79.53.150 - - [19/Jul/2025:20:52:53 +0000] "GET /wp-login.php?action=register HTTP/1.1" 302 - "-" "-"
13.79.53.150 - - [19/Jul/2025:20:52:54 +0000] "GET /wp-login.php?registration=disabled HTTP/1.1" 200 6169 "-" "-"
13.79.53.150 - - [19/Jul/2025:20:52:55 +0000] "GET /wp-login.php HTTP/1.1" 200 5977 "-" "-"
209.74.77.214 - - [19/Jul/2025:21:09:37 +0000] "POST /wp-cron.php?doing_wp_cron=1752959377.8825700283050537109375 HTTP/1.1" 200 - "-" "WordPress/6.8.2; https://diamondtiptiling.com"
57.141.2.27 - - [19/Jul/2025:21:09:35 +0000] "GET /product/2783565428.shtm HTTP/1.1" 404 80913 "-" "meta-externalagent/1.1 (+https://developers.facebook.com/docs/sharing/webmasters/crawler)"
57.141.2.25 - - [19/Jul/2025:21:09:51 +0000] "GET /product/2783068566.shtm HTTP/1.1" 404 80913 "-" "meta-externalagent/1.1 (+https://developers.facebook.com/docs/sharing/webmasters/crawler)"
209.74.77.214 - - [19/Jul/2025:21:25:11 +0000] "POST /wp-cron.php?doing_wp_cron=1752960311.2852659225463867187500 HTTP/1.1" 200 - "-" "WordPress/6.8.2; https://diamondtiptiling.com"
57.141.2.4 - - [19/Jul/2025:21:25:08 +0000] "GET /product/2783323352.shtm HTTP/1.1" 404 80913 "-" "meta-externalagent/1.1 (+https://developers.facebook.com/docs/sharing/webmasters/crawler)"
57.141.2.4 - - [19/Jul/2025:21:25:12 +0000] "GET /product/2783060158.shtm HTTP/1.1" 404 80913 "-" "meta-externalagent/1.1 (+https://developers.facebook.com/docs/sharing/webmasters/crawler)"
57.141.2.14 - - [19/Jul/2025:21:25:54 +0000] "GET /product/853499661.shtm HTTP/1.1" 404 80913 "-" "meta-externalagent/1.1 (+https://developers.facebook.com/docs/sharing/webmasters/crawler)"
57.141.2.27 - - [19/Jul/2025:21:26:00 +0000] "GET /product/2783095111.shtm HTTP/1.1" 404 80913 "-" "meta-externalagent/1.1 (+https://developers.facebook.com/docs/sharing/webmasters/crawler)"
209.74.77.214 - - [19/Jul/2025:21:28:56 +0000] "POST /wp-cron.php?doing_wp_cron=1752960536.0410571098327636718750 HTTP/1.1" 200 - "-" "WordPress/6.8.2; https://diamondtiptiling.com"
57.141.2.5 - - [19/Jul/2025:21:28:54 +0000] "GET /product/2782821185.shtm HTTP/1.1" 404 80913 "-" "meta-externalagent/1.1 (+https://developers.facebook.com/docs/sharing/webmasters/crawler)"
209.74.77.214 - - [19/Jul/2025:21:29:14 +0000] "POST /wp-cron.php?doing_wp_cron=1752960554.2290380001068115234375 HTTP/1.1" 200 - "-" "WordPress/6.8.2; https://diamondtiptiling.com"
57.141.2.4 - - [19/Jul/2025:21:29:14 +0000] "GET /product/2782845676.shtm HTTP/1.1" 404 80913 "-" "meta-externalagent/1.1 (+https://developers.facebook.com/docs/sharing/webmasters/crawler)"
43.143.248.236 - - [19/Jul/2025:21:41:52 +0000] "GET / HTTP/1.1" 200 25849 "http://www.diamondtiptiling.com" "Mozilla/5.0 (iPhone; CPU iPhone OS 13_2_3 like Mac OS X) AppleWebKit/605.1.15 (KHTML, like Gecko) Version/13.0.3 Mobile/15E148 Safari/604.1"
209.74.77.214 - - [19/Jul/2025:21:55:26 +0000] "POST /wp-cron.php?doing_wp_cron=1752962126.4398999214172363281250 HTTP/1.1" 200 - "-" "WordPress/6.8.2; https://diamondtiptiling.com"
57.141.2.23 - - [19/Jul/2025:21:55:24 +0000] "GET /product/2783028180.shtm HTTP/1.1" 404 80913 "-" "meta-externalagent/1.1 (+https://developers.facebook.com/docs/sharing/webmasters/crawler)"
209.74.77.214 - - [19/Jul/2025:21:56:36 +0000] "POST /wp-cron.php?doing_wp_cron=1752962196.0792720317840576171875 HTTP/1.1" 200 - "-" "WordPress/6.8.2; https://diamondtiptiling.com"
57.141.2.21 - - [19/Jul/2025:21:56:34 +0000] "GET /product/2782781996.shtm HTTP/1.1" 404 80913 "-" "meta-externalagent/1.1 (+https://developers.facebook.com/docs/sharing/webmasters/crawler)"
209.74.77.214 - - [19/Jul/2025:22:36:48 +0000] "POST /wp-cron.php?doing_wp_cron=1752964608.9527211189270019531250 HTTP/1.1" 200 - "-" "WordPress/6.8.2; https://diamondtiptiling.com"
45.227.253.15 - - [19/Jul/2025:22:36:46 +0000] "GET /index.php/jk HTTP/1.1" 301 - "-" "Mozilla/5.0 (Macintosh; Intel Mac OS X 10.11; rv:103.0) Gecko/20100101 Firefox/102.0"
45.227.253.15 - - [19/Jul/2025:22:36:49 +0000] "GET /jk HTTP/1.1" 404 17106 "https://diamondtiptiling.com/index.php/jk" "Mozilla/5.0 (Macintosh; Intel Mac OS X 10.11; rv:103.0) Gecko/20100101 Firefox/102.0"
173.252.83.116 - - [19/Jul/2025:22:40:31 +0000] "GET /robots.txt HTTP/1.1" 206 188 "-" "facebookexternalhit/1.1 (+http://www.facebook.com/externalhit_uatext.php)"
209.74.77.214 - - [19/Jul/2025:22:52:10 +0000] "POST /wp-cron.php?doing_wp_cron=1752965530.4817099571228027343750 HTTP/1.1" 200 - "-" "WordPress/6.8.2; https://diamondtiptiling.com"
57.141.2.8 - - [19/Jul/2025:22:52:08 +0000] "GET /hg/ HTTP/1.1" 404 80913 "-" "meta-externalagent/1.1 (+https://developers.facebook.com/docs/sharing/webmasters/crawler)"
66.249.68.130 - - [19/Jul/2025:22:53:43 +0000] "GET /shopdetail/190109481 HTTP/1.1" 200 25047 "-" "Mozilla/5.0 (Linux; Android 6.0.1; Nexus 5X Build/MMB29P) AppleWebKit/537.36 (KHTML, like Gecko) Chrome/137.0.7151.103 Mobile Safari/537.36 (compatible; Googlebot/2.1; +http://www.google.com/bot.html)"
44.251.168.72 - - [19/Jul/2025:23:16:15 +0000] "GET / HTTP/1.1" 200 25850 "http://diamondtiptiling.com" "Mozilla/5.0 (Windows NT 10.0; Win64; x64) AppleWebKit/537.36 (KHTML, like Gecko) Chrome/70.0.3538.102 Safari/537.36 Edge/18.19582"
157.55.39.223 - - [19/Jul/2025:23:19:11 +0000] "GET /robots.txt HTTP/1.1" 200 111 "-" "Mozilla/5.0 AppleWebKit/537.36 (KHTML, like Gecko; compatible; bingbot/2.0; +http://www.bing.com/bingbot.htm) Chrome/116.0.1938.76 Safari/537.36"
52.167.144.160 - - [19/Jul/2025:23:19:20 +0000] "GET / HTTP/1.1" 200 25305 "-" "Mozilla/5.0 AppleWebKit/537.36 (KHTML, like Gecko; compatible; bingbot/2.0; +http://www.bing.com/bingbot.htm) Chrome/116.0.1938.76 Safari/537.36"
209.74.77.214 - - [19/Jul/2025:23:20:14 +0000] "POST /wp-cron.php?doing_wp_cron=1752967214.7476520538330078125000 HTTP/1.1" 200 - "-" "WordPress/6.8.2; https://diamondtiptiling.com"
57.141.2.16 - - [19/Jul/2025:23:20:13 +0000] "GET /product/852927598.shtm HTTP/1.1" 404 80913 "-" "meta-externalagent/1.1 (+https://developers.facebook.com/docs/sharing/webmasters/crawler)"
209.74.77.214 - - [19/Jul/2025:23:22:43 +0000] "POST /wp-cron.php?doing_wp_cron=1752967363.7415850162506103515625 HTTP/1.1" 200 - "-" "WordPress/6.8.2; https://diamondtiptiling.com"
34.212.121.42 - - [19/Jul/2025:23:22:42 +0000] "GET / HTTP/1.1" 200 25849 "-" "Mozilla/5.0 (Windows NT 10.0; Win64; x64) AppleWebKit/537.36 (KHTML, like Gecko) Chrome/70.0.3538.102 Safari/537.36 Edge/18.19582"
34.212.121.42 - - [19/Jul/2025:23:22:44 +0000] "GET /wp-includes/js/wp-util.min.js?ver=6.8.2 HTTP/1.1" 200 756 "https://diamondtiptiling.com/" "Mozilla/5.0 (Windows NT 10.0; Win64; x64) AppleWebKit/537.36 (KHTML, like Gecko) Chrome/70.0.3538.102 Safari/537.36 Edge/18.19582"
34.212.121.42 - - [19/Jul/2025:23:22:44 +0000] "GET /wp-content/plugins/floens-addon/assets/vendors/bxslider/jquery.bxslider.css?ver=1744546415 HTTP/1.1" 200 1219 "https://diamondtiptiling.com/" "Mozilla/5.0 (Windows NT 10.0; Win64; x64) AppleWebKit/537.36 (KHTML, like Gecko) Chrome/70.0.3538.102 Safari/537.36 Edge/18.19582"
34.212.121.42 - - [19/Jul/2025:23:22:44 +0000] "GET /wp-content/themes/floens/assets/vendors/flaticons/css/flaticon.css?ver=1.1 HTTP/1.1" 200 2393 "https://diamondtiptiling.com/" "Mozilla/5.0 (Windows NT 10.0; Win64; x64) AppleWebKit/537.36 (KHTML, like Gecko) Chrome/70.0.3538.102 Safari/537.36 Edge/18.19582"
34.212.121.42 - - [19/Jul/2025:23:22:44 +0000] "GET /wp-content/plugins/contact-form-7/includes/css/styles.css?ver=6.0.6 HTTP/1.1" 200 1015 "https://diamondtiptiling.com/" "Mozilla/5.0 (Windows NT 10.0; Win64; x64) AppleWebKit/537.36 (KHTML, like Gecko) Chrome/70.0.3538.102 Safari/537.36 Edge/18.19582"
34.212.121.42 - - [19/Jul/2025:23:22:44 +0000] "GET /wp-content/themes/floens-child/style.css?ver=6.8.2 HTTP/1.1" 200 242 "https://diamondtiptiling.com/" "Mozilla/5.0 (Windows NT 10.0; Win64; x64) AppleWebKit/537.36 (KHTML, like Gecko) Chrome/70.0.3538.102 Safari/537.36 Edge/18.19582"
34.212.121.42 - - [19/Jul/2025:23:22:44 +0000] "GET /wp-content/plugins/woo-smart-quick-view/assets/libs/magnific-popup/magnific-popup.css?ver=6.8.2 HTTP/1.1" 200 1804 "https://diamondtiptiling.com/" "Mozilla/5.0 (Windows NT 10.0; Win64; x64) AppleWebKit/537.36 (KHTML, like Gecko) Chrome/70.0.3538.102 Safari/537.36 Edge/18.19582"
34.212.121.42 - - [19/Jul/2025:23:22:44 +0000] "GET /wp-content/themes/floens/style.css?ver=6.8.2 HTTP/1.1" 200 72998 "https://diamondtiptiling.com/" "Mozilla/5.0 (Windows NT 10.0; Win64; x64) AppleWebKit/537.36 (KHTML, like Gecko) Chrome/70.0.3538.102 Safari/537.36 Edge/18.19582"
34.212.121.42 - - [19/Jul/2025:23:22:44 +0000] "GET /wp-content/plugins/leadconnector/public/css/lc-public.css?ver=3.0.8 HTTP/1.1" 200 106 "https://diamondtiptiling.com/" "Mozilla/5.0 (Windows NT 10.0; Win64; x64) AppleWebKit/537.36 (KHTML, like Gecko) Chrome/70.0.3538.102 Safari/537.36 Edge/18.19582"
34.212.121.42 - - [19/Jul/2025:23:22:44 +0000] "GET /wp-content/uploads/elementor/css/post-1612.css?ver=1748502217 HTTP/1.1" 200 362 "https://diamondtiptiling.com/" "Mozilla/5.0 (Windows NT 10.0; Win64; x64) AppleWebKit/537.36 (KHTML, like Gecko) Chrome/70.0.3538.102 Safari/537.36 Edge/18.19582"
34.212.121.42 - - [19/Jul/2025:23:22:44 +0000] "GET /wp-content/plugins/floens-addon/assets/vendors/floens-icons/style.css?ver=1.1 HTTP/1.1" 200 787 "https://diamondtiptiling.com/" "Mozilla/5.0 (Windows NT 10.0; Win64; x64) AppleWebKit/537.36 (KHTML, like Gecko) Chrome/70.0.3538.102 Safari/537.36 Edge/18.19582"
34.212.121.42 - - [19/Jul/2025:23:22:44 +0000] "GET /wp-content/plugins/floens-addon/assets/vendors/animate/animate.min.css?ver=1744546415 HTTP/1.1" 200 4734 "https://diamondtiptiling.com/" "Mozilla/5.0 (Windows NT 10.0; Win64; x64) AppleWebKit/537.36 (KHTML, like Gecko) Chrome/70.0.3538.102 Safari/537.36 Edge/18.19582"
34.212.121.42 - - [19/Jul/2025:23:22:44 +0000] "GET /wp-content/plugins/floens-addon/assets/vendors/bootstrap-select/css/bootstrap-select.min.css?ver=1744546415 HTTP/1.1" 200 2357 "https://diamondtiptiling.com/" "Mozilla/5.0 (Windows NT 10.0; Win64; x64) AppleWebKit/537.36 (KHTML, like Gecko) Chrome/70.0.3538.102 Safari/537.36 Edge/18.19582"
34.212.121.42 - - [19/Jul/2025:23:22:44 +0000] "GET /wp-content/plugins/floens-addon/assets/vendors/animate/custom-animate.css?ver=1744546415 HTTP/1.1" 200 2551 "https://diamondtiptiling.com/" "Mozilla/5.0 (Windows NT 10.0; Win64; x64) AppleWebKit/537.36 (KHTML, like Gecko) Chrome/70.0.3538.102 Safari/537.36 Edge/18.19582"
34.212.121.42 - - [19/Jul/2025:23:22:44 +0000] "GET /wp-content/plugins/woo-smart-wishlist/assets/css/icons.css?ver=4.9.9 HTTP/1.1" 200 674 "https://diamondtiptiling.com/" "Mozilla/5.0 (Windows NT 10.0; Win64; x64) AppleWebKit/537.36 (KHTML, like Gecko) Chrome/70.0.3538.102 Safari/537.36 Edge/18.19582"
