66.249.79.64 - - [20/Jul/2025:04:10:51 +0000] "GET /?f=5025587031370&mod=67a4b0f5&uri=info.php?item/55466444.shtml HTTP/1.1" 200 19954 "-" "Mozilla/5.0 (Linux; Android 6.0.1; Nexus 5X Build/MMB29P) AppleWebKit/537.36 (KHTML, like Gecko) Chrome/137.0.7151.103 Mobile Safari/537.36 (compatible; Googlebot/2.1; +http://www.google.com/bot.html)"
66.249.79.66 - - [20/Jul/2025:04:11:11 +0000] "GET /index.php/item/2173363/ HTTP/1.1" 200 19600 "-" "Mozilla/5.0 (compatible; Googlebot/2.1; +http://www.google.com/bot.html)"
66.249.79.66 - - [20/Jul/2025:04:11:12 +0000] "GET /?f=5361162021370&mod=b3b0b34e&uri=pin.php?item/674867690.shtml HTTP/1.1" 200 20352 "-" "Mozilla/5.0 (Linux; Android 6.0.1; Nexus 5X Build/MMB29P) AppleWebKit/537.36 (KHTML, like Gecko) Chrome/137.0.7151.103 Mobile Safari/537.36 (compatible; Googlebot/2.1; +http://www.google.com/bot.html)"
66.249.79.66 - - [20/Jul/2025:04:12:14 +0000] "GET /index.php/item/2870526/ HTTP/1.1" 200 20159 "-" "Mozilla/5.0 (Linux; Android 6.0.1; Nexus 5X Build/MMB29P) AppleWebKit/537.36 (KHTML, like Gecko) Chrome/137.0.7151.103 Mobile Safari/537.36 (compatible; Googlebot/2.1; +http://www.google.com/bot.html)"
66.249.79.64 - - [20/Jul/2025:04:13:44 +0000] "GET /index.php/item/4415091/ HTTP/1.1" 200 20428 "-" "Mozilla/5.0 (Linux; Android 6.0.1; Nexus 5X Build/MMB29P) AppleWebKit/537.36 (KHTML, like Gecko) Chrome/137.0.7151.103 Mobile Safari/537.36 (compatible; Googlebot/2.1; +http://www.google.com/bot.html)"
66.249.79.66 - - [20/Jul/2025:04:14:23 +0000] "GET /index.php/item/3885013/ HTTP/1.1" 200 19600 "-" "Mozilla/5.0 (compatible; Googlebot/2.1; +http://www.google.com/bot.html)"
66.249.79.64 - - [20/Jul/2025:04:16:18 +0000] "GET /index.php/item/1722270/ HTTP/1.1" 200 19741 "-" "Mozilla/5.0 (compatible; Googlebot/2.1; +http://www.google.com/bot.html)"
66.249.79.64 - - [20/Jul/2025:04:17:02 +0000] "GET /index.php/item/2889602/ HTTP/1.1" 200 20042 "-" "Mozilla/5.0 (Linux; Android 6.0.1; Nexus 5X Build/MMB29P) AppleWebKit/537.36 (KHTML, like Gecko) Chrome/137.0.7151.103 Mobile Safari/537.36 (compatible; Googlebot/2.1; +http://www.google.com/bot.html)"
66.249.79.64 - - [20/Jul/2025:04:17:38 +0000] "GET /?f=5361162021370&mod=b3b0b34e&uri=pin.php?item/583708574.shtml HTTP/1.1" 200 20239 "-" "Mozilla/5.0 (compatible; Googlebot/2.1; +http://www.google.com/bot.html)"
66.249.79.64 - - [20/Jul/2025:04:18:47 +0000] "GET /index.php/item/2439734/ HTTP/1.1" 200 20201 "-" "Mozilla/5.0 (Linux; Android 6.0.1; Nexus 5X Build/MMB29P) AppleWebKit/537.36 (KHTML, like Gecko) Chrome/137.0.7151.103 Mobile Safari/537.36 (compatible; Googlebot/2.1; +http://www.google.com/bot.html)"
20.171.207.15 - - [20/Jul/2025:04:19:15 +0000] "GET /item/1153763/ HTTP/1.1" 200 265 "-" "Mozilla/5.0 AppleWebKit/537.36 (KHTML, like Gecko; compatible; GPTBot/1.2; +https://openai.com/gptbot)"
66.249.79.64 - - [20/Jul/2025:04:19:54 +0000] "GET /?f=5518564051370&mod=6f39194d&uri=us.php?item/55901616.shtml HTTP/1.1" 200 20695 "-" "Mozilla/5.0 (compatible; Googlebot/2.1; +http://www.google.com/bot.html)"
66.249.79.64 - - [20/Jul/2025:04:20:15 +0000] "GET /?f=5025587031370&mod=67a4b0f5&uri=info.php?item/1500940238.shtml HTTP/1.1" 200 20572 "-" "Mozilla/5.0 (Linux; Android 6.0.1; Nexus 5X Build/MMB29P) AppleWebKit/537.36 (KHTML, like Gecko) Chrome/137.0.7151.103 Mobile Safari/537.36 (compatible; Googlebot/2.1; +http://www.google.com/bot.html)"
66.249.79.65 - - [20/Jul/2025:04:21:06 +0000] "GET /?f=5344599011370&mod=aebb462e&uri=form.php?item/8126516.shtml HTTP/1.1" 200 21521 "-" "Mozilla/5.0 (compatible; Googlebot/2.1; +http://www.google.com/bot.html)"
66.249.79.66 - - [20/Jul/2025:04:22:02 +0000] "GET /?f=5329779031370&mod=f3a3d61b&uri=blog.php?item/49181660.shtml HTTP/1.1" 200 20710 "-" "Mozilla/5.0 (compatible; Googlebot/2.1; +http://www.google.com/bot.html)"
66.249.79.64 - - [20/Jul/2025:04:22:49 +0000] "GET /?f=5361162021370&mod=b3b0b34e&uri=pin.php?item/673564902.shtml HTTP/1.1" 200 19696 "-" "Mozilla/5.0 (Linux; Android 6.0.1; Nexus 5X Build/MMB29P) AppleWebKit/537.36 (KHTML, like Gecko) Chrome/137.0.7151.103 Mobile Safari/537.36 (compatible; Googlebot/2.1; +http://www.google.com/bot.html)"
66.249.79.64 - - [20/Jul/2025:04:23:02 +0000] "GET /?f=5361162021370&mod=b3b0b34e&uri=pin.php?item/6754076.shtml HTTP/1.1" 200 20599 "-" "Mozilla/5.0 (compatible; Googlebot/2.1; +http://www.google.com/bot.html)"
66.249.79.64 - - [20/Jul/2025:04:24:51 +0000] "GET /?f=5361162021370&mod=b3b0b34e&uri=pin.php?item/583762890.shtml HTTP/1.1" 200 20548 "-" "Mozilla/5.0 (compatible; Googlebot/2.1; +http://www.google.com/bot.html)"
66.249.79.66 - - [20/Jul/2025:04:27:15 +0000] "GET /?f=5025587031370&mod=67a4b0f5&uri=info.php?item/56186922.shtml HTTP/1.1" 200 20497 "-" "Mozilla/5.0 (Linux; Android 6.0.1; Nexus 5X Build/MMB29P) AppleWebKit/537.36 (KHTML, like Gecko) Chrome/137.0.7151.103 Mobile Safari/537.36 (compatible; Googlebot/2.1; +http://www.google.com/bot.html)"
66.249.79.65 - - [20/Jul/2025:04:27:16 +0000] "GET /?f=5518564051370&mod=6f39194d&uri=us.php?item/52809786.shtml HTTP/1.1" 200 20089 "-" "Mozilla/5.0 (Linux; Android 6.0.1; Nexus 5X Build/MMB29P) AppleWebKit/537.36 (KHTML, like Gecko) Chrome/137.0.7151.103 Mobile Safari/537.36 (compatible; Googlebot/2.1; +http://www.google.com/bot.html)"
66.249.79.64 - - [20/Jul/2025:04:27:57 +0000] "GET /index.php/item/1333497/ HTTP/1.1" 200 20189 "-" "Mozilla/5.0 (Linux; Android 6.0.1; Nexus 5X Build/MMB29P) AppleWebKit/537.36 (KHTML, like Gecko) Chrome/137.0.7151.103 Mobile Safari/537.36 (compatible; Googlebot/2.1; +http://www.google.com/bot.html)"
66.249.79.65 - - [20/Jul/2025:04:29:25 +0000] "GET /index.php/item/4403754/ HTTP/1.1" 200 20692 "-" "Mozilla/5.0 (Linux; Android 6.0.1; Nexus 5X Build/MMB29P) AppleWebKit/537.36 (KHTML, like Gecko) Chrome/137.0.7151.103 Mobile Safari/537.36 (compatible; Googlebot/2.1; +http://www.google.com/bot.html)"
66.249.79.65 - - [20/Jul/2025:04:31:15 +0000] "GET /index.php/item/3298639/ HTTP/1.1" 200 20511 "-" "Mozilla/5.0 (Linux; Android 6.0.1; Nexus 5X Build/MMB29P) AppleWebKit/537.36 (KHTML, like Gecko) Chrome/137.0.7151.103 Mobile Safari/537.36 (compatible; Googlebot/2.1; +http://www.google.com/bot.html)"
66.249.79.65 - - [20/Jul/2025:04:31:23 +0000] "GET /?f=5185016051370&mod=bf453f26&uri=products.php%3Fid%3D173092-139%26name%3Ddirty+couple+christmas+sweaters HTTP/1.1" 200 20149 "-" "Mozilla/5.0 (compatible; Googlebot/2.1; +http://www.google.com/bot.html)"
66.249.79.64 - - [20/Jul/2025:04:31:50 +0000] "GET /?f=5361162021370&mod=b3b0b34e&uri=pin.php?item/673611390.shtml HTTP/1.1" 200 20047 "-" "Mozilla/5.0 (Linux; Android 6.0.1; Nexus 5X Build/MMB29P) AppleWebKit/537.36 (KHTML, like Gecko) Chrome/137.0.7151.103 Mobile Safari/537.36 (compatible; Googlebot/2.1; +http://www.google.com/bot.html)"
66.249.79.65 - - [20/Jul/2025:04:33:07 +0000] "GET /?f=5558554001370&mod=2a519dc3&uri=shared.php%3Fid%3D185565-220%26name%3Dhow+to+seal+acrylic+paint+on+jeans HTTP/1.1" 200 20258 "-" "Mozilla/5.0 (compatible; Googlebot/2.1; +http://www.google.com/bot.html)"
66.249.79.64 - - [20/Jul/2025:04:33:51 +0000] "GET /index.php/item/3542877/ HTTP/1.1" 200 20432 "-" "Mozilla/5.0 (Linux; Android 6.0.1; Nexus 5X Build/MMB29P) AppleWebKit/537.36 (KHTML, like Gecko) Chrome/137.0.7151.103 Mobile Safari/537.36 (compatible; Googlebot/2.1; +http://www.google.com/bot.html)"
66.249.79.64 - - [20/Jul/2025:04:34:05 +0000] "GET /index.php/item/3364845/ HTTP/1.1" 200 19698 "-" "Mozilla/5.0 (compatible; Googlebot/2.1; +http://www.google.com/bot.html)"
66.249.79.66 - - [20/Jul/2025:04:36:25 +0000] "GET /?f=5361162021370&mod=b3b0b34e&uri=pin.php?item/6786392.shtml HTTP/1.1" 200 20573 "-" "Mozilla/5.0 (Linux; Android 6.0.1; Nexus 5X Build/MMB29P) AppleWebKit/537.36 (KHTML, like Gecko) Chrome/137.0.7151.103 Mobile Safari/537.36 (compatible; Googlebot/2.1; +http://www.google.com/bot.html)"
66.249.79.66 - - [20/Jul/2025:04:37:33 +0000] "GET /?f=4608764041370&mod=f5d5acb2&uri=brands.php?item/4138748.shtml HTTP/1.1" 200 20298 "-" "Mozilla/5.0 (Linux; Android 6.0.1; Nexus 5X Build/MMB29P) AppleWebKit/537.36 (KHTML, like Gecko) Chrome/137.0.7151.103 Mobile Safari/537.36 (compatible; Googlebot/2.1; +http://www.google.com/bot.html)"
66.249.79.65 - - [20/Jul/2025:04:37:44 +0000] "GET /?f=5329779031370&mod=f3a3d61b&uri=blog.php?item/50560238.shtml HTTP/1.1" 200 20783 "-" "Mozilla/5.0 (Linux; Android 6.0.1; Nexus 5X Build/MMB29P) AppleWebKit/537.36 (KHTML, like Gecko) Chrome/137.0.7151.103 Mobile Safari/537.36 (compatible; Googlebot/2.1; +http://www.google.com/bot.html)"
66.249.79.66 - - [20/Jul/2025:04:40:36 +0000] "GET /?f=5025587031370&mod=67a4b0f5&uri=info.php?item/500672116.shtml HTTP/1.1" 200 21449 "-" "Mozilla/5.0 (compatible; Googlebot/2.1; +http://www.google.com/bot.html)"
66.249.79.64 - - [20/Jul/2025:04:42:01 +0000] "GET /index.php/item/1992054/ HTTP/1.1" 200 20851 "-" "Mozilla/5.0 (Linux; Android 6.0.1; Nexus 5X Build/MMB29P) AppleWebKit/537.36 (KHTML, like Gecko) Chrome/137.0.7151.103 Mobile Safari/537.36 (compatible; Googlebot/2.1; +http://www.google.com/bot.html)"
66.249.79.65 - - [20/Jul/2025:04:45:31 +0000] "GET /game-gainz.com/pcmypage?callback=/product%2Fdetail%2F80143446 HTTP/1.1" 200 20481 "-" "Mozilla/5.0 (Linux; Android 6.0.1; Nexus 5X Build/MMB29P) AppleWebKit/537.36 (KHTML, like Gecko) Chrome/137.0.7151.103 Mobile Safari/537.36 (compatible; Googlebot/2.1; +http://www.google.com/bot.html)"
66.249.79.64 - - [20/Jul/2025:04:46:11 +0000] "GET /index.php/item/4415666/ HTTP/1.1" 200 20414 "-" "Mozilla/5.0 (Linux; Android 6.0.1; Nexus 5X Build/MMB29P) AppleWebKit/537.36 (KHTML, like Gecko) Chrome/137.0.7151.103 Mobile Safari/537.36 (compatible; Googlebot/2.1; +http://www.google.com/bot.html)"
66.249.79.64 - - [20/Jul/2025:04:47:17 +0000] "GET /index.php/item/3668743/ HTTP/1.1" 200 20443 "-" "Mozilla/5.0 (Linux; Android 6.0.1; Nexus 5X Build/MMB29P) AppleWebKit/537.36 (KHTML, like Gecko) Chrome/137.0.7151.103 Mobile Safari/537.36 (compatible; Googlebot/2.1; +http://www.google.com/bot.html)"
66.249.79.64 - - [20/Jul/2025:04:47:38 +0000] "GET /?f=5329779031370&mod=f3a3d61b&uri=blog.php?item/54445164.shtml HTTP/1.1" 200 20139 "-" "Mozilla/5.0 (compatible; Googlebot/2.1; +http://www.google.com/bot.html)"
66.249.79.64 - - [20/Jul/2025:04:47:44 +0000] "GET /index.php/item/1518527/ HTTP/1.1" 200 19950 "-" "Mozilla/5.0 (compatible; Googlebot/2.1; +http://www.google.com/bot.html)"
66.249.79.64 - - [20/Jul/2025:04:49:14 +0000] "GET /index.php/item/5001394/ HTTP/1.1" 200 20393 "-" "Mozilla/5.0 (Linux; Android 6.0.1; Nexus 5X Build/MMB29P) AppleWebKit/537.36 (KHTML, like Gecko) Chrome/137.0.7151.103 Mobile Safari/537.36 (compatible; Googlebot/2.1; +http://www.google.com/bot.html)"
66.249.79.66 - - [20/Jul/2025:04:50:02 +0000] "GET /?f=5661051091370&mod=fc75bd96&uri=us.php%3Fid%3D189022-308%26name%3Dwomens+hoodies+graphic HTTP/1.1" 200 21501 "-" "Mozilla/5.0 (Linux; Android 6.0.1; Nexus 5X Build/MMB29P) AppleWebKit/537.36 (KHTML, like Gecko) Chrome/137.0.7151.103 Mobile Safari/537.36 (compatible; Googlebot/2.1; +http://www.google.com/bot.html)"
66.249.79.64 - - [20/Jul/2025:04:50:56 +0000] "GET /?f=5344599011370&mod=aebb462e&uri=form.php?item/54716936.shtml HTTP/1.1" 200 20083 "-" "Mozilla/5.0 (compatible; Googlebot/2.1; +http://www.google.com/bot.html)"
66.249.79.64 - - [20/Jul/2025:04:51:04 +0000] "GET /?f=5361162021370&mod=b3b0b34e&uri=pin.php?item/673631342.shtml HTTP/1.1" 200 20250 "-" "Mozilla/5.0 (compatible; Googlebot/2.1; +http://www.google.com/bot.html)"
66.249.79.64 - - [20/Jul/2025:04:51:36 +0000] "GET /index.php?item/5433936.shtml/vintagegame.html HTTP/1.1" 200 20367 "-" "Mozilla/5.0 (compatible; Googlebot/2.1; +http://www.google.com/bot.html)"
66.249.79.66 - - [20/Jul/2025:04:53:18 +0000] "GET /index.php/item/3202648/ HTTP/1.1" 200 20397 "-" "Mozilla/5.0 (compatible; Googlebot/2.1; +http://www.google.com/bot.html)"
66.249.79.65 - - [20/Jul/2025:04:54:29 +0000] "GET /?f=5025587031370&mod=67a4b0f5&uri=info.php?item/47871256.shtml HTTP/1.1" 200 20687 "-" "Mozilla/5.0 (Linux; Android 6.0.1; Nexus 5X Build/MMB29P) AppleWebKit/537.36 (KHTML, like Gecko) Chrome/137.0.7151.103 Mobile Safari/537.36 (compatible; Googlebot/2.1; +http://www.google.com/bot.html)"
66.249.79.64 - - [20/Jul/2025:04:54:46 +0000] "GET /?f=5361162021370&mod=b3b0b34e&uri=pin.php?item/573730158.shtml HTTP/1.1" 200 20377 "-" "Mozilla/5.0 (Linux; Android 6.0.1; Nexus 5X Build/MMB29P) AppleWebKit/537.36 (KHTML, like Gecko) Chrome/137.0.7151.103 Mobile Safari/537.36 (compatible; Googlebot/2.1; +http://www.google.com/bot.html)"
66.249.79.65 - - [20/Jul/2025:04:55:19 +0000] "GET /index.php/item/1875540/ HTTP/1.1" 200 20339 "-" "Mozilla/5.0 (Linux; Android 6.0.1; Nexus 5X Build/MMB29P) AppleWebKit/537.36 (KHTML, like Gecko) Chrome/137.0.7151.103 Mobile Safari/537.36 (compatible; Googlebot/2.1; +http://www.google.com/bot.html)"
66.249.79.66 - - [20/Jul/2025:04:56:09 +0000] "GET /?f=4605076051370&mod=214f9424&uri=shared.php%3Fid%3D153702-282%26name%3Dskechers+outlet+near+me+queens HTTP/1.1" 200 20423 "-" "Mozilla/5.0 (Linux; Android 6.0.1; Nexus 5X Build/MMB29P) AppleWebKit/537.36 (KHTML, like Gecko) Chrome/137.0.7151.103 Mobile Safari/537.36 (compatible; Googlebot/2.1; +http://www.google.com/bot.html)"
66.249.79.64 - - [20/Jul/2025:04:57:59 +0000] "GET /?f=5361162021370&mod=b3b0b34e&uri=pin.php?item/8125598.shtml HTTP/1.1" 200 21418 "-" "Mozilla/5.0 (Linux; Android 6.0.1; Nexus 5X Build/MMB29P) AppleWebKit/537.36 (KHTML, like Gecko) Chrome/137.0.7151.103 Mobile Safari/537.36 (compatible; Googlebot/2.1; +http://www.google.com/bot.html)"
66.249.79.66 - - [20/Jul/2025:04:58:01 +0000] "GET /?f=5367804041370&mod=b3b0b34e&uri=shared.php%3Fid%3D179203-321%26name%3Dyorkshire+terriers+needing+homes HTTP/1.1" 200 20339 "-" "Mozilla/5.0 (compatible; Googlebot/2.1; +http://www.google.com/bot.html)"
66.249.79.64 - - [20/Jul/2025:04:58:13 +0000] "GET /?f=5344599011370&mod=aebb462e&uri=form.php?item/6818416.shtml HTTP/1.1" 200 20690 "-" "Mozilla/5.0 (Linux; Android 6.0.1; Nexus 5X Build/MMB29P) AppleWebKit/537.36 (KHTML, like Gecko) Chrome/137.0.7151.103 Mobile Safari/537.36 (compatible; Googlebot/2.1; +http://www.google.com/bot.html)"
66.249.79.65 - - [20/Jul/2025:04:59:51 +0000] "GET /index.php/item/1775349/ HTTP/1.1" 200 20537 "-" "Mozilla/5.0 (Linux; Android 6.0.1; Nexus 5X Build/MMB29P) AppleWebKit/537.36 (KHTML, like Gecko) Chrome/137.0.7151.103 Mobile Safari/537.36 (compatible; Googlebot/2.1; +http://www.google.com/bot.html)"
66.249.79.66 - - [20/Jul/2025:05:00:51 +0000] "GET /index.php/item/3774392/ HTTP/1.1" 200 20171 "-" "Mozilla/5.0 (Linux; Android 6.0.1; Nexus 5X Build/MMB29P) AppleWebKit/537.36 (KHTML, like Gecko) Chrome/137.0.7151.103 Mobile Safari/537.36 (compatible; Googlebot/2.1; +http://www.google.com/bot.html)"
66.249.79.66 - - [20/Jul/2025:05:03:03 +0000] "GET /?f=5025587031370&mod=67a4b0f5&uri=info.php?item/1500935574.shtml HTTP/1.1" 200 20432 "-" "Mozilla/5.0 (compatible; Googlebot/2.1; +http://www.google.com/bot.html)"
66.249.79.66 - - [20/Jul/2025:05:04:09 +0000] "GET /?f=5361162021370&mod=b3b0b34e&uri=pin.php?item/878627850.shtml HTTP/1.1" 200 20551 "-" "Mozilla/5.0 (compatible; Googlebot/2.1; +http://www.google.com/bot.html)"
66.249.79.65 - - [20/Jul/2025:05:04:25 +0000] "GET /index.php/item/1415797/ HTTP/1.1" 200 19791 "-" "Mozilla/5.0 (Linux; Android 6.0.1; Nexus 5X Build/MMB29P) AppleWebKit/537.36 (KHTML, like Gecko) Chrome/137.0.7151.103 Mobile Safari/537.36 (compatible; Googlebot/2.1; +http://www.google.com/bot.html)"
66.249.79.64 - - [20/Jul/2025:05:04:51 +0000] "GET /index.php/item/3639652/ HTTP/1.1" 200 20138 "-" "Mozilla/5.0 (Linux; Android 6.0.1; Nexus 5X Build/MMB29P) AppleWebKit/537.36 (KHTML, like Gecko) Chrome/137.0.7151.103 Mobile Safari/537.36 (compatible; Googlebot/2.1; +http://www.google.com/bot.html)"
66.249.79.66 - - [20/Jul/2025:05:06:21 +0000] "GET /index.php/item/2880457/ HTTP/1.1" 200 20009 "-" "Mozilla/5.0 (compatible; Googlebot/2.1; +http://www.google.com/bot.html)"
66.249.79.66 - - [20/Jul/2025:05:07:25 +0000] "GET /?f=5025587031370&mod=67a4b0f5&uri=info.php?product/edit/G3389547718 HTTP/1.1" 200 20977 "-" "Mozilla/5.0 (Linux; Android 6.0.1; Nexus 5X Build/MMB29P) AppleWebKit/537.36 (KHTML, like Gecko) Chrome/137.0.7151.103 Mobile Safari/537.36 (compatible; Googlebot/2.1; +http://www.google.com/bot.html)"
66.249.79.64 - - [20/Jul/2025:05:07:33 +0000] "GET /?f=5424279051370&mod=41d626e1&uri=pin.php%3Fid%3D181086-208%26name%3Dhasselblad+h2f HTTP/1.1" 200 21407 "-" "Mozilla/5.0 (compatible; Googlebot/2.1; +http://www.google.com/bot.html)"
66.249.79.65 - - [20/Jul/2025:05:08:10 +0000] "GET /index.php/item/4527906/ HTTP/1.1" 200 20238 "-" "Mozilla/5.0 (compatible; Googlebot/2.1; +http://www.google.com/bot.html)"
66.249.79.65 - - [20/Jul/2025:05:08:39 +0000] "GET /index.php/item/3504669/ HTTP/1.1" 200 20849 "-" "Mozilla/5.0 (Linux; Android 6.0.1; Nexus 5X Build/MMB29P) AppleWebKit/537.36 (KHTML, like Gecko) Chrome/137.0.7151.103 Mobile Safari/537.36 (compatible; Googlebot/2.1; +http://www.google.com/bot.html)"
66.249.79.66 - - [20/Jul/2025:05:10:58 +0000] "GET /index.php/item/4440650/ HTTP/1.1" 200 20550 "-" "Mozilla/5.0 (Linux; Android 6.0.1; Nexus 5X Build/MMB29P) AppleWebKit/537.36 (KHTML, like Gecko) Chrome/137.0.7151.103 Mobile Safari/537.36 (compatible; Googlebot/2.1; +http://www.google.com/bot.html)"
66.249.79.66 - - [20/Jul/2025:05:10:59 +0000] "GET /?f=5361162021370&mod=b3b0b34e&uri=pin.php?item/674895676.shtml HTTP/1.1" 200 19824 "-" "Mozilla/5.0 (compatible; Googlebot/2.1; +http://www.google.com/bot.html)"
66.249.79.64 - - [20/Jul/2025:05:11:03 +0000] "GET /?f=5330409061370&mod=f3a3d61b&uri=info.php?item/1252386958.shtml HTTP/1.1" 200 20504 "-" "Mozilla/5.0 (compatible; Googlebot/2.1; +http://www.google.com/bot.html)"
66.249.79.64 - - [20/Jul/2025:05:11:23 +0000] "GET /index.php/item/2460881/ HTTP/1.1" 200 20287 "-" "Mozilla/5.0 (Linux; Android 6.0.1; Nexus 5X Build/MMB29P) AppleWebKit/537.36 (KHTML, like Gecko) Chrome/137.0.7151.103 Mobile Safari/537.36 (compatible; Googlebot/2.1; +http://www.google.com/bot.html)"
66.249.79.66 - - [20/Jul/2025:05:12:00 +0000] "GET /?f=5361162021370&mod=b3b0b34e&uri=pin.php?item/573727542.shtml HTTP/1.1" 200 20160 "-" "Mozilla/5.0 (compatible; Googlebot/2.1; +http://www.google.com/bot.html)"
66.249.79.64 - - [20/Jul/2025:05:13:31 +0000] "GET /index.php/item/3325150/ HTTP/1.1" 200 19479 "-" "Mozilla/5.0 (compatible; Googlebot/2.1; +http://www.google.com/bot.html)"
66.249.79.64 - - [20/Jul/2025:05:14:47 +0000] "GET /?f=5329779031370&mod=f3a3d61b&uri=blog.php?item/50559962.shtml HTTP/1.1" 200 20961 "-" "Mozilla/5.0 (Linux; Android 6.0.1; Nexus 5X Build/MMB29P) AppleWebKit/537.36 (KHTML, like Gecko) Chrome/137.0.7151.103 Mobile Safari/537.36 (compatible; Googlebot/2.1; +http://www.google.com/bot.html)"
66.249.79.64 - - [20/Jul/2025:05:15:47 +0000] "GET /?f=5344599011370&mod=aebb462e&uri=form.php?item/57433888.shtml HTTP/1.1" 200 19481 "-" "Mozilla/5.0 (Linux; Android 6.0.1; Nexus 5X Build/MMB29P) AppleWebKit/537.36 (KHTML, like Gecko) Chrome/137.0.7151.103 Mobile Safari/537.36 (compatible; Googlebot/2.1; +http://www.google.com/bot.html)"
66.249.79.64 - - [20/Jul/2025:05:16:29 +0000] "GET /index.php/item/3540175/ HTTP/1.1" 200 20079 "-" "Mozilla/5.0 (Linux; Android 6.0.1; Nexus 5X Build/MMB29P) AppleWebKit/537.36 (KHTML, like Gecko) Chrome/137.0.7151.103 Mobile Safari/537.36 (compatible; Googlebot/2.1; +http://www.google.com/bot.html)"
66.249.79.64 - - [20/Jul/2025:05:17:50 +0000] "GET /?f=5344599011370&mod=aebb462e&uri=form.php?item/9415798.shtml HTTP/1.1" 200 20678 "-" "Mozilla/5.0 (Linux; Android 6.0.1; Nexus 5X Build/MMB29P) AppleWebKit/537.36 (KHTML, like Gecko) Chrome/137.0.7151.103 Mobile Safari/537.36 (compatible; Googlebot/2.1; +http://www.google.com/bot.html)"
66.249.79.65 - - [20/Jul/2025:05:20:19 +0000] "GET /?f=5330409061370&mod=f3a3d61b&uri=info.php?item/54754220.shtml HTTP/1.1" 200 19969 "-" "Mozilla/5.0 (Linux; Android 6.0.1; Nexus 5X Build/MMB29P) AppleWebKit/537.36 (KHTML, like Gecko) Chrome/137.0.7151.103 Mobile Safari/537.36 (compatible; Googlebot/2.1; +http://www.google.com/bot.html)"
66.249.79.65 - - [20/Jul/2025:05:22:05 +0000] "GET /?f=119736223111370&mod=cc710398&uri=products.php?item/57754154.shtml HTTP/1.1" 200 20228 "-" "Mozilla/5.0 (Linux; Android 6.0.1; Nexus 5X Build/MMB29P) AppleWebKit/537.36 (KHTML, like Gecko) Chrome/137.0.7151.103 Mobile Safari/537.36 (compatible; Googlebot/2.1; +http://www.google.com/bot.html)"
66.249.79.64 - - [20/Jul/2025:05:22:49 +0000] "GET /?f=5511934041370&mod=6f39194d&uri=pin.php%3Fid%3D184011-310%26name%3Dlaptop+with+nvidia+gtx+660+2gb HTTP/1.1" 200 20052 "-" "Mozilla/5.0 (Linux; Android 6.0.1; Nexus 5X Build/MMB29P) AppleWebKit/537.36 (KHTML, like Gecko) Chrome/137.0.7151.103 Mobile Safari/537.36 (compatible; Googlebot/2.1; +http://www.google.com/bot.html)"
66.249.79.64 - - [20/Jul/2025:05:22:50 +0000] "GET /?f=5515234001370&mod=6f39194d&uri=news.php%3Fid%3D184121-310%26name%3Dgraphic+card+for+photo+editing HTTP/1.1" 200 19821 "-" "Mozilla/5.0 (Linux; Android 6.0.1; Nexus 5X Build/MMB29P) AppleWebKit/537.36 (KHTML, like Gecko) Chrome/137.0.7151.103 Mobile Safari/537.36 (compatible; Googlebot/2.1; +http://www.google.com/bot.html)"
66.249.79.64 - - [20/Jul/2025:05:22:52 +0000] "POST /get-message-notify HTTP/1.1" 200 20408 "http://game-gainz.com/?f=5511934041370&mod=6f39194d&uri=pin.php%3Fid%3D184011-310%26name%3Dlaptop+with+nvidia+gtx+660+2gb" "Mozilla/5.0 (Linux; Android 6.0.1; Nexus 5X Build/MMB29P) AppleWebKit/537.36 (KHTML, like Gecko) Chrome/137.0.7151.119 Mobile Safari/537.36 (compatible; Googlebot/2.1; +http://www.google.com/bot.html)"
66.249.79.64 - - [20/Jul/2025:05:22:52 +0000] "GET /?f=5522434031370&mod=6f39194d&uri=dp.php%3Fid%3D184361-310%26name%3Dnvidia+rtx+2060+laptops HTTP/1.1" 200 20239 "-" "Mozilla/5.0 (Linux; Android 6.0.1; Nexus 5X Build/MMB29P) AppleWebKit/537.36 (KHTML, like Gecko) Chrome/137.0.7151.103 Mobile Safari/537.36 (compatible; Googlebot/2.1; +http://www.google.com/bot.html)"
66.249.79.64 - - [20/Jul/2025:05:22:55 +0000] "GET /?f=5520034131370&mod=6f39194d&uri=form.php%3Fid%3D184281-310%26name%3Dcyberpunk+graphic+card HTTP/1.1" 200 20449 "-" "Mozilla/5.0 (Linux; Android 6.0.1; Nexus 5X Build/MMB29P) AppleWebKit/537.36 (KHTML, like Gecko) Chrome/137.0.7151.103 Mobile Safari/537.36 (compatible; Googlebot/2.1; +http://www.google.com/bot.html)"
66.249.79.64 - - [20/Jul/2025:05:22:58 +0000] "GET /?f=5509234041370&mod=20c99c68&uri=product.php%3Fid%3D183921-328%26name%3Drieker+y8210+schwarz HTTP/1.1" 200 21152 "-" "Mozilla/5.0 (Linux; Android 6.0.1; Nexus 5X Build/MMB29P) AppleWebKit/537.36 (KHTML, like Gecko) Chrome/137.0.7151.103 Mobile Safari/537.36 (compatible; Googlebot/2.1; +http://www.google.com/bot.html)"
66.249.79.64 - - [20/Jul/2025:05:22:59 +0000] "POST /get-message-notify HTTP/1.1" 200 20443 "http://game-gainz.com/?f=5520034131370&mod=6f39194d&uri=form.php%3Fid%3D184281-310%26name%3Dcyberpunk+graphic+card" "Mozilla/5.0 (Linux; Android 6.0.1; Nexus 5X Build/MMB29P) AppleWebKit/537.36 (KHTML, like Gecko) Chrome/137.0.7151.119 Mobile Safari/537.36 (compatible; Googlebot/2.1; +http://www.google.com/bot.html)"
66.249.79.64 - - [20/Jul/2025:05:23:00 +0000] "GET /?f=5207756051370&mod=bf453f26&uri=blog.php%3Fid%3D173852-139%26name%3Dobito+jacket HTTP/1.1" 200 20611 "-" "Mozilla/5.0 (Linux; Android 6.0.1; Nexus 5X Build/MMB29P) AppleWebKit/537.36 (KHTML, like Gecko) Chrome/137.0.7151.103 Mobile Safari/537.36 (compatible; Googlebot/2.1; +http://www.google.com/bot.html)"
66.249.79.64 - - [20/Jul/2025:05:23:03 +0000] "GET /?f=5239145041370&mod=3632435c&uri=product.php%3Fid%3D174911-314%26name%3Drote+strickjacke+lang+damen HTTP/1.1" 200 19665 "-" "Mozilla/5.0 (Linux; Android 6.0.1; Nexus 5X Build/MMB29P) AppleWebKit/537.36 (KHTML, like Gecko) Chrome/137.0.7151.103 Mobile Safari/537.36 (compatible; Googlebot/2.1; +http://www.google.com/bot.html)"
66.249.79.64 - - [20/Jul/2025:05:23:05 +0000] "POST /get-message-notify HTTP/1.1" 200 20442 "http://game-gainz.com/?f=5239145041370&mod=3632435c&uri=product.php%3Fid%3D174911-314%26name%3Drote+strickjacke+lang+damen" "Mozilla/5.0 (Linux; Android 6.0.1; Nexus 5X Build/MMB29P) AppleWebKit/537.36 (KHTML, like Gecko) Chrome/137.0.7151.119 Mobile Safari/537.36 (compatible; Googlebot/2.1; +http://www.google.com/bot.html)"
66.249.79.64 - - [20/Jul/2025:05:23:06 +0000] "GET /?f=5241425051370&mod=3632435c&uri=news.php%3Fid%3D174987-314%26name%3Dkurze+strickjacke+wei%C3%83%C2%9F HTTP/1.1" 200 20381 "-" "Mozilla/5.0 (Linux; Android 6.0.1; Nexus 5X Build/MMB29P) AppleWebKit/537.36 (KHTML, like Gecko) Chrome/137.0.7151.103 Mobile Safari/537.36 (compatible; Googlebot/2.1; +http://www.google.com/bot.html)"
66.249.79.64 - - [20/Jul/2025:05:23:09 +0000] "POST /get-message-notify HTTP/1.1" 200 20440 "http://game-gainz.com/?f=5241425051370&mod=3632435c&uri=news.php%3Fid%3D174987-314%26name%3Dkurze+strickjacke+wei%C3%83%C2%9F" "Mozilla/5.0 (Linux; Android 6.0.1; Nexus 5X Build/MMB29P) AppleWebKit/537.36 (KHTML, like Gecko) Chrome/137.0.7151.119 Mobile Safari/537.36 (compatible; Googlebot/2.1; +http://www.google.com/bot.html)"
66.249.79.64 - - [20/Jul/2025:05:23:10 +0000] "GET /?f=5519734021370&mod=6f39194d&uri=shared.php%3Fid%3D184271-310%26name%3Dgigabyte+gtx+970+specs HTTP/1.1" 200 20175 "-" "Mozilla/5.0 (Linux; Android 6.0.1; Nexus 5X Build/MMB29P) AppleWebKit/537.36 (KHTML, like Gecko) Chrome/137.0.7151.103 Mobile Safari/537.36 (compatible; Googlebot/2.1; +http://www.google.com/bot.html)"
66.249.79.64 - - [20/Jul/2025:05:23:13 +0000] "GET /?f=5616255121370&mod=cb0b5f13&uri=dp.php%3Fid%3D187514-332%26name%3Dcase+garmin+instinct HTTP/1.1" 200 20403 "-" "Mozilla/5.0 (Linux; Android 6.0.1; Nexus 5X Build/MMB29P) AppleWebKit/537.36 (KHTML, like Gecko) Chrome/137.0.7151.103 Mobile Safari/537.36 (compatible; Googlebot/2.1; +http://www.google.com/bot.html)"
66.249.79.64 - - [20/Jul/2025:05:23:15 +0000] "POST /get-message-notify HTTP/1.1" 200 20412 "http://game-gainz.com/?f=5509234041370&mod=20c99c68&uri=product.php%3Fid%3D183921-328%26name%3Drieker+y8210+schwarz" "Mozilla/5.0 (Linux; Android 6.0.1; Nexus 5X Build/MMB29P) AppleWebKit/537.36 (KHTML, like Gecko) Chrome/137.0.7151.119 Mobile Safari/537.36 (compatible; Googlebot/2.1; +http://www.google.com/bot.html)"
66.249.79.64 - - [20/Jul/2025:05:23:15 +0000] "GET /?f=5229789011370&mod=f8f6b523&uri=search.php%3Fid%3D174598-187%26name%3Dharry+potter+and+the+chamber+of+secrets+full+story HTTP/1.1" 200 20682 "-" "Mozilla/5.0 (Linux; Android 6.0.1; Nexus 5X Build/MMB29P) AppleWebKit/537.36 (KHTML, like Gecko) Chrome/137.0.7151.103 Mobile Safari/537.36 (compatible; Googlebot/2.1; +http://www.google.com/bot.html)"
66.249.79.64 - - [20/Jul/2025:05:23:18 +0000] "GET /?f=5239565031370&mod=2ca2f288&uri=blog.php%3Fid%3D174925-312%26name%3Dmejor+zapatilla+mtb+calidad+precio HTTP/1.1" 200 20371 "-" "Mozilla/5.0 (Linux; Android 6.0.1; Nexus 5X Build/MMB29P) AppleWebKit/537.36 (KHTML, like Gecko) Chrome/137.0.7151.103 Mobile Safari/537.36 (compatible; Googlebot/2.1; +http://www.google.com/bot.html)"
66.249.79.64 - - [20/Jul/2025:05:23:21 +0000] "GET /?f=5512234001370&mod=6f39194d&uri=brands.php%3Fid%3D184021-310%26name%3Dgtx+laptop+cards HTTP/1.1" 200 20678 "-" "Mozilla/5.0 (Linux; Android 6.0.1; Nexus 5X Build/MMB29P) AppleWebKit/537.36 (KHTML, like Gecko) Chrome/137.0.7151.103 Mobile Safari/537.36 (compatible; Googlebot/2.1; +http://www.google.com/bot.html)"
66.249.79.64 - - [20/Jul/2025:05:24:04 +0000] "POST /get-message-notify HTTP/1.1" 200 20440 "http://game-gainz.com/?f=5229789011370&mod=f8f6b523&uri=search.php%3Fid%3D174598-187%26name%3Dharry+potter+and+the+chamber+of+secrets+full+story" "Mozilla/5.0 (Linux; Android 6.0.1; Nexus 5X Build/MMB29P) AppleWebKit/537.36 (KHTML, like Gecko) Chrome/137.0.7151.119 Mobile Safari/537.36 (compatible; Googlebot/2.1; +http://www.google.com/bot.html)"
20.171.207.15 - - [20/Jul/2025:05:24:25 +0000] "GET /item/3965616/ HTTP/1.1" 200 265 "-" "Mozilla/5.0 AppleWebKit/537.36 (KHTML, like Gecko; compatible; GPTBot/1.2; +https://openai.com/gptbot)"
66.249.79.66 - - [20/Jul/2025:05:26:04 +0000] "GET /index.php/item/3962304/ HTTP/1.1" 200 20355 "-" "Mozilla/5.0 (compatible; Googlebot/2.1; +http://www.google.com/bot.html)"
20.171.207.15 - - [20/Jul/2025:05:26:33 +0000] "GET /item/4098928/ HTTP/1.1" 200 265 "-" "Mozilla/5.0 AppleWebKit/537.36 (KHTML, like Gecko; compatible; GPTBot/1.2; +https://openai.com/gptbot)"
20.171.207.15 - - [20/Jul/2025:05:27:37 +0000] "GET /item/4138849/ HTTP/1.1" 200 265 "-" "Mozilla/5.0 AppleWebKit/537.36 (KHTML, like Gecko; compatible; GPTBot/1.2; +https://openai.com/gptbot)"
20.171.207.15 - - [20/Jul/2025:05:28:38 +0000] "GET /item/1080145/ HTTP/1.1" 200 265 "-" "Mozilla/5.0 AppleWebKit/537.36 (KHTML, like Gecko; compatible; GPTBot/1.2; +https://openai.com/gptbot)"
66.249.79.64 - - [20/Jul/2025:05:29:10 +0000] "GET /?f=5790055021370&mod=e6e9099e&uri=dp.php%3Fid%3D193355-57%26name%3Dbest+wireless+earbuds+under+250 HTTP/1.1" 200 20039 "-" "Mozilla/5.0 (compatible; Googlebot/2.1; +http://www.google.com/bot.html)"
20.171.207.15 - - [20/Jul/2025:05:29:38 +0000] "GET /item/1129903/ HTTP/1.1" 200 265 "-" "Mozilla/5.0 AppleWebKit/537.36 (KHTML, like Gecko; compatible; GPTBot/1.2; +https://openai.com/gptbot)"
66.249.79.64 - - [20/Jul/2025:05:29:52 +0000] "POST /get-message-notify HTTP/1.1" 200 20418 "http://game-gainz.com/?f=5512234001370&mod=6f39194d&uri=brands.php%3Fid%3D184021-310%26name%3Dgtx+laptop+cards" "Mozilla/5.0 (Linux; Android 6.0.1; Nexus 5X Build/MMB29P) AppleWebKit/537.36 (KHTML, like Gecko) Chrome/137.0.7151.119 Mobile Safari/537.36 (compatible; Googlebot/2.1; +http://www.google.com/bot.html)"
20.171.207.15 - - [20/Jul/2025:05:30:41 +0000] "GET /item/2844779/ HTTP/1.1" 200 265 "-" "Mozilla/5.0 AppleWebKit/537.36 (KHTML, like Gecko; compatible; GPTBot/1.2; +https://openai.com/gptbot)"
66.249.79.66 - - [20/Jul/2025:05:31:03 +0000] "GET /?f=5344599011370&mod=aebb462e&uri=form.php?item/48029860.shtml HTTP/1.1" 200 19471 "-" "Mozilla/5.0 (Linux; Android 6.0.1; Nexus 5X Build/MMB29P) AppleWebKit/537.36 (KHTML, like Gecko) Chrome/137.0.7151.103 Mobile Safari/537.36 (compatible; Googlebot/2.1; +http://www.google.com/bot.html)"
66.249.79.65 - - [20/Jul/2025:05:32:11 +0000] "GET /?f=5361162021370&mod=b3b0b34e&uri=pin.php?item/8149970.shtml HTTP/1.1" 200 21273 "-" "Mozilla/5.0 (compatible; Googlebot/2.1; +http://www.google.com/bot.html)"
66.249.79.65 - - [20/Jul/2025:05:33:24 +0000] "GET /index.php/item/1546768/ HTTP/1.1" 200 20267 "-" "Mozilla/5.0 (compatible; Googlebot/2.1; +http://www.google.com/bot.html)"
20.171.207.15 - - [20/Jul/2025:05:34:52 +0000] "GET /item/3936598/ HTTP/1.1" 200 265 "-" "Mozilla/5.0 AppleWebKit/537.36 (KHTML, like Gecko; compatible; GPTBot/1.2; +https://openai.com/gptbot)"
66.249.79.66 - - [20/Jul/2025:05:34:52 +0000] "GET /?f=5361162021370&mod=b3b0b34e&uri=pin.php?item/573739256.shtml HTTP/1.1" 200 19862 "-" "Mozilla/5.0 (compatible; Googlebot/2.1; +http://www.google.com/bot.html)"
66.249.79.66 - - [20/Jul/2025:05:36:40 +0000] "GET /index.php/item/2730099/ HTTP/1.1" 200 20499 "-" "Mozilla/5.0 (compatible; Googlebot/2.1; +http://www.google.com/bot.html)"
66.249.79.65 - - [20/Jul/2025:05:38:05 +0000] "GET /game-gainz.com/safe_search/config?return_url=%2Fproduct%2Fdetail%2F75741202 HTTP/1.1" 200 19923 "-" "Mozilla/5.0 (compatible; Googlebot/2.1; +http://www.google.com/bot.html)"
66.249.79.64 - - [20/Jul/2025:05:38:15 +0000] "GET /?f=5329779031370&mod=f3a3d61b&uri=blog.php?item/4214262.shtml HTTP/1.1" 200 20747 "-" "Mozilla/5.0 (Linux; Android 6.0.1; Nexus 5X Build/MMB29P) AppleWebKit/537.36 (KHTML, like Gecko) Chrome/137.0.7151.103 Mobile Safari/537.36 (compatible; Googlebot/2.1; +http://www.google.com/bot.html)"
66.249.79.64 - - [20/Jul/2025:05:38:23 +0000] "GET /?f=5361162021370&mod=b3b0b34e&uri=pin.php?item/674863620.shtml HTTP/1.1" 200 20609 "-" "Mozilla/5.0 (compatible; Googlebot/2.1; +http://www.google.com/bot.html)"
66.249.79.66 - - [20/Jul/2025:05:39:01 +0000] "GET /?f=4791278061370&mod=b97f1389&uri=dp.php%3Fid%3D159912-88%26name%3Dtractor+swing+set+plans HTTP/1.1" 200 20326 "-" "Mozilla/5.0 (Linux; Android 6.0.1; Nexus 5X Build/MMB29P) AppleWebKit/537.36 (KHTML, like Gecko) Chrome/137.0.7151.103 Mobile Safari/537.36 (compatible; Googlebot/2.1; +http://www.google.com/bot.html)"
66.249.79.65 - - [20/Jul/2025:05:39:17 +0000] "POST /get-message-notify HTTP/1.1" 200 20416 "http://game-gainz.com/?f=4791278061370&mod=b97f1389&uri=dp.php%3Fid%3D159912-88%26name%3Dtractor+swing+set+plans" "Mozilla/5.0 (Linux; Android 6.0.1; Nexus 5X Build/MMB29P) AppleWebKit/537.36 (KHTML, like Gecko) Chrome/137.0.7151.119 Mobile Safari/537.36 (compatible; Googlebot/2.1; +http://www.google.com/bot.html)"
66.249.79.64 - - [20/Jul/2025:05:39:23 +0000] "GET /?f=4648459041370&mod=e41df6e7&uri=news.php%3Fid%3D155149-285%26name%3Dangels+27+jersey HTTP/1.1" 200 20356 "-" "Mozilla/5.0 (Linux; Android 6.0.1; Nexus 5X Build/MMB29P) AppleWebKit/537.36 (KHTML, like Gecko) Chrome/137.0.7151.103 Mobile Safari/537.36 (compatible; Googlebot/2.1; +http://www.google.com/bot.html)"
66.249.79.64 - - [20/Jul/2025:05:39:30 +0000] "GET /?f=4975007041370&mod=c5b3966b&uri=products.php%3Fid%3D166089-156%26name%3Dmagnet+baby+proof HTTP/1.1" 200 20394 "-" "Mozilla/5.0 (Linux; Android 6.0.1; Nexus 5X Build/MMB29P) AppleWebKit/537.36 (KHTML, like Gecko) Chrome/137.0.7151.103 Mobile Safari/537.36 (compatible; Googlebot/2.1; +http://www.google.com/bot.html)"
66.249.79.64 - - [20/Jul/2025:05:39:50 +0000] "GET /?f=5105677041370&mod=14b7367a&uri=pin.php%3Fid%3D170445-87%26name%3Dlogitech+hd+pro+webcam+c920+vs+c922 HTTP/1.1" 200 20660 "-" "Mozilla/5.0 (Linux; Android 6.0.1; Nexus 5X Build/MMB29P) AppleWebKit/537.36 (KHTML, like Gecko) Chrome/137.0.7151.103 Mobile Safari/537.36 (compatible; Googlebot/2.1; +http://www.google.com/bot.html)"
66.249.79.64 - - [20/Jul/2025:05:39:54 +0000] "POST /get-message-notify HTTP/1.1" 200 20410 "http://game-gainz.com/?f=4975007041370&mod=c5b3966b&uri=products.php%3Fid%3D166089-156%26name%3Dmagnet+baby+proof" "Mozilla/5.0 (Linux; Android 6.0.1; Nexus 5X Build/MMB29P) AppleWebKit/537.36 (KHTML, like Gecko) Chrome/137.0.7151.119 Mobile Safari/537.36 (compatible; Googlebot/2.1; +http://www.google.com/bot.html)"
66.249.79.66 - - [20/Jul/2025:05:40:05 +0000] "GET /?f=54543663041370&mod=7d7e7fc6&uri=us.php%3Fid%3D1820177-1134%26name%3Dt+shirt+2020+one+star HTTP/1.1" 200 20816 "-" "Mozilla/5.0 (Linux; Android 6.0.1; Nexus 5X Build/MMB29P) AppleWebKit/537.36 (KHTML, like Gecko) Chrome/137.0.7151.103 Mobile Safari/537.36 (compatible; Googlebot/2.1; +http://www.google.com/bot.html)"
66.249.79.64 - - [20/Jul/2025:05:40:13 +0000] "GET /?f=5157826031370&mod=ebbb5ccb&uri=news.php%3Fid%3D172184-155%26name%3Dspotify+premium+google+home+free HTTP/1.1" 200 20798 "-" "Mozilla/5.0 (Linux; Android 6.0.1; Nexus 5X Build/MMB29P) AppleWebKit/537.36 (KHTML, like Gecko) Chrome/137.0.7151.103 Mobile Safari/537.36 (compatible; Googlebot/2.1; +http://www.google.com/bot.html)"
66.249.79.64 - - [20/Jul/2025:05:40:50 +0000] "GET /?f=4818074061370&mod=12f7312b&uri=category-info.php%3Fid%3D160809-219%26name%3Dnatural+gas+boiler+reviews HTTP/1.1" 200 20224 "-" "Mozilla/5.0 (Linux; Android 6.0.1; Nexus 5X Build/MMB29P) AppleWebKit/537.36 (KHTML, like Gecko) Chrome/137.0.7151.103 Mobile Safari/537.36 (compatible; Googlebot/2.1; +http://www.google.com/bot.html)"
66.249.79.64 - - [20/Jul/2025:05:40:52 +0000] "GET /?f=4741741041370&mod=a20bed5c&uri=shared.php%3Fid%3D158259-294%26name%3Drose+gold+jewelled+tree+wall+art HTTP/1.1" 200 20761 "-" "Mozilla/5.0 (Linux; Android 6.0.1; Nexus 5X Build/MMB29P) AppleWebKit/537.36 (KHTML, like Gecko) Chrome/137.0.7151.103 Mobile Safari/537.36 (compatible; Googlebot/2.1; +http://www.google.com/bot.html)"
20.171.207.15 - - [20/Jul/2025:05:41:06 +0000] "GET /item/1248291/ HTTP/1.1" 200 265 "-" "Mozilla/5.0 AppleWebKit/537.36 (KHTML, like Gecko; compatible; GPTBot/1.2; +https://openai.com/gptbot)"
66.249.79.65 - - [20/Jul/2025:05:41:11 +0000] "GET /?f=5344599011370&mod=aebb462e&uri=form.php?item/257592076.shtml HTTP/1.1" 200 20432 "-" "Mozilla/5.0 (compatible; Googlebot/2.1; +http://www.google.com/bot.html)"
66.249.79.65 - - [20/Jul/2025:05:41:14 +0000] "GET /?f=35470882001370&mod=396695e6&uri=itm.php%3Fid%3D1183880-360%26name%3Djeans+for+fat+guys HTTP/1.1" 200 20560 "-" "Mozilla/5.0 (Linux; Android 6.0.1; Nexus 5X Build/MMB29P) AppleWebKit/537.36 (KHTML, like Gecko) Chrome/137.0.7151.103 Mobile Safari/537.36 (compatible; Googlebot/2.1; +http://www.google.com/bot.html)"
66.249.79.65 - - [20/Jul/2025:05:41:18 +0000] "POST /get-message-notify HTTP/1.1" 200 20443 "http://game-gainz.com/?f=4818074061370&mod=12f7312b&uri=category-info.php%3Fid%3D160809-219%26name%3Dnatural+gas+boiler+reviews" "Mozilla/5.0 (Linux; Android 6.0.1; Nexus 5X Build/MMB29P) AppleWebKit/537.36 (KHTML, like Gecko) Chrome/137.0.7151.119 Mobile Safari/537.36 (compatible; Googlebot/2.1; +http://www.google.com/bot.html)"
20.171.207.15 - - [20/Jul/2025:05:42:10 +0000] "GET /item/1547855/ HTTP/1.1" 200 265 "-" "Mozilla/5.0 AppleWebKit/537.36 (KHTML, like Gecko; compatible; GPTBot/1.2; +https://openai.com/gptbot)"
66.249.79.65 - - [20/Jul/2025:05:42:17 +0000] "GET /?f=5344599011370&mod=aebb462e&uri=form.php?item/57513224.shtml HTTP/1.1" 200 20352 "-" "Mozilla/5.0 (Linux; Android 6.0.1; Nexus 5X Build/MMB29P) AppleWebKit/537.36 (KHTML, like Gecko) Chrome/137.0.7151.103 Mobile Safari/537.36 (compatible; Googlebot/2.1; +http://www.google.com/bot.html)"
66.249.79.65 - - [20/Jul/2025:05:42:49 +0000] "GET /index.php/item/4596144/ HTTP/1.1" 200 20362 "-" "Mozilla/5.0 (compatible; Googlebot/2.1; +http://www.google.com/bot.html)"
20.171.207.15 - - [20/Jul/2025:05:43:13 +0000] "GET /item/2788011/ HTTP/1.1" 200 265 "-" "Mozilla/5.0 AppleWebKit/537.36 (KHTML, like Gecko; compatible; GPTBot/1.2; +https://openai.com/gptbot)"
66.249.79.66 - - [20/Jul/2025:05:43:35 +0000] "GET /index.php/item/1920898/ HTTP/1.1" 200 20117 "-" "Mozilla/5.0 (compatible; Googlebot/2.1; +http://www.google.com/bot.html)"
66.249.79.64 - - [20/Jul/2025:05:43:49 +0000] "GET /?f=5025587031370&mod=67a4b0f5&uri=info.php?item/2875312.shtml HTTP/1.1" 200 19853 "-" "Mozilla/5.0 (Linux; Android 6.0.1; Nexus 5X Build/MMB29P) AppleWebKit/537.36 (KHTML, like Gecko) Chrome/137.0.7151.103 Mobile Safari/537.36 (compatible; Googlebot/2.1; +http://www.google.com/bot.html)"
20.171.207.15 - - [20/Jul/2025:05:44:15 +0000] "GET /item/3897784/ HTTP/1.1" 200 265 "-" "Mozilla/5.0 AppleWebKit/537.36 (KHTML, like Gecko; compatible; GPTBot/1.2; +https://openai.com/gptbot)"
66.249.79.64 - - [20/Jul/2025:05:44:46 +0000] "GET /index.php/item/2609709/ HTTP/1.1" 200 20334 "-" "Mozilla/5.0 (Linux; Android 6.0.1; Nexus 5X Build/MMB29P) AppleWebKit/537.36 (KHTML, like Gecko) Chrome/137.0.7151.103 Mobile Safari/537.36 (compatible; Googlebot/2.1; +http://www.google.com/bot.html)"
66.249.79.65 - - [20/Jul/2025:05:45:10 +0000] "GET /index.php/item/2214844/ HTTP/1.1" 200 20136 "-" "Mozilla/5.0 (Linux; Android 6.0.1; Nexus 5X Build/MMB29P) AppleWebKit/537.36 (KHTML, like Gecko) Chrome/137.0.7151.103 Mobile Safari/537.36 (compatible; Googlebot/2.1; +http://www.google.com/bot.html)"
20.171.207.15 - - [20/Jul/2025:05:45:16 +0000] "GET /item/1360638/ HTTP/1.1" 200 265 "-" "Mozilla/5.0 AppleWebKit/537.36 (KHTML, like Gecko; compatible; GPTBot/1.2; +https://openai.com/gptbot)"
66.249.79.65 - - [20/Jul/2025:05:45:37 +0000] "GET /index.php/item/4968030/ HTTP/1.1" 200 20033 "-" "Mozilla/5.0 (Linux; Android 6.0.1; Nexus 5X Build/MMB29P) AppleWebKit/537.36 (KHTML, like Gecko) Chrome/137.0.7151.103 Mobile Safari/537.36 (compatible; Googlebot/2.1; +http://www.google.com/bot.html)"
66.249.79.64 - - [20/Jul/2025:05:45:50 +0000] "GET /?f=5344599011370&mod=aebb462e&uri=form.php?item/1351516598.shtml HTTP/1.1" 200 20021 "-" "Mozilla/5.0 (compatible; Googlebot/2.1; +http://www.google.com/bot.html)"
20.171.207.15 - - [20/Jul/2025:05:46:17 +0000] "GET /item/4453747/ HTTP/1.1" 200 265 "-" "Mozilla/5.0 AppleWebKit/537.36 (KHTML, like Gecko; compatible; GPTBot/1.2; +https://openai.com/gptbot)"
66.249.79.65 - - [20/Jul/2025:05:47:14 +0000] "GET /?f=5025587031370&mod=67a4b0f5&uri=info.php?item/52516780.shtml HTTP/1.1" 200 20244 "-" "Mozilla/5.0 (Linux; Android 6.0.1; Nexus 5X Build/MMB29P) AppleWebKit/537.36 (KHTML, like Gecko) Chrome/137.0.7151.103 Mobile Safari/537.36 (compatible; Googlebot/2.1; +http://www.google.com/bot.html)"
20.171.207.15 - - [20/Jul/2025:05:47:22 +0000] "GET /item/4455127/ HTTP/1.1" 200 265 "-" "Mozilla/5.0 AppleWebKit/537.36 (KHTML, like Gecko; compatible; GPTBot/1.2; +https://openai.com/gptbot)"
66.249.79.64 - - [20/Jul/2025:05:48:28 +0000] "GET /?f=5025587031370&mod=67a4b0f5&uri=info.php?item/1500942630.shtml HTTP/1.1" 200 20659 "-" "Mozilla/5.0 (compatible; Googlebot/2.1; +http://www.google.com/bot.html)"
20.171.207.15 - - [20/Jul/2025:05:49:27 +0000] "GET /item/1299416/ HTTP/1.1" 200 265 "-" "Mozilla/5.0 AppleWebKit/537.36 (KHTML, like Gecko; compatible; GPTBot/1.2; +https://openai.com/gptbot)"
20.171.207.15 - - [20/Jul/2025:05:50:32 +0000] "GET /item/2158575/ HTTP/1.1" 200 265 "-" "Mozilla/5.0 AppleWebKit/537.36 (KHTML, like Gecko; compatible; GPTBot/1.2; +https://openai.com/gptbot)"
66.249.79.65 - - [20/Jul/2025:05:51:17 +0000] "GET /?f=5560234011370&mod=c205a106&uri=dp.php%3Fid%3D185621-329%26name%3Dlulu+scalloped+leggings HTTP/1.1" 200 20320 "-" "Mozilla/5.0 (compatible; Googlebot/2.1; +http://www.google.com/bot.html)"
20.171.207.15 - - [20/Jul/2025:05:51:35 +0000] "GET /item/2481877/ HTTP/1.1" 200 265 "-" "Mozilla/5.0 AppleWebKit/537.36 (KHTML, like Gecko; compatible; GPTBot/1.2; +https://openai.com/gptbot)"
66.249.79.64 - - [20/Jul/2025:05:51:37 +0000] "GET /?f=5488356021370&mod=48f27972&uri=dp.php?item/49953236.shtml HTTP/1.1" 200 20625 "-" "Mozilla/5.0 (compatible; Googlebot/2.1; +http://www.google.com/bot.html)"
66.249.79.64 - - [20/Jul/2025:05:52:26 +0000] "GET /?f=5361162021370&mod=b3b0b34e&uri=pin.php?item/879972702.shtml HTTP/1.1" 200 20881 "-" "Mozilla/5.0 (compatible; Googlebot/2.1; +http://www.google.com/bot.html)"
66.249.79.64 - - [20/Jul/2025:05:52:38 +0000] "GET /game-gainz.com/pcmypage?callback=/product%2Fdetail%2F92570065 HTTP/1.1" 200 20172 "-" "Mozilla/5.0 (compatible; Googlebot/2.1; +http://www.google.com/bot.html)"
66.249.79.66 - - [20/Jul/2025:05:53:00 +0000] "GET /?f=5329779031370&mod=f3a3d61b&uri=blog.php?item/6742036.shtml HTTP/1.1" 200 20093 "-" "Mozilla/5.0 (Linux; Android 6.0.1; Nexus 5X Build/MMB29P) AppleWebKit/537.36 (KHTML, like Gecko) Chrome/137.0.7151.103 Mobile Safari/537.36 (compatible; Googlebot/2.1; +http://www.google.com/bot.html)"
20.171.207.15 - - [20/Jul/2025:05:54:41 +0000] "GET /item/1951701/ HTTP/1.1" 200 265 "-" "Mozilla/5.0 AppleWebKit/537.36 (KHTML, like Gecko; compatible; GPTBot/1.2; +https://openai.com/gptbot)"
20.171.207.15 - - [20/Jul/2025:05:55:43 +0000] "GET /item/1981565/ HTTP/1.1" 200 265 "-" "Mozilla/5.0 AppleWebKit/537.36 (KHTML, like Gecko; compatible; GPTBot/1.2; +https://openai.com/gptbot)"
66.249.79.66 - - [20/Jul/2025:05:56:43 +0000] "GET /index.php/item/3842423/ HTTP/1.1" 200 20134 "-" "Mozilla/5.0 (compatible; Googlebot/2.1; +http://www.google.com/bot.html)"
66.249.79.66 - - [20/Jul/2025:05:56:45 +0000] "GET /index.php/item/4260764/ HTTP/1.1" 200 19958 "-" "Mozilla/5.0 (Linux; Android 6.0.1; Nexus 5X Build/MMB29P) AppleWebKit/537.36 (KHTML, like Gecko) Chrome/137.0.7151.103 Mobile Safari/537.36 (compatible; Googlebot/2.1; +http://www.google.com/bot.html)"
20.171.207.15 - - [20/Jul/2025:05:56:49 +0000] "GET /item/3053144/ HTTP/1.1" 200 265 "-" "Mozilla/5.0 AppleWebKit/537.36 (KHTML, like Gecko; compatible; GPTBot/1.2; +https://openai.com/gptbot)"
66.249.79.66 - - [20/Jul/2025:05:57:18 +0000] "GET /index.php/item/4240593/ HTTP/1.1" 200 20291 "-" "Mozilla/5.0 (Linux; Android 6.0.1; Nexus 5X Build/MMB29P) AppleWebKit/537.36 (KHTML, like Gecko) Chrome/137.0.7151.103 Mobile Safari/537.36 (compatible; Googlebot/2.1; +http://www.google.com/bot.html)"
66.249.79.64 - - [20/Jul/2025:05:58:20 +0000] "GET /index.php/item/4873915 HTTP/1.1" 200 20021 "-" "Mozilla/5.0 (compatible; Googlebot/2.1; +http://www.google.com/bot.html)"
66.249.79.64 - - [20/Jul/2025:05:58:59 +0000] "GET /index.php/item/2023853/ HTTP/1.1" 200 20514 "-" "Mozilla/5.0 (Linux; Android 6.0.1; Nexus 5X Build/MMB29P) AppleWebKit/537.36 (KHTML, like Gecko) Chrome/137.0.7151.103 Mobile Safari/537.36 (compatible; Googlebot/2.1; +http://www.google.com/bot.html)"
66.249.79.66 - - [20/Jul/2025:05:59:21 +0000] "GET /?f=5361162021370&mod=b3b0b34e&uri=pin.php?item/878604084.shtml HTTP/1.1" 200 20858 "-" "Mozilla/5.0 (Linux; Android 6.0.1; Nexus 5X Build/MMB29P) AppleWebKit/537.36 (KHTML, like Gecko) Chrome/137.0.7151.103 Mobile Safari/537.36 (compatible; Googlebot/2.1; +http://www.google.com/bot.html)"
66.249.79.65 - - [20/Jul/2025:05:59:23 +0000] "GET /game-gainz.com/product/edit/73698951 HTTP/1.1" 200 20793 "-" "Mozilla/5.0 (compatible; Googlebot/2.1; +http://www.google.com/bot.html)"
20.171.207.15 - - [20/Jul/2025:05:59:53 +0000] "GET /item/3065567/ HTTP/1.1" 200 265 "-" "Mozilla/5.0 AppleWebKit/537.36 (KHTML, like Gecko; compatible; GPTBot/1.2; +https://openai.com/gptbot)"
20.171.207.15 - - [20/Jul/2025:06:00:55 +0000] "GET /item/3403948/ HTTP/1.1" 200 265 "-" "Mozilla/5.0 AppleWebKit/537.36 (KHTML, like Gecko; compatible; GPTBot/1.2; +https://openai.com/gptbot)"
66.249.79.64 - - [20/Jul/2025:06:01:54 +0000] "GET /index.php/item/4826428/ HTTP/1.1" 200 20198 "-" "Mozilla/5.0 (Linux; Android 6.0.1; Nexus 5X Build/MMB29P) AppleWebKit/537.36 (KHTML, like Gecko) Chrome/137.0.7151.103 Mobile Safari/537.36 (compatible; Googlebot/2.1; +http://www.google.com/bot.html)"
20.171.207.15 - - [20/Jul/2025:06:03:05 +0000] "GET /item/2822073/ HTTP/1.1" 200 265 "-" "Mozilla/5.0 AppleWebKit/537.36 (KHTML, like Gecko; compatible; GPTBot/1.2; +https://openai.com/gptbot)"
66.249.79.65 - - [20/Jul/2025:06:03:08 +0000] "GET /index.php/item/4283852/ HTTP/1.1" 200 20685 "-" "Mozilla/5.0 (compatible; Googlebot/2.1; +http://www.google.com/bot.html)"
66.249.79.65 - - [20/Jul/2025:06:03:14 +0000] "GET /?f=5556664031370&mod=2a519dc3&uri=article.php%3Fid%3D185502-220%26name%3Dtommy+hilfiger+tracksuit+top+mens HTTP/1.1" 200 21353 "-" "Mozilla/5.0 (compatible; Googlebot/2.1; +http://www.google.com/bot.html)"
66.249.79.64 - - [20/Jul/2025:06:03:19 +0000] "GET /?f=5344599011370&mod=aebb462e&uri=form.php?item/9494794.shtml HTTP/1.1" 200 19911 "-" "Mozilla/5.0 (compatible; Googlebot/2.1; +http://www.google.com/bot.html)"
20.171.207.15 - - [20/Jul/2025:06:04:10 +0000] "GET /item/3437121/ HTTP/1.1" 200 265 "-" "Mozilla/5.0 AppleWebKit/537.36 (KHTML, like Gecko; compatible; GPTBot/1.2; +https://openai.com/gptbot)"
66.249.79.66 - - [20/Jul/2025:06:06:13 +0000] "GET /?f=5344599011370&mod=aebb462e&uri=form.php?item/1350250534.shtml HTTP/1.1" 200 20299 "-" "Mozilla/5.0 (Linux; Android 6.0.1; Nexus 5X Build/MMB29P) AppleWebKit/537.36 (KHTML, like Gecko) Chrome/137.0.7151.103 Mobile Safari/537.36 (compatible; Googlebot/2.1; +http://www.google.com/bot.html)"
66.249.79.65 - - [20/Jul/2025:06:06:18 +0000] "GET /?f=5330409061370&mod=f3a3d61b&uri=info.php?item/5453628.shtml HTTP/1.1" 200 21421 "-" "Mozilla/5.0 (compatible; Googlebot/2.1; +http://www.google.com/bot.html)"
66.249.79.64 - - [20/Jul/2025:06:06:45 +0000] "GET /?f=5184506061370&mod=bf453f26&uri=goods.php%3Fid%3D173075-139%26name%3Dwrap+cardigan+new+look HTTP/1.1" 200 20140 "-" "Mozilla/5.0 (Linux; Android 6.0.1; Nexus 5X Build/MMB29P) AppleWebKit/537.36 (KHTML, like Gecko) Chrome/137.0.7151.103 Mobile Safari/537.36 (compatible; Googlebot/2.1; +http://www.google.com/bot.html)"
66.249.79.64 - - [20/Jul/2025:06:07:00 +0000] "GET /?f=5361162021370&mod=b3b0b34e&uri=pin.php?item/583699792.shtml HTTP/1.1" 200 20705 "-" "Mozilla/5.0 (compatible; Googlebot/2.1; +http://www.google.com/bot.html)"
20.171.207.15 - - [20/Jul/2025:06:07:21 +0000] "GET /item/1619717/ HTTP/1.1" 200 265 "-" "Mozilla/5.0 AppleWebKit/537.36 (KHTML, like Gecko; compatible; GPTBot/1.2; +https://openai.com/gptbot)"
20.171.207.15 - - [20/Jul/2025:06:08:26 +0000] "GET /item/4587141/ HTTP/1.1" 200 265 "-" "Mozilla/5.0 AppleWebKit/537.36 (KHTML, like Gecko; compatible; GPTBot/1.2; +https://openai.com/gptbot)"
20.171.207.15 - - [20/Jul/2025:06:10:32 +0000] "GET /item/1086778/ HTTP/1.1" 200 265 "-" "Mozilla/5.0 AppleWebKit/537.36 (KHTML, like Gecko; compatible; GPTBot/1.2; +https://openai.com/gptbot)"
66.249.79.66 - - [20/Jul/2025:06:11:24 +0000] "GET /?f=5344599011370&mod=aebb462e&uri=form.php?item/52457460.shtml HTTP/1.1" 200 20442 "-" "Mozilla/5.0 (compatible; Googlebot/2.1; +http://www.google.com/bot.html)"
20.171.207.15 - - [20/Jul/2025:06:12:37 +0000] "GET /item/1922551/ HTTP/1.1" 200 265 "-" "Mozilla/5.0 AppleWebKit/537.36 (KHTML, like Gecko; compatible; GPTBot/1.2; +https://openai.com/gptbot)"
66.249.79.65 - - [20/Jul/2025:06:12:46 +0000] "GET /?f=5379345051370&mod=5f7733de&uri=info.php%3Fid%3D179588-270%26name%3Dst+dupont+iron+man HTTP/1.1" 200 21278 "-" "Mozilla/5.0 (Linux; Android 6.0.1; Nexus 5X Build/MMB29P) AppleWebKit/537.36 (KHTML, like Gecko) Chrome/137.0.7151.103 Mobile Safari/537.36 (compatible; Googlebot/2.1; +http://www.google.com/bot.html)"
77.105.164.241 - - [20/Jul/2025:06:12:53 +0000] "GET /index.php?id=2247614-610&name=creamhoodedcoat/hobby/boardgame/index.html%27 HTTP/1.1" 200 417 "-" "Mozilla/5.0 (Windows NT 10.0; Win64; x64) AppleWebKit/537.36 (KHTML, like Gecko) Chrome/126.0.0.0 Safari/537.36"
77.105.164.241 - - [20/Jul/2025:06:12:53 +0000] "GET /index.php?id=2247614-610%27&name=creamhoodedcoat/hobby/boardgame/index.html HTTP/1.1" 200 417 "-" "Mozilla/5.0 (Windows NT 10.0; Win64; x64) AppleWebKit/537.36 (KHTML, like Gecko) Chrome/126.0.0.0 Safari/537.36"
