20.171.207.15 - - [20/Jul/2025:02:01:21 +0000] "GET /item/1133747/ HTTP/1.1" 200 265 "-" "Mozilla/5.0 AppleWebKit/537.36 (KHTML, like Gecko; compatible; GPTBot/1.2; +https://openai.com/gptbot)"
66.249.79.66 - - [20/Jul/2025:02:02:44 +0000] "GET /?f=5329779031370&mod=f3a3d61b&uri=blog.php?item/56761632.shtml HTTP/1.1" 200 20485 "-" "Mozilla/5.0 (Linux; Android 6.0.1; Nexus 5X Build/MMB29P) AppleWebKit/537.36 (KHTML, like Gecko) Chrome/137.0.7151.103 Mobile Safari/537.36 (compatible; Googlebot/2.1; +http://www.google.com/bot.html)"
66.249.79.65 - - [20/Jul/2025:02:02:45 +0000] "GET /?f=5344599011370&mod=aebb462e&uri=form.php?item/10776996.shtml HTTP/1.1" 200 20438 "-" "Mozilla/5.0 (compatible; Googlebot/2.1; +http://www.google.com/bot.html)"
20.171.207.15 - - [20/Jul/2025:02:03:25 +0000] "GET /item/3368167/ HTTP/1.1" 200 265 "-" "Mozilla/5.0 AppleWebKit/537.36 (KHTML, like Gecko; compatible; GPTBot/1.2; +https://openai.com/gptbot)"
66.249.79.66 - - [20/Jul/2025:02:04:02 +0000] "GET /index.php?item/56148724.shtml HTTP/1.1" 200 20171 "-" "Mozilla/5.0 (Linux; Android 6.0.1; Nexus 5X Build/MMB29P) AppleWebKit/537.36 (KHTML, like Gecko) Chrome/137.0.7151.103 Mobile Safari/537.36 (compatible; Googlebot/2.1; +http://www.google.com/bot.html)"
66.249.79.64 - - [20/Jul/2025:02:04:52 +0000] "GET /?f=5361162021370&mod=b3b0b34e&uri=pin.php?item/673589326.shtml HTTP/1.1" 200 19823 "-" "Mozilla/5.0 (Linux; Android 6.0.1; Nexus 5X Build/MMB29P) AppleWebKit/537.36 (KHTML, like Gecko) Chrome/137.0.7151.103 Mobile Safari/537.36 (compatible; Googlebot/2.1; +http://www.google.com/bot.html)"
66.249.79.66 - - [20/Jul/2025:02:05:03 +0000] "GET /index.php/item/2887316/ HTTP/1.1" 200 20028 "-" "Mozilla/5.0 (Linux; Android 6.0.1; Nexus 5X Build/MMB29P) AppleWebKit/537.36 (KHTML, like Gecko) Chrome/137.0.7151.103 Mobile Safari/537.36 (compatible; Googlebot/2.1; +http://www.google.com/bot.html)"
66.249.79.64 - - [20/Jul/2025:02:05:48 +0000] "GET /?f=5518564051370&mod=6f39194d&uri=us.php?item/52398112.shtml HTTP/1.1" 200 19624 "-" "Mozilla/5.0 (Linux; Android 6.0.1; Nexus 5X Build/MMB29P) AppleWebKit/537.36 (KHTML, like Gecko) Chrome/137.0.7151.103 Mobile Safari/537.36 (compatible; Googlebot/2.1; +http://www.google.com/bot.html)"
20.171.207.15 - - [20/Jul/2025:02:08:37 +0000] "GET /item/4159351/ HTTP/1.1" 200 265 "-" "Mozilla/5.0 AppleWebKit/537.36 (KHTML, like Gecko; compatible; GPTBot/1.2; +https://openai.com/gptbot)"
66.249.79.64 - - [20/Jul/2025:02:09:13 +0000] "GET /index.php?id=158278-294&name=ringsizediameterinches HTTP/1.1" 200 20642 "-" "Mozilla/5.0 (compatible; Googlebot/2.1; +http://www.google.com/bot.html)"
66.249.79.66 - - [20/Jul/2025:02:10:21 +0000] "GET /index.php/item/4831232/ HTTP/1.1" 200 20446 "-" "Mozilla/5.0 (compatible; Googlebot/2.1; +http://www.google.com/bot.html)"
66.249.79.65 - - [20/Jul/2025:02:10:36 +0000] "GET /index.php?id=173612-139&name=armaniwomentshirt/feature/idol/gradol.html HTTP/1.1" 200 20605 "-" "Mozilla/5.0 (compatible; Googlebot/2.1; +http://www.google.com/bot.html)"
20.171.207.15 - - [20/Jul/2025:02:10:42 +0000] "GET /item/1631817/ HTTP/1.1" 200 265 "-" "Mozilla/5.0 AppleWebKit/537.36 (KHTML, like Gecko; compatible; GPTBot/1.2; +https://openai.com/gptbot)"
66.249.79.65 - - [20/Jul/2025:02:11:20 +0000] "GET /?f=5025587031370&mod=67a4b0f5&uri=info.php?item/55456452.shtml HTTP/1.1" 200 21214 "-" "Mozilla/5.0 (Linux; Android 6.0.1; Nexus 5X Build/MMB29P) AppleWebKit/537.36 (KHTML, like Gecko) Chrome/137.0.7151.103 Mobile Safari/537.36 (compatible; Googlebot/2.1; +http://www.google.com/bot.html)"
66.249.79.66 - - [20/Jul/2025:02:12:11 +0000] "GET /?f=5361162021370&mod=b3b0b34e&uri=pin.php?item/6660600.shtml HTTP/1.1" 200 19587 "-" "Mozilla/5.0 (compatible; Googlebot/2.1; +http://www.google.com/bot.html)"
66.249.79.64 - - [20/Jul/2025:02:12:42 +0000] "GET /?f=5344599011370&mod=aebb462e&uri=form.php?item/9418394.shtml HTTP/1.1" 200 19979 "-" "Mozilla/5.0 (Linux; Android 6.0.1; Nexus 5X Build/MMB29P) AppleWebKit/537.36 (KHTML, like Gecko) Chrome/137.0.7151.103 Mobile Safari/537.36 (compatible; Googlebot/2.1; +http://www.google.com/bot.html)"
66.249.79.64 - - [20/Jul/2025:02:12:55 +0000] "GET /index.php/item/3718349/ HTTP/1.1" 200 20786 "-" "Mozilla/5.0 (Linux; Android 6.0.1; Nexus 5X Build/MMB29P) AppleWebKit/537.36 (KHTML, like Gecko) Chrome/137.0.7151.103 Mobile Safari/537.36 (compatible; Googlebot/2.1; +http://www.google.com/bot.html)"
66.249.79.64 - - [20/Jul/2025:02:13:48 +0000] "GET /index.php/item/3544244/ HTTP/1.1" 200 19834 "-" "Mozilla/5.0 (compatible; Googlebot/2.1; +http://www.google.com/bot.html)"
20.171.207.15 - - [20/Jul/2025:02:13:52 +0000] "GET /item/2966990/ HTTP/1.1" 200 265 "-" "Mozilla/5.0 AppleWebKit/537.36 (KHTML, like Gecko; compatible; GPTBot/1.2; +https://openai.com/gptbot)"
66.249.79.66 - - [20/Jul/2025:02:14:09 +0000] "GET /index.php/item/3481364/ HTTP/1.1" 200 20323 "-" "Mozilla/5.0 (Linux; Android 6.0.1; Nexus 5X Build/MMB29P) AppleWebKit/537.36 (KHTML, like Gecko) Chrome/137.0.7151.103 Mobile Safari/537.36 (compatible; Googlebot/2.1; +http://www.google.com/bot.html)"
66.249.79.64 - - [20/Jul/2025:02:14:58 +0000] "GET /index.php/item/2646703/ HTTP/1.1" 200 19596 "-" "Mozilla/5.0 (Linux; Android 6.0.1; Nexus 5X Build/MMB29P) AppleWebKit/537.36 (KHTML, like Gecko) Chrome/137.0.7151.103 Mobile Safari/537.36 (compatible; Googlebot/2.1; +http://www.google.com/bot.html)"
66.249.79.64 - - [20/Jul/2025:02:15:00 +0000] "GET /index.php/item/3541503/ HTTP/1.1" 200 20191 "-" "Mozilla/5.0 (compatible; Googlebot/2.1; +http://www.google.com/bot.html)"
66.249.79.64 - - [20/Jul/2025:02:15:11 +0000] "GET /?f=4878357051370&mod=7ee88a99&uri=pin.php%3Fid%3D162862-297%26name%3Dweimaraner+pit HTTP/1.1" 200 20458 "-" "Mozilla/5.0 (Linux; Android 6.0.1; Nexus 5X Build/MMB29P) AppleWebKit/537.36 (KHTML, like Gecko) Chrome/137.0.7151.103 Mobile Safari/537.36 (compatible; Googlebot/2.1; +http://www.google.com/bot.html)"
66.249.79.64 - - [20/Jul/2025:02:15:28 +0000] "GET /?f=5025587031370&mod=67a4b0f5&uri=info.php?product/edit/G815447655 HTTP/1.1" 200 21161 "-" "Mozilla/5.0 (compatible; Googlebot/2.1; +http://www.google.com/bot.html)"
20.171.207.15 - - [20/Jul/2025:02:16:00 +0000] "GET /item/1541160/ HTTP/1.1" 200 265 "-" "Mozilla/5.0 AppleWebKit/537.36 (KHTML, like Gecko; compatible; GPTBot/1.2; +https://openai.com/gptbot)"
66.249.79.66 - - [20/Jul/2025:02:16:15 +0000] "GET /?f=5567584011370&mod=c205a106&uri=shop.php%3Fid%3D185866-329%26name%3Dtop+rated+lululemon+pants HTTP/1.1" 200 20329 "-" "Mozilla/5.0 (compatible; Googlebot/2.1; +http://www.google.com/bot.html)"
66.249.79.65 - - [20/Jul/2025:02:16:46 +0000] "GET /game-gainz.com/safe_search/config?return_url=%2Fproduct%2Fdetail%2F53780771 HTTP/1.1" 200 20173 "-" "Mozilla/5.0 (compatible; Googlebot/2.1; +http://www.google.com/bot.html)"
66.249.79.65 - - [20/Jul/2025:02:18:42 +0000] "GET /index.php/item/3565816/ HTTP/1.1" 200 20708 "-" "Mozilla/5.0 (Linux; Android 6.0.1; Nexus 5X Build/MMB29P) AppleWebKit/537.36 (KHTML, like Gecko) Chrome/137.0.7151.103 Mobile Safari/537.36 (compatible; Googlebot/2.1; +http://www.google.com/bot.html)"
20.171.207.15 - - [20/Jul/2025:02:21:13 +0000] "GET /item/4732554/ HTTP/1.1" 200 265 "-" "Mozilla/5.0 AppleWebKit/537.36 (KHTML, like Gecko; compatible; GPTBot/1.2; +https://openai.com/gptbot)"
20.171.207.15 - - [20/Jul/2025:02:22:18 +0000] "GET /item/3115614/ HTTP/1.1" 200 265 "-" "Mozilla/5.0 AppleWebKit/537.36 (KHTML, like Gecko; compatible; GPTBot/1.2; +https://openai.com/gptbot)"
66.249.79.66 - - [20/Jul/2025:02:22:53 +0000] "GET /?f=5329779031370&mod=f3a3d61b&uri=blog.php?item/56751672.shtml HTTP/1.1" 200 20326 "-" "Mozilla/5.0 (compatible; Googlebot/2.1; +http://www.google.com/bot.html)"
66.249.79.65 - - [20/Jul/2025:02:23:13 +0000] "GET /?f=5344599011370&mod=aebb462e&uri=form.php?item/10763506.shtml HTTP/1.1" 200 21010 "-" "Mozilla/5.0 (compatible; Googlebot/2.1; +http://www.google.com/bot.html)"
20.171.207.15 - - [20/Jul/2025:02:23:19 +0000] "GET /item/2147641/ HTTP/1.1" 200 265 "-" "Mozilla/5.0 AppleWebKit/537.36 (KHTML, like Gecko; compatible; GPTBot/1.2; +https://openai.com/gptbot)"
20.171.207.15 - - [20/Jul/2025:02:24:22 +0000] "GET /item/4996550/ HTTP/1.1" 200 265 "-" "Mozilla/5.0 AppleWebKit/537.36 (KHTML, like Gecko; compatible; GPTBot/1.2; +https://openai.com/gptbot)"
66.249.79.65 - - [20/Jul/2025:02:24:37 +0000] "GET /index.php/item/3104010/ HTTP/1.1" 200 20400 "-" "Mozilla/5.0 (compatible; Googlebot/2.1; +http://www.google.com/bot.html)"
20.171.207.15 - - [20/Jul/2025:02:25:26 +0000] "GET /item/1848226/ HTTP/1.1" 200 265 "-" "Mozilla/5.0 AppleWebKit/537.36 (KHTML, like Gecko; compatible; GPTBot/1.2; +https://openai.com/gptbot)"
66.249.79.65 - - [20/Jul/2025:02:26:14 +0000] "GET /?f=5231049001370&mod=f8f6b523&uri=dp.php%3Fid%3D174640-187%26name%3Dharry+potter+full+book+set+amazon HTTP/1.1" 200 20169 "-" "Mozilla/5.0 (compatible; Googlebot/2.1; +http://www.google.com/bot.html)"
66.249.79.66 - - [20/Jul/2025:02:27:23 +0000] "GET /?f=5361162021370&mod=b3b0b34e&uri=pin.php?item/878653704.shtml HTTP/1.1" 200 19717 "-" "Mozilla/5.0 (compatible; Googlebot/2.1; +http://www.google.com/bot.html)"
20.171.207.15 - - [20/Jul/2025:02:27:32 +0000] "GET /item/4320142/ HTTP/1.1" 200 265 "-" "Mozilla/5.0 AppleWebKit/537.36 (KHTML, like Gecko; compatible; GPTBot/1.2; +https://openai.com/gptbot)"
66.249.79.64 - - [20/Jul/2025:02:28:30 +0000] "GET /?f=5025587031370&mod=67a4b0f5&uri=info.php?item/1502224848.shtml HTTP/1.1" 200 20267 "-" "Mozilla/5.0 (Linux; Android 6.0.1; Nexus 5X Build/MMB29P) AppleWebKit/537.36 (KHTML, like Gecko) Chrome/137.0.7151.103 Mobile Safari/537.36 (compatible; Googlebot/2.1; +http://www.google.com/bot.html)"
20.171.207.15 - - [20/Jul/2025:02:28:36 +0000] "GET /item/2200512/ HTTP/1.1" 200 265 "-" "Mozilla/5.0 AppleWebKit/537.36 (KHTML, like Gecko; compatible; GPTBot/1.2; +https://openai.com/gptbot)"
66.249.79.66 - - [20/Jul/2025:02:30:00 +0000] "GET /?f=5518564051370&mod=6f39194d&uri=us.php?item/52373720.shtml HTTP/1.1" 200 20781 "-" "Mozilla/5.0 (compatible; Googlebot/2.1; +http://www.google.com/bot.html)"
66.249.79.64 - - [20/Jul/2025:02:30:30 +0000] "GET /?f=5518564051370&mod=6f39194d&uri=us.php?item/2853248.shtml HTTP/1.1" 200 20371 "-" "Mozilla/5.0 (Linux; Android 6.0.1; Nexus 5X Build/MMB29P) AppleWebKit/537.36 (KHTML, like Gecko) Chrome/137.0.7151.103 Mobile Safari/537.36 (compatible; Googlebot/2.1; +http://www.google.com/bot.html)"
4.227.36.98 - - [20/Jul/2025:02:30:42 +0000] "GET /robots.txt HTTP/1.1" 200 240 "-" "Mozilla/5.0 AppleWebKit/537.36 (KHTML, like Gecko; compatible; GPTBot/1.2; +https://openai.com/gptbot)"
66.249.79.65 - - [20/Jul/2025:02:31:12 +0000] "GET /game-gainz.com/product/edit/62577674 HTTP/1.1" 200 20679 "-" "Mozilla/5.0 (compatible; Googlebot/2.1; +http://www.google.com/bot.html)"
20.171.207.15 - - [20/Jul/2025:02:31:45 +0000] "GET /item/1249194/ HTTP/1.1" 200 265 "-" "Mozilla/5.0 AppleWebKit/537.36 (KHTML, like Gecko; compatible; GPTBot/1.2; +https://openai.com/gptbot)"
66.249.79.66 - - [20/Jul/2025:02:32:09 +0000] "GET /?f=5025587031370&mod=67a4b0f5&uri=info.php?item/55464706.shtml HTTP/1.1" 200 19585 "-" "Mozilla/5.0 (Linux; Android 6.0.1; Nexus 5X Build/MMB29P) AppleWebKit/537.36 (KHTML, like Gecko) Chrome/137.0.7151.103 Mobile Safari/537.36 (compatible; Googlebot/2.1; +http://www.google.com/bot.html)"
66.249.79.64 - - [20/Jul/2025:02:32:18 +0000] "GET /?f=88882126041370&mod=cb0b5f13&uri=search.php%3Fid%3D2966131-332%26name%3Dwatch+snl+roku HTTP/1.1" 200 20799 "-" "Mozilla/5.0 (compatible; Googlebot/2.1; +http://www.google.com/bot.html)"
66.249.79.66 - - [20/Jul/2025:02:33:36 +0000] "GET /?f=5361162021370&mod=b3b0b34e&uri=pin.php?item/5450098.shtml HTTP/1.1" 200 20477 "-" "Mozilla/5.0 (Linux; Android 6.0.1; Nexus 5X Build/MMB29P) AppleWebKit/537.36 (KHTML, like Gecko) Chrome/137.0.7151.103 Mobile Safari/537.36 (compatible; Googlebot/2.1; +http://www.google.com/bot.html)"
66.249.79.65 - - [20/Jul/2025:02:33:49 +0000] "POST /get-message-notify HTTP/1.1" 200 20418 "http://game-gainz.com/?f=5361162021370&mod=b3b0b34e&uri=pin.php?item/5450098.shtml" "Mozilla/5.0 (Linux; Android 6.0.1; Nexus 5X Build/MMB29P) AppleWebKit/537.36 (KHTML, like Gecko) Chrome/137.0.7151.119 Mobile Safari/537.36 (compatible; Googlebot/2.1; +http://www.google.com/bot.html)"
20.171.207.15 - - [20/Jul/2025:02:34:52 +0000] "GET /item/2013055/ HTTP/1.1" 200 265 "-" "Mozilla/5.0 AppleWebKit/537.36 (KHTML, like Gecko; compatible; GPTBot/1.2; +https://openai.com/gptbot)"
66.249.79.66 - - [20/Jul/2025:02:35:10 +0000] "GET /index.php/item/2914998/ HTTP/1.1" 200 20554 "-" "Mozilla/5.0 (compatible; Googlebot/2.1; +http://www.google.com/bot.html)"
66.249.79.64 - - [20/Jul/2025:02:36:31 +0000] "GET /index.php/item/2159438/ HTTP/1.1" 200 20548 "-" "Mozilla/5.0 (compatible; Googlebot/2.1; +http://www.google.com/bot.html)"
66.249.79.65 - - [20/Jul/2025:02:36:46 +0000] "GET /?f=5025587031370&mod=67a4b0f5&uri=info.php?item/1502276564.shtml HTTP/1.1" 200 20875 "-" "Mozilla/5.0 (Linux; Android 6.0.1; Nexus 5X Build/MMB29P) AppleWebKit/537.36 (KHTML, like Gecko) Chrome/137.0.7151.103 Mobile Safari/537.36 (compatible; Googlebot/2.1; +http://www.google.com/bot.html)"
66.249.79.65 - - [20/Jul/2025:02:37:52 +0000] "GET /game-gainz.com/pcmypage?callback=product/review/11919984 HTTP/1.1" 200 20495 "-" "Mozilla/5.0 (compatible; Googlebot/2.1; +http://www.google.com/bot.html)"
20.171.207.15 - - [20/Jul/2025:02:41:13 +0000] "GET /item/3676554/ HTTP/1.1" 200 265 "-" "Mozilla/5.0 AppleWebKit/537.36 (KHTML, like Gecko; compatible; GPTBot/1.2; +https://openai.com/gptbot)"
66.249.79.64 - - [20/Jul/2025:02:41:35 +0000] "GET /index.php/item/2450300/ HTTP/1.1" 200 20610 "-" "Mozilla/5.0 (compatible; Googlebot/2.1; +http://www.google.com/bot.html)"
66.249.79.64 - - [20/Jul/2025:02:41:51 +0000] "GET /?f=5344599011370&mod=aebb462e&uri=form.php?item/10832526.shtml HTTP/1.1" 200 20019 "-" "Mozilla/5.0 (Linux; Android 6.0.1; Nexus 5X Build/MMB29P) AppleWebKit/537.36 (KHTML, like Gecko) Chrome/137.0.7151.103 Mobile Safari/537.36 (compatible; Googlebot/2.1; +http://www.google.com/bot.html)"
66.249.79.65 - - [20/Jul/2025:02:42:13 +0000] "GET /?f=5779855001370&mod=e6e9099e&uri=form.php%3Fid%3D193015-57%26name%3Dm10+earphones+tranya HTTP/1.1" 200 21237 "-" "Mozilla/5.0 (Linux; Android 6.0.1; Nexus 5X Build/MMB29P) AppleWebKit/537.36 (KHTML, like Gecko) Chrome/137.0.7151.103 Mobile Safari/537.36 (compatible; Googlebot/2.1; +http://www.google.com/bot.html)"
66.249.79.65 - - [20/Jul/2025:02:43:06 +0000] "GET /index.php/item/3022220/ HTTP/1.1" 200 20372 "-" "Mozilla/5.0 (compatible; Googlebot/2.1; +http://www.google.com/bot.html)"
20.171.207.15 - - [20/Jul/2025:02:43:15 +0000] "GET /item/3802206/ HTTP/1.1" 200 265 "-" "Mozilla/5.0 AppleWebKit/537.36 (KHTML, like Gecko; compatible; GPTBot/1.2; +https://openai.com/gptbot)"
66.249.79.64 - - [20/Jul/2025:02:43:23 +0000] "GET /?f=4644499061370&mod=e41df6e7&uri=itm.php?feature/osu_main/index.html HTTP/1.1" 200 20104 "-" "Mozilla/5.0 (compatible; Googlebot/2.1; +http://www.google.com/bot.html)"
66.249.79.64 - - [20/Jul/2025:02:43:32 +0000] "GET /?f=5025587031370&mod=67a4b0f5&uri=info.php?item/47857750.shtml HTTP/1.1" 200 20283 "-" "Mozilla/5.0 (compatible; Googlebot/2.1; +http://www.google.com/bot.html)"
45.138.16.130 - - [20/Jul/2025:02:43:53 +0000] "GET /style.php HTTP/1.1" 200 265 "-" "Mozilla/5.0 (Linux; Android 7.0; SM-G892A Build/NRD90M; wv) AppleWebKit/537.36 (KHTML, like Gecko) Version/4.0 Chrome/60.0.3112.107 Mobile Safari/537.36"
66.249.79.66 - - [20/Jul/2025:02:44:33 +0000] "GET /?f=5344599011370&mod=aebb462e&uri=form.php?item/5527010.shtml HTTP/1.1" 200 20347 "-" "Mozilla/5.0 (compatible; Googlebot/2.1; +http://www.google.com/bot.html)"
20.171.207.15 - - [20/Jul/2025:02:47:28 +0000] "GET /item/3889285/ HTTP/1.1" 200 265 "-" "Mozilla/5.0 AppleWebKit/537.36 (KHTML, like Gecko; compatible; GPTBot/1.2; +https://openai.com/gptbot)"
66.249.79.66 - - [20/Jul/2025:02:48:07 +0000] "GET /?f=5025587031370&mod=67a4b0f5&uri=info.php?item/56143432.shtml HTTP/1.1" 200 20122 "-" "Mozilla/5.0 (compatible; Googlebot/2.1; +http://www.google.com/bot.html)"
66.249.79.64 - - [20/Jul/2025:02:49:16 +0000] "GET /?f=5361162021370&mod=b3b0b34e&uri=pin.php?product/edit/G3599412532 HTTP/1.1" 200 21368 "-" "Mozilla/5.0 (compatible; Googlebot/2.1; +http://www.google.com/bot.html)"
66.249.79.65 - - [20/Jul/2025:02:50:59 +0000] "GET /?f=5361162021370&mod=b3b0b34e&uri=pin.php?item/674901196.shtml HTTP/1.1" 200 19464 "-" "Mozilla/5.0 (compatible; Googlebot/2.1; +http://www.google.com/bot.html)"
20.171.207.15 - - [20/Jul/2025:02:51:39 +0000] "GET /item/1563138/ HTTP/1.1" 200 265 "-" "Mozilla/5.0 AppleWebKit/537.36 (KHTML, like Gecko; compatible; GPTBot/1.2; +https://openai.com/gptbot)"
66.249.79.65 - - [20/Jul/2025:02:53:11 +0000] "GET /?f=5025587031370&mod=67a4b0f5&uri=info.php?item/47924702.shtml HTTP/1.1" 200 21368 "-" "Mozilla/5.0 (compatible; Googlebot/2.1; +http://www.google.com/bot.html)"
66.249.79.65 - - [20/Jul/2025:02:53:39 +0000] "GET /?f=5086387121370&mod=aff00d3a&uri=article.php%3Fid%3D169802-309%26name%3Dmi+4x+motherboard HTTP/1.1" 200 21356 "-" "Mozilla/5.0 (Linux; Android 6.0.1; Nexus 5X Build/MMB29P) AppleWebKit/537.36 (KHTML, like Gecko) Chrome/137.0.7151.103 Mobile Safari/537.36 (compatible; Googlebot/2.1; +http://www.google.com/bot.html)"
20.171.207.15 - - [20/Jul/2025:02:53:47 +0000] "GET /item/4124322/ HTTP/1.1" 200 265 "-" "Mozilla/5.0 AppleWebKit/537.36 (KHTML, like Gecko; compatible; GPTBot/1.2; +https://openai.com/gptbot)"
66.249.79.64 - - [20/Jul/2025:02:53:49 +0000] "GET /index.php/item/4324932/ HTTP/1.1" 200 19899 "-" "Mozilla/5.0 (Linux; Android 6.0.1; Nexus 5X Build/MMB29P) AppleWebKit/537.36 (KHTML, like Gecko) Chrome/137.0.7151.103 Mobile Safari/537.36 (compatible; Googlebot/2.1; +http://www.google.com/bot.html)"
194.145.227.125 - - [20/Jul/2025:02:54:07 +0000] "GET /joobi/inc/openflashchart/php-ofc-library/ofc_upload_image.php HTTP/1.1" 200 417 "-" "ALittle Client"
66.249.79.65 - - [20/Jul/2025:02:54:34 +0000] "GET /index.php/item/2789120/ HTTP/1.1" 200 20580 "-" "Mozilla/5.0 (compatible; Googlebot/2.1; +http://www.google.com/bot.html)"
66.249.79.65 - - [20/Jul/2025:02:54:51 +0000] "GET /?f=5361162021370&mod=b3b0b34e&uri=pin.php?item/674951466.shtml HTTP/1.1" 200 20124 "-" "Mozilla/5.0 (compatible; Googlebot/2.1; +http://www.google.com/bot.html)"
20.171.207.15 - - [20/Jul/2025:02:55:53 +0000] "GET /item/4487832/ HTTP/1.1" 200 265 "-" "Mozilla/5.0 AppleWebKit/537.36 (KHTML, like Gecko; compatible; GPTBot/1.2; +https://openai.com/gptbot)"
66.249.79.64 - - [20/Jul/2025:02:56:16 +0000] "GET /?f=5139596131370&mod=e6e9099e&uri=us.php%3Fid%3D171576-57%26name%3Dwhizzer+ot1+review HTTP/1.1" 200 19891 "-" "Mozilla/5.0 (compatible; Googlebot/2.1; +http://www.google.com/bot.html)"
66.249.79.64 - - [20/Jul/2025:02:56:49 +0000] "GET /index.php/item/1813851/ HTTP/1.1" 200 20659 "-" "Mozilla/5.0 (compatible; Googlebot/2.1; +http://www.google.com/bot.html)"
20.171.207.15 - - [20/Jul/2025:02:56:53 +0000] "GET /item/2521107/ HTTP/1.1" 200 265 "-" "Mozilla/5.0 AppleWebKit/537.36 (KHTML, like Gecko; compatible; GPTBot/1.2; +https://openai.com/gptbot)"
20.171.207.15 - - [20/Jul/2025:02:58:53 +0000] "GET /item/2881800/ HTTP/1.1" 200 265 "-" "Mozilla/5.0 AppleWebKit/537.36 (KHTML, like Gecko; compatible; GPTBot/1.2; +https://openai.com/gptbot)"
20.171.207.15 - - [20/Jul/2025:02:59:56 +0000] "GET /item/1380603/ HTTP/1.1" 200 265 "-" "Mozilla/5.0 AppleWebKit/537.36 (KHTML, like Gecko; compatible; GPTBot/1.2; +https://openai.com/gptbot)"
66.249.79.64 - - [20/Jul/2025:03:00:52 +0000] "GET /?f=5361162021370&mod=b3b0b34e&uri=pin.php?item/674873612.shtml HTTP/1.1" 200 21022 "-" "Mozilla/5.0 (Linux; Android 6.0.1; Nexus 5X Build/MMB29P) AppleWebKit/537.36 (KHTML, like Gecko) Chrome/137.0.7151.103 Mobile Safari/537.36 (compatible; Googlebot/2.1; +http://www.google.com/bot.html)"
20.171.207.15 - - [20/Jul/2025:03:00:56 +0000] "GET /item/1329833/ HTTP/1.1" 200 265 "-" "Mozilla/5.0 AppleWebKit/537.36 (KHTML, like Gecko; compatible; GPTBot/1.2; +https://openai.com/gptbot)"
20.171.207.15 - - [20/Jul/2025:03:05:03 +0000] "GET /item/2970090/ HTTP/1.1" 200 265 "-" "Mozilla/5.0 AppleWebKit/537.36 (KHTML, like Gecko; compatible; GPTBot/1.2; +https://openai.com/gptbot)"
20.171.207.15 - - [20/Jul/2025:03:06:06 +0000] "GET /item/4387227/ HTTP/1.1" 200 265 "-" "Mozilla/5.0 AppleWebKit/537.36 (KHTML, like Gecko; compatible; GPTBot/1.2; +https://openai.com/gptbot)"
66.249.79.66 - - [20/Jul/2025:03:06:54 +0000] "GET /index.php/item/4610719/ HTTP/1.1" 200 20689 "-" "Mozilla/5.0 (Linux; Android 6.0.1; Nexus 5X Build/MMB29P) AppleWebKit/537.36 (KHTML, like Gecko) Chrome/137.0.7151.103 Mobile Safari/537.36 (compatible; Googlebot/2.1; +http://www.google.com/bot.html)"
66.249.79.66 - - [20/Jul/2025:03:07:16 +0000] "GET /index.php/item/3869408/ HTTP/1.1" 200 20396 "-" "Mozilla/5.0 (Linux; Android 6.0.1; Nexus 5X Build/MMB29P) AppleWebKit/537.36 (KHTML, like Gecko) Chrome/137.0.7151.103 Mobile Safari/537.36 (compatible; Googlebot/2.1; +http://www.google.com/bot.html)"
185.153.199.135 - - [20/Jul/2025:03:07:28 +0000] "GET /elfinder/src/connectors/php/connector.php HTTP/1.1" 200 417 "-" "ALittle Client"
66.249.79.66 - - [20/Jul/2025:03:08:50 +0000] "GET /?f=5496707091370&mod=20c99c68&uri=form.php%3Fid%3D183503-328%26name%3Drieker+geschlossene+sandalen+damen HTTP/1.1" 200 20434 "-" "Mozilla/5.0 (Linux; Android 6.0.1; Nexus 5X Build/MMB29P) AppleWebKit/537.36 (KHTML, like Gecko) Chrome/137.0.7151.103 Mobile Safari/537.36 (compatible; Googlebot/2.1; +http://www.google.com/bot.html)"
20.171.207.15 - - [20/Jul/2025:03:10:18 +0000] "GET /item/1084022/ HTTP/1.1" 200 265 "-" "Mozilla/5.0 AppleWebKit/537.36 (KHTML, like Gecko; compatible; GPTBot/1.2; +https://openai.com/gptbot)"
66.249.79.65 - - [20/Jul/2025:03:10:18 +0000] "GET /?f=5329779031370&mod=f3a3d61b&uri=blog.php?item/54473946.shtml HTTP/1.1" 200 20280 "-" "Mozilla/5.0 (Linux; Android 6.0.1; Nexus 5X Build/MMB29P) AppleWebKit/537.36 (KHTML, like Gecko) Chrome/137.0.7151.103 Mobile Safari/537.36 (compatible; Googlebot/2.1; +http://www.google.com/bot.html)"
66.249.79.65 - - [20/Jul/2025:03:11:27 +0000] "GET /?f=5329779031370&mod=f3a3d61b&uri=blog.php?item/6712320.shtml HTTP/1.1" 200 20400 "-" "Mozilla/5.0 (Linux; Android 6.0.1; Nexus 5X Build/MMB29P) AppleWebKit/537.36 (KHTML, like Gecko) Chrome/137.0.7151.103 Mobile Safari/537.36 (compatible; Googlebot/2.1; +http://www.google.com/bot.html)"
20.171.207.15 - - [20/Jul/2025:03:12:23 +0000] "GET /item/3179873/ HTTP/1.1" 200 265 "-" "Mozilla/5.0 AppleWebKit/537.36 (KHTML, like Gecko; compatible; GPTBot/1.2; +https://openai.com/gptbot)"
66.249.79.64 - - [20/Jul/2025:03:12:37 +0000] "GET /?f=5361162021370&mod=b3b0b34e&uri=pin.php?item/879887456.shtml HTTP/1.1" 200 20774 "-" "Mozilla/5.0 (Linux; Android 6.0.1; Nexus 5X Build/MMB29P) AppleWebKit/537.36 (KHTML, like Gecko) Chrome/137.0.7151.103 Mobile Safari/537.36 (compatible; Googlebot/2.1; +http://www.google.com/bot.html)"
66.249.79.64 - - [20/Jul/2025:03:13:21 +0000] "GET /?f=4982807011370&mod=dbfff4b2&uri=info.php?item/53796106.shtml HTTP/1.1" 200 20404 "-" "Mozilla/5.0 (compatible; Googlebot/2.1; +http://www.google.com/bot.html)"
66.249.79.64 - - [20/Jul/2025:03:14:03 +0000] "GET /index.php/item/3532245/ HTTP/1.1" 200 20717 "-" "Mozilla/5.0 (compatible; Googlebot/2.1; +http://www.google.com/bot.html)"
20.171.207.15 - - [20/Jul/2025:03:14:32 +0000] "GET /item/4001890/ HTTP/1.1" 200 265 "-" "Mozilla/5.0 AppleWebKit/537.36 (KHTML, like Gecko; compatible; GPTBot/1.2; +https://openai.com/gptbot)"
66.249.79.64 - - [20/Jul/2025:03:15:19 +0000] "GET /index.php/item/1389732/ HTTP/1.1" 200 20269 "-" "Mozilla/5.0 (Linux; Android 6.0.1; Nexus 5X Build/MMB29P) AppleWebKit/537.36 (KHTML, like Gecko) Chrome/137.0.7151.103 Mobile Safari/537.36 (compatible; Googlebot/2.1; +http://www.google.com/bot.html)"
66.249.79.64 - - [20/Jul/2025:03:15:21 +0000] "GET /?f=5025587031370&mod=67a4b0f5&uri=info.php?item/47868832.shtml HTTP/1.1" 200 20365 "-" "Mozilla/5.0 (compatible; Googlebot/2.1; +http://www.google.com/bot.html)"
20.171.207.15 - - [20/Jul/2025:03:15:36 +0000] "GET /item/3877037/ HTTP/1.1" 200 265 "-" "Mozilla/5.0 AppleWebKit/537.36 (KHTML, like Gecko; compatible; GPTBot/1.2; +https://openai.com/gptbot)"
20.171.207.15 - - [20/Jul/2025:03:16:36 +0000] "GET /item/1061926/ HTTP/1.1" 200 265 "-" "Mozilla/5.0 AppleWebKit/537.36 (KHTML, like Gecko; compatible; GPTBot/1.2; +https://openai.com/gptbot)"
20.171.207.15 - - [20/Jul/2025:03:17:41 +0000] "GET /item/4882592/ HTTP/1.1" 200 265 "-" "Mozilla/5.0 AppleWebKit/537.36 (KHTML, like Gecko; compatible; GPTBot/1.2; +https://openai.com/gptbot)"
66.249.79.65 - - [20/Jul/2025:03:18:00 +0000] "GET /index.php/item/4041541/ HTTP/1.1" 200 20774 "-" "Mozilla/5.0 (compatible; Googlebot/2.1; +http://www.google.com/bot.html)"
66.249.79.64 - - [20/Jul/2025:03:18:48 +0000] "GET /index.php/item/1077789/ HTTP/1.1" 200 19522 "-" "Mozilla/5.0 (compatible; Googlebot/2.1; +http://www.google.com/bot.html)"
20.171.207.15 - - [20/Jul/2025:03:19:45 +0000] "GET /item/2807332/ HTTP/1.1" 200 265 "-" "Mozilla/5.0 AppleWebKit/537.36 (KHTML, like Gecko; compatible; GPTBot/1.2; +https://openai.com/gptbot)"
66.249.79.66 - - [20/Jul/2025:03:19:51 +0000] "GET /?f=5075737081370&mod=6f39194d&uri=dp.php%3Fid%3D169447-310%26name%3D3080+rog+strix+amazon HTTP/1.1" 200 20582 "-" "Mozilla/5.0 (Linux; Android 6.0.1; Nexus 5X Build/MMB29P) AppleWebKit/537.36 (KHTML, like Gecko) Chrome/137.0.7151.103 Mobile Safari/537.36 (compatible; Googlebot/2.1; +http://www.google.com/bot.html)"
66.249.79.65 - - [20/Jul/2025:03:20:01 +0000] "GET /?f=5329779031370&mod=f3a3d61b&uri=blog.php?item/6750546.shtml HTTP/1.1" 200 20320 "-" "Mozilla/5.0 (compatible; Googlebot/2.1; +http://www.google.com/bot.html)"
66.249.79.64 - - [20/Jul/2025:03:20:10 +0000] "GET /?f=5361162021370&mod=b3b0b34e&uri=pin.php?item/5384544.shtml HTTP/1.1" 200 20774 "-" "Mozilla/5.0 (compatible; Googlebot/2.1; +http://www.google.com/bot.html)"
66.249.79.64 - - [20/Jul/2025:03:20:22 +0000] "GET /?f=5025587031370&mod=67a4b0f5&uri=info.php?item/50721568.shtml HTTP/1.1" 200 20372 "-" "Mozilla/5.0 (Linux; Android 6.0.1; Nexus 5X Build/MMB29P) AppleWebKit/537.36 (KHTML, like Gecko) Chrome/137.0.7151.103 Mobile Safari/537.36 (compatible; Googlebot/2.1; +http://www.google.com/bot.html)"
20.171.207.15 - - [20/Jul/2025:03:20:49 +0000] "GET /item/1383227/ HTTP/1.1" 200 265 "-" "Mozilla/5.0 AppleWebKit/537.36 (KHTML, like Gecko; compatible; GPTBot/1.2; +https://openai.com/gptbot)"
66.249.79.65 - - [20/Jul/2025:03:21:48 +0000] "GET /?f=5344599011370&mod=aebb462e&uri=form.php?item/1744075820.shtml HTTP/1.1" 200 20197 "-" "Mozilla/5.0 (compatible; Googlebot/2.1; +http://www.google.com/bot.html)"
66.249.79.64 - - [20/Jul/2025:03:22:52 +0000] "GET /game-gainz.com/pcmypage?callback=/product%2Fdetail%2F33006784 HTTP/1.1" 200 20163 "-" "Mozilla/5.0 (compatible; Googlebot/2.1; +http://www.google.com/bot.html)"
20.171.207.15 - - [20/Jul/2025:03:22:55 +0000] "GET /item/4813221/ HTTP/1.1" 200 265 "-" "Mozilla/5.0 AppleWebKit/537.36 (KHTML, like Gecko; compatible; GPTBot/1.2; +https://openai.com/gptbot)"
20.171.207.15 - - [20/Jul/2025:03:23:58 +0000] "GET /item/1331267/ HTTP/1.1" 200 265 "-" "Mozilla/5.0 AppleWebKit/537.36 (KHTML, like Gecko; compatible; GPTBot/1.2; +https://openai.com/gptbot)"
66.249.79.66 - - [20/Jul/2025:03:24:40 +0000] "GET /?f=5069917061370&mod=aff00d3a&uri=pin.php%3Fid%3D169253-309%26name%3Dgeforce+rtx+3070+gaming+oc+8gb HTTP/1.1" 200 19596 "-" "Mozilla/5.0 (Linux; Android 6.0.1; Nexus 5X Build/MMB29P) AppleWebKit/537.36 (KHTML, like Gecko) Chrome/137.0.7151.103 Mobile Safari/537.36 (compatible; Googlebot/2.1; +http://www.google.com/bot.html)"
66.249.79.65 - - [20/Jul/2025:03:24:44 +0000] "POST /get-message-notify HTTP/1.1" 200 20444 "http://game-gainz.com/?f=5069917061370&mod=aff00d3a&uri=pin.php%3Fid%3D169253-309%26name%3Dgeforce+rtx+3070+gaming+oc+8gb" "Mozilla/5.0 (Linux; Android 6.0.1; Nexus 5X Build/MMB29P) AppleWebKit/537.36 (KHTML, like Gecko) Chrome/137.0.7151.119 Mobile Safari/537.36 (compatible; Googlebot/2.1; +http://www.google.com/bot.html)"
20.171.207.15 - - [20/Jul/2025:03:25:00 +0000] "GET /item/1787146/ HTTP/1.1" 200 265 "-" "Mozilla/5.0 AppleWebKit/537.36 (KHTML, like Gecko; compatible; GPTBot/1.2; +https://openai.com/gptbot)"
66.249.79.65 - - [20/Jul/2025:03:26:13 +0000] "GET /?f=5329779031370&mod=f3a3d61b&uri=blog.php?product/edit/G1651251457 HTTP/1.1" 200 20074 "-" "Mozilla/5.0 (compatible; Googlebot/2.1; +http://www.google.com/bot.html)"
20.171.207.15 - - [20/Jul/2025:03:27:04 +0000] "GET /item/3094790/ HTTP/1.1" 200 265 "-" "Mozilla/5.0 AppleWebKit/537.36 (KHTML, like Gecko; compatible; GPTBot/1.2; +https://openai.com/gptbot)"
20.171.207.15 - - [20/Jul/2025:03:28:06 +0000] "GET /item/1187822/ HTTP/1.1" 200 265 "-" "Mozilla/5.0 AppleWebKit/537.36 (KHTML, like Gecko; compatible; GPTBot/1.2; +https://openai.com/gptbot)"
66.249.79.66 - - [20/Jul/2025:03:29:11 +0000] "GET /?f=5025587031370&mod=67a4b0f5&uri=info.php?item/56160768.shtml HTTP/1.1" 200 20774 "-" "Mozilla/5.0 (Linux; Android 6.0.1; Nexus 5X Build/MMB29P) AppleWebKit/537.36 (KHTML, like Gecko) Chrome/137.0.7151.103 Mobile Safari/537.36 (compatible; Googlebot/2.1; +http://www.google.com/bot.html)"
66.249.79.64 - - [20/Jul/2025:03:29:34 +0000] "GET /?f=5361162021370&mod=b3b0b34e&uri=pin.php?item/6782538.shtml HTTP/1.1" 200 20500 "-" "Mozilla/5.0 (compatible; Googlebot/2.1; +http://www.google.com/bot.html)"
66.249.79.64 - - [20/Jul/2025:03:29:38 +0000] "GET /?f=5361162021370&mod=b3b0b34e&uri=pin.php?item/6788716.shtml HTTP/1.1" 200 20158 "-" "Mozilla/5.0 (compatible; Googlebot/2.1; +http://www.google.com/bot.html)"
66.249.79.64 - - [20/Jul/2025:03:29:43 +0000] "GET /index.php/item/4139697/ HTTP/1.1" 200 20507 "-" "Mozilla/5.0 (Linux; Android 6.0.1; Nexus 5X Build/MMB29P) AppleWebKit/537.36 (KHTML, like Gecko) Chrome/137.0.7151.103 Mobile Safari/537.36 (compatible; Googlebot/2.1; +http://www.google.com/bot.html)"
20.171.207.15 - - [20/Jul/2025:03:30:15 +0000] "GET /item/2751911/ HTTP/1.1" 200 265 "-" "Mozilla/5.0 AppleWebKit/537.36 (KHTML, like Gecko; compatible; GPTBot/1.2; +https://openai.com/gptbot)"
20.171.207.15 - - [20/Jul/2025:03:31:21 +0000] "GET /item/1383227/ HTTP/1.1" 200 265 "-" "Mozilla/5.0 AppleWebKit/537.36 (KHTML, like Gecko; compatible; GPTBot/1.2; +https://openai.com/gptbot)"
66.249.79.64 - - [20/Jul/2025:03:32:23 +0000] "GET /?f=5344599011370&mod=aebb462e&uri=form.php?item/257640262.shtml HTTP/1.1" 200 20125 "-" "Mozilla/5.0 (compatible; Googlebot/2.1; +http://www.google.com/bot.html)"
66.249.79.64 - - [20/Jul/2025:03:32:39 +0000] "GET /?f=5025587031370&mod=67a4b0f5&uri=info.php?item/50704828.shtml HTTP/1.1" 200 20325 "-" "Mozilla/5.0 (compatible; Googlebot/2.1; +http://www.google.com/bot.html)"
66.249.79.66 - - [20/Jul/2025:03:33:19 +0000] "GET /?f=5361162021370&mod=b3b0b34e&uri=pin.php?item/677538588.shtml HTTP/1.1" 200 20423 "-" "Mozilla/5.0 (Linux; Android 6.0.1; Nexus 5X Build/MMB29P) AppleWebKit/537.36 (KHTML, like Gecko) Chrome/137.0.7151.103 Mobile Safari/537.36 (compatible; Googlebot/2.1; +http://www.google.com/bot.html)"
20.171.207.15 - - [20/Jul/2025:03:33:29 +0000] "GET /item/1084098/ HTTP/1.1" 200 265 "-" "Mozilla/5.0 AppleWebKit/537.36 (KHTML, like Gecko; compatible; GPTBot/1.2; +https://openai.com/gptbot)"
20.171.207.15 - - [20/Jul/2025:03:34:32 +0000] "GET /item/3154939/ HTTP/1.1" 200 265 "-" "Mozilla/5.0 AppleWebKit/537.36 (KHTML, like Gecko; compatible; GPTBot/1.2; +https://openai.com/gptbot)"
43.130.100.35 - - [20/Jul/2025:03:34:59 +0000] "GET / HTTP/1.1" 200 265 "-" "Mozilla/5.0 (iPhone; CPU iPhone OS 13_2_3 like Mac OS X) AppleWebKit/605.1.15 (KHTML, like Gecko) Version/13.0.3 Mobile/15E148 Safari/604.1"
20.171.207.15 - - [20/Jul/2025:03:35:36 +0000] "GET /item/4030494/ HTTP/1.1" 200 265 "-" "Mozilla/5.0 AppleWebKit/537.36 (KHTML, like Gecko; compatible; GPTBot/1.2; +https://openai.com/gptbot)"
20.171.207.15 - - [20/Jul/2025:03:36:37 +0000] "GET /item/4830989/ HTTP/1.1" 200 265 "-" "Mozilla/5.0 AppleWebKit/537.36 (KHTML, like Gecko; compatible; GPTBot/1.2; +https://openai.com/gptbot)"
66.249.79.65 - - [20/Jul/2025:03:36:43 +0000] "GET /game-gainz.com/pcmypage?callback=product/review/63264001 HTTP/1.1" 200 19793 "-" "Mozilla/5.0 (Linux; Android 6.0.1; Nexus 5X Build/MMB29P) AppleWebKit/537.36 (KHTML, like Gecko) Chrome/137.0.7151.103 Mobile Safari/537.36 (compatible; Googlebot/2.1; +http://www.google.com/bot.html)"
66.249.79.64 - - [20/Jul/2025:03:37:34 +0000] "GET /?f=5361162021370&mod=b3b0b34e&uri=pin.php?item/585058418.shtml HTTP/1.1" 200 20383 "-" "Mozilla/5.0 (compatible; Googlebot/2.1; +http://www.google.com/bot.html)"
20.171.207.15 - - [20/Jul/2025:03:37:41 +0000] "GET /item/2529453/ HTTP/1.1" 200 265 "-" "Mozilla/5.0 AppleWebKit/537.36 (KHTML, like Gecko; compatible; GPTBot/1.2; +https://openai.com/gptbot)"
66.249.79.64 - - [20/Jul/2025:03:37:58 +0000] "GET /?f=5361162021370&mod=b3b0b34e&uri=pin.php?item/673618702.shtml HTTP/1.1" 200 19635 "-" "Mozilla/5.0 (compatible; Googlebot/2.1; +http://www.google.com/bot.html)"
66.249.79.65 - - [20/Jul/2025:03:38:07 +0000] "GET /?f=4727101061370&mod=311864ec&uri=itm.php%3Fid%3D157771-292%26name%3Dnike+heat+check+shirt HTTP/1.1" 200 20163 "-" "Mozilla/5.0 (compatible; Googlebot/2.1; +http://www.google.com/bot.html)"
20.171.207.15 - - [20/Jul/2025:03:38:45 +0000] "GET /item/2002107/ HTTP/1.1" 200 265 "-" "Mozilla/5.0 AppleWebKit/537.36 (KHTML, like Gecko; compatible; GPTBot/1.2; +https://openai.com/gptbot)"
66.249.79.65 - - [20/Jul/2025:03:39:48 +0000] "GET /?f=5330409061370&mod=f3a3d61b&uri=info.php?item/6813684.shtml HTTP/1.1" 200 20375 "-" "Mozilla/5.0 (compatible; Googlebot/2.1; +http://www.google.com/bot.html)"
66.249.79.65 - - [20/Jul/2025:03:40:04 +0000] "GET /?f=4815998131370&mod=12f7312b&uri=itm.php%3Fid%3D160739-219%26name%3Dheating+and+cooling+installers HTTP/1.1" 200 20370 "-" "Mozilla/5.0 (Linux; Android 6.0.1; Nexus 5X Build/MMB29P) AppleWebKit/537.36 (KHTML, like Gecko) Chrome/137.0.7151.103 Mobile Safari/537.36 (compatible; Googlebot/2.1; +http://www.google.com/bot.html)"
66.249.79.66 - - [20/Jul/2025:03:40:07 +0000] "GET /?f=4785758021370&mod=14b7367a&uri=blog.php%3Fid%3D159728-87%26name%3Dfuji+x100v+specs HTTP/1.1" 200 20945 "-" "Mozilla/5.0 (Linux; Android 6.0.1; Nexus 5X Build/MMB29P) AppleWebKit/537.36 (KHTML, like Gecko) Chrome/137.0.7151.103 Mobile Safari/537.36 (compatible; Googlebot/2.1; +http://www.google.com/bot.html)"
20.171.207.15 - - [20/Jul/2025:03:40:49 +0000] "GET /item/2161441/ HTTP/1.1" 200 265 "-" "Mozilla/5.0 AppleWebKit/537.36 (KHTML, like Gecko; compatible; GPTBot/1.2; +https://openai.com/gptbot)"
66.249.79.64 - - [20/Jul/2025:03:40:58 +0000] "GET /?f=5361162021370&mod=b3b0b34e&uri=pin.php?product/edit/G2250446567 HTTP/1.1" 200 20554 "-" "Mozilla/5.0 (compatible; Googlebot/2.1; +http://www.google.com/bot.html)"
66.249.79.64 - - [20/Jul/2025:03:41:01 +0000] "GET /?f=5361852041370&mod=d802a3e6&uri=blog.php%3Fid%3D179004-322%26name%3Dfgbd2431kf1 HTTP/1.1" 200 20300 "-" "Mozilla/5.0 (Linux; Android 6.0.1; Nexus 5X Build/MMB29P) AppleWebKit/537.36 (KHTML, like Gecko) Chrome/137.0.7151.103 Mobile Safari/537.36 (compatible; Googlebot/2.1; +http://www.google.com/bot.html)"
66.249.79.64 - - [20/Jul/2025:03:41:06 +0000] "GET /game-gainz.com/pcmypage?callback=product%2Fdetail%2F51797227 HTTP/1.1" 200 19904 "-" "Mozilla/5.0 (compatible; Googlebot/2.1; +http://www.google.com/bot.html)"
66.249.79.64 - - [20/Jul/2025:03:41:20 +0000] "GET /?f=119603230051370&mod=7b7903c6&uri=dp.php%3Fid%3D3991526-1161%26name%3Dnike+97+original HTTP/1.1" 200 20002 "-" "Mozilla/5.0 (Linux; Android 6.0.1; Nexus 5X Build/MMB29P) AppleWebKit/537.36 (KHTML, like Gecko) Chrome/137.0.7151.103 Mobile Safari/537.36 (compatible; Googlebot/2.1; +http://www.google.com/bot.html)"
66.249.79.64 - - [20/Jul/2025:03:41:23 +0000] "GET /?f=5138756051370&mod=e6e9099e&uri=shop.php%3Fid%3D171548-57%26name%3Dsamsung+buds+laptop HTTP/1.1" 200 20164 "-" "Mozilla/5.0 (Linux; Android 6.0.1; Nexus 5X Build/MMB29P) AppleWebKit/537.36 (KHTML, like Gecko) Chrome/137.0.7151.103 Mobile Safari/537.36 (compatible; Googlebot/2.1; +http://www.google.com/bot.html)"
66.249.79.64 - - [20/Jul/2025:03:41:42 +0000] "POST /get-message-notify HTTP/1.1" 200 20416 "http://game-gainz.com/?f=5138756051370&mod=e6e9099e&uri=shop.php%3Fid%3D171548-57%26name%3Dsamsung+buds+laptop" "Mozilla/5.0 (Linux; Android 6.0.1; Nexus 5X Build/MMB29P) AppleWebKit/537.36 (KHTML, like Gecko) Chrome/137.0.7151.119 Mobile Safari/537.36 (compatible; Googlebot/2.1; +http://www.google.com/bot.html)"
66.249.79.64 - - [20/Jul/2025:03:41:54 +0000] "POST /get-message-notify HTTP/1.1" 200 20409 "http://game-gainz.com/?f=119603230051370&mod=7b7903c6&uri=dp.php%3Fid%3D3991526-1161%26name%3Dnike+97+original" "Mozilla/5.0 (Linux; Android 6.0.1; Nexus 5X Build/MMB29P) AppleWebKit/537.36 (KHTML, like Gecko) Chrome/137.0.7151.119 Mobile Safari/537.36 (compatible; Googlebot/2.1; +http://www.google.com/bot.html)"
66.249.79.66 - - [20/Jul/2025:03:42:16 +0000] "GET /?f=5187116071370&mod=ebbb5ccb&uri=pin.php%3Fid%3D173162-155%26name%3Dmk442t HTTP/1.1" 200 20731 "-" "Mozilla/5.0 (Linux; Android 6.0.1; Nexus 5X Build/MMB29P) AppleWebKit/537.36 (KHTML, like Gecko) Chrome/137.0.7151.103 Mobile Safari/537.36 (compatible; Googlebot/2.1; +http://www.google.com/bot.html)"
66.249.79.66 - - [20/Jul/2025:03:43:37 +0000] "GET /?f=5168877001370&mod=ebbb5ccb&uri=products.php%3Fid%3D172553-155%26name%3Dinch+tweeter HTTP/1.1" 200 19873 "-" "Mozilla/5.0 (Linux; Android 6.0.1; Nexus 5X Build/MMB29P) AppleWebKit/537.36 (KHTML, like Gecko) Chrome/137.0.7151.103 Mobile Safari/537.36 (compatible; Googlebot/2.1; +http://www.google.com/bot.html)"
66.249.79.65 - - [20/Jul/2025:03:43:45 +0000] "POST /get-message-notify HTTP/1.1" 200 20442 "http://game-gainz.com/?f=5168877001370&mod=ebbb5ccb&uri=products.php%3Fid%3D172553-155%26name%3Dinch+tweeter" "Mozilla/5.0 (Linux; Android 6.0.1; Nexus 5X Build/MMB29P) AppleWebKit/537.36 (KHTML, like Gecko) Chrome/137.0.7151.119 Mobile Safari/537.36 (compatible; Googlebot/2.1; +http://www.google.com/bot.html)"
20.171.207.15 - - [20/Jul/2025:03:43:59 +0000] "GET /item/3805582/ HTTP/1.1" 200 265 "-" "Mozilla/5.0 AppleWebKit/537.36 (KHTML, like Gecko; compatible; GPTBot/1.2; +https://openai.com/gptbot)"
66.249.79.65 - - [20/Jul/2025:03:44:25 +0000] "GET /?f=5025587031370&mod=67a4b0f5&uri=info.php?item/4176978.shtml HTTP/1.1" 200 20723 "-" "Mozilla/5.0 (compatible; Googlebot/2.1; +http://www.google.com/bot.html)"
66.249.79.64 - - [20/Jul/2025:03:45:20 +0000] "GET /?f=4982807011370&mod=dbfff4b2&uri=info.php?item/53802284.shtml HTTP/1.1" 200 20687 "-" "Mozilla/5.0 (compatible; Googlebot/2.1; +http://www.google.com/bot.html)"
20.171.207.15 - - [20/Jul/2025:03:46:03 +0000] "GET /item/3091439/ HTTP/1.1" 200 265 "-" "Mozilla/5.0 AppleWebKit/537.36 (KHTML, like Gecko; compatible; GPTBot/1.2; +https://openai.com/gptbot)"
66.249.79.65 - - [20/Jul/2025:03:46:25 +0000] "GET /index.php/item/3826908/ HTTP/1.1" 200 20240 "-" "Mozilla/5.0 (compatible; Googlebot/2.1; +http://www.google.com/bot.html)"
66.249.79.65 - - [20/Jul/2025:03:47:01 +0000] "GET /?f=5121266021370&mod=14b7367a&uri=blog.php%3Fid%3D170965-87%26name%3Dgopro+hero+cover HTTP/1.1" 200 20646 "-" "Mozilla/5.0 (Linux; Android 6.0.1; Nexus 5X Build/MMB29P) AppleWebKit/537.36 (KHTML, like Gecko) Chrome/137.0.7151.103 Mobile Safari/537.36 (compatible; Googlebot/2.1; +http://www.google.com/bot.html)"
66.249.79.65 - - [20/Jul/2025:03:47:17 +0000] "GET /index.php/item/3873345/ HTTP/1.1" 200 20282 "-" "Mozilla/5.0 (compatible; Googlebot/2.1; +http://www.google.com/bot.html)"
20.171.207.15 - - [20/Jul/2025:03:48:14 +0000] "GET /item/4076696/ HTTP/1.1" 200 265 "-" "Mozilla/5.0 AppleWebKit/537.36 (KHTML, like Gecko; compatible; GPTBot/1.2; +https://openai.com/gptbot)"
66.249.79.65 - - [20/Jul/2025:03:48:32 +0000] "GET /?f=5798438041370&mod=c80ad097&uri=search.php%3Fid%3D193635-336%26name%3Dmichael+kors+zalando+prive HTTP/1.1" 200 21338 "-" "Mozilla/5.0 (Linux; Android 6.0.1; Nexus 5X Build/MMB29P) AppleWebKit/537.36 (KHTML, like Gecko) Chrome/137.0.7151.103 Mobile Safari/537.36 (compatible; Googlebot/2.1; +http://www.google.com/bot.html)"
66.249.79.64 - - [20/Jul/2025:03:48:33 +0000] "GET /index.php/item/4016480/ HTTP/1.1" 200 19903 "-" "Mozilla/5.0 (compatible; Googlebot/2.1; +http://www.google.com/bot.html)"
66.249.79.64 - - [20/Jul/2025:03:48:44 +0000] "GET /?f=5361162021370&mod=b3b0b34e&uri=pin.php?item/674914742.shtml HTTP/1.1" 200 20828 "-" "Mozilla/5.0 (compatible; Googlebot/2.1; +http://www.google.com/bot.html)"
20.171.207.15 - - [20/Jul/2025:03:49:19 +0000] "GET /item/3883919/ HTTP/1.1" 200 265 "-" "Mozilla/5.0 AppleWebKit/537.36 (KHTML, like Gecko; compatible; GPTBot/1.2; +https://openai.com/gptbot)"
66.249.79.65 - - [20/Jul/2025:03:49:44 +0000] "GET /?f=5025587031370&mod=67a4b0f5&uri=info.php?product/edit/G3136071497 HTTP/1.1" 200 21174 "-" "Mozilla/5.0 (compatible; Googlebot/2.1; +http://www.google.com/bot.html)"
66.249.79.64 - - [20/Jul/2025:03:49:52 +0000] "GET /?f=5361162021370&mod=b3b0b34e&uri=pin.php?item/584991946.shtml HTTP/1.1" 200 19937 "-" "Mozilla/5.0 (compatible; Googlebot/2.1; +http://www.google.com/bot.html)"
66.249.79.64 - - [20/Jul/2025:03:50:38 +0000] "GET /?f=5025587031370&mod=67a4b0f5&uri=info.php?item/500668262.shtml HTTP/1.1" 200 20625 "-" "Mozilla/5.0 (compatible; Googlebot/2.1; +http://www.google.com/bot.html)"
66.249.79.64 - - [20/Jul/2025:03:51:06 +0000] "GET /index.php/item/4413554/ HTTP/1.1" 200 20102 "-" "Mozilla/5.0 (Linux; Android 6.0.1; Nexus 5X Build/MMB29P) AppleWebKit/537.36 (KHTML, like Gecko) Chrome/137.0.7151.103 Mobile Safari/537.36 (compatible; Googlebot/2.1; +http://www.google.com/bot.html)"
66.249.79.64 - - [20/Jul/2025:03:51:24 +0000] "GET /index.php/item/1914170 HTTP/1.1" 200 20508 "-" "Mozilla/5.0 (Linux; Android 6.0.1; Nexus 5X Build/MMB29P) AppleWebKit/537.36 (KHTML, like Gecko) Chrome/137.0.7151.103 Mobile Safari/537.36 (compatible; Googlebot/2.1; +http://www.google.com/bot.html)"
66.249.79.64 - - [20/Jul/2025:03:51:40 +0000] "GET /?f=4605406021370&mod=214f9424&uri=article.php%3Fid%3D153713-282%26name%3Dskechers+relaxed+fit+bikers+lineage+women%27s+chukka+boots HTTP/1.1" 200 19832 "-" "Mozilla/5.0 (Linux; Android 6.0.1; Nexus 5X Build/MMB29P) AppleWebKit/537.36 (KHTML, like Gecko) Chrome/137.0.7151.103 Mobile Safari/537.36 (compatible; Googlebot/2.1; +http://www.google.com/bot.html)"
66.249.79.64 - - [20/Jul/2025:03:51:50 +0000] "GET /?f=119736223111370&mod=cc710398&uri=products.php?item/4132570.shtml HTTP/1.1" 200 21115 "-" "Mozilla/5.0 (Linux; Android 6.0.1; Nexus 5X Build/MMB29P) AppleWebKit/537.36 (KHTML, like Gecko) Chrome/137.0.7151.103 Mobile Safari/537.36 (compatible; Googlebot/2.1; +http://www.google.com/bot.html)"
66.249.79.64 - - [20/Jul/2025:03:51:54 +0000] "POST /get-message-notify HTTP/1.1" 200 20443 "http://game-gainz.com/index.php/item/1914170" "Mozilla/5.0 (Linux; Android 6.0.1; Nexus 5X Build/MMB29P) AppleWebKit/537.36 (KHTML, like Gecko) Chrome/137.0.7151.119 Mobile Safari/537.36 (compatible; Googlebot/2.1; +http://www.google.com/bot.html)"
66.249.79.64 - - [20/Jul/2025:03:52:29 +0000] "GET /?f=5329779031370&mod=f3a3d61b&uri=blog.php?item/54450116.shtml HTTP/1.1" 200 20345 "-" "Mozilla/5.0 (Linux; Android 6.0.1; Nexus 5X Build/MMB29P) AppleWebKit/537.36 (KHTML, like Gecko) Chrome/137.0.7151.103 Mobile Safari/537.36 (compatible; Googlebot/2.1; +http://www.google.com/bot.html)"
20.171.207.15 - - [20/Jul/2025:03:52:31 +0000] "GET /item/4453418/ HTTP/1.1" 200 265 "-" "Mozilla/5.0 AppleWebKit/537.36 (KHTML, like Gecko; compatible; GPTBot/1.2; +https://openai.com/gptbot)"
20.171.207.15 - - [20/Jul/2025:03:53:35 +0000] "GET /item/2285814/ HTTP/1.1" 200 265 "-" "Mozilla/5.0 AppleWebKit/537.36 (KHTML, like Gecko; compatible; GPTBot/1.2; +https://openai.com/gptbot)"
66.249.79.64 - - [20/Jul/2025:03:55:29 +0000] "GET /?f=5362062061370&mod=d802a3e6&uri=pin.php%3Fid%3D179011-322%26name%3Dmiele+dishwasher+g4203sc HTTP/1.1" 200 20583 "-" "Mozilla/5.0 (Linux; Android 6.0.1; Nexus 5X Build/MMB29P) AppleWebKit/537.36 (KHTML, like Gecko) Chrome/137.0.7151.103 Mobile Safari/537.36 (compatible; Googlebot/2.1; +http://www.google.com/bot.html)"
66.249.79.64 - - [20/Jul/2025:03:55:54 +0000] "GET /?f=5330409061370&mod=f3a3d61b&uri=info.php?item/6784052.shtml HTTP/1.1" 200 20316 "-" "Mozilla/5.0 (Linux; Android 6.0.1; Nexus 5X Build/MMB29P) AppleWebKit/537.36 (KHTML, like Gecko) Chrome/137.0.7151.103 Mobile Safari/537.36 (compatible; Googlebot/2.1; +http://www.google.com/bot.html)"
20.171.207.15 - - [20/Jul/2025:03:56:49 +0000] "GET /item/3654843/ HTTP/1.1" 200 265 "-" "Mozilla/5.0 AppleWebKit/537.36 (KHTML, like Gecko; compatible; GPTBot/1.2; +https://openai.com/gptbot)"
66.249.79.65 - - [20/Jul/2025:03:57:35 +0000] "GET /?f=5258847041370&mod=4741dc94&uri=form.php%3Fid%3D175569-315%26name%3Dedelstahl+uhrenarmband+k%C3%83%C2%BCrzen HTTP/1.1" 200 21027 "-" "Mozilla/5.0 (Linux; Android 6.0.1; Nexus 5X Build/MMB29P) AppleWebKit/537.36 (KHTML, like Gecko) Chrome/137.0.7151.103 Mobile Safari/537.36 (compatible; Googlebot/2.1; +http://www.google.com/bot.html)"
66.249.79.64 - - [20/Jul/2025:03:57:41 +0000] "POST /get-message-notify HTTP/1.1" 200 20444 "http://game-gainz.com/?f=5258847041370&mod=4741dc94&uri=form.php%3Fid%3D175569-315%26name%3Dedelstahl+uhrenarmband+k%C3%83%C2%BCrzen" "Mozilla/5.0 (Linux; Android 6.0.1; Nexus 5X Build/MMB29P) AppleWebKit/537.36 (KHTML, like Gecko) Chrome/137.0.7151.119 Mobile Safari/537.36 (compatible; Googlebot/2.1; +http://www.google.com/bot.html)"
66.249.79.66 - - [20/Jul/2025:03:58:30 +0000] "GET /?f=5344599011370&mod=aebb462e&uri=form.php?item/9451304.shtml HTTP/1.1" 200 20941 "-" "Mozilla/5.0 (Linux; Android 6.0.1; Nexus 5X Build/MMB29P) AppleWebKit/537.36 (KHTML, like Gecko) Chrome/137.0.7151.103 Mobile Safari/537.36 (compatible; Googlebot/2.1; +http://www.google.com/bot.html)"
20.171.207.15 - - [20/Jul/2025:03:59:02 +0000] "GET /item/2112548/ HTTP/1.1" 503 428 "-" "Mozilla/5.0 AppleWebKit/537.36 (KHTML, like Gecko; compatible; GPTBot/1.2; +https://openai.com/gptbot)"
20.171.207.15 - - [20/Jul/2025:04:04:03 +0000] "GET /item/3010061/ HTTP/1.1" 200 265 "-" "Mozilla/5.0 AppleWebKit/537.36 (KHTML, like Gecko; compatible; GPTBot/1.2; +https://openai.com/gptbot)"
66.249.79.64 - - [20/Jul/2025:04:04:03 +0000] "GET /?f=5361162021370&mod=b3b0b34e&uri=pin.php?item/879877496.shtml HTTP/1.1" 200 21082 "-" "Mozilla/5.0 (compatible; Googlebot/2.1; +http://www.google.com/bot.html)"
66.249.79.65 - - [20/Jul/2025:04:06:21 +0000] "GET /?f=5361162021370&mod=b3b0b34e&uri=pin.php?item/573751264.shtml HTTP/1.1" 200 20353 "-" "Mozilla/5.0 (compatible; Googlebot/2.1; +http://www.google.com/bot.html)"
66.249.79.66 - - [20/Jul/2025:04:06:22 +0000] "GET /?f=5361162021370&mod=b3b0b34e&uri=pin.php?item/673590756.shtml HTTP/1.1" 200 20406 "-" "Mozilla/5.0 (compatible; Googlebot/2.1; +http://www.google.com/bot.html)"
66.249.79.64 - - [20/Jul/2025:04:06:23 +0000] "GET /?f=5344599011370&mod=aebb462e&uri=form.php?item/57434228.shtml HTTP/1.1" 200 21464 "-" "Mozilla/5.0 (Linux; Android 6.0.1; Nexus 5X Build/MMB29P) AppleWebKit/537.36 (KHTML, like Gecko) Chrome/137.0.7151.103 Mobile Safari/537.36 (compatible; Googlebot/2.1; +http://www.google.com/bot.html)"
66.249.79.66 - - [20/Jul/2025:04:06:25 +0000] "GET /index.php?item/50691932.shtml/feature/idol/gradol.html HTTP/1.1" 200 20627 "-" "Mozilla/5.0 (Linux; Android 6.0.1; Nexus 5X Build/MMB29P) AppleWebKit/537.36 (KHTML, like Gecko) Chrome/137.0.7151.103 Mobile Safari/537.36 (compatible; Googlebot/2.1; +http://www.google.com/bot.html)"
66.249.79.66 - - [20/Jul/2025:04:07:24 +0000] "GET /index.php/item/4683746/ HTTP/1.1" 200 20262 "-" "Mozilla/5.0 (Linux; Android 6.0.1; Nexus 5X Build/MMB29P) AppleWebKit/537.36 (KHTML, like Gecko) Chrome/137.0.7151.103 Mobile Safari/537.36 (compatible; Googlebot/2.1; +http://www.google.com/bot.html)"
66.249.79.66 - - [20/Jul/2025:04:08:26 +0000] "GET /?f=5361162021370&mod=b3b0b34e&uri=pin.php?item/673604270.shtml HTTP/1.1" 200 20854 "-" "Mozilla/5.0 (compatible; Googlebot/2.1; +http://www.google.com/bot.html)"
66.249.79.66 - - [20/Jul/2025:04:09:06 +0000] "GET /?f=5344599011370&mod=aebb462e&uri=form.php?item/6847150.shtml HTTP/1.1" 200 20237 "-" "Mozilla/5.0 (Linux; Android 6.0.1; Nexus 5X Build/MMB29P) AppleWebKit/537.36 (KHTML, like Gecko) Chrome/137.0.7151.103 Mobile Safari/537.36 (compatible; Googlebot/2.1; +http://www.google.com/bot.html)"
20.171.207.15 - - [20/Jul/2025:04:09:34 +0000] "GET /item/1635586/ HTTP/1.1" 200 265 "-" "Mozilla/5.0 AppleWebKit/537.36 (KHTML, like Gecko; compatible; GPTBot/1.2; +https://openai.com/gptbot)"
66.249.79.64 - - [20/Jul/2025:04:09:35 +0000] "GET /?f=5329779031370&mod=f3a3d61b&uri=blog.php?item/49175758.shtml HTTP/1.1" 200 20093 "-" "Mozilla/5.0 (Linux; Android 6.0.1; Nexus 5X Build/MMB29P) AppleWebKit/537.36 (KHTML, like Gecko) Chrome/137.0.7151.103 Mobile Safari/537.36 (compatible; Googlebot/2.1; +http://www.google.com/bot.html)"
66.249.79.66 - - [20/Jul/2025:04:10:33 +0000] "GET /?f=5361162021370&mod=b3b0b34e&uri=pin.php?item/573719240.shtml HTTP/1.1" 200 20530 "-" "Mozilla/5.0 (compatible; Googlebot/2.1; +http://www.google.com/bot.html)"
66.249.79.64 - - [20/Jul/2025:04:10:33 +0000] "GET /index.php/item/4131055/ HTTP/1.1" 200 20553 "-" "Mozilla/5.0 (Linux; Android 6.0.1; Nexus 5X Build/MMB29P) AppleWebKit/537.36 (KHTML, like Gecko) Chrome/137.0.7151.103 Mobile Safari/537.36 (compatible; Googlebot/2.1; +http://www.google.com/bot.html)"
66.249.79.64 - - [20/Jul/2025:04:10:34 +0000] "GET /?f=5361162021370&mod=b3b0b34e&uri=pin.php?item/583696534.shtml HTTP/1.1" 200 20361 "-" "Mozilla/5.0 (compatible; Googlebot/2.1; +http://www.google.com/bot.html)"
