66.249.79.66 - - [19/Jul/2025:16:15:44 +0000] "GET /?f=2924176041370&mod=ab8e9ef5&uri=form.php%3Fid%3D97607-183%26name%3Dbell+sports+7091033+16+inch+white+bmx+tire HTTP/1.1" 200 20756 "-" "Mozilla/5.0 (Linux; Android 6.0.1; Nexus 5X Build/MMB29P) AppleWebKit/537.36 (KHTML, like Gecko) Chrome/137.0.7151.103 Mobile Safari/537.36 (compatible; Googlebot/2.1; +http://www.google.com/bot.html)"
66.249.79.66 - - [19/Jul/2025:16:15:47 +0000] "POST /get-message-notify HTTP/1.1" 200 20415 "http://game-gainz.com/?f=2924176041370&mod=ab8e9ef5&uri=form.php%3Fid%3D97607-183%26name%3Dbell+sports+7091033+16+inch+white+bmx+tire" "Mozilla/5.0 (Linux; Android 6.0.1; Nexus 5X Build/MMB29P) AppleWebKit/537.36 (KHTML, like Gecko) Chrome/137.0.7151.119 Mobile Safari/537.36 (compatible; Googlebot/2.1; +http://www.google.com/bot.html)"
20.171.207.15 - - [19/Jul/2025:16:20:43 +0000] "GET /item/3942191/ HTTP/1.1" 200 265 "-" "Mozilla/5.0 AppleWebKit/537.36 (KHTML, like Gecko; compatible; GPTBot/1.2; +https://openai.com/gptbot)"
20.171.207.15 - - [19/Jul/2025:16:21:46 +0000] "GET /item/3283797/ HTTP/1.1" 200 265 "-" "Mozilla/5.0 AppleWebKit/537.36 (KHTML, like Gecko; compatible; GPTBot/1.2; +https://openai.com/gptbot)"
57.141.2.24 - - [19/Jul/2025:16:23:49 +0000] "GET /item/1069084686.shtml HTTP/1.1" 200 417 "-" "meta-externalagent/1.1 (+https://developers.facebook.com/docs/sharing/webmasters/crawler)"
20.171.207.15 - - [19/Jul/2025:16:23:52 +0000] "GET /item/1191802/ HTTP/1.1" 200 265 "-" "Mozilla/5.0 AppleWebKit/537.36 (KHTML, like Gecko; compatible; GPTBot/1.2; +https://openai.com/gptbot)"
20.171.207.15 - - [19/Jul/2025:16:24:58 +0000] "GET /item/2327677/ HTTP/1.1" 200 265 "-" "Mozilla/5.0 AppleWebKit/537.36 (KHTML, like Gecko; compatible; GPTBot/1.2; +https://openai.com/gptbot)"
20.171.207.15 - - [19/Jul/2025:16:26:03 +0000] "GET /item/4063044/ HTTP/1.1" 200 265 "-" "Mozilla/5.0 AppleWebKit/537.36 (KHTML, like Gecko; compatible; GPTBot/1.2; +https://openai.com/gptbot)"
66.249.79.66 - - [19/Jul/2025:16:26:42 +0000] "GET /game-gainz.com/product/edit/17670997 HTTP/1.1" 200 19617 "-" "Mozilla/5.0 (Linux; Android 6.0.1; Nexus 5X Build/MMB29P) AppleWebKit/537.36 (KHTML, like Gecko) Chrome/137.0.7151.103 Mobile Safari/537.36 (compatible; Googlebot/2.1; +http://www.google.com/bot.html)"
20.171.207.15 - - [19/Jul/2025:16:27:05 +0000] "GET /item/4948122/ HTTP/1.1" 200 265 "-" "Mozilla/5.0 AppleWebKit/537.36 (KHTML, like Gecko; compatible; GPTBot/1.2; +https://openai.com/gptbot)"
57.141.2.21 - - [19/Jul/2025:16:28:02 +0000] "GET /item/1069480422.shtml HTTP/1.1" 200 417 "-" "meta-externalagent/1.1 (+https://developers.facebook.com/docs/sharing/webmasters/crawler)"
57.141.2.22 - - [19/Jul/2025:16:28:17 +0000] "GET /item/1069119646.shtml HTTP/1.1" 200 417 "-" "meta-externalagent/1.1 (+https://developers.facebook.com/docs/sharing/webmasters/crawler)"
66.249.79.64 - - [19/Jul/2025:16:28:38 +0000] "GET /index.php/item/1574450/ HTTP/1.1" 200 20333 "-" "Mozilla/5.0 (Linux; Android 6.0.1; Nexus 5X Build/MMB29P) AppleWebKit/537.36 (KHTML, like Gecko) Chrome/137.0.7151.103 Mobile Safari/537.36 (compatible; Googlebot/2.1; +http://www.google.com/bot.html)"
66.249.79.65 - - [19/Jul/2025:16:28:41 +0000] "POST /get-message-notify HTTP/1.1" 200 20438 "http://game-gainz.com/index.php/item/1574450/" "Mozilla/5.0 (Linux; Android 6.0.1; Nexus 5X Build/MMB29P) AppleWebKit/537.36 (KHTML, like Gecko) Chrome/137.0.7151.119 Mobile Safari/537.36 (compatible; Googlebot/2.1; +http://www.google.com/bot.html)"
20.171.207.15 - - [19/Jul/2025:16:29:12 +0000] "GET /item/4930090/ HTTP/1.1" 200 265 "-" "Mozilla/5.0 AppleWebKit/537.36 (KHTML, like Gecko; compatible; GPTBot/1.2; +https://openai.com/gptbot)"
20.171.207.15 - - [19/Jul/2025:16:30:15 +0000] "GET /item/2254752/ HTTP/1.1" 200 265 "-" "Mozilla/5.0 AppleWebKit/537.36 (KHTML, like Gecko; compatible; GPTBot/1.2; +https://openai.com/gptbot)"
66.249.79.64 - - [19/Jul/2025:16:30:41 +0000] "GET /?f=5501344051370&mod=20c99c68&uri=category-info.php%3Fid%3D183658-328%26name%3Dkennel+und+schmenger+online HTTP/1.1" 200 20288 "-" "Mozilla/5.0 (compatible; Googlebot/2.1; +http://www.google.com/bot.html)"
66.249.79.64 - - [19/Jul/2025:16:30:50 +0000] "GET /index.php/item/2218298/ HTTP/1.1" 200 20237 "-" "Mozilla/5.0 (Linux; Android 6.0.1; Nexus 5X Build/MMB29P) AppleWebKit/537.36 (KHTML, like Gecko) Chrome/137.0.7151.103 Mobile Safari/537.36 (compatible; Googlebot/2.1; +http://www.google.com/bot.html)"
66.249.79.65 - - [19/Jul/2025:16:30:52 +0000] "POST /get-message-notify HTTP/1.1" 200 20444 "http://game-gainz.com/index.php/item/2218298/" "Mozilla/5.0 (Linux; Android 6.0.1; Nexus 5X Build/MMB29P) AppleWebKit/537.36 (KHTML, like Gecko) Chrome/137.0.7151.119 Mobile Safari/537.36 (compatible; Googlebot/2.1; +http://www.google.com/bot.html)"
20.171.207.15 - - [19/Jul/2025:16:31:20 +0000] "GET /item/2335526/ HTTP/1.1" 200 265 "-" "Mozilla/5.0 AppleWebKit/537.36 (KHTML, like Gecko; compatible; GPTBot/1.2; +https://openai.com/gptbot)"
66.249.79.64 - - [19/Jul/2025:16:31:55 +0000] "GET /index.php/item/1475510/ HTTP/1.1" 200 21082 "-" "Mozilla/5.0 (Linux; Android 6.0.1; Nexus 5X Build/MMB29P) AppleWebKit/537.36 (KHTML, like Gecko) Chrome/137.0.7151.103 Mobile Safari/537.36 (compatible; Googlebot/2.1; +http://www.google.com/bot.html)"
20.171.207.15 - - [19/Jul/2025:16:32:22 +0000] "GET /item/2780798/ HTTP/1.1" 200 265 "-" "Mozilla/5.0 AppleWebKit/537.36 (KHTML, like Gecko; compatible; GPTBot/1.2; +https://openai.com/gptbot)"
66.249.79.66 - - [19/Jul/2025:16:33:48 +0000] "GET /index.php/item/1207660/ HTTP/1.1" 200 20391 "-" "Mozilla/5.0 (Linux; Android 6.0.1; Nexus 5X Build/MMB29P) AppleWebKit/537.36 (KHTML, like Gecko) Chrome/137.0.7151.103 Mobile Safari/537.36 (compatible; Googlebot/2.1; +http://www.google.com/bot.html)"
20.171.207.15 - - [19/Jul/2025:16:34:28 +0000] "GET /item/3916101/ HTTP/1.1" 200 265 "-" "Mozilla/5.0 AppleWebKit/537.36 (KHTML, like Gecko; compatible; GPTBot/1.2; +https://openai.com/gptbot)"
66.249.79.66 - - [19/Jul/2025:16:35:33 +0000] "GET /index.php/item/3831648/ HTTP/1.1" 200 19977 "-" "Mozilla/5.0 (Linux; Android 6.0.1; Nexus 5X Build/MMB29P) AppleWebKit/537.36 (KHTML, like Gecko) Chrome/137.0.7151.103 Mobile Safari/537.36 (compatible; Googlebot/2.1; +http://www.google.com/bot.html)"
66.249.79.65 - - [19/Jul/2025:16:35:44 +0000] "GET /index.php/item/1867683/ HTTP/1.1" 200 20623 "-" "Mozilla/5.0 (Linux; Android 6.0.1; Nexus 5X Build/MMB29P) AppleWebKit/537.36 (KHTML, like Gecko) Chrome/137.0.7151.103 Mobile Safari/537.36 (compatible; Googlebot/2.1; +http://www.google.com/bot.html)"
20.171.207.15 - - [19/Jul/2025:16:36:31 +0000] "GET /item/2101124/ HTTP/1.1" 200 265 "-" "Mozilla/5.0 AppleWebKit/537.36 (KHTML, like Gecko; compatible; GPTBot/1.2; +https://openai.com/gptbot)"
66.249.79.64 - - [19/Jul/2025:16:36:34 +0000] "GET /game-gainz.com/product/edit/81979606 HTTP/1.1" 200 20650 "-" "Mozilla/5.0 (Linux; Android 6.0.1; Nexus 5X Build/MMB29P) AppleWebKit/537.36 (KHTML, like Gecko) Chrome/137.0.7151.103 Mobile Safari/537.36 (compatible; Googlebot/2.1; +http://www.google.com/bot.html)"
57.141.2.29 - - [19/Jul/2025:16:36:43 +0000] "GET /item/1069628278.shtml HTTP/1.1" 200 417 "-" "meta-externalagent/1.1 (+https://developers.facebook.com/docs/sharing/webmasters/crawler)"
66.249.79.65 - - [19/Jul/2025:16:37:43 +0000] "GET /index.php/item/3664956/ HTTP/1.1" 200 20114 "-" "Mozilla/5.0 (Linux; Android 6.0.1; Nexus 5X Build/MMB29P) AppleWebKit/537.36 (KHTML, like Gecko) Chrome/137.0.7151.103 Mobile Safari/537.36 (compatible; Googlebot/2.1; +http://www.google.com/bot.html)"
66.249.79.64 - - [19/Jul/2025:16:37:44 +0000] "GET /index.php/item/1654769/ HTTP/1.1" 200 20293 "-" "Mozilla/5.0 (Linux; Android 6.0.1; Nexus 5X Build/MMB29P) AppleWebKit/537.36 (KHTML, like Gecko) Chrome/137.0.7151.103 Mobile Safari/537.36 (compatible; Googlebot/2.1; +http://www.google.com/bot.html)"
20.171.207.15 - - [19/Jul/2025:16:39:40 +0000] "GET /item/3280053/ HTTP/1.1" 200 265 "-" "Mozilla/5.0 AppleWebKit/537.36 (KHTML, like Gecko; compatible; GPTBot/1.2; +https://openai.com/gptbot)"
66.249.79.64 - - [19/Jul/2025:16:40:18 +0000] "GET /index.php/item/2413509/ HTTP/1.1" 200 19802 "-" "Mozilla/5.0 (Linux; Android 6.0.1; Nexus 5X Build/MMB29P) AppleWebKit/537.36 (KHTML, like Gecko) Chrome/137.0.7151.103 Mobile Safari/537.36 (compatible; Googlebot/2.1; +http://www.google.com/bot.html)"
20.171.207.15 - - [19/Jul/2025:16:43:55 +0000] "GET /item/2016606/ HTTP/1.1" 200 265 "-" "Mozilla/5.0 AppleWebKit/537.36 (KHTML, like Gecko; compatible; GPTBot/1.2; +https://openai.com/gptbot)"
66.249.79.66 - - [19/Jul/2025:16:44:16 +0000] "GET /index.php/item/1303820/ HTTP/1.1" 200 19992 "-" "Mozilla/5.0 (Linux; Android 6.0.1; Nexus 5X Build/MMB29P) AppleWebKit/537.36 (KHTML, like Gecko) Chrome/137.0.7151.103 Mobile Safari/537.36 (compatible; Googlebot/2.1; +http://www.google.com/bot.html)"
66.249.79.64 - - [19/Jul/2025:16:46:02 +0000] "GET /index.php/item/3714376/ HTTP/1.1" 200 21403 "-" "Mozilla/5.0 (Linux; Android 6.0.1; Nexus 5X Build/MMB29P) AppleWebKit/537.36 (KHTML, like Gecko) Chrome/137.0.7151.103 Mobile Safari/537.36 (compatible; Googlebot/2.1; +http://www.google.com/bot.html)"
20.171.207.15 - - [19/Jul/2025:16:46:02 +0000] "GET /item/4695475/ HTTP/1.1" 200 265 "-" "Mozilla/5.0 AppleWebKit/537.36 (KHTML, like Gecko; compatible; GPTBot/1.2; +https://openai.com/gptbot)"
66.249.79.65 - - [19/Jul/2025:16:46:05 +0000] "POST /get-message-notify HTTP/1.1" 200 20406 "http://game-gainz.com/index.php/item/3714376/" "Mozilla/5.0 (Linux; Android 6.0.1; Nexus 5X Build/MMB29P) AppleWebKit/537.36 (KHTML, like Gecko) Chrome/137.0.7151.119 Mobile Safari/537.36 (compatible; Googlebot/2.1; +http://www.google.com/bot.html)"
66.249.79.64 - - [19/Jul/2025:16:47:48 +0000] "GET /index.php/item/3017404/ HTTP/1.1" 200 20263 "-" "Mozilla/5.0 (Linux; Android 6.0.1; Nexus 5X Build/MMB29P) AppleWebKit/537.36 (KHTML, like Gecko) Chrome/137.0.7151.103 Mobile Safari/537.36 (compatible; Googlebot/2.1; +http://www.google.com/bot.html)"
66.249.79.65 - - [19/Jul/2025:16:49:34 +0000] "GET /index.php/item/4694199/ HTTP/1.1" 200 21122 "-" "Mozilla/5.0 (Linux; Android 6.0.1; Nexus 5X Build/MMB29P) AppleWebKit/537.36 (KHTML, like Gecko) Chrome/137.0.7151.103 Mobile Safari/537.36 (compatible; Googlebot/2.1; +http://www.google.com/bot.html)"
66.249.79.66 - - [19/Jul/2025:16:51:55 +0000] "GET /index.php/item/4126383/ HTTP/1.1" 200 20401 "-" "Mozilla/5.0 (Linux; Android 6.0.1; Nexus 5X Build/MMB29P) AppleWebKit/537.36 (KHTML, like Gecko) Chrome/137.0.7151.103 Mobile Safari/537.36 (compatible; Googlebot/2.1; +http://www.google.com/bot.html)"
66.249.79.66 - - [19/Jul/2025:16:52:43 +0000] "GET /?f=4608884021370&mod=f5d5acb2&uri=blog.php%3Fid%3D153829-283%26name%3Dburton+moto+boa+snowboard+boots+219 HTTP/1.1" 200 20492 "-" "Mozilla/5.0 (Linux; Android 6.0.1; Nexus 5X Build/MMB29P) AppleWebKit/537.36 (KHTML, like Gecko) Chrome/137.0.7151.103 Mobile Safari/537.36 (compatible; Googlebot/2.1; +http://www.google.com/bot.html)"
66.249.79.66 - - [19/Jul/2025:16:53:08 +0000] "GET /game-gainz.com/safe_search/config?return_url=%2Fproduct%2Fdetail%2F41431823 HTTP/1.1" 200 21151 "-" "Mozilla/5.0 (Linux; Android 6.0.1; Nexus 5X Build/MMB29P) AppleWebKit/537.36 (KHTML, like Gecko) Chrome/137.0.7151.103 Mobile Safari/537.36 (compatible; Googlebot/2.1; +http://www.google.com/bot.html)"
66.249.79.65 - - [19/Jul/2025:16:53:11 +0000] "POST /get-message-notify HTTP/1.1" 200 20407 "http://game-gainz.com/game-gainz.com/safe_search/config?return_url=%2Fproduct%2Fdetail%2F41431823" "Mozilla/5.0 (Linux; Android 6.0.1; Nexus 5X Build/MMB29P) AppleWebKit/537.36 (KHTML, like Gecko) Chrome/137.0.7151.119 Mobile Safari/537.36 (compatible; Googlebot/2.1; +http://www.google.com/bot.html)"
66.249.79.64 - - [19/Jul/2025:16:54:26 +0000] "GET /index.php/item/3462022/ HTTP/1.1" 200 20173 "-" "Mozilla/5.0 (Linux; Android 6.0.1; Nexus 5X Build/MMB29P) AppleWebKit/537.36 (KHTML, like Gecko) Chrome/137.0.7151.103 Mobile Safari/537.36 (compatible; Googlebot/2.1; +http://www.google.com/bot.html)"
66.249.79.65 - - [19/Jul/2025:16:55:33 +0000] "GET /index.php/item/2222068/ HTTP/1.1" 200 20417 "-" "Mozilla/5.0 (Linux; Android 6.0.1; Nexus 5X Build/MMB29P) AppleWebKit/537.36 (KHTML, like Gecko) Chrome/137.0.7151.103 Mobile Safari/537.36 (compatible; Googlebot/2.1; +http://www.google.com/bot.html)"
66.249.79.66 - - [19/Jul/2025:16:55:36 +0000] "POST /get-message-notify HTTP/1.1" 200 20439 "http://game-gainz.com/index.php/item/2222068/" "Mozilla/5.0 (Linux; Android 6.0.1; Nexus 5X Build/MMB29P) AppleWebKit/537.36 (KHTML, like Gecko) Chrome/137.0.7151.119 Mobile Safari/537.36 (compatible; Googlebot/2.1; +http://www.google.com/bot.html)"
66.249.79.65 - - [19/Jul/2025:16:56:45 +0000] "GET /index.php/item/1814080/ HTTP/1.1" 200 20160 "-" "Mozilla/5.0 (Linux; Android 6.0.1; Nexus 5X Build/MMB29P) AppleWebKit/537.36 (KHTML, like Gecko) Chrome/137.0.7151.103 Mobile Safari/537.36 (compatible; Googlebot/2.1; +http://www.google.com/bot.html)"
20.171.207.15 - - [19/Jul/2025:16:57:30 +0000] "GET /item/2214832/ HTTP/1.1" 200 265 "-" "Mozilla/5.0 AppleWebKit/537.36 (KHTML, like Gecko; compatible; GPTBot/1.2; +https://openai.com/gptbot)"
66.249.79.64 - - [19/Jul/2025:16:57:58 +0000] "GET /index.php/item/1475296/ HTTP/1.1" 200 20515 "-" "Mozilla/5.0 (Linux; Android 6.0.1; Nexus 5X Build/MMB29P) AppleWebKit/537.36 (KHTML, like Gecko) Chrome/137.0.7151.103 Mobile Safari/537.36 (compatible; Googlebot/2.1; +http://www.google.com/bot.html)"
66.249.79.65 - - [19/Jul/2025:16:59:10 +0000] "GET /index.php/item/1760079/ HTTP/1.1" 200 20143 "-" "Mozilla/5.0 (Linux; Android 6.0.1; Nexus 5X Build/MMB29P) AppleWebKit/537.36 (KHTML, like Gecko) Chrome/137.0.7151.103 Mobile Safari/537.36 (compatible; Googlebot/2.1; +http://www.google.com/bot.html)"
66.249.79.64 - - [19/Jul/2025:16:59:14 +0000] "POST /get-message-notify HTTP/1.1" 200 20437 "http://game-gainz.com/index.php/item/1760079/" "Mozilla/5.0 (Linux; Android 6.0.1; Nexus 5X Build/MMB29P) AppleWebKit/537.36 (KHTML, like Gecko) Chrome/137.0.7151.119 Mobile Safari/537.36 (compatible; Googlebot/2.1; +http://www.google.com/bot.html)"
20.171.207.15 - - [19/Jul/2025:16:59:33 +0000] "GET /item/2766456/ HTTP/1.1" 200 265 "-" "Mozilla/5.0 AppleWebKit/537.36 (KHTML, like Gecko; compatible; GPTBot/1.2; +https://openai.com/gptbot)"
66.249.79.64 - - [19/Jul/2025:17:00:23 +0000] "GET /index.php/item/2364319/ HTTP/1.1" 200 21559 "-" "Mozilla/5.0 (Linux; Android 6.0.1; Nexus 5X Build/MMB29P) AppleWebKit/537.36 (KHTML, like Gecko) Chrome/137.0.7151.103 Mobile Safari/537.36 (compatible; Googlebot/2.1; +http://www.google.com/bot.html)"
20.171.207.15 - - [19/Jul/2025:17:00:35 +0000] "GET /item/1639011/ HTTP/1.1" 200 265 "-" "Mozilla/5.0 AppleWebKit/537.36 (KHTML, like Gecko; compatible; GPTBot/1.2; +https://openai.com/gptbot)"
66.249.79.64 - - [19/Jul/2025:17:00:44 +0000] "GET /?f=4912257021370&mod=9ce60c64&uri=category-info.php%3Fid%3D163992-299%26name%3Dgirls+empire+waist+dress HTTP/1.1" 200 20167 "-" "Mozilla/5.0 (Linux; Android 6.0.1; Nexus 5X Build/MMB29P) AppleWebKit/537.36 (KHTML, like Gecko) Chrome/137.0.7151.103 Mobile Safari/537.36 (compatible; Googlebot/2.1; +http://www.google.com/bot.html)"
66.249.79.65 - - [19/Jul/2025:17:01:35 +0000] "GET /index.php/item/4622101/ HTTP/1.1" 200 20374 "-" "Mozilla/5.0 (Linux; Android 6.0.1; Nexus 5X Build/MMB29P) AppleWebKit/537.36 (KHTML, like Gecko) Chrome/137.0.7151.103 Mobile Safari/537.36 (compatible; Googlebot/2.1; +http://www.google.com/bot.html)"
66.249.79.65 - - [19/Jul/2025:17:01:40 +0000] "POST /get-message-notify HTTP/1.1" 200 20445 "http://game-gainz.com/index.php/item/4622101/" "Mozilla/5.0 (Linux; Android 6.0.1; Nexus 5X Build/MMB29P) AppleWebKit/537.36 (KHTML, like Gecko) Chrome/137.0.7151.119 Mobile Safari/537.36 (compatible; Googlebot/2.1; +http://www.google.com/bot.html)"
20.171.207.15 - - [19/Jul/2025:17:02:38 +0000] "GET /item/3995060/ HTTP/1.1" 200 265 "-" "Mozilla/5.0 AppleWebKit/537.36 (KHTML, like Gecko; compatible; GPTBot/1.2; +https://openai.com/gptbot)"
66.249.79.66 - - [19/Jul/2025:17:02:48 +0000] "GET /index.php/item/2501190/ HTTP/1.1" 200 21041 "-" "Mozilla/5.0 (Linux; Android 6.0.1; Nexus 5X Build/MMB29P) AppleWebKit/537.36 (KHTML, like Gecko) Chrome/137.0.7151.103 Mobile Safari/537.36 (compatible; Googlebot/2.1; +http://www.google.com/bot.html)"
66.249.79.66 - - [19/Jul/2025:17:04:00 +0000] "GET /index.php/item/2135413/ HTTP/1.1" 200 20006 "-" "Mozilla/5.0 (Linux; Android 6.0.1; Nexus 5X Build/MMB29P) AppleWebKit/537.36 (KHTML, like Gecko) Chrome/137.0.7151.103 Mobile Safari/537.36 (compatible; Googlebot/2.1; +http://www.google.com/bot.html)"
20.171.207.15 - - [19/Jul/2025:17:04:42 +0000] "GET /item/3347637/ HTTP/1.1" 200 265 "-" "Mozilla/5.0 AppleWebKit/537.36 (KHTML, like Gecko; compatible; GPTBot/1.2; +https://openai.com/gptbot)"
66.249.79.64 - - [19/Jul/2025:17:05:13 +0000] "GET /index.php/item/4125187/ HTTP/1.1" 200 21561 "-" "Mozilla/5.0 (Linux; Android 6.0.1; Nexus 5X Build/MMB29P) AppleWebKit/537.36 (KHTML, like Gecko) Chrome/137.0.7151.103 Mobile Safari/537.36 (compatible; Googlebot/2.1; +http://www.google.com/bot.html)"
66.249.79.64 - - [19/Jul/2025:17:05:27 +0000] "GET /index.php/item/1485426/ HTTP/1.1" 200 20864 "-" "Mozilla/5.0 (Linux; Android 6.0.1; Nexus 5X Build/MMB29P) AppleWebKit/537.36 (KHTML, like Gecko) Chrome/137.0.7151.103 Mobile Safari/537.36 (compatible; Googlebot/2.1; +http://www.google.com/bot.html)"
66.249.79.64 - - [19/Jul/2025:17:05:31 +0000] "POST /get-message-notify HTTP/1.1" 200 20447 "http://game-gainz.com/index.php/item/1485426/" "Mozilla/5.0 (Linux; Android 6.0.1; Nexus 5X Build/MMB29P) AppleWebKit/537.36 (KHTML, like Gecko) Chrome/137.0.7151.119 Mobile Safari/537.36 (compatible; Googlebot/2.1; +http://www.google.com/bot.html)"
20.171.207.15 - - [19/Jul/2025:17:05:44 +0000] "GET /item/1480409/ HTTP/1.1" 200 265 "-" "Mozilla/5.0 AppleWebKit/537.36 (KHTML, like Gecko; compatible; GPTBot/1.2; +https://openai.com/gptbot)"
66.249.79.64 - - [19/Jul/2025:17:06:25 +0000] "GET /index.php/item/1672392/ HTTP/1.1" 200 20208 "-" "Mozilla/5.0 (Linux; Android 6.0.1; Nexus 5X Build/MMB29P) AppleWebKit/537.36 (KHTML, like Gecko) Chrome/137.0.7151.103 Mobile Safari/537.36 (compatible; Googlebot/2.1; +http://www.google.com/bot.html)"
20.171.207.15 - - [19/Jul/2025:17:06:49 +0000] "GET /item/4257470/ HTTP/1.1" 200 265 "-" "Mozilla/5.0 AppleWebKit/537.36 (KHTML, like Gecko; compatible; GPTBot/1.2; +https://openai.com/gptbot)"
66.249.79.64 - - [19/Jul/2025:17:07:12 +0000] "GET /index.php/item/4184671/ HTTP/1.1" 200 20541 "-" "Mozilla/5.0 (Linux; Android 6.0.1; Nexus 5X Build/MMB29P) AppleWebKit/537.36 (KHTML, like Gecko) Chrome/137.0.7151.103 Mobile Safari/537.36 (compatible; Googlebot/2.1; +http://www.google.com/bot.html)"
66.249.79.65 - - [19/Jul/2025:17:07:38 +0000] "GET /index.php/item/3718134/ HTTP/1.1" 200 19757 "-" "Mozilla/5.0 (Linux; Android 6.0.1; Nexus 5X Build/MMB29P) AppleWebKit/537.36 (KHTML, like Gecko) Chrome/137.0.7151.103 Mobile Safari/537.36 (compatible; Googlebot/2.1; +http://www.google.com/bot.html)"
66.249.79.65 - - [19/Jul/2025:17:08:50 +0000] "GET /index.php/item/1207523/ HTTP/1.1" 200 20177 "-" "Mozilla/5.0 (Linux; Android 6.0.1; Nexus 5X Build/MMB29P) AppleWebKit/537.36 (KHTML, like Gecko) Chrome/137.0.7151.103 Mobile Safari/537.36 (compatible; Googlebot/2.1; +http://www.google.com/bot.html)"
20.171.207.15 - - [19/Jul/2025:17:08:54 +0000] "GET /item/4243012/ HTTP/1.1" 200 265 "-" "Mozilla/5.0 AppleWebKit/537.36 (KHTML, like Gecko; compatible; GPTBot/1.2; +https://openai.com/gptbot)"
66.249.79.64 - - [19/Jul/2025:17:08:58 +0000] "GET /index.php/item/3412087/ HTTP/1.1" 200 20214 "-" "Mozilla/5.0 (Linux; Android 6.0.1; Nexus 5X Build/MMB29P) AppleWebKit/537.36 (KHTML, like Gecko) Chrome/137.0.7151.103 Mobile Safari/537.36 (compatible; Googlebot/2.1; +http://www.google.com/bot.html)"
66.249.79.64 - - [19/Jul/2025:17:09:01 +0000] "POST /get-message-notify HTTP/1.1" 200 20415 "http://game-gainz.com/index.php/item/3412087/" "Mozilla/5.0 (Linux; Android 6.0.1; Nexus 5X Build/MMB29P) AppleWebKit/537.36 (KHTML, like Gecko) Chrome/137.0.7151.119 Mobile Safari/537.36 (compatible; Googlebot/2.1; +http://www.google.com/bot.html)"
66.249.79.66 - - [19/Jul/2025:17:11:15 +0000] "GET /index.php/item/4762441/ HTTP/1.1" 200 19690 "-" "Mozilla/5.0 (Linux; Android 6.0.1; Nexus 5X Build/MMB29P) AppleWebKit/537.36 (KHTML, like Gecko) Chrome/137.0.7151.103 Mobile Safari/537.36 (compatible; Googlebot/2.1; +http://www.google.com/bot.html)"
66.249.79.64 - - [19/Jul/2025:17:11:18 +0000] "POST /get-message-notify HTTP/1.1" 200 20423 "http://game-gainz.com/index.php/item/4762441/" "Mozilla/5.0 (Linux; Android 6.0.1; Nexus 5X Build/MMB29P) AppleWebKit/537.36 (KHTML, like Gecko) Chrome/137.0.7151.119 Mobile Safari/537.36 (compatible; Googlebot/2.1; +http://www.google.com/bot.html)"
20.171.207.15 - - [19/Jul/2025:17:12:05 +0000] "GET /item/1076016/ HTTP/1.1" 200 265 "-" "Mozilla/5.0 AppleWebKit/537.36 (KHTML, like Gecko; compatible; GPTBot/1.2; +https://openai.com/gptbot)"
66.249.79.65 - - [19/Jul/2025:17:12:27 +0000] "GET /index.php/item/2177117/ HTTP/1.1" 200 20471 "-" "Mozilla/5.0 (Linux; Android 6.0.1; Nexus 5X Build/MMB29P) AppleWebKit/537.36 (KHTML, like Gecko) Chrome/137.0.7151.103 Mobile Safari/537.36 (compatible; Googlebot/2.1; +http://www.google.com/bot.html)"
66.249.79.66 - - [19/Jul/2025:17:12:30 +0000] "GET /index.php/item/2994758/ HTTP/1.1" 200 20171 "-" "Mozilla/5.0 (Linux; Android 6.0.1; Nexus 5X Build/MMB29P) AppleWebKit/537.36 (KHTML, like Gecko) Chrome/137.0.7151.103 Mobile Safari/537.36 (compatible; Googlebot/2.1; +http://www.google.com/bot.html)"
66.249.79.66 - - [19/Jul/2025:17:14:16 +0000] "GET /index.php/item/4272994/ HTTP/1.1" 200 20283 "-" "Mozilla/5.0 (Linux; Android 6.0.1; Nexus 5X Build/MMB29P) AppleWebKit/537.36 (KHTML, like Gecko) Chrome/137.0.7151.103 Mobile Safari/537.36 (compatible; Googlebot/2.1; +http://www.google.com/bot.html)"
20.171.207.15 - - [19/Jul/2025:17:15:18 +0000] "GET /item/3347637/ HTTP/1.1" 200 265 "-" "Mozilla/5.0 AppleWebKit/537.36 (KHTML, like Gecko; compatible; GPTBot/1.2; +https://openai.com/gptbot)"
66.249.79.66 - - [19/Jul/2025:17:16:02 +0000] "GET /index.php/item/3613000/ HTTP/1.1" 200 21039 "-" "Mozilla/5.0 (Linux; Android 6.0.1; Nexus 5X Build/MMB29P) AppleWebKit/537.36 (KHTML, like Gecko) Chrome/137.0.7151.103 Mobile Safari/537.36 (compatible; Googlebot/2.1; +http://www.google.com/bot.html)"
66.249.79.65 - - [19/Jul/2025:17:17:48 +0000] "GET /index.php/item/1977384/ HTTP/1.1" 200 20973 "-" "Mozilla/5.0 (Linux; Android 6.0.1; Nexus 5X Build/MMB29P) AppleWebKit/537.36 (KHTML, like Gecko) Chrome/137.0.7151.103 Mobile Safari/537.36 (compatible; Googlebot/2.1; +http://www.google.com/bot.html)"
20.171.207.15 - - [19/Jul/2025:17:18:25 +0000] "GET /item/2006169/ HTTP/1.1" 200 265 "-" "Mozilla/5.0 AppleWebKit/537.36 (KHTML, like Gecko; compatible; GPTBot/1.2; +https://openai.com/gptbot)"
66.249.79.65 - - [19/Jul/2025:17:19:34 +0000] "GET /index.php/item/2069671/ HTTP/1.1" 200 20461 "-" "Mozilla/5.0 (Linux; Android 6.0.1; Nexus 5X Build/MMB29P) AppleWebKit/537.36 (KHTML, like Gecko) Chrome/137.0.7151.103 Mobile Safari/537.36 (compatible; Googlebot/2.1; +http://www.google.com/bot.html)"
66.249.79.64 - - [19/Jul/2025:17:20:17 +0000] "GET /game-gainz.com/product/edit/26979826 HTTP/1.1" 200 19593 "-" "Mozilla/5.0 (Linux; Android 6.0.1; Nexus 5X Build/MMB29P) AppleWebKit/537.36 (KHTML, like Gecko) Chrome/137.0.7151.103 Mobile Safari/537.36 (compatible; Googlebot/2.1; +http://www.google.com/bot.html)"
66.249.79.65 - - [19/Jul/2025:17:20:35 +0000] "GET /?f=5052317051370&mod=fc75bd96&uri=form.php%3Fid%3D168666-308%26name%3Dmen%27s+hooded+flannel+plaid+shirt HTTP/1.1" 200 20181 "-" "Mozilla/5.0 (Linux; Android 6.0.1; Nexus 5X Build/MMB29P) AppleWebKit/537.36 (KHTML, like Gecko) Chrome/137.0.7151.103 Mobile Safari/537.36 (compatible; Googlebot/2.1; +http://www.google.com/bot.html)"
66.249.79.64 - - [19/Jul/2025:17:21:20 +0000] "GET /index.php/item/3588393/ HTTP/1.1" 200 21081 "-" "Mozilla/5.0 (Linux; Android 6.0.1; Nexus 5X Build/MMB29P) AppleWebKit/537.36 (KHTML, like Gecko) Chrome/137.0.7151.103 Mobile Safari/537.36 (compatible; Googlebot/2.1; +http://www.google.com/bot.html)"
66.249.79.65 - - [19/Jul/2025:17:21:23 +0000] "POST /get-message-notify HTTP/1.1" 200 20417 "http://game-gainz.com/index.php/item/3588393/" "Mozilla/5.0 (Linux; Android 6.0.1; Nexus 5X Build/MMB29P) AppleWebKit/537.36 (KHTML, like Gecko) Chrome/137.0.7151.119 Mobile Safari/537.36 (compatible; Googlebot/2.1; +http://www.google.com/bot.html)"
20.171.207.15 - - [19/Jul/2025:17:21:36 +0000] "GET /item/3770740/ HTTP/1.1" 200 265 "-" "Mozilla/5.0 AppleWebKit/537.36 (KHTML, like Gecko; compatible; GPTBot/1.2; +https://openai.com/gptbot)"
66.249.79.64 - - [19/Jul/2025:17:23:05 +0000] "GET /index.php/item/1719517/ HTTP/1.1" 200 20783 "-" "Mozilla/5.0 (Linux; Android 6.0.1; Nexus 5X Build/MMB29P) AppleWebKit/537.36 (KHTML, like Gecko) Chrome/137.0.7151.103 Mobile Safari/537.36 (compatible; Googlebot/2.1; +http://www.google.com/bot.html)"
20.171.207.15 - - [19/Jul/2025:17:23:38 +0000] "GET /item/3582152/ HTTP/1.1" 200 265 "-" "Mozilla/5.0 AppleWebKit/537.36 (KHTML, like Gecko; compatible; GPTBot/1.2; +https://openai.com/gptbot)"
66.249.79.64 - - [19/Jul/2025:17:24:32 +0000] "GET /game-gainz.com/product/edit/19922178 HTTP/1.1" 200 20496 "-" "Mozilla/5.0 (Linux; Android 6.0.1; Nexus 5X Build/MMB29P) AppleWebKit/537.36 (KHTML, like Gecko) Chrome/137.0.7151.103 Mobile Safari/537.36 (compatible; Googlebot/2.1; +http://www.google.com/bot.html)"
20.171.207.15 - - [19/Jul/2025:17:24:44 +0000] "GET /item/4307739/ HTTP/1.1" 200 265 "-" "Mozilla/5.0 AppleWebKit/537.36 (KHTML, like Gecko; compatible; GPTBot/1.2; +https://openai.com/gptbot)"
66.249.65.97 - - [19/Jul/2025:17:24:51 +0000] "GET /index.php/item/4970104/ HTTP/1.1" 200 20415 "-" "Mozilla/5.0 (Linux; Android 6.0.1; Nexus 5X Build/MMB29P) AppleWebKit/537.36 (KHTML, like Gecko) Chrome/137.0.7151.103 Mobile Safari/537.36 (compatible; Googlebot/2.1; +http://www.google.com/bot.html)"
66.249.79.65 - - [19/Jul/2025:17:25:45 +0000] "GET /game-gainz.com/product/edit/69669979 HTTP/1.1" 200 20693 "-" "Mozilla/5.0 (Linux; Android 6.0.1; Nexus 5X Build/MMB29P) AppleWebKit/537.36 (KHTML, like Gecko) Chrome/137.0.7151.103 Mobile Safari/537.36 (compatible; Googlebot/2.1; +http://www.google.com/bot.html)"
20.171.207.15 - - [19/Jul/2025:17:25:47 +0000] "GET /item/1076016/ HTTP/1.1" 200 265 "-" "Mozilla/5.0 AppleWebKit/537.36 (KHTML, like Gecko; compatible; GPTBot/1.2; +https://openai.com/gptbot)"
66.249.79.65 - - [19/Jul/2025:17:26:37 +0000] "GET /index.php/item/2091979/ HTTP/1.1" 200 20150 "-" "Mozilla/5.0 (Linux; Android 6.0.1; Nexus 5X Build/MMB29P) AppleWebKit/537.36 (KHTML, like Gecko) Chrome/137.0.7151.103 Mobile Safari/537.36 (compatible; Googlebot/2.1; +http://www.google.com/bot.html)"
66.249.79.65 - - [19/Jul/2025:17:26:43 +0000] "GET /index.php/item/4949865/ HTTP/1.1" 200 20189 "-" "Mozilla/5.0 (Linux; Android 6.0.1; Nexus 5X Build/MMB29P) AppleWebKit/537.36 (KHTML, like Gecko) Chrome/137.0.7151.103 Mobile Safari/537.36 (compatible; Googlebot/2.1; +http://www.google.com/bot.html)"
66.249.79.64 - - [19/Jul/2025:17:26:57 +0000] "GET /index.php/item/4432359/ HTTP/1.1" 200 20291 "-" "Mozilla/5.0 (Linux; Android 6.0.1; Nexus 5X Build/MMB29P) AppleWebKit/537.36 (KHTML, like Gecko) Chrome/137.0.7151.103 Mobile Safari/537.36 (compatible; Googlebot/2.1; +http://www.google.com/bot.html)"
66.249.79.66 - - [19/Jul/2025:17:28:10 +0000] "GET /index.php/item/4561525/ HTTP/1.1" 200 20194 "-" "Mozilla/5.0 (Linux; Android 6.0.1; Nexus 5X Build/MMB29P) AppleWebKit/537.36 (KHTML, like Gecko) Chrome/137.0.7151.103 Mobile Safari/537.36 (compatible; Googlebot/2.1; +http://www.google.com/bot.html)"
66.249.79.65 - - [19/Jul/2025:17:28:23 +0000] "GET /index.php/item/3629330/ HTTP/1.1" 200 20767 "-" "Mozilla/5.0 (Linux; Android 6.0.1; Nexus 5X Build/MMB29P) AppleWebKit/537.36 (KHTML, like Gecko) Chrome/137.0.7151.103 Mobile Safari/537.36 (compatible; Googlebot/2.1; +http://www.google.com/bot.html)"
20.171.207.15 - - [19/Jul/2025:17:28:54 +0000] "GET /item/2277173/ HTTP/1.1" 200 265 "-" "Mozilla/5.0 AppleWebKit/537.36 (KHTML, like Gecko; compatible; GPTBot/1.2; +https://openai.com/gptbot)"
66.249.79.64 - - [19/Jul/2025:17:28:56 +0000] "POST /get-message-notify HTTP/1.1" 200 20413 "http://game-gainz.com/index.php/item/3629330/" "Mozilla/5.0 (Linux; Android 6.0.1; Nexus 5X Build/MMB29P) AppleWebKit/537.36 (KHTML, like Gecko) Chrome/137.0.7151.119 Mobile Safari/537.36 (compatible; Googlebot/2.1; +http://www.google.com/bot.html)"
66.249.79.64 - - [19/Jul/2025:17:29:22 +0000] "GET /index.php/item/2080879/ HTTP/1.1" 200 20155 "-" "Mozilla/5.0 (Linux; Android 6.0.1; Nexus 5X Build/MMB29P) AppleWebKit/537.36 (KHTML, like Gecko) Chrome/137.0.7151.103 Mobile Safari/537.36 (compatible; Googlebot/2.1; +http://www.google.com/bot.html)"
66.249.79.64 - - [19/Jul/2025:17:29:25 +0000] "POST /get-message-notify HTTP/1.1" 200 20420 "http://game-gainz.com/index.php/item/2080879/" "Mozilla/5.0 (Linux; Android 6.0.1; Nexus 5X Build/MMB29P) AppleWebKit/537.36 (KHTML, like Gecko) Chrome/137.0.7151.119 Mobile Safari/537.36 (compatible; Googlebot/2.1; +http://www.google.com/bot.html)"
20.171.207.15 - - [19/Jul/2025:17:30:00 +0000] "GET /item/2330390/ HTTP/1.1" 200 265 "-" "Mozilla/5.0 AppleWebKit/537.36 (KHTML, like Gecko; compatible; GPTBot/1.2; +https://openai.com/gptbot)"
66.249.79.64 - - [19/Jul/2025:17:30:09 +0000] "GET /index.php/item/4897134/ HTTP/1.1" 200 20776 "-" "Mozilla/5.0 (Linux; Android 6.0.1; Nexus 5X Build/MMB29P) AppleWebKit/537.36 (KHTML, like Gecko) Chrome/137.0.7151.103 Mobile Safari/537.36 (compatible; Googlebot/2.1; +http://www.google.com/bot.html)"
66.249.79.64 - - [19/Jul/2025:17:30:35 +0000] "GET /index.php/item/1081096/ HTTP/1.1" 200 21159 "-" "Mozilla/5.0 (Linux; Android 6.0.1; Nexus 5X Build/MMB29P) AppleWebKit/537.36 (KHTML, like Gecko) Chrome/137.0.7151.103 Mobile Safari/537.36 (compatible; Googlebot/2.1; +http://www.google.com/bot.html)"
20.171.207.15 - - [19/Jul/2025:17:31:04 +0000] "GET /item/4459605/ HTTP/1.1" 200 265 "-" "Mozilla/5.0 AppleWebKit/537.36 (KHTML, like Gecko; compatible; GPTBot/1.2; +https://openai.com/gptbot)"
66.249.79.65 - - [19/Jul/2025:17:31:47 +0000] "GET /index.php/item/3051854/ HTTP/1.1" 200 20745 "-" "Mozilla/5.0 (Linux; Android 6.0.1; Nexus 5X Build/MMB29P) AppleWebKit/537.36 (KHTML, like Gecko) Chrome/137.0.7151.103 Mobile Safari/537.36 (compatible; Googlebot/2.1; +http://www.google.com/bot.html)"
66.249.79.65 - - [19/Jul/2025:17:31:51 +0000] "POST /get-message-notify HTTP/1.1" 200 20410 "http://game-gainz.com/index.php/item/3051854/" "Mozilla/5.0 (Linux; Android 6.0.1; Nexus 5X Build/MMB29P) AppleWebKit/537.36 (KHTML, like Gecko) Chrome/137.0.7151.119 Mobile Safari/537.36 (compatible; Googlebot/2.1; +http://www.google.com/bot.html)"
20.171.207.15 - - [19/Jul/2025:17:32:10 +0000] "GET /item/3020922/ HTTP/1.1" 200 265 "-" "Mozilla/5.0 AppleWebKit/537.36 (KHTML, like Gecko; compatible; GPTBot/1.2; +https://openai.com/gptbot)"
66.249.79.66 - - [19/Jul/2025:17:33:00 +0000] "GET /index.php/item/2418730/ HTTP/1.1" 200 19767 "-" "Mozilla/5.0 (Linux; Android 6.0.1; Nexus 5X Build/MMB29P) AppleWebKit/537.36 (KHTML, like Gecko) Chrome/137.0.7151.103 Mobile Safari/537.36 (compatible; Googlebot/2.1; +http://www.google.com/bot.html)"
66.249.79.65 - - [19/Jul/2025:17:33:05 +0000] "POST /get-message-notify HTTP/1.1" 200 20442 "http://game-gainz.com/index.php/item/2418730/" "Mozilla/5.0 (Linux; Android 6.0.1; Nexus 5X Build/MMB29P) AppleWebKit/537.36 (KHTML, like Gecko) Chrome/137.0.7151.119 Mobile Safari/537.36 (compatible; Googlebot/2.1; +http://www.google.com/bot.html)"
66.249.79.65 - - [19/Jul/2025:17:33:08 +0000] "GET /index.php/item/4024568/ HTTP/1.1" 200 20618 "-" "Mozilla/5.0 (Linux; Android 6.0.1; Nexus 5X Build/MMB29P) AppleWebKit/537.36 (KHTML, like Gecko) Chrome/137.0.7151.103 Mobile Safari/537.36 (compatible; Googlebot/2.1; +http://www.google.com/bot.html)"
20.171.207.15 - - [19/Jul/2025:17:33:12 +0000] "GET /item/1300368/ HTTP/1.1" 200 265 "-" "Mozilla/5.0 AppleWebKit/537.36 (KHTML, like Gecko; compatible; GPTBot/1.2; +https://openai.com/gptbot)"
20.171.207.15 - - [19/Jul/2025:17:36:24 +0000] "GET /item/4307739/ HTTP/1.1" 200 265 "-" "Mozilla/5.0 AppleWebKit/537.36 (KHTML, like Gecko; compatible; GPTBot/1.2; +https://openai.com/gptbot)"
20.171.207.15 - - [19/Jul/2025:17:37:29 +0000] "GET /item/3948189/ HTTP/1.1" 200 265 "-" "Mozilla/5.0 AppleWebKit/537.36 (KHTML, like Gecko; compatible; GPTBot/1.2; +https://openai.com/gptbot)"
66.249.79.66 - - [19/Jul/2025:17:39:34 +0000] "GET /index.php/item/4041768/ HTTP/1.1" 200 20350 "-" "Mozilla/5.0 (Linux; Android 6.0.1; Nexus 5X Build/MMB29P) AppleWebKit/537.36 (KHTML, like Gecko) Chrome/137.0.7151.103 Mobile Safari/537.36 (compatible; Googlebot/2.1; +http://www.google.com/bot.html)"
20.171.207.15 - - [19/Jul/2025:17:39:38 +0000] "GET /item/4968624/ HTTP/1.1" 200 265 "-" "Mozilla/5.0 AppleWebKit/537.36 (KHTML, like Gecko; compatible; GPTBot/1.2; +https://openai.com/gptbot)"
66.249.79.65 - - [19/Jul/2025:17:39:54 +0000] "GET /index.php/item/2427363/ HTTP/1.1" 200 20225 "-" "Mozilla/5.0 (Linux; Android 6.0.1; Nexus 5X Build/MMB29P) AppleWebKit/537.36 (KHTML, like Gecko) Chrome/137.0.7151.103 Mobile Safari/537.36 (compatible; Googlebot/2.1; +http://www.google.com/bot.html)"
66.249.79.66 - - [19/Jul/2025:17:41:31 +0000] "GET /index.php/item/1474863/ HTTP/1.1" 200 20083 "-" "Mozilla/5.0 (Linux; Android 6.0.1; Nexus 5X Build/MMB29P) AppleWebKit/537.36 (KHTML, like Gecko) Chrome/137.0.7151.103 Mobile Safari/537.36 (compatible; Googlebot/2.1; +http://www.google.com/bot.html)"
20.171.207.15 - - [19/Jul/2025:17:41:46 +0000] "GET /item/4363413/ HTTP/1.1" 200 265 "-" "Mozilla/5.0 AppleWebKit/537.36 (KHTML, like Gecko; compatible; GPTBot/1.2; +https://openai.com/gptbot)"
66.249.79.65 - - [19/Jul/2025:17:42:47 +0000] "GET /index.php/item/4406405/ HTTP/1.1" 200 20498 "-" "Mozilla/5.0 (Linux; Android 6.0.1; Nexus 5X Build/MMB29P) AppleWebKit/537.36 (KHTML, like Gecko) Chrome/137.0.7151.103 Mobile Safari/537.36 (compatible; Googlebot/2.1; +http://www.google.com/bot.html)"
20.171.207.15 - - [19/Jul/2025:17:43:49 +0000] "GET /item/4503411/ HTTP/1.1" 200 265 "-" "Mozilla/5.0 AppleWebKit/537.36 (KHTML, like Gecko; compatible; GPTBot/1.2; +https://openai.com/gptbot)"
20.171.207.15 - - [19/Jul/2025:17:44:51 +0000] "GET /item/2404225/ HTTP/1.1" 200 265 "-" "Mozilla/5.0 AppleWebKit/537.36 (KHTML, like Gecko; compatible; GPTBot/1.2; +https://openai.com/gptbot)"
66.249.79.65 - - [19/Jul/2025:17:46:58 +0000] "GET /?f=5141537051370&mod=e6e9099e&uri=form.php%3Fid%3D171641-57%26name%3Dsamsung+galaxy+buds+pair+with+laptop HTTP/1.1" 200 20513 "-" "Mozilla/5.0 (compatible; Googlebot/2.1; +http://www.google.com/bot.html)"
20.171.207.15 - - [19/Jul/2025:17:48:00 +0000] "GET /item/4308474/ HTTP/1.1" 200 265 "-" "Mozilla/5.0 AppleWebKit/537.36 (KHTML, like Gecko; compatible; GPTBot/1.2; +https://openai.com/gptbot)"
20.171.207.15 - - [19/Jul/2025:17:49:04 +0000] "GET /item/4070372/ HTTP/1.1" 200 265 "-" "Mozilla/5.0 AppleWebKit/537.36 (KHTML, like Gecko; compatible; GPTBot/1.2; +https://openai.com/gptbot)"
66.249.79.64 - - [19/Jul/2025:17:49:18 +0000] "GET /index.php/item/4163984 HTTP/1.1" 200 20288 "-" "Mozilla/5.0 (Linux; Android 6.0.1; Nexus 5X Build/MMB29P) AppleWebKit/537.36 (KHTML, like Gecko) Chrome/137.0.7151.103 Mobile Safari/537.36 (compatible; Googlebot/2.1; +http://www.google.com/bot.html)"
20.171.207.15 - - [19/Jul/2025:17:51:09 +0000] "GET /item/4074335/ HTTP/1.1" 200 265 "-" "Mozilla/5.0 AppleWebKit/537.36 (KHTML, like Gecko; compatible; GPTBot/1.2; +https://openai.com/gptbot)"
20.171.207.15 - - [19/Jul/2025:17:52:12 +0000] "GET /item/4502429/ HTTP/1.1" 200 265 "-" "Mozilla/5.0 AppleWebKit/537.36 (KHTML, like Gecko; compatible; GPTBot/1.2; +https://openai.com/gptbot)"
57.141.2.5 - - [19/Jul/2025:17:54:26 +0000] "GET /item/1069615930.shtml HTTP/1.1" 200 417 "-" "meta-externalagent/1.1 (+https://developers.facebook.com/docs/sharing/webmasters/crawler)"
66.249.79.65 - - [19/Jul/2025:17:54:52 +0000] "GET /?f=5329779031370&mod=f3a3d61b&uri=blog.php?item/5351310.shtml HTTP/1.1" 200 20939 "-" "Mozilla/5.0 (Linux; Android 6.0.1; Nexus 5X Build/MMB29P) AppleWebKit/537.36 (KHTML, like Gecko) Chrome/137.0.7151.103 Mobile Safari/537.36 (compatible; Googlebot/2.1; +http://www.google.com/bot.html)"
20.171.207.15 - - [19/Jul/2025:17:56:23 +0000] "GET /item/1219392/ HTTP/1.1" 200 265 "-" "Mozilla/5.0 AppleWebKit/537.36 (KHTML, like Gecko; compatible; GPTBot/1.2; +https://openai.com/gptbot)"
20.171.207.15 - - [19/Jul/2025:17:57:25 +0000] "GET /item/3708098/ HTTP/1.1" 200 265 "-" "Mozilla/5.0 AppleWebKit/537.36 (KHTML, like Gecko; compatible; GPTBot/1.2; +https://openai.com/gptbot)"
20.171.207.15 - - [19/Jul/2025:17:58:31 +0000] "GET /item/4765070/ HTTP/1.1" 200 265 "-" "Mozilla/5.0 AppleWebKit/537.36 (KHTML, like Gecko; compatible; GPTBot/1.2; +https://openai.com/gptbot)"
66.249.79.66 - - [19/Jul/2025:17:58:32 +0000] "GET /?f=4910457071370&mod=9ce60c64&uri=us.php%3Fid%3D163932-299%26name%3Dpale+cream+shift+dress HTTP/1.1" 200 20482 "-" "Mozilla/5.0 (Linux; Android 6.0.1; Nexus 5X Build/MMB29P) AppleWebKit/537.36 (KHTML, like Gecko) Chrome/137.0.7151.103 Mobile Safari/537.36 (compatible; Googlebot/2.1; +http://www.google.com/bot.html)"
20.171.207.15 - - [19/Jul/2025:18:01:42 +0000] "GET /item/1489412/ HTTP/1.1" 200 265 "-" "Mozilla/5.0 AppleWebKit/537.36 (KHTML, like Gecko; compatible; GPTBot/1.2; +https://openai.com/gptbot)"
66.249.79.65 - - [19/Jul/2025:18:05:17 +0000] "GET /index.php/item/2145402 HTTP/1.1" 200 21240 "-" "Mozilla/5.0 (Linux; Android 6.0.1; Nexus 5X Build/MMB29P) AppleWebKit/537.36 (KHTML, like Gecko) Chrome/137.0.7151.103 Mobile Safari/537.36 (compatible; Googlebot/2.1; +http://www.google.com/bot.html)"
66.249.79.64 - - [19/Jul/2025:18:05:20 +0000] "POST /get-message-notify HTTP/1.1" 200 20417 "http://game-gainz.com/index.php/item/2145402" "Mozilla/5.0 (Linux; Android 6.0.1; Nexus 5X Build/MMB29P) AppleWebKit/537.36 (KHTML, like Gecko) Chrome/137.0.7151.119 Mobile Safari/537.36 (compatible; Googlebot/2.1; +http://www.google.com/bot.html)"
66.249.79.64 - - [19/Jul/2025:18:05:45 +0000] "GET /index.php/item/4997097/ HTTP/1.1" 200 20518 "-" "Mozilla/5.0 (Linux; Android 6.0.1; Nexus 5X Build/MMB29P) AppleWebKit/537.36 (KHTML, like Gecko) Chrome/137.0.7151.103 Mobile Safari/537.36 (compatible; Googlebot/2.1; +http://www.google.com/bot.html)"
66.249.79.65 - - [19/Jul/2025:18:05:49 +0000] "POST /get-message-notify HTTP/1.1" 200 20411 "http://game-gainz.com/index.php/item/4997097/" "Mozilla/5.0 (Linux; Android 6.0.1; Nexus 5X Build/MMB29P) AppleWebKit/537.36 (KHTML, like Gecko) Chrome/137.0.7151.119 Mobile Safari/537.36 (compatible; Googlebot/2.1; +http://www.google.com/bot.html)"
20.171.207.15 - - [19/Jul/2025:18:05:56 +0000] "GET /item/3882489/ HTTP/1.1" 200 265 "-" "Mozilla/5.0 AppleWebKit/537.36 (KHTML, like Gecko; compatible; GPTBot/1.2; +https://openai.com/gptbot)"
20.171.207.15 - - [19/Jul/2025:18:08:01 +0000] "GET /item/2982324/ HTTP/1.1" 200 265 "-" "Mozilla/5.0 AppleWebKit/537.36 (KHTML, like Gecko; compatible; GPTBot/1.2; +https://openai.com/gptbot)"
43.130.141.193 - - [19/Jul/2025:18:08:25 +0000] "GET / HTTP/1.1" 200 265 "-" "Mozilla/5.0 (iPhone; CPU iPhone OS 13_2_3 like Mac OS X) AppleWebKit/605.1.15 (KHTML, like Gecko) Version/13.0.3 Mobile/15E148 Safari/604.1"
20.171.207.15 - - [19/Jul/2025:18:09:05 +0000] "GET /item/2298030/ HTTP/1.1" 200 265 "-" "Mozilla/5.0 AppleWebKit/537.36 (KHTML, like Gecko; compatible; GPTBot/1.2; +https://openai.com/gptbot)"
20.171.207.15 - - [19/Jul/2025:18:11:14 +0000] "GET /item/4765070/ HTTP/1.1" 200 265 "-" "Mozilla/5.0 AppleWebKit/537.36 (KHTML, like Gecko; compatible; GPTBot/1.2; +https://openai.com/gptbot)"
66.249.79.64 - - [19/Jul/2025:18:13:00 +0000] "GET /?f=5466012061370&mod=48f27972&uri=shop.php%3Fid%3D182478-326%26name%3Dlouboutin+suela+roja HTTP/1.1" 200 20526 "-" "Mozilla/5.0 (compatible; Googlebot/2.1; +http://www.google.com/bot.html)"
20.171.207.15 - - [19/Jul/2025:18:16:21 +0000] "GET /item/2440755/ HTTP/1.1" 200 265 "-" "Mozilla/5.0 AppleWebKit/537.36 (KHTML, like Gecko; compatible; GPTBot/1.2; +https://openai.com/gptbot)"
20.171.207.15 - - [19/Jul/2025:18:17:23 +0000] "GET /item/4243397/ HTTP/1.1" 200 265 "-" "Mozilla/5.0 AppleWebKit/537.36 (KHTML, like Gecko; compatible; GPTBot/1.2; +https://openai.com/gptbot)"
20.171.207.15 - - [19/Jul/2025:18:18:23 +0000] "GET /item/4849774/ HTTP/1.1" 200 265 "-" "Mozilla/5.0 AppleWebKit/537.36 (KHTML, like Gecko; compatible; GPTBot/1.2; +https://openai.com/gptbot)"
66.249.79.64 - - [19/Jul/2025:18:18:36 +0000] "GET /index.php/item/2770187/ HTTP/1.1" 200 19707 "-" "Mozilla/5.0 (Linux; Android 6.0.1; Nexus 5X Build/MMB29P) AppleWebKit/537.36 (KHTML, like Gecko) Chrome/137.0.7151.103 Mobile Safari/537.36 (compatible; Googlebot/2.1; +http://www.google.com/bot.html)"
20.171.207.15 - - [19/Jul/2025:18:22:36 +0000] "GET /item/4901408/ HTTP/1.1" 200 265 "-" "Mozilla/5.0 AppleWebKit/537.36 (KHTML, like Gecko; compatible; GPTBot/1.2; +https://openai.com/gptbot)"
66.249.79.64 - - [19/Jul/2025:18:22:54 +0000] "GET /index.php/item/3652128/ HTTP/1.1" 200 20913 "-" "Mozilla/5.0 (Linux; Android 6.0.1; Nexus 5X Build/MMB29P) AppleWebKit/537.36 (KHTML, like Gecko) Chrome/137.0.7151.103 Mobile Safari/537.36 (compatible; Googlebot/2.1; +http://www.google.com/bot.html)"
66.249.79.65 - - [19/Jul/2025:18:22:57 +0000] "POST /get-message-notify HTTP/1.1" 200 20419 "http://game-gainz.com/index.php/item/3652128/" "Mozilla/5.0 (Linux; Android 6.0.1; Nexus 5X Build/MMB29P) AppleWebKit/537.36 (KHTML, like Gecko) Chrome/137.0.7151.119 Mobile Safari/537.36 (compatible; Googlebot/2.1; +http://www.google.com/bot.html)"
20.171.207.15 - - [19/Jul/2025:18:26:45 +0000] "GET /item/4960936/ HTTP/1.1" 200 265 "-" "Mozilla/5.0 AppleWebKit/537.36 (KHTML, like Gecko; compatible; GPTBot/1.2; +https://openai.com/gptbot)"
66.249.79.66 - - [19/Jul/2025:18:27:11 +0000] "GET /index.php/item/2720474/ HTTP/1.1" 200 20149 "-" "Mozilla/5.0 (Linux; Android 6.0.1; Nexus 5X Build/MMB29P) AppleWebKit/537.36 (KHTML, like Gecko) Chrome/137.0.7151.103 Mobile Safari/537.36 (compatible; Googlebot/2.1; +http://www.google.com/bot.html)"
66.249.79.65 - - [19/Jul/2025:18:30:56 +0000] "GET /?f=5026037031370&mod=67a4b0f5&uri=products.php%3Fid%3D167790-307%26name%3Dadidas+yeezy+700+bianche+rosa HTTP/1.1" 200 20811 "-" "Mozilla/5.0 (Linux; Android 6.0.1; Nexus 5X Build/MMB29P) AppleWebKit/537.36 (KHTML, like Gecko) Chrome/137.0.7151.103 Mobile Safari/537.36 (compatible; Googlebot/2.1; +http://www.google.com/bot.html)"
20.171.207.15 - - [19/Jul/2025:18:30:58 +0000] "GET /item/3106639/ HTTP/1.1" 200 265 "-" "Mozilla/5.0 AppleWebKit/537.36 (KHTML, like Gecko; compatible; GPTBot/1.2; +https://openai.com/gptbot)"
66.249.79.65 - - [19/Jul/2025:18:31:28 +0000] "GET /index.php/item/3018385/ HTTP/1.1" 200 21180 "-" "Mozilla/5.0 (Linux; Android 6.0.1; Nexus 5X Build/MMB29P) AppleWebKit/537.36 (KHTML, like Gecko) Chrome/137.0.7151.103 Mobile Safari/537.36 (compatible; Googlebot/2.1; +http://www.google.com/bot.html)"
66.249.79.66 - - [19/Jul/2025:18:35:45 +0000] "GET /index.php/item/4017197/ HTTP/1.1" 200 20988 "-" "Mozilla/5.0 (Linux; Android 6.0.1; Nexus 5X Build/MMB29P) AppleWebKit/537.36 (KHTML, like Gecko) Chrome/137.0.7151.103 Mobile Safari/537.36 (compatible; Googlebot/2.1; +http://www.google.com/bot.html)"
66.249.79.65 - - [19/Jul/2025:18:35:50 +0000] "POST /get-message-notify HTTP/1.1" 200 20437 "http://game-gainz.com/index.php/item/4017197/" "Mozilla/5.0 (Linux; Android 6.0.1; Nexus 5X Build/MMB29P) AppleWebKit/537.36 (KHTML, like Gecko) Chrome/137.0.7151.119 Mobile Safari/537.36 (compatible; Googlebot/2.1; +http://www.google.com/bot.html)"
20.171.207.15 - - [19/Jul/2025:18:37:14 +0000] "GET /item/2746373/ HTTP/1.1" 200 265 "-" "Mozilla/5.0 AppleWebKit/537.36 (KHTML, like Gecko; compatible; GPTBot/1.2; +https://openai.com/gptbot)"
20.171.207.15 - - [19/Jul/2025:18:38:18 +0000] "GET /item/2403384/ HTTP/1.1" 200 265 "-" "Mozilla/5.0 AppleWebKit/537.36 (KHTML, like Gecko; compatible; GPTBot/1.2; +https://openai.com/gptbot)"
66.249.79.66 - - [19/Jul/2025:18:38:23 +0000] "GET /?f=81883181041370&mod=9bb6dee7&uri=brands.php%3Fid%3D2732589-21%26name%3Dadidas+schuhe+jungs+schwarz HTTP/1.1" 200 21235 "-" "Mozilla/5.0 (Linux; Android 6.0.1; Nexus 5X Build/MMB29P) AppleWebKit/537.36 (KHTML, like Gecko) Chrome/137.0.7151.103 Mobile Safari/537.36 (compatible; Googlebot/2.1; +http://www.google.com/bot.html)"
20.171.207.15 - - [19/Jul/2025:18:39:21 +0000] "GET /item/4606502/ HTTP/1.1" 200 265 "-" "Mozilla/5.0 AppleWebKit/537.36 (KHTML, like Gecko; compatible; GPTBot/1.2; +https://openai.com/gptbot)"
20.171.207.15 - - [19/Jul/2025:18:41:26 +0000] "GET /item/3538340/ HTTP/1.1" 200 265 "-" "Mozilla/5.0 AppleWebKit/537.36 (KHTML, like Gecko; compatible; GPTBot/1.2; +https://openai.com/gptbot)"
20.171.207.15 - - [19/Jul/2025:18:42:28 +0000] "GET /item/1477559/ HTTP/1.1" 200 265 "-" "Mozilla/5.0 AppleWebKit/537.36 (KHTML, like Gecko; compatible; GPTBot/1.2; +https://openai.com/gptbot)"
66.249.79.65 - - [19/Jul/2025:18:42:40 +0000] "GET /?f=4605076091370&mod=214f9424&uri=form.php%3Fid%3D153702-282%26name%3Dskechers+outlet+near+me+queens HTTP/1.1" 200 20421 "-" "Mozilla/5.0 (Linux; Android 6.0.1; Nexus 5X Build/MMB29P) AppleWebKit/537.36 (KHTML, like Gecko) Chrome/137.0.7151.103 Mobile Safari/537.36 (compatible; Googlebot/2.1; +http://www.google.com/bot.html)"
66.249.79.64 - - [19/Jul/2025:18:42:42 +0000] "POST /get-message-notify HTTP/1.1" 200 20442 "http://game-gainz.com/?f=4605076091370&mod=214f9424&uri=form.php%3Fid%3D153702-282%26name%3Dskechers+outlet+near+me+queens" "Mozilla/5.0 (Linux; Android 6.0.1; Nexus 5X Build/MMB29P) AppleWebKit/537.36 (KHTML, like Gecko) Chrome/137.0.7151.119 Mobile Safari/537.36 (compatible; Googlebot/2.1; +http://www.google.com/bot.html)"
20.171.207.15 - - [19/Jul/2025:18:43:33 +0000] "GET /item/2215256/ HTTP/1.1" 200 265 "-" "Mozilla/5.0 AppleWebKit/537.36 (KHTML, like Gecko; compatible; GPTBot/1.2; +https://openai.com/gptbot)"
20.171.207.15 - - [19/Jul/2025:18:45:36 +0000] "GET /item/2322051/ HTTP/1.1" 200 265 "-" "Mozilla/5.0 AppleWebKit/537.36 (KHTML, like Gecko; compatible; GPTBot/1.2; +https://openai.com/gptbot)"
20.171.207.15 - - [19/Jul/2025:18:47:42 +0000] "GET /item/2955359/ HTTP/1.1" 200 265 "-" "Mozilla/5.0 AppleWebKit/537.36 (KHTML, like Gecko; compatible; GPTBot/1.2; +https://openai.com/gptbot)"
20.171.207.15 - - [19/Jul/2025:18:48:45 +0000] "GET /item/1459651/ HTTP/1.1" 200 265 "-" "Mozilla/5.0 AppleWebKit/537.36 (KHTML, like Gecko; compatible; GPTBot/1.2; +https://openai.com/gptbot)"
20.171.207.15 - - [19/Jul/2025:18:49:48 +0000] "GET /item/4750422/ HTTP/1.1" 200 265 "-" "Mozilla/5.0 AppleWebKit/537.36 (KHTML, like Gecko; compatible; GPTBot/1.2; +https://openai.com/gptbot)"
20.171.207.15 - - [19/Jul/2025:18:50:48 +0000] "GET /item/3627003/ HTTP/1.1" 200 265 "-" "Mozilla/5.0 AppleWebKit/537.36 (KHTML, like Gecko; compatible; GPTBot/1.2; +https://openai.com/gptbot)"
20.171.207.15 - - [19/Jul/2025:18:53:53 +0000] "GET /item/2075256/ HTTP/1.1" 200 265 "-" "Mozilla/5.0 AppleWebKit/537.36 (KHTML, like Gecko; compatible; GPTBot/1.2; +https://openai.com/gptbot)"
20.171.207.15 - - [19/Jul/2025:18:54:57 +0000] "GET /item/1996984/ HTTP/1.1" 200 265 "-" "Mozilla/5.0 AppleWebKit/537.36 (KHTML, like Gecko; compatible; GPTBot/1.2; +https://openai.com/gptbot)"
20.171.207.15 - - [19/Jul/2025:18:56:01 +0000] "GET /item/2322051/ HTTP/1.1" 200 265 "-" "Mozilla/5.0 AppleWebKit/537.36 (KHTML, like Gecko; compatible; GPTBot/1.2; +https://openai.com/gptbot)"
20.171.207.15 - - [19/Jul/2025:18:57:03 +0000] "GET /item/2034882/ HTTP/1.1" 200 265 "-" "Mozilla/5.0 AppleWebKit/537.36 (KHTML, like Gecko; compatible; GPTBot/1.2; +https://openai.com/gptbot)"
20.171.207.15 - - [19/Jul/2025:18:58:04 +0000] "GET /item/4895457/ HTTP/1.1" 200 265 "-" "Mozilla/5.0 AppleWebKit/537.36 (KHTML, like Gecko; compatible; GPTBot/1.2; +https://openai.com/gptbot)"
49.232.151.112 - - [19/Jul/2025:18:58:38 +0000] "GET / HTTP/1.1" 200 265 "-" "Mozilla/5.0 (iPhone; CPU iPhone OS 13_2_3 like Mac OS X) AppleWebKit/605.1.15 (KHTML, like Gecko) Version/13.0.3 Mobile/15E148 Safari/604.1"
20.171.207.15 - - [19/Jul/2025:19:00:10 +0000] "GET /item/4021744/ HTTP/1.1" 200 265 "-" "Mozilla/5.0 AppleWebKit/537.36 (KHTML, like Gecko; compatible; GPTBot/1.2; +https://openai.com/gptbot)"
20.171.207.15 - - [19/Jul/2025:19:01:12 +0000] "GET /item/1870103/ HTTP/1.1" 200 265 "-" "Mozilla/5.0 AppleWebKit/537.36 (KHTML, like Gecko; compatible; GPTBot/1.2; +https://openai.com/gptbot)"
66.249.79.66 - - [19/Jul/2025:19:04:19 +0000] "GET /?f=5551264051370&mod=6f39194d&uri=shared.php%3Fid%3D185322-310%26name%3Dmx+series+graphics+card HTTP/1.1" 200 20422 "-" "Mozilla/5.0 (Linux; Android 6.0.1; Nexus 5X Build/MMB29P) AppleWebKit/537.36 (KHTML, like Gecko) Chrome/137.0.7151.103 Mobile Safari/537.36 (compatible; Googlebot/2.1; +http://www.google.com/bot.html)"
66.249.79.66 - - [19/Jul/2025:19:04:22 +0000] "POST /get-message-notify HTTP/1.1" 200 20444 "http://game-gainz.com/?f=5551264051370&mod=6f39194d&uri=shared.php%3Fid%3D185322-310%26name%3Dmx+series+graphics+card" "Mozilla/5.0 (Linux; Android 6.0.1; Nexus 5X Build/MMB29P) AppleWebKit/537.36 (KHTML, like Gecko) Chrome/137.0.7151.119 Mobile Safari/537.36 (compatible; Googlebot/2.1; +http://www.google.com/bot.html)"
20.171.207.15 - - [19/Jul/2025:19:05:23 +0000] "GET /item/3524504/ HTTP/1.1" 200 265 "-" "Mozilla/5.0 AppleWebKit/537.36 (KHTML, like Gecko; compatible; GPTBot/1.2; +https://openai.com/gptbot)"
