20.171.207.15 - - [19/Jul/2025:21:24:47 +0000] "GET /item/4655948/ HTTP/1.1" 200 265 "-" "Mozilla/5.0 AppleWebKit/537.36 (KHTML, like Gecko; compatible; GPTBot/1.2; +https://openai.com/gptbot)"
20.171.207.15 - - [19/Jul/2025:21:26:51 +0000] "GET /item/2218778/ HTTP/1.1" 200 265 "-" "Mozilla/5.0 AppleWebKit/537.36 (KHTML, like Gecko; compatible; GPTBot/1.2; +https://openai.com/gptbot)"
66.249.79.64 - - [19/Jul/2025:21:27:20 +0000] "GET /index.php/item/4401533/ HTTP/1.1" 200 20069 "-" "Mozilla/5.0 (Linux; Android 6.0.1; Nexus 5X Build/MMB29P) AppleWebKit/537.36 (KHTML, like Gecko) Chrome/137.0.7151.103 Mobile Safari/537.36 (compatible; Googlebot/2.1; +http://www.google.com/bot.html)"
20.171.207.15 - - [19/Jul/2025:21:28:56 +0000] "GET /item/2545584/ HTTP/1.1" 200 265 "-" "Mozilla/5.0 AppleWebKit/537.36 (KHTML, like Gecko; compatible; GPTBot/1.2; +https://openai.com/gptbot)"
66.249.79.64 - - [19/Jul/2025:21:29:19 +0000] "GET /?f=5361162021370&mod=b3b0b34e&uri=pin.php?item/573709332.shtml HTTP/1.1" 200 20186 "-" "Mozilla/5.0 (compatible; Googlebot/2.1; +http://www.google.com/bot.html)"
20.171.207.15 - - [19/Jul/2025:21:30:01 +0000] "GET /item/2622794/ HTTP/1.1" 200 265 "-" "Mozilla/5.0 AppleWebKit/537.36 (KHTML, like Gecko; compatible; GPTBot/1.2; +https://openai.com/gptbot)"
66.249.79.64 - - [19/Jul/2025:21:30:28 +0000] "GET /?f=5361162021370&mod=b3b0b34e&uri=pin.php?item/583697420.shtml HTTP/1.1" 200 20764 "-" "Mozilla/5.0 (Linux; Android 6.0.1; Nexus 5X Build/MMB29P) AppleWebKit/537.36 (KHTML, like Gecko) Chrome/137.0.7151.103 Mobile Safari/537.36 (compatible; Googlebot/2.1; +http://www.google.com/bot.html)"
20.171.207.15 - - [19/Jul/2025:21:31:02 +0000] "GET /item/2025780/ HTTP/1.1" 200 265 "-" "Mozilla/5.0 AppleWebKit/537.36 (KHTML, like Gecko; compatible; GPTBot/1.2; +https://openai.com/gptbot)"
20.171.207.15 - - [19/Jul/2025:21:32:06 +0000] "GET /item/4188614/ HTTP/1.1" 200 265 "-" "Mozilla/5.0 AppleWebKit/537.36 (KHTML, like Gecko; compatible; GPTBot/1.2; +https://openai.com/gptbot)"
20.171.207.15 - - [19/Jul/2025:21:33:08 +0000] "GET /item/4110264/ HTTP/1.1" 200 265 "-" "Mozilla/5.0 AppleWebKit/537.36 (KHTML, like Gecko; compatible; GPTBot/1.2; +https://openai.com/gptbot)"
66.249.79.64 - - [19/Jul/2025:21:34:51 +0000] "GET /game-gainz.com/pcmypage?callback=product/review/19729938 HTTP/1.1" 200 20861 "-" "Mozilla/5.0 (Linux; Android 6.0.1; Nexus 5X Build/MMB29P) AppleWebKit/537.36 (KHTML, like Gecko) Chrome/137.0.7151.103 Mobile Safari/537.36 (compatible; Googlebot/2.1; +http://www.google.com/bot.html)"
66.249.79.65 - - [19/Jul/2025:21:35:50 +0000] "GET /?f=5196889091370&mod=bf453f26&uri=category-info.php%3Fid%3D173488-139%26name%3Dwhat+to+wear+with+grey+sweatpants HTTP/1.1" 200 21218 "-" "Mozilla/5.0 (compatible; Googlebot/2.1; +http://www.google.com/bot.html)"
66.249.79.64 - - [19/Jul/2025:21:36:47 +0000] "GET /?f=4988567031370&mod=337f9ed6&uri=category-info.php%3Fid%3D166541-304%26name%3D925+silver+scrap+price HTTP/1.1" 200 20698 "-" "Mozilla/5.0 (Linux; Android 6.0.1; Nexus 5X Build/MMB29P) AppleWebKit/537.36 (KHTML, like Gecko) Chrome/137.0.7151.103 Mobile Safari/537.36 (compatible; Googlebot/2.1; +http://www.google.com/bot.html)"
20.171.207.15 - - [19/Jul/2025:21:37:15 +0000] "GET /item/4757040/ HTTP/1.1" 200 265 "-" "Mozilla/5.0 AppleWebKit/537.36 (KHTML, like Gecko; compatible; GPTBot/1.2; +https://openai.com/gptbot)"
66.249.79.64 - - [19/Jul/2025:21:37:54 +0000] "GET /?f=4922380141370&mod=9ce60c64&uri=shop.php?item/52487128.shtml HTTP/1.1" 200 20409 "-" "Mozilla/5.0 (Linux; Android 6.0.1; Nexus 5X Build/MMB29P) AppleWebKit/537.36 (KHTML, like Gecko) Chrome/137.0.7151.103 Mobile Safari/537.36 (compatible; Googlebot/2.1; +http://www.google.com/bot.html)"
66.249.79.66 - - [19/Jul/2025:21:40:10 +0000] "GET /?f=5025587031370&mod=67a4b0f5&uri=info.php?item/56175456.shtml HTTP/1.1" 200 20419 "-" "Mozilla/5.0 (compatible; Googlebot/2.1; +http://www.google.com/bot.html)"
66.249.79.64 - - [19/Jul/2025:21:40:59 +0000] "GET /?f=4998887061370&mod=337f9ed6&uri=product.php%3Fid%3D166885-304%26name%3Dlatest+handbag+styles HTTP/1.1" 200 20271 "-" "Mozilla/5.0 (Linux; Android 6.0.1; Nexus 5X Build/MMB29P) AppleWebKit/537.36 (KHTML, like Gecko) Chrome/137.0.7151.103 Mobile Safari/537.36 (compatible; Googlebot/2.1; +http://www.google.com/bot.html)"
66.249.79.64 - - [19/Jul/2025:21:41:13 +0000] "GET /index.php/item/1269067/ HTTP/1.1" 200 20201 "-" "Mozilla/5.0 (Linux; Android 6.0.1; Nexus 5X Build/MMB29P) AppleWebKit/537.36 (KHTML, like Gecko) Chrome/137.0.7151.103 Mobile Safari/537.36 (compatible; Googlebot/2.1; +http://www.google.com/bot.html)"
66.249.79.65 - - [19/Jul/2025:21:41:42 +0000] "GET /?f=5377575041370&mod=5f7733de&uri=brands.php%3Fid%3D179529-270%26name%3D10+triplus+fineliner HTTP/1.1" 200 20431 "-" "Mozilla/5.0 (Linux; Android 6.0.1; Nexus 5X Build/MMB29P) AppleWebKit/537.36 (KHTML, like Gecko) Chrome/137.0.7151.103 Mobile Safari/537.36 (compatible; Googlebot/2.1; +http://www.google.com/bot.html)"
66.249.79.65 - - [19/Jul/2025:21:41:43 +0000] "GET /index.php?item/60025100.shtml/vintagegame.html HTTP/1.1" 200 20144 "-" "Mozilla/5.0 (compatible; Googlebot/2.1; +http://www.google.com/bot.html)"
66.249.79.64 - - [19/Jul/2025:21:41:48 +0000] "GET /index.php/item/1846273/ HTTP/1.1" 200 20098 "-" "Mozilla/5.0 (compatible; Googlebot/2.1; +http://www.google.com/bot.html)"
66.249.79.64 - - [19/Jul/2025:21:42:02 +0000] "GET /?f=5025587031370&mod=67a4b0f5&uri=info.php?item/47893596.shtml HTTP/1.1" 200 20110 "-" "Mozilla/5.0 (compatible; Googlebot/2.1; +http://www.google.com/bot.html)"
66.249.79.65 - - [19/Jul/2025:21:43:43 +0000] "GET /?f=5166417141370&mod=ebbb5ccb&uri=products.php%3Fid%3D172471-155%26name%3Dgoogle+home+hub+security+system HTTP/1.1" 200 20550 "-" "Mozilla/5.0 (compatible; Googlebot/2.1; +http://www.google.com/bot.html)"
66.249.79.65 - - [19/Jul/2025:21:43:44 +0000] "GET /?f=5361162021370&mod=b3b0b34e&uri=pin.php?item/673566108.shtml HTTP/1.1" 200 20446 "-" "Mozilla/5.0 (compatible; Googlebot/2.1; +http://www.google.com/bot.html)"
66.249.79.66 - - [19/Jul/2025:21:44:43 +0000] "GET /index.php/item/1992041/ HTTP/1.1" 200 20585 "-" "Mozilla/5.0 (compatible; Googlebot/2.1; +http://www.google.com/bot.html)"
20.171.207.15 - - [19/Jul/2025:21:45:38 +0000] "GET /item/2752847/ HTTP/1.1" 200 265 "-" "Mozilla/5.0 AppleWebKit/537.36 (KHTML, like Gecko; compatible; GPTBot/1.2; +https://openai.com/gptbot)"
66.249.79.65 - - [19/Jul/2025:21:46:05 +0000] "GET /?f=79530920001370&mod=d802a3e6&uri=news.php%3Fid%3D2654051-322%26name%3Dkitchenaid+kdte234gps0 HTTP/1.1" 200 21282 "-" "Mozilla/5.0 (Linux; Android 6.0.1; Nexus 5X Build/MMB29P) AppleWebKit/537.36 (KHTML, like Gecko) Chrome/137.0.7151.103 Mobile Safari/537.36 (compatible; Googlebot/2.1; +http://www.google.com/bot.html)"
66.249.79.64 - - [19/Jul/2025:21:46:15 +0000] "GET /?f=5329779031370&mod=f3a3d61b&uri=blog.php?item/49954114.shtml HTTP/1.1" 200 20369 "-" "Mozilla/5.0 (compatible; Googlebot/2.1; +http://www.google.com/bot.html)"
20.171.207.15 - - [19/Jul/2025:21:46:41 +0000] "GET /item/3450480/ HTTP/1.1" 200 265 "-" "Mozilla/5.0 AppleWebKit/537.36 (KHTML, like Gecko; compatible; GPTBot/1.2; +https://openai.com/gptbot)"
66.249.79.64 - - [19/Jul/2025:21:46:52 +0000] "GET /?f=5025587031370&mod=67a4b0f5&uri=info.php?item/52364622.shtml HTTP/1.1" 200 19950 "-" "Mozilla/5.0 (Linux; Android 6.0.1; Nexus 5X Build/MMB29P) AppleWebKit/537.36 (KHTML, like Gecko) Chrome/137.0.7151.103 Mobile Safari/537.36 (compatible; Googlebot/2.1; +http://www.google.com/bot.html)"
66.249.79.66 - - [19/Jul/2025:21:47:17 +0000] "GET /index.php?item/2857110.shtml/hobby/boardgame/index.html HTTP/1.1" 200 20526 "-" "Mozilla/5.0 (compatible; Googlebot/2.1; +http://www.google.com/bot.html)"
66.249.79.64 - - [19/Jul/2025:21:47:33 +0000] "GET /?f=5379615021370&mod=5f7733de&uri=news.php%3Fid%3D179597-270%26name%3Dcross+bailey+red+lacquer+ballpoint+pen HTTP/1.1" 200 20344 "-" "Mozilla/5.0 (Linux; Android 6.0.1; Nexus 5X Build/MMB29P) AppleWebKit/537.36 (KHTML, like Gecko) Chrome/137.0.7151.103 Mobile Safari/537.36 (compatible; Googlebot/2.1; +http://www.google.com/bot.html)"
66.249.79.64 - - [19/Jul/2025:21:47:37 +0000] "POST /get-message-notify HTTP/1.1" 200 20418 "http://game-gainz.com/?f=5379615021370&mod=5f7733de&uri=news.php%3Fid%3D179597-270%26name%3Dcross+bailey+red+lacquer+ballpoint+pen" "Mozilla/5.0 (Linux; Android 6.0.1; Nexus 5X Build/MMB29P) AppleWebKit/537.36 (KHTML, like Gecko) Chrome/137.0.7151.119 Mobile Safari/537.36 (compatible; Googlebot/2.1; +http://www.google.com/bot.html)"
66.249.79.66 - - [19/Jul/2025:21:48:36 +0000] "GET /?f=5025587031370&mod=67a4b0f5&uri=info.php?item/50720990.shtml HTTP/1.1" 200 20362 "-" "Mozilla/5.0 (compatible; Googlebot/2.1; +http://www.google.com/bot.html)"
66.249.79.65 - - [19/Jul/2025:21:50:11 +0000] "GET /?f=5436342031370&mod=15a50c8b&uri=itm.php%3Fid%3D181489-59%26name%3Dcamicia+elegante+premaman HTTP/1.1" 200 21133 "-" "Mozilla/5.0 (Linux; Android 6.0.1; Nexus 5X Build/MMB29P) AppleWebKit/537.36 (KHTML, like Gecko) Chrome/137.0.7151.103 Mobile Safari/537.36 (compatible; Googlebot/2.1; +http://www.google.com/bot.html)"
66.249.79.64 - - [19/Jul/2025:21:51:23 +0000] "GET /?f=5509834031370&mod=20c99c68&uri=goods.php%3Fid%3D183941-328%26name%3Dboots+von+rieker HTTP/1.1" 200 21329 "-" "Mozilla/5.0 (Linux; Android 6.0.1; Nexus 5X Build/MMB29P) AppleWebKit/537.36 (KHTML, like Gecko) Chrome/137.0.7151.103 Mobile Safari/537.36 (compatible; Googlebot/2.1; +http://www.google.com/bot.html)"
66.249.79.66 - - [19/Jul/2025:21:53:01 +0000] "GET /index.php/item/3481573/ HTTP/1.1" 200 19803 "-" "Mozilla/5.0 (compatible; Googlebot/2.1; +http://www.google.com/bot.html)"
66.249.79.66 - - [19/Jul/2025:21:54:34 +0000] "GET /?f=5515534131370&mod=20c99c68&uri=itm.php%3Fid%3D184131-328%26name%3Dzumnorde+winterschuhe+damen HTTP/1.1" 200 21249 "-" "Mozilla/5.0 (Linux; Android 6.0.1; Nexus 5X Build/MMB29P) AppleWebKit/537.36 (KHTML, like Gecko) Chrome/137.0.7151.103 Mobile Safari/537.36 (compatible; Googlebot/2.1; +http://www.google.com/bot.html)"
66.249.79.65 - - [19/Jul/2025:21:54:49 +0000] "POST /get-message-notify HTTP/1.1" 200 20411 "http://game-gainz.com/?f=5515534131370&mod=20c99c68&uri=itm.php%3Fid%3D184131-328%26name%3Dzumnorde+winterschuhe+damen" "Mozilla/5.0 (Linux; Android 6.0.1; Nexus 5X Build/MMB29P) AppleWebKit/537.36 (KHTML, like Gecko) Chrome/137.0.7151.119 Mobile Safari/537.36 (compatible; Googlebot/2.1; +http://www.google.com/bot.html)"
20.171.207.15 - - [19/Jul/2025:21:55:00 +0000] "GET /item/2502920/ HTTP/1.1" 200 265 "-" "Mozilla/5.0 AppleWebKit/537.36 (KHTML, like Gecko; compatible; GPTBot/1.2; +https://openai.com/gptbot)"
66.249.79.64 - - [19/Jul/2025:21:55:24 +0000] "GET /?f=5329779031370&mod=f3a3d61b&uri=blog.php?item/50554978.shtml HTTP/1.1" 200 21276 "-" "Mozilla/5.0 (Linux; Android 6.0.1; Nexus 5X Build/MMB29P) AppleWebKit/537.36 (KHTML, like Gecko) Chrome/137.0.7151.103 Mobile Safari/537.36 (compatible; Googlebot/2.1; +http://www.google.com/bot.html)"
66.249.79.65 - - [19/Jul/2025:21:55:31 +0000] "GET /index.php/item/4898463/ HTTP/1.1" 200 21263 "-" "Mozilla/5.0 (Linux; Android 6.0.1; Nexus 5X Build/MMB29P) AppleWebKit/537.36 (KHTML, like Gecko) Chrome/137.0.7151.103 Mobile Safari/537.36 (compatible; Googlebot/2.1; +http://www.google.com/bot.html)"
20.171.207.15 - - [19/Jul/2025:21:56:01 +0000] "GET /item/1144045/ HTTP/1.1" 200 265 "-" "Mozilla/5.0 AppleWebKit/537.36 (KHTML, like Gecko; compatible; GPTBot/1.2; +https://openai.com/gptbot)"
66.249.79.66 - - [19/Jul/2025:21:57:03 +0000] "GET /index.php/item/2807733/ HTTP/1.1" 200 19963 "-" "Mozilla/5.0 (Linux; Android 6.0.1; Nexus 5X Build/MMB29P) AppleWebKit/537.36 (KHTML, like Gecko) Chrome/137.0.7151.103 Mobile Safari/537.36 (compatible; Googlebot/2.1; +http://www.google.com/bot.html)"
66.249.79.64 - - [19/Jul/2025:21:57:13 +0000] "GET /?f=5000087021370&mod=337f9ed6&uri=goods.php%3Fid%3D166925-304%26name%3Dpeas+in+a+pod+charm HTTP/1.1" 200 21221 "-" "Mozilla/5.0 (Linux; Android 6.0.1; Nexus 5X Build/MMB29P) AppleWebKit/537.36 (KHTML, like Gecko) Chrome/137.0.7151.103 Mobile Safari/537.36 (compatible; Googlebot/2.1; +http://www.google.com/bot.html)"
66.249.79.64 - - [19/Jul/2025:21:57:27 +0000] "POST /get-message-notify HTTP/1.1" 200 20444 "http://game-gainz.com/?f=5000087021370&mod=337f9ed6&uri=goods.php%3Fid%3D166925-304%26name%3Dpeas+in+a+pod+charm" "Mozilla/5.0 (Linux; Android 6.0.1; Nexus 5X Build/MMB29P) AppleWebKit/537.36 (KHTML, like Gecko) Chrome/137.0.7151.119 Mobile Safari/537.36 (compatible; Googlebot/2.1; +http://www.google.com/bot.html)"
66.249.79.64 - - [19/Jul/2025:21:57:39 +0000] "GET /?f=5329779031370&mod=f3a3d61b&uri=blog.php?item/49977660.shtml HTTP/1.1" 200 20744 "-" "Mozilla/5.0 (compatible; Googlebot/2.1; +http://www.google.com/bot.html)"
113.141.91.58 - - [19/Jul/2025:21:57:59 +0000] "GET / HTTP/1.1" 200 265 "-" "Mozilla/5.0 (iPhone; CPU iPhone OS 13_2_3 like Mac OS X) AppleWebKit/605.1.15 (KHTML, like Gecko) Version/13.0.3 Mobile/15E148 Safari/604.1"
20.171.207.15 - - [19/Jul/2025:21:58:12 +0000] "GET /item/3450480/ HTTP/1.1" 200 265 "-" "Mozilla/5.0 AppleWebKit/537.36 (KHTML, like Gecko; compatible; GPTBot/1.2; +https://openai.com/gptbot)"
66.249.79.65 - - [19/Jul/2025:21:58:18 +0000] "GET /index.php/item/2903578/ HTTP/1.1" 200 20258 "-" "Mozilla/5.0 (Linux; Android 6.0.1; Nexus 5X Build/MMB29P) AppleWebKit/537.36 (KHTML, like Gecko) Chrome/137.0.7151.103 Mobile Safari/537.36 (compatible; Googlebot/2.1; +http://www.google.com/bot.html)"
66.249.79.65 - - [19/Jul/2025:21:58:32 +0000] "GET /?f=5490854091370&mod=20c99c68&uri=info.php%3Fid%3D183307-328%26name%3Damazon+sandalen+damen+rieker HTTP/1.1" 200 21286 "-" "Mozilla/5.0 (Linux; Android 6.0.1; Nexus 5X Build/MMB29P) AppleWebKit/537.36 (KHTML, like Gecko) Chrome/137.0.7151.103 Mobile Safari/537.36 (compatible; Googlebot/2.1; +http://www.google.com/bot.html)"
66.249.79.65 - - [19/Jul/2025:21:58:34 +0000] "GET /?f=5344599011370&mod=aebb462e&uri=form.php?item/4182238.shtml HTTP/1.1" 200 20541 "-" "Mozilla/5.0 (compatible; Googlebot/2.1; +http://www.google.com/bot.html)"
66.249.79.64 - - [19/Jul/2025:21:58:53 +0000] "GET /?f=5518564051370&mod=6f39194d&uri=us.php?item/52410492.shtml HTTP/1.1" 200 20880 "-" "Mozilla/5.0 (compatible; Googlebot/2.1; +http://www.google.com/bot.html)"
72.14.199.128 - - [19/Jul/2025:21:58:57 +0000] "GET /?f=5241065001370&mod=2ca2f288&uri=news.php%3Fid%3D174975-312%26name%3Dmonta%C3%83%C2%B1a+salomon HTTP/1.1" 200 265 "-" "Mozilla/5.0 (X11; Linux x86_64) AppleWebKit/537.36 (KHTML, like Gecko) Chrome/137.0.7151.119 Safari/537.36"
66.249.79.65 - - [19/Jul/2025:22:01:39 +0000] "GET /?f=5025587031370&mod=67a4b0f5&uri=info.php?item/55432938.shtml HTTP/1.1" 200 21372 "-" "Mozilla/5.0 (compatible; Googlebot/2.1; +http://www.google.com/bot.html)"
66.249.79.64 - - [19/Jul/2025:22:01:54 +0000] "GET /?f=5361162021370&mod=b3b0b34e&uri=pin.php?item/674949106.shtml HTTP/1.1" 200 20819 "-" "Mozilla/5.0 (Linux; Android 6.0.1; Nexus 5X Build/MMB29P) AppleWebKit/537.36 (KHTML, like Gecko) Chrome/137.0.7151.103 Mobile Safari/537.36 (compatible; Googlebot/2.1; +http://www.google.com/bot.html)"
66.249.79.64 - - [19/Jul/2025:22:02:25 +0000] "GET /index.php/item/3015484/ HTTP/1.1" 200 19547 "-" "Mozilla/5.0 (Linux; Android 6.0.1; Nexus 5X Build/MMB29P) AppleWebKit/537.36 (KHTML, like Gecko) Chrome/137.0.7151.103 Mobile Safari/537.36 (compatible; Googlebot/2.1; +http://www.google.com/bot.html)"
66.249.79.65 - - [19/Jul/2025:22:02:43 +0000] "GET /?f=5330409061370&mod=f3a3d61b&uri=info.php?item/5393650.shtml HTTP/1.1" 200 19636 "-" "Mozilla/5.0 (Linux; Android 6.0.1; Nexus 5X Build/MMB29P) AppleWebKit/537.36 (KHTML, like Gecko) Chrome/137.0.7151.103 Mobile Safari/537.36 (compatible; Googlebot/2.1; +http://www.google.com/bot.html)"
66.249.79.64 - - [19/Jul/2025:22:02:43 +0000] "GET /?f=4938446051370&mod=884e49a5&uri=pin.php?man/customer_guide HTTP/1.1" 200 20034 "-" "Mozilla/5.0 (Linux; Android 6.0.1; Nexus 5X Build/MMB29P) AppleWebKit/537.36 (KHTML, like Gecko) Chrome/137.0.7151.103 Mobile Safari/537.36 (compatible; Googlebot/2.1; +http://www.google.com/bot.html)"
66.249.79.64 - - [19/Jul/2025:22:02:43 +0000] "GET /?f=4922380141370&mod=9ce60c64&uri=shop.php?item/52468330.shtml HTTP/1.1" 200 20507 "-" "Mozilla/5.0 (Linux; Android 6.0.1; Nexus 5X Build/MMB29P) AppleWebKit/537.36 (KHTML, like Gecko) Chrome/137.0.7151.103 Mobile Safari/537.36 (compatible; Googlebot/2.1; +http://www.google.com/bot.html)"
66.249.79.65 - - [19/Jul/2025:22:02:43 +0000] "GET /?f=4996247141370&mod=337f9ed6&uri=pin.php%3Fid%3D166797-304%26name%3Dlovelinks+sale HTTP/1.1" 200 20161 "-" "Mozilla/5.0 (Linux; Android 6.0.1; Nexus 5X Build/MMB29P) AppleWebKit/537.36 (KHTML, like Gecko) Chrome/137.0.7151.103 Mobile Safari/537.36 (compatible; Googlebot/2.1; +http://www.google.com/bot.html)"
66.249.79.64 - - [19/Jul/2025:22:02:43 +0000] "GET /?f=4562781051370&mod=5f7733de&uri=news.php?toreka/figure_menu.html HTTP/1.1" 200 20456 "-" "Mozilla/5.0 (Linux; Android 6.0.1; Nexus 5X Build/MMB29P) AppleWebKit/537.36 (KHTML, like Gecko) Chrome/137.0.7151.103 Mobile Safari/537.36 (compatible; Googlebot/2.1; +http://www.google.com/bot.html)"
66.249.79.65 - - [19/Jul/2025:22:02:43 +0000] "GET /?f=5329779031370&mod=f3a3d61b&uri=blog.php?item/55942202.shtml HTTP/1.1" 200 21211 "-" "Mozilla/5.0 (Linux; Android 6.0.1; Nexus 5X Build/MMB29P) AppleWebKit/537.36 (KHTML, like Gecko) Chrome/137.0.7151.103 Mobile Safari/537.36 (compatible; Googlebot/2.1; +http://www.google.com/bot.html)"
66.249.79.65 - - [19/Jul/2025:22:02:44 +0000] "GET /?f=4747711051370&mod=ca0226c1&uri=shop.php%3Fid%3D158458-126%26name%3Dgolf+cart+mirrors HTTP/1.1" 200 20629 "-" "Mozilla/5.0 (Linux; Android 6.0.1; Nexus 5X Build/MMB29P) AppleWebKit/537.36 (KHTML, like Gecko) Chrome/137.0.7151.103 Mobile Safari/537.36 (compatible; Googlebot/2.1; +http://www.google.com/bot.html)"
66.249.79.65 - - [19/Jul/2025:22:02:44 +0000] "GET /?f=5059127021370&mod=fc75bd96&uri=itm.php%3Fid%3D168893-308%26name%3Dcute+hoodies+unisex HTTP/1.1" 200 21496 "-" "Mozilla/5.0 (Linux; Android 6.0.1; Nexus 5X Build/MMB29P) AppleWebKit/537.36 (KHTML, like Gecko) Chrome/137.0.7151.103 Mobile Safari/537.36 (compatible; Googlebot/2.1; +http://www.google.com/bot.html)"
66.249.79.64 - - [19/Jul/2025:22:02:44 +0000] "GET /?f=5157406011370&mod=ebbb5ccb&uri=category-info.php%3Fid%3D172170-155%26name%3Dklipsch+dolby+atmos+review HTTP/1.1" 200 20549 "-" "Mozilla/5.0 (Linux; Android 6.0.1; Nexus 5X Build/MMB29P) AppleWebKit/537.36 (KHTML, like Gecko) Chrome/137.0.7151.103 Mobile Safari/537.36 (compatible; Googlebot/2.1; +http://www.google.com/bot.html)"
66.249.79.64 - - [19/Jul/2025:22:02:49 +0000] "POST /get-message-notify HTTP/1.1" 200 20419 "http://game-gainz.com/?f=4996247141370&mod=337f9ed6&uri=pin.php%3Fid%3D166797-304%26name%3Dlovelinks+sale" "Mozilla/5.0 (Linux; Android 6.0.1; Nexus 5X Build/MMB29P) AppleWebKit/537.36 (KHTML, like Gecko) Chrome/137.0.7151.119 Mobile Safari/537.36 (compatible; Googlebot/2.1; +http://www.google.com/bot.html)"
66.249.79.64 - - [19/Jul/2025:22:02:52 +0000] "POST /get-message-notify HTTP/1.1" 200 20415 "http://game-gainz.com/?f=4747711051370&mod=ca0226c1&uri=shop.php%3Fid%3D158458-126%26name%3Dgolf+cart+mirrors" "Mozilla/5.0 (Linux; Android 6.0.1; Nexus 5X Build/MMB29P) AppleWebKit/537.36 (KHTML, like Gecko) Chrome/137.0.7151.119 Mobile Safari/537.36 (compatible; Googlebot/2.1; +http://www.google.com/bot.html)"
66.249.79.64 - - [19/Jul/2025:22:02:59 +0000] "POST /get-message-notify HTTP/1.1" 200 20418 "http://game-gainz.com/?f=5330409061370&mod=f3a3d61b&uri=info.php?item/5393650.shtml" "Mozilla/5.0 (Linux; Android 6.0.1; Nexus 5X Build/MMB29P) AppleWebKit/537.36 (KHTML, like Gecko) Chrome/137.0.7151.119 Mobile Safari/537.36 (compatible; Googlebot/2.1; +http://www.google.com/bot.html)"
66.249.79.66 - - [19/Jul/2025:22:03:06 +0000] "GET /?f=5329779031370&mod=f3a3d61b&uri=blog.php?item/50577298.shtml HTTP/1.1" 200 21143 "-" "Mozilla/5.0 (compatible; Googlebot/2.1; +http://www.google.com/bot.html)"
66.249.79.64 - - [19/Jul/2025:22:03:19 +0000] "GET /index.php/item/2184534/ HTTP/1.1" 200 20396 "-" "Mozilla/5.0 (Linux; Android 6.0.1; Nexus 5X Build/MMB29P) AppleWebKit/537.36 (KHTML, like Gecko) Chrome/137.0.7151.119 Mobile Safari/537.36 (compatible; Googlebot/2.1; +http://www.google.com/bot.html)"
66.249.79.64 - - [19/Jul/2025:22:03:21 +0000] "POST /get-message-notify HTTP/1.1" 200 20439 "http://game-gainz.com/index.php/item/2184534/" "Mozilla/5.0 (Linux; Android 6.0.1; Nexus 5X Build/MMB29P) AppleWebKit/537.36 (KHTML, like Gecko) Chrome/137.0.7151.119 Mobile Safari/537.36 (compatible; Googlebot/2.1; +http://www.google.com/bot.html)"
66.249.79.64 - - [19/Jul/2025:22:03:25 +0000] "POST /get-message-notify HTTP/1.1" 200 20438 "http://game-gainz.com/index.php/item/2184534/" "Mozilla/5.0 (Linux; Android 6.0.1; Nexus 5X Build/MMB29P) AppleWebKit/537.36 (KHTML, like Gecko) Chrome/137.0.7151.119 Mobile Safari/537.36 (compatible; Googlebot/2.1; +http://www.google.com/bot.html)"
66.249.79.64 - - [19/Jul/2025:22:04:08 +0000] "GET /?f=4998647041370&mod=337f9ed6&uri=search.php%3Fid%3D166877-304%26name%3Dpandora+791751 HTTP/1.1" 200 20527 "-" "Mozilla/5.0 (Linux; Android 6.0.1; Nexus 5X Build/MMB29P) AppleWebKit/537.36 (KHTML, like Gecko) Chrome/137.0.7151.103 Mobile Safari/537.36 (compatible; Googlebot/2.1; +http://www.google.com/bot.html)"
66.249.79.65 - - [19/Jul/2025:22:04:39 +0000] "GET /?f=4994087021370&mod=c5b3966b&uri=us.php%3Fid%3D166725-156%26name%3Dpersonalised+nursery+print HTTP/1.1" 200 20416 "-" "Mozilla/5.0 (Linux; Android 6.0.1; Nexus 5X Build/MMB29P) AppleWebKit/537.36 (KHTML, like Gecko) Chrome/137.0.7151.103 Mobile Safari/537.36 (compatible; Googlebot/2.1; +http://www.google.com/bot.html)"
66.249.79.66 - - [19/Jul/2025:22:05:02 +0000] "GET /?f=5361162021370&mod=b3b0b34e&uri=pin.php?item/50692192.shtml HTTP/1.1" 200 21140 "-" "Mozilla/5.0 (Linux; Android 6.0.1; Nexus 5X Build/MMB29P) AppleWebKit/537.36 (KHTML, like Gecko) Chrome/137.0.7151.103 Mobile Safari/537.36 (compatible; Googlebot/2.1; +http://www.google.com/bot.html)"
66.249.79.64 - - [19/Jul/2025:22:05:11 +0000] "GET /?f=112528101021370&mod=656a0310&uri=search.php%3Fid%3D3755460-296%26name%3Damazfit+app+pc HTTP/1.1" 200 20313 "-" "Mozilla/5.0 (Linux; Android 6.0.1; Nexus 5X Build/MMB29P) AppleWebKit/537.36 (KHTML, like Gecko) Chrome/137.0.7151.103 Mobile Safari/537.36 (compatible; Googlebot/2.1; +http://www.google.com/bot.html)"
66.249.79.64 - - [19/Jul/2025:22:05:14 +0000] "POST /get-message-notify HTTP/1.1" 200 20420 "http://game-gainz.com/?f=112528101021370&mod=656a0310&uri=search.php%3Fid%3D3755460-296%26name%3Damazfit+app+pc" "Mozilla/5.0 (Linux; Android 6.0.1; Nexus 5X Build/MMB29P) AppleWebKit/537.36 (KHTML, like Gecko) Chrome/137.0.7151.119 Mobile Safari/537.36 (compatible; Googlebot/2.1; +http://www.google.com/bot.html)"
66.249.79.64 - - [19/Jul/2025:22:05:19 +0000] "GET /index.php/item/1494836/ HTTP/1.1" 200 20167 "-" "Mozilla/5.0 (compatible; Googlebot/2.1; +http://www.google.com/bot.html)"
20.171.207.15 - - [19/Jul/2025:22:05:33 +0000] "GET /item/4396163/ HTTP/1.1" 200 265 "-" "Mozilla/5.0 AppleWebKit/537.36 (KHTML, like Gecko; compatible; GPTBot/1.2; +https://openai.com/gptbot)"
66.249.79.65 - - [19/Jul/2025:22:06:33 +0000] "GET /?f=5518564051370&mod=6f39194d&uri=us.php?item/55901036.shtml HTTP/1.1" 200 20454 "-" "Mozilla/5.0 (Linux; Android 6.0.1; Nexus 5X Build/MMB29P) AppleWebKit/537.36 (KHTML, like Gecko) Chrome/137.0.7151.103 Mobile Safari/537.36 (compatible; Googlebot/2.1; +http://www.google.com/bot.html)"
66.249.79.66 - - [19/Jul/2025:22:06:35 +0000] "GET /?f=5361162021370&mod=b3b0b34e&uri=pin.php?item/674965020.shtml HTTP/1.1" 200 19919 "-" "Mozilla/5.0 (compatible; Googlebot/2.1; +http://www.google.com/bot.html)"
66.249.79.66 - - [19/Jul/2025:22:06:36 +0000] "GET /?f=4992647061370&mod=337f9ed6&uri=blog.php%3Fid%3D166677-304%26name%3Dsterling+flatware+value HTTP/1.1" 200 21315 "-" "Mozilla/5.0 (Linux; Android 6.0.1; Nexus 5X Build/MMB29P) AppleWebKit/537.36 (KHTML, like Gecko) Chrome/137.0.7151.103 Mobile Safari/537.36 (compatible; Googlebot/2.1; +http://www.google.com/bot.html)"
20.171.207.15 - - [19/Jul/2025:22:06:38 +0000] "GET /item/2502920/ HTTP/1.1" 200 265 "-" "Mozilla/5.0 AppleWebKit/537.36 (KHTML, like Gecko; compatible; GPTBot/1.2; +https://openai.com/gptbot)"
66.249.79.64 - - [19/Jul/2025:22:07:08 +0000] "GET /?f=4982567021370&mod=337f9ed6&uri=blog.php%3Fid%3D166341-304%26name%3Dbest+online+handbags HTTP/1.1" 200 20180 "-" "Mozilla/5.0 (Linux; Android 6.0.1; Nexus 5X Build/MMB29P) AppleWebKit/537.36 (KHTML, like Gecko) Chrome/137.0.7151.103 Mobile Safari/537.36 (compatible; Googlebot/2.1; +http://www.google.com/bot.html)"
66.249.79.65 - - [19/Jul/2025:22:07:11 +0000] "POST /get-message-notify HTTP/1.1" 200 20422 "http://game-gainz.com/?f=4982567021370&mod=337f9ed6&uri=blog.php%3Fid%3D166341-304%26name%3Dbest+online+handbags" "Mozilla/5.0 (Linux; Android 6.0.1; Nexus 5X Build/MMB29P) AppleWebKit/537.36 (KHTML, like Gecko) Chrome/137.0.7151.119 Mobile Safari/537.36 (compatible; Googlebot/2.1; +http://www.google.com/bot.html)"
20.171.207.15 - - [19/Jul/2025:22:07:38 +0000] "GET /item/1158375/ HTTP/1.1" 200 265 "-" "Mozilla/5.0 AppleWebKit/537.36 (KHTML, like Gecko; compatible; GPTBot/1.2; +https://openai.com/gptbot)"
66.249.79.65 - - [19/Jul/2025:22:07:40 +0000] "GET /?f=5536144051370&mod=6f39194d&uri=dp.php%3Fid%3D184818-310%26name%3Dgtx+1050+laptop+price HTTP/1.1" 200 20384 "-" "Mozilla/5.0 (Linux; Android 6.0.1; Nexus 5X Build/MMB29P) AppleWebKit/537.36 (KHTML, like Gecko) Chrome/137.0.7151.103 Mobile Safari/537.36 (compatible; Googlebot/2.1; +http://www.google.com/bot.html)"
66.249.79.64 - - [19/Jul/2025:22:07:46 +0000] "GET /?f=5361162021370&mod=b3b0b34e&uri=pin.php?item/879940646.shtml HTTP/1.1" 200 20193 "-" "Mozilla/5.0 (compatible; Googlebot/2.1; +http://www.google.com/bot.html)"
66.249.79.65 - - [19/Jul/2025:22:08:33 +0000] "GET /?f=4987847041370&mod=337f9ed6&uri=shop.php%3Fid%3D166517-304%26name%3Dpolar+bear+charm HTTP/1.1" 200 20924 "-" "Mozilla/5.0 (Linux; Android 6.0.1; Nexus 5X Build/MMB29P) AppleWebKit/537.36 (KHTML, like Gecko) Chrome/137.0.7151.103 Mobile Safari/537.36 (compatible; Googlebot/2.1; +http://www.google.com/bot.html)"
66.249.79.64 - - [19/Jul/2025:22:09:10 +0000] "GET /?f=5361162021370&mod=b3b0b34e&uri=pin.php?item/8078578.shtml HTTP/1.1" 200 20060 "-" "Mozilla/5.0 (Linux; Android 6.0.1; Nexus 5X Build/MMB29P) AppleWebKit/537.36 (KHTML, like Gecko) Chrome/137.0.7151.103 Mobile Safari/537.36 (compatible; Googlebot/2.1; +http://www.google.com/bot.html)"
66.249.79.64 - - [19/Jul/2025:22:09:52 +0000] "GET /?f=5361162021370&mod=b3b0b34e&uri=pin.php?item/585015184.shtml HTTP/1.1" 200 21385 "-" "Mozilla/5.0 (compatible; Googlebot/2.1; +http://www.google.com/bot.html)"
66.249.79.64 - - [19/Jul/2025:22:09:58 +0000] "GET /?f=89035753061370&mod=12f7312b&uri=shared.php%3Fid%3D2971264-219%26name%3Dcascade+geyser HTTP/1.1" 200 20703 "-" "Mozilla/5.0 (Linux; Android 6.0.1; Nexus 5X Build/MMB29P) AppleWebKit/537.36 (KHTML, like Gecko) Chrome/137.0.7151.103 Mobile Safari/537.36 (compatible; Googlebot/2.1; +http://www.google.com/bot.html)"
66.249.79.65 - - [19/Jul/2025:22:10:29 +0000] "GET /?f=5406555021370&mod=14b7367a&uri=us.php%3Fid%3D180495-87%26name%3Dcat6+cable+for+cctv+camera HTTP/1.1" 200 20326 "-" "Mozilla/5.0 (Linux; Android 6.0.1; Nexus 5X Build/MMB29P) AppleWebKit/537.36 (KHTML, like Gecko) Chrome/137.0.7151.103 Mobile Safari/537.36 (compatible; Googlebot/2.1; +http://www.google.com/bot.html)"
66.249.79.65 - - [19/Jul/2025:22:10:31 +0000] "GET /?f=5329779031370&mod=f3a3d61b&uri=blog.php?item/8066824.shtml HTTP/1.1" 200 21090 "-" "Mozilla/5.0 (Linux; Android 6.0.1; Nexus 5X Build/MMB29P) AppleWebKit/537.36 (KHTML, like Gecko) Chrome/137.0.7151.103 Mobile Safari/537.36 (compatible; Googlebot/2.1; +http://www.google.com/bot.html)"
66.249.79.66 - - [19/Jul/2025:22:10:31 +0000] "GET /?f=5238351041370&mod=9bb6dee7&uri=search.php%3Fid%3D174884-21%26name%3Dadidas+fy3960 HTTP/1.1" 200 21019 "-" "Mozilla/5.0 (Linux; Android 6.0.1; Nexus 5X Build/MMB29P) AppleWebKit/537.36 (KHTML, like Gecko) Chrome/137.0.7151.103 Mobile Safari/537.36 (compatible; Googlebot/2.1; +http://www.google.com/bot.html)"
66.249.79.64 - - [19/Jul/2025:22:10:36 +0000] "POST /get-message-notify HTTP/1.1" 200 20445 "http://game-gainz.com/?f=5329779031370&mod=f3a3d61b&uri=blog.php?item/8066824.shtml" "Mozilla/5.0 (Linux; Android 6.0.1; Nexus 5X Build/MMB29P) AppleWebKit/537.36 (KHTML, like Gecko) Chrome/137.0.7151.119 Mobile Safari/537.36 (compatible; Googlebot/2.1; +http://www.google.com/bot.html)"
66.249.79.64 - - [19/Jul/2025:22:11:01 +0000] "GET /?f=5377485001370&mod=5f7733de&uri=shop.php%3Fid%3D179526-270%26name%3Dcross+pens+for+men HTTP/1.1" 200 20430 "-" "Mozilla/5.0 (Linux; Android 6.0.1; Nexus 5X Build/MMB29P) AppleWebKit/537.36 (KHTML, like Gecko) Chrome/137.0.7151.103 Mobile Safari/537.36 (compatible; Googlebot/2.1; +http://www.google.com/bot.html)"
66.249.79.64 - - [19/Jul/2025:22:11:03 +0000] "GET /?f=73355122001370&mod=f5d5acb2&uri=category-info.php%3Fid%3D2447927-283%26name%3Dair+max+comfort HTTP/1.1" 200 20303 "-" "Mozilla/5.0 (Linux; Android 6.0.1; Nexus 5X Build/MMB29P) AppleWebKit/537.36 (KHTML, like Gecko) Chrome/137.0.7151.103 Mobile Safari/537.36 (compatible; Googlebot/2.1; +http://www.google.com/bot.html)"
66.249.79.64 - - [19/Jul/2025:22:12:26 +0000] "GET /?f=5528644011370&mod=6f39194d&uri=itm.php%3Fid%3D184568-310%26name%3Dgpu+based+laptop HTTP/1.1" 200 20915 "-" "Mozilla/5.0 (Linux; Android 6.0.1; Nexus 5X Build/MMB29P) AppleWebKit/537.36 (KHTML, like Gecko) Chrome/137.0.7151.103 Mobile Safari/537.36 (compatible; Googlebot/2.1; +http://www.google.com/bot.html)"
20.171.207.15 - - [19/Jul/2025:22:12:52 +0000] "GET /item/3560663/ HTTP/1.1" 200 265 "-" "Mozilla/5.0 AppleWebKit/537.36 (KHTML, like Gecko; compatible; GPTBot/1.2; +https://openai.com/gptbot)"
66.249.79.65 - - [19/Jul/2025:22:12:57 +0000] "GET /?f=5495927011370&mod=48f27972&uri=form.php%3Fid%3D183477-326%26name%3Dropa+lv+mujer HTTP/1.1" 200 20488 "-" "Mozilla/5.0 (Linux; Android 6.0.1; Nexus 5X Build/MMB29P) AppleWebKit/537.36 (KHTML, like Gecko) Chrome/137.0.7151.103 Mobile Safari/537.36 (compatible; Googlebot/2.1; +http://www.google.com/bot.html)"
66.249.79.64 - - [19/Jul/2025:22:13:19 +0000] "GET /?f=2834178021370&mod=9b798c63&uri=products.php%3Fid%3D94606-179%26name%3Do2feel+iswan+n8+avis HTTP/1.1" 200 20795 "-" "Mozilla/5.0 (Linux; Android 6.0.1; Nexus 5X Build/MMB29P) AppleWebKit/537.36 (KHTML, like Gecko) Chrome/137.0.7151.103 Mobile Safari/537.36 (compatible; Googlebot/2.1; +http://www.google.com/bot.html)"
66.249.79.65 - - [19/Jul/2025:22:13:29 +0000] "GET /?f=5517934081370&mod=6f39194d&uri=pin.php%3Fid%3D184211-310%26name%3Dnvidia+quadro+laptop+2019 HTTP/1.1" 200 21037 "-" "Mozilla/5.0 (Linux; Android 6.0.1; Nexus 5X Build/MMB29P) AppleWebKit/537.36 (KHTML, like Gecko) Chrome/137.0.7151.103 Mobile Safari/537.36 (compatible; Googlebot/2.1; +http://www.google.com/bot.html)"
66.249.79.66 - - [19/Jul/2025:22:14:53 +0000] "GET /?f=5253807011370&mod=884e49a5&uri=brands.php%3Fid%3D175401-301%26name%3Djersey+cuello+polo+zara HTTP/1.1" 200 20723 "-" "Mozilla/5.0 (Linux; Android 6.0.1; Nexus 5X Build/MMB29P) AppleWebKit/537.36 (KHTML, like Gecko) Chrome/137.0.7151.103 Mobile Safari/537.36 (compatible; Googlebot/2.1; +http://www.google.com/bot.html)"
66.249.79.65 - - [19/Jul/2025:22:14:53 +0000] "GET /?f=5318204031370&mod=ca0226c1&uri=products.php%3Fid%3D177548-126%26name%3Dcallaway+cart+bags HTTP/1.1" 200 21022 "-" "Mozilla/5.0 (Linux; Android 6.0.1; Nexus 5X Build/MMB29P) AppleWebKit/537.36 (KHTML, like Gecko) Chrome/137.0.7151.103 Mobile Safari/537.36 (compatible; Googlebot/2.1; +http://www.google.com/bot.html)"
66.249.79.64 - - [19/Jul/2025:22:14:56 +0000] "POST /get-message-notify HTTP/1.1" 200 20414 "http://game-gainz.com/?f=5253807011370&mod=884e49a5&uri=brands.php%3Fid%3D175401-301%26name%3Djersey+cuello+polo+zara" "Mozilla/5.0 (Linux; Android 6.0.1; Nexus 5X Build/MMB29P) AppleWebKit/537.36 (KHTML, like Gecko) Chrome/137.0.7151.119 Mobile Safari/537.36 (compatible; Googlebot/2.1; +http://www.google.com/bot.html)"
20.171.207.15 - - [19/Jul/2025:22:15:00 +0000] "GET /item/1440347/ HTTP/1.1" 200 265 "-" "Mozilla/5.0 AppleWebKit/537.36 (KHTML, like Gecko; compatible; GPTBot/1.2; +https://openai.com/gptbot)"
66.249.79.64 - - [19/Jul/2025:22:15:07 +0000] "GET /?f=5025587031370&mod=67a4b0f5&uri=info.php?item/56175456.shtml HTTP/1.1" 200 20419 "-" "Mozilla/5.0 (Linux; Android 6.0.1; Nexus 5X Build/MMB29P) AppleWebKit/537.36 (KHTML, like Gecko) Chrome/137.0.7151.103 Mobile Safari/537.36 (compatible; Googlebot/2.1; +http://www.google.com/bot.html)"
66.249.79.65 - - [19/Jul/2025:22:15:32 +0000] "GET /?f=5556304141370&mod=2a519dc3&uri=itm.php%3Fid%3D185490-220%26name%3Ddiesel+rn93243+ca25594+jacket HTTP/1.1" 200 21242 "-" "Mozilla/5.0 (Linux; Android 6.0.1; Nexus 5X Build/MMB29P) AppleWebKit/537.36 (KHTML, like Gecko) Chrome/137.0.7151.103 Mobile Safari/537.36 (compatible; Googlebot/2.1; +http://www.google.com/bot.html)"
20.171.207.15 - - [19/Jul/2025:22:16:00 +0000] "GET /item/1137004/ HTTP/1.1" 200 265 "-" "Mozilla/5.0 AppleWebKit/537.36 (KHTML, like Gecko; compatible; GPTBot/1.2; +https://openai.com/gptbot)"
66.249.79.64 - - [19/Jul/2025:22:16:04 +0000] "GET /?f=5547694121370&mod=2a519dc3&uri=itm.php%3Fid%3D185203-220%26name%3Dsteve+mcqueen+harrington+jacket HTTP/1.1" 200 21069 "-" "Mozilla/5.0 (Linux; Android 6.0.1; Nexus 5X Build/MMB29P) AppleWebKit/537.36 (KHTML, like Gecko) Chrome/137.0.7151.103 Mobile Safari/537.36 (compatible; Googlebot/2.1; +http://www.google.com/bot.html)"
66.249.79.65 - - [19/Jul/2025:22:16:35 +0000] "GET /?f=4770117081370&mod=9ce3d416&uri=search.php%3Fid%3D159206-92%26name%3Dbest+telugu+movies+available+on HTTP/1.1" 200 20033 "-" "Mozilla/5.0 (Linux; Android 6.0.1; Nexus 5X Build/MMB29P) AppleWebKit/537.36 (KHTML, like Gecko) Chrome/137.0.7151.103 Mobile Safari/537.36 (compatible; Googlebot/2.1; +http://www.google.com/bot.html)"
66.249.79.64 - - [19/Jul/2025:22:16:40 +0000] "GET /?f=4981397051370&mod=337f9ed6&uri=brands.php%3Fid%3D166302-304%26name%3Dasos+belts+womens HTTP/1.1" 200 20716 "-" "Mozilla/5.0 (Linux; Android 6.0.1; Nexus 5X Build/MMB29P) AppleWebKit/537.36 (KHTML, like Gecko) Chrome/137.0.7151.103 Mobile Safari/537.36 (compatible; Googlebot/2.1; +http://www.google.com/bot.html)"
66.249.79.64 - - [19/Jul/2025:22:16:41 +0000] "GET /?f=5361162021370&mod=b3b0b34e&uri=pin.php?item/674921798.shtml HTTP/1.1" 200 20171 "-" "Mozilla/5.0 (Linux; Android 6.0.1; Nexus 5X Build/MMB29P) AppleWebKit/537.36 (KHTML, like Gecko) Chrome/137.0.7151.103 Mobile Safari/537.36 (compatible; Googlebot/2.1; +http://www.google.com/bot.html)"
66.249.79.64 - - [19/Jul/2025:22:16:45 +0000] "GET /?f=5361162021370&mod=b3b0b34e&uri=pin.php?item/5417782.shtml HTTP/1.1" 200 20120 "-" "Mozilla/5.0 (Linux; Android 6.0.1; Nexus 5X Build/MMB29P) AppleWebKit/537.36 (KHTML, like Gecko) Chrome/137.0.7151.103 Mobile Safari/537.36 (compatible; Googlebot/2.1; +http://www.google.com/bot.html)"
66.249.79.64 - - [19/Jul/2025:22:16:47 +0000] "GET /index.php/item/4363201/ HTTP/1.1" 200 20304 "-" "Mozilla/5.0 (Linux; Android 6.0.1; Nexus 5X Build/MMB29P) AppleWebKit/537.36 (KHTML, like Gecko) Chrome/137.0.7151.103 Mobile Safari/537.36 (compatible; Googlebot/2.1; +http://www.google.com/bot.html)"
66.249.79.64 - - [19/Jul/2025:22:16:59 +0000] "GET /?f=5330409061370&mod=f3a3d61b&uri=info.php?item/5404236.shtml HTTP/1.1" 200 19926 "-" "Mozilla/5.0 (Linux; Android 6.0.1; Nexus 5X Build/MMB29P) AppleWebKit/537.36 (KHTML, like Gecko) Chrome/137.0.7151.103 Mobile Safari/537.36 (compatible; Googlebot/2.1; +http://www.google.com/bot.html)"
66.249.79.64 - - [19/Jul/2025:22:17:08 +0000] "GET /?f=5552104091370&mod=2a519dc3&uri=us.php%3Fid%3D185350-220%26name%3Ddesigner+jean+jackets+for+men HTTP/1.1" 200 20435 "-" "Mozilla/5.0 (Linux; Android 6.0.1; Nexus 5X Build/MMB29P) AppleWebKit/537.36 (KHTML, like Gecko) Chrome/137.0.7151.103 Mobile Safari/537.36 (compatible; Googlebot/2.1; +http://www.google.com/bot.html)"
66.249.79.65 - - [19/Jul/2025:22:17:09 +0000] "GET /?f=5159775111370&mod=ebbb5ccb&uri=dp.php%3Fid%3D172249-155%26name%3Duconnect+google+home HTTP/1.1" 200 21015 "-" "Mozilla/5.0 (Linux; Android 6.0.1; Nexus 5X Build/MMB29P) AppleWebKit/537.36 (KHTML, like Gecko) Chrome/137.0.7151.103 Mobile Safari/537.36 (compatible; Googlebot/2.1; +http://www.google.com/bot.html)"
66.249.79.64 - - [19/Jul/2025:22:17:48 +0000] "GET /?f=81875934091370&mod=9bb6dee7&uri=shared.php%3Fid%3D2732343-21%26name%3Dspeedex+18+boxschuh HTTP/1.1" 200 20990 "-" "Mozilla/5.0 (Linux; Android 6.0.1; Nexus 5X Build/MMB29P) AppleWebKit/537.36 (KHTML, like Gecko) Chrome/137.0.7151.103 Mobile Safari/537.36 (compatible; Googlebot/2.1; +http://www.google.com/bot.html)"
66.249.79.65 - - [19/Jul/2025:22:19:15 +0000] "GET /index.php?id=168316-308&name=hoodiedikies HTTP/1.1" 200 20691 "-" "Mozilla/5.0 (Linux; Android 6.0.1; Nexus 5X Build/MMB29P) AppleWebKit/537.36 (KHTML, like Gecko) Chrome/137.0.7151.103 Mobile Safari/537.36 (compatible; Googlebot/2.1; +http://www.google.com/bot.html)"
66.249.79.64 - - [19/Jul/2025:22:19:20 +0000] "GET /?f=119603050001370&mod=7b7903c6&uri=info.php%3Fid%3D3991520-1161%26name%3Dmens+nike+oketo HTTP/1.1" 200 20746 "-" "Mozilla/5.0 (Linux; Android 6.0.1; Nexus 5X Build/MMB29P) AppleWebKit/537.36 (KHTML, like Gecko) Chrome/137.0.7151.103 Mobile Safari/537.36 (compatible; Googlebot/2.1; +http://www.google.com/bot.html)"
66.249.79.64 - - [19/Jul/2025:22:19:35 +0000] "POST /get-message-notify HTTP/1.1" 200 20410 "http://game-gainz.com/?f=119603050001370&mod=7b7903c6&uri=info.php%3Fid%3D3991520-1161%26name%3Dmens+nike+oketo" "Mozilla/5.0 (Linux; Android 6.0.1; Nexus 5X Build/MMB29P) AppleWebKit/537.36 (KHTML, like Gecko) Chrome/137.0.7151.119 Mobile Safari/537.36 (compatible; Googlebot/2.1; +http://www.google.com/bot.html)"
66.249.79.64 - - [19/Jul/2025:22:19:54 +0000] "GET /?f=5282745021370&mod=a20bed5c&uri=shared.php%3Fid%3D176366-294%26name%3Dqalo+military+ring HTTP/1.1" 200 21275 "-" "Mozilla/5.0 (Linux; Android 6.0.1; Nexus 5X Build/MMB29P) AppleWebKit/537.36 (KHTML, like Gecko) Chrome/137.0.7151.103 Mobile Safari/537.36 (compatible; Googlebot/2.1; +http://www.google.com/bot.html)"
20.171.207.15 - - [19/Jul/2025:22:20:14 +0000] "GET /item/1285922/ HTTP/1.1" 200 265 "-" "Mozilla/5.0 AppleWebKit/537.36 (KHTML, like Gecko; compatible; GPTBot/1.2; +https://openai.com/gptbot)"
66.249.79.64 - - [19/Jul/2025:22:20:57 +0000] "GET /?f=5551684031370&mod=c205a106&uri=info.php%3Fid%3D185336-329%26name%3Dlululemon+align+leggings+poshmark HTTP/1.1" 200 20095 "-" "Mozilla/5.0 (Linux; Android 6.0.1; Nexus 5X Build/MMB29P) AppleWebKit/537.36 (KHTML, like Gecko) Chrome/137.0.7151.103 Mobile Safari/537.36 (compatible; Googlebot/2.1; +http://www.google.com/bot.html)"
66.249.79.65 - - [19/Jul/2025:22:21:12 +0000] "POST /get-message-notify HTTP/1.1" 200 20414 "http://game-gainz.com/?f=5551684031370&mod=c205a106&uri=info.php%3Fid%3D185336-329%26name%3Dlululemon+align+leggings+poshmark" "Mozilla/5.0 (Linux; Android 6.0.1; Nexus 5X Build/MMB29P) AppleWebKit/537.36 (KHTML, like Gecko) Chrome/137.0.7151.119 Mobile Safari/537.36 (compatible; Googlebot/2.1; +http://www.google.com/bot.html)"
20.171.207.15 - - [19/Jul/2025:22:22:22 +0000] "GET /item/3773892/ HTTP/1.1" 200 265 "-" "Mozilla/5.0 AppleWebKit/537.36 (KHTML, like Gecko; compatible; GPTBot/1.2; +https://openai.com/gptbot)"
66.249.79.64 - - [19/Jul/2025:22:23:03 +0000] "GET /?f=5555884001370&mod=2a519dc3&uri=shop.php%3Fid%3D185476-220%26name%3Dmens+kappa+track+top HTTP/1.1" 200 20078 "-" "Mozilla/5.0 (Linux; Android 6.0.1; Nexus 5X Build/MMB29P) AppleWebKit/537.36 (KHTML, like Gecko) Chrome/137.0.7151.103 Mobile Safari/537.36 (compatible; Googlebot/2.1; +http://www.google.com/bot.html)"
66.249.79.66 - - [19/Jul/2025:22:23:05 +0000] "GET /index.php/item/2510051/ HTTP/1.1" 200 20642 "-" "Mozilla/5.0 (Linux; Android 6.0.1; Nexus 5X Build/MMB29P) AppleWebKit/537.36 (KHTML, like Gecko) Chrome/137.0.7151.103 Mobile Safari/537.36 (compatible; Googlebot/2.1; +http://www.google.com/bot.html)"
20.171.207.15 - - [19/Jul/2025:22:23:23 +0000] "GET /item/3560663/ HTTP/1.1" 200 265 "-" "Mozilla/5.0 AppleWebKit/537.36 (KHTML, like Gecko; compatible; GPTBot/1.2; +https://openai.com/gptbot)"
66.249.79.64 - - [19/Jul/2025:22:24:49 +0000] "GET /?f=5557144021370&mod=2a519dc3&uri=dp.php%3Fid%3D185518-220%26name%3Dmens+dark+denim+shirt HTTP/1.1" 200 19871 "-" "Mozilla/5.0 (Linux; Android 6.0.1; Nexus 5X Build/MMB29P) AppleWebKit/537.36 (KHTML, like Gecko) Chrome/137.0.7151.103 Mobile Safari/537.36 (compatible; Googlebot/2.1; +http://www.google.com/bot.html)"
66.249.79.66 - - [19/Jul/2025:22:25:50 +0000] "GET /game-gainz.com/pcmypage?callback=product%2Fdetail%2F98423553 HTTP/1.1" 200 20005 "-" "Mozilla/5.0 (Linux; Android 6.0.1; Nexus 5X Build/MMB29P) AppleWebKit/537.36 (KHTML, like Gecko) Chrome/137.0.7151.103 Mobile Safari/537.36 (compatible; Googlebot/2.1; +http://www.google.com/bot.html)"
66.249.79.65 - - [19/Jul/2025:22:26:16 +0000] "GET /?f=5361162021370&mod=b3b0b34e&uri=pin.php?item/673577010.shtml HTTP/1.1" 200 20296 "-" "Mozilla/5.0 (compatible; Googlebot/2.1; +http://www.google.com/bot.html)"
66.249.79.65 - - [19/Jul/2025:22:26:18 +0000] "GET /?f=5329779031370&mod=f3a3d61b&uri=blog.php?item/49652622.shtml HTTP/1.1" 200 21046 "-" "Mozilla/5.0 (Linux; Android 6.0.1; Nexus 5X Build/MMB29P) AppleWebKit/537.36 (KHTML, like Gecko) Chrome/137.0.7151.103 Mobile Safari/537.36 (compatible; Googlebot/2.1; +http://www.google.com/bot.html)"
66.249.79.64 - - [19/Jul/2025:22:26:36 +0000] "GET /?f=5547064061370&mod=c205a106&uri=pin.php%3Fid%3D185182-329%26name%3Dlululemon+lace+tights HTTP/1.1" 200 21181 "-" "Mozilla/5.0 (Linux; Android 6.0.1; Nexus 5X Build/MMB29P) AppleWebKit/537.36 (KHTML, like Gecko) Chrome/137.0.7151.103 Mobile Safari/537.36 (compatible; Googlebot/2.1; +http://www.google.com/bot.html)"
66.249.79.66 - - [19/Jul/2025:22:27:15 +0000] "GET /index.php/item/2669888/ HTTP/1.1" 200 20036 "-" "Mozilla/5.0 (compatible; Googlebot/2.1; +http://www.google.com/bot.html)"
20.171.207.15 - - [19/Jul/2025:22:27:37 +0000] "GET /item/3300716/ HTTP/1.1" 200 265 "-" "Mozilla/5.0 AppleWebKit/537.36 (KHTML, like Gecko; compatible; GPTBot/1.2; +https://openai.com/gptbot)"
66.249.79.66 - - [19/Jul/2025:22:28:24 +0000] "GET /?f=5361162021370&mod=b3b0b34e&uri=pin.php?item/1273069870.shtml HTTP/1.1" 200 20078 "-" "Mozilla/5.0 (compatible; Googlebot/2.1; +http://www.google.com/bot.html)"
66.249.79.66 - - [19/Jul/2025:22:28:24 +0000] "GET /?f=5782855071370&mod=e6e9099e&uri=product.php%3Fid%3D193115-57%26name%3Dbest+wireless+bluetooth+headphones+under+1000 HTTP/1.1" 200 20274 "-" "Mozilla/5.0 (Linux; Android 6.0.1; Nexus 5X Build/MMB29P) AppleWebKit/537.36 (KHTML, like Gecko) Chrome/137.0.7151.103 Mobile Safari/537.36 (compatible; Googlebot/2.1; +http://www.google.com/bot.html)"
20.171.207.15 - - [19/Jul/2025:22:28:42 +0000] "GET /item/2122971/ HTTP/1.1" 200 265 "-" "Mozilla/5.0 AppleWebKit/537.36 (KHTML, like Gecko; compatible; GPTBot/1.2; +https://openai.com/gptbot)"
66.249.79.65 - - [19/Jul/2025:22:29:33 +0000] "GET /?f=5361162021370&mod=b3b0b34e&uri=pin.php?item/5397180.shtml HTTP/1.1" 200 21075 "-" "Mozilla/5.0 (compatible; Googlebot/2.1; +http://www.google.com/bot.html)"
66.249.79.64 - - [19/Jul/2025:22:30:11 +0000] "GET /?f=5344599011370&mod=aebb462e&uri=form.php?product/edit/G3564786354 HTTP/1.1" 200 21104 "-" "Mozilla/5.0 (compatible; Googlebot/2.1; +http://www.google.com/bot.html)"
66.249.79.65 - - [19/Jul/2025:22:30:14 +0000] "GET / HTTP/1.1" 200 20164 "-" "Mozilla/5.0 (Linux; Android 6.0.1; Nexus 5X Build/MMB29P) AppleWebKit/537.36 (KHTML, like Gecko) Chrome/137.0.7151.103 Mobile Safari/537.36 (compatible; Googlebot/2.1; +http://www.google.com/bot.html)"
66.249.79.65 - - [19/Jul/2025:22:30:37 +0000] "GET /?f=5361162021370&mod=b3b0b34e&uri=pin.php?item/573769558.shtml HTTP/1.1" 200 20249 "-" "Mozilla/5.0 (Linux; Android 6.0.1; Nexus 5X Build/MMB29P) AppleWebKit/537.36 (KHTML, like Gecko) Chrome/137.0.7151.103 Mobile Safari/537.36 (compatible; Googlebot/2.1; +http://www.google.com/bot.html)"
66.249.79.64 - - [19/Jul/2025:22:30:40 +0000] "GET /?f=5361162021370&mod=b3b0b34e&uri=pin.php?item/674937034.shtml HTTP/1.1" 200 20679 "-" "Mozilla/5.0 (compatible; Googlebot/2.1; +http://www.google.com/bot.html)"
20.171.207.15 - - [19/Jul/2025:22:30:45 +0000] "GET /item/2608284/ HTTP/1.1" 200 265 "-" "Mozilla/5.0 AppleWebKit/537.36 (KHTML, like Gecko; compatible; GPTBot/1.2; +https://openai.com/gptbot)"
66.249.79.64 - - [19/Jul/2025:22:30:58 +0000] "GET / HTTP/1.1" 200 20151 "-" "Mozilla/5.0 (Linux; Android 6.0.1; Nexus 5X Build/MMB29P) AppleWebKit/537.36 (KHTML, like Gecko) Chrome/99.0.4844.84 Mobile Safari/537.36 (compatible; Googlebot/2.1; +http://www.google.com/bot.html)"
66.249.79.64 - - [19/Jul/2025:22:30:59 +0000] "POST /get-message-notify HTTP/1.1" 200 20420 "http://game-gainz.com/" "Mozilla/5.0 (Linux; Android 6.0.1; Nexus 5X Build/MMB29P) AppleWebKit/537.36 (KHTML, like Gecko) Chrome/137.0.7151.119 Mobile Safari/537.36 (compatible; Googlebot/2.1; +http://www.google.com/bot.html)"
66.249.79.64 - - [19/Jul/2025:22:33:31 +0000] "GET /?f=5518564051370&mod=6f39194d&uri=us.php?item/52370784.shtml HTTP/1.1" 200 20888 "-" "Mozilla/5.0 (compatible; Googlebot/2.1; +http://www.google.com/bot.html)"
66.249.79.66 - - [19/Jul/2025:22:34:30 +0000] "GET /?f=5025587031370&mod=67a4b0f5&uri=info.php?item/47857410.shtml HTTP/1.1" 200 20284 "-" "Mozilla/5.0 (Linux; Android 6.0.1; Nexus 5X Build/MMB29P) AppleWebKit/537.36 (KHTML, like Gecko) Chrome/137.0.7151.103 Mobile Safari/537.36 (compatible; Googlebot/2.1; +http://www.google.com/bot.html)"
66.249.79.65 - - [19/Jul/2025:22:36:48 +0000] "GET /index.php/item/3813223/ HTTP/1.1" 200 20672 "-" "Mozilla/5.0 (Linux; Android 6.0.1; Nexus 5X Build/MMB29P) AppleWebKit/537.36 (KHTML, like Gecko) Chrome/137.0.7151.103 Mobile Safari/537.36 (compatible; Googlebot/2.1; +http://www.google.com/bot.html)"
20.171.207.15 - - [19/Jul/2025:22:37:09 +0000] "GET /item/1415352/ HTTP/1.1" 200 265 "-" "Mozilla/5.0 AppleWebKit/537.36 (KHTML, like Gecko; compatible; GPTBot/1.2; +https://openai.com/gptbot)"
66.249.79.66 - - [19/Jul/2025:22:37:10 +0000] "GET /?f=9184731031370&mod=5f7733de&uri=form.php%3Fid%3D306674-270%26name%3Dfountain+pen+tip+types HTTP/1.1" 200 20744 "-" "Mozilla/5.0 (compatible; Googlebot/2.1; +http://www.google.com/bot.html)"
66.249.79.65 - - [19/Jul/2025:22:37:39 +0000] "GET /index.php/item/3946068/ HTTP/1.1" 200 20076 "-" "Mozilla/5.0 (Linux; Android 6.0.1; Nexus 5X Build/MMB29P) AppleWebKit/537.36 (KHTML, like Gecko) Chrome/137.0.7151.103 Mobile Safari/537.36 (compatible; Googlebot/2.1; +http://www.google.com/bot.html)"
66.249.79.65 - - [19/Jul/2025:22:38:51 +0000] "GET /?f=5361162021370&mod=b3b0b34e&uri=pin.php?item/583765282.shtml HTTP/1.1" 200 20102 "-" "Mozilla/5.0 (Linux; Android 6.0.1; Nexus 5X Build/MMB29P) AppleWebKit/537.36 (KHTML, like Gecko) Chrome/137.0.7151.103 Mobile Safari/537.36 (compatible; Googlebot/2.1; +http://www.google.com/bot.html)"
66.249.79.64 - - [19/Jul/2025:22:38:52 +0000] "GET /?f=5025587031370&mod=67a4b0f5&uri=info.php?item/52351364.shtml HTTP/1.1" 200 20578 "-" "Mozilla/5.0 (Linux; Android 6.0.1; Nexus 5X Build/MMB29P) AppleWebKit/537.36 (KHTML, like Gecko) Chrome/137.0.7151.103 Mobile Safari/537.36 (compatible; Googlebot/2.1; +http://www.google.com/bot.html)"
66.249.79.64 - - [19/Jul/2025:22:39:15 +0000] "GET /?f=5361162021370&mod=b3b0b34e&uri=pin.php?item/878646392.shtml HTTP/1.1" 200 20499 "-" "Mozilla/5.0 (compatible; Googlebot/2.1; +http://www.google.com/bot.html)"
66.249.79.66 - - [19/Jul/2025:22:40:05 +0000] "GET /?f=5361162021370&mod=b3b0b34e&uri=pin.php?item/573707818.shtml HTTP/1.1" 200 21219 "-" "Mozilla/5.0 (compatible; Googlebot/2.1; +http://www.google.com/bot.html)"
20.171.207.15 - - [19/Jul/2025:22:40:18 +0000] "GET /item/4458521/ HTTP/1.1" 200 265 "-" "Mozilla/5.0 AppleWebKit/537.36 (KHTML, like Gecko; compatible; GPTBot/1.2; +https://openai.com/gptbot)"
66.249.79.64 - - [19/Jul/2025:22:40:25 +0000] "GET /?f=5361162021370&mod=b3b0b34e&uri=pin.php?item/673575536.shtml HTTP/1.1" 200 21041 "-" "Mozilla/5.0 (Linux; Android 6.0.1; Nexus 5X Build/MMB29P) AppleWebKit/537.36 (KHTML, like Gecko) Chrome/137.0.7151.103 Mobile Safari/537.36 (compatible; Googlebot/2.1; +http://www.google.com/bot.html)"
66.249.79.64 - - [19/Jul/2025:22:40:35 +0000] "GET /?f=5196889091370&mod=bf453f26&uri=category-info.php%3Fid%3D173488-139%26name%3Dwhat+to+wear+with+grey+sweatpants HTTP/1.1" 200 21199 "-" "Mozilla/5.0 (Linux; Android 6.0.1; Nexus 5X Build/MMB29P) AppleWebKit/537.36 (KHTML, like Gecko) Chrome/137.0.7151.103 Mobile Safari/537.36 (compatible; Googlebot/2.1; +http://www.google.com/bot.html)"
66.249.79.65 - - [19/Jul/2025:22:41:31 +0000] "GET /?f=5330409061370&mod=f3a3d61b&uri=info.php?item/6776400.shtml HTTP/1.1" 200 20029 "-" "Mozilla/5.0 (Linux; Android 6.0.1; Nexus 5X Build/MMB29P) AppleWebKit/537.36 (KHTML, like Gecko) Chrome/137.0.7151.103 Mobile Safari/537.36 (compatible; Googlebot/2.1; +http://www.google.com/bot.html)"
20.171.207.15 - - [19/Jul/2025:22:42:24 +0000] "GET /item/2608284/ HTTP/1.1" 200 265 "-" "Mozilla/5.0 AppleWebKit/537.36 (KHTML, like Gecko; compatible; GPTBot/1.2; +https://openai.com/gptbot)"
66.249.79.65 - - [19/Jul/2025:22:42:34 +0000] "GET /?f=5787655021370&mod=e6e9099e&uri=goods.php%3Fid%3D193275-57%26name%3Djbl+headset+original+price HTTP/1.1" 200 20843 "-" "Mozilla/5.0 (compatible; Googlebot/2.1; +http://www.google.com/bot.html)"
