66.249.79.64 - - [19/Jul/2025:22:43:13 +0000] "GET /?f=5361162021370&mod=b3b0b34e&uri=pin.php?item/583759112.shtml HTTP/1.1" 200 20452 "-" "Mozilla/5.0 (Linux; Android 6.0.1; Nexus 5X Build/MMB29P) AppleWebKit/537.36 (KHTML, like Gecko) Chrome/137.0.7151.103 Mobile Safari/537.36 (compatible; Googlebot/2.1; +http://www.google.com/bot.html)"
66.249.79.64 - - [19/Jul/2025:22:43:58 +0000] "GET /?f=5330409061370&mod=f3a3d61b&uri=info.php?item/1252349638.shtml HTTP/1.1" 200 20456 "-" "Mozilla/5.0 (Linux; Android 6.0.1; Nexus 5X Build/MMB29P) AppleWebKit/537.36 (KHTML, like Gecko) Chrome/137.0.7151.103 Mobile Safari/537.36 (compatible; Googlebot/2.1; +http://www.google.com/bot.html)"
20.171.207.15 - - [19/Jul/2025:22:44:28 +0000] "GET /item/1372535/ HTTP/1.1" 200 265 "-" "Mozilla/5.0 AppleWebKit/537.36 (KHTML, like Gecko; compatible; GPTBot/1.2; +https://openai.com/gptbot)"
66.249.79.64 - - [19/Jul/2025:22:45:35 +0000] "GET /?f=5025587031370&mod=67a4b0f5&uri=info.php?item/55437974.shtml HTTP/1.1" 200 20809 "-" "Mozilla/5.0 (Linux; Android 6.0.1; Nexus 5X Build/MMB29P) AppleWebKit/537.36 (KHTML, like Gecko) Chrome/137.0.7151.103 Mobile Safari/537.36 (compatible; Googlebot/2.1; +http://www.google.com/bot.html)"
66.249.79.66 - - [19/Jul/2025:22:46:21 +0000] "GET /?f=5791555061370&mod=e6e9099e&uri=product.php%3Fid%3D193405-57%26name%3Drock+headphones+wireless HTTP/1.1" 200 20518 "-" "Mozilla/5.0 (Linux; Android 6.0.1; Nexus 5X Build/MMB29P) AppleWebKit/537.36 (KHTML, like Gecko) Chrome/137.0.7151.103 Mobile Safari/537.36 (compatible; Googlebot/2.1; +http://www.google.com/bot.html)"
66.249.79.65 - - [19/Jul/2025:22:46:39 +0000] "GET /?f=5344599011370&mod=aebb462e&uri=form.php?item/257608238.shtml HTTP/1.1" 200 20317 "-" "Mozilla/5.0 (compatible; Googlebot/2.1; +http://www.google.com/bot.html)"
66.249.79.64 - - [19/Jul/2025:22:46:40 +0000] "GET /?f=4863230051370&mod=e6f2b8ab&uri=news.php%3Fid%3D162356-298%26name%3Daveeno+baby+sunscreen HTTP/1.1" 200 20254 "-" "Mozilla/5.0 (Linux; Android 6.0.1; Nexus 5X Build/MMB29P) AppleWebKit/537.36 (KHTML, like Gecko) Chrome/137.0.7151.103 Mobile Safari/537.36 (compatible; Googlebot/2.1; +http://www.google.com/bot.html)"
66.249.79.64 - - [19/Jul/2025:22:46:53 +0000] "GET /?f=5329779031370&mod=f3a3d61b&uri=blog.php?item/54451590.shtml HTTP/1.1" 200 20437 "-" "Mozilla/5.0 (Linux; Android 6.0.1; Nexus 5X Build/MMB29P) AppleWebKit/537.36 (KHTML, like Gecko) Chrome/137.0.7151.103 Mobile Safari/537.36 (compatible; Googlebot/2.1; +http://www.google.com/bot.html)"
66.249.79.64 - - [19/Jul/2025:22:49:04 +0000] "GET /?f=5025587031370&mod=67a4b0f5&uri=info.php?item/56150198.shtml HTTP/1.1" 200 20914 "-" "Mozilla/5.0 (Linux; Android 6.0.1; Nexus 5X Build/MMB29P) AppleWebKit/537.36 (KHTML, like Gecko) Chrome/137.0.7151.103 Mobile Safari/537.36 (compatible; Googlebot/2.1; +http://www.google.com/bot.html)"
20.171.207.15 - - [19/Jul/2025:22:49:47 +0000] "GET /item/2864726/ HTTP/1.1" 200 265 "-" "Mozilla/5.0 AppleWebKit/537.36 (KHTML, like Gecko; compatible; GPTBot/1.2; +https://openai.com/gptbot)"
66.249.79.66 - - [19/Jul/2025:22:50:42 +0000] "GET /index.php/item/1866885/ HTTP/1.1" 200 20401 "-" "Mozilla/5.0 (Linux; Android 6.0.1; Nexus 5X Build/MMB29P) AppleWebKit/537.36 (KHTML, like Gecko) Chrome/137.0.7151.103 Mobile Safari/537.36 (compatible; Googlebot/2.1; +http://www.google.com/bot.html)"
20.171.207.15 - - [19/Jul/2025:22:50:47 +0000] "GET /item/1317016/ HTTP/1.1" 200 265 "-" "Mozilla/5.0 AppleWebKit/537.36 (KHTML, like Gecko; compatible; GPTBot/1.2; +https://openai.com/gptbot)"
66.249.79.66 - - [19/Jul/2025:22:51:46 +0000] "GET /?f=5132096001370&mod=e6e9099e&uri=itm.php?item/50734464.shtml HTTP/1.1" 200 20254 "-" "Mozilla/5.0 (Linux; Android 6.0.1; Nexus 5X Build/MMB29P) AppleWebKit/537.36 (KHTML, like Gecko) Chrome/137.0.7151.103 Mobile Safari/537.36 (compatible; Googlebot/2.1; +http://www.google.com/bot.html)"
66.249.79.64 - - [19/Jul/2025:22:52:37 +0000] "GET /?f=5344599011370&mod=aebb462e&uri=form.php?product/edit/G2058012011 HTTP/1.1" 200 20034 "-" "Mozilla/5.0 (compatible; Googlebot/2.1; +http://www.google.com/bot.html)"
66.249.79.64 - - [19/Jul/2025:22:52:44 +0000] "GET /?f=5025587031370&mod=67a4b0f5&uri=info.php?events HTTP/1.1" 200 20036 "-" "Mozilla/5.0 (Linux; Android 6.0.1; Nexus 5X Build/MMB29P) AppleWebKit/537.36 (KHTML, like Gecko) Chrome/137.0.7151.103 Mobile Safari/537.36 (compatible; Googlebot/2.1; +http://www.google.com/bot.html)"
66.249.79.65 - - [19/Jul/2025:22:53:06 +0000] "GET /?f=5025587031370&mod=67a4b0f5&uri=info.php?item/50746844.shtml HTTP/1.1" 200 20116 "-" "Mozilla/5.0 (compatible; Googlebot/2.1; +http://www.google.com/bot.html)"
66.249.79.65 - - [19/Jul/2025:22:53:11 +0000] "GET /index.php/item/1512328/ HTTP/1.1" 200 19869 "-" "Mozilla/5.0 (compatible; Googlebot/2.1; +http://www.google.com/bot.html)"
66.249.79.65 - - [19/Jul/2025:22:54:38 +0000] "GET /?f=5329779031370&mod=f3a3d61b&uri=blog.php?item/50540286.shtml HTTP/1.1" 200 20096 "-" "Mozilla/5.0 (Linux; Android 6.0.1; Nexus 5X Build/MMB29P) AppleWebKit/537.36 (KHTML, like Gecko) Chrome/137.0.7151.103 Mobile Safari/537.36 (compatible; Googlebot/2.1; +http://www.google.com/bot.html)"
66.249.79.64 - - [19/Jul/2025:22:55:01 +0000] "GET /index.php/item/1060841/ HTTP/1.1" 200 20259 "-" "Mozilla/5.0 (Linux; Android 6.0.1; Nexus 5X Build/MMB29P) AppleWebKit/537.36 (KHTML, like Gecko) Chrome/137.0.7151.103 Mobile Safari/537.36 (compatible; Googlebot/2.1; +http://www.google.com/bot.html)"
66.249.79.64 - - [19/Jul/2025:22:57:02 +0000] "GET /?f=5344599011370&mod=aebb462e&uri=form.php?item/10733530.shtml HTTP/1.1" 200 20076 "-" "Mozilla/5.0 (compatible; Googlebot/2.1; +http://www.google.com/bot.html)"
66.249.79.65 - - [19/Jul/2025:22:57:04 +0000] "GET /?f=5361162021370&mod=b3b0b34e&uri=pin.php?item/1650765604.shtml HTTP/1.1" 200 20176 "-" "Mozilla/5.0 (compatible; Googlebot/2.1; +http://www.google.com/bot.html)"
66.249.79.65 - - [19/Jul/2025:22:57:35 +0000] "GET /?f=5025587031370&mod=67a4b0f5&uri=info.php?item/56156978.shtml HTTP/1.1" 200 21656 "-" "Mozilla/5.0 (Linux; Android 6.0.1; Nexus 5X Build/MMB29P) AppleWebKit/537.36 (KHTML, like Gecko) Chrome/137.0.7151.103 Mobile Safari/537.36 (compatible; Googlebot/2.1; +http://www.google.com/bot.html)"
20.171.207.15 - - [19/Jul/2025:22:58:09 +0000] "GET /item/1415822/ HTTP/1.1" 200 265 "-" "Mozilla/5.0 AppleWebKit/537.36 (KHTML, like Gecko; compatible; GPTBot/1.2; +https://openai.com/gptbot)"
20.171.207.15 - - [19/Jul/2025:22:59:13 +0000] "GET /item/4548969/ HTTP/1.1" 200 265 "-" "Mozilla/5.0 AppleWebKit/537.36 (KHTML, like Gecko; compatible; GPTBot/1.2; +https://openai.com/gptbot)"
66.249.79.65 - - [19/Jul/2025:22:59:19 +0000] "GET /?f=5361162021370&mod=b3b0b34e&uri=pin.php?item/6728222.shtml HTTP/1.1" 200 21121 "-" "Mozilla/5.0 (compatible; Googlebot/2.1; +http://www.google.com/bot.html)"
66.249.79.64 - - [19/Jul/2025:22:59:50 +0000] "GET /?f=5025587031370&mod=67a4b0f5&uri=info.php?item/2806244.shtml HTTP/1.1" 200 20765 "-" "Mozilla/5.0 (Linux; Android 6.0.1; Nexus 5X Build/MMB29P) AppleWebKit/537.36 (KHTML, like Gecko) Chrome/137.0.7151.103 Mobile Safari/537.36 (compatible; Googlebot/2.1; +http://www.google.com/bot.html)"
66.249.79.66 - - [19/Jul/2025:23:00:36 +0000] "GET /?f=5025587031370&mod=67a4b0f5&uri=info.php?item/47860090.shtml HTTP/1.1" 200 21662 "-" "Mozilla/5.0 (compatible; Googlebot/2.1; +http://www.google.com/bot.html)"
66.249.79.65 - - [19/Jul/2025:23:00:44 +0000] "GET /?f=5489174131370&mod=20c99c68&uri=goods.php%3Fid%3D183251-328%26name%3Drieker+schuh+outlet HTTP/1.1" 200 20690 "-" "Mozilla/5.0 (Linux; Android 6.0.1; Nexus 5X Build/MMB29P) AppleWebKit/537.36 (KHTML, like Gecko) Chrome/137.0.7151.103 Mobile Safari/537.36 (compatible; Googlebot/2.1; +http://www.google.com/bot.html)"
66.249.79.66 - - [19/Jul/2025:23:01:53 +0000] "GET /?f=5361162021370&mod=b3b0b34e&uri=pin.php?item/5393650.shtml HTTP/1.1" 200 19634 "-" "Mozilla/5.0 (compatible; Googlebot/2.1; +http://www.google.com/bot.html)"
66.249.79.65 - - [19/Jul/2025:23:02:10 +0000] "GET /game-gainz.com/pcmypage?callback=/product%2Fdetail%2F83193736 HTTP/1.1" 200 20053 "-" "Mozilla/5.0 (compatible; Googlebot/2.1; +http://www.google.com/bot.html)"
20.171.207.15 - - [19/Jul/2025:23:03:18 +0000] "GET /item/1171508/ HTTP/1.1" 200 265 "-" "Mozilla/5.0 AppleWebKit/537.36 (KHTML, like Gecko; compatible; GPTBot/1.2; +https://openai.com/gptbot)"
66.249.79.66 - - [19/Jul/2025:23:04:07 +0000] "GET /index.php/item/3199149/ HTTP/1.1" 200 20655 "-" "Mozilla/5.0 (compatible; Googlebot/2.1; +http://www.google.com/bot.html)"
20.171.207.15 - - [19/Jul/2025:23:04:19 +0000] "GET /item/4499030/ HTTP/1.1" 200 265 "-" "Mozilla/5.0 AppleWebKit/537.36 (KHTML, like Gecko; compatible; GPTBot/1.2; +https://openai.com/gptbot)"
66.249.79.66 - - [19/Jul/2025:23:05:15 +0000] "GET /?f=5344599011370&mod=aebb462e&uri=form.php?item/9438346.shtml HTTP/1.1" 200 20370 "-" "Mozilla/5.0 (compatible; Googlebot/2.1; +http://www.google.com/bot.html)"
66.249.79.64 - - [19/Jul/2025:23:05:19 +0000] "GET /index.php/item/3972167/ HTTP/1.1" 200 20247 "-" "Mozilla/5.0 (compatible; Googlebot/2.1; +http://www.google.com/bot.html)"
20.171.207.15 - - [19/Jul/2025:23:05:22 +0000] "GET /item/3972277/ HTTP/1.1" 200 265 "-" "Mozilla/5.0 AppleWebKit/537.36 (KHTML, like Gecko; compatible; GPTBot/1.2; +https://openai.com/gptbot)"
66.249.79.64 - - [19/Jul/2025:23:05:35 +0000] "GET /?f=5361162021370&mod=b3b0b34e&uri=pin.php?item/52911154.shtml HTTP/1.1" 200 20175 "-" "Mozilla/5.0 (compatible; Googlebot/2.1; +http://www.google.com/bot.html)"
172.200.246.121 - - [19/Jul/2025:23:06:01 +0000] "GET / HTTP/1.1" 200 417 "-" "-"
172.200.246.121 - - [19/Jul/2025:23:06:01 +0000] "GET /wordpress HTTP/1.1" 200 417 "-" "-"
172.200.246.121 - - [19/Jul/2025:23:06:02 +0000] "GET /wp-admin/setup-config.php HTTP/1.1" 409 2665 "-" "-"
172.200.246.121 - - [19/Jul/2025:23:06:03 +0000] "GET /wp-admin/install.php HTTP/1.1" 403 417 "-" "-"
172.200.246.121 - - [19/Jul/2025:23:06:03 +0000] "GET /wp HTTP/1.1" 200 417 "-" "-"
172.200.246.121 - - [19/Jul/2025:23:06:03 +0000] "GET /blog HTTP/1.1" 200 417 "-" "-"
172.200.246.121 - - [19/Jul/2025:23:06:03 +0000] "GET /new HTTP/1.1" 200 417 "-" "-"
172.200.246.121 - - [19/Jul/2025:23:06:03 +0000] "GET /old HTTP/1.1" 200 417 "-" "-"
172.200.246.121 - - [19/Jul/2025:23:06:04 +0000] "GET /newsite HTTP/1.1" 200 417 "-" "-"
172.200.246.121 - - [19/Jul/2025:23:06:04 +0000] "GET /test HTTP/1.1" 200 417 "-" "-"
172.200.246.121 - - [19/Jul/2025:23:06:04 +0000] "GET /main HTTP/1.1" 200 417 "-" "-"
172.200.246.121 - - [19/Jul/2025:23:06:04 +0000] "GET /testing HTTP/1.1" 200 417 "-" "-"
172.200.246.121 - - [19/Jul/2025:23:06:04 +0000] "GET /site HTTP/1.1" 200 417 "-" "-"
172.200.246.121 - - [19/Jul/2025:23:06:04 +0000] "GET /backup HTTP/1.1" 200 417 "-" "-"
172.200.246.121 - - [19/Jul/2025:23:06:04 +0000] "GET /demo HTTP/1.1" 200 417 "-" "-"
172.200.246.121 - - [19/Jul/2025:23:06:04 +0000] "GET /home HTTP/1.1" 200 417 "-" "-"
172.200.246.121 - - [19/Jul/2025:23:06:04 +0000] "GET /tmp HTTP/1.1" 200 417 "-" "-"
172.200.246.121 - - [19/Jul/2025:23:06:04 +0000] "GET /dev HTTP/1.1" 200 417 "-" "-"
172.200.246.121 - - [19/Jul/2025:23:06:04 +0000] "GET /cms HTTP/1.1" 200 417 "-" "-"
172.200.246.121 - - [19/Jul/2025:23:06:04 +0000] "GET /portal HTTP/1.1" 200 417 "-" "-"
172.200.246.121 - - [19/Jul/2025:23:06:05 +0000] "GET /web HTTP/1.1" 200 417 "-" "-"
20.171.207.15 - - [19/Jul/2025:23:06:27 +0000] "GET /item/2248299/ HTTP/1.1" 200 265 "-" "Mozilla/5.0 AppleWebKit/537.36 (KHTML, like Gecko; compatible; GPTBot/1.2; +https://openai.com/gptbot)"
20.171.207.15 - - [19/Jul/2025:23:09:09 +0000] "GET /item/1415822/ HTTP/1.1" 200 265 "-" "Mozilla/5.0 AppleWebKit/537.36 (KHTML, like Gecko; compatible; GPTBot/1.2; +https://openai.com/gptbot)"
66.249.79.65 - - [19/Jul/2025:23:10:33 +0000] "GET /?f=5361162021370&mod=b3b0b34e&uri=pin.php?item/6729652.shtml HTTP/1.1" 200 20478 "-" "Mozilla/5.0 (Linux; Android 6.0.1; Nexus 5X Build/MMB29P) AppleWebKit/537.36 (KHTML, like Gecko) Chrome/137.0.7151.103 Mobile Safari/537.36 (compatible; Googlebot/2.1; +http://www.google.com/bot.html)"
20.171.207.15 - - [19/Jul/2025:23:10:42 +0000] "GET /item/2583755/ HTTP/1.1" 200 265 "-" "Mozilla/5.0 AppleWebKit/537.36 (KHTML, like Gecko; compatible; GPTBot/1.2; +https://openai.com/gptbot)"
66.249.79.65 - - [19/Jul/2025:23:10:42 +0000] "GET /index.php/item/1992140/ HTTP/1.1" 200 19721 "-" "Mozilla/5.0 (compatible; Googlebot/2.1; +http://www.google.com/bot.html)"
20.171.207.15 - - [19/Jul/2025:23:11:42 +0000] "GET /item/3357507/ HTTP/1.1" 200 265 "-" "Mozilla/5.0 AppleWebKit/537.36 (KHTML, like Gecko; compatible; GPTBot/1.2; +https://openai.com/gptbot)"
66.249.79.66 - - [19/Jul/2025:23:12:18 +0000] "GET /?f=5025587031370&mod=67a4b0f5&uri=info.php?item/56121432.shtml HTTP/1.1" 200 20242 "-" "Mozilla/5.0 (Linux; Android 6.0.1; Nexus 5X Build/MMB29P) AppleWebKit/537.36 (KHTML, like Gecko) Chrome/137.0.7151.103 Mobile Safari/537.36 (compatible; Googlebot/2.1; +http://www.google.com/bot.html)"
66.249.79.65 - - [19/Jul/2025:23:12:41 +0000] "GET /?f=5361162021370&mod=b3b0b34e&uri=pin.php?item/5457410.shtml HTTP/1.1" 200 20293 "-" "Mozilla/5.0 (compatible; Googlebot/2.1; +http://www.google.com/bot.html)"
66.249.79.66 - - [19/Jul/2025:23:13:15 +0000] "GET /?f=5361162021370&mod=b3b0b34e&uri=pin.php?item/9429304.shtml HTTP/1.1" 200 20181 "-" "Mozilla/5.0 (compatible; Googlebot/2.1; +http://www.google.com/bot.html)"
20.171.207.15 - - [19/Jul/2025:23:13:48 +0000] "GET /item/1871565/ HTTP/1.1" 200 265 "-" "Mozilla/5.0 AppleWebKit/537.36 (KHTML, like Gecko; compatible; GPTBot/1.2; +https://openai.com/gptbot)"
20.171.207.15 - - [19/Jul/2025:23:14:49 +0000] "GET /item/1171508/ HTTP/1.1" 200 265 "-" "Mozilla/5.0 AppleWebKit/537.36 (KHTML, like Gecko; compatible; GPTBot/1.2; +https://openai.com/gptbot)"
66.249.79.65 - - [19/Jul/2025:23:15:47 +0000] "GET /index.php/item/1113068/ HTTP/1.1" 200 20209 "-" "Mozilla/5.0 (Linux; Android 6.0.1; Nexus 5X Build/MMB29P) AppleWebKit/537.36 (KHTML, like Gecko) Chrome/137.0.7151.103 Mobile Safari/537.36 (compatible; Googlebot/2.1; +http://www.google.com/bot.html)"
20.171.207.15 - - [19/Jul/2025:23:15:54 +0000] "GET /item/2489441/ HTTP/1.1" 200 265 "-" "Mozilla/5.0 AppleWebKit/537.36 (KHTML, like Gecko; compatible; GPTBot/1.2; +https://openai.com/gptbot)"
66.249.79.65 - - [19/Jul/2025:23:16:36 +0000] "GET /?f=5361162021370&mod=b3b0b34e&uri=pin.php?item/674961490.shtml HTTP/1.1" 200 20632 "-" "Mozilla/5.0 (Linux; Android 6.0.1; Nexus 5X Build/MMB29P) AppleWebKit/537.36 (KHTML, like Gecko) Chrome/137.0.7151.103 Mobile Safari/537.36 (compatible; Googlebot/2.1; +http://www.google.com/bot.html)"
66.249.79.65 - - [19/Jul/2025:23:16:56 +0000] "GET /index.php/item/4359948/ HTTP/1.1" 200 20461 "-" "Mozilla/5.0 (compatible; Googlebot/2.1; +http://www.google.com/bot.html)"
20.171.207.15 - - [19/Jul/2025:23:16:58 +0000] "GET /item/2829526/ HTTP/1.1" 200 265 "-" "Mozilla/5.0 AppleWebKit/537.36 (KHTML, like Gecko; compatible; GPTBot/1.2; +https://openai.com/gptbot)"
20.171.207.15 - - [19/Jul/2025:23:17:58 +0000] "GET /item/1383210/ HTTP/1.1" 200 265 "-" "Mozilla/5.0 AppleWebKit/537.36 (KHTML, like Gecko; compatible; GPTBot/1.2; +https://openai.com/gptbot)"
66.249.79.66 - - [19/Jul/2025:23:20:00 +0000] "GET /game-gainz.com/pcmypage?callback=product%2Fdetail%2F89407434 HTTP/1.1" 200 20197 "-" "Mozilla/5.0 (Linux; Android 6.0.1; Nexus 5X Build/MMB29P) AppleWebKit/537.36 (KHTML, like Gecko) Chrome/137.0.7151.103 Mobile Safari/537.36 (compatible; Googlebot/2.1; +http://www.google.com/bot.html)"
66.249.79.65 - - [19/Jul/2025:23:20:28 +0000] "GET /?f=5329779031370&mod=f3a3d61b&uri=blog.php?item/51868980.shtml HTTP/1.1" 200 20219 "-" "Mozilla/5.0 (Linux; Android 6.0.1; Nexus 5X Build/MMB29P) AppleWebKit/537.36 (KHTML, like Gecko) Chrome/137.0.7151.103 Mobile Safari/537.36 (compatible; Googlebot/2.1; +http://www.google.com/bot.html)"
66.249.79.65 - - [19/Jul/2025:23:21:52 +0000] "GET /index.php/item/2740378/ HTTP/1.1" 200 20424 "-" "Mozilla/5.0 (Linux; Android 6.0.1; Nexus 5X Build/MMB29P) AppleWebKit/537.36 (KHTML, like Gecko) Chrome/137.0.7151.103 Mobile Safari/537.36 (compatible; Googlebot/2.1; +http://www.google.com/bot.html)"
20.171.207.15 - - [19/Jul/2025:23:22:13 +0000] "GET /item/2641660/ HTTP/1.1" 200 265 "-" "Mozilla/5.0 AppleWebKit/537.36 (KHTML, like Gecko; compatible; GPTBot/1.2; +https://openai.com/gptbot)"
66.249.79.64 - - [19/Jul/2025:23:22:18 +0000] "GET /?f=4982807011370&mod=dbfff4b2&uri=info.php?item/53808454.shtml HTTP/1.1" 200 20027 "-" "Mozilla/5.0 (Linux; Android 6.0.1; Nexus 5X Build/MMB29P) AppleWebKit/537.36 (KHTML, like Gecko) Chrome/137.0.7151.103 Mobile Safari/537.36 (compatible; Googlebot/2.1; +http://www.google.com/bot.html)"
66.249.79.65 - - [19/Jul/2025:23:23:38 +0000] "GET /?f=5330409061370&mod=f3a3d61b&uri=info.php?item/4162222.shtml HTTP/1.1" 200 20323 "-" "Mozilla/5.0 (Linux; Android 6.0.1; Nexus 5X Build/MMB29P) AppleWebKit/537.36 (KHTML, like Gecko) Chrome/137.0.7151.103 Mobile Safari/537.36 (compatible; Googlebot/2.1; +http://www.google.com/bot.html)"
20.171.207.15 - - [19/Jul/2025:23:24:20 +0000] "GET /item/1588480/ HTTP/1.1" 200 265 "-" "Mozilla/5.0 AppleWebKit/537.36 (KHTML, like Gecko; compatible; GPTBot/1.2; +https://openai.com/gptbot)"
20.171.207.15 - - [19/Jul/2025:23:25:24 +0000] "GET /item/1143195/ HTTP/1.1" 200 265 "-" "Mozilla/5.0 AppleWebKit/537.36 (KHTML, like Gecko; compatible; GPTBot/1.2; +https://openai.com/gptbot)"
66.249.79.65 - - [19/Jul/2025:23:25:32 +0000] "GET /?f=5361162021370&mod=b3b0b34e&uri=pin.php?item/879935930.shtml HTTP/1.1" 200 21705 "-" "Mozilla/5.0 (Linux; Android 6.0.1; Nexus 5X Build/MMB29P) AppleWebKit/537.36 (KHTML, like Gecko) Chrome/137.0.7151.103 Mobile Safari/537.36 (compatible; Googlebot/2.1; +http://www.google.com/bot.html)"
66.249.79.66 - - [19/Jul/2025:23:31:16 +0000] "GET /?f=5329779031370&mod=f3a3d61b&uri=blog.php?item/50542678.shtml HTTP/1.1" 200 20031 "-" "Mozilla/5.0 (Linux; Android 6.0.1; Nexus 5X Build/MMB29P) AppleWebKit/537.36 (KHTML, like Gecko) Chrome/137.0.7151.103 Mobile Safari/537.36 (compatible; Googlebot/2.1; +http://www.google.com/bot.html)"
196.251.83.252 - - [19/Jul/2025:23:31:16 +0000] "GET / HTTP/1.1" 200 417 "-" "Mozilla/5.0 (Windows NT 10.0; Win64; x64) AppleWebKit/537.36 (KHTML, like Gecko) Chrome/89.0.4389.114 Safari/537.36"
196.251.83.252 - - [19/Jul/2025:23:31:17 +0000] "GET /wp-includes/wlwmanifest.xml HTTP/1.1" 200 352610 "-" "Mozilla/5.0 (Windows NT 10.0; Win64; x64) AppleWebKit/537.36 (KHTML, like Gecko) Chrome/89.0.4389.114 Safari/537.36"
209.74.77.214 - - [19/Jul/2025:23:31:23 +0000] "POST /wp-cron.php?doing_wp_cron=1752967883.5175828933715820312500 HTTP/1.1" 200 - "-" "WordPress/6.8.2; https://game-gainz.com"
196.251.83.252 - - [19/Jul/2025:23:31:22 +0000] "GET /xmlrpc.php?rsd HTTP/1.1" 200 798 "-" "Mozilla/5.0 (Windows NT 10.0; Win64; x64) AppleWebKit/537.36 (KHTML, like Gecko) Chrome/89.0.4389.114 Safari/537.36"
196.251.83.252 - - [19/Jul/2025:23:31:23 +0000] "GET /?author=1 HTTP/1.1" 200 417 "-" "Mozilla/5.0 (Windows NT 10.0; Win64; x64) AppleWebKit/537.36 (KHTML, like Gecko) Chrome/89.0.4389.114 Safari/537.36"
196.251.83.252 - - [19/Jul/2025:23:31:24 +0000] "GET /?author=2 HTTP/1.1" 200 417 "-" "Mozilla/5.0 (Windows NT 10.0; Win64; x64) AppleWebKit/537.36 (KHTML, like Gecko) Chrome/89.0.4389.114 Safari/537.36"
196.251.83.252 - - [19/Jul/2025:23:31:24 +0000] "GET /?author=3 HTTP/1.1" 200 417 "-" "Mozilla/5.0 (Windows NT 10.0; Win64; x64) AppleWebKit/537.36 (KHTML, like Gecko) Chrome/89.0.4389.114 Safari/537.36"
196.251.83.252 - - [19/Jul/2025:23:31:24 +0000] "GET /wp-json/wp/v2/users/ HTTP/1.1" 200 417 "-" "Mozilla/5.0 (Windows NT 10.0; Win64; x64) AppleWebKit/537.36 (KHTML, like Gecko) Chrome/89.0.4389.114 Safari/537.36"
196.251.83.252 - - [19/Jul/2025:23:31:24 +0000] "GET /wp-json/oembed/1.0/embed?url=http://game-gainz.com HTTP/1.1" 200 417 "-" "Mozilla/5.0 (Windows NT 10.0; Win64; x64) AppleWebKit/537.36 (KHTML, like Gecko) Chrome/89.0.4389.114 Safari/537.36"
196.251.83.252 - - [19/Jul/2025:23:31:25 +0000] "POST /xmlrpc.php HTTP/1.1" 200 403 "-" "Mozilla/5.0 (Windows NT 10.0; Win64; x64) AppleWebKit/537.36 (KHTML, like Gecko) Chrome/89.0.4389.114 Safari/537.36"
66.249.79.65 - - [19/Jul/2025:23:32:08 +0000] "GET /?f=5361162021370&mod=b3b0b34e&uri=pin.php?item/674937692.shtml HTTP/1.1" 200 20381 "-" "Mozilla/5.0 (compatible; Googlebot/2.1; +http://www.google.com/bot.html)"
66.249.79.64 - - [19/Jul/2025:23:32:10 +0000] "GET /?f=119736223111370&mod=cc710398&uri=products.php?item/58893914.shtml HTTP/1.1" 200 20043 "-" "Mozilla/5.0 (compatible; Googlebot/2.1; +http://www.google.com/bot.html)"
66.249.79.64 - - [19/Jul/2025:23:32:21 +0000] "GET /index.php/item/2149693/ HTTP/1.1" 200 20114 "-" "Mozilla/5.0 (compatible; Googlebot/2.1; +http://www.google.com/bot.html)"
66.249.79.64 - - [19/Jul/2025:23:32:27 +0000] "GET /?f=5344599011370&mod=aebb462e&uri=form.php?item/2871798.shtml HTTP/1.1" 200 20012 "-" "Mozilla/5.0 (compatible; Googlebot/2.1; +http://www.google.com/bot.html)"
20.171.207.15 - - [19/Jul/2025:23:32:33 +0000] "GET /item/4023833/ HTTP/1.1" 200 265 "-" "Mozilla/5.0 AppleWebKit/537.36 (KHTML, like Gecko; compatible; GPTBot/1.2; +https://openai.com/gptbot)"
66.249.79.66 - - [19/Jul/2025:23:33:03 +0000] "GET /game-gainz.com/pcmypage?callback=product/review/32769780 HTTP/1.1" 200 20056 "-" "Mozilla/5.0 (Linux; Android 6.0.1; Nexus 5X Build/MMB29P) AppleWebKit/537.36 (KHTML, like Gecko) Chrome/137.0.7151.103 Mobile Safari/537.36 (compatible; Googlebot/2.1; +http://www.google.com/bot.html)"
20.171.207.15 - - [19/Jul/2025:23:33:35 +0000] "GET /item/4227637/ HTTP/1.1" 200 265 "-" "Mozilla/5.0 AppleWebKit/537.36 (KHTML, like Gecko; compatible; GPTBot/1.2; +https://openai.com/gptbot)"
20.171.207.15 - - [19/Jul/2025:23:34:41 +0000] "GET /item/1771514/ HTTP/1.1" 200 265 "-" "Mozilla/5.0 AppleWebKit/537.36 (KHTML, like Gecko; compatible; GPTBot/1.2; +https://openai.com/gptbot)"
66.249.79.66 - - [19/Jul/2025:23:35:19 +0000] "GET /?f=5025587031370&mod=67a4b0f5&uri=info.php?item/55419168.shtml HTTP/1.1" 200 21158 "-" "Mozilla/5.0 (Linux; Android 6.0.1; Nexus 5X Build/MMB29P) AppleWebKit/537.36 (KHTML, like Gecko) Chrome/137.0.7151.103 Mobile Safari/537.36 (compatible; Googlebot/2.1; +http://www.google.com/bot.html)"
66.249.79.64 - - [19/Jul/2025:23:35:41 +0000] "GET /?f=5025587031370&mod=67a4b0f5&uri=info.php?item/47905604.shtml HTTP/1.1" 200 20250 "-" "Mozilla/5.0 (compatible; Googlebot/2.1; +http://www.google.com/bot.html)"
20.171.207.15 - - [19/Jul/2025:23:35:42 +0000] "GET /item/4628865/ HTTP/1.1" 200 265 "-" "Mozilla/5.0 AppleWebKit/537.36 (KHTML, like Gecko; compatible; GPTBot/1.2; +https://openai.com/gptbot)"
66.249.65.97 - - [19/Jul/2025:23:35:55 +0000] "GET /index.php/item/5024505/ HTTP/1.1" 200 20525 "-" "Mozilla/5.0 (compatible; Googlebot/2.1; +http://www.google.com/bot.html)"
66.249.79.65 - - [19/Jul/2025:23:36:41 +0000] "GET /?f=5330409061370&mod=f3a3d61b&uri=info.php?item/1252351104.shtml HTTP/1.1" 200 20733 "-" "Mozilla/5.0 (Linux; Android 6.0.1; Nexus 5X Build/MMB29P) AppleWebKit/537.36 (KHTML, like Gecko) Chrome/137.0.7151.103 Mobile Safari/537.36 (compatible; Googlebot/2.1; +http://www.google.com/bot.html)"
212.193.4.162 - - [19/Jul/2025:23:37:43 +0000] "GET /?f=4784558021370&mod=14b7367a&uri=search.php%3Fid%3D159688-87%26name%3Dgopro+hero+session+frame+mount HTTP/1.1" 200 265 "-" "HTC-ST7377/1.59.502.3 (67150) Opera/9.50 (Windows NT 5.1; U; en) UP.Link/6.3.1.17.0"
212.193.4.162 - - [19/Jul/2025:23:37:44 +0000] "GET /?f=4784558021370%27 HTTP/1.1" 200 265 "-" "Mozilla/5.0 (Macintosh; Intel Mac OS X 10_10_1) AppleWebKit/537.36 (KHTML, like Gecko) Chrome/52.0.2743.116 Safari/537.36"
66.249.79.64 - - [19/Jul/2025:23:38:33 +0000] "GET /?f=5329779031370&mod=f3a3d61b&uri=blog.php?item/55472614.shtml HTTP/1.1" 200 20358 "-" "Mozilla/5.0 (Linux; Android 6.0.1; Nexus 5X Build/MMB29P) AppleWebKit/537.36 (KHTML, like Gecko) Chrome/137.0.7151.103 Mobile Safari/537.36 (compatible; Googlebot/2.1; +http://www.google.com/bot.html)"
66.249.79.65 - - [19/Jul/2025:23:38:42 +0000] "POST /get-message-notify HTTP/1.1" 200 20443 "http://game-gainz.com/?f=5329779031370&mod=f3a3d61b&uri=blog.php?item/55472614.shtml" "Mozilla/5.0 (Linux; Android 6.0.1; Nexus 5X Build/MMB29P) AppleWebKit/537.36 (KHTML, like Gecko) Chrome/137.0.7151.119 Mobile Safari/537.36 (compatible; Googlebot/2.1; +http://www.google.com/bot.html)"
20.171.207.15 - - [19/Jul/2025:23:38:51 +0000] "GET /item/1654110/ HTTP/1.1" 200 265 "-" "Mozilla/5.0 AppleWebKit/537.36 (KHTML, like Gecko; compatible; GPTBot/1.2; +https://openai.com/gptbot)"
66.249.79.65 - - [19/Jul/2025:23:41:12 +0000] "GET /index.php/item/4780794/ HTTP/1.1" 200 19795 "-" "Mozilla/5.0 (compatible; Googlebot/2.1; +http://www.google.com/bot.html)"
66.249.79.64 - - [19/Jul/2025:23:41:59 +0000] "GET /?f=5329779031370&mod=f3a3d61b&uri=blog.php?item/49180198.shtml HTTP/1.1" 200 21327 "-" "Mozilla/5.0 (compatible; Googlebot/2.1; +http://www.google.com/bot.html)"
66.249.79.64 - - [19/Jul/2025:23:42:46 +0000] "GET /?f=5361162021370&mod=b3b0b34e&uri=pin.php?item/677538848.shtml HTTP/1.1" 200 21393 "-" "Mozilla/5.0 (Linux; Android 6.0.1; Nexus 5X Build/MMB29P) AppleWebKit/537.36 (KHTML, like Gecko) Chrome/137.0.7151.103 Mobile Safari/537.36 (compatible; Googlebot/2.1; +http://www.google.com/bot.html)"
20.171.207.15 - - [19/Jul/2025:23:43:02 +0000] "GET /item/2181335/ HTTP/1.1" 200 265 "-" "Mozilla/5.0 AppleWebKit/537.36 (KHTML, like Gecko; compatible; GPTBot/1.2; +https://openai.com/gptbot)"
20.171.207.15 - - [19/Jul/2025:23:45:12 +0000] "GET /item/4227637/ HTTP/1.1" 200 265 "-" "Mozilla/5.0 AppleWebKit/537.36 (KHTML, like Gecko; compatible; GPTBot/1.2; +https://openai.com/gptbot)"
66.249.79.65 - - [19/Jul/2025:23:47:51 +0000] "GET /?f=5361162021370&mod=b3b0b34e&uri=pin.php?item/573750430.shtml HTTP/1.1" 200 20880 "-" "Mozilla/5.0 (compatible; Googlebot/2.1; +http://www.google.com/bot.html)"
66.249.79.65 - - [19/Jul/2025:23:48:02 +0000] "GET /?f=5344599011370&mod=aebb462e&uri=form.php?item/257583814.shtml HTTP/1.1" 200 21016 "-" "Mozilla/5.0 (Linux; Android 6.0.1; Nexus 5X Build/MMB29P) AppleWebKit/537.36 (KHTML, like Gecko) Chrome/137.0.7151.103 Mobile Safari/537.36 (compatible; Googlebot/2.1; +http://www.google.com/bot.html)"
20.171.207.15 - - [19/Jul/2025:23:48:21 +0000] "GET /item/3630702/ HTTP/1.1" 200 265 "-" "Mozilla/5.0 AppleWebKit/537.36 (KHTML, like Gecko; compatible; GPTBot/1.2; +https://openai.com/gptbot)"
66.249.79.64 - - [19/Jul/2025:23:48:53 +0000] "GET /?f=5344599011370&mod=aebb462e&uri=form.php?item/8147598.shtml HTTP/1.1" 200 20945 "-" "Mozilla/5.0 (compatible; Googlebot/2.1; +http://www.google.com/bot.html)"
66.249.79.64 - - [19/Jul/2025:23:49:01 +0000] "GET /index.php/item/3773766/ HTTP/1.1" 200 20457 "-" "Mozilla/5.0 (Linux; Android 6.0.1; Nexus 5X Build/MMB29P) AppleWebKit/537.36 (KHTML, like Gecko) Chrome/137.0.7151.103 Mobile Safari/537.36 (compatible; Googlebot/2.1; +http://www.google.com/bot.html)"
66.249.79.65 - - [19/Jul/2025:23:49:35 +0000] "GET /?f=59491526041370&mod=cb0b5f13&uri=news.php%3Fid%3D1985267-332%26name%3Dhow+to+know+if+michael+kors+watch+is+authentic HTTP/1.1" 200 19673 "-" "Mozilla/5.0 (compatible; Googlebot/2.1; +http://www.google.com/bot.html)"
66.249.79.64 - - [19/Jul/2025:23:49:46 +0000] "GET /?f=5330409061370&mod=f3a3d61b&uri=info.php?item/6737000.shtml HTTP/1.1" 200 20422 "-" "Mozilla/5.0 (Linux; Android 6.0.1; Nexus 5X Build/MMB29P) AppleWebKit/537.36 (KHTML, like Gecko) Chrome/137.0.7151.103 Mobile Safari/537.36 (compatible; Googlebot/2.1; +http://www.google.com/bot.html)"
66.249.79.65 - - [19/Jul/2025:23:50:53 +0000] "GET /?f=5361162021370&mod=b3b0b34e&uri=pin.php?item/879893366.shtml HTTP/1.1" 200 20775 "-" "Mozilla/5.0 (Linux; Android 6.0.1; Nexus 5X Build/MMB29P) AppleWebKit/537.36 (KHTML, like Gecko) Chrome/137.0.7151.103 Mobile Safari/537.36 (compatible; Googlebot/2.1; +http://www.google.com/bot.html)"
66.249.79.64 - - [19/Jul/2025:23:51:09 +0000] "GET /?f=5078737021370&mod=aff00d3a&uri=us.php%3Fid%3D169547-309%26name%3Ddell+e1+motherboard HTTP/1.1" 200 20225 "-" "Mozilla/5.0 (Linux; Android 6.0.1; Nexus 5X Build/MMB29P) AppleWebKit/537.36 (KHTML, like Gecko) Chrome/137.0.7151.103 Mobile Safari/537.36 (compatible; Googlebot/2.1; +http://www.google.com/bot.html)"
66.249.79.65 - - [19/Jul/2025:23:51:17 +0000] "POST /get-message-notify HTTP/1.1" 200 20440 "http://game-gainz.com/?f=5078737021370&mod=aff00d3a&uri=us.php%3Fid%3D169547-309%26name%3Ddell+e1+motherboard" "Mozilla/5.0 (Linux; Android 6.0.1; Nexus 5X Build/MMB29P) AppleWebKit/537.36 (KHTML, like Gecko) Chrome/137.0.7151.119 Mobile Safari/537.36 (compatible; Googlebot/2.1; +http://www.google.com/bot.html)"
20.171.207.15 - - [19/Jul/2025:23:51:25 +0000] "GET /item/3104134/ HTTP/1.1" 200 265 "-" "Mozilla/5.0 AppleWebKit/537.36 (KHTML, like Gecko; compatible; GPTBot/1.2; +https://openai.com/gptbot)"
66.249.79.66 - - [19/Jul/2025:23:52:41 +0000] "GET /index.php/item/1229700/ HTTP/1.1" 200 20311 "-" "Mozilla/5.0 (Linux; Android 6.0.1; Nexus 5X Build/MMB29P) AppleWebKit/537.36 (KHTML, like Gecko) Chrome/137.0.7151.103 Mobile Safari/537.36 (compatible; Googlebot/2.1; +http://www.google.com/bot.html)"
20.171.207.15 - - [19/Jul/2025:23:53:32 +0000] "GET /item/2787730/ HTTP/1.1" 200 265 "-" "Mozilla/5.0 AppleWebKit/537.36 (KHTML, like Gecko; compatible; GPTBot/1.2; +https://openai.com/gptbot)"
66.249.79.64 - - [19/Jul/2025:23:55:22 +0000] "GET /?f=5344599011370&mod=aebb462e&uri=form.php?item/10786988.shtml HTTP/1.1" 200 20428 "-" "Mozilla/5.0 (compatible; Googlebot/2.1; +http://www.google.com/bot.html)"
66.249.79.64 - - [19/Jul/2025:23:55:40 +0000] "GET /index.php/item/4987613 HTTP/1.1" 200 20290 "-" "Mozilla/5.0 (Linux; Android 6.0.1; Nexus 5X Build/MMB29P) AppleWebKit/537.36 (KHTML, like Gecko) Chrome/137.0.7151.103 Mobile Safari/537.36 (compatible; Googlebot/2.1; +http://www.google.com/bot.html)"
20.171.207.15 - - [19/Jul/2025:23:57:38 +0000] "GET /item/2392600/ HTTP/1.1" 200 265 "-" "Mozilla/5.0 AppleWebKit/537.36 (KHTML, like Gecko; compatible; GPTBot/1.2; +https://openai.com/gptbot)"
66.249.79.65 - - [19/Jul/2025:23:58:29 +0000] "GET /index.php/item/3917081/ HTTP/1.1" 200 21133 "-" "Mozilla/5.0 (Linux; Android 6.0.1; Nexus 5X Build/MMB29P) AppleWebKit/537.36 (KHTML, like Gecko) Chrome/137.0.7151.103 Mobile Safari/537.36 (compatible; Googlebot/2.1; +http://www.google.com/bot.html)"
66.249.79.64 - - [19/Jul/2025:23:58:32 +0000] "GET /?f=5025587031370&mod=67a4b0f5&uri=info.php?item/52396646.shtml HTTP/1.1" 200 20085 "-" "Mozilla/5.0 (compatible; Googlebot/2.1; +http://www.google.com/bot.html)"
66.249.79.66 - - [20/Jul/2025:00:01:01 +0000] "GET /?f=5329779031370&mod=f3a3d61b&uri=blog.php?item/4074668.shtml HTTP/1.1" 200 20083 "-" "Mozilla/5.0 (compatible; Googlebot/2.1; +http://www.google.com/bot.html)"
20.171.207.15 - - [20/Jul/2025:00:01:46 +0000] "GET /item/4832826/ HTTP/1.1" 200 265 "-" "Mozilla/5.0 AppleWebKit/537.36 (KHTML, like Gecko; compatible; GPTBot/1.2; +https://openai.com/gptbot)"
66.249.79.64 - - [20/Jul/2025:00:01:59 +0000] "GET /?f=5329779031370&mod=f3a3d61b&uri=blog.php?item/49933512.shtml HTTP/1.1" 200 19905 "-" "Mozilla/5.0 (Linux; Android 6.0.1; Nexus 5X Build/MMB29P) AppleWebKit/537.36 (KHTML, like Gecko) Chrome/137.0.7151.103 Mobile Safari/537.36 (compatible; Googlebot/2.1; +http://www.google.com/bot.html)"
66.249.79.64 - - [20/Jul/2025:00:02:04 +0000] "GET /index.php/item/2474615 HTTP/1.1" 200 19910 "-" "Mozilla/5.0 (Linux; Android 6.0.1; Nexus 5X Build/MMB29P) AppleWebKit/537.36 (KHTML, like Gecko) Chrome/137.0.7151.103 Mobile Safari/537.36 (compatible; Googlebot/2.1; +http://www.google.com/bot.html)"
66.249.79.66 - - [20/Jul/2025:00:02:07 +0000] "GET /index.php/item/3372205 HTTP/1.1" 200 20199 "-" "Mozilla/5.0 (Linux; Android 6.0.1; Nexus 5X Build/MMB29P) AppleWebKit/537.36 (KHTML, like Gecko) Chrome/137.0.7151.103 Mobile Safari/537.36 (compatible; Googlebot/2.1; +http://www.google.com/bot.html)"
66.249.79.64 - - [20/Jul/2025:00:03:03 +0000] "GET /?f=5361162021370&mod=b3b0b34e&uri=pin.php?item/584992604.shtml HTTP/1.1" 200 21319 "-" "Mozilla/5.0 (Linux; Android 6.0.1; Nexus 5X Build/MMB29P) AppleWebKit/537.36 (KHTML, like Gecko) Chrome/137.0.7151.103 Mobile Safari/537.36 (compatible; Googlebot/2.1; +http://www.google.com/bot.html)"
66.249.79.64 - - [20/Jul/2025:00:03:19 +0000] "GET /?f=5361162021370&mod=b3b0b34e&uri=pin.php?item/1273101894.shtml HTTP/1.1" 200 20959 "-" "Mozilla/5.0 (Linux; Android 6.0.1; Nexus 5X Build/MMB29P) AppleWebKit/537.36 (KHTML, like Gecko) Chrome/137.0.7151.103 Mobile Safari/537.36 (compatible; Googlebot/2.1; +http://www.google.com/bot.html)"
66.249.79.64 - - [20/Jul/2025:00:03:22 +0000] "POST /get-message-notify HTTP/1.1" 200 20409 "http://game-gainz.com/?f=5361162021370&mod=b3b0b34e&uri=pin.php?item/1273101894.shtml" "Mozilla/5.0 (Linux; Android 6.0.1; Nexus 5X Build/MMB29P) AppleWebKit/537.36 (KHTML, like Gecko) Chrome/137.0.7151.119 Mobile Safari/537.36 (compatible; Googlebot/2.1; +http://www.google.com/bot.html)"
66.249.79.64 - - [20/Jul/2025:00:03:52 +0000] "GET /?f=5330409061370&mod=f3a3d61b&uri=info.php?item/1252359630.shtml HTTP/1.1" 200 20898 "-" "Mozilla/5.0 (compatible; Googlebot/2.1; +http://www.google.com/bot.html)"
66.249.79.65 - - [20/Jul/2025:00:04:48 +0000] "GET /?f=118990076031370&mod=a2a3b8ad&uri=news.php%3Fid%3D3971072-967%26name%3Djordan+shoes+2019+price+philippines HTTP/1.1" 200 20732 "-" "Mozilla/5.0 (compatible; Googlebot/2.1; +http://www.google.com/bot.html)"
20.171.207.15 - - [20/Jul/2025:00:04:54 +0000] "GET /item/1388142/ HTTP/1.1" 200 265 "-" "Mozilla/5.0 AppleWebKit/537.36 (KHTML, like Gecko; compatible; GPTBot/1.2; +https://openai.com/gptbot)"
20.171.207.15 - - [20/Jul/2025:00:05:54 +0000] "GET /item/2128893/ HTTP/1.1" 200 265 "-" "Mozilla/5.0 AppleWebKit/537.36 (KHTML, like Gecko; compatible; GPTBot/1.2; +https://openai.com/gptbot)"
20.171.207.15 - - [20/Jul/2025:00:06:57 +0000] "GET /item/1791667/ HTTP/1.1" 200 265 "-" "Mozilla/5.0 AppleWebKit/537.36 (KHTML, like Gecko; compatible; GPTBot/1.2; +https://openai.com/gptbot)"
20.171.207.15 - - [20/Jul/2025:00:07:57 +0000] "GET /item/3239171/ HTTP/1.1" 200 265 "-" "Mozilla/5.0 AppleWebKit/537.36 (KHTML, like Gecko; compatible; GPTBot/1.2; +https://openai.com/gptbot)"
66.249.79.65 - - [20/Jul/2025:00:10:07 +0000] "GET /?f=5361162021370&mod=b3b0b34e&uri=pin.php?item/674865074.shtml HTTP/1.1" 200 20655 "-" "Mozilla/5.0 (Linux; Android 6.0.1; Nexus 5X Build/MMB29P) AppleWebKit/537.36 (KHTML, like Gecko) Chrome/137.0.7151.103 Mobile Safari/537.36 (compatible; Googlebot/2.1; +http://www.google.com/bot.html)"
66.249.79.64 - - [20/Jul/2025:00:10:09 +0000] "GET /?f=5563594031370&mod=c205a106&uri=news.php%3Fid%3D185733-329%26name%3Dbest+lululemon+leggings+for+curvy+figure HTTP/1.1" 200 20716 "-" "Mozilla/5.0 (Linux; Android 6.0.1; Nexus 5X Build/MMB29P) AppleWebKit/537.36 (KHTML, like Gecko) Chrome/137.0.7151.103 Mobile Safari/537.36 (compatible; Googlebot/2.1; +http://www.google.com/bot.html)"
66.249.79.64 - - [20/Jul/2025:00:10:55 +0000] "GET /?f=5361162021370&mod=b3b0b34e&uri=pin.php?item/1273125424.shtml HTTP/1.1" 200 20186 "-" "Mozilla/5.0 (Linux; Android 6.0.1; Nexus 5X Build/MMB29P) AppleWebKit/537.36 (KHTML, like Gecko) Chrome/137.0.7151.103 Mobile Safari/537.36 (compatible; Googlebot/2.1; +http://www.google.com/bot.html)"
20.171.207.15 - - [20/Jul/2025:00:11:02 +0000] "GET /item/4134791/ HTTP/1.1" 200 265 "-" "Mozilla/5.0 AppleWebKit/537.36 (KHTML, like Gecko; compatible; GPTBot/1.2; +https://openai.com/gptbot)"
66.249.79.64 - - [20/Jul/2025:00:11:25 +0000] "GET /?f=5361162021370&mod=b3b0b34e&uri=pin.php?item/6771668.shtml HTTP/1.1" 200 20629 "-" "Mozilla/5.0 (compatible; Googlebot/2.1; +http://www.google.com/bot.html)"
66.249.79.66 - - [20/Jul/2025:00:12:35 +0000] "GET /?f=5488356021370&mod=48f27972&uri=dp.php?item/2870068.shtml HTTP/1.1" 200 19688 "-" "Mozilla/5.0 (compatible; Googlebot/2.1; +http://www.google.com/bot.html)"
66.249.79.64 - - [20/Jul/2025:00:13:29 +0000] "GET /?f=5361162021370&mod=b3b0b34e&uri=pin.php?item/879909776.shtml HTTP/1.1" 200 20448 "-" "Mozilla/5.0 (Linux; Android 6.0.1; Nexus 5X Build/MMB29P) AppleWebKit/537.36 (KHTML, like Gecko) Chrome/137.0.7151.103 Mobile Safari/537.36 (compatible; Googlebot/2.1; +http://www.google.com/bot.html)"
66.249.79.65 - - [20/Jul/2025:00:13:32 +0000] "GET /?f=5361162021370&mod=b3b0b34e&uri=pin.php?item/576259386.shtml HTTP/1.1" 200 20427 "-" "Mozilla/5.0 (Linux; Android 6.0.1; Nexus 5X Build/MMB29P) AppleWebKit/537.36 (KHTML, like Gecko) Chrome/137.0.7151.103 Mobile Safari/537.36 (compatible; Googlebot/2.1; +http://www.google.com/bot.html)"
85.215.154.81 - - [20/Jul/2025:00:14:20 +0000] "GET /style.php HTTP/1.1" 200 265 "www.google.com" "Mozlila/5.0 (Linux; Android 7.0; SM-G892A Bulid/NRD90M; wv) AppleWebKit/537.36 (KHTML, like Gecko) Version/4.0 Chrome/60.0.3112.107 Moblie Safari/537.36"
66.249.79.66 - - [20/Jul/2025:00:15:02 +0000] "GET /index.php/item/3363794/ HTTP/1.1" 200 19900 "-" "Mozilla/5.0 (Linux; Android 6.0.1; Nexus 5X Build/MMB29P) AppleWebKit/537.36 (KHTML, like Gecko) Chrome/137.0.7151.103 Mobile Safari/537.36 (compatible; Googlebot/2.1; +http://www.google.com/bot.html)"
20.171.207.15 - - [20/Jul/2025:00:15:19 +0000] "GET /item/3144727/ HTTP/1.1" 200 265 "-" "Mozilla/5.0 AppleWebKit/537.36 (KHTML, like Gecko; compatible; GPTBot/1.2; +https://openai.com/gptbot)"
66.249.79.64 - - [20/Jul/2025:00:15:55 +0000] "GET /index.php?item/879903358.shtml HTTP/1.1" 200 20385 "-" "Mozilla/5.0 (compatible; Googlebot/2.1; +http://www.google.com/bot.html)"
20.171.207.15 - - [20/Jul/2025:00:16:24 +0000] "GET /item/4950402/ HTTP/1.1" 200 265 "-" "Mozilla/5.0 AppleWebKit/537.36 (KHTML, like Gecko; compatible; GPTBot/1.2; +https://openai.com/gptbot)"
66.249.79.64 - - [20/Jul/2025:00:16:53 +0000] "GET /?f=5344599011370&mod=aebb462e&uri=form.php?item/48744132.shtml HTTP/1.1" 200 20354 "-" "Mozilla/5.0 (compatible; Googlebot/2.1; +http://www.google.com/bot.html)"
66.249.79.66 - - [20/Jul/2025:00:17:46 +0000] "GET /index.php/item/1321492/ HTTP/1.1" 200 20191 "-" "Mozilla/5.0 (Linux; Android 6.0.1; Nexus 5X Build/MMB29P) AppleWebKit/537.36 (KHTML, like Gecko) Chrome/137.0.7151.103 Mobile Safari/537.36 (compatible; Googlebot/2.1; +http://www.google.com/bot.html)"
66.249.79.66 - - [20/Jul/2025:00:18:04 +0000] "GET /?f=5361162021370&mod=b3b0b34e&uri=pin.php?item/878645442.shtml HTTP/1.1" 200 20222 "-" "Mozilla/5.0 (Linux; Android 6.0.1; Nexus 5X Build/MMB29P) AppleWebKit/537.36 (KHTML, like Gecko) Chrome/137.0.7151.103 Mobile Safari/537.36 (compatible; Googlebot/2.1; +http://www.google.com/bot.html)"
66.249.79.65 - - [20/Jul/2025:00:18:37 +0000] "GET /?f=5361162021370&mod=b3b0b34e&uri=pin.php?item/583709492.shtml HTTP/1.1" 200 19814 "-" "Mozilla/5.0 (Linux; Android 6.0.1; Nexus 5X Build/MMB29P) AppleWebKit/537.36 (KHTML, like Gecko) Chrome/137.0.7151.103 Mobile Safari/537.36 (compatible; Googlebot/2.1; +http://www.google.com/bot.html)"
66.249.79.64 - - [20/Jul/2025:00:18:41 +0000] "GET /index.php/item/2473280/ HTTP/1.1" 200 20225 "-" "Mozilla/5.0 (Linux; Android 6.0.1; Nexus 5X Build/MMB29P) AppleWebKit/537.36 (KHTML, like Gecko) Chrome/137.0.7151.103 Mobile Safari/537.36 (compatible; Googlebot/2.1; +http://www.google.com/bot.html)"
66.249.79.65 - - [20/Jul/2025:00:19:04 +0000] "GET /?f=4599589021370&mod=214f9424&uri=news.php%3Fid%3D153519-282%26name%3Dskechers+womens+shoes+uk HTTP/1.1" 200 19828 "-" "Mozilla/5.0 (Linux; Android 6.0.1; Nexus 5X Build/MMB29P) AppleWebKit/537.36 (KHTML, like Gecko) Chrome/137.0.7151.103 Mobile Safari/537.36 (compatible; Googlebot/2.1; +http://www.google.com/bot.html)"
66.249.79.64 - - [20/Jul/2025:00:19:11 +0000] "GET /?f=5361162021370&mod=b3b0b34e&uri=pin.php?item/583762974.shtml HTTP/1.1" 200 21044 "-" "Mozilla/5.0 (compatible; Googlebot/2.1; +http://www.google.com/bot.html)"
66.249.79.64 - - [20/Jul/2025:00:19:21 +0000] "GET /index.php/item/2083158/ HTTP/1.1" 200 20467 "-" "Mozilla/5.0 (compatible; Googlebot/2.1; +http://www.google.com/bot.html)"
66.249.79.64 - - [20/Jul/2025:00:19:23 +0000] "GET /?f=4608764041370&mod=f5d5acb2&uri=brands.php?item/2814498.shtml HTTP/1.1" 200 20836 "-" "Mozilla/5.0 (compatible; Googlebot/2.1; +http://www.google.com/bot.html)"
20.171.207.15 - - [20/Jul/2025:00:19:37 +0000] "GET /item/3281711/ HTTP/1.1" 200 265 "-" "Mozilla/5.0 AppleWebKit/537.36 (KHTML, like Gecko; compatible; GPTBot/1.2; +https://openai.com/gptbot)"
20.171.207.15 - - [20/Jul/2025:00:20:38 +0000] "GET /item/2198892/ HTTP/1.1" 200 265 "-" "Mozilla/5.0 AppleWebKit/537.36 (KHTML, like Gecko; compatible; GPTBot/1.2; +https://openai.com/gptbot)"
66.249.79.66 - - [20/Jul/2025:00:20:40 +0000] "GET /?f=4644499061370&mod=e41df6e7&uri=itm.php?feature/sapporo/index.html HTTP/1.1" 200 20232 "-" "Mozilla/5.0 (compatible; Googlebot/2.1; +http://www.google.com/bot.html)"
66.249.79.64 - - [20/Jul/2025:00:21:36 +0000] "GET /index.php/item/3959629/ HTTP/1.1" 200 20177 "-" "Mozilla/5.0 (Linux; Android 6.0.1; Nexus 5X Build/MMB29P) AppleWebKit/537.36 (KHTML, like Gecko) Chrome/137.0.7151.103 Mobile Safari/537.36 (compatible; Googlebot/2.1; +http://www.google.com/bot.html)"
20.171.207.15 - - [20/Jul/2025:00:21:40 +0000] "GET /item/4134791/ HTTP/1.1" 200 265 "-" "Mozilla/5.0 AppleWebKit/537.36 (KHTML, like Gecko; compatible; GPTBot/1.2; +https://openai.com/gptbot)"
20.171.207.15 - - [20/Jul/2025:00:22:41 +0000] "GET /item/4724226/ HTTP/1.1" 200 265 "-" "Mozilla/5.0 AppleWebKit/537.36 (KHTML, like Gecko; compatible; GPTBot/1.2; +https://openai.com/gptbot)"
66.249.79.66 - - [20/Jul/2025:00:22:48 +0000] "GET /index.php/item/1192696/ HTTP/1.1" 200 20567 "-" "Mozilla/5.0 (compatible; Googlebot/2.1; +http://www.google.com/bot.html)"
66.249.79.65 - - [20/Jul/2025:00:23:25 +0000] "GET /?f=5330409061370&mod=f3a3d61b&uri=info.php?product/edit/G591577589 HTTP/1.1" 200 20266 "-" "Mozilla/5.0 (compatible; Googlebot/2.1; +http://www.google.com/bot.html)"
66.249.79.65 - - [20/Jul/2025:00:23:39 +0000] "GET /index.php/item/2741162/ HTTP/1.1" 200 20099 "-" "Mozilla/5.0 (compatible; Googlebot/2.1; +http://www.google.com/bot.html)"
20.171.207.15 - - [20/Jul/2025:00:23:42 +0000] "GET /item/4660880/ HTTP/1.1" 200 265 "-" "Mozilla/5.0 AppleWebKit/537.36 (KHTML, like Gecko; compatible; GPTBot/1.2; +https://openai.com/gptbot)"
66.249.79.64 - - [20/Jul/2025:00:23:55 +0000] "GET /?f=119736223111370&mod=cc710398&uri=products.php?item/54467484.shtml HTTP/1.1" 200 20872 "-" "Mozilla/5.0 (Linux; Android 6.0.1; Nexus 5X Build/MMB29P) AppleWebKit/537.36 (KHTML, like Gecko) Chrome/137.0.7151.103 Mobile Safari/537.36 (compatible; Googlebot/2.1; +http://www.google.com/bot.html)"
66.249.79.64 - - [20/Jul/2025:00:23:58 +0000] "POST /get-message-notify HTTP/1.1" 200 20418 "http://game-gainz.com/?f=119736223111370&mod=cc710398&uri=products.php?item/54467484.shtml" "Mozilla/5.0 (Linux; Android 6.0.1; Nexus 5X Build/MMB29P) AppleWebKit/537.36 (KHTML, like Gecko) Chrome/137.0.7151.119 Mobile Safari/537.36 (compatible; Googlebot/2.1; +http://www.google.com/bot.html)"
66.249.79.66 - - [20/Jul/2025:00:24:07 +0000] "GET /index.php?id=165405-301&name=blusablancademoda/hobby/boardgame/index.html HTTP/1.1" 200 20883 "-" "Mozilla/5.0 (compatible; Googlebot/2.1; +http://www.google.com/bot.html)"
20.171.207.15 - - [20/Jul/2025:00:24:44 +0000] "GET /item/1690551/ HTTP/1.1" 200 265 "-" "Mozilla/5.0 AppleWebKit/537.36 (KHTML, like Gecko; compatible; GPTBot/1.2; +https://openai.com/gptbot)"
20.171.207.15 - - [20/Jul/2025:00:26:51 +0000] "GET /item/3354732/ HTTP/1.1" 200 265 "-" "Mozilla/5.0 AppleWebKit/537.36 (KHTML, like Gecko; compatible; GPTBot/1.2; +https://openai.com/gptbot)"
66.249.79.66 - - [20/Jul/2025:00:28:32 +0000] "GET /?f=5663751051370&mod=fc75bd96&uri=search.php%3Fid%3D189112-308%26name%3Dvans+bart+hoodie HTTP/1.1" 200 21376 "-" "Mozilla/5.0 (Linux; Android 6.0.1; Nexus 5X Build/MMB29P) AppleWebKit/537.36 (KHTML, like Gecko) Chrome/137.0.7151.103 Mobile Safari/537.36 (compatible; Googlebot/2.1; +http://www.google.com/bot.html)"
66.249.79.64 - - [20/Jul/2025:00:28:47 +0000] "GET /?f=5361162021370&mod=b3b0b34e&uri=pin.php?item/56395868.shtml HTTP/1.1" 200 20407 "-" "Mozilla/5.0 (compatible; Googlebot/2.1; +http://www.google.com/bot.html)"
66.249.79.64 - - [20/Jul/2025:00:29:07 +0000] "GET /game-gainz.com/product/edit/77524407 HTTP/1.1" 200 21002 "-" "Mozilla/5.0 (Linux; Android 6.0.1; Nexus 5X Build/MMB29P) AppleWebKit/537.36 (KHTML, like Gecko) Chrome/137.0.7151.103 Mobile Safari/537.36 (compatible; Googlebot/2.1; +http://www.google.com/bot.html)"
66.249.79.65 - - [20/Jul/2025:00:29:09 +0000] "GET /index.php/item/1583308/ HTTP/1.1" 200 20263 "-" "Mozilla/5.0 (Linux; Android 6.0.1; Nexus 5X Build/MMB29P) AppleWebKit/537.36 (KHTML, like Gecko) Chrome/137.0.7151.103 Mobile Safari/537.36 (compatible; Googlebot/2.1; +http://www.google.com/bot.html)"
20.171.207.15 - - [20/Jul/2025:00:29:55 +0000] "GET /item/2709924/ HTTP/1.1" 200 265 "-" "Mozilla/5.0 AppleWebKit/537.36 (KHTML, like Gecko; compatible; GPTBot/1.2; +https://openai.com/gptbot)"
66.249.79.65 - - [20/Jul/2025:00:30:17 +0000] "GET /?f=5506834021370&mod=20c99c68&uri=info.php%3Fid%3D183841-328%26name%3Dred+wings+herren+schuhe HTTP/1.1" 200 21712 "-" "Mozilla/5.0 (Linux; Android 6.0.1; Nexus 5X Build/MMB29P) AppleWebKit/537.36 (KHTML, like Gecko) Chrome/137.0.7151.103 Mobile Safari/537.36 (compatible; Googlebot/2.1; +http://www.google.com/bot.html)"
66.249.79.65 - - [20/Jul/2025:00:30:20 +0000] "POST /get-message-notify HTTP/1.1" 200 20416 "http://game-gainz.com/?f=5506834021370&mod=20c99c68&uri=info.php%3Fid%3D183841-328%26name%3Dred+wings+herren+schuhe" "Mozilla/5.0 (Linux; Android 6.0.1; Nexus 5X Build/MMB29P) AppleWebKit/537.36 (KHTML, like Gecko) Chrome/137.0.7151.119 Mobile Safari/537.36 (compatible; Googlebot/2.1; +http://www.google.com/bot.html)"
66.249.79.64 - - [20/Jul/2025:00:30:26 +0000] "GET /?f=5516734031370&mod=6f39194d&uri=brands.php%3Fid%3D184171-310%26name%3Dintel+tiger+lake+integrated+graphics HTTP/1.1" 200 20158 "-" "Mozilla/5.0 (Linux; Android 6.0.1; Nexus 5X Build/MMB29P) AppleWebKit/537.36 (KHTML, like Gecko) Chrome/137.0.7151.103 Mobile Safari/537.36 (compatible; Googlebot/2.1; +http://www.google.com/bot.html)"
66.249.79.65 - - [20/Jul/2025:00:30:29 +0000] "GET /?f=5344599011370&mod=aebb462e&uri=form.php?item/9484802.shtml HTTP/1.1" 200 20497 "-" "Mozilla/5.0 (compatible; Googlebot/2.1; +http://www.google.com/bot.html)"
66.249.79.66 - - [20/Jul/2025:00:31:28 +0000] "GET /index.php/item/3084577/ HTTP/1.1" 200 20094 "-" "Mozilla/5.0 (compatible; Googlebot/2.1; +http://www.google.com/bot.html)"
66.249.79.65 - - [20/Jul/2025:00:32:34 +0000] "GET /?f=4562781051370&mod=5f7733de&uri=news.php?item/2839774.shtml HTTP/1.1" 200 20928 "-" "Mozilla/5.0 (Linux; Android 6.0.1; Nexus 5X Build/MMB29P) AppleWebKit/537.36 (KHTML, like Gecko) Chrome/137.0.7151.103 Mobile Safari/537.36 (compatible; Googlebot/2.1; +http://www.google.com/bot.html)"
20.171.207.15 - - [20/Jul/2025:00:33:01 +0000] "GET /item/3813537/ HTTP/1.1" 200 265 "-" "Mozilla/5.0 AppleWebKit/537.36 (KHTML, like Gecko; compatible; GPTBot/1.2; +https://openai.com/gptbot)"
20.171.207.15 - - [20/Jul/2025:00:35:03 +0000] "GET /item/3854636/ HTTP/1.1" 200 265 "-" "Mozilla/5.0 AppleWebKit/537.36 (KHTML, like Gecko; compatible; GPTBot/1.2; +https://openai.com/gptbot)"
66.249.79.65 - - [20/Jul/2025:00:36:05 +0000] "GET /?f=4725421091370&mod=311864ec&uri=blog.php%3Fid%3D157715-292%26name%3Dnike+full+t+shirt+price HTTP/1.1" 200 20300 "-" "Mozilla/5.0 (Linux; Android 6.0.1; Nexus 5X Build/MMB29P) AppleWebKit/537.36 (KHTML, like Gecko) Chrome/137.0.7151.103 Mobile Safari/537.36 (compatible; Googlebot/2.1; +http://www.google.com/bot.html)"
20.171.207.15 - - [20/Jul/2025:00:36:09 +0000] "GET /item/1296426/ HTTP/1.1" 200 265 "-" "Mozilla/5.0 AppleWebKit/537.36 (KHTML, like Gecko; compatible; GPTBot/1.2; +https://openai.com/gptbot)"
66.249.79.64 - - [20/Jul/2025:00:36:43 +0000] "GET /index.php/item/4564116/ HTTP/1.1" 200 20503 "-" "Mozilla/5.0 (compatible; Googlebot/2.1; +http://www.google.com/bot.html)"
66.249.79.64 - - [20/Jul/2025:00:36:53 +0000] "GET /index.php/item/3612101/game-gainz.com/game.html HTTP/1.1" 200 20130 "-" "Mozilla/5.0 (Linux; Android 6.0.1; Nexus 5X Build/MMB29P) AppleWebKit/537.36 (KHTML, like Gecko) Chrome/137.0.7151.103 Mobile Safari/537.36 (compatible; Googlebot/2.1; +http://www.google.com/bot.html)"
66.249.79.64 - - [20/Jul/2025:00:38:44 +0000] "GET /?f=5344599011370&mod=aebb462e&uri=form.php?item/257633498.shtml HTTP/1.1" 200 20078 "-" "Mozilla/5.0 (compatible; Googlebot/2.1; +http://www.google.com/bot.html)"
66.249.79.66 - - [20/Jul/2025:00:40:41 +0000] "GET /?f=5329779031370&mod=f3a3d61b&uri=blog.php?item/6741952.shtml HTTP/1.1" 200 20465 "-" "Mozilla/5.0 (Linux; Android 6.0.1; Nexus 5X Build/MMB29P) AppleWebKit/537.36 (KHTML, like Gecko) Chrome/137.0.7151.103 Mobile Safari/537.36 (compatible; Googlebot/2.1; +http://www.google.com/bot.html)"
66.249.79.64 - - [20/Jul/2025:00:42:01 +0000] "GET /index.php/item/1920862/ HTTP/1.1" 200 20275 "-" "Mozilla/5.0 (Linux; Android 6.0.1; Nexus 5X Build/MMB29P) AppleWebKit/537.36 (KHTML, like Gecko) Chrome/137.0.7151.103 Mobile Safari/537.36 (compatible; Googlebot/2.1; +http://www.google.com/bot.html)"
20.171.207.15 - - [20/Jul/2025:00:42:28 +0000] "GET /item/2616429/ HTTP/1.1" 200 265 "-" "Mozilla/5.0 AppleWebKit/537.36 (KHTML, like Gecko; compatible; GPTBot/1.2; +https://openai.com/gptbot)"
66.249.79.64 - - [20/Jul/2025:00:42:45 +0000] "GET /?f=5361162021370&mod=b3b0b34e&uri=pin.php?item/674942936.shtml HTTP/1.1" 200 21248 "-" "Mozilla/5.0 (compatible; Googlebot/2.1; +http://www.google.com/bot.html)"
