66.249.79.64 - - [20/Jul/2025:00:43:40 +0000] "GET /?f=4644499061370&mod=e41df6e7&uri=itm.php?item/2826878.shtml HTTP/1.1" 200 20323 "-" "Mozilla/5.0 (Linux; Android 6.0.1; Nexus 5X Build/MMB29P) AppleWebKit/537.36 (KHTML, like Gecko) Chrome/137.0.7151.103 Mobile Safari/537.36 (compatible; Googlebot/2.1; +http://www.google.com/bot.html)"
66.249.79.66 - - [20/Jul/2025:00:44:18 +0000] "GET /?f=88895809001370&mod=cb0b5f13&uri=products.php%3Fid%3D2966588-332%26name%3Dbinge+recommendations HTTP/1.1" 200 20398 "-" "Mozilla/5.0 (Linux; Android 6.0.1; Nexus 5X Build/MMB29P) AppleWebKit/537.36 (KHTML, like Gecko) Chrome/137.0.7151.103 Mobile Safari/537.36 (compatible; Googlebot/2.1; +http://www.google.com/bot.html)"
20.171.207.15 - - [20/Jul/2025:00:45:34 +0000] "GET /item/3813537/ HTTP/1.1" 200 265 "-" "Mozilla/5.0 AppleWebKit/537.36 (KHTML, like Gecko; compatible; GPTBot/1.2; +https://openai.com/gptbot)"
93.158.91.247 - - [20/Jul/2025:00:45:59 +0000] "GET /robots.txt HTTP/1.1" 200 240 "-" "Mozilla/5.0 (iPhone; CPU iPhone OS 17_3_1 like Mac OS X) AppleWebKit/605.1.15 (KHTML, like Gecko) Version/17.3.1 Mobile/15E148 Safari/604"
93.158.91.247 - - [20/Jul/2025:00:45:59 +0000] "GET / HTTP/1.1" 200 265 "-" "Mozilla/5.0 (iPhone; CPU iPhone OS 17_3_1 like Mac OS X) AppleWebKit/605.1.15 (KHTML, like Gecko) Version/17.3.1 Mobile/15E148 Safari/604"
20.171.207.15 - - [20/Jul/2025:00:46:35 +0000] "GET /item/4824457/ HTTP/1.1" 200 265 "-" "Mozilla/5.0 AppleWebKit/537.36 (KHTML, like Gecko; compatible; GPTBot/1.2; +https://openai.com/gptbot)"
20.171.207.15 - - [20/Jul/2025:00:48:39 +0000] "GET /item/4123147/ HTTP/1.1" 200 265 "-" "Mozilla/5.0 AppleWebKit/537.36 (KHTML, like Gecko; compatible; GPTBot/1.2; +https://openai.com/gptbot)"
66.249.79.64 - - [20/Jul/2025:00:49:01 +0000] "GET /?f=5330409061370&mod=f3a3d61b&uri=info.php?item/4159898.shtml HTTP/1.1" 200 19841 "-" "Mozilla/5.0 (Linux; Android 6.0.1; Nexus 5X Build/MMB29P) AppleWebKit/537.36 (KHTML, like Gecko) Chrome/137.0.7151.103 Mobile Safari/537.36 (compatible; Googlebot/2.1; +http://www.google.com/bot.html)"
66.249.79.65 - - [20/Jul/2025:00:49:21 +0000] "GET /?f=5025587031370&mod=67a4b0f5&uri=info.php?item/47892370.shtml HTTP/1.1" 200 20008 "-" "Mozilla/5.0 (Linux; Android 6.0.1; Nexus 5X Build/MMB29P) AppleWebKit/537.36 (KHTML, like Gecko) Chrome/137.0.7151.103 Mobile Safari/537.36 (compatible; Googlebot/2.1; +http://www.google.com/bot.html)"
66.249.79.65 - - [20/Jul/2025:00:49:21 +0000] "GET /?f=5361162021370&mod=b3b0b34e&uri=pin.php?item/673570804.shtml HTTP/1.1" 200 20188 "-" "Mozilla/5.0 (compatible; Googlebot/2.1; +http://www.google.com/bot.html)"
20.171.207.15 - - [20/Jul/2025:00:49:44 +0000] "GET /item/3923349/ HTTP/1.1" 200 265 "-" "Mozilla/5.0 AppleWebKit/537.36 (KHTML, like Gecko; compatible; GPTBot/1.2; +https://openai.com/gptbot)"
66.249.79.64 - - [20/Jul/2025:00:49:52 +0000] "GET /index.php/item/3383086/ HTTP/1.1" 200 20139 "-" "Mozilla/5.0 (compatible; Googlebot/2.1; +http://www.google.com/bot.html)"
66.249.79.64 - - [20/Jul/2025:00:50:08 +0000] "GET /?f=5025587031370&mod=67a4b0f5&uri=info.php?item/47902362.shtml HTTP/1.1" 200 20183 "-" "Mozilla/5.0 (compatible; Googlebot/2.1; +http://www.google.com/bot.html)"
20.171.207.15 - - [20/Jul/2025:00:50:46 +0000] "GET /item/2614204/ HTTP/1.1" 200 265 "-" "Mozilla/5.0 AppleWebKit/537.36 (KHTML, like Gecko; compatible; GPTBot/1.2; +https://openai.com/gptbot)"
20.171.207.15 - - [20/Jul/2025:00:51:48 +0000] "GET /item/3061531/ HTTP/1.1" 200 265 "-" "Mozilla/5.0 AppleWebKit/537.36 (KHTML, like Gecko; compatible; GPTBot/1.2; +https://openai.com/gptbot)"
66.249.79.66 - - [20/Jul/2025:00:51:59 +0000] "GET /?f=5361162021370&mod=b3b0b34e&uri=pin.php?item/583692672.shtml HTTP/1.1" 200 19956 "-" "Mozilla/5.0 (Linux; Android 6.0.1; Nexus 5X Build/MMB29P) AppleWebKit/537.36 (KHTML, like Gecko) Chrome/137.0.7151.103 Mobile Safari/537.36 (compatible; Googlebot/2.1; +http://www.google.com/bot.html)"
66.249.79.65 - - [20/Jul/2025:00:53:03 +0000] "GET /?f=5361162021370&mod=b3b0b34e&uri=pin.php?item/6801336.shtml HTTP/1.1" 200 20545 "-" "Mozilla/5.0 (Linux; Android 6.0.1; Nexus 5X Build/MMB29P) AppleWebKit/537.36 (KHTML, like Gecko) Chrome/137.0.7151.103 Mobile Safari/537.36 (compatible; Googlebot/2.1; +http://www.google.com/bot.html)"
20.171.207.15 - - [20/Jul/2025:00:54:56 +0000] "GET /item/4337790/ HTTP/1.1" 200 265 "-" "Mozilla/5.0 AppleWebKit/537.36 (KHTML, like Gecko; compatible; GPTBot/1.2; +https://openai.com/gptbot)"
66.249.79.66 - - [20/Jul/2025:00:55:09 +0000] "GET /index.php/item/3942408/ HTTP/1.1" 200 20011 "-" "Mozilla/5.0 (Linux; Android 6.0.1; Nexus 5X Build/MMB29P) AppleWebKit/537.36 (KHTML, like Gecko) Chrome/137.0.7151.103 Mobile Safari/537.36 (compatible; Googlebot/2.1; +http://www.google.com/bot.html)"
20.171.207.15 - - [20/Jul/2025:00:55:57 +0000] "GET /item/4737923/ HTTP/1.1" 200 265 "-" "Mozilla/5.0 AppleWebKit/537.36 (KHTML, like Gecko; compatible; GPTBot/1.2; +https://openai.com/gptbot)"
66.249.79.64 - - [20/Jul/2025:00:57:00 +0000] "GET /?f=5025587031370&mod=67a4b0f5&uri=info.php?item/52384298.shtml HTTP/1.1" 200 20045 "-" "Mozilla/5.0 (Linux; Android 6.0.1; Nexus 5X Build/MMB29P) AppleWebKit/537.36 (KHTML, like Gecko) Chrome/137.0.7151.103 Mobile Safari/537.36 (compatible; Googlebot/2.1; +http://www.google.com/bot.html)"
72.14.199.128 - - [20/Jul/2025:00:57:26 +0000] "GET /?f=4979507021370&mod=337f9ed6&uri=blog.php%3Fid%3D166239-304%26name%3Dsterling+scrap+value HTTP/1.1" 200 265 "-" "Mozilla/5.0 (X11; Linux x86_64) AppleWebKit/537.36 (KHTML, like Gecko) Chrome/137.0.7151.119 Safari/537.36"
20.171.207.15 - - [20/Jul/2025:00:57:58 +0000] "GET /item/4642671/ HTTP/1.1" 200 265 "-" "Mozilla/5.0 AppleWebKit/537.36 (KHTML, like Gecko; compatible; GPTBot/1.2; +https://openai.com/gptbot)"
66.249.79.65 - - [20/Jul/2025:00:58:11 +0000] "GET /?f=5025587031370&mod=67a4b0f5&uri=info.php?item/55461184.shtml HTTP/1.1" 200 20118 "-" "Mozilla/5.0 (Linux; Android 6.0.1; Nexus 5X Build/MMB29P) AppleWebKit/537.36 (KHTML, like Gecko) Chrome/137.0.7151.103 Mobile Safari/537.36 (compatible; Googlebot/2.1; +http://www.google.com/bot.html)"
66.249.79.64 - - [20/Jul/2025:00:58:56 +0000] "GET /index.php/item/4458464/ HTTP/1.1" 200 19668 "-" "Mozilla/5.0 (compatible; Googlebot/2.1; +http://www.google.com/bot.html)"
20.171.207.15 - - [20/Jul/2025:00:58:59 +0000] "GET /item/3082385/ HTTP/1.1" 200 265 "-" "Mozilla/5.0 AppleWebKit/537.36 (KHTML, like Gecko; compatible; GPTBot/1.2; +https://openai.com/gptbot)"
66.249.79.65 - - [20/Jul/2025:01:00:42 +0000] "GET /?f=5361162021370&mod=b3b0b34e&uri=pin.php?item/51475808.shtml HTTP/1.1" 200 20499 "-" "Mozilla/5.0 (compatible; Googlebot/2.1; +http://www.google.com/bot.html)"
66.249.79.66 - - [20/Jul/2025:01:01:07 +0000] "GET /index.php/item/2084433/ HTTP/1.1" 200 20387 "-" "Mozilla/5.0 (Linux; Android 6.0.1; Nexus 5X Build/MMB29P) AppleWebKit/537.36 (KHTML, like Gecko) Chrome/137.0.7151.103 Mobile Safari/537.36 (compatible; Googlebot/2.1; +http://www.google.com/bot.html)"
66.249.79.65 - - [20/Jul/2025:01:02:12 +0000] "GET /index.php/item/4247172/ HTTP/1.1" 200 20643 "-" "Mozilla/5.0 (Linux; Android 6.0.1; Nexus 5X Build/MMB29P) AppleWebKit/537.36 (KHTML, like Gecko) Chrome/137.0.7151.103 Mobile Safari/537.36 (compatible; Googlebot/2.1; +http://www.google.com/bot.html)"
66.249.79.64 - - [20/Jul/2025:01:02:22 +0000] "GET /?f=5329779031370&mod=f3a3d61b&uri=blog.php?item/50556184.shtml HTTP/1.1" 200 20519 "-" "Mozilla/5.0 (Linux; Android 6.0.1; Nexus 5X Build/MMB29P) AppleWebKit/537.36 (KHTML, like Gecko) Chrome/137.0.7151.103 Mobile Safari/537.36 (compatible; Googlebot/2.1; +http://www.google.com/bot.html)"
20.171.207.15 - - [20/Jul/2025:01:03:16 +0000] "GET /item/2230536/ HTTP/1.1" 200 265 "-" "Mozilla/5.0 AppleWebKit/537.36 (KHTML, like Gecko; compatible; GPTBot/1.2; +https://openai.com/gptbot)"
66.249.79.65 - - [20/Jul/2025:01:03:21 +0000] "GET /?f=5344599011370&mod=aebb462e&uri=form.php?product/edit/G3215782704 HTTP/1.1" 200 20284 "-" "Mozilla/5.0 (compatible; Googlebot/2.1; +http://www.google.com/bot.html)"
66.249.79.64 - - [20/Jul/2025:01:03:36 +0000] "GET /index.php/item/1517406/ HTTP/1.1" 200 20550 "-" "Mozilla/5.0 (compatible; Googlebot/2.1; +http://www.google.com/bot.html)"
66.249.79.64 - - [20/Jul/2025:01:03:48 +0000] "GET /?f=5361162021370&mod=b3b0b34e&uri=pin.php?item/674949106.shtml HTTP/1.1" 200 20796 "-" "Mozilla/5.0 (Linux; Android 6.0.1; Nexus 5X Build/MMB29P) AppleWebKit/537.36 (KHTML, like Gecko) Chrome/137.0.7151.103 Mobile Safari/537.36 (compatible; Googlebot/2.1; +http://www.google.com/bot.html)"
66.249.79.64 - - [20/Jul/2025:01:03:53 +0000] "GET /?f=5361162021370&mod=b3b0b34e&uri=pin.php?item/573709332.shtml HTTP/1.1" 200 20211 "-" "Mozilla/5.0 (Linux; Android 6.0.1; Nexus 5X Build/MMB29P) AppleWebKit/537.36 (KHTML, like Gecko) Chrome/137.0.7151.103 Mobile Safari/537.36 (compatible; Googlebot/2.1; +http://www.google.com/bot.html)"
66.249.79.64 - - [20/Jul/2025:01:04:12 +0000] "GET /?f=5361162021370&mod=b3b0b34e&uri=pin.php?item/673566108.shtml HTTP/1.1" 200 20452 "-" "Mozilla/5.0 (Linux; Android 6.0.1; Nexus 5X Build/MMB29P) AppleWebKit/537.36 (KHTML, like Gecko) Chrome/137.0.7151.103 Mobile Safari/537.36 (compatible; Googlebot/2.1; +http://www.google.com/bot.html)"
66.249.79.65 - - [20/Jul/2025:01:04:50 +0000] "GET /?f=5025587031370&mod=67a4b0f5&uri=info.php?item/55432938.shtml HTTP/1.1" 200 21343 "-" "Mozilla/5.0 (Linux; Android 6.0.1; Nexus 5X Build/MMB29P) AppleWebKit/537.36 (KHTML, like Gecko) Chrome/137.0.7151.103 Mobile Safari/537.36 (compatible; Googlebot/2.1; +http://www.google.com/bot.html)"
66.249.79.64 - - [20/Jul/2025:01:05:15 +0000] "GET /?f=5329779031370&mod=f3a3d61b&uri=blog.php?item/50554978.shtml HTTP/1.1" 200 21275 "-" "Mozilla/5.0 (Linux; Android 6.0.1; Nexus 5X Build/MMB29P) AppleWebKit/537.36 (KHTML, like Gecko) Chrome/137.0.7151.103 Mobile Safari/537.36 (compatible; Googlebot/2.1; +http://www.google.com/bot.html)"
66.249.79.65 - - [20/Jul/2025:01:05:24 +0000] "GET /?f=5025587031370&mod=67a4b0f5&uri=info.php?item/52364622.shtml HTTP/1.1" 200 19951 "-" "Mozilla/5.0 (Linux; Android 6.0.1; Nexus 5X Build/MMB29P) AppleWebKit/537.36 (KHTML, like Gecko) Chrome/137.0.7151.103 Mobile Safari/537.36 (compatible; Googlebot/2.1; +http://www.google.com/bot.html)"
66.249.79.64 - - [20/Jul/2025:01:05:31 +0000] "GET /?f=5025587031370&mod=67a4b0f5&uri=info.php?item/50720990.shtml HTTP/1.1" 200 20370 "-" "Mozilla/5.0 (Linux; Android 6.0.1; Nexus 5X Build/MMB29P) AppleWebKit/537.36 (KHTML, like Gecko) Chrome/137.0.7151.103 Mobile Safari/537.36 (compatible; Googlebot/2.1; +http://www.google.com/bot.html)"
66.249.79.64 - - [20/Jul/2025:01:05:39 +0000] "GET /?f=5361162021370&mod=b3b0b34e&uri=pin.php?item/583697420.shtml HTTP/1.1" 200 20760 "-" "Mozilla/5.0 (Linux; Android 6.0.1; Nexus 5X Build/MMB29P) AppleWebKit/537.36 (KHTML, like Gecko) Chrome/137.0.7151.103 Mobile Safari/537.36 (compatible; Googlebot/2.1; +http://www.google.com/bot.html)"
66.249.79.64 - - [20/Jul/2025:01:05:43 +0000] "POST /get-message-notify HTTP/1.1" 200 20439 "http://game-gainz.com/?f=5025587031370&mod=67a4b0f5&uri=info.php?item/50720990.shtml" "Mozilla/5.0 (Linux; Android 6.0.1; Nexus 5X Build/MMB29P) AppleWebKit/537.36 (KHTML, like Gecko) Chrome/137.0.7151.119 Mobile Safari/537.36 (compatible; Googlebot/2.1; +http://www.google.com/bot.html)"
66.249.79.64 - - [20/Jul/2025:01:05:47 +0000] "POST /get-message-notify HTTP/1.1" 200 20441 "http://game-gainz.com/?f=5329779031370&mod=f3a3d61b&uri=blog.php?item/50554978.shtml" "Mozilla/5.0 (Linux; Android 6.0.1; Nexus 5X Build/MMB29P) AppleWebKit/537.36 (KHTML, like Gecko) Chrome/137.0.7151.119 Mobile Safari/537.36 (compatible; Googlebot/2.1; +http://www.google.com/bot.html)"
20.171.207.15 - - [20/Jul/2025:01:06:23 +0000] "GET /item/3886929/ HTTP/1.1" 200 265 "-" "Mozilla/5.0 AppleWebKit/537.36 (KHTML, like Gecko; compatible; GPTBot/1.2; +https://openai.com/gptbot)"
66.249.79.64 - - [20/Jul/2025:01:06:25 +0000] "GET /?f=59505046001370&mod=cb0b5f13&uri=itm.php%3Fid%3D1985719-332%26name%3Df8+watch+charger HTTP/1.1" 200 20612 "-" "Mozilla/5.0 (Linux; Android 6.0.1; Nexus 5X Build/MMB29P) AppleWebKit/537.36 (KHTML, like Gecko) Chrome/137.0.7151.103 Mobile Safari/537.36 (compatible; Googlebot/2.1; +http://www.google.com/bot.html)"
66.249.79.65 - - [20/Jul/2025:01:06:29 +0000] "GET /?f=5786755021370&mod=e6e9099e&uri=us.php%3Fid%3D193245-57%26name%3Dmi+neckband+bluetooth+earphone+ultra+deep+bass HTTP/1.1" 200 21260 "-" "Mozilla/5.0 (Linux; Android 6.0.1; Nexus 5X Build/MMB29P) AppleWebKit/537.36 (KHTML, like Gecko) Chrome/137.0.7151.103 Mobile Safari/537.36 (compatible; Googlebot/2.1; +http://www.google.com/bot.html)"
20.171.207.15 - - [20/Jul/2025:01:07:26 +0000] "GET /item/2236347/ HTTP/1.1" 200 265 "-" "Mozilla/5.0 AppleWebKit/537.36 (KHTML, like Gecko; compatible; GPTBot/1.2; +https://openai.com/gptbot)"
66.249.79.66 - - [20/Jul/2025:01:09:40 +0000] "GET /index.php/item/3302795/ HTTP/1.1" 200 20506 "-" "Mozilla/5.0 (Linux; Android 6.0.1; Nexus 5X Build/MMB29P) AppleWebKit/537.36 (KHTML, like Gecko) Chrome/137.0.7151.103 Mobile Safari/537.36 (compatible; Googlebot/2.1; +http://www.google.com/bot.html)"
20.171.207.15 - - [20/Jul/2025:01:10:35 +0000] "GET /item/2490047/ HTTP/1.1" 200 265 "-" "Mozilla/5.0 AppleWebKit/537.36 (KHTML, like Gecko; compatible; GPTBot/1.2; +https://openai.com/gptbot)"
66.249.79.66 - - [20/Jul/2025:01:11:28 +0000] "GET /?f=61545600001370&mod=15a50c8b&uri=form.php%3Fid%3D2053835-59%26name%3Dabiti+da+sposa+fontana HTTP/1.1" 200 20192 "-" "Mozilla/5.0 (Linux; Android 6.0.1; Nexus 5X Build/MMB29P) AppleWebKit/537.36 (KHTML, like Gecko) Chrome/137.0.7151.103 Mobile Safari/537.36 (compatible; Googlebot/2.1; +http://www.google.com/bot.html)"
20.171.207.15 - - [20/Jul/2025:01:11:37 +0000] "GET /item/4170337/ HTTP/1.1" 200 265 "-" "Mozilla/5.0 AppleWebKit/537.36 (KHTML, like Gecko; compatible; GPTBot/1.2; +https://openai.com/gptbot)"
66.249.79.66 - - [20/Jul/2025:01:12:38 +0000] "GET /?f=4581349021370&mod=5f7733de&uri=blog.php?item/46925422.shtml HTTP/1.1" 200 20630 "-" "Mozilla/5.0 (Linux; Android 6.0.1; Nexus 5X Build/MMB29P) AppleWebKit/537.36 (KHTML, like Gecko) Chrome/137.0.7151.103 Mobile Safari/537.36 (compatible; Googlebot/2.1; +http://www.google.com/bot.html)"
20.171.207.15 - - [20/Jul/2025:01:12:42 +0000] "GET /item/3202818/ HTTP/1.1" 200 265 "-" "Mozilla/5.0 AppleWebKit/537.36 (KHTML, like Gecko; compatible; GPTBot/1.2; +https://openai.com/gptbot)"
66.249.79.65 - - [20/Jul/2025:01:12:50 +0000] "GET /?f=5361162021370&mod=b3b0b34e&uri=pin.php?item/5400446.shtml HTTP/1.1" 200 21261 "-" "Mozilla/5.0 (Linux; Android 6.0.1; Nexus 5X Build/MMB29P) AppleWebKit/537.36 (KHTML, like Gecko) Chrome/137.0.7151.103 Mobile Safari/537.36 (compatible; Googlebot/2.1; +http://www.google.com/bot.html)"
20.171.207.15 - - [20/Jul/2025:01:13:48 +0000] "GET /item/4520042/ HTTP/1.1" 200 265 "-" "Mozilla/5.0 AppleWebKit/537.36 (KHTML, like Gecko; compatible; GPTBot/1.2; +https://openai.com/gptbot)"
66.249.79.64 - - [20/Jul/2025:01:14:03 +0000] "GET /index.php/item/5023495/ HTTP/1.1" 200 20229 "-" "Mozilla/5.0 (compatible; Googlebot/2.1; +http://www.google.com/bot.html)"
66.249.79.66 - - [20/Jul/2025:01:16:52 +0000] "GET /index.php?item/60025100.shtml/vintagegame.html HTTP/1.1" 200 20128 "-" "Mozilla/5.0 (Linux; Android 6.0.1; Nexus 5X Build/MMB29P) AppleWebKit/537.36 (KHTML, like Gecko) Chrome/137.0.7151.103 Mobile Safari/537.36 (compatible; Googlebot/2.1; +http://www.google.com/bot.html)"
66.249.79.65 - - [20/Jul/2025:01:17:02 +0000] "GET /index.php/item/2401227/ HTTP/1.1" 200 20367 "-" "Mozilla/5.0 (compatible; Googlebot/2.1; +http://www.google.com/bot.html)"
66.249.79.66 - - [20/Jul/2025:01:17:03 +0000] "GET /index.php/item/1992041/ HTTP/1.1" 200 20562 "-" "Mozilla/5.0 (Linux; Android 6.0.1; Nexus 5X Build/MMB29P) AppleWebKit/537.36 (KHTML, like Gecko) Chrome/137.0.7151.103 Mobile Safari/537.36 (compatible; Googlebot/2.1; +http://www.google.com/bot.html)"
66.249.79.65 - - [20/Jul/2025:01:17:06 +0000] "GET /game-gainz.com/product/edit/58466770 HTTP/1.1" 200 20229 "-" "Mozilla/5.0 (Linux; Android 6.0.1; Nexus 5X Build/MMB29P) AppleWebKit/537.36 (KHTML, like Gecko) Chrome/137.0.7151.103 Mobile Safari/537.36 (compatible; Googlebot/2.1; +http://www.google.com/bot.html)"
66.249.79.65 - - [20/Jul/2025:01:17:06 +0000] "POST /get-message-notify HTTP/1.1" 200 20443 "http://game-gainz.com/index.php/item/1992041/" "Mozilla/5.0 (Linux; Android 6.0.1; Nexus 5X Build/MMB29P) AppleWebKit/537.36 (KHTML, like Gecko) Chrome/137.0.7151.119 Mobile Safari/537.36 (compatible; Googlebot/2.1; +http://www.google.com/bot.html)"
66.249.79.65 - - [20/Jul/2025:01:17:09 +0000] "GET /index.php/item/4401533/ HTTP/1.1" 200 20068 "-" "Mozilla/5.0 (Linux; Android 6.0.1; Nexus 5X Build/MMB29P) AppleWebKit/537.36 (KHTML, like Gecko) Chrome/137.0.7151.103 Mobile Safari/537.36 (compatible; Googlebot/2.1; +http://www.google.com/bot.html)"
66.249.79.65 - - [20/Jul/2025:01:17:12 +0000] "GET /index.php/item/4390427/ HTTP/1.1" 200 19909 "-" "Mozilla/5.0 (Linux; Android 6.0.1; Nexus 5X Build/MMB29P) AppleWebKit/537.36 (KHTML, like Gecko) Chrome/137.0.7151.103 Mobile Safari/537.36 (compatible; Googlebot/2.1; +http://www.google.com/bot.html)"
66.249.79.64 - - [20/Jul/2025:01:17:15 +0000] "GET /index.php/item/2210613/ HTTP/1.1" 200 20373 "-" "Mozilla/5.0 (Linux; Android 6.0.1; Nexus 5X Build/MMB29P) AppleWebKit/537.36 (KHTML, like Gecko) Chrome/137.0.7151.103 Mobile Safari/537.36 (compatible; Googlebot/2.1; +http://www.google.com/bot.html)"
66.249.79.64 - - [20/Jul/2025:01:17:20 +0000] "GET /index.php/item/2912833/ HTTP/1.1" 200 20029 "-" "Mozilla/5.0 (Linux; Android 6.0.1; Nexus 5X Build/MMB29P) AppleWebKit/537.36 (KHTML, like Gecko) Chrome/137.0.7151.103 Mobile Safari/537.36 (compatible; Googlebot/2.1; +http://www.google.com/bot.html)"
66.249.79.64 - - [20/Jul/2025:01:17:22 +0000] "POST /get-message-notify HTTP/1.1" 200 20413 "http://game-gainz.com/index.php/item/2912833/" "Mozilla/5.0 (Linux; Android 6.0.1; Nexus 5X Build/MMB29P) AppleWebKit/537.36 (KHTML, like Gecko) Chrome/137.0.7151.119 Mobile Safari/537.36 (compatible; Googlebot/2.1; +http://www.google.com/bot.html)"
66.249.79.64 - - [20/Jul/2025:01:17:22 +0000] "GET /index.php/item/3767378/ HTTP/1.1" 200 21177 "-" "Mozilla/5.0 (Linux; Android 6.0.1; Nexus 5X Build/MMB29P) AppleWebKit/537.36 (KHTML, like Gecko) Chrome/137.0.7151.103 Mobile Safari/537.36 (compatible; Googlebot/2.1; +http://www.google.com/bot.html)"
66.249.79.64 - - [20/Jul/2025:01:17:24 +0000] "GET /index.php/item/1312694/ HTTP/1.1" 200 20397 "-" "Mozilla/5.0 (Linux; Android 6.0.1; Nexus 5X Build/MMB29P) AppleWebKit/537.36 (KHTML, like Gecko) Chrome/137.0.7151.103 Mobile Safari/537.36 (compatible; Googlebot/2.1; +http://www.google.com/bot.html)"
66.249.79.64 - - [20/Jul/2025:01:17:25 +0000] "GET /index.php/item/3182901/ HTTP/1.1" 200 21303 "-" "Mozilla/5.0 (Linux; Android 6.0.1; Nexus 5X Build/MMB29P) AppleWebKit/537.36 (KHTML, like Gecko) Chrome/137.0.7151.103 Mobile Safari/537.36 (compatible; Googlebot/2.1; +http://www.google.com/bot.html)"
66.249.79.64 - - [20/Jul/2025:01:17:27 +0000] "GET /index.php/item/2796930/ HTTP/1.1" 200 20339 "-" "Mozilla/5.0 (Linux; Android 6.0.1; Nexus 5X Build/MMB29P) AppleWebKit/537.36 (KHTML, like Gecko) Chrome/137.0.7151.103 Mobile Safari/537.36 (compatible; Googlebot/2.1; +http://www.google.com/bot.html)"
66.249.79.64 - - [20/Jul/2025:01:17:28 +0000] "POST /get-message-notify HTTP/1.1" 200 20437 "http://game-gainz.com/index.php/item/4390427/" "Mozilla/5.0 (Linux; Android 6.0.1; Nexus 5X Build/MMB29P) AppleWebKit/537.36 (KHTML, like Gecko) Chrome/137.0.7151.119 Mobile Safari/537.36 (compatible; Googlebot/2.1; +http://www.google.com/bot.html)"
66.249.79.65 - - [20/Jul/2025:01:17:29 +0000] "GET /index.php/item/4838849/ HTTP/1.1" 200 20439 "-" "Mozilla/5.0 (Linux; Android 6.0.1; Nexus 5X Build/MMB29P) AppleWebKit/537.36 (KHTML, like Gecko) Chrome/137.0.7151.103 Mobile Safari/537.36 (compatible; Googlebot/2.1; +http://www.google.com/bot.html)"
66.249.79.64 - - [20/Jul/2025:01:17:30 +0000] "POST /get-message-notify HTTP/1.1" 200 20417 "http://game-gainz.com/index.php/item/3767378/" "Mozilla/5.0 (Linux; Android 6.0.1; Nexus 5X Build/MMB29P) AppleWebKit/537.36 (KHTML, like Gecko) Chrome/137.0.7151.119 Mobile Safari/537.36 (compatible; Googlebot/2.1; +http://www.google.com/bot.html)"
66.249.79.65 - - [20/Jul/2025:01:17:30 +0000] "GET /index.php/item/1725811/ HTTP/1.1" 200 19714 "-" "Mozilla/5.0 (Linux; Android 6.0.1; Nexus 5X Build/MMB29P) AppleWebKit/537.36 (KHTML, like Gecko) Chrome/137.0.7151.103 Mobile Safari/537.36 (compatible; Googlebot/2.1; +http://www.google.com/bot.html)"
66.249.79.64 - - [20/Jul/2025:01:17:31 +0000] "GET /index.php/item/4599184/ HTTP/1.1" 200 20417 "-" "Mozilla/5.0 (Linux; Android 6.0.1; Nexus 5X Build/MMB29P) AppleWebKit/537.36 (KHTML, like Gecko) Chrome/137.0.7151.103 Mobile Safari/537.36 (compatible; Googlebot/2.1; +http://www.google.com/bot.html)"
66.249.79.64 - - [20/Jul/2025:01:17:35 +0000] "POST /get-message-notify HTTP/1.1" 200 20419 "http://game-gainz.com/index.php/item/4599184/" "Mozilla/5.0 (Linux; Android 6.0.1; Nexus 5X Build/MMB29P) AppleWebKit/537.36 (KHTML, like Gecko) Chrome/137.0.7151.119 Mobile Safari/537.36 (compatible; Googlebot/2.1; +http://www.google.com/bot.html)"
66.249.79.65 - - [20/Jul/2025:01:17:40 +0000] "GET /index.php/item/1495328/ HTTP/1.1" 200 20290 "-" "Mozilla/5.0 (Linux; Android 6.0.1; Nexus 5X Build/MMB29P) AppleWebKit/537.36 (KHTML, like Gecko) Chrome/137.0.7151.103 Mobile Safari/537.36 (compatible; Googlebot/2.1; +http://www.google.com/bot.html)"
66.249.79.65 - - [20/Jul/2025:01:17:43 +0000] "GET /index.php/item/3422755/ HTTP/1.1" 200 20369 "-" "Mozilla/5.0 (Linux; Android 6.0.1; Nexus 5X Build/MMB29P) AppleWebKit/537.36 (KHTML, like Gecko) Chrome/137.0.7151.103 Mobile Safari/537.36 (compatible; Googlebot/2.1; +http://www.google.com/bot.html)"
66.249.79.65 - - [20/Jul/2025:01:17:47 +0000] "GET /index.php/item/2849199/ HTTP/1.1" 200 20387 "-" "Mozilla/5.0 (Linux; Android 6.0.1; Nexus 5X Build/MMB29P) AppleWebKit/537.36 (KHTML, like Gecko) Chrome/137.0.7151.103 Mobile Safari/537.36 (compatible; Googlebot/2.1; +http://www.google.com/bot.html)"
66.249.79.65 - - [20/Jul/2025:01:17:49 +0000] "GET /index.php/item/1192696/ HTTP/1.1" 200 20566 "-" "Mozilla/5.0 (Linux; Android 6.0.1; Nexus 5X Build/MMB29P) AppleWebKit/537.36 (KHTML, like Gecko) Chrome/137.0.7151.103 Mobile Safari/537.36 (compatible; Googlebot/2.1; +http://www.google.com/bot.html)"
66.249.79.65 - - [20/Jul/2025:01:17:51 +0000] "POST /get-message-notify HTTP/1.1" 200 20409 "http://game-gainz.com/index.php/item/3422755/" "Mozilla/5.0 (Linux; Android 6.0.1; Nexus 5X Build/MMB29P) AppleWebKit/537.36 (KHTML, like Gecko) Chrome/137.0.7151.119 Mobile Safari/537.36 (compatible; Googlebot/2.1; +http://www.google.com/bot.html)"
66.249.79.64 - - [20/Jul/2025:01:17:52 +0000] "GET /index.php/item/2756377/ HTTP/1.1" 200 20119 "-" "Mozilla/5.0 (Linux; Android 6.0.1; Nexus 5X Build/MMB29P) AppleWebKit/537.36 (KHTML, like Gecko) Chrome/137.0.7151.103 Mobile Safari/537.36 (compatible; Googlebot/2.1; +http://www.google.com/bot.html)"
66.249.79.65 - - [20/Jul/2025:01:17:53 +0000] "POST /get-message-notify HTTP/1.1" 200 20445 "http://game-gainz.com/index.php/item/1495328/" "Mozilla/5.0 (Linux; Android 6.0.1; Nexus 5X Build/MMB29P) AppleWebKit/537.36 (KHTML, like Gecko) Chrome/137.0.7151.119 Mobile Safari/537.36 (compatible; Googlebot/2.1; +http://www.google.com/bot.html)"
66.249.79.66 - - [20/Jul/2025:01:17:55 +0000] "GET /index.php/item/4607939/ HTTP/1.1" 200 19897 "-" "Mozilla/5.0 (Linux; Android 6.0.1; Nexus 5X Build/MMB29P) AppleWebKit/537.36 (KHTML, like Gecko) Chrome/137.0.7151.103 Mobile Safari/537.36 (compatible; Googlebot/2.1; +http://www.google.com/bot.html)"
66.249.79.64 - - [20/Jul/2025:01:17:56 +0000] "POST /get-message-notify HTTP/1.1" 200 20439 "http://game-gainz.com/index.php/item/2756377/" "Mozilla/5.0 (Linux; Android 6.0.1; Nexus 5X Build/MMB29P) AppleWebKit/537.36 (KHTML, like Gecko) Chrome/137.0.7151.119 Mobile Safari/537.36 (compatible; Googlebot/2.1; +http://www.google.com/bot.html)"
20.171.207.15 - - [20/Jul/2025:01:18:00 +0000] "GET /item/3826556/ HTTP/1.1" 200 265 "-" "Mozilla/5.0 AppleWebKit/537.36 (KHTML, like Gecko; compatible; GPTBot/1.2; +https://openai.com/gptbot)"
66.249.79.64 - - [20/Jul/2025:01:18:01 +0000] "GET /index.php/item/3157755/ HTTP/1.1" 200 19822 "-" "Mozilla/5.0 (Linux; Android 6.0.1; Nexus 5X Build/MMB29P) AppleWebKit/537.36 (KHTML, like Gecko) Chrome/137.0.7151.103 Mobile Safari/537.36 (compatible; Googlebot/2.1; +http://www.google.com/bot.html)"
66.249.79.65 - - [20/Jul/2025:01:18:05 +0000] "GET /index.php/item/1559645/ HTTP/1.1" 200 20729 "-" "Mozilla/5.0 (Linux; Android 6.0.1; Nexus 5X Build/MMB29P) AppleWebKit/537.36 (KHTML, like Gecko) Chrome/137.0.7151.103 Mobile Safari/537.36 (compatible; Googlebot/2.1; +http://www.google.com/bot.html)"
66.249.79.64 - - [20/Jul/2025:01:18:08 +0000] "GET /index.php/item/1596628/ HTTP/1.1" 200 20252 "-" "Mozilla/5.0 (Linux; Android 6.0.1; Nexus 5X Build/MMB29P) AppleWebKit/537.36 (KHTML, like Gecko) Chrome/137.0.7151.103 Mobile Safari/537.36 (compatible; Googlebot/2.1; +http://www.google.com/bot.html)"
66.249.79.65 - - [20/Jul/2025:01:18:11 +0000] "POST /get-message-notify HTTP/1.1" 200 20422 "http://game-gainz.com/index.php/item/3157755/" "Mozilla/5.0 (Linux; Android 6.0.1; Nexus 5X Build/MMB29P) AppleWebKit/537.36 (KHTML, like Gecko) Chrome/137.0.7151.119 Mobile Safari/537.36 (compatible; Googlebot/2.1; +http://www.google.com/bot.html)"
66.249.79.64 - - [20/Jul/2025:01:18:11 +0000] "GET /index.php/item/1938671/ HTTP/1.1" 200 19929 "-" "Mozilla/5.0 (Linux; Android 6.0.1; Nexus 5X Build/MMB29P) AppleWebKit/537.36 (KHTML, like Gecko) Chrome/137.0.7151.103 Mobile Safari/537.36 (compatible; Googlebot/2.1; +http://www.google.com/bot.html)"
66.249.79.64 - - [20/Jul/2025:01:18:14 +0000] "GET /index.php/item/3102553/ HTTP/1.1" 200 19877 "-" "Mozilla/5.0 (Linux; Android 6.0.1; Nexus 5X Build/MMB29P) AppleWebKit/537.36 (KHTML, like Gecko) Chrome/137.0.7151.103 Mobile Safari/537.36 (compatible; Googlebot/2.1; +http://www.google.com/bot.html)"
66.249.79.64 - - [20/Jul/2025:01:18:16 +0000] "GET /index.php/item/1167509/ HTTP/1.1" 200 20664 "-" "Mozilla/5.0 (Linux; Android 6.0.1; Nexus 5X Build/MMB29P) AppleWebKit/537.36 (KHTML, like Gecko) Chrome/137.0.7151.103 Mobile Safari/537.36 (compatible; Googlebot/2.1; +http://www.google.com/bot.html)"
66.249.79.64 - - [20/Jul/2025:01:18:19 +0000] "GET /index.php/item/2807733/ HTTP/1.1" 200 19965 "-" "Mozilla/5.0 (Linux; Android 6.0.1; Nexus 5X Build/MMB29P) AppleWebKit/537.36 (KHTML, like Gecko) Chrome/137.0.7151.103 Mobile Safari/537.36 (compatible; Googlebot/2.1; +http://www.google.com/bot.html)"
66.249.79.64 - - [20/Jul/2025:01:18:23 +0000] "POST /get-message-notify HTTP/1.1" 200 20412 "http://game-gainz.com/index.php/item/4838849/" "Mozilla/5.0 (Linux; Android 6.0.1; Nexus 5X Build/MMB29P) AppleWebKit/537.36 (KHTML, like Gecko) Chrome/137.0.7151.119 Mobile Safari/537.36 (compatible; Googlebot/2.1; +http://www.google.com/bot.html)"
66.249.79.64 - - [20/Jul/2025:01:18:24 +0000] "GET /index.php/item/2898587/ HTTP/1.1" 200 19973 "-" "Mozilla/5.0 (Linux; Android 6.0.1; Nexus 5X Build/MMB29P) AppleWebKit/537.36 (KHTML, like Gecko) Chrome/137.0.7151.103 Mobile Safari/537.36 (compatible; Googlebot/2.1; +http://www.google.com/bot.html)"
66.249.79.64 - - [20/Jul/2025:01:18:27 +0000] "GET /index.php/item/2559952/ HTTP/1.1" 200 20490 "-" "Mozilla/5.0 (Linux; Android 6.0.1; Nexus 5X Build/MMB29P) AppleWebKit/537.36 (KHTML, like Gecko) Chrome/137.0.7151.103 Mobile Safari/537.36 (compatible; Googlebot/2.1; +http://www.google.com/bot.html)"
66.249.79.64 - - [20/Jul/2025:01:18:31 +0000] "GET /index.php/item/4599027/ HTTP/1.1" 200 20162 "-" "Mozilla/5.0 (Linux; Android 6.0.1; Nexus 5X Build/MMB29P) AppleWebKit/537.36 (KHTML, like Gecko) Chrome/137.0.7151.103 Mobile Safari/537.36 (compatible; Googlebot/2.1; +http://www.google.com/bot.html)"
66.249.79.64 - - [20/Jul/2025:01:18:38 +0000] "POST /get-message-notify HTTP/1.1" 200 20416 "http://game-gainz.com/index.php/item/2898587/" "Mozilla/5.0 (Linux; Android 6.0.1; Nexus 5X Build/MMB29P) AppleWebKit/537.36 (KHTML, like Gecko) Chrome/137.0.7151.119 Mobile Safari/537.36 (compatible; Googlebot/2.1; +http://www.google.com/bot.html)"
66.249.79.64 - - [20/Jul/2025:01:18:38 +0000] "GET /index.php/item/1501335/ HTTP/1.1" 200 20190 "-" "Mozilla/5.0 (Linux; Android 6.0.1; Nexus 5X Build/MMB29P) AppleWebKit/537.36 (KHTML, like Gecko) Chrome/137.0.7151.103 Mobile Safari/537.36 (compatible; Googlebot/2.1; +http://www.google.com/bot.html)"
66.249.79.64 - - [20/Jul/2025:01:18:41 +0000] "GET /index.php/item/2903578/ HTTP/1.1" 200 20252 "-" "Mozilla/5.0 (Linux; Android 6.0.1; Nexus 5X Build/MMB29P) AppleWebKit/537.36 (KHTML, like Gecko) Chrome/137.0.7151.103 Mobile Safari/537.36 (compatible; Googlebot/2.1; +http://www.google.com/bot.html)"
66.249.79.65 - - [20/Jul/2025:01:18:46 +0000] "GET /index.php/item/2295687/ HTTP/1.1" 200 20006 "-" "Mozilla/5.0 (Linux; Android 6.0.1; Nexus 5X Build/MMB29P) AppleWebKit/537.36 (KHTML, like Gecko) Chrome/137.0.7151.103 Mobile Safari/537.36 (compatible; Googlebot/2.1; +http://www.google.com/bot.html)"
66.249.79.64 - - [20/Jul/2025:01:18:51 +0000] "GET /index.php/item/4343980/ HTTP/1.1" 200 20099 "-" "Mozilla/5.0 (Linux; Android 6.0.1; Nexus 5X Build/MMB29P) AppleWebKit/537.36 (KHTML, like Gecko) Chrome/137.0.7151.103 Mobile Safari/537.36 (compatible; Googlebot/2.1; +http://www.google.com/bot.html)"
66.249.79.64 - - [20/Jul/2025:01:18:54 +0000] "GET /index.php/item/2444501/ HTTP/1.1" 200 20114 "-" "Mozilla/5.0 (Linux; Android 6.0.1; Nexus 5X Build/MMB29P) AppleWebKit/537.36 (KHTML, like Gecko) Chrome/137.0.7151.103 Mobile Safari/537.36 (compatible; Googlebot/2.1; +http://www.google.com/bot.html)"
66.249.79.65 - - [20/Jul/2025:01:18:55 +0000] "POST /get-message-notify HTTP/1.1" 200 20439 "http://game-gainz.com/index.php/item/1938671/" "Mozilla/5.0 (Linux; Android 6.0.1; Nexus 5X Build/MMB29P) AppleWebKit/537.36 (KHTML, like Gecko) Chrome/137.0.7151.119 Mobile Safari/537.36 (compatible; Googlebot/2.1; +http://www.google.com/bot.html)"
66.249.79.64 - - [20/Jul/2025:01:18:57 +0000] "GET /index.php/item/2653854/ HTTP/1.1" 200 21003 "-" "Mozilla/5.0 (Linux; Android 6.0.1; Nexus 5X Build/MMB29P) AppleWebKit/537.36 (KHTML, like Gecko) Chrome/137.0.7151.103 Mobile Safari/537.36 (compatible; Googlebot/2.1; +http://www.google.com/bot.html)"
66.249.79.65 - - [20/Jul/2025:01:19:00 +0000] "GET /index.php/item/2044667/ HTTP/1.1" 200 19757 "-" "Mozilla/5.0 (Linux; Android 6.0.1; Nexus 5X Build/MMB29P) AppleWebKit/537.36 (KHTML, like Gecko) Chrome/137.0.7151.103 Mobile Safari/537.36 (compatible; Googlebot/2.1; +http://www.google.com/bot.html)"
66.249.79.65 - - [20/Jul/2025:01:19:02 +0000] "POST /get-message-notify HTTP/1.1" 200 20422 "http://game-gainz.com/index.php/item/2903578/" "Mozilla/5.0 (Linux; Android 6.0.1; Nexus 5X Build/MMB29P) AppleWebKit/537.36 (KHTML, like Gecko) Chrome/137.0.7151.119 Mobile Safari/537.36 (compatible; Googlebot/2.1; +http://www.google.com/bot.html)"
66.249.79.66 - - [20/Jul/2025:01:19:03 +0000] "POST /get-message-notify HTTP/1.1" 200 20418 "http://game-gainz.com/index.php/item/2044667/" "Mozilla/5.0 (Linux; Android 6.0.1; Nexus 5X Build/MMB29P) AppleWebKit/537.36 (KHTML, like Gecko) Chrome/137.0.7151.119 Mobile Safari/537.36 (compatible; Googlebot/2.1; +http://www.google.com/bot.html)"
66.249.79.65 - - [20/Jul/2025:01:19:04 +0000] "GET /game-gainz.com/zhHant/product/surugaya/48267780?campaign_uid=f64d716db5e979ed2f947dbaf4296895b951ae7f HTTP/1.1" 200 20609 "-" "Mozilla/5.0 (Linux; Android 6.0.1; Nexus 5X Build/MMB29P) AppleWebKit/537.36 (KHTML, like Gecko) Chrome/137.0.7151.103 Mobile Safari/537.36 (compatible; Googlebot/2.1; +http://www.google.com/bot.html)"
66.249.79.66 - - [20/Jul/2025:01:19:04 +0000] "GET /?f=5361162021370&mod=b3b0b34e&uri=pin.php?item/8096800.shtml HTTP/1.1" 200 20146 "-" "Mozilla/5.0 (compatible; Googlebot/2.1; +http://www.google.com/bot.html)"
66.249.79.64 - - [20/Jul/2025:01:19:07 +0000] "GET /index.php/item/2989960/ HTTP/1.1" 200 19864 "-" "Mozilla/5.0 (Linux; Android 6.0.1; Nexus 5X Build/MMB29P) AppleWebKit/537.36 (KHTML, like Gecko) Chrome/137.0.7151.103 Mobile Safari/537.36 (compatible; Googlebot/2.1; +http://www.google.com/bot.html)"
66.249.79.65 - - [20/Jul/2025:01:19:10 +0000] "POST /get-message-notify HTTP/1.1" 200 20439 "http://game-gainz.com/index.php/item/1596628/" "Mozilla/5.0 (Linux; Android 6.0.1; Nexus 5X Build/MMB29P) AppleWebKit/537.36 (KHTML, like Gecko) Chrome/137.0.7151.119 Mobile Safari/537.36 (compatible; Googlebot/2.1; +http://www.google.com/bot.html)"
66.249.79.64 - - [20/Jul/2025:01:19:33 +0000] "POST /get-message-notify HTTP/1.1" 200 20417 "http://game-gainz.com/index.php/item/1501335/" "Mozilla/5.0 (Linux; Android 6.0.1; Nexus 5X Build/MMB29P) AppleWebKit/537.36 (KHTML, like Gecko) Chrome/137.0.7151.119 Mobile Safari/537.36 (compatible; Googlebot/2.1; +http://www.google.com/bot.html)"
66.249.79.65 - - [20/Jul/2025:01:20:05 +0000] "GET /?f=5799338021370&mod=c80ad097&uri=products.php%3Fid%3D193665-336%26name%3Dultimi+modelli+borse+michael+kors HTTP/1.1" 200 20547 "-" "Mozilla/5.0 (Linux; Android 6.0.1; Nexus 5X Build/MMB29P) AppleWebKit/537.36 (KHTML, like Gecko) Chrome/137.0.7151.103 Mobile Safari/537.36 (compatible; Googlebot/2.1; +http://www.google.com/bot.html)"
66.249.79.65 - - [20/Jul/2025:01:22:21 +0000] "GET /index.php/item/2522832/ HTTP/1.1" 200 20036 "-" "Mozilla/5.0 (Linux; Android 6.0.1; Nexus 5X Build/MMB29P) AppleWebKit/537.36 (KHTML, like Gecko) Chrome/137.0.7151.103 Mobile Safari/537.36 (compatible; Googlebot/2.1; +http://www.google.com/bot.html)"
20.171.207.15 - - [20/Jul/2025:01:25:26 +0000] "GET /item/1188528/ HTTP/1.1" 200 265 "-" "Mozilla/5.0 AppleWebKit/537.36 (KHTML, like Gecko; compatible; GPTBot/1.2; +https://openai.com/gptbot)"
20.171.207.15 - - [20/Jul/2025:01:27:32 +0000] "GET /item/3578673/ HTTP/1.1" 200 265 "-" "Mozilla/5.0 AppleWebKit/537.36 (KHTML, like Gecko; compatible; GPTBot/1.2; +https://openai.com/gptbot)"
66.249.79.65 - - [20/Jul/2025:01:29:42 +0000] "GET /?f=5361162021370&mod=b3b0b34e&uri=pin.php?item/6739644.shtml HTTP/1.1" 200 20575 "-" "Mozilla/5.0 (Linux; Android 6.0.1; Nexus 5X Build/MMB29P) AppleWebKit/537.36 (KHTML, like Gecko) Chrome/137.0.7151.103 Mobile Safari/537.36 (compatible; Googlebot/2.1; +http://www.google.com/bot.html)"
20.171.207.15 - - [20/Jul/2025:01:30:44 +0000] "GET /item/1283862/ HTTP/1.1" 200 265 "-" "Mozilla/5.0 AppleWebKit/537.36 (KHTML, like Gecko; compatible; GPTBot/1.2; +https://openai.com/gptbot)"
66.249.79.65 - - [20/Jul/2025:01:30:52 +0000] "GET /?f=5361162021370&mod=b3b0b34e&uri=pin.php?item/879926824.shtml HTTP/1.1" 200 20165 "-" "Mozilla/5.0 (Linux; Android 6.0.1; Nexus 5X Build/MMB29P) AppleWebKit/537.36 (KHTML, like Gecko) Chrome/137.0.7151.103 Mobile Safari/537.36 (compatible; Googlebot/2.1; +http://www.google.com/bot.html)"
66.249.79.65 - - [20/Jul/2025:01:30:58 +0000] "GET /?f=71130797011370&mod=67a4b0f5&uri=article.php%3Fid%3D2373710-307%26name%3Dadidas+y3+colorate+rosa HTTP/1.1" 200 19910 "-" "Mozilla/5.0 (Linux; Android 6.0.1; Nexus 5X Build/MMB29P) AppleWebKit/537.36 (KHTML, like Gecko) Chrome/137.0.7151.103 Mobile Safari/537.36 (compatible; Googlebot/2.1; +http://www.google.com/bot.html)"
20.171.207.15 - - [20/Jul/2025:01:31:45 +0000] "GET /item/3361176/ HTTP/1.1" 200 265 "-" "Mozilla/5.0 AppleWebKit/537.36 (KHTML, like Gecko; compatible; GPTBot/1.2; +https://openai.com/gptbot)"
20.171.207.15 - - [20/Jul/2025:01:32:49 +0000] "GET /item/4134753/ HTTP/1.1" 200 265 "-" "Mozilla/5.0 AppleWebKit/537.36 (KHTML, like Gecko; compatible; GPTBot/1.2; +https://openai.com/gptbot)"
66.249.79.65 - - [20/Jul/2025:01:33:00 +0000] "GET /robots.txt HTTP/1.1" 200 240 "-" "Mozilla/5.0 (compatible; Googlebot/2.1; +http://www.google.com/bot.html)"
66.249.79.66 - - [20/Jul/2025:01:33:00 +0000] "GET /?f=5361162021370&mod=b3b0b34e&uri=pin.php?item/879936848.shtml HTTP/1.1" 200 19915 "-" "Mozilla/5.0 (compatible; Googlebot/2.1; +http://www.google.com/bot.html)"
66.249.79.64 - - [20/Jul/2025:01:33:09 +0000] "GET /index.php/item/1127466/ HTTP/1.1" 200 20029 "-" "Mozilla/5.0 (compatible; Googlebot/2.1; +http://www.google.com/bot.html)"
66.249.79.64 - - [20/Jul/2025:01:33:17 +0000] "GET /index.php/item/2740957/ HTTP/1.1" 200 20439 "-" "Mozilla/5.0 (Linux; Android 6.0.1; Nexus 5X Build/MMB29P) AppleWebKit/537.36 (KHTML, like Gecko) Chrome/137.0.7151.103 Mobile Safari/537.36 (compatible; Googlebot/2.1; +http://www.google.com/bot.html)"
66.249.79.64 - - [20/Jul/2025:01:34:56 +0000] "GET /robots.txt HTTP/1.1" 200 240 "-" "Mozilla/5.0 (compatible; Googlebot/2.1; +http://www.google.com/bot.html)"
66.249.79.66 - - [20/Jul/2025:01:34:56 +0000] "GET /game-gainz.com/pcmypage?callback=product/review/98946961 HTTP/1.1" 200 20947 "-" "Mozilla/5.0 (compatible; Googlebot/2.1; +http://www.google.com/bot.html)"
66.249.79.66 - - [20/Jul/2025:01:35:11 +0000] "GET /index.php/item/2218879/ HTTP/1.1" 200 20188 "-" "Mozilla/5.0 (compatible; Googlebot/2.1; +http://www.google.com/bot.html)"
66.249.79.64 - - [20/Jul/2025:01:36:40 +0000] "GET /robots.txt HTTP/1.1" 200 240 "-" "Mozilla/5.0 (compatible; Googlebot/2.1; +http://www.google.com/bot.html)"
66.249.79.66 - - [20/Jul/2025:01:36:40 +0000] "GET /index.php/item/4034569/ HTTP/1.1" 200 20550 "-" "Mozilla/5.0 (Linux; Android 6.0.1; Nexus 5X Build/MMB29P) AppleWebKit/537.36 (KHTML, like Gecko) Chrome/137.0.7151.103 Mobile Safari/537.36 (compatible; Googlebot/2.1; +http://www.google.com/bot.html)"
20.171.207.15 - - [20/Jul/2025:01:37:02 +0000] "GET /item/1771656/ HTTP/1.1" 200 265 "-" "Mozilla/5.0 AppleWebKit/537.36 (KHTML, like Gecko; compatible; GPTBot/1.2; +https://openai.com/gptbot)"
66.249.79.64 - - [20/Jul/2025:01:37:25 +0000] "GET /?f=5330409061370&mod=f3a3d61b&uri=info.php?product/edit/G4087075576 HTTP/1.1" 200 20626 "-" "Mozilla/5.0 (compatible; Googlebot/2.1; +http://www.google.com/bot.html)"
66.249.79.66 - - [20/Jul/2025:01:37:28 +0000] "GET /?f=5329779031370&mod=f3a3d61b&uri=blog.php?item/56760166.shtml HTTP/1.1" 200 20396 "-" "Mozilla/5.0 (Linux; Android 6.0.1; Nexus 5X Build/MMB29P) AppleWebKit/537.36 (KHTML, like Gecko) Chrome/137.0.7151.103 Mobile Safari/537.36 (compatible; Googlebot/2.1; +http://www.google.com/bot.html)"
43.130.60.195 - - [20/Jul/2025:01:38:45 +0000] "GET / HTTP/1.1" 200 265 "-" "Mozilla/5.0 (iPhone; CPU iPhone OS 13_2_3 like Mac OS X) AppleWebKit/605.1.15 (KHTML, like Gecko) Version/13.0.3 Mobile/15E148 Safari/604.1"
66.249.79.64 - - [20/Jul/2025:01:39:01 +0000] "GET /robots.txt HTTP/1.1" 200 240 "-" "Mozilla/5.0 (compatible; Googlebot/2.1; +http://www.google.com/bot.html)"
66.249.79.65 - - [20/Jul/2025:01:39:01 +0000] "GET /?f=5344599011370&mod=aebb462e&uri=form.php?item/9411018.shtml HTTP/1.1" 200 19610 "-" "Mozilla/5.0 (compatible; Googlebot/2.1; +http://www.google.com/bot.html)"
66.249.79.64 - - [20/Jul/2025:01:39:11 +0000] "GET /?f=5025587031370&mod=67a4b0f5&uri=info.php?item/5451496.shtml HTTP/1.1" 200 20044 "-" "Mozilla/5.0 (Linux; Android 6.0.1; Nexus 5X Build/MMB29P) AppleWebKit/537.36 (KHTML, like Gecko) Chrome/137.0.7151.103 Mobile Safari/537.36 (compatible; Googlebot/2.1; +http://www.google.com/bot.html)"
66.249.79.64 - - [20/Jul/2025:01:39:13 +0000] "GET /index.php/item/2656745 HTTP/1.1" 200 20038 "-" "Mozilla/5.0 (Linux; Android 6.0.1; Nexus 5X Build/MMB29P) AppleWebKit/537.36 (KHTML, like Gecko) Chrome/137.0.7151.103 Mobile Safari/537.36 (compatible; Googlebot/2.1; +http://www.google.com/bot.html)"
66.249.79.64 - - [20/Jul/2025:01:39:43 +0000] "GET /index.php/item/3989464 HTTP/1.1" 200 20854 "-" "Mozilla/5.0 (Linux; Android 6.0.1; Nexus 5X Build/MMB29P) AppleWebKit/537.36 (KHTML, like Gecko) Chrome/137.0.7151.103 Mobile Safari/537.36 (compatible; Googlebot/2.1; +http://www.google.com/bot.html)"
66.249.79.64 - - [20/Jul/2025:01:39:46 +0000] "POST /get-message-notify HTTP/1.1" 200 20440 "http://game-gainz.com/index.php/item/3989464" "Mozilla/5.0 (Linux; Android 6.0.1; Nexus 5X Build/MMB29P) AppleWebKit/537.36 (KHTML, like Gecko) Chrome/137.0.7151.119 Mobile Safari/537.36 (compatible; Googlebot/2.1; +http://www.google.com/bot.html)"
66.249.79.65 - - [20/Jul/2025:01:40:00 +0000] "GET /?f=5344599011370&mod=aebb462e&uri=form.php?item/257622052.shtml HTTP/1.1" 200 20456 "-" "Mozilla/5.0 (compatible; Googlebot/2.1; +http://www.google.com/bot.html)"
20.171.207.15 - - [20/Jul/2025:01:40:15 +0000] "GET /item/4180828/ HTTP/1.1" 200 265 "-" "Mozilla/5.0 AppleWebKit/537.36 (KHTML, like Gecko; compatible; GPTBot/1.2; +https://openai.com/gptbot)"
66.249.79.64 - - [20/Jul/2025:01:41:30 +0000] "GET /robots.txt HTTP/1.1" 200 240 "-" "Mozilla/5.0 (compatible; Googlebot/2.1; +http://www.google.com/bot.html)"
66.249.79.66 - - [20/Jul/2025:01:41:30 +0000] "GET /?f=5361162021370&mod=b3b0b34e&uri=pin.php?item/673605188.shtml HTTP/1.1" 200 20076 "-" "Mozilla/5.0 (compatible; Googlebot/2.1; +http://www.google.com/bot.html)"
66.249.79.66 - - [20/Jul/2025:01:42:20 +0000] "GET /?f=5361162021370&mod=b3b0b34e&uri=pin.php?item/6785442.shtml HTTP/1.1" 200 20104 "-" "Mozilla/5.0 (compatible; Googlebot/2.1; +http://www.google.com/bot.html)"
66.249.79.64 - - [20/Jul/2025:01:42:41 +0000] "GET /robots.txt HTTP/1.1" 200 240 "-" "Mozilla/5.0 (compatible; Googlebot/2.1; +http://www.google.com/bot.html)"
66.249.79.65 - - [20/Jul/2025:01:42:41 +0000] "GET /index.php/item/2167698/ HTTP/1.1" 200 20397 "-" "Mozilla/5.0 (compatible; Googlebot/2.1; +http://www.google.com/bot.html)"
20.171.207.15 - - [20/Jul/2025:01:43:22 +0000] "GET /item/3292162/ HTTP/1.1" 200 265 "-" "Mozilla/5.0 AppleWebKit/537.36 (KHTML, like Gecko; compatible; GPTBot/1.2; +https://openai.com/gptbot)"
66.249.79.65 - - [20/Jul/2025:01:44:13 +0000] "GET /robots.txt HTTP/1.1" 200 240 "-" "Mozilla/5.0 (compatible; Googlebot/2.1; +http://www.google.com/bot.html)"
66.249.79.66 - - [20/Jul/2025:01:44:13 +0000] "GET /index.php/item/4371573/ HTTP/1.1" 200 20656 "-" "Mozilla/5.0 (Linux; Android 6.0.1; Nexus 5X Build/MMB29P) AppleWebKit/537.36 (KHTML, like Gecko) Chrome/137.0.7151.103 Mobile Safari/537.36 (compatible; Googlebot/2.1; +http://www.google.com/bot.html)"
20.171.207.15 - - [20/Jul/2025:01:45:26 +0000] "GET /item/2414542/ HTTP/1.1" 200 265 "-" "Mozilla/5.0 AppleWebKit/537.36 (KHTML, like Gecko; compatible; GPTBot/1.2; +https://openai.com/gptbot)"
66.249.79.66 - - [20/Jul/2025:01:45:43 +0000] "GET /index.php/item/4891692/ HTTP/1.1" 200 20375 "-" "Mozilla/5.0 (compatible; Googlebot/2.1; +http://www.google.com/bot.html)"
66.249.79.65 - - [20/Jul/2025:01:45:52 +0000] "GET /index.php/item/2701602/ HTTP/1.1" 200 20513 "-" "Mozilla/5.0 (compatible; Googlebot/2.1; +http://www.google.com/bot.html)"
20.171.207.15 - - [20/Jul/2025:01:46:32 +0000] "GET /item/1723116/ HTTP/1.1" 200 265 "-" "Mozilla/5.0 AppleWebKit/537.36 (KHTML, like Gecko; compatible; GPTBot/1.2; +https://openai.com/gptbot)"
66.249.79.66 - - [20/Jul/2025:01:46:40 +0000] "GET /index.php/item/4263826 HTTP/1.1" 200 20336 "-" "Mozilla/5.0 (Linux; Android 6.0.1; Nexus 5X Build/MMB29P) AppleWebKit/537.36 (KHTML, like Gecko) Chrome/137.0.7151.103 Mobile Safari/537.36 (compatible; Googlebot/2.1; +http://www.google.com/bot.html)"
20.171.207.15 - - [20/Jul/2025:01:47:34 +0000] "GET /item/2298906/ HTTP/1.1" 200 265 "-" "Mozilla/5.0 AppleWebKit/537.36 (KHTML, like Gecko; compatible; GPTBot/1.2; +https://openai.com/gptbot)"
66.249.79.66 - - [20/Jul/2025:01:47:48 +0000] "GET /index.php/item/3995084/ HTTP/1.1" 200 20317 "-" "Mozilla/5.0 (compatible; Googlebot/2.1; +http://www.google.com/bot.html)"
20.171.207.15 - - [20/Jul/2025:01:48:36 +0000] "GET /item/3813312/ HTTP/1.1" 200 265 "-" "Mozilla/5.0 AppleWebKit/537.36 (KHTML, like Gecko; compatible; GPTBot/1.2; +https://openai.com/gptbot)"
66.249.79.64 - - [20/Jul/2025:01:48:43 +0000] "GET /?f=5025587031370&mod=67a4b0f5&uri=info.php?feature/sale2411-5/index.html HTTP/1.1" 200 20081 "-" "Mozilla/5.0 (compatible; Googlebot/2.1; +http://www.google.com/bot.html)"
66.249.79.66 - - [20/Jul/2025:01:49:06 +0000] "GET /?f=5327259011370&mod=aebb462e&uri=form.php?item/2869150.shtml HTTP/1.1" 200 20229 "-" "Mozilla/5.0 (Linux; Android 6.0.1; Nexus 5X Build/MMB29P) AppleWebKit/537.36 (KHTML, like Gecko) Chrome/137.0.7151.103 Mobile Safari/537.36 (compatible; Googlebot/2.1; +http://www.google.com/bot.html)"
66.249.79.65 - - [20/Jul/2025:01:49:13 +0000] "GET /index.php/item/1498823/ HTTP/1.1" 200 19948 "-" "Mozilla/5.0 (Linux; Android 6.0.1; Nexus 5X Build/MMB29P) AppleWebKit/537.36 (KHTML, like Gecko) Chrome/137.0.7151.103 Mobile Safari/537.36 (compatible; Googlebot/2.1; +http://www.google.com/bot.html)"
66.249.79.64 - - [20/Jul/2025:01:49:14 +0000] "GET /?f=5025587031370&mod=67a4b0f5&uri=info.php?item/56176930.shtml HTTP/1.1" 200 20779 "-" "Mozilla/5.0 (compatible; Googlebot/2.1; +http://www.google.com/bot.html)"
20.171.207.15 - - [20/Jul/2025:01:49:38 +0000] "GET /item/2516026/ HTTP/1.1" 200 265 "-" "Mozilla/5.0 AppleWebKit/537.36 (KHTML, like Gecko; compatible; GPTBot/1.2; +https://openai.com/gptbot)"
66.249.79.64 - - [20/Jul/2025:01:49:39 +0000] "GET /?f=5025587031370&mod=67a4b0f5&uri=info.php?item/55429160.shtml HTTP/1.1" 200 20304 "-" "Mozilla/5.0 (compatible; Googlebot/2.1; +http://www.google.com/bot.html)"
20.171.207.15 - - [20/Jul/2025:01:50:42 +0000] "GET /item/2682205/ HTTP/1.1" 200 265 "-" "Mozilla/5.0 AppleWebKit/537.36 (KHTML, like Gecko; compatible; GPTBot/1.2; +https://openai.com/gptbot)"
66.249.79.65 - - [20/Jul/2025:01:51:39 +0000] "GET /index.php/item/3480711/ HTTP/1.1" 200 20541 "-" "Mozilla/5.0 (compatible; Googlebot/2.1; +http://www.google.com/bot.html)"
20.171.207.15 - - [20/Jul/2025:01:51:48 +0000] "GET /item/4861171/ HTTP/1.1" 200 265 "-" "Mozilla/5.0 AppleWebKit/537.36 (KHTML, like Gecko; compatible; GPTBot/1.2; +https://openai.com/gptbot)"
66.249.79.65 - - [20/Jul/2025:01:51:56 +0000] "GET /index.php/item/2864140/ HTTP/1.1" 200 20679 "-" "Mozilla/5.0 (compatible; Googlebot/2.1; +http://www.google.com/bot.html)"
66.249.79.65 - - [20/Jul/2025:01:52:38 +0000] "GET /index.php/item/4948065/game-gainz.com/avsoft.html HTTP/1.1" 200 20310 "-" "Mozilla/5.0 (compatible; Googlebot/2.1; +http://www.google.com/bot.html)"
66.249.79.65 - - [20/Jul/2025:01:52:58 +0000] "GET /?f=5330409061370&mod=f3a3d61b&uri=info.php?item/5472694.shtml HTTP/1.1" 200 20815 "-" "Mozilla/5.0 (Linux; Android 6.0.1; Nexus 5X Build/MMB29P) AppleWebKit/537.36 (KHTML, like Gecko) Chrome/137.0.7151.103 Mobile Safari/537.36 (compatible; Googlebot/2.1; +http://www.google.com/bot.html)"
66.249.79.66 - - [20/Jul/2025:01:54:36 +0000] "GET /?f=5361162021370&mod=b3b0b34e&uri=pin.php?item/6698506.shtml HTTP/1.1" 200 20132 "-" "Mozilla/5.0 (compatible; Googlebot/2.1; +http://www.google.com/bot.html)"
66.249.79.64 - - [20/Jul/2025:01:54:52 +0000] "GET /index.php/item/3526314/ HTTP/1.1" 200 20753 "-" "Mozilla/5.0 (compatible; Googlebot/2.1; +http://www.google.com/bot.html)"
66.249.79.65 - - [20/Jul/2025:01:55:44 +0000] "GET /index.php/item/3521673 HTTP/1.1" 200 20688 "-" "Mozilla/5.0 (Linux; Android 6.0.1; Nexus 5X Build/MMB29P) AppleWebKit/537.36 (KHTML, like Gecko) Chrome/137.0.7151.103 Mobile Safari/537.36 (compatible; Googlebot/2.1; +http://www.google.com/bot.html)"
66.249.79.66 - - [20/Jul/2025:01:55:48 +0000] "POST /get-message-notify HTTP/1.1" 200 20418 "http://game-gainz.com/index.php/item/3521673" "Mozilla/5.0 (Linux; Android 6.0.1; Nexus 5X Build/MMB29P) AppleWebKit/537.36 (KHTML, like Gecko) Chrome/137.0.7151.119 Mobile Safari/537.36 (compatible; Googlebot/2.1; +http://www.google.com/bot.html)"
20.171.207.15 - - [20/Jul/2025:01:56:01 +0000] "GET /item/1548565/ HTTP/1.1" 200 265 "-" "Mozilla/5.0 AppleWebKit/537.36 (KHTML, like Gecko; compatible; GPTBot/1.2; +https://openai.com/gptbot)"
66.249.79.65 - - [20/Jul/2025:01:57:01 +0000] "GET /index.php/item/3120265/ HTTP/1.1" 200 19974 "-" "Mozilla/5.0 (compatible; Googlebot/2.1; +http://www.google.com/bot.html)"
66.249.79.64 - - [20/Jul/2025:01:57:15 +0000] "GET /?f=5025587031370&mod=67a4b0f5&uri=info.php?product/edit/G227701723 HTTP/1.1" 200 20606 "-" "Mozilla/5.0 (compatible; Googlebot/2.1; +http://www.google.com/bot.html)"
66.249.79.64 - - [20/Jul/2025:01:57:21 +0000] "GET /?f=5344599011370&mod=aebb462e&uri=form.php?item/10767036.shtml HTTP/1.1" 200 20261 "-" "Mozilla/5.0 (compatible; Googlebot/2.1; +http://www.google.com/bot.html)"
66.249.79.66 - - [20/Jul/2025:01:58:11 +0000] "GET /?f=5361162021370&mod=b3b0b34e&uri=pin.php?item/673586710.shtml HTTP/1.1" 200 20780 "-" "Mozilla/5.0 (compatible; Googlebot/2.1; +http://www.google.com/bot.html)"
66.249.79.64 - - [20/Jul/2025:01:58:58 +0000] "GET /?f=5361162021370&mod=b3b0b34e&uri=pin.php?item/674882718.shtml HTTP/1.1" 200 20241 "-" "Mozilla/5.0 (compatible; Googlebot/2.1; +http://www.google.com/bot.html)"
20.171.207.15 - - [20/Jul/2025:01:59:12 +0000] "GET /item/1220105/ HTTP/1.1" 200 265 "-" "Mozilla/5.0 AppleWebKit/537.36 (KHTML, like Gecko; compatible; GPTBot/1.2; +https://openai.com/gptbot)"
20.171.207.15 - - [20/Jul/2025:02:00:15 +0000] "GET /item/1631817/ HTTP/1.1" 200 265 "-" "Mozilla/5.0 AppleWebKit/537.36 (KHTML, like Gecko; compatible; GPTBot/1.2; +https://openai.com/gptbot)"
66.249.79.66 - - [20/Jul/2025:02:00:26 +0000] "GET /index.php/item/2627442/ HTTP/1.1" 200 20367 "-" "Mozilla/5.0 (Linux; Android 6.0.1; Nexus 5X Build/MMB29P) AppleWebKit/537.36 (KHTML, like Gecko) Chrome/137.0.7151.103 Mobile Safari/537.36 (compatible; Googlebot/2.1; +http://www.google.com/bot.html)"
66.249.79.65 - - [20/Jul/2025:02:00:47 +0000] "GET /?f=5787955021370&mod=e6e9099e&uri=form.php%3Fid%3D193285-57%26name%3Dtws+neo+earphones HTTP/1.1" 200 20232 "-" "Mozilla/5.0 (compatible; Googlebot/2.1; +http://www.google.com/bot.html)"
