57.141.2.14 - - [19/Jul/2025:17:48:14 +0000] "GET /goodscode/62699053.shtm HTTP/1.1" 404 50359 "-" "meta-externalagent/1.1 (+https://developers.facebook.com/docs/sharing/webmasters/crawler)"
216.73.216.160 - - [19/Jul/2025:17:48:25 +0000] "GET /db.php/sitemap-8.xml HTTP/1.1" 200 13834 "-" "Mozilla/5.0 AppleWebKit/537.36 (KHTML, like Gecko; compatible; ClaudeBot/1.0; [email protected])"
209.74.77.214 - - [19/Jul/2025:17:49:15 +0000] "POST /wp-cron.php?doing_wp_cron=1752947355.3057990074157714843750 HTTP/1.1" 200 - "-" "WordPress/6.8.2; https://gardenify.com.au"
20.171.207.73 - - [19/Jul/2025:17:49:14 +0000] "GET /goodscode/87787448.shtm HTTP/1.1" 404 11743 "-" "Mozilla/5.0 AppleWebKit/537.36 (KHTML, like Gecko; compatible; GPTBot/1.2; +https://openai.com/gptbot)"
209.74.77.214 - - [19/Jul/2025:17:49:15 +0000] "POST /wp-admin/admin-ajax.php?action=async_litespeed&nonce=z1zA7kt8fn6Izih0pioNngPClYBegTDA&litespeed_type=imgoptm HTTP/1.1" 200 21 "-" "WordPress/6.8.2; https://gardenify.com.au"
209.74.77.214 - - [19/Jul/2025:17:50:17 +0000] "POST /wp-cron.php?doing_wp_cron=1752947417.8942170143127441406250 HTTP/1.1" 200 - "-" "WordPress/6.8.2; https://gardenify.com.au"
20.171.207.73 - - [19/Jul/2025:17:50:16 +0000] "GET /goodscode/87795966.shtm HTTP/1.1" 404 11743 "-" "Mozilla/5.0 AppleWebKit/537.36 (KHTML, like Gecko; compatible; GPTBot/1.2; +https://openai.com/gptbot)"
209.74.77.214 - - [19/Jul/2025:17:50:18 +0000] "POST /wp-admin/admin-ajax.php?action=async_litespeed&nonce=dvTXEzitirOrFFvGCkRMXwJhpmXoJ6gX&litespeed_type=imgoptm HTTP/1.1" 200 21 "-" "WordPress/6.8.2; https://gardenify.com.au"
209.74.77.214 - - [19/Jul/2025:17:51:21 +0000] "POST /wp-cron.php?doing_wp_cron=1752947481.6458950042724609375000 HTTP/1.1" 200 - "-" "WordPress/6.8.2; https://gardenify.com.au"
20.171.207.73 - - [19/Jul/2025:17:51:20 +0000] "GET /goodscode/87796780.shtm HTTP/1.1" 404 11743 "-" "Mozilla/5.0 AppleWebKit/537.36 (KHTML, like Gecko; compatible; GPTBot/1.2; +https://openai.com/gptbot)"
209.74.77.214 - - [19/Jul/2025:17:51:21 +0000] "POST /wp-admin/admin-ajax.php?action=async_litespeed&nonce=jnmIUyJk8R1CeeGFWlO9Rkf7G3bZxojv&litespeed_type=imgoptm HTTP/1.1" 200 21 "-" "WordPress/6.8.2; https://gardenify.com.au"
209.74.77.214 - - [19/Jul/2025:17:52:26 +0000] "POST /wp-cron.php?doing_wp_cron=1752947546.3899838924407958984375 HTTP/1.1" 200 - "-" "WordPress/6.8.2; https://gardenify.com.au"
20.171.207.73 - - [19/Jul/2025:17:52:25 +0000] "GET /goodscode/87783879.shtm HTTP/1.1" 404 11743 "-" "Mozilla/5.0 AppleWebKit/537.36 (KHTML, like Gecko; compatible; GPTBot/1.2; +https://openai.com/gptbot)"
209.74.77.214 - - [19/Jul/2025:17:52:26 +0000] "POST /wp-admin/admin-ajax.php?action=async_litespeed&nonce=BX8Y2VsAcK2SdBrfhWbIVmAYxdgi4n3p&litespeed_type=imgoptm HTTP/1.1" 200 21 "-" "WordPress/6.8.2; https://gardenify.com.au"
209.74.77.214 - - [19/Jul/2025:17:53:27 +0000] "POST /wp-cron.php?doing_wp_cron=1752947607.5052320957183837890625 HTTP/1.1" 200 - "-" "WordPress/6.8.2; https://gardenify.com.au"
20.171.207.73 - - [19/Jul/2025:17:53:26 +0000] "GET /goodscode/87781049.shtm HTTP/1.1" 404 11743 "-" "Mozilla/5.0 AppleWebKit/537.36 (KHTML, like Gecko; compatible; GPTBot/1.2; +https://openai.com/gptbot)"
209.74.77.214 - - [19/Jul/2025:17:53:27 +0000] "POST /wp-admin/admin-ajax.php?action=async_litespeed&nonce=RejEvH5cF9vPFAq4H3090nfttTvloHKt&litespeed_type=imgoptm HTTP/1.1" 200 21 "-" "WordPress/6.8.2; https://gardenify.com.au"
209.74.77.214 - - [19/Jul/2025:17:54:33 +0000] "POST /wp-cron.php?doing_wp_cron=1752947673.2778759002685546875000 HTTP/1.1" 200 - "-" "WordPress/6.8.2; https://gardenify.com.au"
20.171.207.73 - - [19/Jul/2025:17:54:31 +0000] "GET /goodscode/87790112.shtm HTTP/1.1" 404 11743 "-" "Mozilla/5.0 AppleWebKit/537.36 (KHTML, like Gecko; compatible; GPTBot/1.2; +https://openai.com/gptbot)"
209.74.77.214 - - [19/Jul/2025:17:54:33 +0000] "POST /wp-admin/admin-ajax.php?action=async_litespeed&nonce=dT821Ho4mSk7JyRFNHQYBtydBfQm453P&litespeed_type=imgoptm HTTP/1.1" 200 21 "-" "WordPress/6.8.2; https://gardenify.com.au"
216.73.216.160 - - [19/Jul/2025:17:55:20 +0000] "GET /sitemap-18.xml HTTP/1.1" 200 3763 "-" "Mozilla/5.0 AppleWebKit/537.36 (KHTML, like Gecko; compatible; ClaudeBot/1.0; [email protected])"
209.74.77.214 - - [19/Jul/2025:17:55:33 +0000] "POST /wp-cron.php?doing_wp_cron=1752947733.5267400741577148437500 HTTP/1.1" 200 - "-" "WordPress/6.8.2; https://gardenify.com.au"
20.171.207.73 - - [19/Jul/2025:17:55:32 +0000] "GET /goodscode/87780510.shtm HTTP/1.1" 404 11743 "-" "Mozilla/5.0 AppleWebKit/537.36 (KHTML, like Gecko; compatible; GPTBot/1.2; +https://openai.com/gptbot)"
209.74.77.214 - - [19/Jul/2025:17:55:33 +0000] "POST /wp-admin/admin-ajax.php?action=async_litespeed&nonce=FaRzZ6tsBGgZnxpUJlRAHzj8WhJRL2oP&litespeed_type=imgoptm HTTP/1.1" 200 21 "-" "WordPress/6.8.2; https://gardenify.com.au"
209.74.77.214 - - [19/Jul/2025:17:56:38 +0000] "POST /wp-cron.php?doing_wp_cron=1752947798.2833530902862548828125 HTTP/1.1" 200 - "-" "WordPress/6.8.2; https://gardenify.com.au"
20.171.207.73 - - [19/Jul/2025:17:56:36 +0000] "GET /goodscode/87796829.shtm HTTP/1.1" 404 11743 "-" "Mozilla/5.0 AppleWebKit/537.36 (KHTML, like Gecko; compatible; GPTBot/1.2; +https://openai.com/gptbot)"
209.74.77.214 - - [19/Jul/2025:17:56:38 +0000] "POST /wp-admin/admin-ajax.php?action=async_litespeed&nonce=zfvlHRakBluv068rWXwk7o5IBQedy1Mh&litespeed_type=imgoptm HTTP/1.1" 200 21 "-" "WordPress/6.8.2; https://gardenify.com.au"
209.74.77.214 - - [19/Jul/2025:17:57:38 +0000] "POST /wp-cron.php?doing_wp_cron=1752947858.2296700477600097656250 HTTP/1.1" 200 - "-" "WordPress/6.8.2; https://gardenify.com.au"
209.74.77.214 - - [19/Jul/2025:17:57:38 +0000] "POST /wp-cron.php?doing_wp_cron=1752947858.2294950485229492187500 HTTP/1.1" 200 - "-" "WordPress/6.8.2; https://gardenify.com.au"
57.141.2.18 - - [19/Jul/2025:17:57:37 +0000] "GET /search/65181684021490/feed/rss2/ HTTP/1.1" 200 1209 "-" "meta-externalagent/1.1 (+https://developers.facebook.com/docs/sharing/webmasters/crawler)"
20.171.207.73 - - [19/Jul/2025:17:57:37 +0000] "GET /goodscode/87783970.shtm HTTP/1.1" 404 11743 "-" "Mozilla/5.0 AppleWebKit/537.36 (KHTML, like Gecko; compatible; GPTBot/1.2; +https://openai.com/gptbot)"
209.74.77.214 - - [19/Jul/2025:17:57:38 +0000] "POST /wp-admin/admin-ajax.php?action=async_litespeed&nonce=Vc3NSc88st0WpGZPQvrWYCebnEDDBEUJ&litespeed_type=imgoptm HTTP/1.1" 200 21 "-" "WordPress/6.8.2; https://gardenify.com.au"
57.141.2.3 - - [19/Jul/2025:17:57:50 +0000] "GET /index.html HTTP/1.1" 301 - "-" "meta-externalagent/1.1 (+https://developers.facebook.com/docs/sharing/webmasters/crawler)"
209.74.77.214 - - [19/Jul/2025:17:58:41 +0000] "POST /wp-cron.php?doing_wp_cron=1752947920.9936699867248535156250 HTTP/1.1" 200 - "-" "WordPress/6.8.2; https://gardenify.com.au"
20.171.207.73 - - [19/Jul/2025:17:58:39 +0000] "GET /goodscode/87786930.shtm HTTP/1.1" 404 11743 "-" "Mozilla/5.0 AppleWebKit/537.36 (KHTML, like Gecko; compatible; GPTBot/1.2; +https://openai.com/gptbot)"
209.74.77.214 - - [19/Jul/2025:17:58:41 +0000] "POST /wp-admin/admin-ajax.php?action=async_litespeed&nonce=aJ4xcQDBlUzYuxG0oOQfNVsgCyGRqaun&litespeed_type=imgoptm HTTP/1.1" 200 21 "-" "WordPress/6.8.2; https://gardenify.com.au"
209.74.77.214 - - [19/Jul/2025:17:59:44 +0000] "POST /wp-cron.php?doing_wp_cron=1752947984.4381849765777587890625 HTTP/1.1" 200 - "-" "WordPress/6.8.2; https://gardenify.com.au"
20.171.207.73 - - [19/Jul/2025:17:59:43 +0000] "GET /goodscode/87781092.shtm HTTP/1.1" 404 11743 "-" "Mozilla/5.0 AppleWebKit/537.36 (KHTML, like Gecko; compatible; GPTBot/1.2; +https://openai.com/gptbot)"
209.74.77.214 - - [19/Jul/2025:17:59:44 +0000] "POST /wp-admin/admin-ajax.php?action=async_litespeed&nonce=0ZF6t1TVA6WYYLukW45o3ns7LnjpKYEF&litespeed_type=imgoptm HTTP/1.1" 200 21 "-" "WordPress/6.8.2; https://gardenify.com.au"
209.74.77.214 - - [19/Jul/2025:18:00:49 +0000] "POST /wp-cron.php?doing_wp_cron=1752948049.3448638916015625000000 HTTP/1.1" 200 - "-" "WordPress/6.8.2; https://gardenify.com.au"
20.171.207.73 - - [19/Jul/2025:18:00:48 +0000] "GET /goodscode/87804476.shtm HTTP/1.1" 404 11743 "-" "Mozilla/5.0 AppleWebKit/537.36 (KHTML, like Gecko; compatible; GPTBot/1.2; +https://openai.com/gptbot)"
209.74.77.214 - - [19/Jul/2025:18:00:49 +0000] "POST /wp-admin/admin-ajax.php?action=async_litespeed&nonce=qYPzKk4S164yyjvQA14vHvf5kk4Xr6la&litespeed_type=imgoptm HTTP/1.1" 200 21 "-" "WordPress/6.8.2; https://gardenify.com.au"
209.74.77.214 - - [19/Jul/2025:18:01:50 +0000] "POST /wp-cron.php?doing_wp_cron=1752948110.8926510810852050781250 HTTP/1.1" 200 - "-" "WordPress/6.8.2; https://gardenify.com.au"
20.171.207.73 - - [19/Jul/2025:18:01:49 +0000] "GET /goodscode/87793637.shtm HTTP/1.1" 404 11743 "-" "Mozilla/5.0 AppleWebKit/537.36 (KHTML, like Gecko; compatible; GPTBot/1.2; +https://openai.com/gptbot)"
209.74.77.214 - - [19/Jul/2025:18:01:50 +0000] "POST /wp-admin/admin-ajax.php?action=async_litespeed&nonce=TttsEVkotpJoCws213Lt8w8mA5ZpP1Ks&litespeed_type=imgoptm HTTP/1.1" 200 21 "-" "WordPress/6.8.2; https://gardenify.com.au"
209.74.77.214 - - [19/Jul/2025:18:02:54 +0000] "POST /wp-cron.php?doing_wp_cron=1752948174.3105459213256835937500 HTTP/1.1" 200 - "-" "WordPress/6.8.2; https://gardenify.com.au"
20.171.207.73 - - [19/Jul/2025:18:02:52 +0000] "GET /goodscode/87787653.shtm HTTP/1.1" 404 11742 "-" "Mozilla/5.0 AppleWebKit/537.36 (KHTML, like Gecko; compatible; GPTBot/1.2; +https://openai.com/gptbot)"
209.74.77.214 - - [19/Jul/2025:18:02:55 +0000] "POST /wp-admin/admin-ajax.php?action=async_litespeed&nonce=F24XWm6SCNdCJDMpTi8mpVIt5YKGUrMO&litespeed_type=imgoptm HTTP/1.1" 200 21 "-" "WordPress/6.8.2; https://gardenify.com.au"
209.74.77.214 - - [19/Jul/2025:18:03:57 +0000] "POST /wp-cron.php?doing_wp_cron=1752948237.5377678871154785156250 HTTP/1.1" 200 - "-" "WordPress/6.8.2; https://gardenify.com.au"
209.74.77.214 - - [19/Jul/2025:18:03:57 +0000] "POST /wp-admin/admin-ajax.php?action=async_litespeed&nonce=M5PyVAiBEpuSaQRzRjbbv2o48YnMQo6s&litespeed_type=imgoptm HTTP/1.1" 200 21 "-" "WordPress/6.8.2; https://gardenify.com.au"
20.171.207.73 - - [19/Jul/2025:18:03:56 +0000] "GET /goodscode/87783879.shtm HTTP/1.1" 404 11743 "-" "Mozilla/5.0 AppleWebKit/537.36 (KHTML, like Gecko; compatible; GPTBot/1.2; +https://openai.com/gptbot)"
209.74.77.214 - - [19/Jul/2025:18:04:58 +0000] "POST /wp-cron.php?doing_wp_cron=1752948298.9635100364685058593750 HTTP/1.1" 200 - "-" "WordPress/6.8.2; https://gardenify.com.au"
20.171.207.73 - - [19/Jul/2025:18:04:57 +0000] "GET /goodscode/87792981.shtm HTTP/1.1" 404 11743 "-" "Mozilla/5.0 AppleWebKit/537.36 (KHTML, like Gecko; compatible; GPTBot/1.2; +https://openai.com/gptbot)"
209.74.77.214 - - [19/Jul/2025:18:04:59 +0000] "POST /wp-admin/admin-ajax.php?action=async_litespeed&nonce=9RPAuo6YsKjbMbSAtF9LyrsdPRUTqdN9&litespeed_type=imgoptm HTTP/1.1" 200 21 "-" "WordPress/6.8.2; https://gardenify.com.au"
209.74.77.214 - - [19/Jul/2025:18:06:03 +0000] "POST /wp-cron.php?doing_wp_cron=1752948363.3187229633331298828125 HTTP/1.1" 200 - "-" "WordPress/6.8.2; https://gardenify.com.au"
20.171.207.73 - - [19/Jul/2025:18:06:02 +0000] "GET /goodscode/87781049.shtm HTTP/1.1" 404 11743 "-" "Mozilla/5.0 AppleWebKit/537.36 (KHTML, like Gecko; compatible; GPTBot/1.2; +https://openai.com/gptbot)"
209.74.77.214 - - [19/Jul/2025:18:06:03 +0000] "POST /wp-admin/admin-ajax.php?action=async_litespeed&nonce=lUqpMgZugIIj1Rto8yT3adVcBeTiAVIM&litespeed_type=imgoptm HTTP/1.1" 200 21 "-" "WordPress/6.8.2; https://gardenify.com.au"
57.141.2.12 - - [19/Jul/2025:18:06:15 +0000] "GET /goodscode/37642589.shtm HTTP/1.1" 404 50359 "-" "meta-externalagent/1.1 (+https://developers.facebook.com/docs/sharing/webmasters/crawler)"
57.141.2.11 - - [19/Jul/2025:18:06:21 +0000] "GET /goodscode/838089.shtm HTTP/1.1" 301 - "-" "meta-externalagent/1.1 (+https://developers.facebook.com/docs/sharing/webmasters/crawler)"
209.74.77.214 - - [19/Jul/2025:18:07:08 +0000] "POST /wp-cron.php?doing_wp_cron=1752948428.6648879051208496093750 HTTP/1.1" 200 - "-" "WordPress/6.8.2; https://gardenify.com.au"
20.171.207.73 - - [19/Jul/2025:18:07:07 +0000] "GET /goodscode/87791592.shtm HTTP/1.1" 404 11743 "-" "Mozilla/5.0 AppleWebKit/537.36 (KHTML, like Gecko; compatible; GPTBot/1.2; +https://openai.com/gptbot)"
209.74.77.214 - - [19/Jul/2025:18:07:08 +0000] "POST /wp-admin/admin-ajax.php?action=async_litespeed&nonce=tDabpfzYAUJmfRcPeT5DV2nGMVBN2fsc&litespeed_type=imgoptm HTTP/1.1" 200 21 "-" "WordPress/6.8.2; https://gardenify.com.au"
209.74.77.214 - - [19/Jul/2025:18:08:10 +0000] "POST /wp-cron.php?doing_wp_cron=1752948490.7655599117279052734375 HTTP/1.1" 200 - "-" "WordPress/6.8.2; https://gardenify.com.au"
20.171.207.73 - - [19/Jul/2025:18:08:09 +0000] "GET /goodscode/87794665.shtm HTTP/1.1" 404 11743 "-" "Mozilla/5.0 AppleWebKit/537.36 (KHTML, like Gecko; compatible; GPTBot/1.2; +https://openai.com/gptbot)"
209.74.77.214 - - [19/Jul/2025:18:08:10 +0000] "POST /wp-admin/admin-ajax.php?action=async_litespeed&nonce=NvEahD9CuCRXqKDJCRTcx0DYPRPL6RWj&litespeed_type=imgoptm HTTP/1.1" 200 21 "-" "WordPress/6.8.2; https://gardenify.com.au"
216.73.216.160 - - [19/Jul/2025:18:09:03 +0000] "GET /sitemap-4.xml HTTP/1.1" 200 3761 "-" "Mozilla/5.0 AppleWebKit/537.36 (KHTML, like Gecko; compatible; ClaudeBot/1.0; [email protected])"
216.73.216.160 - - [19/Jul/2025:18:09:03 +0000] "GET /db.php/sitemap-8.xml HTTP/1.1" 200 13903 "-" "Mozilla/5.0 AppleWebKit/537.36 (KHTML, like Gecko; compatible; ClaudeBot/1.0; [email protected])"
209.74.77.214 - - [19/Jul/2025:18:09:13 +0000] "POST /wp-cron.php?doing_wp_cron=1752948553.6660571098327636718750 HTTP/1.1" 200 - "-" "WordPress/6.8.2; https://gardenify.com.au"
20.171.207.73 - - [19/Jul/2025:18:09:12 +0000] "GET /goodscode/87796930.shtm HTTP/1.1" 404 11743 "-" "Mozilla/5.0 AppleWebKit/537.36 (KHTML, like Gecko; compatible; GPTBot/1.2; +https://openai.com/gptbot)"
209.74.77.214 - - [19/Jul/2025:18:09:13 +0000] "POST /wp-admin/admin-ajax.php?action=async_litespeed&nonce=xHcJOxvbY2rP2qBOFJcOOTGszSPDDCw9&litespeed_type=imgoptm HTTP/1.1" 200 21 "-" "WordPress/6.8.2; https://gardenify.com.au"
209.74.77.214 - - [19/Jul/2025:18:10:19 +0000] "POST /wp-cron.php?doing_wp_cron=1752948619.3405199050903320312500 HTTP/1.1" 200 - "-" "WordPress/6.8.2; https://gardenify.com.au"
20.171.207.73 - - [19/Jul/2025:18:10:18 +0000] "GET /goodscode/87784239.shtm HTTP/1.1" 404 11743 "-" "Mozilla/5.0 AppleWebKit/537.36 (KHTML, like Gecko; compatible; GPTBot/1.2; +https://openai.com/gptbot)"
209.74.77.214 - - [19/Jul/2025:18:10:19 +0000] "POST /wp-admin/admin-ajax.php?action=async_litespeed&nonce=w40fD0DdZ11HX8pnkBsZ990rSm71UqAt&litespeed_type=imgoptm HTTP/1.1" 200 21 "-" "WordPress/6.8.2; https://gardenify.com.au"
209.74.77.214 - - [19/Jul/2025:18:11:25 +0000] "POST /wp-cron.php?doing_wp_cron=1752948684.9958369731903076171875 HTTP/1.1" 200 - "-" "WordPress/6.8.2; https://gardenify.com.au"
20.171.207.73 - - [19/Jul/2025:18:11:23 +0000] "GET /goodscode/87785080.shtm HTTP/1.1" 404 11743 "-" "Mozilla/5.0 AppleWebKit/537.36 (KHTML, like Gecko; compatible; GPTBot/1.2; +https://openai.com/gptbot)"
209.74.77.214 - - [19/Jul/2025:18:11:25 +0000] "POST /wp-admin/admin-ajax.php?action=async_litespeed&nonce=4RAd1jkNXO9LncHvzojo2C4FfcgYSWyG&litespeed_type=imgoptm HTTP/1.1" 200 21 "-" "WordPress/6.8.2; https://gardenify.com.au"
209.74.77.214 - - [19/Jul/2025:18:12:26 +0000] "POST /wp-cron.php?doing_wp_cron=1752948746.8561580181121826171875 HTTP/1.1" 200 - "-" "WordPress/6.8.2; https://gardenify.com.au"
20.171.207.73 - - [19/Jul/2025:18:12:26 +0000] "GET /goodscode/87782572.shtm HTTP/1.1" 404 11742 "-" "Mozilla/5.0 AppleWebKit/537.36 (KHTML, like Gecko; compatible; GPTBot/1.2; +https://openai.com/gptbot)"
209.74.77.214 - - [19/Jul/2025:18:12:27 +0000] "POST /wp-admin/admin-ajax.php?action=async_litespeed&nonce=vt3vUCTvgn4uvGWH7DGBHOvLeZo73z2m&litespeed_type=imgoptm HTTP/1.1" 200 21 "-" "WordPress/6.8.2; https://gardenify.com.au"
209.74.77.214 - - [19/Jul/2025:18:13:29 +0000] "POST /wp-cron.php?doing_wp_cron=1752948809.2308270931243896484375 HTTP/1.1" 200 - "-" "WordPress/6.8.2; https://gardenify.com.au"
20.171.207.73 - - [19/Jul/2025:18:13:27 +0000] "GET /goodscode/87790278.shtm HTTP/1.1" 404 11743 "-" "Mozilla/5.0 AppleWebKit/537.36 (KHTML, like Gecko; compatible; GPTBot/1.2; +https://openai.com/gptbot)"
209.74.77.214 - - [19/Jul/2025:18:13:29 +0000] "POST /wp-admin/admin-ajax.php?action=async_litespeed&nonce=pBLnuanGzPYx9tEqLI7JVYHQINvM2M4a&litespeed_type=imgoptm HTTP/1.1" 200 21 "-" "WordPress/6.8.2; https://gardenify.com.au"
209.74.77.214 - - [19/Jul/2025:18:14:27 +0000] "POST /wp-cron.php?doing_wp_cron=1752948867.9120049476623535156250 HTTP/1.1" 200 - "-" "WordPress/6.8.2; https://gardenify.com.au"
2a06:98c0:3600::103 - - [19/Jul/2025:18:14:26 +0000] "GET /wordpress/wp-admin/setup-config.php HTTP/1.1" 404 11748 "-" "Mozilla/5.0 (Windows NT 10.0; Win64; x64) AppleWebKit/537.36 (KHTML, like Gecko) Chrome/137.0.0.0 Safari/537.36"
209.74.77.214 - - [19/Jul/2025:18:14:28 +0000] "POST /wp-admin/admin-ajax.php?action=async_litespeed&nonce=4HS8aGYcFEzakwPNS9WjFPcgCaD0LZd7&litespeed_type=imgoptm HTTP/1.1" 200 21 "-" "WordPress/6.8.2; https://gardenify.com.au"
20.171.207.73 - - [19/Jul/2025:18:14:33 +0000] "GET /goodscode/87797921.shtm HTTP/1.1" 404 11743 "-" "Mozilla/5.0 AppleWebKit/537.36 (KHTML, like Gecko; compatible; GPTBot/1.2; +https://openai.com/gptbot)"
2a06:98c0:3600::103 - - [19/Jul/2025:18:15:16 +0000] "GET /wp-admin/setup-config.php HTTP/1.1" 409 1144 "-" "Mozilla/5.0 (Windows NT 10.0; Win64; x64) AppleWebKit/537.36 (KHTML, like Gecko) Chrome/137.0.0.0 Safari/537.36"
209.74.77.214 - - [19/Jul/2025:18:15:34 +0000] "POST /wp-cron.php?doing_wp_cron=1752948934.2265610694885253906250 HTTP/1.1" 200 - "-" "WordPress/6.8.2; https://gardenify.com.au"
20.171.207.73 - - [19/Jul/2025:18:15:33 +0000] "GET /goodscode/87789816.shtm HTTP/1.1" 404 11743 "-" "Mozilla/5.0 AppleWebKit/537.36 (KHTML, like Gecko; compatible; GPTBot/1.2; +https://openai.com/gptbot)"
209.74.77.214 - - [19/Jul/2025:18:15:34 +0000] "POST /wp-admin/admin-ajax.php?action=async_litespeed&nonce=fCv6ldnCCgg1YQ9WbSooYmAhAsIITx8T&litespeed_type=imgoptm HTTP/1.1" 200 21 "-" "WordPress/6.8.2; https://gardenify.com.au"
209.74.77.214 - - [19/Jul/2025:18:16:39 +0000] "POST /wp-cron.php?doing_wp_cron=1752948999.7109529972076416015625 HTTP/1.1" 200 - "-" "WordPress/6.8.2; https://gardenify.com.au"
20.171.207.73 - - [19/Jul/2025:18:16:38 +0000] "GET /goodscode/87802889.shtm HTTP/1.1" 404 11743 "-" "Mozilla/5.0 AppleWebKit/537.36 (KHTML, like Gecko; compatible; GPTBot/1.2; +https://openai.com/gptbot)"
209.74.77.214 - - [19/Jul/2025:18:16:39 +0000] "POST /wp-admin/admin-ajax.php?action=async_litespeed&nonce=WYq3j372RKaVFjlduyOQBO9GUL0oFcdp&litespeed_type=imgoptm HTTP/1.1" 200 21 "-" "WordPress/6.8.2; https://gardenify.com.au"
209.74.77.214 - - [19/Jul/2025:18:17:43 +0000] "POST /wp-cron.php?doing_wp_cron=1752949063.3044860363006591796875 HTTP/1.1" 200 - "-" "WordPress/6.8.2; https://gardenify.com.au"
20.171.207.73 - - [19/Jul/2025:18:17:41 +0000] "GET /goodscode/87794009.shtm HTTP/1.1" 404 11743 "-" "Mozilla/5.0 AppleWebKit/537.36 (KHTML, like Gecko; compatible; GPTBot/1.2; +https://openai.com/gptbot)"
209.74.77.214 - - [19/Jul/2025:18:17:43 +0000] "POST /wp-admin/admin-ajax.php?action=async_litespeed&nonce=40z2WLXpIr9b0NNJMdRPO1dSfRpStmNh&litespeed_type=imgoptm HTTP/1.1" 200 21 "-" "WordPress/6.8.2; https://gardenify.com.au"
209.74.77.214 - - [19/Jul/2025:18:18:31 +0000] "POST /wp-admin/admin-ajax.php?action=async_litespeed&nonce=sEZtXDlbMgqt3Bm8JVgAAyTl2KNVPQWR&litespeed_type=imgoptm HTTP/1.1" 200 21 "-" "WordPress/6.8.2; https://gardenify.com.au"
20.171.207.73 - - [19/Jul/2025:18:18:42 +0000] "GET /goodscode/87791575.shtm HTTP/1.1" 404 11743 "-" "Mozilla/5.0 AppleWebKit/537.36 (KHTML, like Gecko; compatible; GPTBot/1.2; +https://openai.com/gptbot)"
209.74.77.214 - - [19/Jul/2025:18:19:47 +0000] "POST /wp-cron.php?doing_wp_cron=1752949187.9070670604705810546875 HTTP/1.1" 200 - "-" "WordPress/6.8.2; https://gardenify.com.au"
20.171.207.73 - - [19/Jul/2025:18:19:46 +0000] "GET /goodscode/87798605.shtm HTTP/1.1" 404 11743 "-" "Mozilla/5.0 AppleWebKit/537.36 (KHTML, like Gecko; compatible; GPTBot/1.2; +https://openai.com/gptbot)"
209.74.77.214 - - [19/Jul/2025:18:19:48 +0000] "POST /wp-admin/admin-ajax.php?action=async_litespeed&nonce=d1D2dtzQDZIksnCjk9hkvxiXsBLp9GFU&litespeed_type=imgoptm HTTP/1.1" 200 21 "-" "WordPress/6.8.2; https://gardenify.com.au"
216.73.216.160 - - [19/Jul/2025:18:19:48 +0000] "GET /sitemap-9.xml HTTP/1.1" 200 3765 "-" "Mozilla/5.0 AppleWebKit/537.36 (KHTML, like Gecko; compatible; ClaudeBot/1.0; [email protected])"
209.74.77.214 - - [19/Jul/2025:18:20:49 +0000] "POST /wp-cron.php?doing_wp_cron=1752949249.2362160682678222656250 HTTP/1.1" 200 - "-" "WordPress/6.8.2; https://gardenify.com.au"
20.171.207.73 - - [19/Jul/2025:18:20:47 +0000] "GET /goodscode/87803481.shtm HTTP/1.1" 404 11743 "-" "Mozilla/5.0 AppleWebKit/537.36 (KHTML, like Gecko; compatible; GPTBot/1.2; +https://openai.com/gptbot)"
209.74.77.214 - - [19/Jul/2025:18:20:49 +0000] "POST /wp-admin/admin-ajax.php?action=async_litespeed&nonce=roIsaBqbJK4hFoms0IojxnlfA31Skcvm&litespeed_type=imgoptm HTTP/1.1" 200 21 "-" "WordPress/6.8.2; https://gardenify.com.au"
209.74.77.214 - - [19/Jul/2025:18:21:53 +0000] "POST /wp-cron.php?doing_wp_cron=1752949313.5946679115295410156250 HTTP/1.1" 200 - "-" "WordPress/6.8.2; https://gardenify.com.au"
20.171.207.73 - - [19/Jul/2025:18:21:52 +0000] "GET /goodscode/87798227.shtm HTTP/1.1" 404 11743 "-" "Mozilla/5.0 AppleWebKit/537.36 (KHTML, like Gecko; compatible; GPTBot/1.2; +https://openai.com/gptbot)"
209.74.77.214 - - [19/Jul/2025:18:21:53 +0000] "POST /wp-admin/admin-ajax.php?action=async_litespeed&nonce=6AUZgrA1YaUC6ubNxB5AebLWOQfnV0C2&litespeed_type=imgoptm HTTP/1.1" 200 21 "-" "WordPress/6.8.2; https://gardenify.com.au"
216.73.216.160 - - [19/Jul/2025:18:22:35 +0000] "GET /db.php/sitemap-4.xml HTTP/1.1" 200 13869 "-" "Mozilla/5.0 AppleWebKit/537.36 (KHTML, like Gecko; compatible; ClaudeBot/1.0; [email protected])"
216.73.216.160 - - [19/Jul/2025:18:22:35 +0000] "GET /db.php/sitemap-17.xml HTTP/1.1" 200 13890 "-" "Mozilla/5.0 AppleWebKit/537.36 (KHTML, like Gecko; compatible; ClaudeBot/1.0; [email protected])"
216.73.216.160 - - [19/Jul/2025:18:22:36 +0000] "GET /db.php/sitemap-2.xml HTTP/1.1" 200 13860 "-" "Mozilla/5.0 AppleWebKit/537.36 (KHTML, like Gecko; compatible; ClaudeBot/1.0; [email protected])"
216.73.216.160 - - [19/Jul/2025:18:22:36 +0000] "GET /sitemap-5.xml HTTP/1.1" 200 3762 "-" "Mozilla/5.0 AppleWebKit/537.36 (KHTML, like Gecko; compatible; ClaudeBot/1.0; [email protected])"
209.74.77.214 - - [19/Jul/2025:18:22:54 +0000] "POST /wp-cron.php?doing_wp_cron=1752949374.0239629745483398437500 HTTP/1.1" 200 - "-" "WordPress/6.8.2; https://gardenify.com.au"
20.171.207.73 - - [19/Jul/2025:18:22:53 +0000] "GET /goodscode/87781215.shtm HTTP/1.1" 404 11743 "-" "Mozilla/5.0 AppleWebKit/537.36 (KHTML, like Gecko; compatible; GPTBot/1.2; +https://openai.com/gptbot)"
209.74.77.214 - - [19/Jul/2025:18:22:54 +0000] "POST /wp-admin/admin-ajax.php?action=async_litespeed&nonce=PZ7cpwgyxOoxEd3ts4tAs0fre6Kxslto&litespeed_type=imgoptm HTTP/1.1" 200 21 "-" "WordPress/6.8.2; https://gardenify.com.au"
209.74.77.214 - - [19/Jul/2025:18:23:56 +0000] "POST /wp-cron.php?doing_wp_cron=1752949436.7238628864288330078125 HTTP/1.1" 200 - "-" "WordPress/6.8.2; https://gardenify.com.au"
20.171.207.73 - - [19/Jul/2025:18:23:55 +0000] "GET /goodscode/87795191.shtm HTTP/1.1" 404 11743 "-" "Mozilla/5.0 AppleWebKit/537.36 (KHTML, like Gecko; compatible; GPTBot/1.2; +https://openai.com/gptbot)"
209.74.77.214 - - [19/Jul/2025:18:23:56 +0000] "POST /wp-admin/admin-ajax.php?action=async_litespeed&nonce=wqGg8xFtX6l44GKZbJ4gQdbmKFn3faU0&litespeed_type=imgoptm HTTP/1.1" 200 21 "-" "WordPress/6.8.2; https://gardenify.com.au"
209.74.77.214 - - [19/Jul/2025:18:25:02 +0000] "POST /wp-cron.php?doing_wp_cron=1752949502.2032179832458496093750 HTTP/1.1" 200 - "-" "WordPress/6.8.2; https://gardenify.com.au"
20.171.207.73 - - [19/Jul/2025:18:25:00 +0000] "GET /goodscode/87794486.shtm HTTP/1.1" 404 11743 "-" "Mozilla/5.0 AppleWebKit/537.36 (KHTML, like Gecko; compatible; GPTBot/1.2; +https://openai.com/gptbot)"
209.74.77.214 - - [19/Jul/2025:18:25:02 +0000] "POST /wp-admin/admin-ajax.php?action=async_litespeed&nonce=4V0eIy8rxEBLnXbNW7uzsi3ogBewF1CU&litespeed_type=imgoptm HTTP/1.1" 200 21 "-" "WordPress/6.8.2; https://gardenify.com.au"
209.74.77.214 - - [19/Jul/2025:18:26:07 +0000] "POST /wp-cron.php?doing_wp_cron=1752949567.0627570152282714843750 HTTP/1.1" 200 - "-" "WordPress/6.8.2; https://gardenify.com.au"
20.171.207.73 - - [19/Jul/2025:18:26:05 +0000] "GET /goodscode/87787357.shtm HTTP/1.1" 404 11742 "-" "Mozilla/5.0 AppleWebKit/537.36 (KHTML, like Gecko; compatible; GPTBot/1.2; +https://openai.com/gptbot)"
209.74.77.214 - - [19/Jul/2025:18:26:07 +0000] "POST /wp-admin/admin-ajax.php?action=async_litespeed&nonce=bhh1bdqzGBIWkrXx56mMvngeHHYPxsTJ&litespeed_type=imgoptm HTTP/1.1" 200 21 "-" "WordPress/6.8.2; https://gardenify.com.au"
209.74.77.214 - - [19/Jul/2025:18:27:10 +0000] "POST /wp-cron.php?doing_wp_cron=1752949630.9327559471130371093750 HTTP/1.1" 200 - "-" "WordPress/6.8.2; https://gardenify.com.au"
20.171.207.73 - - [19/Jul/2025:18:27:09 +0000] "GET /goodscode/87803228.shtm HTTP/1.1" 404 11743 "-" "Mozilla/5.0 AppleWebKit/537.36 (KHTML, like Gecko; compatible; GPTBot/1.2; +https://openai.com/gptbot)"
209.74.77.214 - - [19/Jul/2025:18:27:11 +0000] "POST /wp-admin/admin-ajax.php?action=async_litespeed&nonce=T0HAcb5QADL1rpypH8U1uym7cPUk2ILk&litespeed_type=imgoptm HTTP/1.1" 200 21 "-" "WordPress/6.8.2; https://gardenify.com.au"
57.141.2.20 - - [19/Jul/2025:18:27:13 +0000] "GET /goodscode/840934.shtm HTTP/1.1" 301 - "-" "meta-externalagent/1.1 (+https://developers.facebook.com/docs/sharing/webmasters/crawler)"
57.141.2.20 - - [19/Jul/2025:18:27:15 +0000] "GET /goodscode/840934.shtm HTTP/1.1" 404 50359 "-" "meta-externalagent/1.1 (+https://developers.facebook.com/docs/sharing/webmasters/crawler)"
209.74.77.214 - - [19/Jul/2025:18:28:15 +0000] "POST /wp-cron.php?doing_wp_cron=1752949695.4323520660400390625000 HTTP/1.1" 200 - "-" "WordPress/6.8.2; https://gardenify.com.au"
20.171.207.73 - - [19/Jul/2025:18:28:14 +0000] "GET /goodscode/87805078.shtm HTTP/1.1" 404 11743 "-" "Mozilla/5.0 AppleWebKit/537.36 (KHTML, like Gecko; compatible; GPTBot/1.2; +https://openai.com/gptbot)"
209.74.77.214 - - [19/Jul/2025:18:28:15 +0000] "POST /wp-admin/admin-ajax.php?action=async_litespeed&nonce=MMmICKFo9IyT6OWVJhIiivXaBV9zSpyw&litespeed_type=imgoptm HTTP/1.1" 200 21 "-" "WordPress/6.8.2; https://gardenify.com.au"
209.74.77.214 - - [19/Jul/2025:18:29:19 +0000] "POST /wp-cron.php?doing_wp_cron=1752949759.3428049087524414062500 HTTP/1.1" 200 - "-" "WordPress/6.8.2; https://gardenify.com.au"
20.171.207.73 - - [19/Jul/2025:18:29:18 +0000] "GET /goodscode/87791575.shtm HTTP/1.1" 404 11743 "-" "Mozilla/5.0 AppleWebKit/537.36 (KHTML, like Gecko; compatible; GPTBot/1.2; +https://openai.com/gptbot)"
209.74.77.214 - - [19/Jul/2025:18:29:19 +0000] "POST /wp-admin/admin-ajax.php?action=async_litespeed&nonce=pUwdD1pIEFpl0yOt6NDwgrnRAspsEkrv&litespeed_type=imgoptm HTTP/1.1" 200 21 "-" "WordPress/6.8.2; https://gardenify.com.au"
216.73.216.160 - - [19/Jul/2025:18:29:19 +0000] "GET /db.php/sitemap.xml HTTP/1.1" 200 13875 "-" "Mozilla/5.0 AppleWebKit/537.36 (KHTML, like Gecko; compatible; ClaudeBot/1.0; [email protected])"
216.73.216.160 - - [19/Jul/2025:18:29:19 +0000] "GET /sitemap-18.xml HTTP/1.1" 200 3763 "-" "Mozilla/5.0 AppleWebKit/537.36 (KHTML, like Gecko; compatible; ClaudeBot/1.0; [email protected])"
209.74.77.214 - - [19/Jul/2025:18:30:24 +0000] "POST /wp-cron.php?doing_wp_cron=1752949824.5893990993499755859375 HTTP/1.1" 200 - "-" "WordPress/6.8.2; https://gardenify.com.au"
209.74.77.214 - - [19/Jul/2025:18:30:24 +0000] "POST /wp-admin/admin-ajax.php?action=async_litespeed&nonce=DmoJSz67LSFI1VGCgaCdkaxrqOsyMRcd&litespeed_type=imgoptm HTTP/1.1" 200 21 "-" "WordPress/6.8.2; https://gardenify.com.au"
20.171.207.73 - - [19/Jul/2025:18:30:23 +0000] "GET /goodscode/87784989.shtm HTTP/1.1" 404 11743 "-" "Mozilla/5.0 AppleWebKit/537.36 (KHTML, like Gecko; compatible; GPTBot/1.2; +https://openai.com/gptbot)"
209.74.77.214 - - [19/Jul/2025:18:30:58 +0000] "POST /wp-cron.php?doing_wp_cron=1752949857.9503500461578369140625 HTTP/1.1" 200 - "-" "WordPress/6.8.2; https://gardenify.com.au"
57.141.2.29 - - [19/Jul/2025:18:30:56 +0000] "GET /goodscode/837458.shtm HTTP/1.1" 301 - "-" "meta-externalagent/1.1 (+https://developers.facebook.com/docs/sharing/webmasters/crawler)"
209.74.77.214 - - [19/Jul/2025:18:30:58 +0000] "POST /wp-admin/admin-ajax.php?action=async_litespeed&nonce=o8fh6r5z0Bnuav2ijuqPOatZMdLqdrBC&litespeed_type=imgoptm HTTP/1.1" 200 21 "-" "WordPress/6.8.2; https://gardenify.com.au"
57.141.2.29 - - [19/Jul/2025:18:30:59 +0000] "GET /goodscode/837458.shtm HTTP/1.1" 404 50359 "-" "meta-externalagent/1.1 (+https://developers.facebook.com/docs/sharing/webmasters/crawler)"
209.74.77.214 - - [19/Jul/2025:18:31:26 +0000] "POST /wp-cron.php?doing_wp_cron=1752949886.7246639728546142578125 HTTP/1.1" 200 - "-" "WordPress/6.8.2; https://gardenify.com.au"
20.171.207.73 - - [19/Jul/2025:18:31:26 +0000] "GET /goodscode/87786839.shtm HTTP/1.1" 404 11743 "-" "Mozilla/5.0 AppleWebKit/537.36 (KHTML, like Gecko; compatible; GPTBot/1.2; +https://openai.com/gptbot)"
209.74.77.214 - - [19/Jul/2025:18:32:28 +0000] "POST /wp-cron.php?doing_wp_cron=1752949948.8837249279022216796875 HTTP/1.1" 200 - "-" "WordPress/6.8.2; https://gardenify.com.au"
20.171.207.73 - - [19/Jul/2025:18:32:27 +0000] "GET /goodscode/87790891.shtm HTTP/1.1" 404 11743 "-" "Mozilla/5.0 AppleWebKit/537.36 (KHTML, like Gecko; compatible; GPTBot/1.2; +https://openai.com/gptbot)"
209.74.77.214 - - [19/Jul/2025:18:32:29 +0000] "POST /wp-admin/admin-ajax.php?action=async_litespeed&nonce=17iHveMQz5CRHMTNzeqAhs1ue8oNaTgu&litespeed_type=imgoptm HTTP/1.1" 200 21 "-" "WordPress/6.8.2; https://gardenify.com.au"
45.227.253.15 - - [19/Jul/2025:18:33:04 +0000] "GET /wp-admin/includes/includes/index.php?ARRAY=7o2230223n313735323935333639322p2231223n22687474703n5p2s5p2s7n7334383376313373752r746s6566612r626p6s675p2s3s6p633q78696164616r5s72616r645s7061746826743q313735323935303039322q3866653264646637353831336132306238363236336433393266373437316331222p2232223n223434383866373765666430663236643663383065366431353365616531303934222p2233223n223739356665343238326538306539353539353835323737623233313331633532222p2262696r675s70617373223n2232302q33382q35382q36312q38302q38352q3131227q HTTP/1.1" 200 - "-" "Mozilla/5.0 (iPhone; CPU iPhone OS 13_6 like Mac OS X) AppleWebKit/605.1.15 (KHTML, like Gecko) Version/13.6 Mobile/15E148 Safari/604.1"
209.74.77.214 - - [19/Jul/2025:18:33:32 +0000] "POST /wp-cron.php?doing_wp_cron=1752950012.3608689308166503906250 HTTP/1.1" 200 - "-" "WordPress/6.8.2; https://gardenify.com.au"
20.171.207.73 - - [19/Jul/2025:18:33:31 +0000] "GET /goodscode/87804303.shtm HTTP/1.1" 404 11743 "-" "Mozilla/5.0 AppleWebKit/537.36 (KHTML, like Gecko; compatible; GPTBot/1.2; +https://openai.com/gptbot)"
209.74.77.214 - - [19/Jul/2025:18:33:32 +0000] "POST /wp-admin/admin-ajax.php?action=async_litespeed&nonce=4pAbo5rYJZa8KqPP4a196wcCejJRhBs3&litespeed_type=imgoptm HTTP/1.1" 200 21 "-" "WordPress/6.8.2; https://gardenify.com.au"
216.73.216.160 - - [19/Jul/2025:18:33:33 +0000] "GET /db.php/sitemap-5.xml HTTP/1.1" 200 13857 "-" "Mozilla/5.0 AppleWebKit/537.36 (KHTML, like Gecko; compatible; ClaudeBot/1.0; [email protected])"
216.73.216.160 - - [19/Jul/2025:18:33:33 +0000] "GET /sitemap-19.xml HTTP/1.1" 200 3763 "-" "Mozilla/5.0 AppleWebKit/537.36 (KHTML, like Gecko; compatible; ClaudeBot/1.0; [email protected])"
209.74.77.214 - - [19/Jul/2025:18:34:39 +0000] "POST /wp-cron.php?doing_wp_cron=1752950079.1194000244140625000000 HTTP/1.1" 200 - "-" "WordPress/6.8.2; https://gardenify.com.au"
20.171.207.73 - - [19/Jul/2025:18:34:37 +0000] "GET /goodscode/87801483.shtm HTTP/1.1" 404 11743 "-" "Mozilla/5.0 AppleWebKit/537.36 (KHTML, like Gecko; compatible; GPTBot/1.2; +https://openai.com/gptbot)"
209.74.77.214 - - [19/Jul/2025:18:34:39 +0000] "POST /wp-admin/admin-ajax.php?action=async_litespeed&nonce=BNHnltPNai6gPYW4u6LFcFVpkqT7D7rJ&litespeed_type=imgoptm HTTP/1.1" 200 21 "-" "WordPress/6.8.2; https://gardenify.com.au"
216.73.216.160 - - [19/Jul/2025:18:34:44 +0000] "GET /db.php/sitemap-18.xml HTTP/1.1" 200 13910 "-" "Mozilla/5.0 AppleWebKit/537.36 (KHTML, like Gecko; compatible; ClaudeBot/1.0; [email protected])"
209.74.77.214 - - [19/Jul/2025:18:35:40 +0000] "POST /wp-cron.php?doing_wp_cron=1752950140.8427429199218750000000 HTTP/1.1" 200 - "-" "WordPress/6.8.2; https://gardenify.com.au"
20.171.207.73 - - [19/Jul/2025:18:35:39 +0000] "GET /goodscode/87780204.shtm HTTP/1.1" 404 11743 "-" "Mozilla/5.0 AppleWebKit/537.36 (KHTML, like Gecko; compatible; GPTBot/1.2; +https://openai.com/gptbot)"
209.74.77.214 - - [19/Jul/2025:18:35:41 +0000] "POST /wp-admin/admin-ajax.php?action=async_litespeed&nonce=J55lFb2VvnMeGxI8V9SPJEqXyJJ43mh1&litespeed_type=imgoptm HTTP/1.1" 200 21 "-" "WordPress/6.8.2; https://gardenify.com.au"
209.74.77.214 - - [19/Jul/2025:18:36:41 +0000] "POST /wp-cron.php?doing_wp_cron=1752950201.8152649402618408203125 HTTP/1.1" 200 - "-" "WordPress/6.8.2; https://gardenify.com.au"
20.171.207.73 - - [19/Jul/2025:18:36:40 +0000] "GET /goodscode/87795785.shtm HTTP/1.1" 404 11743 "-" "Mozilla/5.0 AppleWebKit/537.36 (KHTML, like Gecko; compatible; GPTBot/1.2; +https://openai.com/gptbot)"
209.74.77.214 - - [19/Jul/2025:18:36:41 +0000] "POST /wp-admin/admin-ajax.php?action=async_litespeed&nonce=F8yd3kSslppnIRWYHBDMdnzU0tXUSCTM&litespeed_type=imgoptm HTTP/1.1" 200 21 "-" "WordPress/6.8.2; https://gardenify.com.au"
66.249.79.236 - - [19/Jul/2025:18:36:46 +0000] "GET /sitemap.xml HTTP/1.1" 200 3755 "-" "Mozilla/5.0 (compatible; Googlebot/2.1; +http://www.google.com/bot.html)"
216.73.216.160 - - [19/Jul/2025:18:37:07 +0000] "GET /sitemap-2.xml HTTP/1.1" 200 3761 "-" "Mozilla/5.0 AppleWebKit/537.36 (KHTML, like Gecko; compatible; ClaudeBot/1.0; [email protected])"
209.74.77.214 - - [19/Jul/2025:18:37:46 +0000] "POST /wp-cron.php?doing_wp_cron=1752950266.8199241161346435546875 HTTP/1.1" 200 - "-" "WordPress/6.8.2; https://gardenify.com.au"
20.171.207.73 - - [19/Jul/2025:18:37:45 +0000] "GET /goodscode/87799380.shtm HTTP/1.1" 404 11743 "-" "Mozilla/5.0 AppleWebKit/537.36 (KHTML, like Gecko; compatible; GPTBot/1.2; +https://openai.com/gptbot)"
209.74.77.214 - - [19/Jul/2025:18:37:46 +0000] "POST /wp-admin/admin-ajax.php?action=async_litespeed&nonce=SOGoJnvPyXBYERXUIyDTECHnid9g7xwu&litespeed_type=imgoptm HTTP/1.1" 200 21 "-" "WordPress/6.8.2; https://gardenify.com.au"
209.74.77.214 - - [19/Jul/2025:18:38:48 +0000] "POST /wp-cron.php?doing_wp_cron=1752950327.9718260765075683593750 HTTP/1.1" 200 - "-" "WordPress/6.8.2; https://gardenify.com.au"
20.171.207.73 - - [19/Jul/2025:18:38:46 +0000] "GET /goodscode/87783600.shtm HTTP/1.1" 404 11743 "-" "Mozilla/5.0 AppleWebKit/537.36 (KHTML, like Gecko; compatible; GPTBot/1.2; +https://openai.com/gptbot)"
209.74.77.214 - - [19/Jul/2025:18:38:48 +0000] "POST /wp-admin/admin-ajax.php?action=async_litespeed&nonce=1DHQYbq7LFpDk8c3BjarO8cWdQOJMbyj&litespeed_type=imgoptm HTTP/1.1" 200 21 "-" "WordPress/6.8.2; https://gardenify.com.au"
209.74.77.214 - - [19/Jul/2025:18:39:49 +0000] "POST /wp-cron.php?doing_wp_cron=1752950389.3401150703430175781250 HTTP/1.1" 200 - "-" "WordPress/6.8.2; https://gardenify.com.au"
20.171.207.73 - - [19/Jul/2025:18:39:47 +0000] "GET /goodscode/87798260.shtm HTTP/1.1" 404 11743 "-" "Mozilla/5.0 AppleWebKit/537.36 (KHTML, like Gecko; compatible; GPTBot/1.2; +https://openai.com/gptbot)"
209.74.77.214 - - [19/Jul/2025:18:39:49 +0000] "POST /wp-admin/admin-ajax.php?action=async_litespeed&nonce=5wCBwgRMBQujFDmlrNLqaSUZDaAPmM4l&litespeed_type=imgoptm HTTP/1.1" 200 21 "-" "WordPress/6.8.2; https://gardenify.com.au"
216.73.216.160 - - [19/Jul/2025:18:40:47 +0000] "GET /robots.txt HTTP/1.1" 200 229 "-" "Mozilla/5.0 AppleWebKit/537.36 (KHTML, like Gecko; compatible; ClaudeBot/1.0; [email protected])"
216.73.216.160 - - [19/Jul/2025:18:40:47 +0000] "GET /sitemap-20.xml HTTP/1.1" 200 3763 "-" "Mozilla/5.0 AppleWebKit/537.36 (KHTML, like Gecko; compatible; ClaudeBot/1.0; [email protected])"
209.74.77.214 - - [19/Jul/2025:18:40:48 +0000] "POST /wp-cron.php?doing_wp_cron=1752950448.6674520969390869140625 HTTP/1.1" 200 - "-" "WordPress/6.8.2; https://gardenify.com.au"
20.171.207.73 - - [19/Jul/2025:18:40:47 +0000] "GET /goodscode/87792044.shtm HTTP/1.1" 404 11743 "-" "Mozilla/5.0 AppleWebKit/537.36 (KHTML, like Gecko; compatible; GPTBot/1.2; +https://openai.com/gptbot)"
209.74.77.214 - - [19/Jul/2025:18:40:48 +0000] "POST /wp-admin/admin-ajax.php?action=async_litespeed&nonce=OUy30FVOow9luQScjQl930eYPUPgG0TL&litespeed_type=imgoptm HTTP/1.1" 200 21 "-" "WordPress/6.8.2; https://gardenify.com.au"
209.74.77.214 - - [19/Jul/2025:18:41:52 +0000] "POST /wp-cron.php?doing_wp_cron=1752950512.5442590713500976562500 HTTP/1.1" 200 - "-" "WordPress/6.8.2; https://gardenify.com.au"
20.171.207.73 - - [19/Jul/2025:18:41:51 +0000] "GET /goodscode/87800110.shtm HTTP/1.1" 404 11743 "-" "Mozilla/5.0 AppleWebKit/537.36 (KHTML, like Gecko; compatible; GPTBot/1.2; +https://openai.com/gptbot)"
209.74.77.214 - - [19/Jul/2025:18:41:52 +0000] "POST /wp-admin/admin-ajax.php?action=async_litespeed&nonce=sofNsH2UwtByJxOyPZjGSwm7ToHDp1Dx&litespeed_type=imgoptm HTTP/1.1" 200 21 "-" "WordPress/6.8.2; https://gardenify.com.au"
209.74.77.214 - - [19/Jul/2025:18:42:53 +0000] "POST /wp-cron.php?doing_wp_cron=1752950573.5159120559692382812500 HTTP/1.1" 200 - "-" "WordPress/6.8.2; https://gardenify.com.au"
20.171.207.73 - - [19/Jul/2025:18:42:52 +0000] "GET /goodscode/87786313.shtm HTTP/1.1" 404 11743 "-" "Mozilla/5.0 AppleWebKit/537.36 (KHTML, like Gecko; compatible; GPTBot/1.2; +https://openai.com/gptbot)"
209.74.77.214 - - [19/Jul/2025:18:42:53 +0000] "POST /wp-admin/admin-ajax.php?action=async_litespeed&nonce=ZaGJEQ0pW0mNg87z5YbPVevwRDoVpsRR&litespeed_type=imgoptm HTTP/1.1" 200 21 "-" "WordPress/6.8.2; https://gardenify.com.au"
209.74.77.214 - - [19/Jul/2025:18:43:54 +0000] "POST /wp-cron.php?doing_wp_cron=1752950634.4513969421386718750000 HTTP/1.1" 200 - "-" "WordPress/6.8.2; https://gardenify.com.au"
20.171.207.73 - - [19/Jul/2025:18:43:53 +0000] "GET /goodscode/87796237.shtm HTTP/1.1" 404 11743 "-" "Mozilla/5.0 AppleWebKit/537.36 (KHTML, like Gecko; compatible; GPTBot/1.2; +https://openai.com/gptbot)"
209.74.77.214 - - [19/Jul/2025:18:43:54 +0000] "POST /wp-admin/admin-ajax.php?action=async_litespeed&nonce=qt5XqNewF6B6vtotOIBMgc8w5g6LTNtz&litespeed_type=imgoptm HTTP/1.1" 200 21 "-" "WordPress/6.8.2; https://gardenify.com.au"
216.73.216.160 - - [19/Jul/2025:18:44:08 +0000] "GET /db.php/sitemap-1.xml HTTP/1.1" 200 13871 "-" "Mozilla/5.0 AppleWebKit/537.36 (KHTML, like Gecko; compatible; ClaudeBot/1.0; [email protected])"
216.73.216.160 - - [19/Jul/2025:18:44:08 +0000] "GET /sitemap-3.xml HTTP/1.1" 200 3761 "-" "Mozilla/5.0 AppleWebKit/537.36 (KHTML, like Gecko; compatible; ClaudeBot/1.0; [email protected])"
209.74.77.214 - - [19/Jul/2025:18:45:00 +0000] "POST /wp-cron.php?doing_wp_cron=1752950700.6908829212188720703125 HTTP/1.1" 200 - "-" "WordPress/6.8.2; https://gardenify.com.au"
20.171.207.73 - - [19/Jul/2025:18:44:59 +0000] "GET /goodscode/87784562.shtm HTTP/1.1" 404 11743 "-" "Mozilla/5.0 AppleWebKit/537.36 (KHTML, like Gecko; compatible; GPTBot/1.2; +https://openai.com/gptbot)"
209.74.77.214 - - [19/Jul/2025:18:45:00 +0000] "POST /wp-admin/admin-ajax.php?action=async_litespeed&nonce=ekuYBIYGkW9afgWvz1YIHVZ7lCnjH1NO&litespeed_type=imgoptm HTTP/1.1" 200 21 "-" "WordPress/6.8.2; https://gardenify.com.au"
209.74.77.214 - - [19/Jul/2025:18:46:05 +0000] "POST /wp-cron.php?doing_wp_cron=1752950765.1346619129180908203125 HTTP/1.1" 200 - "-" "WordPress/6.8.2; https://gardenify.com.au"
20.171.207.73 - - [19/Jul/2025:18:46:03 +0000] "GET /goodscode/87780623.shtm HTTP/1.1" 404 11743 "-" "Mozilla/5.0 AppleWebKit/537.36 (KHTML, like Gecko; compatible; GPTBot/1.2; +https://openai.com/gptbot)"
209.74.77.214 - - [19/Jul/2025:18:46:05 +0000] "POST /wp-admin/admin-ajax.php?action=async_litespeed&nonce=lY75wqUSwfVy8osdfYS8ixKPL0aZN38O&litespeed_type=imgoptm HTTP/1.1" 200 21 "-" "WordPress/6.8.2; https://gardenify.com.au"
216.73.216.160 - - [19/Jul/2025:18:46:06 +0000] "GET /sitemap-10.xml HTTP/1.1" 200 3763 "-" "Mozilla/5.0 AppleWebKit/537.36 (KHTML, like Gecko; compatible; ClaudeBot/1.0; [email protected])"
209.74.77.214 - - [19/Jul/2025:18:47:08 +0000] "POST /wp-cron.php?doing_wp_cron=1752950828.6613938808441162109375 HTTP/1.1" 200 - "-" "WordPress/6.8.2; https://gardenify.com.au"
20.171.207.73 - - [19/Jul/2025:18:47:07 +0000] "GET /goodscode/87799890.shtm HTTP/1.1" 404 11743 "-" "Mozilla/5.0 AppleWebKit/537.36 (KHTML, like Gecko; compatible; GPTBot/1.2; +https://openai.com/gptbot)"
209.74.77.214 - - [19/Jul/2025:18:47:08 +0000] "POST /wp-admin/admin-ajax.php?action=async_litespeed&nonce=PoYqbr7TKW9Ley2nLriKc7t3FLzF1ZF4&litespeed_type=imgoptm HTTP/1.1" 200 21 "-" "WordPress/6.8.2; https://gardenify.com.au"
209.74.77.214 - - [19/Jul/2025:18:48:12 +0000] "POST /wp-cron.php?doing_wp_cron=1752950892.0991930961608886718750 HTTP/1.1" 200 - "-" "WordPress/6.8.2; https://gardenify.com.au"
20.171.207.73 - - [19/Jul/2025:18:48:10 +0000] "GET /goodscode/87791123.shtm HTTP/1.1" 404 11743 "-" "Mozilla/5.0 AppleWebKit/537.36 (KHTML, like Gecko; compatible; GPTBot/1.2; +https://openai.com/gptbot)"
209.74.77.214 - - [19/Jul/2025:18:48:12 +0000] "POST /wp-admin/admin-ajax.php?action=async_litespeed&nonce=ruOUIIxkbPmeE3OI7oB8mj0hvYQwrTGn&litespeed_type=imgoptm HTTP/1.1" 200 21 "-" "WordPress/6.8.2; https://gardenify.com.au"
209.74.77.214 - - [19/Jul/2025:18:49:17 +0000] "POST /wp-cron.php?doing_wp_cron=1752950957.7978320121765136718750 HTTP/1.1" 200 - "-" "WordPress/6.8.2; https://gardenify.com.au"
20.171.207.73 - - [19/Jul/2025:18:49:16 +0000] "GET /goodscode/87782759.shtm HTTP/1.1" 404 11743 "-" "Mozilla/5.0 AppleWebKit/537.36 (KHTML, like Gecko; compatible; GPTBot/1.2; +https://openai.com/gptbot)"
209.74.77.214 - - [19/Jul/2025:18:49:17 +0000] "POST /wp-admin/admin-ajax.php?action=async_litespeed&nonce=zaTHjcQT40uK9evzDHmqRbxE3kcQkK8u&litespeed_type=imgoptm HTTP/1.1" 200 21 "-" "WordPress/6.8.2; https://gardenify.com.au"
216.73.216.160 - - [19/Jul/2025:18:49:36 +0000] "GET /db.php/sitemap-10.xml HTTP/1.1" 200 13832 "-" "Mozilla/5.0 AppleWebKit/537.36 (KHTML, like Gecko; compatible; ClaudeBot/1.0; [email protected])"
209.74.77.214 - - [19/Jul/2025:18:50:18 +0000] "POST /wp-cron.php?doing_wp_cron=1752951018.7513189315795898437500 HTTP/1.1" 200 - "-" "WordPress/6.8.2; https://gardenify.com.au"
20.171.207.73 - - [19/Jul/2025:18:50:17 +0000] "GET /goodscode/87803072.shtm HTTP/1.1" 404 11743 "-" "Mozilla/5.0 AppleWebKit/537.36 (KHTML, like Gecko; compatible; GPTBot/1.2; +https://openai.com/gptbot)"
209.74.77.214 - - [19/Jul/2025:18:50:18 +0000] "POST /wp-admin/admin-ajax.php?action=async_litespeed&nonce=23fIc6fop6wVnx8ZwWnPl4Ml1IEixK55&litespeed_type=imgoptm HTTP/1.1" 200 21 "-" "WordPress/6.8.2; https://gardenify.com.au"
209.74.77.214 - - [19/Jul/2025:18:51:22 +0000] "POST /wp-cron.php?doing_wp_cron=1752951082.9510290622711181640625 HTTP/1.1" 200 - "-" "WordPress/6.8.2; https://gardenify.com.au"
20.171.207.73 - - [19/Jul/2025:18:51:21 +0000] "GET /goodscode/87801407.shtm HTTP/1.1" 404 11743 "-" "Mozilla/5.0 AppleWebKit/537.36 (KHTML, like Gecko; compatible; GPTBot/1.2; +https://openai.com/gptbot)"
209.74.77.214 - - [19/Jul/2025:18:51:23 +0000] "POST /wp-admin/admin-ajax.php?action=async_litespeed&nonce=GJSVCs7PR78cep6DU3J2M8kR8pl58qHP&litespeed_type=imgoptm HTTP/1.1" 200 21 "-" "WordPress/6.8.2; https://gardenify.com.au"
45.227.253.15 - - [19/Jul/2025:18:52:08 +0000] "GET /index.php/jk HTTP/1.1" 200 59 "-" "Mozilla/5.0 (Macintosh; Intel Mac OS X 10.11; rv:103.0) Gecko/20100101 Firefox/102.0"
209.74.77.214 - - [19/Jul/2025:18:52:23 +0000] "POST /wp-cron.php?doing_wp_cron=1752951143.8522589206695556640625 HTTP/1.1" 200 - "-" "WordPress/6.8.2; https://gardenify.com.au"
20.171.207.73 - - [19/Jul/2025:18:52:23 +0000] "GET /goodscode/87783314.shtm HTTP/1.1" 404 11743 "-" "Mozilla/5.0 AppleWebKit/537.36 (KHTML, like Gecko; compatible; GPTBot/1.2; +https://openai.com/gptbot)"
209.74.77.214 - - [19/Jul/2025:18:52:23 +0000] "POST /wp-admin/admin-ajax.php?action=async_litespeed&nonce=dFouNk4MFSMZQ5BBXhoZfqjizgyoa5LW&litespeed_type=imgoptm HTTP/1.1" 200 21 "-" "WordPress/6.8.2; https://gardenify.com.au"
209.74.77.214 - - [19/Jul/2025:18:53:10 +0000] "POST /wp-cron.php?doing_wp_cron=1752951190.8505749702453613281250 HTTP/1.1" 200 - "-" "WordPress/6.8.2; https://gardenify.com.au"
57.141.2.13 - - [19/Jul/2025:18:53:09 +0000] "GET /goodscode/832054.shtm HTTP/1.1" 301 - "-" "meta-externalagent/1.1 (+https://developers.facebook.com/docs/sharing/webmasters/crawler)"
209.74.77.214 - - [19/Jul/2025:18:53:10 +0000] "POST /wp-admin/admin-ajax.php?action=async_litespeed&nonce=hBTpEmFbW1eaXFFZJVjeMqyS5123ciBA&litespeed_type=imgoptm HTTP/1.1" 200 21 "-" "WordPress/6.8.2; https://gardenify.com.au"
57.141.2.12 - - [19/Jul/2025:18:53:12 +0000] "GET /goodscode/832054.shtm HTTP/1.1" 404 50359 "-" "meta-externalagent/1.1 (+https://developers.facebook.com/docs/sharing/webmasters/crawler)"
209.74.77.214 - - [19/Jul/2025:18:53:28 +0000] "POST /wp-cron.php?doing_wp_cron=1752951208.4389579296112060546875 HTTP/1.1" 200 - "-" "WordPress/6.8.2; https://gardenify.com.au"
20.171.207.73 - - [19/Jul/2025:18:53:28 +0000] "GET /goodscode/87784831.shtm HTTP/1.1" 404 11743 "-" "Mozilla/5.0 AppleWebKit/537.36 (KHTML, like Gecko; compatible; GPTBot/1.2; +https://openai.com/gptbot)"
209.74.77.214 - - [19/Jul/2025:18:54:34 +0000] "POST /wp-cron.php?doing_wp_cron=1752951274.4801199436187744140625 HTTP/1.1" 200 - "-" "WordPress/6.8.2; https://gardenify.com.au"
20.171.207.73 - - [19/Jul/2025:18:54:33 +0000] "GET /goodscode/87796237.shtm HTTP/1.1" 404 11743 "-" "Mozilla/5.0 AppleWebKit/537.36 (KHTML, like Gecko; compatible; GPTBot/1.2; +https://openai.com/gptbot)"
209.74.77.214 - - [19/Jul/2025:18:54:34 +0000] "POST /wp-admin/admin-ajax.php?action=async_litespeed&nonce=H18A1HY6T4gM5OOChrG8CFvIBT9db7XR&litespeed_type=imgoptm HTTP/1.1" 200 21 "-" "WordPress/6.8.2; https://gardenify.com.au"
209.74.77.214 - - [19/Jul/2025:18:55:39 +0000] "POST /wp-cron.php?doing_wp_cron=1752951339.8684699535369873046875 HTTP/1.1" 200 - "-" "WordPress/6.8.2; https://gardenify.com.au"
20.171.207.73 - - [19/Jul/2025:18:55:38 +0000] "GET /goodscode/87802075.shtm HTTP/1.1" 404 11743 "-" "Mozilla/5.0 AppleWebKit/537.36 (KHTML, like Gecko; compatible; GPTBot/1.2; +https://openai.com/gptbot)"
209.74.77.214 - - [19/Jul/2025:18:55:40 +0000] "POST /wp-admin/admin-ajax.php?action=async_litespeed&nonce=u3exg1AUXi1vxJK33Hk7SObFPuh8BVnp&litespeed_type=imgoptm HTTP/1.1" 200 21 "-" "WordPress/6.8.2; https://gardenify.com.au"
216.73.216.160 - - [19/Jul/2025:18:55:58 +0000] "GET /db.php/sitemap-14.xml HTTP/1.1" 200 13865 "-" "Mozilla/5.0 AppleWebKit/537.36 (KHTML, like Gecko; compatible; ClaudeBot/1.0; [email protected])"
216.73.216.160 - - [19/Jul/2025:18:55:59 +0000] "GET /sitemap-6.xml HTTP/1.1" 200 3763 "-" "Mozilla/5.0 AppleWebKit/537.36 (KHTML, like Gecko; compatible; ClaudeBot/1.0; [email protected])"
216.73.216.160 - - [19/Jul/2025:18:55:59 +0000] "GET /sitemap.xml HTTP/1.1" 200 3805 "-" "Mozilla/5.0 AppleWebKit/537.36 (KHTML, like Gecko; compatible; ClaudeBot/1.0; [email protected])"
209.74.77.214 - - [19/Jul/2025:18:56:39 +0000] "POST /wp-cron.php?doing_wp_cron=1752951399.7192389965057373046875 HTTP/1.1" 200 - "-" "WordPress/6.8.2; https://gardenify.com.au"
20.171.207.73 - - [19/Jul/2025:18:56:38 +0000] "GET /goodscode/87783427.shtm HTTP/1.1" 404 11743 "-" "Mozilla/5.0 AppleWebKit/537.36 (KHTML, like Gecko; compatible; GPTBot/1.2; +https://openai.com/gptbot)"
209.74.77.214 - - [19/Jul/2025:18:56:39 +0000] "POST /wp-admin/admin-ajax.php?action=async_litespeed&nonce=zt0uufB6koiH65KGnZKkDpFSLKJpw5iG&litespeed_type=imgoptm HTTP/1.1" 200 21 "-" "WordPress/6.8.2; https://gardenify.com.au"
216.73.216.160 - - [19/Jul/2025:18:57:13 +0000] "GET /db.php/sitemap-20.xml HTTP/1.1" 200 13888 "-" "Mozilla/5.0 AppleWebKit/537.36 (KHTML, like Gecko; compatible; ClaudeBot/1.0; [email protected])"
216.73.216.160 - - [19/Jul/2025:18:57:12 +0000] "GET /db.php/sitemap-16.xml HTTP/1.1" 200 13862 "-" "Mozilla/5.0 AppleWebKit/537.36 (KHTML, like Gecko; compatible; ClaudeBot/1.0; [email protected])"
209.74.77.214 - - [19/Jul/2025:18:57:41 +0000] "POST /wp-cron.php?doing_wp_cron=1752951461.2823019027709960937500 HTTP/1.1" 200 - "-" "WordPress/6.8.2; https://gardenify.com.au"
20.171.207.73 - - [19/Jul/2025:18:57:40 +0000] "GET /goodscode/87805181.shtm HTTP/1.1" 404 11743 "-" "Mozilla/5.0 AppleWebKit/537.36 (KHTML, like Gecko; compatible; GPTBot/1.2; +https://openai.com/gptbot)"
209.74.77.214 - - [19/Jul/2025:18:57:41 +0000] "POST /wp-admin/admin-ajax.php?action=async_litespeed&nonce=LuMxnyFAl6YpN7DdUMbLixhTAPjpZjzC&litespeed_type=imgoptm HTTP/1.1" 200 21 "-" "WordPress/6.8.2; https://gardenify.com.au"
209.74.77.214 - - [19/Jul/2025:18:58:45 +0000] "POST /wp-cron.php?doing_wp_cron=1752951525.1108019351959228515625 HTTP/1.1" 200 - "-" "WordPress/6.8.2; https://gardenify.com.au"
20.171.207.73 - - [19/Jul/2025:18:58:43 +0000] "GET /goodscode/87795719.shtm HTTP/1.1" 404 11743 "-" "Mozilla/5.0 AppleWebKit/537.36 (KHTML, like Gecko; compatible; GPTBot/1.2; +https://openai.com/gptbot)"
209.74.77.214 - - [19/Jul/2025:18:58:45 +0000] "POST /wp-admin/admin-ajax.php?action=async_litespeed&nonce=XZcjweU6ByADxEHclPGhkm7q6icT0NMQ&litespeed_type=imgoptm HTTP/1.1" 200 21 "-" "WordPress/6.8.2; https://gardenify.com.au"
