209.74.77.214 - - [19/Jul/2025:14:33:53 +0000] "POST /wp-cron.php?doing_wp_cron=1752935633.1226229667663574218750 HTTP/1.1" 200 - "-" "WordPress/6.8.2; https://gardenify.com.au"
20.171.207.73 - - [19/Jul/2025:14:33:52 +0000] "GET /goodscode/87778615.shtm HTTP/1.1" 404 11743 "-" "Mozilla/5.0 AppleWebKit/537.36 (KHTML, like Gecko; compatible; GPTBot/1.2; +https://openai.com/gptbot)"
209.74.77.214 - - [19/Jul/2025:14:33:53 +0000] "POST /wp-admin/admin-ajax.php?action=async_litespeed&nonce=ZhbxMUMHy9m8sYPU4NhXlO8HztQSnun7&litespeed_type=imgoptm HTTP/1.1" 200 21 "-" "WordPress/6.8.2; https://gardenify.com.au"
209.74.77.214 - - [19/Jul/2025:14:34:48 +0000] "POST /wp-cron.php?doing_wp_cron=1752935688.9485630989074707031250 HTTP/1.1" 200 - "-" "WordPress/6.8.2; https://gardenify.com.au"
57.141.2.12 - - [19/Jul/2025:14:34:47 +0000] "GET /goodscode/832685.shtm HTTP/1.1" 301 - "-" "meta-externalagent/1.1 (+https://developers.facebook.com/docs/sharing/webmasters/crawler)"
57.141.2.6 - - [19/Jul/2025:14:34:50 +0000] "GET /goodscode/832685.shtm HTTP/1.1" 404 50359 "-" "meta-externalagent/1.1 (+https://developers.facebook.com/docs/sharing/webmasters/crawler)"
209.74.77.214 - - [19/Jul/2025:14:34:58 +0000] "POST /wp-cron.php?doing_wp_cron=1752935698.9305710792541503906250 HTTP/1.1" 200 - "-" "WordPress/6.8.2; https://gardenify.com.au"
20.171.207.73 - - [19/Jul/2025:14:34:58 +0000] "GET /goodscode/87775248.shtm HTTP/1.1" 404 11743 "-" "Mozilla/5.0 AppleWebKit/537.36 (KHTML, like Gecko; compatible; GPTBot/1.2; +https://openai.com/gptbot)"
209.74.77.214 - - [19/Jul/2025:14:34:59 +0000] "POST /wp-admin/admin-ajax.php?action=async_litespeed&nonce=07T5wa5sTwGHkOlRyE2gAtMrHnUXHK4X&litespeed_type=imgoptm HTTP/1.1" 200 21 "-" "WordPress/6.8.2; https://gardenify.com.au"
209.74.77.214 - - [19/Jul/2025:14:35:40 +0000] "POST /wp-cron.php?doing_wp_cron=1752935740.6902959346771240234375 HTTP/1.1" 200 - "-" "WordPress/6.8.2; https://gardenify.com.au"
57.141.2.21 - - [19/Jul/2025:14:35:39 +0000] "GET /goodscode/841269.shtm HTTP/1.1" 301 - "-" "meta-externalagent/1.1 (+https://developers.facebook.com/docs/sharing/webmasters/crawler)"
57.141.2.24 - - [19/Jul/2025:14:35:47 +0000] "GET /goodscode/841269.shtm HTTP/1.1" 404 50359 "-" "meta-externalagent/1.1 (+https://developers.facebook.com/docs/sharing/webmasters/crawler)"
209.74.77.214 - - [19/Jul/2025:14:36:00 +0000] "POST /wp-cron.php?doing_wp_cron=1752935760.7014451026916503906250 HTTP/1.1" 200 - "-" "WordPress/6.8.2; https://gardenify.com.au"
20.171.207.73 - - [19/Jul/2025:14:36:00 +0000] "GET /goodscode/87774907.shtm HTTP/1.1" 404 11743 "-" "Mozilla/5.0 AppleWebKit/537.36 (KHTML, like Gecko; compatible; GPTBot/1.2; +https://openai.com/gptbot)"
209.74.77.214 - - [19/Jul/2025:14:36:00 +0000] "POST /wp-admin/admin-ajax.php?action=async_litespeed&nonce=DKoLC99VOTQG3MrqA9B6BqD00HSqx20a&litespeed_type=imgoptm HTTP/1.1" 200 21 "-" "WordPress/6.8.2; https://gardenify.com.au"
209.74.77.214 - - [19/Jul/2025:14:36:46 +0000] "POST /wp-cron.php?doing_wp_cron=1752935806.7128050327301025390625 HTTP/1.1" 200 - "-" "WordPress/6.8.2; https://gardenify.com.au"
57.141.2.23 - - [19/Jul/2025:14:36:45 +0000] "GET /goodscode/67220759.shtm HTTP/1.1" 404 50359 "-" "meta-externalagent/1.1 (+https://developers.facebook.com/docs/sharing/webmasters/crawler)"
57.141.2.14 - - [19/Jul/2025:14:36:48 +0000] "GET /goodscode/51066329.shtm HTTP/1.1" 404 50359 "-" "meta-externalagent/1.1 (+https://developers.facebook.com/docs/sharing/webmasters/crawler)"
209.74.77.214 - - [19/Jul/2025:14:37:00 +0000] "POST /wp-cron.php?doing_wp_cron=1752935820.8747301101684570312500 HTTP/1.1" 200 - "-" "WordPress/6.8.2; https://gardenify.com.au"
20.171.207.73 - - [19/Jul/2025:14:37:00 +0000] "GET /goodscode/87773945.shtm HTTP/1.1" 404 11743 "-" "Mozilla/5.0 AppleWebKit/537.36 (KHTML, like Gecko; compatible; GPTBot/1.2; +https://openai.com/gptbot)"
209.74.77.214 - - [19/Jul/2025:14:37:00 +0000] "POST /wp-admin/admin-ajax.php?action=async_litespeed&nonce=zyKW8vxFbqj9pVEo88JczEUcEmalQv4j&litespeed_type=imgoptm HTTP/1.1" 200 21 "-" "WordPress/6.8.2; https://gardenify.com.au"
57.141.2.24 - - [19/Jul/2025:14:37:14 +0000] "GET /goodscode/51072570.shtm HTTP/1.1" 404 50359 "-" "meta-externalagent/1.1 (+https://developers.facebook.com/docs/sharing/webmasters/crawler)"
209.74.77.214 - - [19/Jul/2025:14:37:54 +0000] "POST /wp-cron.php?doing_wp_cron=1752935873.9914131164550781250000 HTTP/1.1" 200 - "-" "WordPress/6.8.2; https://gardenify.com.au"
57.141.2.7 - - [19/Jul/2025:14:37:52 +0000] "GET /goodscode/856957.shtm HTTP/1.1" 301 - "-" "meta-externalagent/1.1 (+https://developers.facebook.com/docs/sharing/webmasters/crawler)"
209.74.77.214 - - [19/Jul/2025:14:37:54 +0000] "POST /wp-admin/admin-ajax.php?action=async_litespeed&nonce=1iGuk6F3MSGjvKN8TltSiLfq1sfegpAn&litespeed_type=imgoptm HTTP/1.1" 200 21 "-" "WordPress/6.8.2; https://gardenify.com.au"
57.141.2.14 - - [19/Jul/2025:14:37:55 +0000] "GET /goodscode/67206385.shtm HTTP/1.1" 404 50359 "-" "meta-externalagent/1.1 (+https://developers.facebook.com/docs/sharing/webmasters/crawler)"
20.171.207.73 - - [19/Jul/2025:14:38:05 +0000] "GET /goodscode/87776662.shtm HTTP/1.1" 404 11743 "-" "Mozilla/5.0 AppleWebKit/537.36 (KHTML, like Gecko; compatible; GPTBot/1.2; +https://openai.com/gptbot)"
209.74.77.214 - - [19/Jul/2025:14:39:12 +0000] "POST /wp-cron.php?doing_wp_cron=1752935952.2531449794769287109375 HTTP/1.1" 200 - "-" "WordPress/6.8.2; https://gardenify.com.au"
20.171.207.73 - - [19/Jul/2025:14:39:10 +0000] "GET /goodscode/87772582.shtm HTTP/1.1" 404 11743 "-" "Mozilla/5.0 AppleWebKit/537.36 (KHTML, like Gecko; compatible; GPTBot/1.2; +https://openai.com/gptbot)"
209.74.77.214 - - [19/Jul/2025:14:39:12 +0000] "POST /wp-admin/admin-ajax.php?action=async_litespeed&nonce=AgxEM9katW1Vtfcv8NLLkxH0U3HT39HD&litespeed_type=imgoptm HTTP/1.1" 200 21 "-" "WordPress/6.8.2; https://gardenify.com.au"
209.74.77.214 - - [19/Jul/2025:14:39:28 +0000] "POST /wp-cron.php?doing_wp_cron=1752935968.5382430553436279296875 HTTP/1.1" 200 - "-" "WordPress/6.8.2; https://gardenify.com.au"
57.141.2.27 - - [19/Jul/2025:14:39:28 +0000] "GET /goodscode/835285.shtm HTTP/1.1" 301 - "-" "meta-externalagent/1.1 (+https://developers.facebook.com/docs/sharing/webmasters/crawler)"
209.74.77.214 - - [19/Jul/2025:14:40:14 +0000] "POST /wp-cron.php?doing_wp_cron=1752936013.9906260967254638671875 HTTP/1.1" 200 - "-" "WordPress/6.8.2; https://gardenify.com.au"
20.171.207.73 - - [19/Jul/2025:14:40:12 +0000] "GET /goodscode/87773100.shtm HTTP/1.1" 404 11743 "-" "Mozilla/5.0 AppleWebKit/537.36 (KHTML, like Gecko; compatible; GPTBot/1.2; +https://openai.com/gptbot)"
209.74.77.214 - - [19/Jul/2025:14:40:14 +0000] "POST /wp-admin/admin-ajax.php?action=async_litespeed&nonce=tLDY1odScSmdxCoW536Zb82xjGXp9eYz&litespeed_type=imgoptm HTTP/1.1" 200 21 "-" "WordPress/6.8.2; https://gardenify.com.au"
209.74.77.214 - - [19/Jul/2025:14:40:28 +0000] "POST /wp-cron.php?doing_wp_cron=1752936028.3823020458221435546875 HTTP/1.1" 200 - "-" "WordPress/6.8.2; https://gardenify.com.au"
57.141.2.7 - - [19/Jul/2025:14:40:28 +0000] "GET /goodscode/834833.shtm HTTP/1.1" 301 - "-" "meta-externalagent/1.1 (+https://developers.facebook.com/docs/sharing/webmasters/crawler)"
57.141.2.14 - - [19/Jul/2025:14:40:29 +0000] "GET /goodscode/834833.shtm HTTP/1.1" 404 50359 "-" "meta-externalagent/1.1 (+https://developers.facebook.com/docs/sharing/webmasters/crawler)"
209.74.77.214 - - [19/Jul/2025:14:41:14 +0000] "POST /wp-cron.php?doing_wp_cron=1752936074.5382719039916992187500 HTTP/1.1" 200 - "-" "WordPress/6.8.2; https://gardenify.com.au"
20.171.207.73 - - [19/Jul/2025:14:41:13 +0000] "GET /goodscode/87778272.shtm HTTP/1.1" 404 11743 "-" "Mozilla/5.0 AppleWebKit/537.36 (KHTML, like Gecko; compatible; GPTBot/1.2; +https://openai.com/gptbot)"
209.74.77.214 - - [19/Jul/2025:14:41:14 +0000] "POST /wp-admin/admin-ajax.php?action=async_litespeed&nonce=7AJ8ZazFWOH36eBBxAMkXAgo93RzqXWq&litespeed_type=imgoptm HTTP/1.1" 200 21 "-" "WordPress/6.8.2; https://gardenify.com.au"
57.141.2.6 - - [19/Jul/2025:14:41:14 +0000] "GET /goodscode/51073024.shtm HTTP/1.1" 404 50359 "-" "meta-externalagent/1.1 (+https://developers.facebook.com/docs/sharing/webmasters/crawler)"
209.74.77.214 - - [19/Jul/2025:14:42:18 +0000] "POST /wp-cron.php?doing_wp_cron=1752936138.3575839996337890625000 HTTP/1.1" 200 - "-" "WordPress/6.8.2; https://gardenify.com.au"
20.171.207.73 - - [19/Jul/2025:14:42:17 +0000] "GET /goodscode/87778847.shtm HTTP/1.1" 404 11743 "-" "Mozilla/5.0 AppleWebKit/537.36 (KHTML, like Gecko; compatible; GPTBot/1.2; +https://openai.com/gptbot)"
209.74.77.214 - - [19/Jul/2025:14:42:18 +0000] "POST /wp-admin/admin-ajax.php?action=async_litespeed&nonce=8N7FHByhH39oCPsJYGIjYcL9H52d2ewv&litespeed_type=imgoptm HTTP/1.1" 200 21 "-" "WordPress/6.8.2; https://gardenify.com.au"
209.74.77.214 - - [19/Jul/2025:14:42:28 +0000] "POST /wp-cron.php?doing_wp_cron=1752936148.8365960121154785156250 HTTP/1.1" 200 - "-" "WordPress/6.8.2; https://gardenify.com.au"
57.141.2.22 - - [19/Jul/2025:14:42:28 +0000] "GET /goodscode/37659971.shtm HTTP/1.1" 404 50359 "-" "meta-externalagent/1.1 (+https://developers.facebook.com/docs/sharing/webmasters/crawler)"
209.74.77.214 - - [19/Jul/2025:14:43:24 +0000] "POST /wp-cron.php?doing_wp_cron=1752936204.2752599716186523437500 HTTP/1.1" 200 - "-" "WordPress/6.8.2; https://gardenify.com.au"
20.171.207.73 - - [19/Jul/2025:14:43:22 +0000] "GET /goodscode/87774397.shtm HTTP/1.1" 404 11743 "-" "Mozilla/5.0 AppleWebKit/537.36 (KHTML, like Gecko; compatible; GPTBot/1.2; +https://openai.com/gptbot)"
209.74.77.214 - - [19/Jul/2025:14:43:24 +0000] "POST /wp-admin/admin-ajax.php?action=async_litespeed&nonce=IW660ZjprGA4XJO5avPLhy0b1r0C7kkl&litespeed_type=imgoptm HTTP/1.1" 200 21 "-" "WordPress/6.8.2; https://gardenify.com.au"
209.74.77.214 - - [19/Jul/2025:14:44:29 +0000] "POST /wp-cron.php?doing_wp_cron=1752936269.9570870399475097656250 HTTP/1.1" 200 - "-" "WordPress/6.8.2; https://gardenify.com.au"
20.171.207.73 - - [19/Jul/2025:14:44:28 +0000] "GET /goodscode/87772648.shtm HTTP/1.1" 404 11743 "-" "Mozilla/5.0 AppleWebKit/537.36 (KHTML, like Gecko; compatible; GPTBot/1.2; +https://openai.com/gptbot)"
209.74.77.214 - - [19/Jul/2025:14:44:30 +0000] "POST /wp-admin/admin-ajax.php?action=async_litespeed&nonce=uW3egbS6Z0oSiCA8bIHCDrpdwb1NfDLZ&litespeed_type=imgoptm HTTP/1.1" 200 21 "-" "WordPress/6.8.2; https://gardenify.com.au"
209.74.77.214 - - [19/Jul/2025:14:45:31 +0000] "POST /wp-cron.php?doing_wp_cron=1752936331.8234839439392089843750 HTTP/1.1" 200 - "-" "WordPress/6.8.2; https://gardenify.com.au"
20.171.207.73 - - [19/Jul/2025:14:45:30 +0000] "GET /goodscode/87776210.shtm HTTP/1.1" 404 11743 "-" "Mozilla/5.0 AppleWebKit/537.36 (KHTML, like Gecko; compatible; GPTBot/1.2; +https://openai.com/gptbot)"
209.74.77.214 - - [19/Jul/2025:14:45:31 +0000] "POST /wp-admin/admin-ajax.php?action=async_litespeed&nonce=Vf0SVroAH5ZQ0diON9BZ9LKQT2BjObZw&litespeed_type=imgoptm HTTP/1.1" 200 21 "-" "WordPress/6.8.2; https://gardenify.com.au"
209.74.77.214 - - [19/Jul/2025:14:46:33 +0000] "POST /wp-cron.php?doing_wp_cron=1752936393.6712610721588134765625 HTTP/1.1" 200 - "-" "WordPress/6.8.2; https://gardenify.com.au"
20.171.207.73 - - [19/Jul/2025:14:46:32 +0000] "GET /goodscode/87773955.shtm HTTP/1.1" 404 11743 "-" "Mozilla/5.0 AppleWebKit/537.36 (KHTML, like Gecko; compatible; GPTBot/1.2; +https://openai.com/gptbot)"
209.74.77.214 - - [19/Jul/2025:14:46:33 +0000] "POST /wp-admin/admin-ajax.php?action=async_litespeed&nonce=7ilF5WCAmnnGAwF2Ax1UDONapQR3ufUW&litespeed_type=imgoptm HTTP/1.1" 200 21 "-" "WordPress/6.8.2; https://gardenify.com.au"
209.74.77.214 - - [19/Jul/2025:14:47:15 +0000] "POST /wp-cron.php?doing_wp_cron=1752936434.9827060699462890625000 HTTP/1.1" 200 - "-" "WordPress/6.8.2; https://gardenify.com.au"
57.141.2.2 - - [19/Jul/2025:14:47:13 +0000] "GET /goodscode/51051371.shtm HTTP/1.1" 404 50359 "-" "meta-externalagent/1.1 (+https://developers.facebook.com/docs/sharing/webmasters/crawler)"
57.141.2.2 - - [19/Jul/2025:14:47:14 +0000] "GET /goodscode/51047568.shtm HTTP/1.1" 404 50359 "-" "meta-externalagent/1.1 (+https://developers.facebook.com/docs/sharing/webmasters/crawler)"
209.74.77.214 - - [19/Jul/2025:14:47:15 +0000] "POST /wp-admin/admin-ajax.php?action=async_litespeed&nonce=2V0G8j2lTsvM0F1Htp4pfubG40zKzWYV&litespeed_type=imgoptm HTTP/1.1" 200 21 "-" "WordPress/6.8.2; https://gardenify.com.au"
57.141.2.22 - - [19/Jul/2025:14:47:18 +0000] "GET /goodscode/51048982.shtm HTTP/1.1" 404 50359 "-" "meta-externalagent/1.1 (+https://developers.facebook.com/docs/sharing/webmasters/crawler)"
209.74.77.214 - - [19/Jul/2025:14:47:29 +0000] "POST /wp-cron.php?doing_wp_cron=1752936449.6497650146484375000000 HTTP/1.1" 200 - "-" "WordPress/6.8.2; https://gardenify.com.au"
57.141.2.26 - - [19/Jul/2025:14:47:29 +0000] "GET /goodscode/67231997.shtm HTTP/1.1" 404 50359 "-" "meta-externalagent/1.1 (+https://developers.facebook.com/docs/sharing/webmasters/crawler)"
57.141.2.27 - - [19/Jul/2025:14:47:29 +0000] "GET /goodscode/51066097.shtm HTTP/1.1" 404 50359 "-" "meta-externalagent/1.1 (+https://developers.facebook.com/docs/sharing/webmasters/crawler)"
20.171.207.73 - - [19/Jul/2025:14:47:37 +0000] "GET /goodscode/87772444.shtm HTTP/1.1" 404 11743 "-" "Mozilla/5.0 AppleWebKit/537.36 (KHTML, like Gecko; compatible; GPTBot/1.2; +https://openai.com/gptbot)"
57.141.2.20 - - [19/Jul/2025:14:47:43 +0000] "GET /goodscode/51059519.shtm HTTP/1.1" 404 50359 "-" "meta-externalagent/1.1 (+https://developers.facebook.com/docs/sharing/webmasters/crawler)"
209.74.77.214 - - [19/Jul/2025:14:47:57 +0000] "POST /wp-cron.php?doing_wp_cron=1752936477.9277050495147705078125 HTTP/1.1" 200 - "-" "WordPress/6.8.2; https://gardenify.com.au"
57.141.2.8 - - [19/Jul/2025:14:47:57 +0000] "GET /goodscode/51062588.shtm HTTP/1.1" 404 50359 "-" "meta-externalagent/1.1 (+https://developers.facebook.com/docs/sharing/webmasters/crawler)"
209.74.77.214 - - [19/Jul/2025:14:47:58 +0000] "POST /wp-admin/admin-ajax.php?action=async_litespeed&nonce=Zv4QkYNhLAu9L7166SOKrBKDVy5cLbOA&litespeed_type=imgoptm HTTP/1.1" 200 21 "-" "WordPress/6.8.2; https://gardenify.com.au"
209.74.77.214 - - [19/Jul/2025:14:48:30 +0000] "POST /wp-cron.php?doing_wp_cron=1752936510.9449179172515869140625 HTTP/1.1" 200 - "-" "WordPress/6.8.2; https://gardenify.com.au"
57.141.2.8 - - [19/Jul/2025:14:48:29 +0000] "GET /goodscode/37649950.shtm HTTP/1.1" 404 50359 "-" "meta-externalagent/1.1 (+https://developers.facebook.com/docs/sharing/webmasters/crawler)"
57.141.2.21 - - [19/Jul/2025:14:48:37 +0000] "GET /goodscode/37647169.shtm HTTP/1.1" 404 50359 "-" "meta-externalagent/1.1 (+https://developers.facebook.com/docs/sharing/webmasters/crawler)"
20.171.207.73 - - [19/Jul/2025:14:48:40 +0000] "GET /goodscode/87779661.shtm HTTP/1.1" 404 11743 "-" "Mozilla/5.0 AppleWebKit/537.36 (KHTML, like Gecko; compatible; GPTBot/1.2; +https://openai.com/gptbot)"
57.141.2.14 - - [19/Jul/2025:14:48:48 +0000] "GET /goodscode/37649971.shtm HTTP/1.1" 404 50359 "-" "meta-externalagent/1.1 (+https://developers.facebook.com/docs/sharing/webmasters/crawler)"
209.74.77.214 - - [19/Jul/2025:14:49:04 +0000] "POST /wp-cron.php?doing_wp_cron=1752936544.8219780921936035156250 HTTP/1.1" 200 - "-" "WordPress/6.8.2; https://gardenify.com.au"
57.141.2.28 - - [19/Jul/2025:14:49:04 +0000] "GET /goodscode/51068697.shtm HTTP/1.1" 404 50359 "-" "meta-externalagent/1.1 (+https://developers.facebook.com/docs/sharing/webmasters/crawler)"
209.74.77.214 - - [19/Jul/2025:14:49:04 +0000] "POST /wp-admin/admin-ajax.php?action=async_litespeed&nonce=ppIOWPGQaGgh2eXHTRk7tzJGzwaNAcvl&litespeed_type=imgoptm HTTP/1.1" 200 21 "-" "WordPress/6.8.2; https://gardenify.com.au"
57.141.2.2 - - [19/Jul/2025:14:49:19 +0000] "GET /goodscode/832029.shtm HTTP/1.1" 301 - "-" "meta-externalagent/1.1 (+https://developers.facebook.com/docs/sharing/webmasters/crawler)"
45.227.253.15 - - [19/Jul/2025:14:49:21 +0000] "GET /index.php/jk HTTP/1.1" 200 59 "-" "Mozilla/5.0 (iPhone; CPU iPhone OS 13_6 like Mac OS X) AppleWebKit/605.1.15 (KHTML, like Gecko) Version/13.6 Mobile/15E148 Safari/604.1"
209.74.77.214 - - [19/Jul/2025:14:49:45 +0000] "POST /wp-cron.php?doing_wp_cron=1752936585.7987639904022216796875 HTTP/1.1" 200 - "-" "WordPress/6.8.2; https://gardenify.com.au"
20.171.207.73 - - [19/Jul/2025:14:49:45 +0000] "GET /goodscode/87793777.shtm HTTP/1.1" 404 11743 "-" "Mozilla/5.0 AppleWebKit/537.36 (KHTML, like Gecko; compatible; GPTBot/1.2; +https://openai.com/gptbot)"
209.74.77.214 - - [19/Jul/2025:14:50:48 +0000] "POST /wp-cron.php?doing_wp_cron=1752936648.4538750648498535156250 HTTP/1.1" 200 - "-" "WordPress/6.8.2; https://gardenify.com.au"
20.171.207.73 - - [19/Jul/2025:14:50:47 +0000] "GET /goodscode/87773406.shtm HTTP/1.1" 404 11743 "-" "Mozilla/5.0 AppleWebKit/537.36 (KHTML, like Gecko; compatible; GPTBot/1.2; +https://openai.com/gptbot)"
209.74.77.214 - - [19/Jul/2025:14:50:48 +0000] "POST /wp-admin/admin-ajax.php?action=async_litespeed&nonce=CHThsUiPbFdTwmbkWYLeZx8Keaq0LtPv&litespeed_type=imgoptm HTTP/1.1" 200 21 "-" "WordPress/6.8.2; https://gardenify.com.au"
209.74.77.214 - - [19/Jul/2025:14:51:22 +0000] "POST /wp-cron.php?doing_wp_cron=1752936682.2100179195404052734375 HTTP/1.1" 200 - "-" "WordPress/6.8.2; https://gardenify.com.au"
57.141.2.27 - - [19/Jul/2025:14:51:20 +0000] "GET /goodscode/51051463.shtm HTTP/1.1" 404 50359 "-" "meta-externalagent/1.1 (+https://developers.facebook.com/docs/sharing/webmasters/crawler)"
209.74.77.214 - - [19/Jul/2025:14:51:22 +0000] "POST /wp-admin/admin-ajax.php?action=async_litespeed&nonce=hWB3501mciC1IAd2nMiEoyzienW5BJae&litespeed_type=imgoptm HTTP/1.1" 200 21 "-" "WordPress/6.8.2; https://gardenify.com.au"
209.74.77.214 - - [19/Jul/2025:14:51:48 +0000] "POST /wp-cron.php?doing_wp_cron=1752936708.4538609981536865234375 HTTP/1.1" 200 - "-" "WordPress/6.8.2; https://gardenify.com.au"
20.171.207.73 - - [19/Jul/2025:14:51:48 +0000] "GET /goodscode/87772991.shtm HTTP/1.1" 404 11743 "-" "Mozilla/5.0 AppleWebKit/537.36 (KHTML, like Gecko; compatible; GPTBot/1.2; +https://openai.com/gptbot)"
209.74.77.214 - - [19/Jul/2025:14:52:37 +0000] "POST /wp-cron.php?doing_wp_cron=1752936757.1339750289916992187500 HTTP/1.1" 200 - "-" "WordPress/6.8.2; https://gardenify.com.au"
57.141.2.17 - - [19/Jul/2025:14:52:35 +0000] "GET /goodscode/51068991.shtm HTTP/1.1" 404 50359 "-" "meta-externalagent/1.1 (+https://developers.facebook.com/docs/sharing/webmasters/crawler)"
209.74.77.214 - - [19/Jul/2025:14:52:37 +0000] "POST /wp-admin/admin-ajax.php?action=async_litespeed&nonce=8Fh3eu3wpURwciDhHVzGicXxOOJH5jdW&litespeed_type=imgoptm HTTP/1.1" 200 21 "-" "WordPress/6.8.2; https://gardenify.com.au"
57.141.2.24 - - [19/Jul/2025:14:52:43 +0000] "GET /goodscode/51049048.shtm HTTP/1.1" 404 50359 "-" "meta-externalagent/1.1 (+https://developers.facebook.com/docs/sharing/webmasters/crawler)"
20.171.207.73 - - [19/Jul/2025:14:52:50 +0000] "GET /goodscode/87778847.shtm HTTP/1.1" 404 11742 "-" "Mozilla/5.0 AppleWebKit/537.36 (KHTML, like Gecko; compatible; GPTBot/1.2; +https://openai.com/gptbot)"
209.74.77.214 - - [19/Jul/2025:14:52:55 +0000] "POST /wp-cron.php?doing_wp_cron=1752936775.3919460773468017578125 HTTP/1.1" 200 - "-" "WordPress/6.8.2; https://gardenify.com.au"
57.141.2.27 - - [19/Jul/2025:14:52:55 +0000] "GET /goodscode/51066919.shtm HTTP/1.1" 404 50359 "-" "meta-externalagent/1.1 (+https://developers.facebook.com/docs/sharing/webmasters/crawler)"
209.74.77.214 - - [19/Jul/2025:14:52:55 +0000] "POST /wp-admin/admin-ajax.php?action=async_litespeed&nonce=fIaZiwU8G265WrNyOFvdCyxEYamAOz8z&litespeed_type=imgoptm HTTP/1.1" 200 21 "-" "WordPress/6.8.2; https://gardenify.com.au"
209.74.77.214 - - [19/Jul/2025:14:53:38 +0000] "POST /wp-cron.php?doing_wp_cron=1752936818.3046209812164306640625 HTTP/1.1" 200 - "-" "WordPress/6.8.2; https://gardenify.com.au"
57.141.2.29 - - [19/Jul/2025:14:53:36 +0000] "GET /goodscode/67214979.shtm HTTP/1.1" 404 50359 "-" "meta-externalagent/1.1 (+https://developers.facebook.com/docs/sharing/webmasters/crawler)"
209.74.77.214 - - [19/Jul/2025:14:53:53 +0000] "POST /wp-cron.php?doing_wp_cron=1752936833.5966370105743408203125 HTTP/1.1" 200 - "-" "WordPress/6.8.2; https://gardenify.com.au"
20.171.207.73 - - [19/Jul/2025:14:53:53 +0000] "GET /goodscode/87774812.shtm HTTP/1.1" 404 11742 "-" "Mozilla/5.0 AppleWebKit/537.36 (KHTML, like Gecko; compatible; GPTBot/1.2; +https://openai.com/gptbot)"
209.74.77.214 - - [19/Jul/2025:14:53:53 +0000] "POST /wp-admin/admin-ajax.php?action=async_litespeed&nonce=2Dkw3ynjWX6nBaozzLefi9gzhdrp16I1&litespeed_type=imgoptm HTTP/1.1" 200 21 "-" "WordPress/6.8.2; https://gardenify.com.au"
57.141.2.8 - - [19/Jul/2025:14:54:07 +0000] "GET /goodscode/51046867.shtm HTTP/1.1" 404 50359 "-" "meta-externalagent/1.1 (+https://developers.facebook.com/docs/sharing/webmasters/crawler)"
57.141.2.10 - - [19/Jul/2025:14:54:19 +0000] "GET /goodscode/51064504.shtm HTTP/1.1" 404 50359 "-" "meta-externalagent/1.1 (+https://developers.facebook.com/docs/sharing/webmasters/crawler)"
209.74.77.214 - - [19/Jul/2025:14:54:59 +0000] "POST /wp-cron.php?doing_wp_cron=1752936899.6908299922943115234375 HTTP/1.1" 200 - "-" "WordPress/6.8.2; https://gardenify.com.au"
20.171.207.73 - - [19/Jul/2025:14:54:58 +0000] "GET /goodscode/87801113.shtm HTTP/1.1" 404 11743 "-" "Mozilla/5.0 AppleWebKit/537.36 (KHTML, like Gecko; compatible; GPTBot/1.2; +https://openai.com/gptbot)"
209.74.77.214 - - [19/Jul/2025:14:54:59 +0000] "POST /wp-admin/admin-ajax.php?action=async_litespeed&nonce=KUvgVTT4S0mZDKy9jzBjyKLCa0IJdQjG&litespeed_type=imgoptm HTTP/1.1" 200 21 "-" "WordPress/6.8.2; https://gardenify.com.au"
66.249.79.237 - - [19/Jul/2025:14:55:12 +0000] "GET /sitemap-10.xml HTTP/1.1" 200 3763 "-" "Mozilla/5.0 (compatible; Googlebot/2.1; +http://www.google.com/bot.html)"
57.141.2.8 - - [19/Jul/2025:14:55:17 +0000] "GET /goodscode/844412.shtm HTTP/1.1" 301 - "-" "meta-externalagent/1.1 (+https://developers.facebook.com/docs/sharing/webmasters/crawler)"
57.141.2.28 - - [19/Jul/2025:14:55:19 +0000] "GET /goodscode/844412.shtm HTTP/1.1" 404 50359 "-" "meta-externalagent/1.1 (+https://developers.facebook.com/docs/sharing/webmasters/crawler)"
216.73.216.160 - - [19/Jul/2025:14:55:23 +0000] "GET /sitemap-4.xml HTTP/1.1" 200 3761 "-" "Mozilla/5.0 AppleWebKit/537.36 (KHTML, like Gecko; compatible; ClaudeBot/1.0; [email protected])"
209.74.77.214 - - [19/Jul/2025:14:56:04 +0000] "POST /wp-cron.php?doing_wp_cron=1752936964.0090250968933105468750 HTTP/1.1" 200 - "-" "WordPress/6.8.2; https://gardenify.com.au"
20.171.207.73 - - [19/Jul/2025:14:56:02 +0000] "GET /goodscode/87778938.shtm HTTP/1.1" 404 11743 "-" "Mozilla/5.0 AppleWebKit/537.36 (KHTML, like Gecko; compatible; GPTBot/1.2; +https://openai.com/gptbot)"
209.74.77.214 - - [19/Jul/2025:14:56:04 +0000] "POST /wp-admin/admin-ajax.php?action=async_litespeed&nonce=PiQ4daw3IT0Lur2IOscaAt0L82UFNp96&litespeed_type=imgoptm HTTP/1.1" 200 21 "-" "WordPress/6.8.2; https://gardenify.com.au"
57.141.2.12 - - [19/Jul/2025:14:56:21 +0000] "GET /goodscode/67221830.shtm HTTP/1.1" 404 50359 "-" "meta-externalagent/1.1 (+https://developers.facebook.com/docs/sharing/webmasters/crawler)"
209.74.77.214 - - [19/Jul/2025:14:57:03 +0000] "POST /wp-cron.php?doing_wp_cron=1752937023.3352150917053222656250 HTTP/1.1" 200 - "-" "WordPress/6.8.2; https://gardenify.com.au"
57.141.2.12 - - [19/Jul/2025:14:57:02 +0000] "GET /goodscode/51050898.shtm HTTP/1.1" 404 50359 "-" "meta-externalagent/1.1 (+https://developers.facebook.com/docs/sharing/webmasters/crawler)"
209.74.77.214 - - [19/Jul/2025:14:57:03 +0000] "POST /wp-admin/admin-ajax.php?action=async_litespeed&nonce=qHhRfn5kjg4xtbDmk4UHrv2Q5cGRw41h&litespeed_type=imgoptm HTTP/1.1" 200 21 "-" "WordPress/6.8.2; https://gardenify.com.au"
20.171.207.73 - - [19/Jul/2025:14:57:06 +0000] "GET /goodscode/87779030.shtm HTTP/1.1" 404 11743 "-" "Mozilla/5.0 AppleWebKit/537.36 (KHTML, like Gecko; compatible; GPTBot/1.2; +https://openai.com/gptbot)"
57.141.2.26 - - [19/Jul/2025:14:57:18 +0000] "GET /goodscode/863017.shtm HTTP/1.1" 301 - "-" "meta-externalagent/1.1 (+https://developers.facebook.com/docs/sharing/webmasters/crawler)"
209.74.77.214 - - [19/Jul/2025:14:57:33 +0000] "POST /wp-cron.php?doing_wp_cron=1752937053.7007839679718017578125 HTTP/1.1" 200 - "-" "WordPress/6.8.2; https://gardenify.com.au"
57.141.2.24 - - [19/Jul/2025:14:57:33 +0000] "GET /goodscode/847043.shtm HTTP/1.1" 301 - "-" "meta-externalagent/1.1 (+https://developers.facebook.com/docs/sharing/webmasters/crawler)"
57.141.2.28 - - [19/Jul/2025:14:57:36 +0000] "GET /goodscode/863017.shtm HTTP/1.1" 404 50359 "-" "meta-externalagent/1.1 (+https://developers.facebook.com/docs/sharing/webmasters/crawler)"
209.74.77.214 - - [19/Jul/2025:14:58:11 +0000] "POST /wp-cron.php?doing_wp_cron=1752937091.4100921154022216796875 HTTP/1.1" 200 - "-" "WordPress/6.8.2; https://gardenify.com.au"
20.171.207.73 - - [19/Jul/2025:14:58:10 +0000] "GET /goodscode/87772814.shtm HTTP/1.1" 404 11743 "-" "Mozilla/5.0 AppleWebKit/537.36 (KHTML, like Gecko; compatible; GPTBot/1.2; +https://openai.com/gptbot)"
209.74.77.214 - - [19/Jul/2025:14:58:11 +0000] "POST /wp-admin/admin-ajax.php?action=async_litespeed&nonce=7426XdYPEQJjJuzwqtLKu9eKNuFgbDwy&litespeed_type=imgoptm HTTP/1.1" 200 21 "-" "WordPress/6.8.2; https://gardenify.com.au"
209.74.77.214 - - [19/Jul/2025:14:58:52 +0000] "POST /wp-cron.php?doing_wp_cron=1752937132.8428499698638916015625 HTTP/1.1" 200 - "-" "WordPress/6.8.2; https://gardenify.com.au"
57.141.2.17 - - [19/Jul/2025:14:58:51 +0000] "GET /goodscode/51065219.shtm HTTP/1.1" 404 50359 "-" "meta-externalagent/1.1 (+https://developers.facebook.com/docs/sharing/webmasters/crawler)"
209.74.77.214 - - [19/Jul/2025:14:58:52 +0000] "POST /wp-admin/admin-ajax.php?action=async_litespeed&nonce=sK3jnwKLw25CydXGIBLoDAsyFXZw7Dtn&litespeed_type=imgoptm HTTP/1.1" 200 21 "-" "WordPress/6.8.2; https://gardenify.com.au"
57.141.2.29 - - [19/Jul/2025:14:58:56 +0000] "GET /goodscode/51046974.shtm HTTP/1.1" 404 50359 "-" "meta-externalagent/1.1 (+https://developers.facebook.com/docs/sharing/webmasters/crawler)"
20.171.207.73 - - [19/Jul/2025:14:59:15 +0000] "GET /goodscode/87800085.shtm HTTP/1.1" 404 11743 "-" "Mozilla/5.0 AppleWebKit/537.36 (KHTML, like Gecko; compatible; GPTBot/1.2; +https://openai.com/gptbot)"
216.73.216.160 - - [19/Jul/2025:15:00:09 +0000] "GET /sitemap-10.xml HTTP/1.1" 200 3763 "-" "Mozilla/5.0 AppleWebKit/537.36 (KHTML, like Gecko; compatible; ClaudeBot/1.0; [email protected])"
216.73.216.160 - - [19/Jul/2025:15:00:09 +0000] "GET /sitemap-12.xml HTTP/1.1" 200 3762 "-" "Mozilla/5.0 AppleWebKit/537.36 (KHTML, like Gecko; compatible; ClaudeBot/1.0; [email protected])"
209.74.77.214 - - [19/Jul/2025:15:00:22 +0000] "POST /wp-cron.php?doing_wp_cron=1752937222.0055010318756103515625 HTTP/1.1" 200 - "-" "WordPress/6.8.2; https://gardenify.com.au"
20.171.207.73 - - [19/Jul/2025:15:00:21 +0000] "GET /goodscode/87772917.shtm HTTP/1.1" 404 11743 "-" "Mozilla/5.0 AppleWebKit/537.36 (KHTML, like Gecko; compatible; GPTBot/1.2; +https://openai.com/gptbot)"
209.74.77.214 - - [19/Jul/2025:15:00:22 +0000] "POST /wp-admin/admin-ajax.php?action=async_litespeed&nonce=80PqRi6FPFqIs3a4RW4tiSong9h3GqHc&litespeed_type=imgoptm HTTP/1.1" 200 21 "-" "WordPress/6.8.2; https://gardenify.com.au"
209.74.77.214 - - [19/Jul/2025:15:00:41 +0000] "POST /wp-cron.php?doing_wp_cron=1752937241.0260660648345947265625 HTTP/1.1" 200 - "-" "WordPress/6.8.2; https://gardenify.com.au"
57.141.2.19 - - [19/Jul/2025:15:00:40 +0000] "GET /goodscode/67222369.shtm HTTP/1.1" 404 50359 "-" "meta-externalagent/1.1 (+https://developers.facebook.com/docs/sharing/webmasters/crawler)"
57.141.2.11 - - [19/Jul/2025:15:00:44 +0000] "GET /goodscode/836338.shtm HTTP/1.1" 301 - "-" "meta-externalagent/1.1 (+https://developers.facebook.com/docs/sharing/webmasters/crawler)"
209.74.77.214 - - [19/Jul/2025:15:01:03 +0000] "POST /wp-cron.php?doing_wp_cron=1752937263.5497729778289794921875 HTTP/1.1" 200 - "-" "WordPress/6.8.2; https://gardenify.com.au"
57.141.2.15 - - [19/Jul/2025:15:01:03 +0000] "GET /goodscode/67205431.shtm HTTP/1.1" 404 50359 "-" "meta-externalagent/1.1 (+https://developers.facebook.com/docs/sharing/webmasters/crawler)"
209.74.77.214 - - [19/Jul/2025:15:01:03 +0000] "POST /wp-admin/admin-ajax.php?action=async_litespeed&nonce=OMTlYAvC6N3d2LyLHCdu1cOmVtPLAw9O&litespeed_type=imgoptm HTTP/1.1" 200 21 "-" "WordPress/6.8.2; https://gardenify.com.au"
57.141.2.7 - - [19/Jul/2025:15:01:08 +0000] "GET /goodscode/67207622.shtm HTTP/1.1" 404 50359 "-" "meta-externalagent/1.1 (+https://developers.facebook.com/docs/sharing/webmasters/crawler)"
216.73.216.160 - - [19/Jul/2025:15:01:15 +0000] "GET /sitemap-18.xml HTTP/1.1" 200 3763 "-" "Mozilla/5.0 AppleWebKit/537.36 (KHTML, like Gecko; compatible; ClaudeBot/1.0; [email protected])"
209.74.77.214 - - [19/Jul/2025:15:01:24 +0000] "POST /wp-cron.php?doing_wp_cron=1752937284.2804439067840576171875 HTTP/1.1" 200 - "-" "WordPress/6.8.2; https://gardenify.com.au"
20.171.207.73 - - [19/Jul/2025:15:01:24 +0000] "GET /goodscode/87775608.shtm HTTP/1.1" 404 11743 "-" "Mozilla/5.0 AppleWebKit/537.36 (KHTML, like Gecko; compatible; GPTBot/1.2; +https://openai.com/gptbot)"
57.141.2.30 - - [19/Jul/2025:15:01:35 +0000] "GET /goodscode/51070037.shtm HTTP/1.1" 404 50359 "-" "meta-externalagent/1.1 (+https://developers.facebook.com/docs/sharing/webmasters/crawler)"
209.74.77.214 - - [19/Jul/2025:15:01:59 +0000] "POST /wp-cron.php?doing_wp_cron=1752937319.8652470111846923828125 HTTP/1.1" 200 - "-" "WordPress/6.8.2; https://gardenify.com.au"
57.141.2.19 - - [19/Jul/2025:15:01:59 +0000] "GET /goodscode/74157250.shtm HTTP/1.1" 301 - "-" "meta-externalagent/1.1 (+https://developers.facebook.com/docs/sharing/webmasters/crawler)"
209.74.77.214 - - [19/Jul/2025:15:01:59 +0000] "POST /wp-admin/admin-ajax.php?action=async_litespeed&nonce=UaptHoHkApiNtbqHGPrpTBS2loMmD7qd&litespeed_type=imgoptm HTTP/1.1" 200 21 "-" "WordPress/6.8.2; https://gardenify.com.au"
57.141.2.7 - - [19/Jul/2025:15:02:01 +0000] "GET /goodscode/74157250.shtm HTTP/1.1" 404 50359 "-" "meta-externalagent/1.1 (+https://developers.facebook.com/docs/sharing/webmasters/crawler)"
209.74.77.214 - - [19/Jul/2025:15:02:29 +0000] "POST /wp-cron.php?doing_wp_cron=1752937348.9883201122283935546875 HTTP/1.1" 200 - "-" "WordPress/6.8.2; https://gardenify.com.au"
20.171.207.73 - - [19/Jul/2025:15:02:28 +0000] "GET /goodscode/87773406.shtm HTTP/1.1" 404 11743 "-" "Mozilla/5.0 AppleWebKit/537.36 (KHTML, like Gecko; compatible; GPTBot/1.2; +https://openai.com/gptbot)"
209.74.77.214 - - [19/Jul/2025:15:03:34 +0000] "POST /wp-cron.php?doing_wp_cron=1752937414.1879758834838867187500 HTTP/1.1" 200 - "-" "WordPress/6.8.2; https://gardenify.com.au"
20.171.207.73 - - [19/Jul/2025:15:03:32 +0000] "GET /goodscode/87778578.shtm HTTP/1.1" 404 11743 "-" "Mozilla/5.0 AppleWebKit/537.36 (KHTML, like Gecko; compatible; GPTBot/1.2; +https://openai.com/gptbot)"
209.74.77.214 - - [19/Jul/2025:15:03:34 +0000] "POST /wp-admin/admin-ajax.php?action=async_litespeed&nonce=cFg4KEkmINi4X5bx3oRgHTRzMj6kOZ52&litespeed_type=imgoptm HTTP/1.1" 200 21 "-" "WordPress/6.8.2; https://gardenify.com.au"
209.74.77.214 - - [19/Jul/2025:15:04:37 +0000] "POST /wp-cron.php?doing_wp_cron=1752937477.3681309223175048828125 HTTP/1.1" 200 - "-" "WordPress/6.8.2; https://gardenify.com.au"
20.171.207.73 - - [19/Jul/2025:15:04:36 +0000] "GET /goodscode/87778023.shtm HTTP/1.1" 404 11743 "-" "Mozilla/5.0 AppleWebKit/537.36 (KHTML, like Gecko; compatible; GPTBot/1.2; +https://openai.com/gptbot)"
209.74.77.214 - - [19/Jul/2025:15:04:37 +0000] "POST /wp-admin/admin-ajax.php?action=async_litespeed&nonce=urIBoIu8hzHTypRUSuoYv7XdpnuErHDf&litespeed_type=imgoptm HTTP/1.1" 200 21 "-" "WordPress/6.8.2; https://gardenify.com.au"
209.74.77.214 - - [19/Jul/2025:15:05:42 +0000] "POST /wp-cron.php?doing_wp_cron=1752937542.1771209239959716796875 HTTP/1.1" 200 - "-" "WordPress/6.8.2; https://gardenify.com.au"
20.171.207.73 - - [19/Jul/2025:15:05:40 +0000] "GET /goodscode/87779503.shtm HTTP/1.1" 404 11743 "-" "Mozilla/5.0 AppleWebKit/537.36 (KHTML, like Gecko; compatible; GPTBot/1.2; +https://openai.com/gptbot)"
209.74.77.214 - - [19/Jul/2025:15:05:42 +0000] "POST /wp-admin/admin-ajax.php?action=async_litespeed&nonce=BTiTGaPgIv73Bopa4tatmNL48aDqBzVb&litespeed_type=imgoptm HTTP/1.1" 200 21 "-" "WordPress/6.8.2; https://gardenify.com.au"
209.74.77.214 - - [19/Jul/2025:15:06:42 +0000] "POST /wp-cron.php?doing_wp_cron=1752937602.4089798927307128906250 HTTP/1.1" 200 - "-" "WordPress/6.8.2; https://gardenify.com.au"
20.171.207.73 - - [19/Jul/2025:15:06:41 +0000] "GET /goodscode/87775065.shtm HTTP/1.1" 404 11743 "-" "Mozilla/5.0 AppleWebKit/537.36 (KHTML, like Gecko; compatible; GPTBot/1.2; +https://openai.com/gptbot)"
209.74.77.214 - - [19/Jul/2025:15:06:42 +0000] "POST /wp-admin/admin-ajax.php?action=async_litespeed&nonce=pk3Z9Fx8Z2xdaoOCSw67Ri79CxWSvRrv&litespeed_type=imgoptm HTTP/1.1" 200 21 "-" "WordPress/6.8.2; https://gardenify.com.au"
209.74.77.214 - - [19/Jul/2025:15:07:41 +0000] "POST /wp-cron.php?doing_wp_cron=1752937661.6572010517120361328125 HTTP/1.1" 200 - "-" "WordPress/6.8.2; https://gardenify.com.au"
57.141.2.4 - - [19/Jul/2025:15:07:40 +0000] "GET /goodscode/37649989.shtm HTTP/1.1" 404 50359 "-" "meta-externalagent/1.1 (+https://developers.facebook.com/docs/sharing/webmasters/crawler)"
209.74.77.214 - - [19/Jul/2025:15:07:41 +0000] "POST /wp-admin/admin-ajax.php?action=async_litespeed&nonce=rSHtc4nZJcXHQ3CxlAGD6xs7Q7fzjjWA&litespeed_type=imgoptm HTTP/1.1" 200 21 "-" "WordPress/6.8.2; https://gardenify.com.au"
20.171.207.73 - - [19/Jul/2025:15:07:43 +0000] "GET /goodscode/87775108.shtm HTTP/1.1" 404 11743 "-" "Mozilla/5.0 AppleWebKit/537.36 (KHTML, like Gecko; compatible; GPTBot/1.2; +https://openai.com/gptbot)"
57.141.2.13 - - [19/Jul/2025:15:07:49 +0000] "GET /goodscode/67227411.shtm HTTP/1.1" 404 50359 "-" "meta-externalagent/1.1 (+https://developers.facebook.com/docs/sharing/webmasters/crawler)"
209.74.77.214 - - [19/Jul/2025:15:08:31 +0000] "POST /wp-cron.php?doing_wp_cron=1752937711.0021770000457763671875 HTTP/1.1" 200 - "-" "WordPress/6.8.2; https://gardenify.com.au"
57.141.2.23 - - [19/Jul/2025:15:08:29 +0000] "GET /goodscode/51069149.shtm HTTP/1.1" 404 50359 "-" "meta-externalagent/1.1 (+https://developers.facebook.com/docs/sharing/webmasters/crawler)"
209.74.77.214 - - [19/Jul/2025:15:08:31 +0000] "POST /wp-admin/admin-ajax.php?action=async_litespeed&nonce=OBEu2OaCKOoUwNTLXkcgAKXkJ0p4EnYV&litespeed_type=imgoptm HTTP/1.1" 200 21 "-" "WordPress/6.8.2; https://gardenify.com.au"
57.141.2.20 - - [19/Jul/2025:15:08:31 +0000] "GET /goodscode/67218909.shtm HTTP/1.1" 404 50359 "-" "meta-externalagent/1.1 (+https://developers.facebook.com/docs/sharing/webmasters/crawler)"
20.171.207.73 - - [19/Jul/2025:15:08:46 +0000] "GET /goodscode/87778321.shtm HTTP/1.1" 404 11743 "-" "Mozilla/5.0 AppleWebKit/537.36 (KHTML, like Gecko; compatible; GPTBot/1.2; +https://openai.com/gptbot)"
209.74.77.214 - - [19/Jul/2025:15:09:19 +0000] "POST /wp-cron.php?doing_wp_cron=1752937759.4607460498809814453125 HTTP/1.1" 200 - "-" "WordPress/6.8.2; https://gardenify.com.au"
57.141.2.5 - - [19/Jul/2025:15:09:18 +0000] "GET /goodscode/847668.shtm HTTP/1.1" 301 - "-" "meta-externalagent/1.1 (+https://developers.facebook.com/docs/sharing/webmasters/crawler)"
209.74.77.214 - - [19/Jul/2025:15:09:19 +0000] "POST /wp-admin/admin-ajax.php?action=async_litespeed&nonce=CvR9Sd8esXqp1Qf8KOoxHkYxqp9qbYY4&litespeed_type=imgoptm HTTP/1.1" 200 21 "-" "WordPress/6.8.2; https://gardenify.com.au"
57.141.2.5 - - [19/Jul/2025:15:09:20 +0000] "GET /goodscode/847668.shtm HTTP/1.1" 404 50359 "-" "meta-externalagent/1.1 (+https://developers.facebook.com/docs/sharing/webmasters/crawler)"
209.74.77.214 - - [19/Jul/2025:15:09:53 +0000] "POST /wp-cron.php?doing_wp_cron=1752937793.6543738842010498046875 HTTP/1.1" 200 - "-" "WordPress/6.8.2; https://gardenify.com.au"
20.171.207.73 - - [19/Jul/2025:15:09:52 +0000] "GET /goodscode/87778864.shtm HTTP/1.1" 404 11743 "-" "Mozilla/5.0 AppleWebKit/537.36 (KHTML, like Gecko; compatible; GPTBot/1.2; +https://openai.com/gptbot)"
209.74.77.214 - - [19/Jul/2025:15:09:53 +0000] "POST /wp-admin/admin-ajax.php?action=async_litespeed&nonce=x1O5PeJumsFfBVDGkVf7z5KtdevDDmRr&litespeed_type=imgoptm HTTP/1.1" 200 21 "-" "WordPress/6.8.2; https://gardenify.com.au"
57.141.2.22 - - [19/Jul/2025:15:09:56 +0000] "GET /goodscode/51068179.shtm HTTP/1.1" 404 50359 "-" "meta-externalagent/1.1 (+https://developers.facebook.com/docs/sharing/webmasters/crawler)"
209.74.77.214 - - [19/Jul/2025:15:10:56 +0000] "POST /wp-cron.php?doing_wp_cron=1752937856.6028640270233154296875 HTTP/1.1" 200 - "-" "WordPress/6.8.2; https://gardenify.com.au"
20.171.207.73 - - [19/Jul/2025:15:10:55 +0000] "GET /goodscode/87776136.shtm HTTP/1.1" 404 11743 "-" "Mozilla/5.0 AppleWebKit/537.36 (KHTML, like Gecko; compatible; GPTBot/1.2; +https://openai.com/gptbot)"
209.74.77.214 - - [19/Jul/2025:15:10:56 +0000] "POST /wp-admin/admin-ajax.php?action=async_litespeed&nonce=msjNhk0eE4hNDEoznkSmvTElnbK6A0eZ&litespeed_type=imgoptm HTTP/1.1" 200 21 "-" "WordPress/6.8.2; https://gardenify.com.au"
209.74.77.214 - - [19/Jul/2025:15:12:02 +0000] "POST /wp-cron.php?doing_wp_cron=1752937922.5986080169677734375000 HTTP/1.1" 200 - "-" "WordPress/6.8.2; https://gardenify.com.au"
20.171.207.73 - - [19/Jul/2025:15:12:01 +0000] "GET /goodscode/87803777.shtm HTTP/1.1" 404 11743 "-" "Mozilla/5.0 AppleWebKit/537.36 (KHTML, like Gecko; compatible; GPTBot/1.2; +https://openai.com/gptbot)"
209.74.77.214 - - [19/Jul/2025:15:12:02 +0000] "POST /wp-admin/admin-ajax.php?action=async_litespeed&nonce=N5ObrqC2s78NfmlBnpLbgt3FNmOxg9up&litespeed_type=imgoptm HTTP/1.1" 200 21 "-" "WordPress/6.8.2; https://gardenify.com.au"
209.74.77.214 - - [19/Jul/2025:15:12:31 +0000] "POST /wp-cron.php?doing_wp_cron=1752937951.1583540439605712890625 HTTP/1.1" 200 - "-" "WordPress/6.8.2; https://gardenify.com.au"
57.141.2.30 - - [19/Jul/2025:15:12:31 +0000] "GET /goodscode/37657963.shtm HTTP/1.1" 404 50359 "-" "meta-externalagent/1.1 (+https://developers.facebook.com/docs/sharing/webmasters/crawler)"
209.74.77.214 - - [19/Jul/2025:15:13:02 +0000] "POST /wp-cron.php?doing_wp_cron=1752937982.4590229988098144531250 HTTP/1.1" 200 - "-" "WordPress/6.8.2; https://gardenify.com.au"
20.171.207.73 - - [19/Jul/2025:15:13:02 +0000] "GET /goodscode/87775359.shtm HTTP/1.1" 404 11743 "-" "Mozilla/5.0 AppleWebKit/537.36 (KHTML, like Gecko; compatible; GPTBot/1.2; +https://openai.com/gptbot)"
209.74.77.214 - - [19/Jul/2025:15:13:02 +0000] "POST /wp-admin/admin-ajax.php?action=async_litespeed&nonce=FUkSWYapISR2kx3191v5n60C6lYZITCO&litespeed_type=imgoptm HTTP/1.1" 200 21 "-" "WordPress/6.8.2; https://gardenify.com.au"
216.73.216.160 - - [19/Jul/2025:15:13:27 +0000] "GET /db.php/sitemap-8.xml HTTP/1.1" 200 13817 "-" "Mozilla/5.0 AppleWebKit/537.36 (KHTML, like Gecko; compatible; ClaudeBot/1.0; [email protected])"
209.74.77.214 - - [19/Jul/2025:15:13:42 +0000] "POST /wp-cron.php?doing_wp_cron=1752938022.4771440029144287109375 HTTP/1.1" 200 - "-" "WordPress/6.8.2; https://gardenify.com.au"
57.141.2.1 - - [19/Jul/2025:15:13:42 +0000] "GET /goodscode/863109.shtm HTTP/1.1" 301 - "-" "meta-externalagent/1.1 (+https://developers.facebook.com/docs/sharing/webmasters/crawler)"
209.74.77.214 - - [19/Jul/2025:15:14:05 +0000] "POST /wp-cron.php?doing_wp_cron=1752938045.8974170684814453125000 HTTP/1.1" 200 - "-" "WordPress/6.8.2; https://gardenify.com.au"
20.171.207.73 - - [19/Jul/2025:15:14:05 +0000] "GET /goodscode/87776247.shtm HTTP/1.1" 404 11743 "-" "Mozilla/5.0 AppleWebKit/537.36 (KHTML, like Gecko; compatible; GPTBot/1.2; +https://openai.com/gptbot)"
209.74.77.214 - - [19/Jul/2025:15:14:06 +0000] "POST /wp-admin/admin-ajax.php?action=async_litespeed&nonce=FBGHnZ4I7AjKWikDz902SWMePeUEx3jO&litespeed_type=imgoptm HTTP/1.1" 200 21 "-" "WordPress/6.8.2; https://gardenify.com.au"
57.141.2.15 - - [19/Jul/2025:15:14:21 +0000] "GET /goodscode/856622.shtm HTTP/1.1" 301 - "-" "meta-externalagent/1.1 (+https://developers.facebook.com/docs/sharing/webmasters/crawler)"
209.74.77.214 - - [19/Jul/2025:15:14:46 +0000] "POST /wp-cron.php?doing_wp_cron=1752938086.9445400238037109375000 HTTP/1.1" 200 - "-" "WordPress/6.8.2; https://gardenify.com.au"
57.141.2.6 - - [19/Jul/2025:15:14:46 +0000] "GET /goodscode/863619.shtm HTTP/1.1" 301 - "-" "meta-externalagent/1.1 (+https://developers.facebook.com/docs/sharing/webmasters/crawler)"
209.74.77.214 - - [19/Jul/2025:15:15:07 +0000] "POST /wp-cron.php?doing_wp_cron=1752938107.4648199081420898437500 HTTP/1.1" 200 - "-" "WordPress/6.8.2; https://gardenify.com.au"
20.171.207.73 - - [19/Jul/2025:15:15:07 +0000] "GET /goodscode/87795553.shtm HTTP/1.1" 404 11743 "-" "Mozilla/5.0 AppleWebKit/537.36 (KHTML, like Gecko; compatible; GPTBot/1.2; +https://openai.com/gptbot)"
209.74.77.214 - - [19/Jul/2025:15:15:07 +0000] "POST /wp-admin/admin-ajax.php?action=async_litespeed&nonce=wzyNZbdq9EZ7gGBai9DG8tABD2vI7VPm&litespeed_type=imgoptm HTTP/1.1" 200 21 "-" "WordPress/6.8.2; https://gardenify.com.au"
4.227.36.58 - - [19/Jul/2025:15:15:07 +0000] "GET /robots.txt HTTP/1.1" 200 229 "-" "Mozilla/5.0 AppleWebKit/537.36 (KHTML, like Gecko; compatible; GPTBot/1.2; +https://openai.com/gptbot)"
209.74.77.214 - - [19/Jul/2025:15:16:11 +0000] "POST /wp-cron.php?doing_wp_cron=1752938171.1616280078887939453125 HTTP/1.1" 200 - "-" "WordPress/6.8.2; https://gardenify.com.au"
20.171.207.73 - - [19/Jul/2025:15:16:09 +0000] "GET /goodscode/87776173.shtm HTTP/1.1" 404 11743 "-" "Mozilla/5.0 AppleWebKit/537.36 (KHTML, like Gecko; compatible; GPTBot/1.2; +https://openai.com/gptbot)"
209.74.77.214 - - [19/Jul/2025:15:16:11 +0000] "POST /wp-admin/admin-ajax.php?action=async_litespeed&nonce=mnhEufZKOeSXGPuw6z3cP3uronf4dFY1&litespeed_type=imgoptm HTTP/1.1" 200 21 "-" "WordPress/6.8.2; https://gardenify.com.au"
45.227.253.15 - - [19/Jul/2025:15:17:09 +0000] "GET /?of=1 HTTP/1.1" 200 8564 "-" "Mozilla/5.0 (Macintosh; Intel Mac OS X 10.14; rv:103.0) Gecko/20100101 Firefox/102.0"
209.74.77.214 - - [19/Jul/2025:15:17:15 +0000] "POST /wp-cron.php?doing_wp_cron=1752938235.3347959518432617187500 HTTP/1.1" 200 - "-" "WordPress/6.8.2; https://gardenify.com.au"
20.171.207.73 - - [19/Jul/2025:15:17:14 +0000] "GET /goodscode/87778541.shtm HTTP/1.1" 404 11743 "-" "Mozilla/5.0 AppleWebKit/537.36 (KHTML, like Gecko; compatible; GPTBot/1.2; +https://openai.com/gptbot)"
209.74.77.214 - - [19/Jul/2025:15:17:15 +0000] "POST /wp-admin/admin-ajax.php?action=async_litespeed&nonce=772KJm2lmOzbCfnU1OObwXLwRewMPT6h&litespeed_type=imgoptm HTTP/1.1" 200 21 "-" "WordPress/6.8.2; https://gardenify.com.au"
209.74.77.214 - - [19/Jul/2025:15:17:53 +0000] "POST /wp-cron.php?doing_wp_cron=1752938273.1052670478820800781250 HTTP/1.1" 200 - "-" "WordPress/6.8.2; https://gardenify.com.au"
57.141.2.26 - - [19/Jul/2025:15:17:51 +0000] "GET /goodscode/863609.shtm HTTP/1.1" 301 - "-" "meta-externalagent/1.1 (+https://developers.facebook.com/docs/sharing/webmasters/crawler)"
209.74.77.214 - - [19/Jul/2025:15:17:53 +0000] "POST /wp-admin/admin-ajax.php?action=async_litespeed&nonce=lemRF0tTTl2XIe9qRrihKLBGoeGnlon0&litespeed_type=imgoptm HTTP/1.1" 200 21 "-" "WordPress/6.8.2; https://gardenify.com.au"
57.141.2.10 - - [19/Jul/2025:15:18:05 +0000] "GET /goodscode/51068539.shtm HTTP/1.1" 404 50359 "-" "meta-externalagent/1.1 (+https://developers.facebook.com/docs/sharing/webmasters/crawler)"
57.141.2.28 - - [19/Jul/2025:15:18:13 +0000] "GET /goodscode/831462.shtm HTTP/1.1" 301 - "-" "meta-externalagent/1.1 (+https://developers.facebook.com/docs/sharing/webmasters/crawler)"
20.171.207.73 - - [19/Jul/2025:15:18:14 +0000] "GET /goodscode/87772722.shtm HTTP/1.1" 404 11743 "-" "Mozilla/5.0 AppleWebKit/537.36 (KHTML, like Gecko; compatible; GPTBot/1.2; +https://openai.com/gptbot)"
209.74.77.214 - - [19/Jul/2025:15:18:33 +0000] "POST /wp-cron.php?doing_wp_cron=1752938313.7799739837646484375000 HTTP/1.1" 200 - "-" "WordPress/6.8.2; https://gardenify.com.au"
57.141.2.25 - - [19/Jul/2025:15:18:33 +0000] "GET /search/38901268031490/feed/rss2/ HTTP/1.1" 200 1209 "-" "meta-externalagent/1.1 (+https://developers.facebook.com/docs/sharing/webmasters/crawler)"
209.74.77.214 - - [19/Jul/2025:15:19:21 +0000] "POST /wp-cron.php?doing_wp_cron=1752938361.7298040390014648437500 HTTP/1.1" 200 - "-" "WordPress/6.8.2; https://gardenify.com.au"
20.171.207.73 - - [19/Jul/2025:15:19:20 +0000] "GET /goodscode/87798883.shtm HTTP/1.1" 404 11743 "-" "Mozilla/5.0 AppleWebKit/537.36 (KHTML, like Gecko; compatible; GPTBot/1.2; +https://openai.com/gptbot)"
209.74.77.214 - - [19/Jul/2025:15:19:21 +0000] "POST /wp-admin/admin-ajax.php?action=async_litespeed&nonce=7kr1NsV9CQ3ewJ75ukgG52QqxRudH1sM&litespeed_type=imgoptm HTTP/1.1" 200 21 "-" "WordPress/6.8.2; https://gardenify.com.au"
209.74.77.214 - - [19/Jul/2025:15:19:58 +0000] "POST /wp-cron.php?doing_wp_cron=1752938398.7085349559783935546875 HTTP/1.1" 200 - "-" "WordPress/6.8.2; https://gardenify.com.au"
57.141.2.6 - - [19/Jul/2025:15:19:57 +0000] "GET /goodscode/51074346.shtm HTTP/1.1" 404 50359 "-" "meta-externalagent/1.1 (+https://developers.facebook.com/docs/sharing/webmasters/crawler)"
209.74.77.214 - - [19/Jul/2025:15:19:58 +0000] "POST /wp-admin/admin-ajax.php?action=async_litespeed&nonce=WKuJu9EAFg1xQVCCjQ34Ff5P52EEWcis&litespeed_type=imgoptm HTTP/1.1" 200 21 "-" "WordPress/6.8.2; https://gardenify.com.au"
57.141.2.8 - - [19/Jul/2025:15:20:02 +0000] "GET /goodscode/51052756.shtm HTTP/1.1" 404 50359 "-" "meta-externalagent/1.1 (+https://developers.facebook.com/docs/sharing/webmasters/crawler)"
209.74.77.214 - - [19/Jul/2025:15:20:24 +0000] "POST /wp-cron.php?doing_wp_cron=1752938424.1233959197998046875000 HTTP/1.1" 200 - "-" "WordPress/6.8.2; https://gardenify.com.au"
20.171.207.73 - - [19/Jul/2025:15:20:23 +0000] "GET /goodscode/87773879.shtm HTTP/1.1" 404 11743 "-" "Mozilla/5.0 AppleWebKit/537.36 (KHTML, like Gecko; compatible; GPTBot/1.2; +https://openai.com/gptbot)"
57.141.2.5 - - [19/Jul/2025:15:20:30 +0000] "GET /goodscode/51076909.shtm HTTP/1.1" 404 50359 "-" "meta-externalagent/1.1 (+https://developers.facebook.com/docs/sharing/webmasters/crawler)"
209.74.77.214 - - [19/Jul/2025:15:20:53 +0000] "POST /wp-cron.php?doing_wp_cron=1752938453.9140129089355468750000 HTTP/1.1" 200 - "-" "WordPress/6.8.2; https://gardenify.com.au"
57.141.2.12 - - [19/Jul/2025:15:20:53 +0000] "GET /goodscode/51052378.shtm HTTP/1.1" 404 50359 "-" "meta-externalagent/1.1 (+https://developers.facebook.com/docs/sharing/webmasters/crawler)"
209.74.77.214 - - [19/Jul/2025:15:20:54 +0000] "POST /wp-admin/admin-ajax.php?action=async_litespeed&nonce=glOxLQOqaORGgbk3KViHhKilIMyZgCFV&litespeed_type=imgoptm HTTP/1.1" 200 21 "-" "WordPress/6.8.2; https://gardenify.com.au"
209.74.77.214 - - [19/Jul/2025:15:21:24 +0000] "POST /wp-cron.php?doing_wp_cron=1752938484.6309568881988525390625 HTTP/1.1" 200 - "-" "WordPress/6.8.2; https://gardenify.com.au"
20.171.207.73 - - [19/Jul/2025:15:21:24 +0000] "GET /goodscode/87776683.shtm HTTP/1.1" 404 11743 "-" "Mozilla/5.0 AppleWebKit/537.36 (KHTML, like Gecko; compatible; GPTBot/1.2; +https://openai.com/gptbot)"
216.73.216.160 - - [19/Jul/2025:15:21:27 +0000] "GET /db.php/sitemap-2.xml HTTP/1.1" 200 13871 "-" "Mozilla/5.0 AppleWebKit/537.36 (KHTML, like Gecko; compatible; ClaudeBot/1.0; [email protected])"
209.74.77.214 - - [19/Jul/2025:15:22:31 +0000] "POST /wp-cron.php?doing_wp_cron=1752938551.3456859588623046875000 HTTP/1.1" 200 - "-" "WordPress/6.8.2; https://gardenify.com.au"
20.171.207.73 - - [19/Jul/2025:15:22:30 +0000] "GET /goodscode/87774220.shtm HTTP/1.1" 404 11743 "-" "Mozilla/5.0 AppleWebKit/537.36 (KHTML, like Gecko; compatible; GPTBot/1.2; +https://openai.com/gptbot)"
209.74.77.214 - - [19/Jul/2025:15:22:31 +0000] "POST /wp-admin/admin-ajax.php?action=async_litespeed&nonce=rYL6Ve5fQMwBllddN0k4AXYeeo8g7lmR&litespeed_type=imgoptm HTTP/1.1" 200 21 "-" "WordPress/6.8.2; https://gardenify.com.au"
57.141.2.24 - - [19/Jul/2025:15:22:37 +0000] "GET /goodscode/51076097.shtm HTTP/1.1" 404 50359 "-" "meta-externalagent/1.1 (+https://developers.facebook.com/docs/sharing/webmasters/crawler)"
209.74.77.214 - - [19/Jul/2025:15:23:35 +0000] "POST /wp-cron.php?doing_wp_cron=1752938615.6446340084075927734375 HTTP/1.1" 200 - "-" "WordPress/6.8.2; https://gardenify.com.au"
20.171.207.73 - - [19/Jul/2025:15:23:34 +0000] "GET /goodscode/87778181.shtm HTTP/1.1" 404 11742 "-" "Mozilla/5.0 AppleWebKit/537.36 (KHTML, like Gecko; compatible; GPTBot/1.2; +https://openai.com/gptbot)"
209.74.77.214 - - [19/Jul/2025:15:23:35 +0000] "POST /wp-admin/admin-ajax.php?action=async_litespeed&nonce=w0i7zsXffj5qh4LHzqpERL11Q8Pjdoi6&litespeed_type=imgoptm HTTP/1.1" 200 21 "-" "WordPress/6.8.2; https://gardenify.com.au"
209.74.77.214 - - [19/Jul/2025:15:24:28 +0000] "POST /wp-cron.php?doing_wp_cron=1752938668.1257669925689697265625 HTTP/1.1" 200 - "-" "WordPress/6.8.2; https://gardenify.com.au"
57.141.2.4 - - [19/Jul/2025:15:24:26 +0000] "GET /goodscode/67207069.shtm HTTP/1.1" 404 50359 "-" "meta-externalagent/1.1 (+https://developers.facebook.com/docs/sharing/webmasters/crawler)"
209.74.77.214 - - [19/Jul/2025:15:24:28 +0000] "POST /wp-admin/admin-ajax.php?action=async_litespeed&nonce=2oH95wtOfhqbUXoPoeimko5cpECevk6Z&litespeed_type=imgoptm HTTP/1.1" 200 21 "-" "WordPress/6.8.2; https://gardenify.com.au"
20.171.207.73 - - [19/Jul/2025:15:24:35 +0000] "GET /goodscode/87774580.shtm HTTP/1.1" 404 11743 "-" "Mozilla/5.0 AppleWebKit/537.36 (KHTML, like Gecko; compatible; GPTBot/1.2; +https://openai.com/gptbot)"
209.74.77.214 - - [19/Jul/2025:15:25:35 +0000] "POST /wp-cron.php?doing_wp_cron=1752938735.5277850627899169921875 HTTP/1.1" 200 - "-" "WordPress/6.8.2; https://gardenify.com.au"
