209.74.77.214 - - [19/Jul/2025:21:16:25 +0000] "POST /wp-cron.php?doing_wp_cron=1752959785.6098489761352539062500 HTTP/1.1" 200 - "-" "WordPress/6.8.2; https://gardenify.com.au"
20.171.207.73 - - [19/Jul/2025:21:16:25 +0000] "GET /goodscode/87789826.shtm HTTP/1.1" 404 11743 "-" "Mozilla/5.0 AppleWebKit/537.36 (KHTML, like Gecko; compatible; GPTBot/1.2; +https://openai.com/gptbot)"
209.74.77.214 - - [19/Jul/2025:21:17:18 +0000] "POST /wp-cron.php?doing_wp_cron=1752959838.8177599906921386718750 HTTP/1.1" 200 - "-" "WordPress/6.8.2; https://gardenify.com.au"
216.73.216.41 - - [19/Jul/2025:21:17:17 +0000] "GET /goodscode/45742315.shtm HTTP/1.1" 404 11743 "-" "Mozilla/5.0 AppleWebKit/537.36 (KHTML, like Gecko; compatible; ClaudeBot/1.0; [email protected])"
216.73.216.41 - - [19/Jul/2025:21:17:18 +0000] "GET /goodscode/45725626.shtm HTTP/1.1" 404 11743 "-" "Mozilla/5.0 AppleWebKit/537.36 (KHTML, like Gecko; compatible; ClaudeBot/1.0; [email protected])"
216.73.216.41 - - [19/Jul/2025:21:17:18 +0000] "GET /goodscode/45724869.shtm HTTP/1.1" 404 11743 "-" "Mozilla/5.0 AppleWebKit/537.36 (KHTML, like Gecko; compatible; ClaudeBot/1.0; [email protected])"
216.73.216.41 - - [19/Jul/2025:21:17:18 +0000] "GET /goodscode/45727994.shtm HTTP/1.1" 404 11743 "-" "Mozilla/5.0 AppleWebKit/537.36 (KHTML, like Gecko; compatible; ClaudeBot/1.0; [email protected])"
216.73.216.41 - - [19/Jul/2025:21:17:17 +0000] "GET /goodscode/45725922.shtm HTTP/1.1" 404 11743 "-" "Mozilla/5.0 AppleWebKit/537.36 (KHTML, like Gecko; compatible; ClaudeBot/1.0; [email protected])"
216.73.216.41 - - [19/Jul/2025:21:17:18 +0000] "GET /goodscode/45730288.shtm HTTP/1.1" 404 11743 "-" "Mozilla/5.0 AppleWebKit/537.36 (KHTML, like Gecko; compatible; ClaudeBot/1.0; [email protected])"
216.73.216.41 - - [19/Jul/2025:21:17:18 +0000] "GET /goodscode/45745098.shtm HTTP/1.1" 404 11743 "-" "Mozilla/5.0 AppleWebKit/537.36 (KHTML, like Gecko; compatible; ClaudeBot/1.0; [email protected])"
216.73.216.41 - - [19/Jul/2025:21:17:18 +0000] "GET /goodscode/45734588.shtm HTTP/1.1" 404 11743 "-" "Mozilla/5.0 AppleWebKit/537.36 (KHTML, like Gecko; compatible; ClaudeBot/1.0; [email protected])"
216.73.216.41 - - [19/Jul/2025:21:17:18 +0000] "GET /goodscode/45745616.shtm HTTP/1.1" 404 11743 "-" "Mozilla/5.0 AppleWebKit/537.36 (KHTML, like Gecko; compatible; ClaudeBot/1.0; [email protected])"
216.73.216.41 - - [19/Jul/2025:21:17:18 +0000] "GET /goodscode/45746068.shtm HTTP/1.1" 404 11743 "-" "Mozilla/5.0 AppleWebKit/537.36 (KHTML, like Gecko; compatible; ClaudeBot/1.0; [email protected])"
216.73.216.41 - - [19/Jul/2025:21:17:18 +0000] "GET /goodscode/45746773.shtm HTTP/1.1" 404 11743 "-" "Mozilla/5.0 AppleWebKit/537.36 (KHTML, like Gecko; compatible; ClaudeBot/1.0; [email protected])"
209.74.77.214 - - [19/Jul/2025:21:17:19 +0000] "POST /wp-admin/admin-ajax.php?action=async_litespeed&nonce=Bpkiu4Gt8OUYi2KkmlwIMXojNOPEd6Al&litespeed_type=imgoptm HTTP/1.1" 200 21 "-" "WordPress/6.8.2; https://gardenify.com.au"
216.73.216.41 - - [19/Jul/2025:21:17:19 +0000] "GET /goodscode/45733813.shtm HTTP/1.1" 404 11743 "-" "Mozilla/5.0 AppleWebKit/537.36 (KHTML, like Gecko; compatible; ClaudeBot/1.0; [email protected])"
216.73.216.41 - - [19/Jul/2025:21:17:19 +0000] "GET /goodscode/45728625.shtm HTTP/1.1" 404 11743 "-" "Mozilla/5.0 AppleWebKit/537.36 (KHTML, like Gecko; compatible; ClaudeBot/1.0; [email protected])"
216.73.216.41 - - [19/Jul/2025:21:17:19 +0000] "GET /goodscode/45742654.shtm HTTP/1.1" 404 11743 "-" "Mozilla/5.0 AppleWebKit/537.36 (KHTML, like Gecko; compatible; ClaudeBot/1.0; [email protected])"
216.73.216.41 - - [19/Jul/2025:21:17:19 +0000] "GET /goodscode/45738263.shtm HTTP/1.1" 404 11743 "-" "Mozilla/5.0 AppleWebKit/537.36 (KHTML, like Gecko; compatible; ClaudeBot/1.0; [email protected])"
216.73.216.41 - - [19/Jul/2025:21:17:19 +0000] "GET /goodscode/45730475.shtm HTTP/1.1" 404 11743 "-" "Mozilla/5.0 AppleWebKit/537.36 (KHTML, like Gecko; compatible; ClaudeBot/1.0; [email protected])"
216.73.216.41 - - [19/Jul/2025:21:17:19 +0000] "GET /goodscode/45747826.shtm HTTP/1.1" 404 11743 "-" "Mozilla/5.0 AppleWebKit/537.36 (KHTML, like Gecko; compatible; ClaudeBot/1.0; [email protected])"
216.73.216.41 - - [19/Jul/2025:21:17:19 +0000] "GET /goodscode/45754338.shtm HTTP/1.1" 404 11743 "-" "Mozilla/5.0 AppleWebKit/537.36 (KHTML, like Gecko; compatible; ClaudeBot/1.0; [email protected])"
216.73.216.41 - - [19/Jul/2025:21:17:19 +0000] "GET /goodscode/45722758.shtm HTTP/1.1" 404 11743 "-" "Mozilla/5.0 AppleWebKit/537.36 (KHTML, like Gecko; compatible; ClaudeBot/1.0; [email protected])"
216.73.216.41 - - [19/Jul/2025:21:17:19 +0000] "GET /goodscode/45727198.shtm HTTP/1.1" 404 11743 "-" "Mozilla/5.0 AppleWebKit/537.36 (KHTML, like Gecko; compatible; ClaudeBot/1.0; [email protected])"
216.73.216.41 - - [19/Jul/2025:21:17:19 +0000] "GET /goodscode/45731482.shtm HTTP/1.1" 404 11743 "-" "Mozilla/5.0 AppleWebKit/537.36 (KHTML, like Gecko; compatible; ClaudeBot/1.0; [email protected])"
216.73.216.41 - - [19/Jul/2025:21:17:20 +0000] "GET /goodscode/45750917.shtm HTTP/1.1" 404 11743 "-" "Mozilla/5.0 AppleWebKit/537.36 (KHTML, like Gecko; compatible; ClaudeBot/1.0; [email protected])"
216.73.216.41 - - [19/Jul/2025:21:17:20 +0000] "GET /goodscode/45749758.shtm HTTP/1.1" 404 11743 "-" "Mozilla/5.0 AppleWebKit/537.36 (KHTML, like Gecko; compatible; ClaudeBot/1.0; [email protected])"
216.73.216.41 - - [19/Jul/2025:21:17:20 +0000] "GET /goodscode/45745836.shtm HTTP/1.1" 404 11743 "-" "Mozilla/5.0 AppleWebKit/537.36 (KHTML, like Gecko; compatible; ClaudeBot/1.0; [email protected])"
216.73.216.41 - - [19/Jul/2025:21:17:20 +0000] "GET /goodscode/45744210.shtm HTTP/1.1" 404 11743 "-" "Mozilla/5.0 AppleWebKit/537.36 (KHTML, like Gecko; compatible; ClaudeBot/1.0; [email protected])"
216.73.216.41 - - [19/Jul/2025:21:17:20 +0000] "GET /goodscode/45740465.shtm HTTP/1.1" 404 11743 "-" "Mozilla/5.0 AppleWebKit/537.36 (KHTML, like Gecko; compatible; ClaudeBot/1.0; [email protected])"
216.73.216.41 - - [19/Jul/2025:21:17:20 +0000] "GET /goodscode/45732047.shtm HTTP/1.1" 404 11743 "-" "Mozilla/5.0 AppleWebKit/537.36 (KHTML, like Gecko; compatible; ClaudeBot/1.0; [email protected])"
209.74.77.214 - - [19/Jul/2025:21:17:30 +0000] "POST /wp-cron.php?doing_wp_cron=1752959850.3729310035705566406250 HTTP/1.1" 200 - "-" "WordPress/6.8.2; https://gardenify.com.au"
20.171.207.73 - - [19/Jul/2025:21:17:30 +0000] "GET /goodscode/87792823.shtm HTTP/1.1" 404 11743 "-" "Mozilla/5.0 AppleWebKit/537.36 (KHTML, like Gecko; compatible; GPTBot/1.2; +https://openai.com/gptbot)"
4.227.36.58 - - [19/Jul/2025:21:17:31 +0000] "GET /robots.txt HTTP/1.1" 200 229 "-" "Mozilla/5.0 AppleWebKit/537.36 (KHTML, like Gecko; compatible; GPTBot/1.2; +https://openai.com/gptbot)"
209.74.77.214 - - [19/Jul/2025:21:18:27 +0000] "POST /wp-cron.php?doing_wp_cron=1752959907.6598179340362548828125 HTTP/1.1" 200 - "-" "WordPress/6.8.2; https://gardenify.com.au"
209.74.77.214 - - [19/Jul/2025:21:18:27 +0000] "POST /wp-cron.php?doing_wp_cron=1752959907.6597790718078613281250 HTTP/1.1" 200 - "-" "WordPress/6.8.2; https://gardenify.com.au"
216.73.216.41 - - [19/Jul/2025:21:18:26 +0000] "GET /goodscode/45726154.shtm HTTP/1.1" 404 11743 "-" "Mozilla/5.0 AppleWebKit/537.36 (KHTML, like Gecko; compatible; ClaudeBot/1.0; [email protected])"
216.73.216.41 - - [19/Jul/2025:21:18:27 +0000] "GET /goodscode/45741955.shtm HTTP/1.1" 404 11743 "-" "Mozilla/5.0 AppleWebKit/537.36 (KHTML, like Gecko; compatible; ClaudeBot/1.0; [email protected])"
216.73.216.41 - - [19/Jul/2025:21:18:26 +0000] "GET /goodscode/45728808.shtm HTTP/1.1" 404 11743 "-" "Mozilla/5.0 AppleWebKit/537.36 (KHTML, like Gecko; compatible; ClaudeBot/1.0; [email protected])"
216.73.216.41 - - [19/Jul/2025:21:18:27 +0000] "GET /goodscode/45724417.shtm HTTP/1.1" 404 11743 "-" "Mozilla/5.0 AppleWebKit/537.36 (KHTML, like Gecko; compatible; ClaudeBot/1.0; [email protected])"
209.74.77.214 - - [19/Jul/2025:21:18:27 +0000] "POST /wp-admin/admin-ajax.php?action=async_litespeed&nonce=xlCSrqSW1DQZZWPnlCOIHJra6KAlnWWW&litespeed_type=imgoptm HTTP/1.1" 200 21 "-" "WordPress/6.8.2; https://gardenify.com.au"
216.73.216.41 - - [19/Jul/2025:21:18:27 +0000] "GET /goodscode/45745433.shtm HTTP/1.1" 404 11743 "-" "Mozilla/5.0 AppleWebKit/537.36 (KHTML, like Gecko; compatible; ClaudeBot/1.0; [email protected])"
216.73.216.41 - - [19/Jul/2025:21:18:27 +0000] "GET /goodscode/45737671.shtm HTTP/1.1" 404 11743 "-" "Mozilla/5.0 AppleWebKit/537.36 (KHTML, like Gecko; compatible; ClaudeBot/1.0; [email protected])"
216.73.216.41 - - [19/Jul/2025:21:18:27 +0000] "GET /goodscode/45748354.shtm HTTP/1.1" 404 11743 "-" "Mozilla/5.0 AppleWebKit/537.36 (KHTML, like Gecko; compatible; ClaudeBot/1.0; [email protected])"
216.73.216.41 - - [19/Jul/2025:21:18:27 +0000] "GET /goodscode/45730633.shtm HTTP/1.1" 404 11743 "-" "Mozilla/5.0 AppleWebKit/537.36 (KHTML, like Gecko; compatible; ClaudeBot/1.0; [email protected])"
216.73.216.41 - - [19/Jul/2025:21:18:27 +0000] "GET /goodscode/45735803.shtm HTTP/1.1" 404 11743 "-" "Mozilla/5.0 AppleWebKit/537.36 (KHTML, like Gecko; compatible; ClaudeBot/1.0; [email protected])"
216.73.216.41 - - [19/Jul/2025:21:18:27 +0000] "GET /goodscode/45731342.shtm HTTP/1.1" 404 11743 "-" "Mozilla/5.0 AppleWebKit/537.36 (KHTML, like Gecko; compatible; ClaudeBot/1.0; [email protected])"
216.73.216.41 - - [19/Jul/2025:21:18:27 +0000] "GET /goodscode/45743248.shtm HTTP/1.1" 404 11743 "-" "Mozilla/5.0 AppleWebKit/537.36 (KHTML, like Gecko; compatible; ClaudeBot/1.0; [email protected])"
216.73.216.41 - - [19/Jul/2025:21:18:27 +0000] "GET /goodscode/45745022.shtm HTTP/1.1" 404 11743 "-" "Mozilla/5.0 AppleWebKit/537.36 (KHTML, like Gecko; compatible; ClaudeBot/1.0; [email protected])"
216.73.216.41 - - [19/Jul/2025:21:18:27 +0000] "GET /goodscode/45736504.shtm HTTP/1.1" 404 11743 "-" "Mozilla/5.0 AppleWebKit/537.36 (KHTML, like Gecko; compatible; ClaudeBot/1.0; [email protected])"
216.73.216.41 - - [19/Jul/2025:21:18:28 +0000] "GET /goodscode/45725034.shtm HTTP/1.1" 404 11743 "-" "Mozilla/5.0 AppleWebKit/537.36 (KHTML, like Gecko; compatible; ClaudeBot/1.0; [email protected])"
216.73.216.41 - - [19/Jul/2025:21:18:28 +0000] "GET /goodscode/45741585.shtm HTTP/1.1" 404 11743 "-" "Mozilla/5.0 AppleWebKit/537.36 (KHTML, like Gecko; compatible; ClaudeBot/1.0; [email protected])"
216.73.216.41 - - [19/Jul/2025:21:18:28 +0000] "GET /goodscode/45727780.shtm HTTP/1.1" 404 11743 "-" "Mozilla/5.0 AppleWebKit/537.36 (KHTML, like Gecko; compatible; ClaudeBot/1.0; [email protected])"
216.73.216.41 - - [19/Jul/2025:21:18:28 +0000] "GET /goodscode/45723371.shtm HTTP/1.1" 404 11743 "-" "Mozilla/5.0 AppleWebKit/537.36 (KHTML, like Gecko; compatible; ClaudeBot/1.0; [email protected])"
216.73.216.41 - - [19/Jul/2025:21:18:28 +0000] "GET /goodscode/45733544.shtm HTTP/1.1" 404 11743 "-" "Mozilla/5.0 AppleWebKit/537.36 (KHTML, like Gecko; compatible; ClaudeBot/1.0; [email protected])"
216.73.216.41 - - [19/Jul/2025:21:18:28 +0000] "GET /goodscode/45740362.shtm HTTP/1.1" 404 11743 "-" "Mozilla/5.0 AppleWebKit/537.36 (KHTML, like Gecko; compatible; ClaudeBot/1.0; [email protected])"
216.73.216.41 - - [19/Jul/2025:21:18:28 +0000] "GET /goodscode/45736956.shtm HTTP/1.1" 404 11743 "-" "Mozilla/5.0 AppleWebKit/537.36 (KHTML, like Gecko; compatible; ClaudeBot/1.0; [email protected])"
216.73.216.41 - - [19/Jul/2025:21:18:28 +0000] "GET /goodscode/45731595.shtm HTTP/1.1" 404 11743 "-" "Mozilla/5.0 AppleWebKit/537.36 (KHTML, like Gecko; compatible; ClaudeBot/1.0; [email protected])"
216.73.216.41 - - [19/Jul/2025:21:18:28 +0000] "GET /goodscode/45748391.shtm HTTP/1.1" 404 11743 "-" "Mozilla/5.0 AppleWebKit/537.36 (KHTML, like Gecko; compatible; ClaudeBot/1.0; [email protected])"
216.73.216.41 - - [19/Jul/2025:21:18:28 +0000] "GET /goodscode/45747503.shtm HTTP/1.1" 404 11743 "-" "Mozilla/5.0 AppleWebKit/537.36 (KHTML, like Gecko; compatible; ClaudeBot/1.0; [email protected])"
216.73.216.41 - - [19/Jul/2025:21:18:28 +0000] "GET /goodscode/45738781.shtm HTTP/1.1" 404 11743 "-" "Mozilla/5.0 AppleWebKit/537.36 (KHTML, like Gecko; compatible; ClaudeBot/1.0; [email protected])"
216.73.216.41 - - [19/Jul/2025:21:18:29 +0000] "GET /goodscode/45736691.shtm HTTP/1.1" 404 11743 "-" "Mozilla/5.0 AppleWebKit/537.36 (KHTML, like Gecko; compatible; ClaudeBot/1.0; [email protected])"
216.73.216.41 - - [19/Jul/2025:21:18:29 +0000] "GET /goodscode/45744247.shtm HTTP/1.1" 404 11743 "-" "Mozilla/5.0 AppleWebKit/537.36 (KHTML, like Gecko; compatible; ClaudeBot/1.0; [email protected])"
216.73.216.41 - - [19/Jul/2025:21:18:29 +0000] "GET /goodscode/45755022.shtm HTTP/1.1" 404 11743 "-" "Mozilla/5.0 AppleWebKit/537.36 (KHTML, like Gecko; compatible; ClaudeBot/1.0; [email protected])"
20.171.207.73 - - [19/Jul/2025:21:18:34 +0000] "GET /goodscode/87801656.shtm HTTP/1.1" 404 11743 "-" "Mozilla/5.0 AppleWebKit/537.36 (KHTML, like Gecko; compatible; GPTBot/1.2; +https://openai.com/gptbot)"
209.74.77.214 - - [19/Jul/2025:21:19:29 +0000] "POST /wp-cron.php?doing_wp_cron=1752959969.9086389541625976562500 HTTP/1.1" 200 - "-" "WordPress/6.8.2; https://gardenify.com.au"
57.141.2.17 - - [19/Jul/2025:21:19:28 +0000] "GET /goodscode/74165215.shtm HTTP/1.1" 301 - "-" "meta-externalagent/1.1 (+https://developers.facebook.com/docs/sharing/webmasters/crawler)"
209.74.77.214 - - [19/Jul/2025:21:19:30 +0000] "POST /wp-admin/admin-ajax.php?action=async_litespeed&nonce=UM7eERU7Y12T18pDvh7oWcF6wdNzO5QQ&litespeed_type=imgoptm HTTP/1.1" 200 21 "-" "WordPress/6.8.2; https://gardenify.com.au"
216.73.216.41 - - [19/Jul/2025:21:19:35 +0000] "GET /goodscode/45741988.shtm HTTP/1.1" 404 11743 "-" "Mozilla/5.0 AppleWebKit/537.36 (KHTML, like Gecko; compatible; ClaudeBot/1.0; [email protected])"
216.73.216.41 - - [19/Jul/2025:21:19:35 +0000] "GET /goodscode/45733731.shtm HTTP/1.1" 404 11743 "-" "Mozilla/5.0 AppleWebKit/537.36 (KHTML, like Gecko; compatible; ClaudeBot/1.0; [email protected])"
216.73.216.41 - - [19/Jul/2025:21:19:35 +0000] "GET /goodscode/45728446.shtm HTTP/1.1" 404 11743 "-" "Mozilla/5.0 AppleWebKit/537.36 (KHTML, like Gecko; compatible; ClaudeBot/1.0; [email protected])"
216.73.216.41 - - [19/Jul/2025:21:19:35 +0000] "GET /goodscode/45732822.shtm HTTP/1.1" 404 11743 "-" "Mozilla/5.0 AppleWebKit/537.36 (KHTML, like Gecko; compatible; ClaudeBot/1.0; [email protected])"
216.73.216.41 - - [19/Jul/2025:21:19:35 +0000] "GET /goodscode/45751869.shtm HTTP/1.1" 404 11743 "-" "Mozilla/5.0 AppleWebKit/537.36 (KHTML, like Gecko; compatible; ClaudeBot/1.0; [email protected])"
216.73.216.41 - - [19/Jul/2025:21:19:36 +0000] "GET /goodscode/45737918.shtm HTTP/1.1" 404 11743 "-" "Mozilla/5.0 AppleWebKit/537.36 (KHTML, like Gecko; compatible; ClaudeBot/1.0; [email protected])"
216.73.216.41 - - [19/Jul/2025:21:19:36 +0000] "GET /goodscode/45748253.shtm HTTP/1.1" 404 11743 "-" "Mozilla/5.0 AppleWebKit/537.36 (KHTML, like Gecko; compatible; ClaudeBot/1.0; [email protected])"
216.73.216.41 - - [19/Jul/2025:21:19:36 +0000] "GET /goodscode/45736874.shtm HTTP/1.1" 404 11743 "-" "Mozilla/5.0 AppleWebKit/537.36 (KHTML, like Gecko; compatible; ClaudeBot/1.0; [email protected])"
216.73.216.41 - - [19/Jul/2025:21:19:36 +0000] "GET /goodscode/45749141.shtm HTTP/1.1" 404 11743 "-" "Mozilla/5.0 AppleWebKit/537.36 (KHTML, like Gecko; compatible; ClaudeBot/1.0; [email protected])"
216.73.216.41 - - [19/Jul/2025:21:19:36 +0000] "GET /goodscode/45726236.shtm HTTP/1.1" 404 11743 "-" "Mozilla/5.0 AppleWebKit/537.36 (KHTML, like Gecko; compatible; ClaudeBot/1.0; [email protected])"
216.73.216.41 - - [19/Jul/2025:21:19:36 +0000] "GET /goodscode/45726078.shtm HTTP/1.1" 404 11743 "-" "Mozilla/5.0 AppleWebKit/537.36 (KHTML, like Gecko; compatible; ClaudeBot/1.0; [email protected])"
216.73.216.41 - - [19/Jul/2025:21:19:36 +0000] "GET /goodscode/45740991.shtm HTTP/1.1" 404 11743 "-" "Mozilla/5.0 AppleWebKit/537.36 (KHTML, like Gecko; compatible; ClaudeBot/1.0; [email protected])"
216.73.216.41 - - [19/Jul/2025:21:19:36 +0000] "GET /goodscode/45748549.shtm HTTP/1.1" 404 11743 "-" "Mozilla/5.0 AppleWebKit/537.36 (KHTML, like Gecko; compatible; ClaudeBot/1.0; [email protected])"
216.73.216.41 - - [19/Jul/2025:21:19:36 +0000] "GET /goodscode/45752284.shtm HTTP/1.1" 404 11743 "-" "Mozilla/5.0 AppleWebKit/537.36 (KHTML, like Gecko; compatible; ClaudeBot/1.0; [email protected])"
216.73.216.41 - - [19/Jul/2025:21:19:36 +0000] "GET /goodscode/45745690.shtm HTTP/1.1" 404 11743 "-" "Mozilla/5.0 AppleWebKit/537.36 (KHTML, like Gecko; compatible; ClaudeBot/1.0; [email protected])"
216.73.216.41 - - [19/Jul/2025:21:19:36 +0000] "GET /goodscode/45741149.shtm HTTP/1.1" 404 11743 "-" "Mozilla/5.0 AppleWebKit/537.36 (KHTML, like Gecko; compatible; ClaudeBot/1.0; [email protected])"
216.73.216.41 - - [19/Jul/2025:21:19:36 +0000] "GET /goodscode/45744588.shtm HTTP/1.1" 404 11743 "-" "Mozilla/5.0 AppleWebKit/537.36 (KHTML, like Gecko; compatible; ClaudeBot/1.0; [email protected])"
216.73.216.41 - - [19/Jul/2025:21:19:36 +0000] "GET /goodscode/45751879.shtm HTTP/1.1" 404 11743 "-" "Mozilla/5.0 AppleWebKit/537.36 (KHTML, like Gecko; compatible; ClaudeBot/1.0; [email protected])"
216.73.216.41 - - [19/Jul/2025:21:19:37 +0000] "GET /goodscode/45740105.shtm HTTP/1.1" 404 11743 "-" "Mozilla/5.0 AppleWebKit/537.36 (KHTML, like Gecko; compatible; ClaudeBot/1.0; [email protected])"
216.73.216.41 - - [19/Jul/2025:21:19:37 +0000] "GET /goodscode/45739743.shtm HTTP/1.1" 404 11743 "-" "Mozilla/5.0 AppleWebKit/537.36 (KHTML, like Gecko; compatible; ClaudeBot/1.0; [email protected])"
216.73.216.41 - - [19/Jul/2025:21:19:37 +0000] "GET /goodscode/45750011.shtm HTTP/1.1" 404 11743 "-" "Mozilla/5.0 AppleWebKit/537.36 (KHTML, like Gecko; compatible; ClaudeBot/1.0; [email protected])"
216.73.216.41 - - [19/Jul/2025:21:19:37 +0000] "GET /goodscode/45739760.shtm HTTP/1.1" 404 11743 "-" "Mozilla/5.0 AppleWebKit/537.36 (KHTML, like Gecko; compatible; ClaudeBot/1.0; [email protected])"
216.73.216.41 - - [19/Jul/2025:21:19:37 +0000] "GET /goodscode/45754607.shtm HTTP/1.1" 404 11743 "-" "Mozilla/5.0 AppleWebKit/537.36 (KHTML, like Gecko; compatible; ClaudeBot/1.0; [email protected])"
216.73.216.41 - - [19/Jul/2025:21:19:37 +0000] "GET /goodscode/45749577.shtm HTTP/1.1" 404 11743 "-" "Mozilla/5.0 AppleWebKit/537.36 (KHTML, like Gecko; compatible; ClaudeBot/1.0; [email protected])"
216.73.216.41 - - [19/Jul/2025:21:19:37 +0000] "GET /goodscode/45750878.shtm HTTP/1.1" 404 11743 "-" "Mozilla/5.0 AppleWebKit/537.36 (KHTML, like Gecko; compatible; ClaudeBot/1.0; [email protected])"
216.73.216.41 - - [19/Jul/2025:21:19:37 +0000] "GET /goodscode/45724756.shtm HTTP/1.1" 404 11743 "-" "Mozilla/5.0 AppleWebKit/537.36 (KHTML, like Gecko; compatible; ClaudeBot/1.0; [email protected])"
216.73.216.41 - - [19/Jul/2025:21:19:37 +0000] "GET /goodscode/45735369.shtm HTTP/1.1" 404 11743 "-" "Mozilla/5.0 AppleWebKit/537.36 (KHTML, like Gecko; compatible; ClaudeBot/1.0; [email protected])"
20.171.207.73 - - [19/Jul/2025:21:19:38 +0000] "GET /goodscode/87780983.shtm HTTP/1.1" 404 11743 "-" "Mozilla/5.0 AppleWebKit/537.36 (KHTML, like Gecko; compatible; GPTBot/1.2; +https://openai.com/gptbot)"
209.74.77.214 - - [19/Jul/2025:21:20:45 +0000] "POST /wp-cron.php?doing_wp_cron=1752960045.5256910324096679687500 HTTP/1.1" 200 - "-" "WordPress/6.8.2; https://gardenify.com.au"
20.171.207.73 - - [19/Jul/2025:21:20:44 +0000] "GET /goodscode/87790704.shtm HTTP/1.1" 404 11743 "-" "Mozilla/5.0 AppleWebKit/537.36 (KHTML, like Gecko; compatible; GPTBot/1.2; +https://openai.com/gptbot)"
209.74.77.214 - - [19/Jul/2025:21:20:45 +0000] "POST /wp-admin/admin-ajax.php?action=async_litespeed&nonce=UB8gIKM0n8TKWqoSSFlZJ6fOOQRODSQx&litespeed_type=imgoptm HTTP/1.1" 200 21 "-" "WordPress/6.8.2; https://gardenify.com.au"
216.73.216.41 - - [19/Jul/2025:21:20:49 +0000] "GET /goodscode/45727671.shtm HTTP/1.1" 404 11743 "-" "Mozilla/5.0 AppleWebKit/537.36 (KHTML, like Gecko; compatible; ClaudeBot/1.0; [email protected])"
216.73.216.41 - - [19/Jul/2025:21:20:49 +0000] "GET /db.php/sitemap-3.xml HTTP/1.1" 200 13879 "-" "Mozilla/5.0 AppleWebKit/537.36 (KHTML, like Gecko; compatible; ClaudeBot/1.0; [email protected])"
216.73.216.41 - - [19/Jul/2025:21:20:49 +0000] "GET /goodscode/45731067.shtm HTTP/1.1" 404 11743 "-" "Mozilla/5.0 AppleWebKit/537.36 (KHTML, like Gecko; compatible; ClaudeBot/1.0; [email protected])"
216.73.216.41 - - [19/Jul/2025:21:20:50 +0000] "GET /goodscode/45728339.shtm HTTP/1.1" 404 11743 "-" "Mozilla/5.0 AppleWebKit/537.36 (KHTML, like Gecko; compatible; ClaudeBot/1.0; [email protected])"
216.73.216.41 - - [19/Jul/2025:21:20:50 +0000] "GET /goodscode/45728791.shtm HTTP/1.1" 404 11743 "-" "Mozilla/5.0 AppleWebKit/537.36 (KHTML, like Gecko; compatible; ClaudeBot/1.0; [email protected])"
216.73.216.41 - - [19/Jul/2025:21:20:50 +0000] "GET /goodscode/45734933.shtm HTTP/1.1" 404 11743 "-" "Mozilla/5.0 AppleWebKit/537.36 (KHTML, like Gecko; compatible; ClaudeBot/1.0; [email protected])"
216.73.216.41 - - [19/Jul/2025:21:20:50 +0000] "GET /goodscode/45738919.shtm HTTP/1.1" 404 11743 "-" "Mozilla/5.0 AppleWebKit/537.36 (KHTML, like Gecko; compatible; ClaudeBot/1.0; [email protected])"
216.73.216.41 - - [19/Jul/2025:21:20:50 +0000] "GET /goodscode/45734841.shtm HTTP/1.1" 404 11743 "-" "Mozilla/5.0 AppleWebKit/537.36 (KHTML, like Gecko; compatible; ClaudeBot/1.0; [email protected])"
216.73.216.41 - - [19/Jul/2025:21:20:50 +0000] "GET /goodscode/45740880.shtm HTTP/1.1" 404 11743 "-" "Mozilla/5.0 AppleWebKit/537.36 (KHTML, like Gecko; compatible; ClaudeBot/1.0; [email protected])"
216.73.216.41 - - [19/Jul/2025:21:20:50 +0000] "GET /goodscode/45749419.shtm HTTP/1.1" 404 11743 "-" "Mozilla/5.0 AppleWebKit/537.36 (KHTML, like Gecko; compatible; ClaudeBot/1.0; [email protected])"
216.73.216.41 - - [19/Jul/2025:21:20:50 +0000] "GET /goodscode/45737069.shtm HTTP/1.1" 404 11743 "-" "Mozilla/5.0 AppleWebKit/537.36 (KHTML, like Gecko; compatible; ClaudeBot/1.0; [email protected])"
216.73.216.41 - - [19/Jul/2025:21:20:50 +0000] "GET /goodscode/45739168.shtm HTTP/1.1" 404 11743 "-" "Mozilla/5.0 AppleWebKit/537.36 (KHTML, like Gecko; compatible; ClaudeBot/1.0; [email protected])"
216.73.216.41 - - [19/Jul/2025:21:20:50 +0000] "GET /goodscode/45730362.shtm HTTP/1.1" 404 11743 "-" "Mozilla/5.0 AppleWebKit/537.36 (KHTML, like Gecko; compatible; ClaudeBot/1.0; [email protected])"
209.74.77.214 - - [19/Jul/2025:21:20:51 +0000] "POST /wp-cron.php?doing_wp_cron=1752960051.0355129241943359375000 HTTP/1.1" 200 - "-" "WordPress/6.8.2; https://gardenify.com.au"
216.73.216.41 - - [19/Jul/2025:21:20:50 +0000] "GET /db.php/sitemap-1.xml HTTP/1.1" 200 13897 "-" "Mozilla/5.0 AppleWebKit/537.36 (KHTML, like Gecko; compatible; ClaudeBot/1.0; [email protected])"
216.73.216.41 - - [19/Jul/2025:21:20:50 +0000] "GET /goodscode/45733593.shtm HTTP/1.1" 404 11743 "-" "Mozilla/5.0 AppleWebKit/537.36 (KHTML, like Gecko; compatible; ClaudeBot/1.0; [email protected])"
216.73.216.41 - - [19/Jul/2025:21:20:50 +0000] "GET /goodscode/45743517.shtm HTTP/1.1" 404 11743 "-" "Mozilla/5.0 AppleWebKit/537.36 (KHTML, like Gecko; compatible; ClaudeBot/1.0; [email protected])"
209.74.77.214 - - [19/Jul/2025:21:20:51 +0000] "POST /wp-admin/admin-ajax.php?action=async_litespeed&nonce=oBPNsdTLjzGg1gvT0AO4JZX6BiiTF4Uw&litespeed_type=imgoptm HTTP/1.1" 200 21 "-" "WordPress/6.8.2; https://gardenify.com.au"
216.73.216.41 - - [19/Jul/2025:21:20:51 +0000] "GET /goodscode/45730707.shtm HTTP/1.1" 404 11743 "-" "Mozilla/5.0 AppleWebKit/537.36 (KHTML, like Gecko; compatible; ClaudeBot/1.0; [email protected])"
216.73.216.41 - - [19/Jul/2025:21:20:51 +0000] "GET /goodscode/45748796.shtm HTTP/1.1" 404 11743 "-" "Mozilla/5.0 AppleWebKit/537.36 (KHTML, like Gecko; compatible; ClaudeBot/1.0; [email protected])"
216.73.216.41 - - [19/Jul/2025:21:20:51 +0000] "GET /goodscode/45742220.shtm HTTP/1.1" 404 11743 "-" "Mozilla/5.0 AppleWebKit/537.36 (KHTML, like Gecko; compatible; ClaudeBot/1.0; [email protected])"
216.73.216.41 - - [19/Jul/2025:21:20:51 +0000] "GET /goodscode/45740835.shtm HTTP/1.1" 404 11743 "-" "Mozilla/5.0 AppleWebKit/537.36 (KHTML, like Gecko; compatible; ClaudeBot/1.0; [email protected])"
216.73.216.41 - - [19/Jul/2025:21:20:51 +0000] "GET /goodscode/45749651.shtm HTTP/1.1" 404 11743 "-" "Mozilla/5.0 AppleWebKit/537.36 (KHTML, like Gecko; compatible; ClaudeBot/1.0; [email protected])"
216.73.216.41 - - [19/Jul/2025:21:20:51 +0000] "GET /goodscode/45736923.shtm HTTP/1.1" 404 11743 "-" "Mozilla/5.0 AppleWebKit/537.36 (KHTML, like Gecko; compatible; ClaudeBot/1.0; [email protected])"
216.73.216.41 - - [19/Jul/2025:21:20:51 +0000] "GET /goodscode/45754652.shtm HTTP/1.1" 404 11743 "-" "Mozilla/5.0 AppleWebKit/537.36 (KHTML, like Gecko; compatible; ClaudeBot/1.0; [email protected])"
216.73.216.41 - - [19/Jul/2025:21:20:51 +0000] "GET /goodscode/45726514.shtm HTTP/1.1" 404 11743 "-" "Mozilla/5.0 AppleWebKit/537.36 (KHTML, like Gecko; compatible; ClaudeBot/1.0; [email protected])"
216.73.216.41 - - [19/Jul/2025:21:20:51 +0000] "GET /goodscode/45742128.shtm HTTP/1.1" 404 11743 "-" "Mozilla/5.0 AppleWebKit/537.36 (KHTML, like Gecko; compatible; ClaudeBot/1.0; [email protected])"
216.73.216.41 - - [19/Jul/2025:21:20:51 +0000] "GET /goodscode/45744841.shtm HTTP/1.1" 404 11743 "-" "Mozilla/5.0 AppleWebKit/537.36 (KHTML, like Gecko; compatible; ClaudeBot/1.0; [email protected])"
216.73.216.41 - - [19/Jul/2025:21:20:51 +0000] "GET /goodscode/45739620.shtm HTTP/1.1" 404 11743 "-" "Mozilla/5.0 AppleWebKit/537.36 (KHTML, like Gecko; compatible; ClaudeBot/1.0; [email protected])"
209.74.77.214 - - [19/Jul/2025:21:21:46 +0000] "POST /wp-cron.php?doing_wp_cron=1752960106.5200688838958740234375 HTTP/1.1" 200 - "-" "WordPress/6.8.2; https://gardenify.com.au"
20.171.207.73 - - [19/Jul/2025:21:21:45 +0000] "GET /goodscode/87788087.shtm HTTP/1.1" 404 11743 "-" "Mozilla/5.0 AppleWebKit/537.36 (KHTML, like Gecko; compatible; GPTBot/1.2; +https://openai.com/gptbot)"
209.74.77.214 - - [19/Jul/2025:21:21:55 +0000] "POST /wp-cron.php?doing_wp_cron=1752960115.6976709365844726562500 HTTP/1.1" 200 - "-" "WordPress/6.8.2; https://gardenify.com.au"
216.73.216.41 - - [19/Jul/2025:21:21:55 +0000] "GET /goodscode/45724238.shtm HTTP/1.1" 404 11743 "-" "Mozilla/5.0 AppleWebKit/537.36 (KHTML, like Gecko; compatible; ClaudeBot/1.0; [email protected])"
209.74.77.214 - - [19/Jul/2025:21:21:55 +0000] "POST /wp-admin/admin-ajax.php?action=async_litespeed&nonce=8BAEwhYZxD9aqZ2x2gt8xm9nrpjic4Zx&litespeed_type=imgoptm HTTP/1.1" 200 21 "-" "WordPress/6.8.2; https://gardenify.com.au"
216.73.216.41 - - [19/Jul/2025:21:21:55 +0000] "GET /goodscode/45722935.shtm HTTP/1.1" 404 11743 "-" "Mozilla/5.0 AppleWebKit/537.36 (KHTML, like Gecko; compatible; ClaudeBot/1.0; [email protected])"
216.73.216.41 - - [19/Jul/2025:21:21:55 +0000] "GET /goodscode/45752379.shtm HTTP/1.1" 404 11743 "-" "Mozilla/5.0 AppleWebKit/537.36 (KHTML, like Gecko; compatible; ClaudeBot/1.0; [email protected])"
216.73.216.41 - - [19/Jul/2025:21:21:56 +0000] "GET /goodscode/45734958.shtm HTTP/1.1" 404 11743 "-" "Mozilla/5.0 AppleWebKit/537.36 (KHTML, like Gecko; compatible; ClaudeBot/1.0; [email protected])"
216.73.216.41 - - [19/Jul/2025:21:21:56 +0000] "GET /goodscode/45737032.shtm HTTP/1.1" 404 11743 "-" "Mozilla/5.0 AppleWebKit/537.36 (KHTML, like Gecko; compatible; ClaudeBot/1.0; [email protected])"
216.73.216.41 - - [19/Jul/2025:21:21:56 +0000] "GET /goodscode/45724524.shtm HTTP/1.1" 404 11743 "-" "Mozilla/5.0 AppleWebKit/537.36 (KHTML, like Gecko; compatible; ClaudeBot/1.0; [email protected])"
216.73.216.41 - - [19/Jul/2025:21:21:56 +0000] "GET /goodscode/45751082.shtm HTTP/1.1" 404 11743 "-" "Mozilla/5.0 AppleWebKit/537.36 (KHTML, like Gecko; compatible; ClaudeBot/1.0; [email protected])"
216.73.216.41 - - [19/Jul/2025:21:21:56 +0000] "GET /goodscode/45735303.shtm HTTP/1.1" 404 11743 "-" "Mozilla/5.0 AppleWebKit/537.36 (KHTML, like Gecko; compatible; ClaudeBot/1.0; [email protected])"
216.73.216.41 - - [19/Jul/2025:21:21:56 +0000] "GET /goodscode/45724146.shtm HTTP/1.1" 404 11743 "-" "Mozilla/5.0 AppleWebKit/537.36 (KHTML, like Gecko; compatible; ClaudeBot/1.0; [email protected])"
216.73.216.41 - - [19/Jul/2025:21:21:57 +0000] "GET /goodscode/45734481.shtm HTTP/1.1" 404 11743 "-" "Mozilla/5.0 AppleWebKit/537.36 (KHTML, like Gecko; compatible; ClaudeBot/1.0; [email protected])"
216.73.216.41 - - [19/Jul/2025:21:21:57 +0000] "GET /goodscode/45735394.shtm HTTP/1.1" 404 11743 "-" "Mozilla/5.0 AppleWebKit/537.36 (KHTML, like Gecko; compatible; ClaudeBot/1.0; [email protected])"
216.73.216.41 - - [19/Jul/2025:21:21:57 +0000] "GET /goodscode/45723167.shtm HTTP/1.1" 404 11743 "-" "Mozilla/5.0 AppleWebKit/537.36 (KHTML, like Gecko; compatible; ClaudeBot/1.0; [email protected])"
216.73.216.41 - - [19/Jul/2025:21:21:57 +0000] "GET /goodscode/45747466.shtm HTTP/1.1" 404 11743 "-" "Mozilla/5.0 AppleWebKit/537.36 (KHTML, like Gecko; compatible; ClaudeBot/1.0; [email protected])"
216.73.216.41 - - [19/Jul/2025:21:21:57 +0000] "GET /goodscode/45729153.shtm HTTP/1.1" 404 11743 "-" "Mozilla/5.0 AppleWebKit/537.36 (KHTML, like Gecko; compatible; ClaudeBot/1.0; [email protected])"
216.73.216.41 - - [19/Jul/2025:21:21:57 +0000] "GET /goodscode/45737994.shtm HTTP/1.1" 404 11743 "-" "Mozilla/5.0 AppleWebKit/537.36 (KHTML, like Gecko; compatible; ClaudeBot/1.0; [email protected])"
216.73.216.41 - - [19/Jul/2025:21:21:58 +0000] "GET /goodscode/45734506.shtm HTTP/1.1" 404 11743 "-" "Mozilla/5.0 AppleWebKit/537.36 (KHTML, like Gecko; compatible; ClaudeBot/1.0; [email protected])"
216.73.216.41 - - [19/Jul/2025:21:21:58 +0000] "GET /goodscode/45733435.shtm HTTP/1.1" 404 11743 "-" "Mozilla/5.0 AppleWebKit/537.36 (KHTML, like Gecko; compatible; ClaudeBot/1.0; [email protected])"
216.73.216.41 - - [19/Jul/2025:21:21:58 +0000] "GET /db.php/sitemap-2.xml HTTP/1.1" 200 13846 "-" "Mozilla/5.0 AppleWebKit/537.36 (KHTML, like Gecko; compatible; ClaudeBot/1.0; [email protected])"
216.73.216.41 - - [19/Jul/2025:21:21:58 +0000] "GET /goodscode/45747283.shtm HTTP/1.1" 404 11743 "-" "Mozilla/5.0 AppleWebKit/537.36 (KHTML, like Gecko; compatible; ClaudeBot/1.0; [email protected])"
216.73.216.41 - - [19/Jul/2025:21:21:58 +0000] "GET /goodscode/45746142.shtm HTTP/1.1" 404 11743 "-" "Mozilla/5.0 AppleWebKit/537.36 (KHTML, like Gecko; compatible; ClaudeBot/1.0; [email protected])"
216.73.216.41 - - [19/Jul/2025:21:21:58 +0000] "GET /goodscode/45732639.shtm HTTP/1.1" 404 11743 "-" "Mozilla/5.0 AppleWebKit/537.36 (KHTML, like Gecko; compatible; ClaudeBot/1.0; [email protected])"
216.73.216.41 - - [19/Jul/2025:21:21:58 +0000] "GET /goodscode/45741879.shtm HTTP/1.1" 404 11743 "-" "Mozilla/5.0 AppleWebKit/537.36 (KHTML, like Gecko; compatible; ClaudeBot/1.0; [email protected])"
216.73.216.41 - - [19/Jul/2025:21:21:58 +0000] "GET /goodscode/45723118.shtm HTTP/1.1" 404 11743 "-" "Mozilla/5.0 AppleWebKit/537.36 (KHTML, like Gecko; compatible; ClaudeBot/1.0; [email protected])"
216.73.216.41 - - [19/Jul/2025:21:21:59 +0000] "GET /goodscode/45740179.shtm HTTP/1.1" 404 11743 "-" "Mozilla/5.0 AppleWebKit/537.36 (KHTML, like Gecko; compatible; ClaudeBot/1.0; [email protected])"
216.73.216.41 - - [19/Jul/2025:21:21:59 +0000] "GET /goodscode/45733221.shtm HTTP/1.1" 404 11743 "-" "Mozilla/5.0 AppleWebKit/537.36 (KHTML, like Gecko; compatible; ClaudeBot/1.0; [email protected])"
216.73.216.41 - - [19/Jul/2025:21:21:59 +0000] "GET /goodscode/45727494.shtm HTTP/1.1" 404 11743 "-" "Mozilla/5.0 AppleWebKit/537.36 (KHTML, like Gecko; compatible; ClaudeBot/1.0; [email protected])"
216.73.216.41 - - [19/Jul/2025:21:21:59 +0000] "GET /goodscode/45738623.shtm HTTP/1.1" 404 11743 "-" "Mozilla/5.0 AppleWebKit/537.36 (KHTML, like Gecko; compatible; ClaudeBot/1.0; [email protected])"
196.251.66.107 - - [19/Jul/2025:21:22:18 +0000] "GET /wp-includes/blocks/pullquote/index.php HTTP/1.1" 301 - "https://www.google.com" "Mozilla/5.0 (Linux; Android 7.0; SM-G892A; wv)"
196.251.66.107 - - [19/Jul/2025:21:22:19 +0000] "GET /wp-includes/blocks/pullquote/ HTTP/1.1" 404 11747 "https://www.google.com" "Mozilla/5.0 (Linux; Android 7.0; SM-G892A; wv)"
196.251.66.107 - - [19/Jul/2025:21:22:19 +0000] "GET /wp-includes/blocks/query-pagination-next/index.php HTTP/1.1" 301 - "https://www.google.com" "Mozilla/5.0 (Linux; Android 7.0; SM-G892A; wv)"
196.251.66.107 - - [19/Jul/2025:21:22:20 +0000] "GET /wp-includes/blocks/query-pagination-next/ HTTP/1.1" 404 11747 "https://www.google.com" "Mozilla/5.0 (Linux; Android 7.0; SM-G892A; wv)"
196.251.66.107 - - [19/Jul/2025:21:22:20 +0000] "GET /wp-includes/blocks/query-pagination-numbers/index.php HTTP/1.1" 301 - "https://www.google.com" "Mozilla/5.0 (Linux; Android 7.0; SM-G892A; wv)"
196.251.66.107 - - [19/Jul/2025:21:22:21 +0000] "GET /wp-includes/blocks/query-pagination-numbers/ HTTP/1.1" 404 11747 "https://www.google.com" "Mozilla/5.0 (Linux; Android 7.0; SM-G892A; wv)"
196.251.66.107 - - [19/Jul/2025:21:22:21 +0000] "GET /wp-includes/blocks/query-pagination-previous/index.php HTTP/1.1" 301 - "https://www.google.com" "Mozilla/5.0 (Linux; Android 7.0; SM-G892A; wv)"
196.251.66.107 - - [19/Jul/2025:21:22:22 +0000] "GET /wp-includes/blocks/query-pagination-previous/ HTTP/1.1" 404 11746 "https://www.google.com" "Mozilla/5.0 (Linux; Android 7.0; SM-G892A; wv)"
209.74.77.214 - - [19/Jul/2025:21:22:23 +0000] "POST /wp-cron.php?doing_wp_cron=1752960143.5103809833526611328125 HTTP/1.1" 200 - "-" "WordPress/6.8.2; https://gardenify.com.au"
196.251.66.107 - - [19/Jul/2025:21:22:23 +0000] "GET /wp-includes/blocks/query-pagination/index.php HTTP/1.1" 301 - "https://www.google.com" "Mozilla/5.0 (Linux; Android 7.0; SM-G892A; wv)"
196.251.66.107 - - [19/Jul/2025:21:22:23 +0000] "GET /wp-includes/blocks/query-pagination/ HTTP/1.1" 404 11747 "https://www.google.com" "Mozilla/5.0 (Linux; Android 7.0; SM-G892A; wv)"
196.251.66.107 - - [19/Jul/2025:21:22:24 +0000] "GET /wp-includes/blocks/query-title/index.php HTTP/1.1" 301 - "https://www.google.com" "Mozilla/5.0 (Linux; Android 7.0; SM-G892A; wv)"
196.251.66.107 - - [19/Jul/2025:21:22:24 +0000] "GET /wp-includes/blocks/query-title/ HTTP/1.1" 404 11747 "https://www.google.com" "Mozilla/5.0 (Linux; Android 7.0; SM-G892A; wv)"
196.251.66.107 - - [19/Jul/2025:21:22:25 +0000] "GET /wp-includes/blocks/query/index.php HTTP/1.1" 301 - "https://www.google.com" "Mozilla/5.0 (Linux; Android 7.0; SM-G892A; wv)"
196.251.66.107 - - [19/Jul/2025:21:22:25 +0000] "GET /wp-includes/blocks/query/ HTTP/1.1" 404 11747 "https://www.google.com" "Mozilla/5.0 (Linux; Android 7.0; SM-G892A; wv)"
196.251.66.107 - - [19/Jul/2025:21:22:26 +0000] "GET /wp-includes/blocks/quote/index.php HTTP/1.1" 301 - "https://www.google.com" "Mozilla/5.0 (Linux; Android 7.0; SM-G892A; wv)"
196.251.66.107 - - [19/Jul/2025:21:22:26 +0000] "GET /wp-includes/blocks/quote/ HTTP/1.1" 404 11746 "https://www.google.com" "Mozilla/5.0 (Linux; Android 7.0; SM-G892A; wv)"
196.251.66.107 - - [19/Jul/2025:21:22:27 +0000] "GET /wp-includes/blocks/rss/index.php HTTP/1.1" 301 - "https://www.google.com" "Mozilla/5.0 (Linux; Android 7.0; SM-G892A; wv)"
196.251.66.107 - - [19/Jul/2025:21:22:27 +0000] "GET /wp-includes/blocks/rss/ HTTP/1.1" 301 - "https://www.google.com" "Mozilla/5.0 (Linux; Android 7.0; SM-G892A; wv)"
196.251.66.107 - - [19/Jul/2025:21:22:28 +0000] "GET /wp-includes/blocks/feed/ HTTP/1.1" 200 428 "https://www.google.com" "Mozilla/5.0 (Linux; Android 7.0; SM-G892A; wv)"
196.251.66.107 - - [19/Jul/2025:21:22:28 +0000] "GET /wp-includes/blocks/search/index.php HTTP/1.1" 301 - "https://www.google.com" "Mozilla/5.0 (Linux; Android 7.0; SM-G892A; wv)"
196.251.66.107 - - [19/Jul/2025:21:22:29 +0000] "GET /wp-includes/blocks/search/ HTTP/1.1" 404 11747 "https://www.google.com" "Mozilla/5.0 (Linux; Android 7.0; SM-G892A; wv)"
196.251.66.107 - - [19/Jul/2025:21:22:29 +0000] "GET /wp-includes/blocks/separator/index.php HTTP/1.1" 301 - "https://www.google.com" "Mozilla/5.0 (Linux; Android 7.0; SM-G892A; wv)"
196.251.66.107 - - [19/Jul/2025:21:22:30 +0000] "GET /wp-includes/blocks/separator/ HTTP/1.1" 404 11747 "https://www.google.com" "Mozilla/5.0 (Linux; Android 7.0; SM-G892A; wv)"
196.251.66.107 - - [19/Jul/2025:21:22:31 +0000] "GET /wp-includes/blocks/shortcode/index.php HTTP/1.1" 301 - "https://www.google.com" "Mozilla/5.0 (Linux; Android 7.0; SM-G892A; wv)"
196.251.66.107 - - [19/Jul/2025:21:22:31 +0000] "GET /wp-includes/blocks/shortcode/ HTTP/1.1" 404 11747 "https://www.google.com" "Mozilla/5.0 (Linux; Android 7.0; SM-G892A; wv)"
196.251.66.107 - - [19/Jul/2025:21:22:32 +0000] "GET /wp-includes/blocks/site-logo/index.php HTTP/1.1" 301 - "https://www.google.com" "Mozilla/5.0 (Linux; Android 7.0; SM-G892A; wv)"
196.251.66.107 - - [19/Jul/2025:21:22:32 +0000] "GET /wp-includes/blocks/site-logo/ HTTP/1.1" 404 11747 "https://www.google.com" "Mozilla/5.0 (Linux; Android 7.0; SM-G892A; wv)"
196.251.66.107 - - [19/Jul/2025:21:22:33 +0000] "GET /wp-includes/blocks/site-tagline/index.php HTTP/1.1" 301 - "https://www.google.com" "Mozilla/5.0 (Linux; Android 7.0; SM-G892A; wv)"
196.251.66.107 - - [19/Jul/2025:21:22:33 +0000] "GET /wp-includes/blocks/site-tagline/ HTTP/1.1" 404 11747 "https://www.google.com" "Mozilla/5.0 (Linux; Android 7.0; SM-G892A; wv)"
196.251.66.107 - - [19/Jul/2025:21:22:34 +0000] "GET /wp-includes/blocks/site-title/index.php HTTP/1.1" 301 - "https://www.google.com" "Mozilla/5.0 (Linux; Android 7.0; SM-G892A; wv)"
196.251.66.107 - - [19/Jul/2025:21:22:34 +0000] "GET /wp-includes/blocks/site-title/ HTTP/1.1" 404 11747 "https://www.google.com" "Mozilla/5.0 (Linux; Android 7.0; SM-G892A; wv)"
196.251.66.107 - - [19/Jul/2025:21:22:35 +0000] "GET /wp-includes/blocks/social-link/index.php HTTP/1.1" 301 - "https://www.google.com" "Mozilla/5.0 (Linux; Android 7.0; SM-G892A; wv)"
196.251.66.107 - - [19/Jul/2025:21:22:35 +0000] "GET /wp-includes/blocks/social-link/ HTTP/1.1" 404 11747 "https://www.google.com" "Mozilla/5.0 (Linux; Android 7.0; SM-G892A; wv)"
196.251.66.107 - - [19/Jul/2025:21:22:36 +0000] "GET /wp-includes/pomo/index.php HTTP/1.1" 301 - "https://www.google.com" "Mozilla/5.0 (Linux; Android 7.0; SM-G892A; wv)"
196.251.66.107 - - [19/Jul/2025:21:22:36 +0000] "GET /wp-includes/pomo/ HTTP/1.1" 404 11747 "https://www.google.com" "Mozilla/5.0 (Linux; Android 7.0; SM-G892A; wv)"
196.251.66.107 - - [19/Jul/2025:21:22:37 +0000] "GET /wp-includes/Requests/library/index.php HTTP/1.1" 301 - "https://www.google.com" "Mozilla/5.0 (Linux; Android 7.0; SM-G892A; wv)"
196.251.66.107 - - [19/Jul/2025:21:22:37 +0000] "GET /wp-includes/Requests/library/ HTTP/1.1" 404 11747 "https://www.google.com" "Mozilla/5.0 (Linux; Android 7.0; SM-G892A; wv)"
196.251.66.107 - - [19/Jul/2025:21:22:38 +0000] "GET /wp-includes/blocks/navigation-link/index.php HTTP/1.1" 301 - "https://www.google.com" "Mozilla/5.0 (Linux; Android 7.0; SM-G892A; wv)"
196.251.66.107 - - [19/Jul/2025:21:22:38 +0000] "GET /wp-includes/blocks/navigation-link/ HTTP/1.1" 404 11747 "https://www.google.com" "Mozilla/5.0 (Linux; Android 7.0; SM-G892A; wv)"
196.251.66.107 - - [19/Jul/2025:21:22:39 +0000] "GET /wp-includes/Requests/src/Exception/index.php HTTP/1.1" 301 - "https://www.google.com" "Mozilla/5.0 (Linux; Android 7.0; SM-G892A; wv)"
196.251.66.107 - - [19/Jul/2025:21:22:40 +0000] "GET /wp-includes/Requests/src/Exception/ HTTP/1.1" 404 11747 "https://www.google.com" "Mozilla/5.0 (Linux; Android 7.0; SM-G892A; wv)"
196.251.66.107 - - [19/Jul/2025:21:22:40 +0000] "GET /wp-includes/css/dist/index.php HTTP/1.1" 301 - "https://www.google.com" "Mozilla/5.0 (Linux; Android 7.0; SM-G892A; wv)"
196.251.66.107 - - [19/Jul/2025:21:22:41 +0000] "GET /wp-includes/css/dist/ HTTP/1.1" 404 11747 "https://www.google.com" "Mozilla/5.0 (Linux; Android 7.0; SM-G892A; wv)"
196.251.66.107 - - [19/Jul/2025:21:22:42 +0000] "GET /wp-includes/blocks/comment-date/index.php HTTP/1.1" 301 - "https://www.google.com" "Mozilla/5.0 (Linux; Android 7.0; SM-G892A; wv)"
196.251.66.107 - - [19/Jul/2025:21:22:42 +0000] "GET /wp-includes/blocks/comment-date/ HTTP/1.1" 404 11747 "https://www.google.com" "Mozilla/5.0 (Linux; Android 7.0; SM-G892A; wv)"
196.251.66.107 - - [19/Jul/2025:21:22:43 +0000] "GET /wp-includes/blocks/social-links/index.php HTTP/1.1" 301 - "https://www.google.com" "Mozilla/5.0 (Linux; Android 7.0; SM-G892A; wv)"
196.251.66.107 - - [19/Jul/2025:21:22:43 +0000] "GET /wp-includes/blocks/social-links/ HTTP/1.1" 404 11747 "https://www.google.com" "Mozilla/5.0 (Linux; Android 7.0; SM-G892A; wv)"
196.251.66.107 - - [19/Jul/2025:21:22:44 +0000] "GET /wp-includes/blocks/spacer/index.php HTTP/1.1" 301 - "https://www.google.com" "Mozilla/5.0 (Linux; Android 7.0; SM-G892A; wv)"
196.251.66.107 - - [19/Jul/2025:21:22:44 +0000] "GET /wp-includes/blocks/spacer/ HTTP/1.1" 404 11747 "https://www.google.com" "Mozilla/5.0 (Linux; Android 7.0; SM-G892A; wv)"
196.251.66.107 - - [19/Jul/2025:21:22:45 +0000] "GET /wp-includes/blocks/table/index.php HTTP/1.1" 301 - "https://www.google.com" "Mozilla/5.0 (Linux; Android 7.0; SM-G892A; wv)"
196.251.66.107 - - [19/Jul/2025:21:22:45 +0000] "GET /wp-includes/blocks/table/ HTTP/1.1" 404 11747 "https://www.google.com" "Mozilla/5.0 (Linux; Android 7.0; SM-G892A; wv)"
196.251.66.107 - - [19/Jul/2025:21:22:46 +0000] "GET /wp-includes/blocks/tag-cloud/index.php HTTP/1.1" 301 - "https://www.google.com" "Mozilla/5.0 (Linux; Android 7.0; SM-G892A; wv)"
196.251.66.107 - - [19/Jul/2025:21:22:46 +0000] "GET /wp-includes/blocks/tag-cloud/ HTTP/1.1" 404 11747 "https://www.google.com" "Mozilla/5.0 (Linux; Android 7.0; SM-G892A; wv)"
196.251.66.107 - - [19/Jul/2025:21:22:47 +0000] "GET /wp-includes/blocks/text-columns/index.php HTTP/1.1" 301 - "https://www.google.com" "Mozilla/5.0 (Linux; Android 7.0; SM-G892A; wv)"
196.251.66.107 - - [19/Jul/2025:21:22:47 +0000] "GET /wp-includes/blocks/text-columns/ HTTP/1.1" 404 11747 "https://www.google.com" "Mozilla/5.0 (Linux; Android 7.0; SM-G892A; wv)"
196.251.66.107 - - [19/Jul/2025:21:22:48 +0000] "GET /wp-includes/blocks/verse/index.php HTTP/1.1" 301 - "https://www.google.com" "Mozilla/5.0 (Linux; Android 7.0; SM-G892A; wv)"
196.251.66.107 - - [19/Jul/2025:21:22:48 +0000] "GET /wp-includes/blocks/verse/ HTTP/1.1" 404 11747 "https://www.google.com" "Mozilla/5.0 (Linux; Android 7.0; SM-G892A; wv)"
196.251.66.107 - - [19/Jul/2025:21:22:49 +0000] "GET /wp-includes/blocks/video/index.php HTTP/1.1" 301 - "https://www.google.com" "Mozilla/5.0 (Linux; Android 7.0; SM-G892A; wv)"
196.251.66.107 - - [19/Jul/2025:21:22:49 +0000] "GET /wp-includes/blocks/video/ HTTP/1.1" 404 11747 "https://www.google.com" "Mozilla/5.0 (Linux; Android 7.0; SM-G892A; wv)"
196.251.66.107 - - [19/Jul/2025:21:22:50 +0000] "GET /wp-includes/certificates/index.php HTTP/1.1" 301 - "https://www.google.com" "Mozilla/5.0 (Linux; Android 7.0; SM-G892A; wv)"
196.251.66.107 - - [19/Jul/2025:21:22:50 +0000] "GET /wp-includes/certificates/ HTTP/1.1" 404 11747 "https://www.google.com" "Mozilla/5.0 (Linux; Android 7.0; SM-G892A; wv)"
20.171.207.73 - - [19/Jul/2025:21:22:50 +0000] "GET /goodscode/87797339.shtm HTTP/1.1" 404 11743 "-" "Mozilla/5.0 AppleWebKit/537.36 (KHTML, like Gecko; compatible; GPTBot/1.2; +https://openai.com/gptbot)"
209.74.77.214 - - [19/Jul/2025:21:22:51 +0000] "POST /wp-cron.php?doing_wp_cron=1752960171.5766279697418212890625 HTTP/1.1" 200 - "-" "WordPress/6.8.2; https://gardenify.com.au"
196.251.66.107 - - [19/Jul/2025:21:22:51 +0000] "GET /wp-includes/css/index.php HTTP/1.1" 301 - "https://www.google.com" "Mozilla/5.0 (Linux; Android 7.0; SM-G892A; wv)"
209.74.77.214 - - [19/Jul/2025:21:22:51 +0000] "POST /wp-admin/admin-ajax.php?action=async_litespeed&nonce=yTchJtDiDLXEFSZW09HhmyR2sYxObWCa&litespeed_type=imgoptm HTTP/1.1" 200 21 "-" "WordPress/6.8.2; https://gardenify.com.au"
196.251.66.107 - - [19/Jul/2025:21:22:51 +0000] "GET /wp-includes/css/ HTTP/1.1" 404 11747 "https://www.google.com" "Mozilla/5.0 (Linux; Android 7.0; SM-G892A; wv)"
196.251.66.107 - - [19/Jul/2025:21:22:52 +0000] "GET /wp-includes/css/dist/block-directory/index.php HTTP/1.1" 301 - "https://www.google.com" "Mozilla/5.0 (Linux; Android 7.0; SM-G892A; wv)"
196.251.66.107 - - [19/Jul/2025:21:22:52 +0000] "GET /wp-includes/css/dist/block-directory/ HTTP/1.1" 404 11747 "https://www.google.com" "Mozilla/5.0 (Linux; Android 7.0; SM-G892A; wv)"
196.251.66.107 - - [19/Jul/2025:21:22:53 +0000] "GET /wp-includes/css/dist/components/index.php HTTP/1.1" 301 - "https://www.google.com" "Mozilla/5.0 (Linux; Android 7.0; SM-G892A; wv)"
196.251.66.107 - - [19/Jul/2025:21:22:53 +0000] "GET /wp-includes/css/dist/components/ HTTP/1.1" 404 11747 "https://www.google.com" "Mozilla/5.0 (Linux; Android 7.0; SM-G892A; wv)"
196.251.66.107 - - [19/Jul/2025:21:22:54 +0000] "GET /wp-includes/css/dist/customize-widgets/index.php HTTP/1.1" 301 - "https://www.google.com" "Mozilla/5.0 (Linux; Android 7.0; SM-G892A; wv)"
196.251.66.107 - - [19/Jul/2025:21:22:55 +0000] "GET /wp-includes/css/dist/customize-widgets/ HTTP/1.1" 404 11747 "https://www.google.com" "Mozilla/5.0 (Linux; Android 7.0; SM-G892A; wv)"
196.251.66.107 - - [19/Jul/2025:21:22:55 +0000] "GET /wp-includes/css/dist/list-reusable-blocks/index.php HTTP/1.1" 301 - "https://www.google.com" "Mozilla/5.0 (Linux; Android 7.0; SM-G892A; wv)"
196.251.66.107 - - [19/Jul/2025:21:22:56 +0000] "GET /wp-includes/css/dist/list-reusable-blocks/ HTTP/1.1" 404 11747 "https://www.google.com" "Mozilla/5.0 (Linux; Android 7.0; SM-G892A; wv)"
196.251.66.107 - - [19/Jul/2025:21:22:56 +0000] "GET /wp-includes/css/dist/nux/index.php HTTP/1.1" 301 - "https://www.google.com" "Mozilla/5.0 (Linux; Android 7.0; SM-G892A; wv)"
196.251.66.107 - - [19/Jul/2025:21:22:57 +0000] "GET /wp-includes/css/dist/nux/ HTTP/1.1" 404 11747 "https://www.google.com" "Mozilla/5.0 (Linux; Android 7.0; SM-G892A; wv)"
196.251.66.107 - - [19/Jul/2025:21:22:57 +0000] "GET /wp-includes/css/dist/edit-post/index.php HTTP/1.1" 301 - "https://www.google.com" "Mozilla/5.0 (Linux; Android 7.0; SM-G892A; wv)"
196.251.66.107 - - [19/Jul/2025:21:22:58 +0000] "GET /wp-includes/css/dist/edit-post/ HTTP/1.1" 404 11747 "https://www.google.com" "Mozilla/5.0 (Linux; Android 7.0; SM-G892A; wv)"
196.251.66.107 - - [19/Jul/2025:21:22:58 +0000] "GET /wp-includes/css/dist/edit-widgets/index.php HTTP/1.1" 301 - "https://www.google.com" "Mozilla/5.0 (Linux; Android 7.0; SM-G892A; wv)"
196.251.66.107 - - [19/Jul/2025:21:22:59 +0000] "GET /wp-includes/css/dist/edit-widgets/ HTTP/1.1" 404 11747 "https://www.google.com" "Mozilla/5.0 (Linux; Android 7.0; SM-G892A; wv)"
196.251.66.107 - - [19/Jul/2025:21:23:00 +0000] "GET /wp-includes/css/dist/editor/index.php HTTP/1.1" 301 - "https://www.google.com" "Mozilla/5.0 (Linux; Android 7.0; SM-G892A; wv)"
196.251.66.107 - - [19/Jul/2025:21:23:00 +0000] "GET /wp-includes/css/dist/editor/ HTTP/1.1" 404 11747 "https://www.google.com" "Mozilla/5.0 (Linux; Android 7.0; SM-G892A; wv)"
196.251.66.107 - - [19/Jul/2025:21:23:01 +0000] "GET /wp-includes/css/dist/format-library/index.php HTTP/1.1" 301 - "https://www.google.com" "Mozilla/5.0 (Linux; Android 7.0; SM-G892A; wv)"
196.251.66.107 - - [19/Jul/2025:21:23:01 +0000] "GET /wp-includes/css/dist/format-library/ HTTP/1.1" 404 11747 "https://www.google.com" "Mozilla/5.0 (Linux; Android 7.0; SM-G892A; wv)"
196.251.66.107 - - [19/Jul/2025:21:23:02 +0000] "GET /wp-includes/css/dist/reusable-blocks/index.php HTTP/1.1" 301 - "https://www.google.com" "Mozilla/5.0 (Linux; Android 7.0; SM-G892A; wv)"
196.251.66.107 - - [19/Jul/2025:21:23:02 +0000] "GET /wp-includes/css/dist/reusable-blocks/ HTTP/1.1" 404 11747 "https://www.google.com" "Mozilla/5.0 (Linux; Android 7.0; SM-G892A; wv)"
196.251.66.107 - - [19/Jul/2025:21:23:03 +0000] "GET /wp-includes/css/dist/widgets/index.php HTTP/1.1" 301 - "https://www.google.com" "Mozilla/5.0 (Linux; Android 7.0; SM-G892A; wv)"
196.251.66.107 - - [19/Jul/2025:21:23:03 +0000] "GET /wp-includes/css/dist/widgets/ HTTP/1.1" 404 11747 "https://www.google.com" "Mozilla/5.0 (Linux; Android 7.0; SM-G892A; wv)"
196.251.66.107 - - [19/Jul/2025:21:23:04 +0000] "GET /wp-includes/customize/index.php HTTP/1.1" 301 - "https://www.google.com" "Mozilla/5.0 (Linux; Android 7.0; SM-G892A; wv)"
196.251.66.107 - - [19/Jul/2025:21:23:04 +0000] "GET /wp-includes/customize/ HTTP/1.1" 404 11747 "https://www.google.com" "Mozilla/5.0 (Linux; Android 7.0; SM-G892A; wv)"
196.251.66.107 - - [19/Jul/2025:21:23:05 +0000] "GET /wp-includes/fonts/index.php HTTP/1.1" 301 - "https://www.google.com" "Mozilla/5.0 (Linux; Android 7.0; SM-G892A; wv)"
196.251.66.107 - - [19/Jul/2025:21:23:05 +0000] "GET /wp-includes/fonts/ HTTP/1.1" 404 11747 "https://www.google.com" "Mozilla/5.0 (Linux; Android 7.0; SM-G892A; wv)"
196.251.66.107 - - [19/Jul/2025:21:23:06 +0000] "GET /wp-includes/images/index.php HTTP/1.1" 301 - "https://www.google.com" "Mozilla/5.0 (Linux; Android 7.0; SM-G892A; wv)"
196.251.66.107 - - [19/Jul/2025:21:23:06 +0000] "GET /wp-includes/images/ HTTP/1.1" 404 11747 "https://www.google.com" "Mozilla/5.0 (Linux; Android 7.0; SM-G892A; wv)"
196.251.66.107 - - [19/Jul/2025:21:23:07 +0000] "GET /wp-includes/images/crystal/index.php HTTP/1.1" 301 - "https://www.google.com" "Mozilla/5.0 (Linux; Android 7.0; SM-G892A; wv)"
196.251.66.107 - - [19/Jul/2025:21:23:08 +0000] "GET /wp-includes/images/crystal/ HTTP/1.1" 404 11747 "https://www.google.com" "Mozilla/5.0 (Linux; Android 7.0; SM-G892A; wv)"
196.251.66.107 - - [19/Jul/2025:21:23:08 +0000] "GET /wp-includes/images/media/index.php HTTP/1.1" 301 - "https://www.google.com" "Mozilla/5.0 (Linux; Android 7.0; SM-G892A; wv)"
196.251.66.107 - - [19/Jul/2025:21:23:09 +0000] "GET /wp-includes/images/media/ HTTP/1.1" 404 11747 "https://www.google.com" "Mozilla/5.0 (Linux; Android 7.0; SM-G892A; wv)"
216.73.216.41 - - [19/Jul/2025:21:23:09 +0000] "GET /goodscode/45732230.shtm HTTP/1.1" 404 11743 "-" "Mozilla/5.0 AppleWebKit/537.36 (KHTML, like Gecko; compatible; ClaudeBot/1.0; [email protected])"
