185.177.72.9 - - [19/Jul/2025:22:36:40 +0000] "GET /controller/admin/post.js HTTP/1.1" 404 11748 "-" "Mozilla/5.0 (Windows NT 10.0; Win64; x64) AppleWebKit/537.36 (KHTML, like Gecko) Chrome/91.0.4472.124 Safari/537.36"
185.177.72.9 - - [19/Jul/2025:22:36:40 +0000] "GET /controller/api/post.js HTTP/1.1" 404 11748 "-" "Mozilla/5.0 (Windows NT 10.0; Win64; x64) AppleWebKit/537.36 (KHTML, like Gecko) Chrome/91.0.4472.124 Safari/537.36"
185.177.72.9 - - [19/Jul/2025:22:36:41 +0000] "GET /controllers/settings.js HTTP/1.1" 404 11748 "-" "Mozilla/5.0 (Windows NT 10.0; Win64; x64) AppleWebKit/537.36 (KHTML, like Gecko) Chrome/91.0.4472.124 Safari/537.36"
185.177.72.9 - - [19/Jul/2025:22:36:41 +0000] "GET /crm/.env HTTP/1.1" 404 11748 "-" "Mozilla/5.0 (Windows NT 10.0; Win64; x64) AppleWebKit/537.36 (KHTML, like Gecko) Chrome/91.0.4472.124 Safari/537.36"
185.177.72.9 - - [19/Jul/2025:22:36:41 +0000] "GET /cron/.env HTTP/1.1" 404 11748 "-" "Mozilla/5.0 (Windows NT 10.0; Win64; x64) AppleWebKit/537.36 (KHTML, like Gecko) Chrome/91.0.4472.124 Safari/537.36"
185.177.72.9 - - [19/Jul/2025:22:36:42 +0000] "GET /dashboard/phpinfo.php HTTP/1.1" 404 11748 "-" "Mozilla/5.0 (Windows NT 10.0; Win64; x64) AppleWebKit/537.36 (KHTML, like Gecko) Chrome/91.0.4472.124 Safari/537.36"
185.177.72.9 - - [19/Jul/2025:22:36:42 +0000] "GET /debug/default/view HTTP/1.1" 404 11748 "-" "Mozilla/5.0 (Windows NT 10.0; Win64; x64) AppleWebKit/537.36 (KHTML, like Gecko) Chrome/91.0.4472.124 Safari/537.36"
185.177.72.9 - - [19/Jul/2025:22:36:42 +0000] "GET /development/.env HTTP/1.1" 404 11748 "-" "Mozilla/5.0 (Windows NT 10.0; Win64; x64) AppleWebKit/537.36 (KHTML, like Gecko) Chrome/91.0.4472.124 Safari/537.36"
185.177.72.9 - - [19/Jul/2025:22:36:43 +0000] "GET /dev/.env HTTP/1.1" 404 11748 "-" "Mozilla/5.0 (Windows NT 10.0; Win64; x64) AppleWebKit/537.36 (KHTML, like Gecko) Chrome/91.0.4472.124 Safari/537.36"
185.177.72.9 - - [19/Jul/2025:22:36:43 +0000] "GET /docker/.env HTTP/1.1" 404 11748 "-" "Mozilla/5.0 (Windows NT 10.0; Win64; x64) AppleWebKit/537.36 (KHTML, like Gecko) Chrome/91.0.4472.124 Safari/537.36"
185.177.72.9 - - [19/Jul/2025:22:36:44 +0000] "GET /env/.env HTTP/1.1" 404 11748 "-" "Mozilla/5.0 (Windows NT 10.0; Win64; x64) AppleWebKit/537.36 (KHTML, like Gecko) Chrome/91.0.4472.124 Safari/537.36"
185.177.72.9 - - [19/Jul/2025:22:36:44 +0000] "GET /gatsby-config.js HTTP/1.1" 404 11748 "-" "Mozilla/5.0 (Windows NT 10.0; Win64; x64) AppleWebKit/537.36 (KHTML, like Gecko) Chrome/91.0.4472.124 Safari/537.36"
185.177.72.9 - - [19/Jul/2025:22:36:44 +0000] "GET /getcpuutil.php-bakworking HTTP/1.1" 404 11748 "-" "Mozilla/5.0 (Windows NT 10.0; Win64; x64) AppleWebKit/537.36 (KHTML, like Gecko) Chrome/91.0.4472.124 Safari/537.36"
185.177.72.9 - - [19/Jul/2025:22:36:45 +0000] "GET /helper.js HTTP/1.1" 404 11748 "-" "Mozilla/5.0 (Windows NT 10.0; Win64; x64) AppleWebKit/537.36 (KHTML, like Gecko) Chrome/91.0.4472.124 Safari/537.36"
185.177.72.9 - - [19/Jul/2025:22:36:45 +0000] "GET /helper/EmailHelper.js HTTP/1.1" 404 11748 "-" "Mozilla/5.0 (Windows NT 10.0; Win64; x64) AppleWebKit/537.36 (KHTML, like Gecko) Chrome/91.0.4472.124 Safari/537.36"
185.177.72.9 - - [19/Jul/2025:22:36:45 +0000] "GET /i.php HTTP/1.1" 404 11748 "-" "Mozilla/5.0 (Windows NT 10.0; Win64; x64) AppleWebKit/537.36 (KHTML, like Gecko) Chrome/91.0.4472.124 Safari/537.36"
185.177.72.9 - - [19/Jul/2025:22:36:46 +0000] "GET /index.js HTTP/1.1" 404 11748 "-" "Mozilla/5.0 (Windows NT 10.0; Win64; x64) AppleWebKit/537.36 (KHTML, like Gecko) Chrome/91.0.4472.124 Safari/537.36"
185.177.72.9 - - [19/Jul/2025:22:36:46 +0000] "GET /js/.env HTTP/1.1" 404 11748 "-" "Mozilla/5.0 (Windows NT 10.0; Win64; x64) AppleWebKit/537.36 (KHTML, like Gecko) Chrome/91.0.4472.124 Safari/537.36"
185.177.72.9 - - [19/Jul/2025:22:36:46 +0000] "GET /js/main.js HTTP/1.1" 404 11748 "-" "Mozilla/5.0 (Windows NT 10.0; Win64; x64) AppleWebKit/537.36 (KHTML, like Gecko) Chrome/91.0.4472.124 Safari/537.36"
185.177.72.9 - - [19/Jul/2025:22:36:47 +0000] "GET /karma.conf.json HTTP/1.1" 404 11748 "-" "Mozilla/5.0 (Windows NT 10.0; Win64; x64) AppleWebKit/537.36 (KHTML, like Gecko) Chrome/91.0.4472.124 Safari/537.36"
185.177.72.9 - - [19/Jul/2025:22:36:47 +0000] "GET /laravel/.env HTTP/1.1" 404 11748 "-" "Mozilla/5.0 (Windows NT 10.0; Win64; x64) AppleWebKit/537.36 (KHTML, like Gecko) Chrome/91.0.4472.124 Safari/537.36"
185.177.72.9 - - [19/Jul/2025:22:36:47 +0000] "GET /laravel/core/.env HTTP/1.1" 404 11748 "-" "Mozilla/5.0 (Windows NT 10.0; Win64; x64) AppleWebKit/537.36 (KHTML, like Gecko) Chrome/91.0.4472.124 Safari/537.36"
185.177.72.9 - - [19/Jul/2025:22:36:48 +0000] "GET /laravel/info.php HTTP/1.1" 404 11748 "-" "Mozilla/5.0 (Windows NT 10.0; Win64; x64) AppleWebKit/537.36 (KHTML, like Gecko) Chrome/91.0.4472.124 Safari/537.36"
185.177.72.9 - - [19/Jul/2025:22:36:48 +0000] "GET /library/.env HTTP/1.1" 404 11748 "-" "Mozilla/5.0 (Windows NT 10.0; Win64; x64) AppleWebKit/537.36 (KHTML, like Gecko) Chrome/91.0.4472.124 Safari/537.36"
185.177.72.9 - - [19/Jul/2025:22:36:49 +0000] "GET /local/.env HTTP/1.1" 404 11748 "-" "Mozilla/5.0 (Windows NT 10.0; Win64; x64) AppleWebKit/537.36 (KHTML, like Gecko) Chrome/91.0.4472.124 Safari/537.36"
185.177.72.9 - - [19/Jul/2025:22:36:49 +0000] "GET /main.js HTTP/1.1" 404 11748 "-" "Mozilla/5.0 (Windows NT 10.0; Win64; x64) AppleWebKit/537.36 (KHTML, like Gecko) Chrome/91.0.4472.124 Safari/537.36"
185.177.72.9 - - [19/Jul/2025:22:36:49 +0000] "GET /main.yml HTTP/1.1" 404 11748 "-" "Mozilla/5.0 (Windows NT 10.0; Win64; x64) AppleWebKit/537.36 (KHTML, like Gecko) Chrome/91.0.4472.124 Safari/537.36"
185.177.72.9 - - [19/Jul/2025:22:36:50 +0000] "GET /mail/.env HTTP/1.1" 404 11748 "-" "Mozilla/5.0 (Windows NT 10.0; Win64; x64) AppleWebKit/537.36 (KHTML, like Gecko) Chrome/91.0.4472.124 Safari/537.36"
185.177.72.9 - - [19/Jul/2025:22:36:50 +0000] "GET /mailer/.env HTTP/1.1" 404 11748 "-" "Mozilla/5.0 (Windows NT 10.0; Win64; x64) AppleWebKit/537.36 (KHTML, like Gecko) Chrome/91.0.4472.124 Safari/537.36"
209.74.77.214 - - [19/Jul/2025:22:36:51 +0000] "POST /wp-cron.php?doing_wp_cron=1752964611.0610039234161376953125 HTTP/1.1" 200 - "-" "WordPress/6.8.2; https://gardenify.com.au"
185.177.72.9 - - [19/Jul/2025:22:36:50 +0000] "GET /my_env/chakaash.py HTTP/1.1" 404 11748 "-" "Mozilla/5.0 (Windows NT 10.0; Win64; x64) AppleWebKit/537.36 (KHTML, like Gecko) Chrome/91.0.4472.124 Safari/537.36"
209.74.77.214 - - [19/Jul/2025:22:36:51 +0000] "POST /wp-admin/admin-ajax.php?action=async_litespeed&nonce=sRqwpTznDsXoCoumFcLw7ZLGaYlEcpf4&litespeed_type=imgoptm HTTP/1.1" 200 21 "-" "WordPress/6.8.2; https://gardenify.com.au"
185.177.72.9 - - [19/Jul/2025:22:36:51 +0000] "GET /my_env/newsletter.py HTTP/1.1" 404 11748 "-" "Mozilla/5.0 (Windows NT 10.0; Win64; x64) AppleWebKit/537.36 (KHTML, like Gecko) Chrome/91.0.4472.124 Safari/537.36"
185.177.72.9 - - [19/Jul/2025:22:36:51 +0000] "GET /my_env/palash.py HTTP/1.1" 404 11748 "-" "Mozilla/5.0 (Windows NT 10.0; Win64; x64) AppleWebKit/537.36 (KHTML, like Gecko) Chrome/91.0.4472.124 Safari/537.36"
185.177.72.9 - - [19/Jul/2025:22:36:52 +0000] "GET /myproject/.env HTTP/1.1" 404 11748 "-" "Mozilla/5.0 (Windows NT 10.0; Win64; x64) AppleWebKit/537.36 (KHTML, like Gecko) Chrome/91.0.4472.124 Safari/537.36"
185.177.72.9 - - [19/Jul/2025:22:36:52 +0000] "GET /mytest/astech_robot.js HTTP/1.1" 404 11748 "-" "Mozilla/5.0 (Windows NT 10.0; Win64; x64) AppleWebKit/537.36 (KHTML, like Gecko) Chrome/91.0.4472.124 Safari/537.36"
185.177.72.9 - - [19/Jul/2025:22:36:52 +0000] "GET /new/.env HTTP/1.1" 404 11748 "-" "Mozilla/5.0 (Windows NT 10.0; Win64; x64) AppleWebKit/537.36 (KHTML, like Gecko) Chrome/91.0.4472.124 Safari/537.36"
185.177.72.9 - - [19/Jul/2025:22:36:53 +0000] "GET /new/.env.local HTTP/1.1" 404 11748 "-" "Mozilla/5.0 (Windows NT 10.0; Win64; x64) AppleWebKit/537.36 (KHTML, like Gecko) Chrome/91.0.4472.124 Safari/537.36"
185.177.72.9 - - [19/Jul/2025:22:36:53 +0000] "GET /new/.env.production HTTP/1.1" 404 11748 "-" "Mozilla/5.0 (Windows NT 10.0; Win64; x64) AppleWebKit/537.36 (KHTML, like Gecko) Chrome/91.0.4472.124 Safari/537.36"
185.177.72.9 - - [19/Jul/2025:22:36:53 +0000] "GET /new/.env.staging HTTP/1.1" 404 11748 "-" "Mozilla/5.0 (Windows NT 10.0; Win64; x64) AppleWebKit/537.36 (KHTML, like Gecko) Chrome/91.0.4472.124 Safari/537.36"
20.171.207.73 - - [19/Jul/2025:22:36:53 +0000] "GET /goodscode/87781464.shtm HTTP/1.1" 404 11743 "-" "Mozilla/5.0 AppleWebKit/537.36 (KHTML, like Gecko; compatible; GPTBot/1.2; +https://openai.com/gptbot)"
185.177.72.9 - - [19/Jul/2025:22:36:54 +0000] "GET /nginx/.env HTTP/1.1" 404 11748 "-" "Mozilla/5.0 (Windows NT 10.0; Win64; x64) AppleWebKit/537.36 (KHTML, like Gecko) Chrome/91.0.4472.124 Safari/537.36"
185.177.72.9 - - [19/Jul/2025:22:36:54 +0000] "GET /node/.env_example HTTP/1.1" 404 11748 "-" "Mozilla/5.0 (Windows NT 10.0; Win64; x64) AppleWebKit/537.36 (KHTML, like Gecko) Chrome/91.0.4472.124 Safari/537.36"
185.177.72.9 - - [19/Jul/2025:22:36:55 +0000] "GET /node-api/.env HTTP/1.1" 404 11748 "-" "Mozilla/5.0 (Windows NT 10.0; Win64; x64) AppleWebKit/537.36 (KHTML, like Gecko) Chrome/91.0.4472.124 Safari/537.36"
185.177.72.9 - - [19/Jul/2025:22:36:55 +0000] "GET /node_modules/.env HTTP/1.1" 404 11748 "-" "Mozilla/5.0 (Windows NT 10.0; Win64; x64) AppleWebKit/537.36 (KHTML, like Gecko) Chrome/91.0.4472.124 Safari/537.36"
185.177.72.9 - - [19/Jul/2025:22:36:55 +0000] "GET /nextjs-app/.env HTTP/1.1" 404 11748 "-" "Mozilla/5.0 (Windows NT 10.0; Win64; x64) AppleWebKit/537.36 (KHTML, like Gecko) Chrome/91.0.4472.124 Safari/537.36"
185.177.72.9 - - [19/Jul/2025:22:36:56 +0000] "GET /partner/config/config.js HTTP/1.1" 404 11748 "-" "Mozilla/5.0 (Windows NT 10.0; Win64; x64) AppleWebKit/537.36 (KHTML, like Gecko) Chrome/91.0.4472.124 Safari/537.36"
185.177.72.9 - - [19/Jul/2025:22:36:56 +0000] "GET /p.php HTTP/1.1" 404 11748 "-" "Mozilla/5.0 (Windows NT 10.0; Win64; x64) AppleWebKit/537.36 (KHTML, like Gecko) Chrome/91.0.4472.124 Safari/537.36"
185.177.72.9 - - [19/Jul/2025:22:36:56 +0000] "GET /portal/.env HTTP/1.1" 404 11748 "-" "Mozilla/5.0 (Windows NT 10.0; Win64; x64) AppleWebKit/537.36 (KHTML, like Gecko) Chrome/91.0.4472.124 Safari/537.36"
185.177.72.9 - - [19/Jul/2025:22:36:57 +0000] "GET /public/.env HTTP/1.1" 404 11748 "-" "Mozilla/5.0 (Windows NT 10.0; Win64; x64) AppleWebKit/537.36 (KHTML, like Gecko) Chrome/91.0.4472.124 Safari/537.36"
185.177.72.9 - - [19/Jul/2025:22:36:58 +0000] "GET /public/js/main.js HTTP/1.1" 404 11748 "-" "Mozilla/5.0 (Windows NT 10.0; Win64; x64) AppleWebKit/537.36 (KHTML, like Gecko) Chrome/91.0.4472.124 Safari/537.36"
185.177.72.9 - - [19/Jul/2025:22:36:58 +0000] "GET /react-app/.env HTTP/1.1" 404 11748 "-" "Mozilla/5.0 (Windows NT 10.0; Win64; x64) AppleWebKit/537.36 (KHTML, like Gecko) Chrome/91.0.4472.124 Safari/537.36"
185.177.72.9 - - [19/Jul/2025:22:36:59 +0000] "GET /react-app/.env.production HTTP/1.1" 404 11748 "-" "Mozilla/5.0 (Windows NT 10.0; Win64; x64) AppleWebKit/537.36 (KHTML, like Gecko) Chrome/91.0.4472.124 Safari/537.36"
185.177.72.9 - - [19/Jul/2025:22:36:59 +0000] "GET /scripts/nodemailer.js HTTP/1.1" 404 11748 "-" "Mozilla/5.0 (Windows NT 10.0; Win64; x64) AppleWebKit/537.36 (KHTML, like Gecko) Chrome/91.0.4472.124 Safari/537.36"
185.177.72.9 - - [19/Jul/2025:22:36:59 +0000] "GET /s3.js HTTP/1.1" 404 11748 "-" "Mozilla/5.0 (Windows NT 10.0; Win64; x64) AppleWebKit/537.36 (KHTML, like Gecko) Chrome/91.0.4472.124 Safari/537.36"
185.177.72.9 - - [19/Jul/2025:22:37:00 +0000] "GET /secured/phpinfo.php HTTP/1.1" 404 11748 "-" "Mozilla/5.0 (Windows NT 10.0; Win64; x64) AppleWebKit/537.36 (KHTML, like Gecko) Chrome/91.0.4472.124 Safari/537.36"
185.177.72.9 - - [19/Jul/2025:22:37:00 +0000] "GET /server-info HTTP/1.1" 404 11748 "-" "Mozilla/5.0 (Windows NT 10.0; Win64; x64) AppleWebKit/537.36 (KHTML, like Gecko) Chrome/91.0.4472.124 Safari/537.36"
185.177.72.9 - - [19/Jul/2025:22:37:00 +0000] "GET /server.js HTTP/1.1" 404 11748 "-" "Mozilla/5.0 (Windows NT 10.0; Win64; x64) AppleWebKit/537.36 (KHTML, like Gecko) Chrome/91.0.4472.124 Safari/537.36"
185.177.72.9 - - [19/Jul/2025:22:37:01 +0000] "GET /server/config/database.js HTTP/1.1" 404 11748 "-" "Mozilla/5.0 (Windows NT 10.0; Win64; x64) AppleWebKit/537.36 (KHTML, like Gecko) Chrome/91.0.4472.124 Safari/537.36"
185.177.72.9 - - [19/Jul/2025:22:37:01 +0000] "GET /service/email_service.py HTTP/1.1" 404 11748 "-" "Mozilla/5.0 (Windows NT 10.0; Win64; x64) AppleWebKit/537.36 (KHTML, like Gecko) Chrome/91.0.4472.124 Safari/537.36"
185.177.72.9 - - [19/Jul/2025:22:37:01 +0000] "GET /shared/config/config.js HTTP/1.1" 404 11748 "-" "Mozilla/5.0 (Windows NT 10.0; Win64; x64) AppleWebKit/537.36 (KHTML, like Gecko) Chrome/91.0.4472.124 Safari/537.36"
185.177.72.9 - - [19/Jul/2025:22:37:02 +0000] "GET /site/.env HTTP/1.1" 404 11748 "-" "Mozilla/5.0 (Windows NT 10.0; Win64; x64) AppleWebKit/537.36 (KHTML, like Gecko) Chrome/91.0.4472.124 Safari/537.36"
185.177.72.9 - - [19/Jul/2025:22:37:02 +0000] "GET /sms.py HTTP/1.1" 404 11748 "-" "Mozilla/5.0 (Windows NT 10.0; Win64; x64) AppleWebKit/537.36 (KHTML, like Gecko) Chrome/91.0.4472.124 Safari/537.36"
185.177.72.9 - - [19/Jul/2025:22:37:03 +0000] "GET /storage/logs/laravel.log HTTP/1.1" 404 11748 "-" "Mozilla/5.0 (Windows NT 10.0; Win64; x64) AppleWebKit/537.36 (KHTML, like Gecko) Chrome/91.0.4472.124 Safari/537.36"
185.177.72.9 - - [19/Jul/2025:22:37:04 +0000] "GET /swagger.js HTTP/1.1" 404 11748 "-" "Mozilla/5.0 (Windows NT 10.0; Win64; x64) AppleWebKit/537.36 (KHTML, like Gecko) Chrome/91.0.4472.124 Safari/537.36"
185.177.72.9 - - [19/Jul/2025:22:37:04 +0000] "GET /swagger.json HTTP/1.1" 404 11748 "-" "Mozilla/5.0 (Windows NT 10.0; Win64; x64) AppleWebKit/537.36 (KHTML, like Gecko) Chrome/91.0.4472.124 Safari/537.36"
185.177.72.9 - - [19/Jul/2025:22:37:04 +0000] "GET /test.php HTTP/1.1" 404 11748 "-" "Mozilla/5.0 (Windows NT 10.0; Win64; x64) AppleWebKit/537.36 (KHTML, like Gecko) Chrome/91.0.4472.124 Safari/537.36"
185.177.72.9 - - [19/Jul/2025:22:37:05 +0000] "GET /test_phpinfo.php HTTP/1.1" 404 11748 "-" "Mozilla/5.0 (Windows NT 10.0; Win64; x64) AppleWebKit/537.36 (KHTML, like Gecko) Chrome/91.0.4472.124 Safari/537.36"
185.177.72.9 - - [19/Jul/2025:22:37:05 +0000] "GET /user/config/config.js HTTP/1.1" 404 11748 "-" "Mozilla/5.0 (Windows NT 10.0; Win64; x64) AppleWebKit/537.36 (KHTML, like Gecko) Chrome/91.0.4472.124 Safari/537.36"
185.177.72.9 - - [19/Jul/2025:22:37:05 +0000] "GET /user/controllers/index.js HTTP/1.1" 404 11748 "-" "Mozilla/5.0 (Windows NT 10.0; Win64; x64) AppleWebKit/537.36 (KHTML, like Gecko) Chrome/91.0.4472.124 Safari/537.36"
185.177.72.9 - - [19/Jul/2025:22:37:06 +0000] "GET /vendor/.env HTTP/1.1" 404 11748 "-" "Mozilla/5.0 (Windows NT 10.0; Win64; x64) AppleWebKit/537.36 (KHTML, like Gecko) Chrome/91.0.4472.124 Safari/537.36"
185.177.72.9 - - [19/Jul/2025:22:37:06 +0000] "GET /web/.env HTTP/1.1" 404 11748 "-" "Mozilla/5.0 (Windows NT 10.0; Win64; x64) AppleWebKit/537.36 (KHTML, like Gecko) Chrome/91.0.4472.124 Safari/537.36"
185.177.72.9 - - [19/Jul/2025:22:37:06 +0000] "GET /website/.env HTTP/1.1" 404 11748 "-" "Mozilla/5.0 (Windows NT 10.0; Win64; x64) AppleWebKit/537.36 (KHTML, like Gecko) Chrome/91.0.4472.124 Safari/537.36"
185.177.72.9 - - [19/Jul/2025:22:37:07 +0000] "GET /wp-config HTTP/1.1" 404 11748 "-" "Mozilla/5.0 (Windows NT 10.0; Win64; x64) AppleWebKit/537.36 (KHTML, like Gecko) Chrome/91.0.4472.124 Safari/537.36"
185.177.72.9 - - [19/Jul/2025:22:37:07 +0000] "GET /wp-content/.env HTTP/1.1" 404 11748 "-" "Mozilla/5.0 (Windows NT 10.0; Win64; x64) AppleWebKit/537.36 (KHTML, like Gecko) Chrome/91.0.4472.124 Safari/537.36"
185.177.72.9 - - [19/Jul/2025:22:37:08 +0000] "GET /xampp/.env HTTP/1.1" 404 11748 "-" "Mozilla/5.0 (Windows NT 10.0; Win64; x64) AppleWebKit/537.36 (KHTML, like Gecko) Chrome/91.0.4472.124 Safari/537.36"
185.177.72.9 - - [19/Jul/2025:22:37:08 +0000] "GET /xampp/phpinfo.php HTTP/1.1" 404 11748 "-" "Mozilla/5.0 (Windows NT 10.0; Win64; x64) AppleWebKit/537.36 (KHTML, like Gecko) Chrome/91.0.4472.124 Safari/537.36"
185.177.72.9 - - [19/Jul/2025:22:37:09 +0000] "GET /www/.env HTTP/1.1" 404 11748 "-" "Mozilla/5.0 (Windows NT 10.0; Win64; x64) AppleWebKit/537.36 (KHTML, like Gecko) Chrome/91.0.4472.124 Safari/537.36"
185.177.72.9 - - [19/Jul/2025:22:37:09 +0000] "GET /config.env HTTP/1.1" 404 11748 "-" "Mozilla/5.0 (Windows NT 10.0; Win64; x64) AppleWebKit/537.36 (KHTML, like Gecko) Chrome/91.0.4472.124 Safari/537.36"
185.177.72.9 - - [19/Jul/2025:22:37:09 +0000] "GET /.env_sample HTTP/1.1" 404 11748 "-" "Mozilla/5.0 (Windows NT 10.0; Win64; x64) AppleWebKit/537.36 (KHTML, like Gecko) Chrome/91.0.4472.124 Safari/537.36"
185.177.72.9 - - [19/Jul/2025:22:37:10 +0000] "GET /static/js/main.141b0494.js HTTP/1.1" 404 11748 "-" "Mozilla/5.0 (Windows NT 10.0; Win64; x64) AppleWebKit/537.36 (KHTML, like Gecko) Chrome/91.0.4472.124 Safari/537.36"
185.177.72.9 - - [19/Jul/2025:22:37:10 +0000] "GET /static/js/2.ca066a4b.chunk.js HTTP/1.1" 404 11748 "-" "Mozilla/5.0 (Windows NT 10.0; Win64; x64) AppleWebKit/537.36 (KHTML, like Gecko) Chrome/91.0.4472.124 Safari/537.36"
185.177.72.9 - - [19/Jul/2025:22:37:11 +0000] "GET /static/js/main.e85f7a37.js HTTP/1.1" 404 11748 "-" "Mozilla/5.0 (Windows NT 10.0; Win64; x64) AppleWebKit/537.36 (KHTML, like Gecko) Chrome/91.0.4472.124 Safari/537.36"
185.177.72.9 - - [19/Jul/2025:22:37:11 +0000] "GET /server_info.php HTTP/1.1" 404 11748 "-" "Mozilla/5.0 (Windows NT 10.0; Win64; x64) AppleWebKit/537.36 (KHTML, like Gecko) Chrome/91.0.4472.124 Safari/537.36"
185.177.72.9 - - [19/Jul/2025:22:37:11 +0000] "GET /config.json HTTP/1.1" 404 11748 "-" "Mozilla/5.0 (Windows NT 10.0; Win64; x64) AppleWebKit/537.36 (KHTML, like Gecko) Chrome/91.0.4472.124 Safari/537.36"
185.177.72.9 - - [19/Jul/2025:22:37:12 +0000] "GET /app.py HTTP/1.1" 404 11748 "-" "Mozilla/5.0 (Windows NT 10.0; Win64; x64) AppleWebKit/537.36 (KHTML, like Gecko) Chrome/91.0.4472.124 Safari/537.36"
185.177.72.9 - - [19/Jul/2025:22:37:12 +0000] "GET /apis/config/config.js HTTP/1.1" 404 11748 "-" "Mozilla/5.0 (Windows NT 10.0; Win64; x64) AppleWebKit/537.36 (KHTML, like Gecko) Chrome/91.0.4472.124 Safari/537.36"
185.177.72.9 - - [19/Jul/2025:22:37:12 +0000] "GET /apis/controllers/users.js HTTP/1.1" 404 11748 "-" "Mozilla/5.0 (Windows NT 10.0; Win64; x64) AppleWebKit/537.36 (KHTML, like Gecko) Chrome/91.0.4472.124 Safari/537.36"
185.177.72.9 - - [19/Jul/2025:22:37:13 +0000] "GET /configs/routes-4aug.js HTTP/1.1" 404 11748 "-" "Mozilla/5.0 (Windows NT 10.0; Win64; x64) AppleWebKit/537.36 (KHTML, like Gecko) Chrome/91.0.4472.124 Safari/537.36"
185.177.72.9 - - [19/Jul/2025:22:37:13 +0000] "GET /configs/routes.js HTTP/1.1" 404 11748 "-" "Mozilla/5.0 (Windows NT 10.0; Win64; x64) AppleWebKit/537.36 (KHTML, like Gecko) Chrome/91.0.4472.124 Safari/537.36"
185.177.72.9 - - [19/Jul/2025:22:37:13 +0000] "GET /configs/s3_config.json HTTP/1.1" 404 11748 "-" "Mozilla/5.0 (Windows NT 10.0; Win64; x64) AppleWebKit/537.36 (KHTML, like Gecko) Chrome/91.0.4472.124 Safari/537.36"
185.177.72.9 - - [19/Jul/2025:22:37:14 +0000] "GET /.circleci/configs/development.yml HTTP/1.1" 404 11748 "-" "Mozilla/5.0 (Windows NT 10.0; Win64; x64) AppleWebKit/537.36 (KHTML, like Gecko) Chrome/91.0.4472.124 Safari/537.36"
185.177.72.9 - - [19/Jul/2025:22:37:14 +0000] "GET /helpers/utility.js HTTP/1.1" 404 11748 "-" "Mozilla/5.0 (Windows NT 10.0; Win64; x64) AppleWebKit/537.36 (KHTML, like Gecko) Chrome/91.0.4472.124 Safari/537.36"
185.177.72.9 - - [19/Jul/2025:22:37:15 +0000] "GET /server/s3.js HTTP/1.1" 404 11748 "-" "Mozilla/5.0 (Windows NT 10.0; Win64; x64) AppleWebKit/537.36 (KHTML, like Gecko) Chrome/91.0.4472.124 Safari/537.36"
209.74.77.214 - - [19/Jul/2025:22:37:58 +0000] "POST /wp-cron.php?doing_wp_cron=1752964678.7191290855407714843750 HTTP/1.1" 200 - "-" "WordPress/6.8.2; https://gardenify.com.au"
20.171.207.73 - - [19/Jul/2025:22:37:57 +0000] "GET /goodscode/87799740.shtm HTTP/1.1" 404 11743 "-" "Mozilla/5.0 AppleWebKit/537.36 (KHTML, like Gecko; compatible; GPTBot/1.2; +https://openai.com/gptbot)"
209.74.77.214 - - [19/Jul/2025:22:37:58 +0000] "POST /wp-admin/admin-ajax.php?action=async_litespeed&nonce=EUE1fQnn0iYQilD7jpjOODzB4bsy5DkZ&litespeed_type=imgoptm HTTP/1.1" 200 21 "-" "WordPress/6.8.2; https://gardenify.com.au"
209.74.77.214 - - [19/Jul/2025:22:39:00 +0000] "POST /wp-cron.php?doing_wp_cron=1752964740.6277129650115966796875 HTTP/1.1" 200 - "-" "WordPress/6.8.2; https://gardenify.com.au"
20.171.207.73 - - [19/Jul/2025:22:38:59 +0000] "GET /goodscode/87786420.shtm HTTP/1.1" 404 11743 "-" "Mozilla/5.0 AppleWebKit/537.36 (KHTML, like Gecko; compatible; GPTBot/1.2; +https://openai.com/gptbot)"
209.74.77.214 - - [19/Jul/2025:22:39:00 +0000] "POST /wp-admin/admin-ajax.php?action=async_litespeed&nonce=GpF14fQoSkIL8oDvxaXjHz5Ra7OgoS3q&litespeed_type=imgoptm HTTP/1.1" 200 21 "-" "WordPress/6.8.2; https://gardenify.com.au"
209.74.77.214 - - [19/Jul/2025:22:40:06 +0000] "POST /wp-cron.php?doing_wp_cron=1752964806.2791340351104736328125 HTTP/1.1" 200 - "-" "WordPress/6.8.2; https://gardenify.com.au"
20.171.207.73 - - [19/Jul/2025:22:40:04 +0000] "GET /goodscode/87802371.shtm HTTP/1.1" 404 11743 "-" "Mozilla/5.0 AppleWebKit/537.36 (KHTML, like Gecko; compatible; GPTBot/1.2; +https://openai.com/gptbot)"
209.74.77.214 - - [19/Jul/2025:22:40:06 +0000] "POST /wp-admin/admin-ajax.php?action=async_litespeed&nonce=KKpBqdgbaDe65xwkQBi4EVOIfx6YVejH&litespeed_type=imgoptm HTTP/1.1" 200 21 "-" "WordPress/6.8.2; https://gardenify.com.au"
209.74.77.214 - - [19/Jul/2025:22:41:07 +0000] "POST /wp-cron.php?doing_wp_cron=1752964867.5693509578704833984375 HTTP/1.1" 200 - "-" "WordPress/6.8.2; https://gardenify.com.au"
20.171.207.73 - - [19/Jul/2025:22:41:06 +0000] "GET /goodscode/87788523.shtm HTTP/1.1" 404 11743 "-" "Mozilla/5.0 AppleWebKit/537.36 (KHTML, like Gecko; compatible; GPTBot/1.2; +https://openai.com/gptbot)"
209.74.77.214 - - [19/Jul/2025:22:41:07 +0000] "POST /wp-admin/admin-ajax.php?action=async_litespeed&nonce=jLiFrQt6gCzvxuykfQJkW0M0HYpRUacS&litespeed_type=imgoptm HTTP/1.1" 200 21 "-" "WordPress/6.8.2; https://gardenify.com.au"
209.74.77.214 - - [19/Jul/2025:22:42:13 +0000] "POST /wp-cron.php?doing_wp_cron=1752964932.9917140007019042968750 HTTP/1.1" 200 - "-" "WordPress/6.8.2; https://gardenify.com.au"
20.171.207.73 - - [19/Jul/2025:22:42:11 +0000] "GET /goodscode/87802404.shtm HTTP/1.1" 404 11743 "-" "Mozilla/5.0 AppleWebKit/537.36 (KHTML, like Gecko; compatible; GPTBot/1.2; +https://openai.com/gptbot)"
209.74.77.214 - - [19/Jul/2025:22:42:13 +0000] "POST /wp-admin/admin-ajax.php?action=async_litespeed&nonce=X2J3uEnOK0Zp9jt2c3wyu1qh1OOghThr&litespeed_type=imgoptm HTTP/1.1" 200 21 "-" "WordPress/6.8.2; https://gardenify.com.au"
209.74.77.214 - - [19/Jul/2025:22:43:16 +0000] "POST /wp-cron.php?doing_wp_cron=1752964996.7010030746459960937500 HTTP/1.1" 200 - "-" "WordPress/6.8.2; https://gardenify.com.au"
20.171.207.73 - - [19/Jul/2025:22:43:15 +0000] "GET /goodscode/87781501.shtm HTTP/1.1" 404 11743 "-" "Mozilla/5.0 AppleWebKit/537.36 (KHTML, like Gecko; compatible; GPTBot/1.2; +https://openai.com/gptbot)"
209.74.77.214 - - [19/Jul/2025:22:43:16 +0000] "POST /wp-admin/admin-ajax.php?action=async_litespeed&nonce=ky4swvp107VOivmyRVyggStcR3l8xNWZ&litespeed_type=imgoptm HTTP/1.1" 200 21 "-" "WordPress/6.8.2; https://gardenify.com.au"
216.73.216.41 - - [19/Jul/2025:22:43:45 +0000] "GET /sitemap-14.xml HTTP/1.1" 200 3763 "-" "Mozilla/5.0 AppleWebKit/537.36 (KHTML, like Gecko; compatible; ClaudeBot/1.0; [email protected])"
216.73.216.41 - - [19/Jul/2025:22:43:45 +0000] "GET /sitemap-15.xml HTTP/1.1" 200 3763 "-" "Mozilla/5.0 AppleWebKit/537.36 (KHTML, like Gecko; compatible; ClaudeBot/1.0; [email protected])"
209.74.77.214 - - [19/Jul/2025:22:44:15 +0000] "POST /wp-cron.php?doing_wp_cron=1752965055.6549150943756103515625 HTTP/1.1" 200 - "-" "WordPress/6.8.2; https://gardenify.com.au"
20.171.207.73 - - [19/Jul/2025:22:44:15 +0000] "GET /goodscode/87786200.shtm HTTP/1.1" 404 11743 "-" "Mozilla/5.0 AppleWebKit/537.36 (KHTML, like Gecko; compatible; GPTBot/1.2; +https://openai.com/gptbot)"
209.74.77.214 - - [19/Jul/2025:22:44:15 +0000] "POST /wp-admin/admin-ajax.php?action=async_litespeed&nonce=mBzzT7qvUqs6SH2lBzNfMcdACNzfV5W1&litespeed_type=imgoptm HTTP/1.1" 200 21 "-" "WordPress/6.8.2; https://gardenify.com.au"
216.73.216.41 - - [19/Jul/2025:22:45:18 +0000] "GET /db.php/sitemap-3.xml HTTP/1.1" 200 13850 "-" "Mozilla/5.0 AppleWebKit/537.36 (KHTML, like Gecko; compatible; ClaudeBot/1.0; [email protected])"
209.74.77.214 - - [19/Jul/2025:22:45:20 +0000] "POST /wp-cron.php?doing_wp_cron=1752965120.6221129894256591796875 HTTP/1.1" 200 - "-" "WordPress/6.8.2; https://gardenify.com.au"
20.171.207.73 - - [19/Jul/2025:22:45:19 +0000] "GET /goodscode/87797125.shtm HTTP/1.1" 404 11743 "-" "Mozilla/5.0 AppleWebKit/537.36 (KHTML, like Gecko; compatible; GPTBot/1.2; +https://openai.com/gptbot)"
209.74.77.214 - - [19/Jul/2025:22:45:20 +0000] "POST /wp-admin/admin-ajax.php?action=async_litespeed&nonce=BYqKw98pENxadO4yfuaR5LwvDWrLpM82&litespeed_type=imgoptm HTTP/1.1" 200 21 "-" "WordPress/6.8.2; https://gardenify.com.au"
209.74.77.214 - - [19/Jul/2025:22:46:26 +0000] "POST /wp-cron.php?doing_wp_cron=1752965186.8526930809020996093750 HTTP/1.1" 200 - "-" "WordPress/6.8.2; https://gardenify.com.au"
20.171.207.73 - - [19/Jul/2025:22:46:25 +0000] "GET /goodscode/87795532.shtm HTTP/1.1" 404 11743 "-" "Mozilla/5.0 AppleWebKit/537.36 (KHTML, like Gecko; compatible; GPTBot/1.2; +https://openai.com/gptbot)"
209.74.77.214 - - [19/Jul/2025:22:46:26 +0000] "POST /wp-admin/admin-ajax.php?action=async_litespeed&nonce=ihHEIXEYGPpOi8OWzeXo4I7Q1yUWsg4p&litespeed_type=imgoptm HTTP/1.1" 200 21 "-" "WordPress/6.8.2; https://gardenify.com.au"
209.74.77.214 - - [19/Jul/2025:22:47:33 +0000] "POST /wp-cron.php?doing_wp_cron=1752965253.0134429931640625000000 HTTP/1.1" 200 - "-" "WordPress/6.8.2; https://gardenify.com.au"
20.171.207.73 - - [19/Jul/2025:22:47:31 +0000] "GET /goodscode/87798373.shtm HTTP/1.1" 404 11743 "-" "Mozilla/5.0 AppleWebKit/537.36 (KHTML, like Gecko; compatible; GPTBot/1.2; +https://openai.com/gptbot)"
209.74.77.214 - - [19/Jul/2025:22:47:33 +0000] "POST /wp-admin/admin-ajax.php?action=async_litespeed&nonce=SDcZEXoVBett0nbg3QgaX5Em362MvY4g&litespeed_type=imgoptm HTTP/1.1" 200 21 "-" "WordPress/6.8.2; https://gardenify.com.au"
209.74.77.214 - - [19/Jul/2025:22:48:33 +0000] "POST /wp-cron.php?doing_wp_cron=1752965313.2115030288696289062500 HTTP/1.1" 200 - "-" "WordPress/6.8.2; https://gardenify.com.au"
20.171.207.73 - - [19/Jul/2025:22:48:32 +0000] "GET /goodscode/87798679.shtm HTTP/1.1" 404 11743 "-" "Mozilla/5.0 AppleWebKit/537.36 (KHTML, like Gecko; compatible; GPTBot/1.2; +https://openai.com/gptbot)"
209.74.77.214 - - [19/Jul/2025:22:48:33 +0000] "POST /wp-admin/admin-ajax.php?action=async_litespeed&nonce=VsaU4rV6NGjN2Pq8qiSmBoWNnDF3ULWe&litespeed_type=imgoptm HTTP/1.1" 200 21 "-" "WordPress/6.8.2; https://gardenify.com.au"
209.74.77.214 - - [19/Jul/2025:22:49:35 +0000] "POST /wp-cron.php?doing_wp_cron=1752965375.4023909568786621093750 HTTP/1.1" 200 - "-" "WordPress/6.8.2; https://gardenify.com.au"
20.171.207.73 - - [19/Jul/2025:22:49:34 +0000] "GET /goodscode/87791074.shtm HTTP/1.1" 404 11743 "-" "Mozilla/5.0 AppleWebKit/537.36 (KHTML, like Gecko; compatible; GPTBot/1.2; +https://openai.com/gptbot)"
209.74.77.214 - - [19/Jul/2025:22:49:35 +0000] "POST /wp-admin/admin-ajax.php?action=async_litespeed&nonce=ir4YgbcbfHmoUEDsiCgpe4D2Iu8qvy7M&litespeed_type=imgoptm HTTP/1.1" 200 21 "-" "WordPress/6.8.2; https://gardenify.com.au"
209.74.77.214 - - [19/Jul/2025:22:50:39 +0000] "POST /wp-cron.php?doing_wp_cron=1752965439.5971999168395996093750 HTTP/1.1" 200 - "-" "WordPress/6.8.2; https://gardenify.com.au"
20.171.207.73 - - [19/Jul/2025:22:50:38 +0000] "GET /goodscode/87783417.shtm HTTP/1.1" 404 11743 "-" "Mozilla/5.0 AppleWebKit/537.36 (KHTML, like Gecko; compatible; GPTBot/1.2; +https://openai.com/gptbot)"
209.74.77.214 - - [19/Jul/2025:22:50:39 +0000] "POST /wp-admin/admin-ajax.php?action=async_litespeed&nonce=plQnVHfELwuwrFjHMgRdCHKtBxZwmcQT&litespeed_type=imgoptm HTTP/1.1" 200 21 "-" "WordPress/6.8.2; https://gardenify.com.au"
209.74.77.214 - - [19/Jul/2025:22:51:36 +0000] "POST /wp-cron.php?doing_wp_cron=1752965496.0786631107330322265625 HTTP/1.1" 200 - "-" "WordPress/6.8.2; https://gardenify.com.au"
57.141.2.9 - - [19/Jul/2025:22:51:34 +0000] "GET /goodscode/37673059.shtm HTTP/1.1" 404 50359 "-" "meta-externalagent/1.1 (+https://developers.facebook.com/docs/sharing/webmasters/crawler)"
209.74.77.214 - - [19/Jul/2025:22:51:36 +0000] "POST /wp-admin/admin-ajax.php?action=async_litespeed&nonce=qLbrumxd0yZXkLvrUnuh95oBRD8fi2uc&litespeed_type=imgoptm HTTP/1.1" 200 21 "-" "WordPress/6.8.2; https://gardenify.com.au"
20.171.207.73 - - [19/Jul/2025:22:51:38 +0000] "GET /goodscode/87798788.shtm HTTP/1.1" 404 11743 "-" "Mozilla/5.0 AppleWebKit/537.36 (KHTML, like Gecko; compatible; GPTBot/1.2; +https://openai.com/gptbot)"
216.73.216.41 - - [19/Jul/2025:22:52:30 +0000] "GET /db.php/sitemap-6.xml HTTP/1.1" 200 13911 "-" "Mozilla/5.0 AppleWebKit/537.36 (KHTML, like Gecko; compatible; ClaudeBot/1.0; [email protected])"
209.74.77.214 - - [19/Jul/2025:22:52:41 +0000] "POST /wp-cron.php?doing_wp_cron=1752965561.3034861087799072265625 HTTP/1.1" 200 - "-" "WordPress/6.8.2; https://gardenify.com.au"
20.171.207.73 - - [19/Jul/2025:22:52:40 +0000] "GET /goodscode/87788975.shtm HTTP/1.1" 404 11743 "-" "Mozilla/5.0 AppleWebKit/537.36 (KHTML, like Gecko; compatible; GPTBot/1.2; +https://openai.com/gptbot)"
209.74.77.214 - - [19/Jul/2025:22:52:41 +0000] "POST /wp-admin/admin-ajax.php?action=async_litespeed&nonce=pPLFhZPvsBte0UMQJ4TnOJuInT0DjfYR&litespeed_type=imgoptm HTTP/1.1" 200 21 "-" "WordPress/6.8.2; https://gardenify.com.au"
209.74.77.214 - - [19/Jul/2025:22:53:41 +0000] "POST /wp-cron.php?doing_wp_cron=1752965621.7531640529632568359375 HTTP/1.1" 200 - "-" "WordPress/6.8.2; https://gardenify.com.au"
20.171.207.73 - - [19/Jul/2025:22:53:40 +0000] "GET /goodscode/87780806.shtm HTTP/1.1" 404 11743 "-" "Mozilla/5.0 AppleWebKit/537.36 (KHTML, like Gecko; compatible; GPTBot/1.2; +https://openai.com/gptbot)"
209.74.77.214 - - [19/Jul/2025:22:53:41 +0000] "POST /wp-admin/admin-ajax.php?action=async_litespeed&nonce=1dASVI3jGtRviY3guI4iZPV3SjQRVEIs&litespeed_type=imgoptm HTTP/1.1" 200 21 "-" "WordPress/6.8.2; https://gardenify.com.au"
209.74.77.214 - - [19/Jul/2025:22:54:45 +0000] "POST /wp-cron.php?doing_wp_cron=1752965685.5578479766845703125000 HTTP/1.1" 200 - "-" "WordPress/6.8.2; https://gardenify.com.au"
20.171.207.73 - - [19/Jul/2025:22:54:44 +0000] "GET /goodscode/87784052.shtm HTTP/1.1" 404 11743 "-" "Mozilla/5.0 AppleWebKit/537.36 (KHTML, like Gecko; compatible; GPTBot/1.2; +https://openai.com/gptbot)"
209.74.77.214 - - [19/Jul/2025:22:54:45 +0000] "POST /wp-admin/admin-ajax.php?action=async_litespeed&nonce=qZ37hFr2onu3vRTHU6wCnKKb0tyCndfo&litespeed_type=imgoptm HTTP/1.1" 200 21 "-" "WordPress/6.8.2; https://gardenify.com.au"
209.74.77.214 - - [19/Jul/2025:22:55:49 +0000] "POST /wp-cron.php?doing_wp_cron=1752965749.7684440612792968750000 HTTP/1.1" 200 - "-" "WordPress/6.8.2; https://gardenify.com.au"
57.141.2.16 - - [19/Jul/2025:22:55:48 +0000] "GET /?s=24904792031490& HTTP/1.1" 200 50573 "-" "meta-externalagent/1.1 (+https://developers.facebook.com/docs/sharing/webmasters/crawler)"
209.74.77.214 - - [19/Jul/2025:22:55:49 +0000] "POST /wp-admin/admin-ajax.php?action=async_litespeed&nonce=ajBfXo3DQ4xOEnQt3ffG9xtXlDdD1Sfw&litespeed_type=imgoptm HTTP/1.1" 200 21 "-" "WordPress/6.8.2; https://gardenify.com.au"
20.171.207.73 - - [19/Jul/2025:22:55:50 +0000] "GET /goodscode/87793869.shtm HTTP/1.1" 404 11743 "-" "Mozilla/5.0 AppleWebKit/537.36 (KHTML, like Gecko; compatible; GPTBot/1.2; +https://openai.com/gptbot)"
209.74.77.214 - - [19/Jul/2025:22:56:54 +0000] "POST /wp-cron.php?doing_wp_cron=1752965814.7563540935516357421875 HTTP/1.1" 200 - "-" "WordPress/6.8.2; https://gardenify.com.au"
20.171.207.73 - - [19/Jul/2025:22:56:53 +0000] "GET /goodscode/87797485.shtm HTTP/1.1" 404 11742 "-" "Mozilla/5.0 AppleWebKit/537.36 (KHTML, like Gecko; compatible; GPTBot/1.2; +https://openai.com/gptbot)"
209.74.77.214 - - [19/Jul/2025:22:56:54 +0000] "POST /wp-admin/admin-ajax.php?action=async_litespeed&nonce=wOTH7jQTcQogRdenmNFgoWGtiMQG7tRH&litespeed_type=imgoptm HTTP/1.1" 200 21 "-" "WordPress/6.8.2; https://gardenify.com.au"
209.74.77.214 - - [19/Jul/2025:22:57:59 +0000] "POST /wp-cron.php?doing_wp_cron=1752965879.5310380458831787109375 HTTP/1.1" 200 - "-" "WordPress/6.8.2; https://gardenify.com.au"
20.171.207.73 - - [19/Jul/2025:22:57:58 +0000] "GET /goodscode/87789725.shtm HTTP/1.1" 404 11743 "-" "Mozilla/5.0 AppleWebKit/537.36 (KHTML, like Gecko; compatible; GPTBot/1.2; +https://openai.com/gptbot)"
209.74.77.214 - - [19/Jul/2025:22:57:59 +0000] "POST /wp-admin/admin-ajax.php?action=async_litespeed&nonce=HrGxIlxST7FvoutfwvjfAKr2pXTNJ0xv&litespeed_type=imgoptm HTTP/1.1" 200 21 "-" "WordPress/6.8.2; https://gardenify.com.au"
209.74.77.214 - - [19/Jul/2025:22:58:57 +0000] "POST /wp-cron.php?doing_wp_cron=1752965937.7038390636444091796875 HTTP/1.1" 200 - "-" "WordPress/6.8.2; https://gardenify.com.au"
57.141.2.30 - - [19/Jul/2025:22:58:56 +0000] "GET /goodscode/15920950.shtm HTTP/1.1" 404 50359 "-" "meta-externalagent/1.1 (+https://developers.facebook.com/docs/sharing/webmasters/crawler)"
209.74.77.214 - - [19/Jul/2025:22:58:57 +0000] "POST /wp-admin/admin-ajax.php?action=async_litespeed&nonce=WOlooTDfwLvoFjR3lUQhusptmFxSC0XD&litespeed_type=imgoptm HTTP/1.1" 200 21 "-" "WordPress/6.8.2; https://gardenify.com.au"
20.171.207.73 - - [19/Jul/2025:22:59:02 +0000] "GET /goodscode/87791684.shtm HTTP/1.1" 404 11743 "-" "Mozilla/5.0 AppleWebKit/537.36 (KHTML, like Gecko; compatible; GPTBot/1.2; +https://openai.com/gptbot)"
216.73.216.41 - - [19/Jul/2025:22:59:32 +0000] "GET /sitemap-13.xml HTTP/1.1" 200 3763 "-" "Mozilla/5.0 AppleWebKit/537.36 (KHTML, like Gecko; compatible; ClaudeBot/1.0; [email protected])"
209.74.77.214 - - [19/Jul/2025:23:00:05 +0000] "POST /wp-cron.php?doing_wp_cron=1752966005.4961481094360351562500 HTTP/1.1" 200 - "-" "WordPress/6.8.2; https://gardenify.com.au"
20.171.207.73 - - [19/Jul/2025:23:00:04 +0000] "GET /goodscode/87791074.shtm HTTP/1.1" 404 11742 "-" "Mozilla/5.0 AppleWebKit/537.36 (KHTML, like Gecko; compatible; GPTBot/1.2; +https://openai.com/gptbot)"
209.74.77.214 - - [19/Jul/2025:23:00:05 +0000] "POST /wp-admin/admin-ajax.php?action=async_litespeed&nonce=OTYEc54C4f5mKHZWYwe7eeELOhSUK98N&litespeed_type=imgoptm HTTP/1.1" 200 21 "-" "WordPress/6.8.2; https://gardenify.com.au"
209.74.77.214 - - [19/Jul/2025:23:01:08 +0000] "POST /wp-cron.php?doing_wp_cron=1752966068.2624089717864990234375 HTTP/1.1" 200 - "-" "WordPress/6.8.2; https://gardenify.com.au"
20.171.207.73 - - [19/Jul/2025:23:01:06 +0000] "GET /goodscode/87794379.shtm HTTP/1.1" 404 11743 "-" "Mozilla/5.0 AppleWebKit/537.36 (KHTML, like Gecko; compatible; GPTBot/1.2; +https://openai.com/gptbot)"
209.74.77.214 - - [19/Jul/2025:23:01:08 +0000] "POST /wp-admin/admin-ajax.php?action=async_litespeed&nonce=leo6ee38reMTacP7OmpXKmlfZq3C2tb2&litespeed_type=imgoptm HTTP/1.1" 200 21 "-" "WordPress/6.8.2; https://gardenify.com.au"
209.74.77.214 - - [19/Jul/2025:23:02:10 +0000] "POST /wp-cron.php?doing_wp_cron=1752966130.3272891044616699218750 HTTP/1.1" 200 - "-" "WordPress/6.8.2; https://gardenify.com.au"
20.171.207.73 - - [19/Jul/2025:23:02:08 +0000] "GET /goodscode/87800860.shtm HTTP/1.1" 404 11742 "-" "Mozilla/5.0 AppleWebKit/537.36 (KHTML, like Gecko; compatible; GPTBot/1.2; +https://openai.com/gptbot)"
209.74.77.214 - - [19/Jul/2025:23:02:10 +0000] "POST /wp-admin/admin-ajax.php?action=async_litespeed&nonce=beCi4Y3d4JK7miXxnPQrWKXPq3PetlNU&litespeed_type=imgoptm HTTP/1.1" 200 21 "-" "WordPress/6.8.2; https://gardenify.com.au"
2a06:98c0:3600::103 - - [19/Jul/2025:23:02:41 +0000] "GET /wp-admin/setup-config.php HTTP/1.1" 409 1144 "-" "Mozilla/5.0 (Windows NT 10.0; Win64; x64) AppleWebKit/537.36 (KHTML, like Gecko) Chrome/137.0.0.0 Safari/537.36"
209.74.77.214 - - [19/Jul/2025:23:02:51 +0000] "POST /wp-cron.php?doing_wp_cron=1752966171.3376278877258300781250 HTTP/1.1" 200 - "-" "WordPress/6.8.2; https://gardenify.com.au"
209.74.77.214 - - [19/Jul/2025:23:02:51 +0000] "POST /wp-admin/admin-ajax.php?action=async_litespeed&nonce=rMvGFa3ZQFErtvp9We7AbHhijgZlZZiM&litespeed_type=imgoptm HTTP/1.1" 200 21 "-" "WordPress/6.8.2; https://gardenify.com.au"
185.177.72.201 - - [19/Jul/2025:23:02:51 +0000] "GET /?phpinfo=1 HTTP/1.1" 200 25741 "-" "Mozilla/5.0 (Windows NT 10.0; Win64; x64) AppleWebKit/537.36 (KHTML, like Gecko) Chrome/91.0.4472.124 Safari/537.36"
185.177.72.201 - - [19/Jul/2025:23:02:52 +0000] "GET /admin/config HTTP/1.1" 404 11748 "-" "Mozilla/5.0 (Windows NT 10.0; Win64; x64) AppleWebKit/537.36 (KHTML, like Gecko) Chrome/91.0.4472.124 Safari/537.36"
185.177.72.201 - - [19/Jul/2025:23:02:52 +0000] "GET /admin/config?cmd=cat+/root/.aws/credentials HTTP/1.1" 404 11748 "-" "Mozilla/5.0 (Windows NT 10.0; Win64; x64) AppleWebKit/537.36 (KHTML, like Gecko) Chrome/91.0.4472.124 Safari/537.36"
185.177.72.201 - - [19/Jul/2025:23:02:52 +0000] "GET /admin/controllers/merchant.js HTTP/1.1" 404 11748 "-" "Mozilla/5.0 (Windows NT 10.0; Win64; x64) AppleWebKit/537.36 (KHTML, like Gecko) Chrome/91.0.4472.124 Safari/537.36"
185.177.72.201 - - [19/Jul/2025:23:02:53 +0000] "GET /admin/controllers/partner.js HTTP/1.1" 404 11748 "-" "Mozilla/5.0 (Windows NT 10.0; Win64; x64) AppleWebKit/537.36 (KHTML, like Gecko) Chrome/91.0.4472.124 Safari/537.36"
185.177.72.201 - - [19/Jul/2025:23:02:53 +0000] "GET /admin/server_info.php HTTP/1.1" 404 11748 "-" "Mozilla/5.0 (Windows NT 10.0; Win64; x64) AppleWebKit/537.36 (KHTML, like Gecko) Chrome/91.0.4472.124 Safari/537.36"
185.177.72.201 - - [19/Jul/2025:23:02:53 +0000] "GET /api/config.js HTTP/1.1" 404 11748 "-" "Mozilla/5.0 (Windows NT 10.0; Win64; x64) AppleWebKit/537.36 (KHTML, like Gecko) Chrome/91.0.4472.124 Safari/537.36"
185.177.72.201 - - [19/Jul/2025:23:02:54 +0000] "GET /api/config/config.yml HTTP/1.1" 404 11748 "-" "Mozilla/5.0 (Windows NT 10.0; Win64; x64) AppleWebKit/537.36 (KHTML, like Gecko) Chrome/91.0.4472.124 Safari/537.36"
185.177.72.201 - - [19/Jul/2025:23:02:54 +0000] "GET /api/objects/codes.php.save HTTP/1.1" 404 11748 "-" "Mozilla/5.0 (Windows NT 10.0; Win64; x64) AppleWebKit/537.36 (KHTML, like Gecko) Chrome/91.0.4472.124 Safari/537.36"
185.177.72.201 - - [19/Jul/2025:23:02:54 +0000] "GET /api/shared/.env HTTP/1.1" 404 11748 "-" "Mozilla/5.0 (Windows NT 10.0; Win64; x64) AppleWebKit/537.36 (KHTML, like Gecko) Chrome/91.0.4472.124 Safari/537.36"
185.177.72.201 - - [19/Jul/2025:23:02:55 +0000] "GET /api/shared/config.env HTTP/1.1" 404 11748 "-" "Mozilla/5.0 (Windows NT 10.0; Win64; x64) AppleWebKit/537.36 (KHTML, like Gecko) Chrome/91.0.4472.124 Safari/537.36"
185.177.72.201 - - [19/Jul/2025:23:02:55 +0000] "GET /api/shared/config/.env HTTP/1.1" 404 11748 "-" "Mozilla/5.0 (Windows NT 10.0; Win64; x64) AppleWebKit/537.36 (KHTML, like Gecko) Chrome/91.0.4472.124 Safari/537.36"
185.177.72.201 - - [19/Jul/2025:23:02:56 +0000] "GET /api/shared/config/config.env HTTP/1.1" 404 11748 "-" "Mozilla/5.0 (Windows NT 10.0; Win64; x64) AppleWebKit/537.36 (KHTML, like Gecko) Chrome/91.0.4472.124 Safari/537.36"
185.177.72.201 - - [19/Jul/2025:23:02:56 +0000] "GET /app.js HTTP/1.1" 404 11748 "-" "Mozilla/5.0 (Windows NT 10.0; Win64; x64) AppleWebKit/537.36 (KHTML, like Gecko) Chrome/91.0.4472.124 Safari/537.36"
185.177.72.201 - - [19/Jul/2025:23:02:56 +0000] "GET /app/.env HTTP/1.1" 404 11748 "-" "Mozilla/5.0 (Windows NT 10.0; Win64; x64) AppleWebKit/537.36 (KHTML, like Gecko) Chrome/91.0.4472.124 Safari/537.36"
185.177.72.201 - - [19/Jul/2025:23:02:57 +0000] "GET /app/config/parameters.yml HTTP/1.1" 404 11748 "-" "Mozilla/5.0 (Windows NT 10.0; Win64; x64) AppleWebKit/537.36 (KHTML, like Gecko) Chrome/91.0.4472.124 Safari/537.36"
185.177.72.201 - - [19/Jul/2025:23:02:57 +0000] "GET /app_dev.php/_profiler/phpinfo HTTP/1.1" 404 11748 "-" "Mozilla/5.0 (Windows NT 10.0; Win64; x64) AppleWebKit/537.36 (KHTML, like Gecko) Chrome/91.0.4472.124 Safari/537.36"
185.177.72.201 - - [19/Jul/2025:23:02:57 +0000] "GET /appsettings.json HTTP/1.1" 404 11748 "-" "Mozilla/5.0 (Windows NT 10.0; Win64; x64) AppleWebKit/537.36 (KHTML, like Gecko) Chrome/91.0.4472.124 Safari/537.36"
185.177.72.201 - - [19/Jul/2025:23:02:58 +0000] "GET /application/.env HTTP/1.1" 404 11748 "-" "Mozilla/5.0 (Windows NT 10.0; Win64; x64) AppleWebKit/537.36 (KHTML, like Gecko) Chrome/91.0.4472.124 Safari/537.36"
185.177.72.201 - - [19/Jul/2025:23:02:58 +0000] "GET /aws-secret.yaml HTTP/1.1" 404 11748 "-" "Mozilla/5.0 (Windows NT 10.0; Win64; x64) AppleWebKit/537.36 (KHTML, like Gecko) Chrome/91.0.4472.124 Safari/537.36"
185.177.72.201 - - [19/Jul/2025:23:02:59 +0000] "GET /aws.yml HTTP/1.1" 404 11748 "-" "Mozilla/5.0 (Windows NT 10.0; Win64; x64) AppleWebKit/537.36 (KHTML, like Gecko) Chrome/91.0.4472.124 Safari/537.36"
185.177.72.201 - - [19/Jul/2025:23:02:59 +0000] "GET /awstats/.env HTTP/1.1" 404 11748 "-" "Mozilla/5.0 (Windows NT 10.0; Win64; x64) AppleWebKit/537.36 (KHTML, like Gecko) Chrome/91.0.4472.124 Safari/537.36"
185.177.72.201 - - [19/Jul/2025:23:02:59 +0000] "GET /backend/config/default.yml HTTP/1.1" 404 11748 "-" "Mozilla/5.0 (Windows NT 10.0; Win64; x64) AppleWebKit/537.36 (KHTML, like Gecko) Chrome/91.0.4472.124 Safari/537.36"
185.177.72.201 - - [19/Jul/2025:23:03:00 +0000] "GET /backend/config/development.yml HTTP/1.1" 404 11748 "-" "Mozilla/5.0 (Windows NT 10.0; Win64; x64) AppleWebKit/537.36 (KHTML, like Gecko) Chrome/91.0.4472.124 Safari/537.36"
185.177.72.201 - - [19/Jul/2025:23:03:00 +0000] "GET /backend/config/settings.yml HTTP/1.1" 404 11748 "-" "Mozilla/5.0 (Windows NT 10.0; Win64; x64) AppleWebKit/537.36 (KHTML, like Gecko) Chrome/91.0.4472.124 Safari/537.36"
185.177.72.201 - - [19/Jul/2025:23:03:01 +0000] "GET /blog.env HTTP/1.1" 404 11748 "-" "Mozilla/5.0 (Windows NT 10.0; Win64; x64) AppleWebKit/537.36 (KHTML, like Gecko) Chrome/91.0.4472.124 Safari/537.36"
185.177.72.201 - - [19/Jul/2025:23:03:01 +0000] "GET /cloud/Scraper.js HTTP/1.1" 404 11748 "-" "Mozilla/5.0 (Windows NT 10.0; Win64; x64) AppleWebKit/537.36 (KHTML, like Gecko) Chrome/91.0.4472.124 Safari/537.36"
185.177.72.201 - - [19/Jul/2025:23:03:01 +0000] "GET /conf/.env HTTP/1.1" 404 11748 "-" "Mozilla/5.0 (Windows NT 10.0; Win64; x64) AppleWebKit/537.36 (KHTML, like Gecko) Chrome/91.0.4472.124 Safari/537.36"
185.177.72.201 - - [19/Jul/2025:23:03:02 +0000] "GET /config.js HTTP/1.1" 404 11748 "-" "Mozilla/5.0 (Windows NT 10.0; Win64; x64) AppleWebKit/537.36 (KHTML, like Gecko) Chrome/91.0.4472.124 Safari/537.36"
185.177.72.201 - - [19/Jul/2025:23:03:02 +0000] "GET /config/application.yml HTTP/1.1" 404 11748 "-" "Mozilla/5.0 (Windows NT 10.0; Win64; x64) AppleWebKit/537.36 (KHTML, like Gecko) Chrome/91.0.4472.124 Safari/537.36"
185.177.72.201 - - [19/Jul/2025:23:03:02 +0000] "GET /config/aws.yml HTTP/1.1" 404 11747 "-" "Mozilla/5.0 (Windows NT 10.0; Win64; x64) AppleWebKit/537.36 (KHTML, like Gecko) Chrome/91.0.4472.124 Safari/537.36"
185.177.72.201 - - [19/Jul/2025:23:03:03 +0000] "GET /config/config.json HTTP/1.1" 404 11747 "-" "Mozilla/5.0 (Windows NT 10.0; Win64; x64) AppleWebKit/537.36 (KHTML, like Gecko) Chrome/91.0.4472.124 Safari/537.36"
185.177.72.201 - - [19/Jul/2025:23:03:03 +0000] "GET /config/constants.js HTTP/1.1" 404 11747 "-" "Mozilla/5.0 (Windows NT 10.0; Win64; x64) AppleWebKit/537.36 (KHTML, like Gecko) Chrome/91.0.4472.124 Safari/537.36"
185.177.72.201 - - [19/Jul/2025:23:03:03 +0000] "GET /config/env HTTP/1.1" 404 11748 "-" "Mozilla/5.0 (Windows NT 10.0; Win64; x64) AppleWebKit/537.36 (KHTML, like Gecko) Chrome/91.0.4472.124 Safari/537.36"
185.177.72.201 - - [19/Jul/2025:23:03:04 +0000] "GET /config/parameters.yml HTTP/1.1" 404 11748 "-" "Mozilla/5.0 (Windows NT 10.0; Win64; x64) AppleWebKit/537.36 (KHTML, like Gecko) Chrome/91.0.4472.124 Safari/537.36"
185.177.72.201 - - [19/Jul/2025:23:03:04 +0000] "GET /config/secrets.json HTTP/1.1" 404 11748 "-" "Mozilla/5.0 (Windows NT 10.0; Win64; x64) AppleWebKit/537.36 (KHTML, like Gecko) Chrome/91.0.4472.124 Safari/537.36"
185.177.72.201 - - [19/Jul/2025:23:03:05 +0000] "GET /config/settings.json HTTP/1.1" 404 11748 "-" "Mozilla/5.0 (Windows NT 10.0; Win64; x64) AppleWebKit/537.36 (KHTML, like Gecko) Chrome/91.0.4472.124 Safari/537.36"
185.177.72.201 - - [19/Jul/2025:23:03:05 +0000] "GET /config/settings.local HTTP/1.1" 404 11748 "-" "Mozilla/5.0 (Windows NT 10.0; Win64; x64) AppleWebKit/537.36 (KHTML, like Gecko) Chrome/91.0.4472.124 Safari/537.36"
185.177.72.201 - - [19/Jul/2025:23:03:05 +0000] "GET /config/settings.prod HTTP/1.1" 404 11748 "-" "Mozilla/5.0 (Windows NT 10.0; Win64; x64) AppleWebKit/537.36 (KHTML, like Gecko) Chrome/91.0.4472.124 Safari/537.36"
185.177.72.201 - - [19/Jul/2025:23:03:06 +0000] "GET /config.yaml HTTP/1.1" 404 11748 "-" "Mozilla/5.0 (Windows NT 10.0; Win64; x64) AppleWebKit/537.36 (KHTML, like Gecko) Chrome/91.0.4472.124 Safari/537.36"
185.177.72.201 - - [19/Jul/2025:23:03:06 +0000] "GET /config.yml HTTP/1.1" 404 11748 "-" "Mozilla/5.0 (Windows NT 10.0; Win64; x64) AppleWebKit/537.36 (KHTML, like Gecko) Chrome/91.0.4472.124 Safari/537.36"
2a06:98c0:3600::103 - - [19/Jul/2025:23:03:06 +0000] "GET /wordpress/wp-admin/setup-config.php HTTP/1.1" 404 11748 "-" "Mozilla/5.0 (Windows NT 10.0; Win64; x64) AppleWebKit/537.36 (KHTML, like Gecko) Chrome/137.0.0.0 Safari/537.36"
185.177.72.201 - - [19/Jul/2025:23:03:07 +0000] "GET /controller/admin/post.js HTTP/1.1" 404 11748 "-" "Mozilla/5.0 (Windows NT 10.0; Win64; x64) AppleWebKit/537.36 (KHTML, like Gecko) Chrome/91.0.4472.124 Safari/537.36"
185.177.72.201 - - [19/Jul/2025:23:03:07 +0000] "GET /controller/api/post.js HTTP/1.1" 404 11748 "-" "Mozilla/5.0 (Windows NT 10.0; Win64; x64) AppleWebKit/537.36 (KHTML, like Gecko) Chrome/91.0.4472.124 Safari/537.36"
185.177.72.201 - - [19/Jul/2025:23:03:07 +0000] "GET /controllers/settings.js HTTP/1.1" 404 11748 "-" "Mozilla/5.0 (Windows NT 10.0; Win64; x64) AppleWebKit/537.36 (KHTML, like Gecko) Chrome/91.0.4472.124 Safari/537.36"
185.177.72.201 - - [19/Jul/2025:23:03:07 +0000] "GET /crm/.env HTTP/1.1" 404 11748 "-" "Mozilla/5.0 (Windows NT 10.0; Win64; x64) AppleWebKit/537.36 (KHTML, like Gecko) Chrome/91.0.4472.124 Safari/537.36"
185.177.72.201 - - [19/Jul/2025:23:03:08 +0000] "GET /cron/.env HTTP/1.1" 404 11748 "-" "Mozilla/5.0 (Windows NT 10.0; Win64; x64) AppleWebKit/537.36 (KHTML, like Gecko) Chrome/91.0.4472.124 Safari/537.36"
185.177.72.201 - - [19/Jul/2025:23:03:08 +0000] "GET /dashboard/phpinfo.php HTTP/1.1" 404 11748 "-" "Mozilla/5.0 (Windows NT 10.0; Win64; x64) AppleWebKit/537.36 (KHTML, like Gecko) Chrome/91.0.4472.124 Safari/537.36"
185.177.72.201 - - [19/Jul/2025:23:03:09 +0000] "GET /debug/default/view HTTP/1.1" 404 11748 "-" "Mozilla/5.0 (Windows NT 10.0; Win64; x64) AppleWebKit/537.36 (KHTML, like Gecko) Chrome/91.0.4472.124 Safari/537.36"
20.171.207.73 - - [19/Jul/2025:23:03:09 +0000] "GET /goodscode/87781166.shtm HTTP/1.1" 404 11743 "-" "Mozilla/5.0 AppleWebKit/537.36 (KHTML, like Gecko; compatible; GPTBot/1.2; +https://openai.com/gptbot)"
185.177.72.201 - - [19/Jul/2025:23:03:09 +0000] "GET /development/.env HTTP/1.1" 404 11748 "-" "Mozilla/5.0 (Windows NT 10.0; Win64; x64) AppleWebKit/537.36 (KHTML, like Gecko) Chrome/91.0.4472.124 Safari/537.36"
185.177.72.201 - - [19/Jul/2025:23:03:09 +0000] "GET /dev/.env HTTP/1.1" 404 11748 "-" "Mozilla/5.0 (Windows NT 10.0; Win64; x64) AppleWebKit/537.36 (KHTML, like Gecko) Chrome/91.0.4472.124 Safari/537.36"
185.177.72.201 - - [19/Jul/2025:23:03:10 +0000] "GET /docker/.env HTTP/1.1" 404 11748 "-" "Mozilla/5.0 (Windows NT 10.0; Win64; x64) AppleWebKit/537.36 (KHTML, like Gecko) Chrome/91.0.4472.124 Safari/537.36"
185.177.72.201 - - [19/Jul/2025:23:03:10 +0000] "GET /env/.env HTTP/1.1" 404 11748 "-" "Mozilla/5.0 (Windows NT 10.0; Win64; x64) AppleWebKit/537.36 (KHTML, like Gecko) Chrome/91.0.4472.124 Safari/537.36"
185.177.72.201 - - [19/Jul/2025:23:03:11 +0000] "GET /gatsby-config.js HTTP/1.1" 404 11748 "-" "Mozilla/5.0 (Windows NT 10.0; Win64; x64) AppleWebKit/537.36 (KHTML, like Gecko) Chrome/91.0.4472.124 Safari/537.36"
185.177.72.201 - - [19/Jul/2025:23:03:11 +0000] "GET /getcpuutil.php-bakworking HTTP/1.1" 404 11748 "-" "Mozilla/5.0 (Windows NT 10.0; Win64; x64) AppleWebKit/537.36 (KHTML, like Gecko) Chrome/91.0.4472.124 Safari/537.36"
185.177.72.201 - - [19/Jul/2025:23:03:11 +0000] "GET /helper.js HTTP/1.1" 404 11748 "-" "Mozilla/5.0 (Windows NT 10.0; Win64; x64) AppleWebKit/537.36 (KHTML, like Gecko) Chrome/91.0.4472.124 Safari/537.36"
185.177.72.201 - - [19/Jul/2025:23:03:12 +0000] "GET /helper/EmailHelper.js HTTP/1.1" 404 11748 "-" "Mozilla/5.0 (Windows NT 10.0; Win64; x64) AppleWebKit/537.36 (KHTML, like Gecko) Chrome/91.0.4472.124 Safari/537.36"
185.177.72.201 - - [19/Jul/2025:23:03:12 +0000] "GET /i.php HTTP/1.1" 404 11748 "-" "Mozilla/5.0 (Windows NT 10.0; Win64; x64) AppleWebKit/537.36 (KHTML, like Gecko) Chrome/91.0.4472.124 Safari/537.36"
185.177.72.201 - - [19/Jul/2025:23:03:12 +0000] "GET /index.js HTTP/1.1" 404 11748 "-" "Mozilla/5.0 (Windows NT 10.0; Win64; x64) AppleWebKit/537.36 (KHTML, like Gecko) Chrome/91.0.4472.124 Safari/537.36"
185.177.72.201 - - [19/Jul/2025:23:03:13 +0000] "GET /js/.env HTTP/1.1" 404 11748 "-" "Mozilla/5.0 (Windows NT 10.0; Win64; x64) AppleWebKit/537.36 (KHTML, like Gecko) Chrome/91.0.4472.124 Safari/537.36"
185.177.72.201 - - [19/Jul/2025:23:03:13 +0000] "GET /js/main.js HTTP/1.1" 404 11748 "-" "Mozilla/5.0 (Windows NT 10.0; Win64; x64) AppleWebKit/537.36 (KHTML, like Gecko) Chrome/91.0.4472.124 Safari/537.36"
