185.177.72.201 - - [19/Jul/2025:23:03:13 +0000] "GET /karma.conf.json HTTP/1.1" 404 11748 "-" "Mozilla/5.0 (Windows NT 10.0; Win64; x64) AppleWebKit/537.36 (KHTML, like Gecko) Chrome/91.0.4472.124 Safari/537.36"
185.177.72.201 - - [19/Jul/2025:23:03:14 +0000] "GET /laravel/.env HTTP/1.1" 404 11748 "-" "Mozilla/5.0 (Windows NT 10.0; Win64; x64) AppleWebKit/537.36 (KHTML, like Gecko) Chrome/91.0.4472.124 Safari/537.36"
185.177.72.201 - - [19/Jul/2025:23:03:14 +0000] "GET /laravel/core/.env HTTP/1.1" 404 11748 "-" "Mozilla/5.0 (Windows NT 10.0; Win64; x64) AppleWebKit/537.36 (KHTML, like Gecko) Chrome/91.0.4472.124 Safari/537.36"
185.177.72.201 - - [19/Jul/2025:23:03:14 +0000] "GET /laravel/info.php HTTP/1.1" 404 11748 "-" "Mozilla/5.0 (Windows NT 10.0; Win64; x64) AppleWebKit/537.36 (KHTML, like Gecko) Chrome/91.0.4472.124 Safari/537.36"
185.177.72.201 - - [19/Jul/2025:23:03:15 +0000] "GET /library/.env HTTP/1.1" 404 11748 "-" "Mozilla/5.0 (Windows NT 10.0; Win64; x64) AppleWebKit/537.36 (KHTML, like Gecko) Chrome/91.0.4472.124 Safari/537.36"
185.177.72.201 - - [19/Jul/2025:23:03:15 +0000] "GET /local/.env HTTP/1.1" 404 11748 "-" "Mozilla/5.0 (Windows NT 10.0; Win64; x64) AppleWebKit/537.36 (KHTML, like Gecko) Chrome/91.0.4472.124 Safari/537.36"
185.177.72.201 - - [19/Jul/2025:23:03:15 +0000] "GET /main.js HTTP/1.1" 404 11748 "-" "Mozilla/5.0 (Windows NT 10.0; Win64; x64) AppleWebKit/537.36 (KHTML, like Gecko) Chrome/91.0.4472.124 Safari/537.36"
185.177.72.201 - - [19/Jul/2025:23:03:16 +0000] "GET /main.yml HTTP/1.1" 404 11748 "-" "Mozilla/5.0 (Windows NT 10.0; Win64; x64) AppleWebKit/537.36 (KHTML, like Gecko) Chrome/91.0.4472.124 Safari/537.36"
185.177.72.201 - - [19/Jul/2025:23:03:16 +0000] "GET /mail/.env HTTP/1.1" 404 11748 "-" "Mozilla/5.0 (Windows NT 10.0; Win64; x64) AppleWebKit/537.36 (KHTML, like Gecko) Chrome/91.0.4472.124 Safari/537.36"
185.177.72.201 - - [19/Jul/2025:23:03:16 +0000] "GET /mailer/.env HTTP/1.1" 404 11748 "-" "Mozilla/5.0 (Windows NT 10.0; Win64; x64) AppleWebKit/537.36 (KHTML, like Gecko) Chrome/91.0.4472.124 Safari/537.36"
185.177.72.201 - - [19/Jul/2025:23:03:17 +0000] "GET /my_env/chakaash.py HTTP/1.1" 404 11748 "-" "Mozilla/5.0 (Windows NT 10.0; Win64; x64) AppleWebKit/537.36 (KHTML, like Gecko) Chrome/91.0.4472.124 Safari/537.36"
185.177.72.201 - - [19/Jul/2025:23:03:17 +0000] "GET /my_env/newsletter.py HTTP/1.1" 404 11748 "-" "Mozilla/5.0 (Windows NT 10.0; Win64; x64) AppleWebKit/537.36 (KHTML, like Gecko) Chrome/91.0.4472.124 Safari/537.36"
185.177.72.201 - - [19/Jul/2025:23:03:18 +0000] "GET /my_env/palash.py HTTP/1.1" 404 11748 "-" "Mozilla/5.0 (Windows NT 10.0; Win64; x64) AppleWebKit/537.36 (KHTML, like Gecko) Chrome/91.0.4472.124 Safari/537.36"
185.177.72.201 - - [19/Jul/2025:23:03:18 +0000] "GET /myproject/.env HTTP/1.1" 404 11748 "-" "Mozilla/5.0 (Windows NT 10.0; Win64; x64) AppleWebKit/537.36 (KHTML, like Gecko) Chrome/91.0.4472.124 Safari/537.36"
185.177.72.201 - - [19/Jul/2025:23:03:18 +0000] "GET /mytest/astech_robot.js HTTP/1.1" 404 11748 "-" "Mozilla/5.0 (Windows NT 10.0; Win64; x64) AppleWebKit/537.36 (KHTML, like Gecko) Chrome/91.0.4472.124 Safari/537.36"
185.177.72.201 - - [19/Jul/2025:23:03:19 +0000] "GET /new/.env HTTP/1.1" 404 11748 "-" "Mozilla/5.0 (Windows NT 10.0; Win64; x64) AppleWebKit/537.36 (KHTML, like Gecko) Chrome/91.0.4472.124 Safari/537.36"
185.177.72.201 - - [19/Jul/2025:23:03:19 +0000] "GET /new/.env.local HTTP/1.1" 404 11748 "-" "Mozilla/5.0 (Windows NT 10.0; Win64; x64) AppleWebKit/537.36 (KHTML, like Gecko) Chrome/91.0.4472.124 Safari/537.36"
185.177.72.201 - - [19/Jul/2025:23:03:19 +0000] "GET /new/.env.production HTTP/1.1" 404 11748 "-" "Mozilla/5.0 (Windows NT 10.0; Win64; x64) AppleWebKit/537.36 (KHTML, like Gecko) Chrome/91.0.4472.124 Safari/537.36"
185.177.72.201 - - [19/Jul/2025:23:03:20 +0000] "GET /new/.env.staging HTTP/1.1" 404 11748 "-" "Mozilla/5.0 (Windows NT 10.0; Win64; x64) AppleWebKit/537.36 (KHTML, like Gecko) Chrome/91.0.4472.124 Safari/537.36"
185.177.72.201 - - [19/Jul/2025:23:03:20 +0000] "GET /nginx/.env HTTP/1.1" 404 11748 "-" "Mozilla/5.0 (Windows NT 10.0; Win64; x64) AppleWebKit/537.36 (KHTML, like Gecko) Chrome/91.0.4472.124 Safari/537.36"
185.177.72.201 - - [19/Jul/2025:23:03:21 +0000] "GET /node/.env_example HTTP/1.1" 404 11748 "-" "Mozilla/5.0 (Windows NT 10.0; Win64; x64) AppleWebKit/537.36 (KHTML, like Gecko) Chrome/91.0.4472.124 Safari/537.36"
185.177.72.201 - - [19/Jul/2025:23:03:21 +0000] "GET /node-api/.env HTTP/1.1" 404 11748 "-" "Mozilla/5.0 (Windows NT 10.0; Win64; x64) AppleWebKit/537.36 (KHTML, like Gecko) Chrome/91.0.4472.124 Safari/537.36"
185.177.72.201 - - [19/Jul/2025:23:03:21 +0000] "GET /node_modules/.env HTTP/1.1" 404 11748 "-" "Mozilla/5.0 (Windows NT 10.0; Win64; x64) AppleWebKit/537.36 (KHTML, like Gecko) Chrome/91.0.4472.124 Safari/537.36"
185.177.72.201 - - [19/Jul/2025:23:03:22 +0000] "GET /nextjs-app/.env HTTP/1.1" 404 11748 "-" "Mozilla/5.0 (Windows NT 10.0; Win64; x64) AppleWebKit/537.36 (KHTML, like Gecko) Chrome/91.0.4472.124 Safari/537.36"
185.177.72.201 - - [19/Jul/2025:23:03:22 +0000] "GET /partner/config/config.js HTTP/1.1" 404 11748 "-" "Mozilla/5.0 (Windows NT 10.0; Win64; x64) AppleWebKit/537.36 (KHTML, like Gecko) Chrome/91.0.4472.124 Safari/537.36"
209.74.77.214 - - [19/Jul/2025:23:03:23 +0000] "POST /wp-cron.php?doing_wp_cron=1752966203.0628409385681152343750 HTTP/1.1" 200 - "-" "WordPress/6.8.2; https://gardenify.com.au"
185.177.72.201 - - [19/Jul/2025:23:03:22 +0000] "GET /p.php HTTP/1.1" 404 11748 "-" "Mozilla/5.0 (Windows NT 10.0; Win64; x64) AppleWebKit/537.36 (KHTML, like Gecko) Chrome/91.0.4472.124 Safari/537.36"
185.177.72.201 - - [19/Jul/2025:23:03:23 +0000] "GET /portal/.env HTTP/1.1" 404 11748 "-" "Mozilla/5.0 (Windows NT 10.0; Win64; x64) AppleWebKit/537.36 (KHTML, like Gecko) Chrome/91.0.4472.124 Safari/537.36"
185.177.72.201 - - [19/Jul/2025:23:03:23 +0000] "GET /public/.env HTTP/1.1" 404 11748 "-" "Mozilla/5.0 (Windows NT 10.0; Win64; x64) AppleWebKit/537.36 (KHTML, like Gecko) Chrome/91.0.4472.124 Safari/537.36"
185.177.72.201 - - [19/Jul/2025:23:03:24 +0000] "GET /public/js/main.js HTTP/1.1" 404 11748 "-" "Mozilla/5.0 (Windows NT 10.0; Win64; x64) AppleWebKit/537.36 (KHTML, like Gecko) Chrome/91.0.4472.124 Safari/537.36"
185.177.72.201 - - [19/Jul/2025:23:03:24 +0000] "GET /react-app/.env HTTP/1.1" 404 11748 "-" "Mozilla/5.0 (Windows NT 10.0; Win64; x64) AppleWebKit/537.36 (KHTML, like Gecko) Chrome/91.0.4472.124 Safari/537.36"
185.177.72.201 - - [19/Jul/2025:23:03:24 +0000] "GET /react-app/.env.production HTTP/1.1" 404 11748 "-" "Mozilla/5.0 (Windows NT 10.0; Win64; x64) AppleWebKit/537.36 (KHTML, like Gecko) Chrome/91.0.4472.124 Safari/537.36"
185.177.72.201 - - [19/Jul/2025:23:03:25 +0000] "GET /scripts/nodemailer.js HTTP/1.1" 404 11748 "-" "Mozilla/5.0 (Windows NT 10.0; Win64; x64) AppleWebKit/537.36 (KHTML, like Gecko) Chrome/91.0.4472.124 Safari/537.36"
185.177.72.201 - - [19/Jul/2025:23:03:25 +0000] "GET /s3.js HTTP/1.1" 404 11748 "-" "Mozilla/5.0 (Windows NT 10.0; Win64; x64) AppleWebKit/537.36 (KHTML, like Gecko) Chrome/91.0.4472.124 Safari/537.36"
185.177.72.201 - - [19/Jul/2025:23:03:25 +0000] "GET /secured/phpinfo.php HTTP/1.1" 404 11748 "-" "Mozilla/5.0 (Windows NT 10.0; Win64; x64) AppleWebKit/537.36 (KHTML, like Gecko) Chrome/91.0.4472.124 Safari/537.36"
185.177.72.201 - - [19/Jul/2025:23:03:25 +0000] "GET /server-info HTTP/1.1" 404 11748 "-" "Mozilla/5.0 (Windows NT 10.0; Win64; x64) AppleWebKit/537.36 (KHTML, like Gecko) Chrome/91.0.4472.124 Safari/537.36"
185.177.72.201 - - [19/Jul/2025:23:03:26 +0000] "GET /server.js HTTP/1.1" 404 11748 "-" "Mozilla/5.0 (Windows NT 10.0; Win64; x64) AppleWebKit/537.36 (KHTML, like Gecko) Chrome/91.0.4472.124 Safari/537.36"
185.177.72.201 - - [19/Jul/2025:23:03:26 +0000] "GET /server/config/database.js HTTP/1.1" 404 11748 "-" "Mozilla/5.0 (Windows NT 10.0; Win64; x64) AppleWebKit/537.36 (KHTML, like Gecko) Chrome/91.0.4472.124 Safari/537.36"
185.177.72.201 - - [19/Jul/2025:23:03:26 +0000] "GET /service/email_service.py HTTP/1.1" 404 11748 "-" "Mozilla/5.0 (Windows NT 10.0; Win64; x64) AppleWebKit/537.36 (KHTML, like Gecko) Chrome/91.0.4472.124 Safari/537.36"
185.177.72.201 - - [19/Jul/2025:23:03:27 +0000] "GET /shared/config/config.js HTTP/1.1" 404 11748 "-" "Mozilla/5.0 (Windows NT 10.0; Win64; x64) AppleWebKit/537.36 (KHTML, like Gecko) Chrome/91.0.4472.124 Safari/537.36"
185.177.72.201 - - [19/Jul/2025:23:03:27 +0000] "GET /site/.env HTTP/1.1" 404 11748 "-" "Mozilla/5.0 (Windows NT 10.0; Win64; x64) AppleWebKit/537.36 (KHTML, like Gecko) Chrome/91.0.4472.124 Safari/537.36"
185.177.72.201 - - [19/Jul/2025:23:03:27 +0000] "GET /sms.py HTTP/1.1" 404 11748 "-" "Mozilla/5.0 (Windows NT 10.0; Win64; x64) AppleWebKit/537.36 (KHTML, like Gecko) Chrome/91.0.4472.124 Safari/537.36"
185.177.72.201 - - [19/Jul/2025:23:03:28 +0000] "GET /storage/logs/laravel.log HTTP/1.1" 404 11748 "-" "Mozilla/5.0 (Windows NT 10.0; Win64; x64) AppleWebKit/537.36 (KHTML, like Gecko) Chrome/91.0.4472.124 Safari/537.36"
185.177.72.201 - - [19/Jul/2025:23:03:29 +0000] "GET /swagger.js HTTP/1.1" 404 11748 "-" "Mozilla/5.0 (Windows NT 10.0; Win64; x64) AppleWebKit/537.36 (KHTML, like Gecko) Chrome/91.0.4472.124 Safari/537.36"
185.177.72.201 - - [19/Jul/2025:23:03:29 +0000] "GET /swagger.json HTTP/1.1" 404 11748 "-" "Mozilla/5.0 (Windows NT 10.0; Win64; x64) AppleWebKit/537.36 (KHTML, like Gecko) Chrome/91.0.4472.124 Safari/537.36"
185.177.72.201 - - [19/Jul/2025:23:03:29 +0000] "GET /test.php HTTP/1.1" 404 11748 "-" "Mozilla/5.0 (Windows NT 10.0; Win64; x64) AppleWebKit/537.36 (KHTML, like Gecko) Chrome/91.0.4472.124 Safari/537.36"
185.177.72.201 - - [19/Jul/2025:23:03:30 +0000] "GET /test_phpinfo.php HTTP/1.1" 404 11748 "-" "Mozilla/5.0 (Windows NT 10.0; Win64; x64) AppleWebKit/537.36 (KHTML, like Gecko) Chrome/91.0.4472.124 Safari/537.36"
185.177.72.201 - - [19/Jul/2025:23:03:30 +0000] "GET /user/config/config.js HTTP/1.1" 404 11748 "-" "Mozilla/5.0 (Windows NT 10.0; Win64; x64) AppleWebKit/537.36 (KHTML, like Gecko) Chrome/91.0.4472.124 Safari/537.36"
185.177.72.201 - - [19/Jul/2025:23:03:31 +0000] "GET /user/controllers/index.js HTTP/1.1" 404 11748 "-" "Mozilla/5.0 (Windows NT 10.0; Win64; x64) AppleWebKit/537.36 (KHTML, like Gecko) Chrome/91.0.4472.124 Safari/537.36"
185.177.72.201 - - [19/Jul/2025:23:03:31 +0000] "GET /vendor/.env HTTP/1.1" 404 11748 "-" "Mozilla/5.0 (Windows NT 10.0; Win64; x64) AppleWebKit/537.36 (KHTML, like Gecko) Chrome/91.0.4472.124 Safari/537.36"
185.177.72.201 - - [19/Jul/2025:23:03:31 +0000] "GET /web/.env HTTP/1.1" 404 11748 "-" "Mozilla/5.0 (Windows NT 10.0; Win64; x64) AppleWebKit/537.36 (KHTML, like Gecko) Chrome/91.0.4472.124 Safari/537.36"
185.177.72.201 - - [19/Jul/2025:23:03:32 +0000] "GET /website/.env HTTP/1.1" 404 11748 "-" "Mozilla/5.0 (Windows NT 10.0; Win64; x64) AppleWebKit/537.36 (KHTML, like Gecko) Chrome/91.0.4472.124 Safari/537.36"
185.177.72.201 - - [19/Jul/2025:23:03:32 +0000] "GET /wp-config HTTP/1.1" 404 11748 "-" "Mozilla/5.0 (Windows NT 10.0; Win64; x64) AppleWebKit/537.36 (KHTML, like Gecko) Chrome/91.0.4472.124 Safari/537.36"
185.177.72.201 - - [19/Jul/2025:23:03:32 +0000] "GET /wp-content/.env HTTP/1.1" 404 11748 "-" "Mozilla/5.0 (Windows NT 10.0; Win64; x64) AppleWebKit/537.36 (KHTML, like Gecko) Chrome/91.0.4472.124 Safari/537.36"
185.177.72.201 - - [19/Jul/2025:23:03:33 +0000] "GET /xampp/.env HTTP/1.1" 404 11748 "-" "Mozilla/5.0 (Windows NT 10.0; Win64; x64) AppleWebKit/537.36 (KHTML, like Gecko) Chrome/91.0.4472.124 Safari/537.36"
185.177.72.201 - - [19/Jul/2025:23:03:33 +0000] "GET /xampp/phpinfo.php HTTP/1.1" 404 11748 "-" "Mozilla/5.0 (Windows NT 10.0; Win64; x64) AppleWebKit/537.36 (KHTML, like Gecko) Chrome/91.0.4472.124 Safari/537.36"
185.177.72.201 - - [19/Jul/2025:23:03:33 +0000] "GET /www/.env HTTP/1.1" 404 11748 "-" "Mozilla/5.0 (Windows NT 10.0; Win64; x64) AppleWebKit/537.36 (KHTML, like Gecko) Chrome/91.0.4472.124 Safari/537.36"
185.177.72.201 - - [19/Jul/2025:23:03:34 +0000] "GET /config.env HTTP/1.1" 404 11748 "-" "Mozilla/5.0 (Windows NT 10.0; Win64; x64) AppleWebKit/537.36 (KHTML, like Gecko) Chrome/91.0.4472.124 Safari/537.36"
185.177.72.201 - - [19/Jul/2025:23:03:34 +0000] "GET /.env_sample HTTP/1.1" 404 11748 "-" "Mozilla/5.0 (Windows NT 10.0; Win64; x64) AppleWebKit/537.36 (KHTML, like Gecko) Chrome/91.0.4472.124 Safari/537.36"
185.177.72.201 - - [19/Jul/2025:23:03:35 +0000] "GET /static/js/main.141b0494.js HTTP/1.1" 404 11748 "-" "Mozilla/5.0 (Windows NT 10.0; Win64; x64) AppleWebKit/537.36 (KHTML, like Gecko) Chrome/91.0.4472.124 Safari/537.36"
185.177.72.201 - - [19/Jul/2025:23:03:35 +0000] "GET /static/js/2.ca066a4b.chunk.js HTTP/1.1" 404 11748 "-" "Mozilla/5.0 (Windows NT 10.0; Win64; x64) AppleWebKit/537.36 (KHTML, like Gecko) Chrome/91.0.4472.124 Safari/537.36"
185.177.72.201 - - [19/Jul/2025:23:03:36 +0000] "GET /static/js/main.e85f7a37.js HTTP/1.1" 404 11748 "-" "Mozilla/5.0 (Windows NT 10.0; Win64; x64) AppleWebKit/537.36 (KHTML, like Gecko) Chrome/91.0.4472.124 Safari/537.36"
185.177.72.201 - - [19/Jul/2025:23:03:36 +0000] "GET /server_info.php HTTP/1.1" 404 11748 "-" "Mozilla/5.0 (Windows NT 10.0; Win64; x64) AppleWebKit/537.36 (KHTML, like Gecko) Chrome/91.0.4472.124 Safari/537.36"
185.177.72.201 - - [19/Jul/2025:23:03:37 +0000] "GET /config.json HTTP/1.1" 404 11748 "-" "Mozilla/5.0 (Windows NT 10.0; Win64; x64) AppleWebKit/537.36 (KHTML, like Gecko) Chrome/91.0.4472.124 Safari/537.36"
185.177.72.201 - - [19/Jul/2025:23:03:37 +0000] "GET /app.py HTTP/1.1" 404 11748 "-" "Mozilla/5.0 (Windows NT 10.0; Win64; x64) AppleWebKit/537.36 (KHTML, like Gecko) Chrome/91.0.4472.124 Safari/537.36"
185.177.72.201 - - [19/Jul/2025:23:03:38 +0000] "GET /apis/config/config.js HTTP/1.1" 404 11748 "-" "Mozilla/5.0 (Windows NT 10.0; Win64; x64) AppleWebKit/537.36 (KHTML, like Gecko) Chrome/91.0.4472.124 Safari/537.36"
185.177.72.201 - - [19/Jul/2025:23:03:38 +0000] "GET /apis/controllers/users.js HTTP/1.1" 404 11748 "-" "Mozilla/5.0 (Windows NT 10.0; Win64; x64) AppleWebKit/537.36 (KHTML, like Gecko) Chrome/91.0.4472.124 Safari/537.36"
185.177.72.201 - - [19/Jul/2025:23:03:38 +0000] "GET /configs/routes-4aug.js HTTP/1.1" 404 11748 "-" "Mozilla/5.0 (Windows NT 10.0; Win64; x64) AppleWebKit/537.36 (KHTML, like Gecko) Chrome/91.0.4472.124 Safari/537.36"
185.177.72.201 - - [19/Jul/2025:23:03:39 +0000] "GET /configs/routes.js HTTP/1.1" 404 11748 "-" "Mozilla/5.0 (Windows NT 10.0; Win64; x64) AppleWebKit/537.36 (KHTML, like Gecko) Chrome/91.0.4472.124 Safari/537.36"
185.177.72.201 - - [19/Jul/2025:23:03:39 +0000] "GET /configs/s3_config.json HTTP/1.1" 404 11748 "-" "Mozilla/5.0 (Windows NT 10.0; Win64; x64) AppleWebKit/537.36 (KHTML, like Gecko) Chrome/91.0.4472.124 Safari/537.36"
185.177.72.201 - - [19/Jul/2025:23:03:39 +0000] "GET /.circleci/configs/development.yml HTTP/1.1" 404 11748 "-" "Mozilla/5.0 (Windows NT 10.0; Win64; x64) AppleWebKit/537.36 (KHTML, like Gecko) Chrome/91.0.4472.124 Safari/537.36"
185.177.72.201 - - [19/Jul/2025:23:03:40 +0000] "GET /helpers/utility.js HTTP/1.1" 404 11748 "-" "Mozilla/5.0 (Windows NT 10.0; Win64; x64) AppleWebKit/537.36 (KHTML, like Gecko) Chrome/91.0.4472.124 Safari/537.36"
185.177.72.201 - - [19/Jul/2025:23:03:40 +0000] "GET /server/s3.js HTTP/1.1" 404 11748 "-" "Mozilla/5.0 (Windows NT 10.0; Win64; x64) AppleWebKit/537.36 (KHTML, like Gecko) Chrome/91.0.4472.124 Safari/537.36"
209.74.77.214 - - [19/Jul/2025:23:04:11 +0000] "POST /wp-cron.php?doing_wp_cron=1752966251.1836380958557128906250 HTTP/1.1" 200 - "-" "WordPress/6.8.2; https://gardenify.com.au"
20.171.207.73 - - [19/Jul/2025:23:04:11 +0000] "GET /goodscode/87796377.shtm HTTP/1.1" 404 11743 "-" "Mozilla/5.0 AppleWebKit/537.36 (KHTML, like Gecko; compatible; GPTBot/1.2; +https://openai.com/gptbot)"
209.74.77.214 - - [19/Jul/2025:23:04:11 +0000] "POST /wp-admin/admin-ajax.php?action=async_litespeed&nonce=e0EKuU1L9N58atKDReLRwJYjEazOKhlc&litespeed_type=imgoptm HTTP/1.1" 200 21 "-" "WordPress/6.8.2; https://gardenify.com.au"
209.74.77.214 - - [19/Jul/2025:23:05:12 +0000] "POST /wp-cron.php?doing_wp_cron=1752966312.5689320564270019531250 HTTP/1.1" 200 - "-" "WordPress/6.8.2; https://gardenify.com.au"
20.171.207.73 - - [19/Jul/2025:23:05:11 +0000] "GET /goodscode/87782722.shtm HTTP/1.1" 404 11743 "-" "Mozilla/5.0 AppleWebKit/537.36 (KHTML, like Gecko; compatible; GPTBot/1.2; +https://openai.com/gptbot)"
209.74.77.214 - - [19/Jul/2025:23:05:12 +0000] "POST /wp-admin/admin-ajax.php?action=async_litespeed&nonce=i00ueXdtseAaIfZL4L0BZB7ChKYoFUsn&litespeed_type=imgoptm HTTP/1.1" 200 21 "-" "WordPress/6.8.2; https://gardenify.com.au"
209.74.77.214 - - [19/Jul/2025:23:06:20 +0000] "POST /wp-cron.php?doing_wp_cron=1752966380.5574429035186767578125 HTTP/1.1" 200 - "-" "WordPress/6.8.2; https://gardenify.com.au"
20.171.207.73 - - [19/Jul/2025:23:06:16 +0000] "GET /goodscode/87786387.shtm HTTP/1.1" 404 11743 "-" "Mozilla/5.0 AppleWebKit/537.36 (KHTML, like Gecko; compatible; GPTBot/1.2; +https://openai.com/gptbot)"
209.74.77.214 - - [19/Jul/2025:23:06:21 +0000] "POST /wp-admin/admin-ajax.php?action=async_litespeed&nonce=i7qzgeLZ5lZ7LuFEXTGQGjkRTXgc3tPX&litespeed_type=imgoptm HTTP/1.1" 200 21 "-" "WordPress/6.8.2; https://gardenify.com.au"
209.74.77.214 - - [19/Jul/2025:23:09:16 +0000] "POST /wp-cron.php?doing_wp_cron=1752966555.9507179260253906250000 HTTP/1.1" 200 - "-" "WordPress/6.8.2; https://gardenify.com.au"
57.141.2.30 - - [19/Jul/2025:23:09:13 +0000] "GET /?s=83201310001490& HTTP/1.1" 200 50573 "-" "meta-externalagent/1.1 (+https://developers.facebook.com/docs/sharing/webmasters/crawler)"
209.74.77.214 - - [19/Jul/2025:23:09:16 +0000] "POST /wp-admin/admin-ajax.php?action=async_litespeed&nonce=F8bFz7FRpQjmciaQFluIX2zxMdHIn6Kv&litespeed_type=imgoptm HTTP/1.1" 200 21 "-" "WordPress/6.8.2; https://gardenify.com.au"
209.74.77.214 - - [19/Jul/2025:23:09:23 +0000] "POST /wp-cron.php?doing_wp_cron=1752966563.7424719333648681640625 HTTP/1.1" 200 - "-" "WordPress/6.8.2; https://gardenify.com.au"
20.171.207.73 - - [19/Jul/2025:23:09:23 +0000] "GET /goodscode/87797625.shtm HTTP/1.1" 404 11743 "-" "Mozilla/5.0 AppleWebKit/537.36 (KHTML, like Gecko; compatible; GPTBot/1.2; +https://openai.com/gptbot)"
216.73.216.41 - - [19/Jul/2025:23:10:04 +0000] "GET /robots.txt HTTP/1.1" 200 229 "-" "Mozilla/5.0 AppleWebKit/537.36 (KHTML, like Gecko; compatible; ClaudeBot/1.0; [email protected])"
216.73.216.41 - - [19/Jul/2025:23:10:04 +0000] "GET /sitemap-16.xml HTTP/1.1" 200 3764 "-" "Mozilla/5.0 AppleWebKit/537.36 (KHTML, like Gecko; compatible; ClaudeBot/1.0; [email protected])"
209.74.77.214 - - [19/Jul/2025:23:10:26 +0000] "POST /wp-cron.php?doing_wp_cron=1752966626.2543530464172363281250 HTTP/1.1" 200 - "-" "WordPress/6.8.2; https://gardenify.com.au"
20.171.207.73 - - [19/Jul/2025:23:10:26 +0000] "GET /goodscode/87791156.shtm HTTP/1.1" 404 11743 "-" "Mozilla/5.0 AppleWebKit/537.36 (KHTML, like Gecko; compatible; GPTBot/1.2; +https://openai.com/gptbot)"
209.74.77.214 - - [19/Jul/2025:23:10:26 +0000] "POST /wp-admin/admin-ajax.php?action=async_litespeed&nonce=Mjv9i4gzzZx7Ck9xhPgTi4HD2IVIReCM&litespeed_type=imgoptm HTTP/1.1" 200 21 "-" "WordPress/6.8.2; https://gardenify.com.au"
216.73.216.41 - - [19/Jul/2025:23:12:13 +0000] "GET /sitemap-17.xml HTTP/1.1" 200 3764 "-" "Mozilla/5.0 AppleWebKit/537.36 (KHTML, like Gecko; compatible; ClaudeBot/1.0; [email protected])"
209.74.77.214 - - [19/Jul/2025:23:12:34 +0000] "POST /wp-cron.php?doing_wp_cron=1752966754.0071039199829101562500 HTTP/1.1" 200 - "-" "WordPress/6.8.2; https://gardenify.com.au"
20.171.207.73 - - [19/Jul/2025:23:12:33 +0000] "GET /goodscode/87784019.shtm HTTP/1.1" 404 11743 "-" "Mozilla/5.0 AppleWebKit/537.36 (KHTML, like Gecko; compatible; GPTBot/1.2; +https://openai.com/gptbot)"
209.74.77.214 - - [19/Jul/2025:23:12:34 +0000] "POST /wp-admin/admin-ajax.php?action=async_litespeed&nonce=Mv0vqEGbrKsVzvKgnekpE5tDshQsVdTB&litespeed_type=imgoptm HTTP/1.1" 200 21 "-" "WordPress/6.8.2; https://gardenify.com.au"
209.74.77.214 - - [19/Jul/2025:23:16:22 +0000] "POST /wp-cron.php?doing_wp_cron=1752966982.8075189590454101562500 HTTP/1.1" 200 - "-" "WordPress/6.8.2; https://gardenify.com.au"
57.141.2.13 - - [19/Jul/2025:23:16:21 +0000] "GET /?s=62036780031490& HTTP/1.1" 200 50573 "-" "meta-externalagent/1.1 (+https://developers.facebook.com/docs/sharing/webmasters/crawler)"
209.74.77.214 - - [19/Jul/2025:23:16:22 +0000] "POST /wp-admin/admin-ajax.php?action=async_litespeed&nonce=Zzn8MZKXw6heYCifNaNP7nPu5We4PSEa&litespeed_type=imgoptm HTTP/1.1" 200 21 "-" "WordPress/6.8.2; https://gardenify.com.au"
209.74.77.214 - - [19/Jul/2025:23:18:54 +0000] "POST /wp-cron.php?doing_wp_cron=1752967134.6338989734649658203125 HTTP/1.1" 200 - "-" "WordPress/6.8.2; https://gardenify.com.au"
20.171.207.73 - - [19/Jul/2025:23:18:53 +0000] "GET /goodscode/87801843.shtm HTTP/1.1" 404 11743 "-" "Mozilla/5.0 AppleWebKit/537.36 (KHTML, like Gecko; compatible; GPTBot/1.2; +https://openai.com/gptbot)"
209.74.77.214 - - [19/Jul/2025:23:18:54 +0000] "POST /wp-admin/admin-ajax.php?action=async_litespeed&nonce=2Qlh2WGtZoD1ROrljqDcMkbpnMLUzLIX&litespeed_type=imgoptm HTTP/1.1" 200 21 "-" "WordPress/6.8.2; https://gardenify.com.au"
209.74.77.214 - - [19/Jul/2025:23:22:00 +0000] "POST /wp-cron.php?doing_wp_cron=1752967320.5963470935821533203125 HTTP/1.1" 200 - "-" "WordPress/6.8.2; https://gardenify.com.au"
20.171.207.73 - - [19/Jul/2025:23:21:58 +0000] "GET /goodscode/87798410.shtm HTTP/1.1" 404 11742 "-" "Mozilla/5.0 AppleWebKit/537.36 (KHTML, like Gecko; compatible; GPTBot/1.2; +https://openai.com/gptbot)"
209.74.77.214 - - [19/Jul/2025:23:22:00 +0000] "POST /wp-admin/admin-ajax.php?action=async_litespeed&nonce=0C3wX4SZ24cN5LjiOKDXooHAvItIqFHC&litespeed_type=imgoptm HTTP/1.1" 200 21 "-" "WordPress/6.8.2; https://gardenify.com.au"
209.74.77.214 - - [19/Jul/2025:23:23:03 +0000] "POST /wp-cron.php?doing_wp_cron=1752967383.8169939517974853515625 HTTP/1.1" 200 - "-" "WordPress/6.8.2; https://gardenify.com.au"
20.171.207.73 - - [19/Jul/2025:23:23:02 +0000] "GET /goodscode/87790344.shtm HTTP/1.1" 404 11743 "-" "Mozilla/5.0 AppleWebKit/537.36 (KHTML, like Gecko; compatible; GPTBot/1.2; +https://openai.com/gptbot)"
209.74.77.214 - - [19/Jul/2025:23:23:03 +0000] "POST /wp-admin/admin-ajax.php?action=async_litespeed&nonce=FBUcFCNwMAxqiog4dAIMfJucGCHJozI6&litespeed_type=imgoptm HTTP/1.1" 200 21 "-" "WordPress/6.8.2; https://gardenify.com.au"
216.73.216.41 - - [19/Jul/2025:23:23:18 +0000] "GET /sitemap-13.xml HTTP/1.1" 200 3763 "-" "Mozilla/5.0 AppleWebKit/537.36 (KHTML, like Gecko; compatible; ClaudeBot/1.0; [email protected])"
209.74.77.214 - - [19/Jul/2025:23:24:07 +0000] "POST /wp-cron.php?doing_wp_cron=1752967447.8900110721588134765625 HTTP/1.1" 200 - "-" "WordPress/6.8.2; https://gardenify.com.au"
20.171.207.73 - - [19/Jul/2025:23:24:06 +0000] "GET /goodscode/87800815.shtm HTTP/1.1" 404 11743 "-" "Mozilla/5.0 AppleWebKit/537.36 (KHTML, like Gecko; compatible; GPTBot/1.2; +https://openai.com/gptbot)"
209.74.77.214 - - [19/Jul/2025:23:24:07 +0000] "POST /wp-admin/admin-ajax.php?action=async_litespeed&nonce=wJ93MMiiPXFNzEP1DuQLrLWcf1TzzDlF&litespeed_type=imgoptm HTTP/1.1" 200 21 "-" "WordPress/6.8.2; https://gardenify.com.au"
209.74.77.214 - - [19/Jul/2025:23:24:58 +0000] "POST /wp-cron.php?doing_wp_cron=1752967498.1231460571289062500000 HTTP/1.1" 200 - "-" "WordPress/6.8.2; https://gardenify.com.au"
57.141.2.29 - - [19/Jul/2025:23:24:56 +0000] "GET /goodscode/51074541.shtm HTTP/1.1" 404 50359 "-" "meta-externalagent/1.1 (+https://developers.facebook.com/docs/sharing/webmasters/crawler)"
209.74.77.214 - - [19/Jul/2025:23:24:58 +0000] "POST /wp-admin/admin-ajax.php?action=async_litespeed&nonce=JYbNAVznJFM6hwQ8kLdnGULxBDYaO7tI&litespeed_type=imgoptm HTTP/1.1" 200 21 "-" "WordPress/6.8.2; https://gardenify.com.au"
209.74.77.214 - - [19/Jul/2025:23:27:18 +0000] "POST /wp-cron.php?doing_wp_cron=1752967638.5703239440917968750000 HTTP/1.1" 200 - "-" "WordPress/6.8.2; https://gardenify.com.au"
20.171.207.73 - - [19/Jul/2025:23:27:17 +0000] "GET /goodscode/87783351.shtm HTTP/1.1" 404 11743 "-" "Mozilla/5.0 AppleWebKit/537.36 (KHTML, like Gecko; compatible; GPTBot/1.2; +https://openai.com/gptbot)"
209.74.77.214 - - [19/Jul/2025:23:27:18 +0000] "POST /wp-admin/admin-ajax.php?action=async_litespeed&nonce=uhNZDjxDioV2qMPNwQd18WiDIAMO3CH4&litespeed_type=imgoptm HTTP/1.1" 200 21 "-" "WordPress/6.8.2; https://gardenify.com.au"
216.73.216.41 - - [19/Jul/2025:23:27:46 +0000] "GET /db.php/sitemap-15.xml HTTP/1.1" 200 13853 "-" "Mozilla/5.0 AppleWebKit/537.36 (KHTML, like Gecko; compatible; ClaudeBot/1.0; [email protected])"
216.73.216.41 - - [19/Jul/2025:23:29:17 +0000] "GET /db.php/sitemap-8.xml HTTP/1.1" 200 13892 "-" "Mozilla/5.0 AppleWebKit/537.36 (KHTML, like Gecko; compatible; ClaudeBot/1.0; [email protected])"
209.74.77.214 - - [19/Jul/2025:23:29:27 +0000] "POST /wp-cron.php?doing_wp_cron=1752967767.7733709812164306640625 HTTP/1.1" 200 - "-" "WordPress/6.8.2; https://gardenify.com.au"
209.74.77.214 - - [19/Jul/2025:23:29:27 +0000] "POST /wp-admin/admin-ajax.php?action=async_litespeed&nonce=IhpXmd2l9Gcpk1t7TF4S5RN2ngAitLLZ&litespeed_type=imgoptm HTTP/1.1" 200 21 "-" "WordPress/6.8.2; https://gardenify.com.au"
3.237.61.108 - - [19/Jul/2025:23:29:26 +0000] "GET / HTTP/1.1" 200 25739 "-" "Mozilla/5.0 (Macintosh; Intel Mac OS X 10_13_6) AppleWebKit/537.36 (KHTML, like Gecko) Chrome/74.0.3729.131 Safari/537.36"
209.74.77.214 - - [19/Jul/2025:23:29:55 +0000] "POST /wp-cron.php?doing_wp_cron=1752967795.4776680469512939453125 HTTP/1.1" 200 - "-" "WordPress/6.8.2; https://gardenify.com.au"
3.237.61.108 - - [19/Jul/2025:23:29:55 +0000] "GET //gardenify.com.au/wp-content/themes/Divi/includes/builder/feature/dynamic-assets/assets/js/jquery.fitvids.js HTTP/1.1" 301 - "-" "Mozilla/5.0 (Linux; Android 9; SM-G973W) AppleWebKit/537.36 (KHTML, like Gecko) Chrome/76.0.3809.89 Mobile Safari/537.36"
3.237.61.108 - - [19/Jul/2025:23:29:55 +0000] "GET //gardenify.com.au/wp-content/themes/Divi/js/scripts.min.js HTTP/1.1" 301 - "-" "Mozilla/5.0 (Linux; Android 9; G8141) AppleWebKit/537.36 (KHTML, like Gecko) Chrome/76.0.3809.89 Mobile Safari/537.36"
3.237.61.108 - - [19/Jul/2025:23:29:55 +0000] "GET //gardenify.com.au/wp-includes/js/jquery/jquery.min.js HTTP/1.1" 301 - "-" "Mozilla/5.0 (Windows NT 10.0; Win64; x64) AppleWebKit/537.36 (KHTML, like Gecko) Chrome/68.0.3436.0 Safari/537.36"
3.237.61.108 - - [19/Jul/2025:23:29:55 +0000] "GET //link.msgsndr.com/js/form_embed.js HTTP/1.1" 301 - "-" "Nokia6230i/2.0 (03.80) Profile/MIDP-2.0 Configuration/CLDC-1.1"
3.237.61.108 - - [19/Jul/2025:23:29:55 +0000] "GET //gardenify.com.au/wp-includes/js/jquery/jquery-migrate.min.js HTTP/1.1" 301 - "-" "Mozilla/5.0 (Windows NT 10.0; WOW64) AppleWebKit/537.36 (KHTML, like Gecko) Chrome/72.0.3626.121 Safari/537.36"
209.74.77.214 - - [19/Jul/2025:23:29:55 +0000] "POST /wp-admin/admin-ajax.php?action=async_litespeed&nonce=j0zkhfZcPq7txmgeUHjUV0iqQPiw2SQH&litespeed_type=imgoptm HTTP/1.1" 200 21 "-" "WordPress/6.8.2; https://gardenify.com.au"
3.237.61.108 - - [19/Jul/2025:23:29:57 +0000] "GET //gardenify.com.au/wp-content/themes/Divi/core/admin/js/common.js HTTP/1.1" 301 - "-" "Mozilla/4.0 (compatible; MSIE 7.0; Windows NT 6.0; Trident/4.0)"
3.237.61.108 - - [19/Jul/2025:23:29:57 +0000] "GET //gardenify.com.au/wp-content/themes/Divi/includes/builder/feature/dynamic-assets/assets/js/jquery.mobile.js HTTP/1.1" 301 - "-" "Mozilla/5.0 (Linux; Android 8.0.0; moto e5 cruise Build/OCPS27.91-157-12) AppleWebKit/537.36 (KHTML, like Gecko) Chrome/68.0.3440.91 Mobile Safari/537.36"
45.227.253.15 - - [19/Jul/2025:23:30:30 +0000] "GET /wp-content/themes/Divi/includes/builder/feature/woocommerce/placeholder/placeholder/index.php?ARRAY=7o2230223n313735323937313533382p2231223n22687474703n5p2s5p2s7n7334383376313373752r746s6566612r626p6s675p2s3s6p633q78696164616r5s72616r645s7061746826743q313735323936373933382q3431303631363235326665376130626665336263303563623433316363323664222p2232223n223035663332333635353033666436326539633635613366306138626330303332222p2233223n226230376262633334336536623734656638363437613834613434343538353437222p2262696r675s70617373223n2231382q33322q35342q36342q37342q38372q3136227q HTTP/1.1" 200 494 "-" "Mozilla/5.0 (Windows NT 6.3; WOW64; rv:74.0) Gecko/20100101 Firefox/74.0"
209.74.77.214 - - [19/Jul/2025:23:31:34 +0000] "POST /wp-cron.php?doing_wp_cron=1752967894.6027219295501708984375 HTTP/1.1" 200 - "-" "WordPress/6.8.2; https://gardenify.com.au"
20.171.207.73 - - [19/Jul/2025:23:31:33 +0000] "GET /goodscode/87786155.shtm HTTP/1.1" 404 11743 "-" "Mozilla/5.0 AppleWebKit/537.36 (KHTML, like Gecko; compatible; GPTBot/1.2; +https://openai.com/gptbot)"
209.74.77.214 - - [19/Jul/2025:23:31:34 +0000] "POST /wp-admin/admin-ajax.php?action=async_litespeed&nonce=FFd6Slmn8O5XgulAJS9ibmBD2NZPBMIZ&litespeed_type=imgoptm HTTP/1.1" 200 21 "-" "WordPress/6.8.2; https://gardenify.com.au"
209.74.77.214 - - [19/Jul/2025:23:32:36 +0000] "POST /wp-cron.php?doing_wp_cron=1752967956.8387908935546875000000 HTTP/1.1" 200 - "-" "WordPress/6.8.2; https://gardenify.com.au"
20.171.207.73 - - [19/Jul/2025:23:32:35 +0000] "GET /goodscode/87785359.shtm HTTP/1.1" 404 11743 "-" "Mozilla/5.0 AppleWebKit/537.36 (KHTML, like Gecko; compatible; GPTBot/1.2; +https://openai.com/gptbot)"
209.74.77.214 - - [19/Jul/2025:23:32:36 +0000] "POST /wp-admin/admin-ajax.php?action=async_litespeed&nonce=BJ7AMSEAirUcRFRPBsprtjcVgJ1LiIHL&litespeed_type=imgoptm HTTP/1.1" 200 21 "-" "WordPress/6.8.2; https://gardenify.com.au"
209.74.77.214 - - [19/Jul/2025:23:33:42 +0000] "POST /wp-cron.php?doing_wp_cron=1752968022.7236580848693847656250 HTTP/1.1" 200 - "-" "WordPress/6.8.2; https://gardenify.com.au"
20.171.207.73 - - [19/Jul/2025:23:33:41 +0000] "GET /goodscode/87803884.shtm HTTP/1.1" 404 11743 "-" "Mozilla/5.0 AppleWebKit/537.36 (KHTML, like Gecko; compatible; GPTBot/1.2; +https://openai.com/gptbot)"
209.74.77.214 - - [19/Jul/2025:23:33:42 +0000] "POST /wp-admin/admin-ajax.php?action=async_litespeed&nonce=UVsSZ9Wh2Qp4l6qMbt9KpdIUETWZsN8D&litespeed_type=imgoptm HTTP/1.1" 200 21 "-" "WordPress/6.8.2; https://gardenify.com.au"
216.73.216.41 - - [19/Jul/2025:23:34:01 +0000] "GET /db.php/sitemap-3.xml HTTP/1.1" 200 13884 "-" "Mozilla/5.0 AppleWebKit/537.36 (KHTML, like Gecko; compatible; ClaudeBot/1.0; [email protected])"
216.73.216.41 - - [19/Jul/2025:23:34:01 +0000] "GET /sitemap-10.xml HTTP/1.1" 200 3763 "-" "Mozilla/5.0 AppleWebKit/537.36 (KHTML, like Gecko; compatible; ClaudeBot/1.0; [email protected])"
209.74.77.214 - - [19/Jul/2025:23:34:48 +0000] "POST /wp-cron.php?doing_wp_cron=1752968088.4265971183776855468750 HTTP/1.1" 200 - "-" "WordPress/6.8.2; https://gardenify.com.au"
20.171.207.73 - - [19/Jul/2025:23:34:47 +0000] "GET /goodscode/87793259.shtm HTTP/1.1" 404 11743 "-" "Mozilla/5.0 AppleWebKit/537.36 (KHTML, like Gecko; compatible; GPTBot/1.2; +https://openai.com/gptbot)"
209.74.77.214 - - [19/Jul/2025:23:34:48 +0000] "POST /wp-admin/admin-ajax.php?action=async_litespeed&nonce=hfpjtn1Uo6gNCoQ9eFgysS4rj5nOnYwU&litespeed_type=imgoptm HTTP/1.1" 200 21 "-" "WordPress/6.8.2; https://gardenify.com.au"
209.74.77.214 - - [19/Jul/2025:23:34:58 +0000] "POST /wp-cron.php?doing_wp_cron=1752968098.8305869102478027343750 HTTP/1.1" 200 - "-" "WordPress/6.8.2; https://gardenify.com.au"
57.141.2.24 - - [19/Jul/2025:23:34:58 +0000] "GET /?s=97648563021490& HTTP/1.1" 200 50573 "-" "meta-externalagent/1.1 (+https://developers.facebook.com/docs/sharing/webmasters/crawler)"
209.74.77.214 - - [19/Jul/2025:23:34:58 +0000] "POST /wp-admin/admin-ajax.php?action=async_litespeed&nonce=06bTSUD6CfHlaNusRyKPWI4GoT6f8sGN&litespeed_type=imgoptm HTTP/1.1" 200 21 "-" "WordPress/6.8.2; https://gardenify.com.au"
209.74.77.214 - - [19/Jul/2025:23:35:38 +0000] "POST /wp-cron.php?doing_wp_cron=1752968138.0434310436248779296875 HTTP/1.1" 200 - "-" "WordPress/6.8.2; https://gardenify.com.au"
57.141.2.29 - - [19/Jul/2025:23:35:36 +0000] "GET /goodscode/51048799.shtm HTTP/1.1" 404 50359 "-" "meta-externalagent/1.1 (+https://developers.facebook.com/docs/sharing/webmasters/crawler)"
209.74.77.214 - - [19/Jul/2025:23:35:51 +0000] "POST /wp-cron.php?doing_wp_cron=1752968151.3900411128997802734375 HTTP/1.1" 200 - "-" "WordPress/6.8.2; https://gardenify.com.au"
20.171.207.73 - - [19/Jul/2025:23:35:51 +0000] "GET /goodscode/87784907.shtm HTTP/1.1" 404 11743 "-" "Mozilla/5.0 AppleWebKit/537.36 (KHTML, like Gecko; compatible; GPTBot/1.2; +https://openai.com/gptbot)"
209.74.77.214 - - [19/Jul/2025:23:35:51 +0000] "POST /wp-admin/admin-ajax.php?action=async_litespeed&nonce=kfDfwV57gObmiBqgY7pQYppTbNgg0VNE&litespeed_type=imgoptm HTTP/1.1" 200 21 "-" "WordPress/6.8.2; https://gardenify.com.au"
209.74.77.214 - - [19/Jul/2025:23:36:54 +0000] "POST /wp-cron.php?doing_wp_cron=1752968214.6529250144958496093750 HTTP/1.1" 200 - "-" "WordPress/6.8.2; https://gardenify.com.au"
20.171.207.73 - - [19/Jul/2025:23:36:53 +0000] "GET /goodscode/87782212.shtm HTTP/1.1" 404 11743 "-" "Mozilla/5.0 AppleWebKit/537.36 (KHTML, like Gecko; compatible; GPTBot/1.2; +https://openai.com/gptbot)"
209.74.77.214 - - [19/Jul/2025:23:36:54 +0000] "POST /wp-admin/admin-ajax.php?action=async_litespeed&nonce=BAospg5dUYKVhimKe30ZSLg8pbdVhWlf&litespeed_type=imgoptm HTTP/1.1" 200 21 "-" "WordPress/6.8.2; https://gardenify.com.au"
216.73.216.41 - - [19/Jul/2025:23:38:49 +0000] "GET /db.php/sitemap-16.xml HTTP/1.1" 200 13846 "-" "Mozilla/5.0 AppleWebKit/537.36 (KHTML, like Gecko; compatible; ClaudeBot/1.0; [email protected])"
209.74.77.214 - - [19/Jul/2025:23:42:09 +0000] "POST /wp-cron.php?doing_wp_cron=1752968529.4280059337615966796875 HTTP/1.1" 200 - "-" "WordPress/6.8.2; https://gardenify.com.au"
20.171.207.73 - - [19/Jul/2025:23:42:08 +0000] "GET /goodscode/87788681.shtm HTTP/1.1" 404 11743 "-" "Mozilla/5.0 AppleWebKit/537.36 (KHTML, like Gecko; compatible; GPTBot/1.2; +https://openai.com/gptbot)"
209.74.77.214 - - [19/Jul/2025:23:42:09 +0000] "POST /wp-admin/admin-ajax.php?action=async_litespeed&nonce=unjK7ZkCpBVwNC7259s38dVHT1jdzgA4&litespeed_type=imgoptm HTTP/1.1" 200 21 "-" "WordPress/6.8.2; https://gardenify.com.au"
216.73.216.41 - - [19/Jul/2025:23:42:40 +0000] "GET /sitemap-18.xml HTTP/1.1" 200 3763 "-" "Mozilla/5.0 AppleWebKit/537.36 (KHTML, like Gecko; compatible; ClaudeBot/1.0; [email protected])"
216.73.216.41 - - [19/Jul/2025:23:43:56 +0000] "GET /db.php/sitemap-2.xml HTTP/1.1" 200 13908 "-" "Mozilla/5.0 AppleWebKit/537.36 (KHTML, like Gecko; compatible; ClaudeBot/1.0; [email protected])"
216.73.216.41 - - [19/Jul/2025:23:45:47 +0000] "GET /db.php/sitemap-1.xml HTTP/1.1" 200 13872 "-" "Mozilla/5.0 AppleWebKit/537.36 (KHTML, like Gecko; compatible; ClaudeBot/1.0; [email protected])"
216.73.216.41 - - [19/Jul/2025:23:45:48 +0000] "GET /sitemap-14.xml HTTP/1.1" 200 3763 "-" "Mozilla/5.0 AppleWebKit/537.36 (KHTML, like Gecko; compatible; ClaudeBot/1.0; [email protected])"
79.137.65.139 - - [19/Jul/2025:23:45:48 +0000] "GET /robots.txt HTTP/1.1" 200 2162 "-" "Mozilla/5.0 (compatible; MJ12bot/v1.4.8; http://mj12bot.com/)"
209.74.77.214 - - [19/Jul/2025:23:45:53 +0000] "POST /wp-cron.php?doing_wp_cron=1752968753.8560349941253662109375 HTTP/1.1" 200 - "-" "WordPress/6.8.2; https://gardenify.com.au"
79.137.65.139 - - [19/Jul/2025:23:45:53 +0000] "GET /about-us/ HTTP/1.1" 200 25256 "-" "Mozilla/5.0 (compatible; MJ12bot/v1.4.8; http://mj12bot.com/)"
209.74.77.214 - - [19/Jul/2025:23:45:54 +0000] "POST /wp-admin/admin-ajax.php?action=async_litespeed&nonce=MJO9hhZ7otbXMejgEvFIu0xMJN1ZLu3C&litespeed_type=imgoptm HTTP/1.1" 200 21 "-" "WordPress/6.8.2; https://gardenify.com.au"
79.137.65.139 - - [19/Jul/2025:23:45:56 +0000] "GET /contact-us/ HTTP/1.1" 200 23066 "-" "Mozilla/5.0 (compatible; MJ12bot/v1.4.8; http://mj12bot.com/)"
79.137.65.139 - - [19/Jul/2025:23:46:00 +0000] "GET /pricing/ HTTP/1.1" 200 21861 "-" "Mozilla/5.0 (compatible; MJ12bot/v1.4.8; http://mj12bot.com/)"
79.137.65.139 - - [19/Jul/2025:23:46:03 +0000] "GET /services/ HTTP/1.1" 200 26023 "-" "Mozilla/5.0 (compatible; MJ12bot/v1.4.8; http://mj12bot.com/)"
20.171.207.73 - - [19/Jul/2025:23:50:34 +0000] "GET /db.php/shop/product/2705027 HTTP/1.1" 200 - "-" "Mozilla/5.0 AppleWebKit/537.36 (KHTML, like Gecko; compatible; GPTBot/1.2; +https://openai.com/gptbot)"
20.171.207.73 - - [19/Jul/2025:23:51:34 +0000] "GET /db.php/shop/product/4712126 HTTP/1.1" 200 - "-" "Mozilla/5.0 AppleWebKit/537.36 (KHTML, like Gecko; compatible; GPTBot/1.2; +https://openai.com/gptbot)"
20.171.207.73 - - [19/Jul/2025:23:52:37 +0000] "GET /db.php/shop/product/1087828 HTTP/1.1" 200 - "-" "Mozilla/5.0 AppleWebKit/537.36 (KHTML, like Gecko; compatible; GPTBot/1.2; +https://openai.com/gptbot)"
20.171.207.73 - - [19/Jul/2025:23:53:40 +0000] "GET /db.php/shop/product/5017092 HTTP/1.1" 200 - "-" "Mozilla/5.0 AppleWebKit/537.36 (KHTML, like Gecko; compatible; GPTBot/1.2; +https://openai.com/gptbot)"
20.171.207.73 - - [19/Jul/2025:23:54:43 +0000] "GET /db.php/shop/product/2062299 HTTP/1.1" 200 - "-" "Mozilla/5.0 AppleWebKit/537.36 (KHTML, like Gecko; compatible; GPTBot/1.2; +https://openai.com/gptbot)"
209.74.77.214 - - [19/Jul/2025:23:54:51 +0000] "POST /wp-cron.php?doing_wp_cron=1752969291.7401590347290039062500 HTTP/1.1" 200 - "-" "WordPress/6.8.2; https://gardenify.com.au"
57.141.2.24 - - [19/Jul/2025:23:54:50 +0000] "GET /?s=29945195141490& HTTP/1.1" 200 50573 "-" "meta-externalagent/1.1 (+https://developers.facebook.com/docs/sharing/webmasters/crawler)"
209.74.77.214 - - [19/Jul/2025:23:54:51 +0000] "POST /wp-admin/admin-ajax.php?action=async_litespeed&nonce=kHsnslAhUe4m4opBqzfY7h3iUiMOS91y&litespeed_type=imgoptm HTTP/1.1" 200 21 "-" "WordPress/6.8.2; https://gardenify.com.au"
20.171.207.73 - - [19/Jul/2025:23:55:44 +0000] "GET /db.php/shop/product/3269942 HTTP/1.1" 200 - "-" "Mozilla/5.0 AppleWebKit/537.36 (KHTML, like Gecko; compatible; GPTBot/1.2; +https://openai.com/gptbot)"
20.171.207.73 - - [19/Jul/2025:23:56:49 +0000] "GET /db.php/shop/product/4436913 HTTP/1.1" 200 - "-" "Mozilla/5.0 AppleWebKit/537.36 (KHTML, like Gecko; compatible; GPTBot/1.2; +https://openai.com/gptbot)"
20.171.207.73 - - [19/Jul/2025:23:57:54 +0000] "GET /db.php/shop/product/1387941 HTTP/1.1" 200 - "-" "Mozilla/5.0 AppleWebKit/537.36 (KHTML, like Gecko; compatible; GPTBot/1.2; +https://openai.com/gptbot)"
209.74.77.214 - - [19/Jul/2025:23:58:05 +0000] "POST /wp-cron.php?doing_wp_cron=1752969485.3549199104309082031250 HTTP/1.1" 200 - "-" "WordPress/6.8.2; https://gardenify.com.au"
57.141.2.7 - - [19/Jul/2025:23:58:04 +0000] "GET /?s=67496364041490& HTTP/1.1" 200 50573 "-" "meta-externalagent/1.1 (+https://developers.facebook.com/docs/sharing/webmasters/crawler)"
209.74.77.214 - - [19/Jul/2025:23:58:05 +0000] "POST /wp-admin/admin-ajax.php?action=async_litespeed&nonce=8Tpl0ukPpHEfoC7sKN7T2lyBLpNK2s9W&litespeed_type=imgoptm HTTP/1.1" 200 21 "-" "WordPress/6.8.2; https://gardenify.com.au"
20.171.207.73 - - [19/Jul/2025:23:58:56 +0000] "GET /db.php/shop/product/3717971 HTTP/1.1" 200 - "-" "Mozilla/5.0 AppleWebKit/537.36 (KHTML, like Gecko; compatible; GPTBot/1.2; +https://openai.com/gptbot)"
20.171.207.73 - - [19/Jul/2025:23:59:57 +0000] "GET /db.php/shop/product/3586082 HTTP/1.1" 200 - "-" "Mozilla/5.0 AppleWebKit/537.36 (KHTML, like Gecko; compatible; GPTBot/1.2; +https://openai.com/gptbot)"
20.171.207.73 - - [20/Jul/2025:00:01:01 +0000] "GET /db.php/shop/product/1455814 HTTP/1.1" 200 - "-" "Mozilla/5.0 AppleWebKit/537.36 (KHTML, like Gecko; compatible; GPTBot/1.2; +https://openai.com/gptbot)"
20.171.207.73 - - [20/Jul/2025:00:02:05 +0000] "GET /db.php/shop/product/3109893 HTTP/1.1" 200 - "-" "Mozilla/5.0 AppleWebKit/537.36 (KHTML, like Gecko; compatible; GPTBot/1.2; +https://openai.com/gptbot)"
20.171.207.73 - - [20/Jul/2025:00:03:09 +0000] "GET /db.php/shop/product/2624211 HTTP/1.1" 200 - "-" "Mozilla/5.0 AppleWebKit/537.36 (KHTML, like Gecko; compatible; GPTBot/1.2; +https://openai.com/gptbot)"
20.171.207.73 - - [20/Jul/2025:00:04:09 +0000] "GET /db.php/shop/product/2440713 HTTP/1.1" 200 - "-" "Mozilla/5.0 AppleWebKit/537.36 (KHTML, like Gecko; compatible; GPTBot/1.2; +https://openai.com/gptbot)"
20.171.207.73 - - [20/Jul/2025:00:05:14 +0000] "GET /db.php/shop/product/2761246 HTTP/1.1" 200 - "-" "Mozilla/5.0 AppleWebKit/537.36 (KHTML, like Gecko; compatible; GPTBot/1.2; +https://openai.com/gptbot)"
209.74.77.214 - - [20/Jul/2025:00:05:35 +0000] "POST /wp-cron.php?doing_wp_cron=1752969935.4377779960632324218750 HTTP/1.1" 200 - "-" "WordPress/6.8.2; https://gardenify.com.au"
57.141.2.11 - - [20/Jul/2025:00:05:34 +0000] "GET /?s=104785866121490& HTTP/1.1" 200 50578 "-" "meta-externalagent/1.1 (+https://developers.facebook.com/docs/sharing/webmasters/crawler)"
209.74.77.214 - - [20/Jul/2025:00:05:35 +0000] "POST /wp-admin/admin-ajax.php?action=async_litespeed&nonce=X7Htof6M1T8XOC6Yf9HQkGBtyZyPl1rr&litespeed_type=imgoptm HTTP/1.1" 200 21 "-" "WordPress/6.8.2; https://gardenify.com.au"
216.73.216.41 - - [20/Jul/2025:00:05:38 +0000] "GET /sitemap-4.xml HTTP/1.1" 200 3761 "-" "Mozilla/5.0 AppleWebKit/537.36 (KHTML, like Gecko; compatible; ClaudeBot/1.0; [email protected])"
20.171.207.73 - - [20/Jul/2025:00:06:20 +0000] "GET /db.php/shop/product/2244369 HTTP/1.1" 200 - "-" "Mozilla/5.0 AppleWebKit/537.36 (KHTML, like Gecko; compatible; GPTBot/1.2; +https://openai.com/gptbot)"
20.171.207.73 - - [20/Jul/2025:00:07:20 +0000] "GET /db.php/shop/product/4823643 HTTP/1.1" 200 - "-" "Mozilla/5.0 AppleWebKit/537.36 (KHTML, like Gecko; compatible; GPTBot/1.2; +https://openai.com/gptbot)"
20.171.207.73 - - [20/Jul/2025:00:08:23 +0000] "GET /db.php/shop/product/3849831 HTTP/1.1" 200 - "-" "Mozilla/5.0 AppleWebKit/537.36 (KHTML, like Gecko; compatible; GPTBot/1.2; +https://openai.com/gptbot)"
209.74.77.214 - - [20/Jul/2025:00:08:30 +0000] "POST /wp-cron.php?doing_wp_cron=1752970110.5237100124359130859375 HTTP/1.1" 200 - "-" "WordPress/6.8.2; https://gardenify.com.au"
216.73.216.41 - - [20/Jul/2025:00:08:29 +0000] "GET /goodscode/35287595.shtm HTTP/1.1" 404 11742 "-" "Mozilla/5.0 AppleWebKit/537.36 (KHTML, like Gecko; compatible; ClaudeBot/1.0; [email protected])"
209.74.77.214 - - [20/Jul/2025:00:08:30 +0000] "POST /wp-admin/admin-ajax.php?action=async_litespeed&nonce=IezA9KUe2xXiDxtFEVz17EOmzPiL7SvJ&litespeed_type=imgoptm HTTP/1.1" 200 21 "-" "WordPress/6.8.2; https://gardenify.com.au"
216.73.216.41 - - [20/Jul/2025:00:08:30 +0000] "GET /sitemap-18.xml HTTP/1.1" 200 3763 "-" "Mozilla/5.0 AppleWebKit/537.36 (KHTML, like Gecko; compatible; ClaudeBot/1.0; [email protected])"
216.73.216.41 - - [20/Jul/2025:00:08:31 +0000] "GET /goodscode/77143750.shtm HTTP/1.1" 404 11743 "-" "Mozilla/5.0 AppleWebKit/537.36 (KHTML, like Gecko; compatible; ClaudeBot/1.0; [email protected])"
216.73.216.41 - - [20/Jul/2025:00:08:31 +0000] "GET /goodscode/35266548.shtm HTTP/1.1" 404 11743 "-" "Mozilla/5.0 AppleWebKit/537.36 (KHTML, like Gecko; compatible; ClaudeBot/1.0; [email protected])"
216.73.216.41 - - [20/Jul/2025:00:08:31 +0000] "GET /goodscode/77138897.shtm HTTP/1.1" 404 11743 "-" "Mozilla/5.0 AppleWebKit/537.36 (KHTML, like Gecko; compatible; ClaudeBot/1.0; [email protected])"
216.73.216.41 - - [20/Jul/2025:00:08:31 +0000] "GET /goodscode/35286234.shtm HTTP/1.1" 404 11743 "-" "Mozilla/5.0 AppleWebKit/537.36 (KHTML, like Gecko; compatible; ClaudeBot/1.0; [email protected])"
216.73.216.41 - - [20/Jul/2025:00:08:31 +0000] "GET /goodscode/77147851.shtm HTTP/1.1" 404 11743 "-" "Mozilla/5.0 AppleWebKit/537.36 (KHTML, like Gecko; compatible; ClaudeBot/1.0; [email protected])"
216.73.216.41 - - [20/Jul/2025:00:08:31 +0000] "GET /goodscode/35288230.shtm HTTP/1.1" 404 11743 "-" "Mozilla/5.0 AppleWebKit/537.36 (KHTML, like Gecko; compatible; ClaudeBot/1.0; [email protected])"
216.73.216.41 - - [20/Jul/2025:00:08:31 +0000] "GET /goodscode/35291601.shtm HTTP/1.1" 404 11743 "-" "Mozilla/5.0 AppleWebKit/537.36 (KHTML, like Gecko; compatible; ClaudeBot/1.0; [email protected])"
216.73.216.41 - - [20/Jul/2025:00:08:31 +0000] "GET /goodscode/77138412.shtm HTTP/1.1" 404 11742 "-" "Mozilla/5.0 AppleWebKit/537.36 (KHTML, like Gecko; compatible; ClaudeBot/1.0; [email protected])"
216.73.216.41 - - [20/Jul/2025:00:08:32 +0000] "GET /goodscode/35297046.shtm HTTP/1.1" 404 11742 "-" "Mozilla/5.0 AppleWebKit/537.36 (KHTML, like Gecko; compatible; ClaudeBot/1.0; [email protected])"
216.73.216.41 - - [20/Jul/2025:00:08:32 +0000] "GET /goodscode/77128833.shtm HTTP/1.1" 404 11742 "-" "Mozilla/5.0 AppleWebKit/537.36 (KHTML, like Gecko; compatible; ClaudeBot/1.0; [email protected])"
216.73.216.41 - - [20/Jul/2025:00:08:32 +0000] "GET /goodscode/35268809.shtm HTTP/1.1" 404 11742 "-" "Mozilla/5.0 AppleWebKit/537.36 (KHTML, like Gecko; compatible; ClaudeBot/1.0; [email protected])"
216.73.216.41 - - [20/Jul/2025:00:08:32 +0000] "GET /goodscode/77147777.shtm HTTP/1.1" 404 11742 "-" "Mozilla/5.0 AppleWebKit/537.36 (KHTML, like Gecko; compatible; ClaudeBot/1.0; [email protected])"
216.73.216.41 - - [20/Jul/2025:00:08:32 +0000] "GET /goodscode/35277796.shtm HTTP/1.1" 404 11742 "-" "Mozilla/5.0 AppleWebKit/537.36 (KHTML, like Gecko; compatible; ClaudeBot/1.0; [email protected])"
216.73.216.41 - - [20/Jul/2025:00:08:32 +0000] "GET /goodscode/77144546.shtm HTTP/1.1" 404 11743 "-" "Mozilla/5.0 AppleWebKit/537.36 (KHTML, like Gecko; compatible; ClaudeBot/1.0; [email protected])"
216.73.216.41 - - [20/Jul/2025:00:08:33 +0000] "GET /goodscode/77121458.shtm HTTP/1.1" 404 11743 "-" "Mozilla/5.0 AppleWebKit/537.36 (KHTML, like Gecko; compatible; ClaudeBot/1.0; [email protected])"
216.73.216.41 - - [20/Jul/2025:00:08:33 +0000] "GET /goodscode/77126899.shtm HTTP/1.1" 404 11743 "-" "Mozilla/5.0 AppleWebKit/537.36 (KHTML, like Gecko; compatible; ClaudeBot/1.0; [email protected])"
216.73.216.41 - - [20/Jul/2025:00:08:33 +0000] "GET /goodscode/77123548.shtm HTTP/1.1" 404 11743 "-" "Mozilla/5.0 AppleWebKit/537.36 (KHTML, like Gecko; compatible; ClaudeBot/1.0; [email protected])"
216.73.216.41 - - [20/Jul/2025:00:08:33 +0000] "GET /goodscode/35274320.shtm HTTP/1.1" 404 11743 "-" "Mozilla/5.0 AppleWebKit/537.36 (KHTML, like Gecko; compatible; ClaudeBot/1.0; [email protected])"
216.73.216.41 - - [20/Jul/2025:00:08:33 +0000] "GET /goodscode/77123234.shtm HTTP/1.1" 404 11743 "-" "Mozilla/5.0 AppleWebKit/537.36 (KHTML, like Gecko; compatible; ClaudeBot/1.0; [email protected])"
216.73.216.41 - - [20/Jul/2025:00:08:33 +0000] "GET /goodscode/77128940.shtm HTTP/1.1" 404 11743 "-" "Mozilla/5.0 AppleWebKit/537.36 (KHTML, like Gecko; compatible; ClaudeBot/1.0; [email protected])"
216.73.216.41 - - [20/Jul/2025:00:08:33 +0000] "GET /goodscode/77133725.shtm HTTP/1.1" 404 11743 "-" "Mozilla/5.0 AppleWebKit/537.36 (KHTML, like Gecko; compatible; ClaudeBot/1.0; [email protected])"
216.73.216.41 - - [20/Jul/2025:00:08:34 +0000] "GET /goodscode/77125577.shtm HTTP/1.1" 404 11743 "-" "Mozilla/5.0 AppleWebKit/537.36 (KHTML, like Gecko; compatible; ClaudeBot/1.0; [email protected])"
216.73.216.41 - - [20/Jul/2025:00:08:34 +0000] "GET /goodscode/35263820.shtm HTTP/1.1" 404 11743 "-" "Mozilla/5.0 AppleWebKit/537.36 (KHTML, like Gecko; compatible; ClaudeBot/1.0; [email protected])"
216.73.216.41 - - [20/Jul/2025:00:08:34 +0000] "GET /goodscode/35295334.shtm HTTP/1.1" 404 11743 "-" "Mozilla/5.0 AppleWebKit/537.36 (KHTML, like Gecko; compatible; ClaudeBot/1.0; [email protected])"
216.73.216.41 - - [20/Jul/2025:00:08:34 +0000] "GET /goodscode/77144881.shtm HTTP/1.1" 404 11743 "-" "Mozilla/5.0 AppleWebKit/537.36 (KHTML, like Gecko; compatible; ClaudeBot/1.0; [email protected])"
216.73.216.41 - - [20/Jul/2025:00:08:34 +0000] "GET /goodscode/35270998.shtm HTTP/1.1" 404 11743 "-" "Mozilla/5.0 AppleWebKit/537.36 (KHTML, like Gecko; compatible; ClaudeBot/1.0; [email protected])"
216.73.216.41 - - [20/Jul/2025:00:08:34 +0000] "GET /goodscode/77144003.shtm HTTP/1.1" 404 11743 "-" "Mozilla/5.0 AppleWebKit/537.36 (KHTML, like Gecko; compatible; ClaudeBot/1.0; [email protected])"
216.73.216.41 - - [20/Jul/2025:00:08:35 +0000] "GET /goodscode/77141808.shtm HTTP/1.1" 404 11743 "-" "Mozilla/5.0 AppleWebKit/537.36 (KHTML, like Gecko; compatible; ClaudeBot/1.0; [email protected])"
216.73.216.41 - - [20/Jul/2025:00:08:35 +0000] "GET /goodscode/77128580.shtm HTTP/1.1" 404 11743 "-" "Mozilla/5.0 AppleWebKit/537.36 (KHTML, like Gecko; compatible; ClaudeBot/1.0; [email protected])"
216.73.216.41 - - [20/Jul/2025:00:08:35 +0000] "GET /goodscode/77133676.shtm HTTP/1.1" 404 11743 "-" "Mozilla/5.0 AppleWebKit/537.36 (KHTML, like Gecko; compatible; ClaudeBot/1.0; [email protected])"
216.73.216.41 - - [20/Jul/2025:00:08:35 +0000] "GET /goodscode/77128052.shtm HTTP/1.1" 404 11743 "-" "Mozilla/5.0 AppleWebKit/537.36 (KHTML, like Gecko; compatible; ClaudeBot/1.0; [email protected])"
216.73.216.41 - - [20/Jul/2025:00:08:35 +0000] "GET /goodscode/35264922.shtm HTTP/1.1" 404 11743 "-" "Mozilla/5.0 AppleWebKit/537.36 (KHTML, like Gecko; compatible; ClaudeBot/1.0; [email protected])"
216.73.216.41 - - [20/Jul/2025:00:08:35 +0000] "GET /goodscode/77132502.shtm HTTP/1.1" 404 11743 "-" "Mozilla/5.0 AppleWebKit/537.36 (KHTML, like Gecko; compatible; ClaudeBot/1.0; [email protected])"
216.73.216.41 - - [20/Jul/2025:00:08:35 +0000] "GET /goodscode/77137777.shtm HTTP/1.1" 404 11743 "-" "Mozilla/5.0 AppleWebKit/537.36 (KHTML, like Gecko; compatible; ClaudeBot/1.0; [email protected])"
216.73.216.41 - - [20/Jul/2025:00:08:35 +0000] "GET /sitemap-14.xml HTTP/1.1" 200 3763 "-" "Mozilla/5.0 AppleWebKit/537.36 (KHTML, like Gecko; compatible; ClaudeBot/1.0; [email protected])"
216.73.216.41 - - [20/Jul/2025:00:08:35 +0000] "GET /goodscode/35296740.shtm HTTP/1.1" 404 11743 "-" "Mozilla/5.0 AppleWebKit/537.36 (KHTML, like Gecko; compatible; ClaudeBot/1.0; [email protected])"
