216.73.216.41 - - [19/Jul/2025:21:23:09 +0000] "GET /goodscode/45750722.shtm HTTP/1.1" 404 11743 "-" "Mozilla/5.0 AppleWebKit/537.36 (KHTML, like Gecko; compatible; ClaudeBot/1.0; [email protected])"
216.73.216.41 - - [19/Jul/2025:21:23:09 +0000] "GET /goodscode/45742202.shtm HTTP/1.1" 404 11743 "-" "Mozilla/5.0 AppleWebKit/537.36 (KHTML, like Gecko; compatible; ClaudeBot/1.0; [email protected])"
216.73.216.41 - - [19/Jul/2025:21:23:09 +0000] "GET /goodscode/45749871.shtm HTTP/1.1" 404 11743 "-" "Mozilla/5.0 AppleWebKit/537.36 (KHTML, like Gecko; compatible; ClaudeBot/1.0; [email protected])"
216.73.216.41 - - [19/Jul/2025:21:23:09 +0000] "GET /goodscode/45752239.shtm HTTP/1.1" 404 11743 "-" "Mozilla/5.0 AppleWebKit/537.36 (KHTML, like Gecko; compatible; ClaudeBot/1.0; [email protected])"
216.73.216.41 - - [19/Jul/2025:21:23:09 +0000] "GET /goodscode/45737844.shtm HTTP/1.1" 404 11743 "-" "Mozilla/5.0 AppleWebKit/537.36 (KHTML, like Gecko; compatible; ClaudeBot/1.0; [email protected])"
216.73.216.41 - - [19/Jul/2025:21:23:09 +0000] "GET /goodscode/45725192.shtm HTTP/1.1" 404 11743 "-" "Mozilla/5.0 AppleWebKit/537.36 (KHTML, like Gecko; compatible; ClaudeBot/1.0; [email protected])"
216.73.216.41 - - [19/Jul/2025:21:23:09 +0000] "GET /goodscode/45728372.shtm HTTP/1.1" 404 11743 "-" "Mozilla/5.0 AppleWebKit/537.36 (KHTML, like Gecko; compatible; ClaudeBot/1.0; [email protected])"
216.73.216.41 - - [19/Jul/2025:21:23:09 +0000] "GET /goodscode/45728199.shtm HTTP/1.1" 404 11743 "-" "Mozilla/5.0 AppleWebKit/537.36 (KHTML, like Gecko; compatible; ClaudeBot/1.0; [email protected])"
216.73.216.41 - - [19/Jul/2025:21:23:09 +0000] "GET /goodscode/45744479.shtm HTTP/1.1" 404 11743 "-" "Mozilla/5.0 AppleWebKit/537.36 (KHTML, like Gecko; compatible; ClaudeBot/1.0; [email protected])"
216.73.216.41 - - [19/Jul/2025:21:23:09 +0000] "GET /goodscode/45725369.shtm HTTP/1.1" 404 11743 "-" "Mozilla/5.0 AppleWebKit/537.36 (KHTML, like Gecko; compatible; ClaudeBot/1.0; [email protected])"
196.251.66.107 - - [19/Jul/2025:21:23:09 +0000] "GET /wp-includes/images/smilies/index.php HTTP/1.1" 301 - "https://www.google.com" "Mozilla/5.0 (Linux; Android 7.0; SM-G892A; wv)"
216.73.216.41 - - [19/Jul/2025:21:23:09 +0000] "GET /goodscode/45733636.shtm HTTP/1.1" 404 11743 "-" "Mozilla/5.0 AppleWebKit/537.36 (KHTML, like Gecko; compatible; ClaudeBot/1.0; [email protected])"
216.73.216.41 - - [19/Jul/2025:21:23:09 +0000] "GET /goodscode/45741067.shtm HTTP/1.1" 404 11743 "-" "Mozilla/5.0 AppleWebKit/537.36 (KHTML, like Gecko; compatible; ClaudeBot/1.0; [email protected])"
216.73.216.41 - - [19/Jul/2025:21:23:10 +0000] "GET /goodscode/45746255.shtm HTTP/1.1" 404 11743 "-" "Mozilla/5.0 AppleWebKit/537.36 (KHTML, like Gecko; compatible; ClaudeBot/1.0; [email protected])"
196.251.66.107 - - [19/Jul/2025:21:23:10 +0000] "GET /wp-includes/images/smilies/ HTTP/1.1" 404 11747 "https://www.google.com" "Mozilla/5.0 (Linux; Android 7.0; SM-G892A; wv)"
216.73.216.41 - - [19/Jul/2025:21:23:10 +0000] "GET /goodscode/45736255.shtm HTTP/1.1" 404 11743 "-" "Mozilla/5.0 AppleWebKit/537.36 (KHTML, like Gecko; compatible; ClaudeBot/1.0; [email protected])"
216.73.216.41 - - [19/Jul/2025:21:23:10 +0000] "GET /db.php/sitemap-12.xml HTTP/1.1" 200 13896 "-" "Mozilla/5.0 AppleWebKit/537.36 (KHTML, like Gecko; compatible; ClaudeBot/1.0; [email protected])"
216.73.216.41 - - [19/Jul/2025:21:23:10 +0000] "GET /goodscode/45747939.shtm HTTP/1.1" 404 11743 "-" "Mozilla/5.0 AppleWebKit/537.36 (KHTML, like Gecko; compatible; ClaudeBot/1.0; [email protected])"
216.73.216.41 - - [19/Jul/2025:21:23:10 +0000] "GET /goodscode/45754765.shtm HTTP/1.1" 404 11743 "-" "Mozilla/5.0 AppleWebKit/537.36 (KHTML, like Gecko; compatible; ClaudeBot/1.0; [email protected])"
216.73.216.41 - - [19/Jul/2025:21:23:10 +0000] "GET /goodscode/45728604.shtm HTTP/1.1" 404 11743 "-" "Mozilla/5.0 AppleWebKit/537.36 (KHTML, like Gecko; compatible; ClaudeBot/1.0; [email protected])"
216.73.216.41 - - [19/Jul/2025:21:23:10 +0000] "GET /goodscode/45737466.shtm HTTP/1.1" 404 11743 "-" "Mozilla/5.0 AppleWebKit/537.36 (KHTML, like Gecko; compatible; ClaudeBot/1.0; [email protected])"
216.73.216.41 - - [19/Jul/2025:21:23:10 +0000] "GET /goodscode/45743700.shtm HTTP/1.1" 404 11743 "-" "Mozilla/5.0 AppleWebKit/537.36 (KHTML, like Gecko; compatible; ClaudeBot/1.0; [email protected])"
196.251.66.107 - - [19/Jul/2025:21:23:10 +0000] "GET /wp-includes/images/wlw/index.php HTTP/1.1" 301 - "https://www.google.com" "Mozilla/5.0 (Linux; Android 7.0; SM-G892A; wv)"
216.73.216.41 - - [19/Jul/2025:21:23:10 +0000] "GET /goodscode/45736144.shtm HTTP/1.1" 404 11743 "-" "Mozilla/5.0 AppleWebKit/537.36 (KHTML, like Gecko; compatible; ClaudeBot/1.0; [email protected])"
216.73.216.41 - - [19/Jul/2025:21:23:10 +0000] "GET /goodscode/45735137.shtm HTTP/1.1" 404 11743 "-" "Mozilla/5.0 AppleWebKit/537.36 (KHTML, like Gecko; compatible; ClaudeBot/1.0; [email protected])"
216.73.216.41 - - [19/Jul/2025:21:23:11 +0000] "GET /goodscode/45730567.shtm HTTP/1.1" 404 11743 "-" "Mozilla/5.0 AppleWebKit/537.36 (KHTML, like Gecko; compatible; ClaudeBot/1.0; [email protected])"
196.251.66.107 - - [19/Jul/2025:21:23:11 +0000] "GET /wp-includes/images/wlw/ HTTP/1.1" 404 11747 "https://www.google.com" "Mozilla/5.0 (Linux; Android 7.0; SM-G892A; wv)"
216.73.216.41 - - [19/Jul/2025:21:23:11 +0000] "GET /goodscode/45748531.shtm HTTP/1.1" 404 11743 "-" "Mozilla/5.0 AppleWebKit/537.36 (KHTML, like Gecko; compatible; ClaudeBot/1.0; [email protected])"
216.73.216.41 - - [19/Jul/2025:21:23:11 +0000] "GET /goodscode/45723463.shtm HTTP/1.1" 404 11743 "-" "Mozilla/5.0 AppleWebKit/537.36 (KHTML, like Gecko; compatible; ClaudeBot/1.0; [email protected])"
216.73.216.41 - - [19/Jul/2025:21:23:11 +0000] "GET /goodscode/45726966.shtm HTTP/1.1" 404 11743 "-" "Mozilla/5.0 AppleWebKit/537.36 (KHTML, like Gecko; compatible; ClaudeBot/1.0; [email protected])"
196.251.66.107 - - [19/Jul/2025:21:23:11 +0000] "GET /wp-includes/js/index.php HTTP/1.1" 301 - "https://www.google.com" "Mozilla/5.0 (Linux; Android 7.0; SM-G892A; wv)"
196.251.66.107 - - [19/Jul/2025:21:23:12 +0000] "GET /wp-includes/js/ HTTP/1.1" 404 11747 "https://www.google.com" "Mozilla/5.0 (Linux; Android 7.0; SM-G892A; wv)"
196.251.66.107 - - [19/Jul/2025:21:23:12 +0000] "GET /wp-includes/js/codemirror/index.php HTTP/1.1" 301 - "https://www.google.com" "Mozilla/5.0 (Linux; Android 7.0; SM-G892A; wv)"
196.251.66.107 - - [19/Jul/2025:21:23:13 +0000] "GET /wp-includes/js/codemirror/ HTTP/1.1" 404 11747 "https://www.google.com" "Mozilla/5.0 (Linux; Android 7.0; SM-G892A; wv)"
196.251.66.107 - - [19/Jul/2025:21:23:13 +0000] "GET /wp-includes/js/crop/index.php HTTP/1.1" 301 - "https://www.google.com" "Mozilla/5.0 (Linux; Android 7.0; SM-G892A; wv)"
196.251.66.107 - - [19/Jul/2025:21:23:14 +0000] "GET /wp-includes/js/crop/ HTTP/1.1" 404 11747 "https://www.google.com" "Mozilla/5.0 (Linux; Android 7.0; SM-G892A; wv)"
196.251.66.107 - - [19/Jul/2025:21:23:15 +0000] "GET /wp-includes/js/dist/index.php HTTP/1.1" 301 - "https://www.google.com" "Mozilla/5.0 (Linux; Android 7.0; SM-G892A; wv)"
196.251.66.107 - - [19/Jul/2025:21:23:15 +0000] "GET /wp-includes/js/dist/ HTTP/1.1" 404 11747 "https://www.google.com" "Mozilla/5.0 (Linux; Android 7.0; SM-G892A; wv)"
196.251.66.107 - - [19/Jul/2025:21:23:16 +0000] "GET /wp-includes/js/dist/vendor/index.php HTTP/1.1" 301 - "https://www.google.com" "Mozilla/5.0 (Linux; Android 7.0; SM-G892A; wv)"
196.251.66.107 - - [19/Jul/2025:21:23:16 +0000] "GET /wp-includes/js/dist/vendor/ HTTP/1.1" 404 11747 "https://www.google.com" "Mozilla/5.0 (Linux; Android 7.0; SM-G892A; wv)"
196.251.66.107 - - [19/Jul/2025:21:23:17 +0000] "GET /wp-includes/js/imgareaselect/index.php HTTP/1.1" 301 - "https://www.google.com" "Mozilla/5.0 (Linux; Android 7.0; SM-G892A; wv)"
196.251.66.107 - - [19/Jul/2025:21:23:17 +0000] "GET /wp-includes/js/imgareaselect/ HTTP/1.1" 404 11747 "https://www.google.com" "Mozilla/5.0 (Linux; Android 7.0; SM-G892A; wv)"
196.251.66.107 - - [19/Jul/2025:21:23:18 +0000] "GET /wp-includes/js/jcrop/index.php HTTP/1.1" 301 - "https://www.google.com" "Mozilla/5.0 (Linux; Android 7.0; SM-G892A; wv)"
196.251.66.107 - - [19/Jul/2025:21:23:18 +0000] "GET /wp-includes/js/jcrop/ HTTP/1.1" 404 11747 "https://www.google.com" "Mozilla/5.0 (Linux; Android 7.0; SM-G892A; wv)"
196.251.66.107 - - [19/Jul/2025:21:23:19 +0000] "GET /wp-includes/js/jquery/index.php HTTP/1.1" 301 - "https://www.google.com" "Mozilla/5.0 (Linux; Android 7.0; SM-G892A; wv)"
196.251.66.107 - - [19/Jul/2025:21:23:19 +0000] "GET /wp-includes/js/jquery/ HTTP/1.1" 404 11747 "https://www.google.com" "Mozilla/5.0 (Linux; Android 7.0; SM-G892A; wv)"
196.251.66.107 - - [19/Jul/2025:21:23:20 +0000] "GET /wp-includes/js/jquery/ui/index.php HTTP/1.1" 301 - "https://www.google.com" "Mozilla/5.0 (Linux; Android 7.0; SM-G892A; wv)"
196.251.66.107 - - [19/Jul/2025:21:23:20 +0000] "GET /wp-includes/js/jquery/ui/ HTTP/1.1" 404 11747 "https://www.google.com" "Mozilla/5.0 (Linux; Android 7.0; SM-G892A; wv)"
196.251.66.107 - - [19/Jul/2025:21:23:21 +0000] "GET /wp-includes/js/mediaelement/index.php HTTP/1.1" 301 - "https://www.google.com" "Mozilla/5.0 (Linux; Android 7.0; SM-G892A; wv)"
196.251.66.107 - - [19/Jul/2025:21:23:21 +0000] "GET /wp-includes/js/mediaelement/ HTTP/1.1" 404 11747 "https://www.google.com" "Mozilla/5.0 (Linux; Android 7.0; SM-G892A; wv)"
196.251.66.107 - - [19/Jul/2025:21:23:22 +0000] "GET /wp-includes/js/mediaelement/renderers/index.php HTTP/1.1" 301 - "https://www.google.com" "Mozilla/5.0 (Linux; Android 7.0; SM-G892A; wv)"
196.251.66.107 - - [19/Jul/2025:21:23:22 +0000] "GET /wp-includes/js/mediaelement/renderers/ HTTP/1.1" 404 11746 "https://www.google.com" "Mozilla/5.0 (Linux; Android 7.0; SM-G892A; wv)"
209.74.77.214 - - [19/Jul/2025:21:23:23 +0000] "POST /wp-cron.php?doing_wp_cron=1752960203.7315258979797363281250 HTTP/1.1" 200 - "-" "WordPress/6.8.2; https://gardenify.com.au"
196.251.66.107 - - [19/Jul/2025:21:23:23 +0000] "GET /wp-includes/js/plupload/index.php HTTP/1.1" 301 - "https://www.google.com" "Mozilla/5.0 (Linux; Android 7.0; SM-G892A; wv)"
196.251.66.107 - - [19/Jul/2025:21:23:23 +0000] "GET /wp-includes/js/plupload/ HTTP/1.1" 404 11747 "https://www.google.com" "Mozilla/5.0 (Linux; Android 7.0; SM-G892A; wv)"
196.251.66.107 - - [19/Jul/2025:21:23:24 +0000] "GET /wp-includes/interactivity-api/index.php HTTP/1.1" 301 - "https://www.google.com" "Mozilla/5.0 (Linux; Android 7.0; SM-G892A; wv)"
196.251.66.107 - - [19/Jul/2025:21:23:25 +0000] "GET /wp-includes/interactivity-api/ HTTP/1.1" 404 11747 "https://www.google.com" "Mozilla/5.0 (Linux; Android 7.0; SM-G892A; wv)"
196.251.66.107 - - [19/Jul/2025:21:23:25 +0000] "GET /wp-includes/js/swfupload/index.php HTTP/1.1" 301 - "https://www.google.com" "Mozilla/5.0 (Linux; Android 7.0; SM-G892A; wv)"
196.251.66.107 - - [19/Jul/2025:21:23:26 +0000] "GET /wp-includes/js/swfupload/ HTTP/1.1" 404 11747 "https://www.google.com" "Mozilla/5.0 (Linux; Android 7.0; SM-G892A; wv)"
196.251.66.107 - - [19/Jul/2025:21:23:26 +0000] "GET /wp-includes/js/thickbox/index.php HTTP/1.1" 301 - "https://www.google.com" "Mozilla/5.0 (Linux; Android 7.0; SM-G892A; wv)"
196.251.66.107 - - [19/Jul/2025:21:23:27 +0000] "GET /wp-includes/js/thickbox/ HTTP/1.1" 404 11747 "https://www.google.com" "Mozilla/5.0 (Linux; Android 7.0; SM-G892A; wv)"
196.251.66.107 - - [19/Jul/2025:21:23:27 +0000] "GET /wp-includes/js/tinymce/index.php HTTP/1.1" 301 - "https://www.google.com" "Mozilla/5.0 (Linux; Android 7.0; SM-G892A; wv)"
196.251.66.107 - - [19/Jul/2025:21:23:28 +0000] "GET /wp-includes/js/tinymce/ HTTP/1.1" 404 11747 "https://www.google.com" "Mozilla/5.0 (Linux; Android 7.0; SM-G892A; wv)"
196.251.66.107 - - [19/Jul/2025:21:23:28 +0000] "GET /wp-includes/js/tinymce/langs/index.php HTTP/1.1" 301 - "https://www.google.com" "Mozilla/5.0 (Linux; Android 7.0; SM-G892A; wv)"
196.251.66.107 - - [19/Jul/2025:21:23:29 +0000] "GET /wp-includes/js/tinymce/langs/ HTTP/1.1" 404 11747 "https://www.google.com" "Mozilla/5.0 (Linux; Android 7.0; SM-G892A; wv)"
196.251.66.107 - - [19/Jul/2025:21:23:29 +0000] "GET /wp-includes/sodium_compat/src/Core32/SecretStream/index.php HTTP/1.1" 301 - "https://www.google.com" "Mozilla/5.0 (Linux; Android 7.0; SM-G892A; wv)"
196.251.66.107 - - [19/Jul/2025:21:23:30 +0000] "GET /wp-includes/sodium_compat/src/Core32/SecretStream/ HTTP/1.1" 404 11747 "https://www.google.com" "Mozilla/5.0 (Linux; Android 7.0; SM-G892A; wv)"
196.251.66.107 - - [19/Jul/2025:21:23:30 +0000] "GET /wp-includes/js/tinymce/plugins/charmap/index.php HTTP/1.1" 301 - "https://www.google.com" "Mozilla/5.0 (Linux; Android 7.0; SM-G892A; wv)"
196.251.66.107 - - [19/Jul/2025:21:23:31 +0000] "GET /wp-includes/js/tinymce/plugins/charmap/ HTTP/1.1" 404 11747 "https://www.google.com" "Mozilla/5.0 (Linux; Android 7.0; SM-G892A; wv)"
196.251.66.107 - - [19/Jul/2025:21:23:32 +0000] "GET /wp-includes/css/dist/patterns/index.php HTTP/1.1" 301 - "https://www.google.com" "Mozilla/5.0 (Linux; Android 7.0; SM-G892A; wv)"
196.251.66.107 - - [19/Jul/2025:21:23:32 +0000] "GET /wp-includes/css/dist/patterns/ HTTP/1.1" 404 11747 "https://www.google.com" "Mozilla/5.0 (Linux; Android 7.0; SM-G892A; wv)"
196.251.66.107 - - [19/Jul/2025:21:23:33 +0000] "GET /wp-includes/rest-api/search/index.php HTTP/1.1" 301 - "https://www.google.com" "Mozilla/5.0 (Linux; Android 7.0; SM-G892A; wv)"
196.251.66.107 - - [19/Jul/2025:21:23:33 +0000] "GET /wp-includes/rest-api/search/ HTTP/1.1" 404 11747 "https://www.google.com" "Mozilla/5.0 (Linux; Android 7.0; SM-G892A; wv)"
196.251.66.107 - - [19/Jul/2025:21:23:34 +0000] "GET /wp-includes/js/tinymce/plugins/image/index.php HTTP/1.1" 301 - "https://www.google.com" "Mozilla/5.0 (Linux; Android 7.0; SM-G892A; wv)"
196.251.66.107 - - [19/Jul/2025:21:23:34 +0000] "GET /wp-includes/js/tinymce/plugins/image/ HTTP/1.1" 404 11747 "https://www.google.com" "Mozilla/5.0 (Linux; Android 7.0; SM-G892A; wv)"
196.251.66.107 - - [19/Jul/2025:21:23:35 +0000] "GET /wp-includes/js/tinymce/plugins/hr/index.php HTTP/1.1" 301 - "https://www.google.com" "Mozilla/5.0 (Linux; Android 7.0; SM-G892A; wv)"
196.251.66.107 - - [19/Jul/2025:21:23:35 +0000] "GET /wp-includes/js/tinymce/plugins/hr/ HTTP/1.1" 404 11747 "https://www.google.com" "Mozilla/5.0 (Linux; Android 7.0; SM-G892A; wv)"
196.251.66.107 - - [19/Jul/2025:21:23:36 +0000] "GET /wp-includes/js/tinymce/plugins/fullscreen/index.php HTTP/1.1" 301 - "https://www.google.com" "Mozilla/5.0 (Linux; Android 7.0; SM-G892A; wv)"
196.251.66.107 - - [19/Jul/2025:21:23:36 +0000] "GET /wp-includes/js/tinymce/plugins/fullscreen/ HTTP/1.1" 404 11747 "https://www.google.com" "Mozilla/5.0 (Linux; Android 7.0; SM-G892A; wv)"
196.251.66.107 - - [19/Jul/2025:21:23:37 +0000] "GET /wp-includes/widgets/dir/index.php HTTP/1.1" 301 - "https://www.google.com" "Mozilla/5.0 (Linux; Android 7.0; SM-G892A; wv)"
196.251.66.107 - - [19/Jul/2025:21:23:37 +0000] "GET /wp-includes/widgets/dir/ HTTP/1.1" 404 11747 "https://www.google.com" "Mozilla/5.0 (Linux; Android 7.0; SM-G892A; wv)"
196.251.66.107 - - [19/Jul/2025:21:23:38 +0000] "GET /wp-includes/Requests/src/Exception/Http/index.php HTTP/1.1" 301 - "https://www.google.com" "Mozilla/5.0 (Linux; Android 7.0; SM-G892A; wv)"
196.251.66.107 - - [19/Jul/2025:21:23:38 +0000] "GET /wp-includes/Requests/src/Exception/Http/ HTTP/1.1" 404 11747 "https://www.google.com" "Mozilla/5.0 (Linux; Android 7.0; SM-G892A; wv)"
209.74.77.214 - - [19/Jul/2025:21:23:51 +0000] "POST /wp-cron.php?doing_wp_cron=1752960231.3391070365905761718750 HTTP/1.1" 200 - "-" "WordPress/6.8.2; https://gardenify.com.au"
196.251.66.107 - - [19/Jul/2025:21:23:51 +0000] "GET /wp-admin/upgrade.php?_wp_http_referer=%2Fwp-admin%2Findex.php HTTP/1.1" 404 11747 "https://www.google.com" "Mozilla/5.0 (Linux; Android 7.0; SM-G892A; wv)"
209.74.77.214 - - [19/Jul/2025:21:23:51 +0000] "POST /wp-admin/admin-ajax.php?action=async_litespeed&nonce=qzEfMKrfE02PPAqA2UuB4GqON1MGiEtI&litespeed_type=imgoptm HTTP/1.1" 200 21 "-" "WordPress/6.8.2; https://gardenify.com.au"
20.171.207.73 - - [19/Jul/2025:21:23:54 +0000] "GET /goodscode/87792371.shtm HTTP/1.1" 404 11743 "-" "Mozilla/5.0 AppleWebKit/537.36 (KHTML, like Gecko; compatible; GPTBot/1.2; +https://openai.com/gptbot)"
216.73.216.41 - - [19/Jul/2025:21:24:19 +0000] "GET /goodscode/45755088.shtm HTTP/1.1" 404 11743 "-" "Mozilla/5.0 AppleWebKit/537.36 (KHTML, like Gecko; compatible; ClaudeBot/1.0; [email protected])"
216.73.216.41 - - [19/Jul/2025:21:24:19 +0000] "GET /goodscode/45754247.shtm HTTP/1.1" 404 11743 "-" "Mozilla/5.0 AppleWebKit/537.36 (KHTML, like Gecko; compatible; ClaudeBot/1.0; [email protected])"
216.73.216.41 - - [19/Jul/2025:21:24:19 +0000] "GET /goodscode/45746956.shtm HTTP/1.1" 404 11743 "-" "Mozilla/5.0 AppleWebKit/537.36 (KHTML, like Gecko; compatible; ClaudeBot/1.0; [email protected])"
216.73.216.41 - - [19/Jul/2025:21:24:19 +0000] "GET /goodscode/45732296.shtm HTTP/1.1" 404 11743 "-" "Mozilla/5.0 AppleWebKit/537.36 (KHTML, like Gecko; compatible; ClaudeBot/1.0; [email protected])"
216.73.216.41 - - [19/Jul/2025:21:24:19 +0000] "GET /goodscode/45733618.shtm HTTP/1.1" 404 11743 "-" "Mozilla/5.0 AppleWebKit/537.36 (KHTML, like Gecko; compatible; ClaudeBot/1.0; [email protected])"
216.73.216.41 - - [19/Jul/2025:21:24:19 +0000] "GET /db.php/sitemap-4.xml HTTP/1.1" 200 13904 "-" "Mozilla/5.0 AppleWebKit/537.36 (KHTML, like Gecko; compatible; ClaudeBot/1.0; [email protected])"
216.73.216.41 - - [19/Jul/2025:21:24:19 +0000] "GET /goodscode/45736966.shtm HTTP/1.1" 404 11743 "-" "Mozilla/5.0 AppleWebKit/537.36 (KHTML, like Gecko; compatible; ClaudeBot/1.0; [email protected])"
216.73.216.41 - - [19/Jul/2025:21:24:19 +0000] "GET /goodscode/45743795.shtm HTTP/1.1" 404 11743 "-" "Mozilla/5.0 AppleWebKit/537.36 (KHTML, like Gecko; compatible; ClaudeBot/1.0; [email protected])"
216.73.216.41 - - [19/Jul/2025:21:24:19 +0000] "GET /goodscode/45738625.shtm HTTP/1.1" 404 11743 "-" "Mozilla/5.0 AppleWebKit/537.36 (KHTML, like Gecko; compatible; ClaudeBot/1.0; [email protected])"
216.73.216.41 - - [19/Jul/2025:21:24:19 +0000] "GET /goodscode/45747918.shtm HTTP/1.1" 404 11743 "-" "Mozilla/5.0 AppleWebKit/537.36 (KHTML, like Gecko; compatible; ClaudeBot/1.0; [email protected])"
216.73.216.41 - - [19/Jul/2025:21:24:20 +0000] "GET /goodscode/45729260.shtm HTTP/1.1" 404 11743 "-" "Mozilla/5.0 AppleWebKit/537.36 (KHTML, like Gecko; compatible; ClaudeBot/1.0; [email protected])"
216.73.216.41 - - [19/Jul/2025:21:24:20 +0000] "GET /goodscode/45742473.shtm HTTP/1.1" 404 11743 "-" "Mozilla/5.0 AppleWebKit/537.36 (KHTML, like Gecko; compatible; ClaudeBot/1.0; [email protected])"
216.73.216.41 - - [19/Jul/2025:21:24:20 +0000] "GET /goodscode/45742547.shtm HTTP/1.1" 404 11743 "-" "Mozilla/5.0 AppleWebKit/537.36 (KHTML, like Gecko; compatible; ClaudeBot/1.0; [email protected])"
216.73.216.41 - - [19/Jul/2025:21:24:20 +0000] "GET /goodscode/45750352.shtm HTTP/1.1" 404 11743 "-" "Mozilla/5.0 AppleWebKit/537.36 (KHTML, like Gecko; compatible; ClaudeBot/1.0; [email protected])"
216.73.216.41 - - [19/Jul/2025:21:24:20 +0000] "GET /goodscode/45734249.shtm HTTP/1.1" 404 11743 "-" "Mozilla/5.0 AppleWebKit/537.36 (KHTML, like Gecko; compatible; ClaudeBot/1.0; [email protected])"
216.73.216.41 - - [19/Jul/2025:21:24:20 +0000] "GET /goodscode/45754387.shtm HTTP/1.1" 404 11743 "-" "Mozilla/5.0 AppleWebKit/537.36 (KHTML, like Gecko; compatible; ClaudeBot/1.0; [email protected])"
216.73.216.41 - - [19/Jul/2025:21:24:20 +0000] "GET /goodscode/45728857.shtm HTTP/1.1" 404 11743 "-" "Mozilla/5.0 AppleWebKit/537.36 (KHTML, like Gecko; compatible; ClaudeBot/1.0; [email protected])"
216.73.216.41 - - [19/Jul/2025:21:24:20 +0000] "GET /goodscode/45749797.shtm HTTP/1.1" 404 11743 "-" "Mozilla/5.0 AppleWebKit/537.36 (KHTML, like Gecko; compatible; ClaudeBot/1.0; [email protected])"
216.73.216.41 - - [19/Jul/2025:21:24:20 +0000] "GET /goodscode/45732220.shtm HTTP/1.1" 404 11743 "-" "Mozilla/5.0 AppleWebKit/537.36 (KHTML, like Gecko; compatible; ClaudeBot/1.0; [email protected])"
216.73.216.41 - - [19/Jul/2025:21:24:21 +0000] "GET /goodscode/45734415.shtm HTTP/1.1" 404 11743 "-" "Mozilla/5.0 AppleWebKit/537.36 (KHTML, like Gecko; compatible; ClaudeBot/1.0; [email protected])"
216.73.216.41 - - [19/Jul/2025:21:24:22 +0000] "GET /goodscode/45755458.shtm HTTP/1.1" 404 11743 "-" "Mozilla/5.0 AppleWebKit/537.36 (KHTML, like Gecko; compatible; ClaudeBot/1.0; [email protected])"
216.73.216.41 - - [19/Jul/2025:21:24:22 +0000] "GET /goodscode/45728033.shtm HTTP/1.1" 404 11743 "-" "Mozilla/5.0 AppleWebKit/537.36 (KHTML, like Gecko; compatible; ClaudeBot/1.0; [email protected])"
216.73.216.41 - - [19/Jul/2025:21:24:22 +0000] "GET /goodscode/45734884.shtm HTTP/1.1" 404 11743 "-" "Mozilla/5.0 AppleWebKit/537.36 (KHTML, like Gecko; compatible; ClaudeBot/1.0; [email protected])"
216.73.216.41 - - [19/Jul/2025:21:24:22 +0000] "GET /goodscode/45750539.shtm HTTP/1.1" 404 11743 "-" "Mozilla/5.0 AppleWebKit/537.36 (KHTML, like Gecko; compatible; ClaudeBot/1.0; [email protected])"
216.73.216.41 - - [19/Jul/2025:21:24:21 +0000] "GET /goodscode/45725126.shtm HTTP/1.1" 404 11743 "-" "Mozilla/5.0 AppleWebKit/537.36 (KHTML, like Gecko; compatible; ClaudeBot/1.0; [email protected])"
216.73.216.41 - - [19/Jul/2025:21:24:19 +0000] "GET /goodscode/45752126.shtm HTTP/1.1" 404 11743 "-" "Mozilla/5.0 AppleWebKit/537.36 (KHTML, like Gecko; compatible; ClaudeBot/1.0; [email protected])"
216.73.216.41 - - [19/Jul/2025:21:24:20 +0000] "GET /goodscode/45728882.shtm HTTP/1.1" 404 11743 "-" "Mozilla/5.0 AppleWebKit/537.36 (KHTML, like Gecko; compatible; ClaudeBot/1.0; [email protected])"
209.74.77.214 - - [19/Jul/2025:21:24:51 +0000] "POST /wp-admin/admin-ajax.php?action=async_litespeed&nonce=JCQRlhANDCZvmIzcfTeNoKkSKxUWqbkv&litespeed_type=imgoptm HTTP/1.1" 200 21 "-" "WordPress/6.8.2; https://gardenify.com.au"
20.171.207.73 - - [19/Jul/2025:21:24:54 +0000] "GET /goodscode/87782878.shtm HTTP/1.1" 404 11743 "-" "Mozilla/5.0 AppleWebKit/537.36 (KHTML, like Gecko; compatible; GPTBot/1.2; +https://openai.com/gptbot)"
57.141.2.9 - - [19/Jul/2025:21:25:39 +0000] "GET /?s=34410823001490& HTTP/1.1" 200 50573 "-" "meta-externalagent/1.1 (+https://developers.facebook.com/docs/sharing/webmasters/crawler)"
216.73.216.41 - - [19/Jul/2025:21:25:47 +0000] "GET /goodscode/45727560.shtm HTTP/1.1" 404 11743 "-" "Mozilla/5.0 AppleWebKit/537.36 (KHTML, like Gecko; compatible; ClaudeBot/1.0; [email protected])"
216.73.216.41 - - [19/Jul/2025:21:25:47 +0000] "GET /goodscode/45742397.shtm HTTP/1.1" 404 11743 "-" "Mozilla/5.0 AppleWebKit/537.36 (KHTML, like Gecko; compatible; ClaudeBot/1.0; [email protected])"
216.73.216.41 - - [19/Jul/2025:21:25:47 +0000] "GET /goodscode/45722641.shtm HTTP/1.1" 404 11743 "-" "Mozilla/5.0 AppleWebKit/537.36 (KHTML, like Gecko; compatible; ClaudeBot/1.0; [email protected])"
216.73.216.41 - - [19/Jul/2025:21:25:47 +0000] "GET /db.php/sitemap-7.xml HTTP/1.1" 200 13874 "-" "Mozilla/5.0 AppleWebKit/537.36 (KHTML, like Gecko; compatible; ClaudeBot/1.0; [email protected])"
216.73.216.41 - - [19/Jul/2025:21:25:47 +0000] "GET /goodscode/45735626.shtm HTTP/1.1" 404 11743 "-" "Mozilla/5.0 AppleWebKit/537.36 (KHTML, like Gecko; compatible; ClaudeBot/1.0; [email protected])"
216.73.216.41 - - [19/Jul/2025:21:25:47 +0000] "GET /goodscode/45727377.shtm HTTP/1.1" 404 11743 "-" "Mozilla/5.0 AppleWebKit/537.36 (KHTML, like Gecko; compatible; ClaudeBot/1.0; [email protected])"
216.73.216.41 - - [19/Jul/2025:21:25:48 +0000] "GET /db.php/sitemap-10.xml HTTP/1.1" 200 13844 "-" "Mozilla/5.0 AppleWebKit/537.36 (KHTML, like Gecko; compatible; ClaudeBot/1.0; [email protected])"
216.73.216.41 - - [19/Jul/2025:21:25:48 +0000] "GET /goodscode/45732333.shtm HTTP/1.1" 404 11743 "-" "Mozilla/5.0 AppleWebKit/537.36 (KHTML, like Gecko; compatible; ClaudeBot/1.0; [email protected])"
216.73.216.41 - - [19/Jul/2025:21:25:48 +0000] "GET /goodscode/45733108.shtm HTTP/1.1" 404 11743 "-" "Mozilla/5.0 AppleWebKit/537.36 (KHTML, like Gecko; compatible; ClaudeBot/1.0; [email protected])"
216.73.216.41 - - [19/Jul/2025:21:25:48 +0000] "GET /goodscode/45740288.shtm HTTP/1.1" 404 11743 "-" "Mozilla/5.0 AppleWebKit/537.36 (KHTML, like Gecko; compatible; ClaudeBot/1.0; [email protected])"
216.73.216.41 - - [19/Jul/2025:21:25:48 +0000] "GET /goodscode/45734070.shtm HTTP/1.1" 404 11743 "-" "Mozilla/5.0 AppleWebKit/537.36 (KHTML, like Gecko; compatible; ClaudeBot/1.0; [email protected])"
216.73.216.41 - - [19/Jul/2025:21:25:48 +0000] "GET /goodscode/45755653.shtm HTTP/1.1" 404 11743 "-" "Mozilla/5.0 AppleWebKit/537.36 (KHTML, like Gecko; compatible; ClaudeBot/1.0; [email protected])"
216.73.216.41 - - [19/Jul/2025:21:25:48 +0000] "GET /goodscode/45749464.shtm HTTP/1.1" 404 11743 "-" "Mozilla/5.0 AppleWebKit/537.36 (KHTML, like Gecko; compatible; ClaudeBot/1.0; [email protected])"
216.73.216.41 - - [19/Jul/2025:21:25:48 +0000] "GET /goodscode/45742241.shtm HTTP/1.1" 404 11743 "-" "Mozilla/5.0 AppleWebKit/537.36 (KHTML, like Gecko; compatible; ClaudeBot/1.0; [email protected])"
216.73.216.41 - - [19/Jul/2025:21:25:48 +0000] "GET /goodscode/45735098.shtm HTTP/1.1" 404 11743 "-" "Mozilla/5.0 AppleWebKit/537.36 (KHTML, like Gecko; compatible; ClaudeBot/1.0; [email protected])"
216.73.216.41 - - [19/Jul/2025:21:25:48 +0000] "GET /goodscode/45737957.shtm HTTP/1.1" 404 11743 "-" "Mozilla/5.0 AppleWebKit/537.36 (KHTML, like Gecko; compatible; ClaudeBot/1.0; [email protected])"
216.73.216.41 - - [19/Jul/2025:21:25:48 +0000] "GET /goodscode/45727451.shtm HTTP/1.1" 404 11743 "-" "Mozilla/5.0 AppleWebKit/537.36 (KHTML, like Gecko; compatible; ClaudeBot/1.0; [email protected])"
216.73.216.41 - - [19/Jul/2025:21:25:48 +0000] "GET /goodscode/45728189.shtm HTTP/1.1" 404 11743 "-" "Mozilla/5.0 AppleWebKit/537.36 (KHTML, like Gecko; compatible; ClaudeBot/1.0; [email protected])"
216.73.216.41 - - [19/Jul/2025:21:25:49 +0000] "GET /goodscode/45728995.shtm HTTP/1.1" 404 11743 "-" "Mozilla/5.0 AppleWebKit/537.36 (KHTML, like Gecko; compatible; ClaudeBot/1.0; [email protected])"
216.73.216.41 - - [19/Jul/2025:21:25:49 +0000] "GET /goodscode/45732748.shtm HTTP/1.1" 404 11743 "-" "Mozilla/5.0 AppleWebKit/537.36 (KHTML, like Gecko; compatible; ClaudeBot/1.0; [email protected])"
216.73.216.41 - - [19/Jul/2025:21:25:49 +0000] "GET /goodscode/45737375.shtm HTTP/1.1" 404 11743 "-" "Mozilla/5.0 AppleWebKit/537.36 (KHTML, like Gecko; compatible; ClaudeBot/1.0; [email protected])"
216.73.216.41 - - [19/Jul/2025:21:25:49 +0000] "GET /goodscode/45745293.shtm HTTP/1.1" 404 11743 "-" "Mozilla/5.0 AppleWebKit/537.36 (KHTML, like Gecko; compatible; ClaudeBot/1.0; [email protected])"
216.73.216.41 - - [19/Jul/2025:21:25:49 +0000] "GET /goodscode/45723011.shtm HTTP/1.1" 404 11743 "-" "Mozilla/5.0 AppleWebKit/537.36 (KHTML, like Gecko; compatible; ClaudeBot/1.0; [email protected])"
216.73.216.41 - - [19/Jul/2025:21:25:49 +0000] "GET /goodscode/45749049.shtm HTTP/1.1" 404 11743 "-" "Mozilla/5.0 AppleWebKit/537.36 (KHTML, like Gecko; compatible; ClaudeBot/1.0; [email protected])"
216.73.216.41 - - [19/Jul/2025:21:25:49 +0000] "GET /goodscode/45749602.shtm HTTP/1.1" 404 11743 "-" "Mozilla/5.0 AppleWebKit/537.36 (KHTML, like Gecko; compatible; ClaudeBot/1.0; [email protected])"
216.73.216.41 - - [19/Jul/2025:21:25:49 +0000] "GET /goodscode/45727854.shtm HTTP/1.1" 404 11743 "-" "Mozilla/5.0 AppleWebKit/537.36 (KHTML, like Gecko; compatible; ClaudeBot/1.0; [email protected])"
216.73.216.41 - - [19/Jul/2025:21:25:49 +0000] "GET /goodscode/45729770.shtm HTTP/1.1" 404 11743 "-" "Mozilla/5.0 AppleWebKit/537.36 (KHTML, like Gecko; compatible; ClaudeBot/1.0; [email protected])"
209.74.77.214 - - [19/Jul/2025:21:25:51 +0000] "POST /wp-admin/admin-ajax.php?action=async_litespeed&nonce=udqdgYIdCpOxzgi94VkhY6Uff6ICHnPb&litespeed_type=imgoptm HTTP/1.1" 200 21 "-" "WordPress/6.8.2; https://gardenify.com.au"
20.171.207.73 - - [19/Jul/2025:21:25:58 +0000] "GET /goodscode/87787976.shtm HTTP/1.1" 404 11743 "-" "Mozilla/5.0 AppleWebKit/537.36 (KHTML, like Gecko; compatible; GPTBot/1.2; +https://openai.com/gptbot)"
209.74.77.214 - - [19/Jul/2025:21:27:03 +0000] "POST /wp-cron.php?doing_wp_cron=1752960423.4309580326080322265625 HTTP/1.1" 200 - "-" "WordPress/6.8.2; https://gardenify.com.au"
20.171.207.73 - - [19/Jul/2025:21:27:02 +0000] "GET /goodscode/87789908.shtm HTTP/1.1" 404 11743 "-" "Mozilla/5.0 AppleWebKit/537.36 (KHTML, like Gecko; compatible; GPTBot/1.2; +https://openai.com/gptbot)"
209.74.77.214 - - [19/Jul/2025:21:27:03 +0000] "POST /wp-admin/admin-ajax.php?action=async_litespeed&nonce=3SXmaIFOD4fTzXw6pGQf0C1YTT2QPIVb&litespeed_type=imgoptm HTTP/1.1" 200 21 "-" "WordPress/6.8.2; https://gardenify.com.au"
209.74.77.214 - - [19/Jul/2025:21:27:23 +0000] "POST /wp-cron.php?doing_wp_cron=1752960443.3050808906555175781250 HTTP/1.1" 200 - "-" "WordPress/6.8.2; https://gardenify.com.au"
216.73.216.41 - - [19/Jul/2025:21:27:23 +0000] "GET /goodscode/45738214.shtm HTTP/1.1" 404 11743 "-" "Mozilla/5.0 AppleWebKit/537.36 (KHTML, like Gecko; compatible; ClaudeBot/1.0; [email protected])"
216.73.216.41 - - [19/Jul/2025:21:27:23 +0000] "GET /goodscode/45735293.shtm HTTP/1.1" 404 11743 "-" "Mozilla/5.0 AppleWebKit/537.36 (KHTML, like Gecko; compatible; ClaudeBot/1.0; [email protected])"
216.73.216.41 - - [19/Jul/2025:21:27:23 +0000] "GET /goodscode/45750465.shtm HTTP/1.1" 404 11743 "-" "Mozilla/5.0 AppleWebKit/537.36 (KHTML, like Gecko; compatible; ClaudeBot/1.0; [email protected])"
216.73.216.41 - - [19/Jul/2025:21:27:23 +0000] "GET /goodscode/45733996.shtm HTTP/1.1" 404 11743 "-" "Mozilla/5.0 AppleWebKit/537.36 (KHTML, like Gecko; compatible; ClaudeBot/1.0; [email protected])"
216.73.216.41 - - [19/Jul/2025:21:27:23 +0000] "GET /goodscode/45728152.shtm HTTP/1.1" 404 11743 "-" "Mozilla/5.0 AppleWebKit/537.36 (KHTML, like Gecko; compatible; ClaudeBot/1.0; [email protected])"
216.73.216.41 - - [19/Jul/2025:21:27:24 +0000] "GET /goodscode/45727484.shtm HTTP/1.1" 404 11743 "-" "Mozilla/5.0 AppleWebKit/537.36 (KHTML, like Gecko; compatible; ClaudeBot/1.0; [email protected])"
216.73.216.41 - - [19/Jul/2025:21:27:24 +0000] "GET /goodscode/45725379.shtm HTTP/1.1" 404 11743 "-" "Mozilla/5.0 AppleWebKit/537.36 (KHTML, like Gecko; compatible; ClaudeBot/1.0; [email protected])"
216.73.216.41 - - [19/Jul/2025:21:27:24 +0000] "GET /goodscode/45729965.shtm HTTP/1.1" 404 11743 "-" "Mozilla/5.0 AppleWebKit/537.36 (KHTML, like Gecko; compatible; ClaudeBot/1.0; [email protected])"
216.73.216.41 - - [19/Jul/2025:21:27:24 +0000] "GET /goodscode/45733889.shtm HTTP/1.1" 404 11743 "-" "Mozilla/5.0 AppleWebKit/537.36 (KHTML, like Gecko; compatible; ClaudeBot/1.0; [email protected])"
216.73.216.41 - - [19/Jul/2025:21:27:24 +0000] "GET /goodscode/45755199.shtm HTTP/1.1" 404 11743 "-" "Mozilla/5.0 AppleWebKit/537.36 (KHTML, like Gecko; compatible; ClaudeBot/1.0; [email protected])"
216.73.216.41 - - [19/Jul/2025:21:27:24 +0000] "GET /goodscode/45737326.shtm HTTP/1.1" 404 11743 "-" "Mozilla/5.0 AppleWebKit/537.36 (KHTML, like Gecko; compatible; ClaudeBot/1.0; [email protected])"
216.73.216.41 - - [19/Jul/2025:21:27:24 +0000] "GET /goodscode/45723184.shtm HTTP/1.1" 404 11743 "-" "Mozilla/5.0 AppleWebKit/537.36 (KHTML, like Gecko; compatible; ClaudeBot/1.0; [email protected])"
216.73.216.41 - - [19/Jul/2025:21:27:24 +0000] "GET /db.php/sitemap.xml HTTP/1.1" 200 13887 "-" "Mozilla/5.0 AppleWebKit/537.36 (KHTML, like Gecko; compatible; ClaudeBot/1.0; [email protected])"
216.73.216.41 - - [19/Jul/2025:21:27:24 +0000] "GET /goodscode/45739852.shtm HTTP/1.1" 404 11743 "-" "Mozilla/5.0 AppleWebKit/537.36 (KHTML, like Gecko; compatible; ClaudeBot/1.0; [email protected])"
216.73.216.41 - - [19/Jul/2025:21:27:24 +0000] "GET /goodscode/45743774.shtm HTTP/1.1" 404 11743 "-" "Mozilla/5.0 AppleWebKit/537.36 (KHTML, like Gecko; compatible; ClaudeBot/1.0; [email protected])"
216.73.216.41 - - [19/Jul/2025:21:27:24 +0000] "GET /goodscode/45733453.shtm HTTP/1.1" 404 11743 "-" "Mozilla/5.0 AppleWebKit/537.36 (KHTML, like Gecko; compatible; ClaudeBot/1.0; [email protected])"
216.73.216.41 - - [19/Jul/2025:21:27:24 +0000] "GET /goodscode/45750646.shtm HTTP/1.1" 404 11743 "-" "Mozilla/5.0 AppleWebKit/537.36 (KHTML, like Gecko; compatible; ClaudeBot/1.0; [email protected])"
216.73.216.41 - - [19/Jul/2025:21:27:24 +0000] "GET /goodscode/45730380.shtm HTTP/1.1" 404 11743 "-" "Mozilla/5.0 AppleWebKit/537.36 (KHTML, like Gecko; compatible; ClaudeBot/1.0; [email protected])"
216.73.216.41 - - [19/Jul/2025:21:27:24 +0000] "GET /goodscode/45750389.shtm HTTP/1.1" 404 11743 "-" "Mozilla/5.0 AppleWebKit/537.36 (KHTML, like Gecko; compatible; ClaudeBot/1.0; [email protected])"
216.73.216.41 - - [19/Jul/2025:21:27:25 +0000] "GET /goodscode/45738354.shtm HTTP/1.1" 404 11743 "-" "Mozilla/5.0 AppleWebKit/537.36 (KHTML, like Gecko; compatible; ClaudeBot/1.0; [email protected])"
216.73.216.41 - - [19/Jul/2025:21:27:25 +0000] "GET /db.php/sitemap-11.xml HTTP/1.1" 200 13856 "-" "Mozilla/5.0 AppleWebKit/537.36 (KHTML, like Gecko; compatible; ClaudeBot/1.0; [email protected])"
216.73.216.41 - - [19/Jul/2025:21:27:25 +0000] "GET /goodscode/45726941.shtm HTTP/1.1" 404 11743 "-" "Mozilla/5.0 AppleWebKit/537.36 (KHTML, like Gecko; compatible; ClaudeBot/1.0; [email protected])"
216.73.216.41 - - [19/Jul/2025:21:27:25 +0000] "GET /goodscode/45750991.shtm HTTP/1.1" 404 11743 "-" "Mozilla/5.0 AppleWebKit/537.36 (KHTML, like Gecko; compatible; ClaudeBot/1.0; [email protected])"
216.73.216.41 - - [19/Jul/2025:21:27:25 +0000] "GET /goodscode/45739669.shtm HTTP/1.1" 404 11743 "-" "Mozilla/5.0 AppleWebKit/537.36 (KHTML, like Gecko; compatible; ClaudeBot/1.0; [email protected])"
216.73.216.41 - - [19/Jul/2025:21:27:25 +0000] "GET /goodscode/45738699.shtm HTTP/1.1" 404 11743 "-" "Mozilla/5.0 AppleWebKit/537.36 (KHTML, like Gecko; compatible; ClaudeBot/1.0; [email protected])"
216.73.216.41 - - [19/Jul/2025:21:27:25 +0000] "GET /goodscode/45727402.shtm HTTP/1.1" 404 11743 "-" "Mozilla/5.0 AppleWebKit/537.36 (KHTML, like Gecko; compatible; ClaudeBot/1.0; [email protected])"
216.73.216.41 - - [19/Jul/2025:21:27:25 +0000] "GET /goodscode/45732473.shtm HTTP/1.1" 404 11743 "-" "Mozilla/5.0 AppleWebKit/537.36 (KHTML, like Gecko; compatible; ClaudeBot/1.0; [email protected])"
209.74.77.214 - - [19/Jul/2025:21:28:08 +0000] "POST /wp-cron.php?doing_wp_cron=1752960488.9004569053649902343750 HTTP/1.1" 200 - "-" "WordPress/6.8.2; https://gardenify.com.au"
20.171.207.73 - - [19/Jul/2025:21:28:07 +0000] "GET /goodscode/87799288.shtm HTTP/1.1" 404 11743 "-" "Mozilla/5.0 AppleWebKit/537.36 (KHTML, like Gecko; compatible; GPTBot/1.2; +https://openai.com/gptbot)"
209.74.77.214 - - [19/Jul/2025:21:28:09 +0000] "POST /wp-admin/admin-ajax.php?action=async_litespeed&nonce=eadoq1FfFzMSxQCV6Zl9u0Uxog11jh5r&litespeed_type=imgoptm HTTP/1.1" 200 21 "-" "WordPress/6.8.2; https://gardenify.com.au"
209.74.77.214 - - [19/Jul/2025:21:28:53 +0000] "POST /wp-cron.php?doing_wp_cron=1752960533.0176420211791992187500 HTTP/1.1" 200 - "-" "WordPress/6.8.2; https://gardenify.com.au"
216.73.216.41 - - [19/Jul/2025:21:28:52 +0000] "GET /goodscode/45723093.shtm HTTP/1.1" 404 11743 "-" "Mozilla/5.0 AppleWebKit/537.36 (KHTML, like Gecko; compatible; ClaudeBot/1.0; [email protected])"
216.73.216.41 - - [19/Jul/2025:21:28:52 +0000] "GET /goodscode/45742294.shtm HTTP/1.1" 404 11743 "-" "Mozilla/5.0 AppleWebKit/537.36 (KHTML, like Gecko; compatible; ClaudeBot/1.0; [email protected])"
216.73.216.41 - - [19/Jul/2025:21:28:52 +0000] "GET /goodscode/45728974.shtm HTTP/1.1" 404 11743 "-" "Mozilla/5.0 AppleWebKit/537.36 (KHTML, like Gecko; compatible; ClaudeBot/1.0; [email protected])"
216.73.216.41 - - [19/Jul/2025:21:28:53 +0000] "GET /goodscode/45750307.shtm HTTP/1.1" 404 11743 "-" "Mozilla/5.0 AppleWebKit/537.36 (KHTML, like Gecko; compatible; ClaudeBot/1.0; [email protected])"
216.73.216.41 - - [19/Jul/2025:21:28:52 +0000] "GET /goodscode/45750286.shtm HTTP/1.1" 404 11743 "-" "Mozilla/5.0 AppleWebKit/537.36 (KHTML, like Gecko; compatible; ClaudeBot/1.0; [email protected])"
216.73.216.41 - - [19/Jul/2025:21:28:52 +0000] "GET /goodscode/45736551.shtm HTTP/1.1" 404 11743 "-" "Mozilla/5.0 AppleWebKit/537.36 (KHTML, like Gecko; compatible; ClaudeBot/1.0; [email protected])"
216.73.216.41 - - [19/Jul/2025:21:28:52 +0000] "GET /goodscode/45750712.shtm HTTP/1.1" 404 11743 "-" "Mozilla/5.0 AppleWebKit/537.36 (KHTML, like Gecko; compatible; ClaudeBot/1.0; [email protected])"
216.73.216.41 - - [19/Jul/2025:21:28:52 +0000] "GET /goodscode/45750825.shtm HTTP/1.1" 404 11743 "-" "Mozilla/5.0 AppleWebKit/537.36 (KHTML, like Gecko; compatible; ClaudeBot/1.0; [email protected])"
216.73.216.41 - - [19/Jul/2025:21:28:52 +0000] "GET /goodscode/45738964.shtm HTTP/1.1" 404 11743 "-" "Mozilla/5.0 AppleWebKit/537.36 (KHTML, like Gecko; compatible; ClaudeBot/1.0; [email protected])"
216.73.216.41 - - [19/Jul/2025:21:28:52 +0000] "GET /goodscode/45755357.shtm HTTP/1.1" 404 11743 "-" "Mozilla/5.0 AppleWebKit/537.36 (KHTML, like Gecko; compatible; ClaudeBot/1.0; [email protected])"
209.74.77.214 - - [19/Jul/2025:21:28:53 +0000] "POST /wp-admin/admin-ajax.php?action=async_litespeed&nonce=lkPLpFA874Yw5W5JsAXxtHrn2j8wusaT&litespeed_type=imgoptm HTTP/1.1" 200 21 "-" "WordPress/6.8.2; https://gardenify.com.au"
216.73.216.41 - - [19/Jul/2025:21:28:53 +0000] "GET /goodscode/45733295.shtm HTTP/1.1" 404 11743 "-" "Mozilla/5.0 AppleWebKit/537.36 (KHTML, like Gecko; compatible; ClaudeBot/1.0; [email protected])"
216.73.216.41 - - [19/Jul/2025:21:28:53 +0000] "GET /goodscode/45755308.shtm HTTP/1.1" 404 11743 "-" "Mozilla/5.0 AppleWebKit/537.36 (KHTML, like Gecko; compatible; ClaudeBot/1.0; [email protected])"
216.73.216.41 - - [19/Jul/2025:21:28:53 +0000] "GET /goodscode/45725083.shtm HTTP/1.1" 404 11743 "-" "Mozilla/5.0 AppleWebKit/537.36 (KHTML, like Gecko; compatible; ClaudeBot/1.0; [email protected])"
216.73.216.41 - - [19/Jul/2025:21:28:53 +0000] "GET /goodscode/45728012.shtm HTTP/1.1" 404 11743 "-" "Mozilla/5.0 AppleWebKit/537.36 (KHTML, like Gecko; compatible; ClaudeBot/1.0; [email protected])"
216.73.216.41 - - [19/Jul/2025:21:28:53 +0000] "GET /goodscode/45729696.shtm HTTP/1.1" 404 11743 "-" "Mozilla/5.0 AppleWebKit/537.36 (KHTML, like Gecko; compatible; ClaudeBot/1.0; [email protected])"
216.73.216.41 - - [19/Jul/2025:21:28:53 +0000] "GET /db.php/sitemap-14.xml HTTP/1.1" 200 13856 "-" "Mozilla/5.0 AppleWebKit/537.36 (KHTML, like Gecko; compatible; ClaudeBot/1.0; [email protected])"
216.73.216.41 - - [19/Jul/2025:21:28:53 +0000] "GET /goodscode/45745275.shtm HTTP/1.1" 404 11743 "-" "Mozilla/5.0 AppleWebKit/537.36 (KHTML, like Gecko; compatible; ClaudeBot/1.0; [email protected])"
216.73.216.41 - - [19/Jul/2025:21:28:53 +0000] "GET /goodscode/45753285.shtm HTTP/1.1" 404 11743 "-" "Mozilla/5.0 AppleWebKit/537.36 (KHTML, like Gecko; compatible; ClaudeBot/1.0; [email protected])"
216.73.216.41 - - [19/Jul/2025:21:28:54 +0000] "GET /goodscode/45751174.shtm HTTP/1.1" 404 11743 "-" "Mozilla/5.0 AppleWebKit/537.36 (KHTML, like Gecko; compatible; ClaudeBot/1.0; [email protected])"
216.73.216.41 - - [19/Jul/2025:21:28:54 +0000] "GET /goodscode/45739217.shtm HTTP/1.1" 404 11743 "-" "Mozilla/5.0 AppleWebKit/537.36 (KHTML, like Gecko; compatible; ClaudeBot/1.0; [email protected])"
216.73.216.41 - - [19/Jul/2025:21:28:54 +0000] "GET /goodscode/45747735.shtm HTTP/1.1" 404 11743 "-" "Mozilla/5.0 AppleWebKit/537.36 (KHTML, like Gecko; compatible; ClaudeBot/1.0; [email protected])"
216.73.216.41 - - [19/Jul/2025:21:28:54 +0000] "GET /db.php/sitemap-20.xml HTTP/1.1" 200 13863 "-" "Mozilla/5.0 AppleWebKit/537.36 (KHTML, like Gecko; compatible; ClaudeBot/1.0; [email protected])"
216.73.216.41 - - [19/Jul/2025:21:28:54 +0000] "GET /goodscode/45744173.shtm HTTP/1.1" 404 11743 "-" "Mozilla/5.0 AppleWebKit/537.36 (KHTML, like Gecko; compatible; ClaudeBot/1.0; [email protected])"
216.73.216.41 - - [19/Jul/2025:21:28:54 +0000] "GET /goodscode/45753193.shtm HTTP/1.1" 404 11743 "-" "Mozilla/5.0 AppleWebKit/537.36 (KHTML, like Gecko; compatible; ClaudeBot/1.0; [email protected])"
216.73.216.41 - - [19/Jul/2025:21:28:54 +0000] "GET /goodscode/45725303.shtm HTTP/1.1" 404 11743 "-" "Mozilla/5.0 AppleWebKit/537.36 (KHTML, like Gecko; compatible; ClaudeBot/1.0; [email protected])"
216.73.216.41 - - [19/Jul/2025:21:28:54 +0000] "GET /goodscode/45754155.shtm HTTP/1.1" 404 11743 "-" "Mozilla/5.0 AppleWebKit/537.36 (KHTML, like Gecko; compatible; ClaudeBot/1.0; [email protected])"
216.73.216.41 - - [19/Jul/2025:21:28:54 +0000] "GET /goodscode/45739873.shtm HTTP/1.1" 404 11743 "-" "Mozilla/5.0 AppleWebKit/537.36 (KHTML, like Gecko; compatible; ClaudeBot/1.0; [email protected])"
20.171.207.73 - - [19/Jul/2025:21:29:07 +0000] "GET /goodscode/87795257.shtm HTTP/1.1" 404 11743 "-" "Mozilla/5.0 AppleWebKit/537.36 (KHTML, like Gecko; compatible; GPTBot/1.2; +https://openai.com/gptbot)"
209.74.77.214 - - [19/Jul/2025:21:30:13 +0000] "POST /wp-cron.php?doing_wp_cron=1752960613.0489370822906494140625 HTTP/1.1" 200 - "-" "WordPress/6.8.2; https://gardenify.com.au"
20.171.207.73 - - [19/Jul/2025:21:30:11 +0000] "GET /goodscode/87796634.shtm HTTP/1.1" 404 11743 "-" "Mozilla/5.0 AppleWebKit/537.36 (KHTML, like Gecko; compatible; GPTBot/1.2; +https://openai.com/gptbot)"
209.74.77.214 - - [19/Jul/2025:21:30:13 +0000] "POST /wp-admin/admin-ajax.php?action=async_litespeed&nonce=4jZEik8QvY3smBFfNACGWgIV7NJGWK68&litespeed_type=imgoptm HTTP/1.1" 200 21 "-" "WordPress/6.8.2; https://gardenify.com.au"
209.74.77.214 - - [19/Jul/2025:21:31:18 +0000] "POST /wp-cron.php?doing_wp_cron=1752960678.0018100738525390625000 HTTP/1.1" 200 - "-" "WordPress/6.8.2; https://gardenify.com.au"
20.171.207.73 - - [19/Jul/2025:21:31:16 +0000] "GET /goodscode/87792636.shtm HTTP/1.1" 404 11743 "-" "Mozilla/5.0 AppleWebKit/537.36 (KHTML, like Gecko; compatible; GPTBot/1.2; +https://openai.com/gptbot)"
209.74.77.214 - - [19/Jul/2025:21:31:18 +0000] "POST /wp-admin/admin-ajax.php?action=async_litespeed&nonce=FtMfp58EsjZrPkym3YVmCeb9Xv3mp7lv&litespeed_type=imgoptm HTTP/1.1" 200 21 "-" "WordPress/6.8.2; https://gardenify.com.au"
209.74.77.214 - - [19/Jul/2025:21:31:24 +0000] "POST /wp-cron.php?doing_wp_cron=1752960683.9829590320587158203125 HTTP/1.1" 200 - "-" "WordPress/6.8.2; https://gardenify.com.au"
216.73.216.41 - - [19/Jul/2025:21:31:23 +0000] "GET /goodscode/45750899.shtm HTTP/1.1" 404 11743 "-" "Mozilla/5.0 AppleWebKit/537.36 (KHTML, like Gecko; compatible; ClaudeBot/1.0; [email protected])"
216.73.216.41 - - [19/Jul/2025:21:31:23 +0000] "GET /goodscode/45728290.shtm HTTP/1.1" 404 11743 "-" "Mozilla/5.0 AppleWebKit/537.36 (KHTML, like Gecko; compatible; ClaudeBot/1.0; [email protected])"
216.73.216.41 - - [19/Jul/2025:21:31:24 +0000] "GET /goodscode/45753127.shtm HTTP/1.1" 404 11743 "-" "Mozilla/5.0 AppleWebKit/537.36 (KHTML, like Gecko; compatible; ClaudeBot/1.0; [email protected])"
216.73.216.41 - - [19/Jul/2025:21:31:24 +0000] "GET /db.php/sitemap-8.xml HTTP/1.1" 200 13910 "-" "Mozilla/5.0 AppleWebKit/537.36 (KHTML, like Gecko; compatible; ClaudeBot/1.0; [email protected])"
216.73.216.41 - - [19/Jul/2025:21:31:24 +0000] "GET /goodscode/45732888.shtm HTTP/1.1" 404 11743 "-" "Mozilla/5.0 AppleWebKit/537.36 (KHTML, like Gecko; compatible; ClaudeBot/1.0; [email protected])"
216.73.216.41 - - [19/Jul/2025:21:31:24 +0000] "GET /goodscode/45737484.shtm HTTP/1.1" 404 11743 "-" "Mozilla/5.0 AppleWebKit/537.36 (KHTML, like Gecko; compatible; ClaudeBot/1.0; [email protected])"
216.73.216.41 - - [19/Jul/2025:21:31:24 +0000] "GET /db.php/sitemap-13.xml HTTP/1.1" 200 13876 "-" "Mozilla/5.0 AppleWebKit/537.36 (KHTML, like Gecko; compatible; ClaudeBot/1.0; [email protected])"
216.73.216.41 - - [19/Jul/2025:21:31:24 +0000] "GET /goodscode/45750572.shtm HTTP/1.1" 404 11743 "-" "Mozilla/5.0 AppleWebKit/537.36 (KHTML, like Gecko; compatible; ClaudeBot/1.0; [email protected])"
216.73.216.41 - - [19/Jul/2025:21:31:24 +0000] "GET /goodscode/45742580.shtm HTTP/1.1" 404 11743 "-" "Mozilla/5.0 AppleWebKit/537.36 (KHTML, like Gecko; compatible; ClaudeBot/1.0; [email protected])"
216.73.216.41 - - [19/Jul/2025:21:31:24 +0000] "GET /goodscode/45753267.shtm HTTP/1.1" 404 11743 "-" "Mozilla/5.0 AppleWebKit/537.36 (KHTML, like Gecko; compatible; ClaudeBot/1.0; [email protected])"
216.73.216.41 - - [19/Jul/2025:21:31:24 +0000] "GET /goodscode/45732656.shtm HTTP/1.1" 404 11743 "-" "Mozilla/5.0 AppleWebKit/537.36 (KHTML, like Gecko; compatible; ClaudeBot/1.0; [email protected])"
216.73.216.41 - - [19/Jul/2025:21:31:24 +0000] "GET /goodscode/45725971.shtm HTTP/1.1" 404 11743 "-" "Mozilla/5.0 AppleWebKit/537.36 (KHTML, like Gecko; compatible; ClaudeBot/1.0; [email protected])"
216.73.216.41 - - [19/Jul/2025:21:31:24 +0000] "GET /goodscode/45750621.shtm HTTP/1.1" 404 11743 "-" "Mozilla/5.0 AppleWebKit/537.36 (KHTML, like Gecko; compatible; ClaudeBot/1.0; [email protected])"
216.73.216.41 - - [19/Jul/2025:21:31:24 +0000] "GET /goodscode/45742656.shtm HTTP/1.1" 404 11743 "-" "Mozilla/5.0 AppleWebKit/537.36 (KHTML, like Gecko; compatible; ClaudeBot/1.0; [email protected])"
216.73.216.41 - - [19/Jul/2025:21:31:25 +0000] "GET /goodscode/45733478.shtm HTTP/1.1" 404 11743 "-" "Mozilla/5.0 AppleWebKit/537.36 (KHTML, like Gecko; compatible; ClaudeBot/1.0; [email protected])"
216.73.216.41 - - [19/Jul/2025:21:31:25 +0000] "GET /db.php/sitemap-15.xml HTTP/1.1" 200 13873 "-" "Mozilla/5.0 AppleWebKit/537.36 (KHTML, like Gecko; compatible; ClaudeBot/1.0; [email protected])"
216.73.216.41 - - [19/Jul/2025:21:31:25 +0000] "GET /goodscode/45728448.shtm HTTP/1.1" 404 11743 "-" "Mozilla/5.0 AppleWebKit/537.36 (KHTML, like Gecko; compatible; ClaudeBot/1.0; [email protected])"
216.73.216.41 - - [19/Jul/2025:21:31:25 +0000] "GET /goodscode/45725665.shtm HTTP/1.1" 404 11743 "-" "Mozilla/5.0 AppleWebKit/537.36 (KHTML, like Gecko; compatible; ClaudeBot/1.0; [email protected])"
216.73.216.41 - - [19/Jul/2025:21:31:25 +0000] "GET /db.php/sitemap-18.xml HTTP/1.1" 200 13906 "-" "Mozilla/5.0 AppleWebKit/537.36 (KHTML, like Gecko; compatible; ClaudeBot/1.0; [email protected])"
216.73.216.41 - - [19/Jul/2025:21:31:25 +0000] "GET /goodscode/45750212.shtm HTTP/1.1" 404 11743 "-" "Mozilla/5.0 AppleWebKit/537.36 (KHTML, like Gecko; compatible; ClaudeBot/1.0; [email protected])"
216.73.216.41 - - [19/Jul/2025:21:31:25 +0000] "GET /db.php/sitemap-6.xml HTTP/1.1" 200 13875 "-" "Mozilla/5.0 AppleWebKit/537.36 (KHTML, like Gecko; compatible; ClaudeBot/1.0; [email protected])"
216.73.216.41 - - [19/Jul/2025:21:31:25 +0000] "GET /goodscode/45746395.shtm HTTP/1.1" 404 11743 "-" "Mozilla/5.0 AppleWebKit/537.36 (KHTML, like Gecko; compatible; ClaudeBot/1.0; [email protected])"
216.73.216.41 - - [19/Jul/2025:21:31:25 +0000] "GET /goodscode/45723001.shtm HTTP/1.1" 404 11743 "-" "Mozilla/5.0 AppleWebKit/537.36 (KHTML, like Gecko; compatible; ClaudeBot/1.0; [email protected])"
216.73.216.41 - - [19/Jul/2025:21:31:25 +0000] "GET /goodscode/45727597.shtm HTTP/1.1" 404 11743 "-" "Mozilla/5.0 AppleWebKit/537.36 (KHTML, like Gecko; compatible; ClaudeBot/1.0; [email protected])"
216.73.216.41 - - [19/Jul/2025:21:31:26 +0000] "GET /goodscode/45741174.shtm HTTP/1.1" 404 11743 "-" "Mozilla/5.0 AppleWebKit/537.36 (KHTML, like Gecko; compatible; ClaudeBot/1.0; [email protected])"
216.73.216.41 - - [19/Jul/2025:21:31:26 +0000] "GET /goodscode/45750426.shtm HTTP/1.1" 404 11743 "-" "Mozilla/5.0 AppleWebKit/537.36 (KHTML, like Gecko; compatible; ClaudeBot/1.0; [email protected])"
216.73.216.41 - - [19/Jul/2025:21:31:26 +0000] "GET /goodscode/45734146.shtm HTTP/1.1" 404 11743 "-" "Mozilla/5.0 AppleWebKit/537.36 (KHTML, like Gecko; compatible; ClaudeBot/1.0; [email protected])"
209.74.77.214 - - [19/Jul/2025:21:32:19 +0000] "POST /wp-cron.php?doing_wp_cron=1752960738.9944269657135009765625 HTTP/1.1" 200 - "-" "WordPress/6.8.2; https://gardenify.com.au"
20.171.207.73 - - [19/Jul/2025:21:32:17 +0000] "GET /goodscode/87791861.shtm HTTP/1.1" 404 11743 "-" "Mozilla/5.0 AppleWebKit/537.36 (KHTML, like Gecko; compatible; GPTBot/1.2; +https://openai.com/gptbot)"
209.74.77.214 - - [19/Jul/2025:21:32:19 +0000] "POST /wp-admin/admin-ajax.php?action=async_litespeed&nonce=SPQLZZ7cuXbr6G4xyIcm1nBtL8KjnZgq&litespeed_type=imgoptm HTTP/1.1" 200 21 "-" "WordPress/6.8.2; https://gardenify.com.au"
209.74.77.214 - - [19/Jul/2025:21:32:46 +0000] "POST /wp-cron.php?doing_wp_cron=1752960766.9721679687500000000000 HTTP/1.1" 200 - "-" "WordPress/6.8.2; https://gardenify.com.au"
216.73.216.41 - - [19/Jul/2025:21:32:46 +0000] "GET /goodscode/45730993.shtm HTTP/1.1" 404 11743 "-" "Mozilla/5.0 AppleWebKit/537.36 (KHTML, like Gecko; compatible; ClaudeBot/1.0; [email protected])"
216.73.216.41 - - [19/Jul/2025:21:32:46 +0000] "GET /goodscode/45740993.shtm HTTP/1.1" 404 11743 "-" "Mozilla/5.0 AppleWebKit/537.36 (KHTML, like Gecko; compatible; ClaudeBot/1.0; [email protected])"
216.73.216.41 - - [19/Jul/2025:21:32:47 +0000] "GET /goodscode/45733258.shtm HTTP/1.1" 404 11743 "-" "Mozilla/5.0 AppleWebKit/537.36 (KHTML, like Gecko; compatible; ClaudeBot/1.0; [email protected])"
216.73.216.41 - - [19/Jul/2025:21:32:47 +0000] "GET /goodscode/45749684.shtm HTTP/1.1" 404 11743 "-" "Mozilla/5.0 AppleWebKit/537.36 (KHTML, like Gecko; compatible; ClaudeBot/1.0; [email protected])"
216.73.216.41 - - [19/Jul/2025:21:32:47 +0000] "GET /goodscode/45750804.shtm HTTP/1.1" 404 11743 "-" "Mozilla/5.0 AppleWebKit/537.36 (KHTML, like Gecko; compatible; ClaudeBot/1.0; [email protected])"
216.73.216.41 - - [19/Jul/2025:21:32:47 +0000] "GET /goodscode/45747316.shtm HTTP/1.1" 404 11743 "-" "Mozilla/5.0 AppleWebKit/537.36 (KHTML, like Gecko; compatible; ClaudeBot/1.0; [email protected])"
216.73.216.41 - - [19/Jul/2025:21:32:47 +0000] "GET /goodscode/45729605.shtm HTTP/1.1" 404 11743 "-" "Mozilla/5.0 AppleWebKit/537.36 (KHTML, like Gecko; compatible; ClaudeBot/1.0; [email protected])"
