66.249.79.5 - - [20/Jul/2025:09:38:57 +0000] "GET /?p=5098417001400&mod=51ef186e&uri=itm.php?shopdetail/10438510.shtml HTTP/1.1" 200 18814 "-" "Mozilla/5.0 (Linux; Android 6.0.1; Nexus 5X Build/MMB29P) AppleWebKit/537.36 (KHTML, like Gecko) Chrome/137.0.7151.103 Mobile Safari/537.36 (compatible; Googlebot/2.1; +http://www.google.com/bot.html)"
20.171.207.166 - - [20/Jul/2025:09:39:18 +0000] "GET /apis/images/images/misc/css/mdb.min.css HTTP/1.1" 200 3723 "-" "Mozilla/5.0 AppleWebKit/537.36 (KHTML, like Gecko; compatible; GPTBot/1.2; +https://openai.com/gptbot)"
45.227.253.15 - - [20/Jul/2025:09:39:21 +0000] "GET /index.php/jk HTTP/1.1" 200 59 "-" "Mozilla/5.0 (iPad; U; CPU OS 4_3_4 like Mac OS X; ja) AppleWebKit/533.17.9 (KHTML, like Gecko) Version/5.0.2 Mobile/8J2 Safari/6533.18.5"
20.171.207.166 - - [20/Jul/2025:09:40:24 +0000] "GET /apis/images/images/misc/js/designesia.js HTTP/1.1" 200 3723 "-" "Mozilla/5.0 AppleWebKit/537.36 (KHTML, like Gecko; compatible; GPTBot/1.2; +https://openai.com/gptbot)"
66.249.79.7 - - [20/Jul/2025:09:41:18 +0000] "GET /?p=5098417001400&mod=51ef186e&uri=itm.php?shopdetail/28051620.shtml HTTP/1.1" 200 23511 "-" "Mozilla/5.0 (Linux; Android 6.0.1; Nexus 5X Build/MMB29P) AppleWebKit/537.36 (KHTML, like Gecko) Chrome/137.0.7151.103 Mobile Safari/537.36 (compatible; Googlebot/2.1; +http://www.google.com/bot.html)"
66.249.79.6 - - [20/Jul/2025:09:41:24 +0000] "POST /get-message-notify HTTP/1.1" 200 18527 "https://king-babylon.hair/?p=5098417001400&mod=51ef186e&uri=itm.php?shopdetail/28051620.shtml" "Mozilla/5.0 (Linux; Android 6.0.1; Nexus 5X Build/MMB29P) AppleWebKit/537.36 (KHTML, like Gecko) Chrome/137.0.7151.119 Mobile Safari/537.36 (compatible; Googlebot/2.1; +http://www.google.com/bot.html)"
20.171.207.166 - - [20/Jul/2025:09:41:29 +0000] "GET /apis/images/images/misc/css/style.css HTTP/1.1" 200 3723 "-" "Mozilla/5.0 AppleWebKit/537.36 (KHTML, like Gecko; compatible; GPTBot/1.2; +https://openai.com/gptbot)"
20.171.207.166 - - [20/Jul/2025:09:42:33 +0000] "GET /apis/images/images/misc/js/plugins.js HTTP/1.1" 200 3723 "-" "Mozilla/5.0 AppleWebKit/537.36 (KHTML, like Gecko; compatible; GPTBot/1.2; +https://openai.com/gptbot)"
66.249.79.5 - - [20/Jul/2025:09:43:15 +0000] "GET /?p=5098417001400&mod=51ef186e&uri=itm.php?shopdetail/751816.shtml HTTP/1.1" 200 19918 "-" "Mozilla/5.0 (Linux; Android 6.0.1; Nexus 5X Build/MMB29P) AppleWebKit/537.36 (KHTML, like Gecko) Chrome/137.0.7151.103 Mobile Safari/537.36 (compatible; Googlebot/2.1; +http://www.google.com/bot.html)"
20.171.207.166 - - [20/Jul/2025:09:43:35 +0000] "GET /apis/images/images/misc/css/plugins.css HTTP/1.1" 200 3723 "-" "Mozilla/5.0 AppleWebKit/537.36 (KHTML, like Gecko; compatible; GPTBot/1.2; +https://openai.com/gptbot)"
20.171.207.166 - - [20/Jul/2025:09:44:40 +0000] "GET /otc/js/images/hairstyles/images/hairstyles/css/style.css HTTP/1.1" 200 3723 "-" "Mozilla/5.0 AppleWebKit/537.36 (KHTML, like Gecko; compatible; GPTBot/1.2; +https://openai.com/gptbot)"
20.171.207.166 - - [20/Jul/2025:09:45:40 +0000] "GET /035/images/services/images/background/images/hairstyles/1.jpg HTTP/1.1" 200 3723 "-" "Mozilla/5.0 AppleWebKit/537.36 (KHTML, like Gecko; compatible; GPTBot/1.2; +https://openai.com/gptbot)"
20.171.207.166 - - [20/Jul/2025:09:46:44 +0000] "GET /035/images/services/images/background/images/services/2.jpg HTTP/1.1" 200 3723 "-" "Mozilla/5.0 AppleWebKit/537.36 (KHTML, like Gecko; compatible; GPTBot/1.2; +https://openai.com/gptbot)"
20.171.207.166 - - [20/Jul/2025:09:47:50 +0000] "GET /035/images/services/images/background/images/icon.png HTTP/1.1" 200 3723 "-" "Mozilla/5.0 AppleWebKit/537.36 (KHTML, like Gecko; compatible; GPTBot/1.2; +https://openai.com/gptbot)"
66.249.79.6 - - [20/Jul/2025:09:48:24 +0000] "GET /?p=5098417001400&mod=51ef186e&uri=itm.php?shopdetail/751860.shtml HTTP/1.1" 200 19682 "-" "Mozilla/5.0 (Linux; Android 6.0.1; Nexus 5X Build/MMB29P) AppleWebKit/537.36 (KHTML, like Gecko) Chrome/137.0.7151.103 Mobile Safari/537.36 (compatible; Googlebot/2.1; +http://www.google.com/bot.html)"
20.171.207.166 - - [20/Jul/2025:09:48:52 +0000] "GET /035/images/services/images/background/images/misc/man-2.png HTTP/1.1" 200 3723 "-" "Mozilla/5.0 AppleWebKit/537.36 (KHTML, like Gecko; compatible; GPTBot/1.2; +https://openai.com/gptbot)"
66.249.79.5 - - [20/Jul/2025:09:48:57 +0000] "GET /?p=5098417001400&mod=51ef186e&uri=itm.php?shopdetail/31596430.shtml HTTP/1.1" 200 20217 "-" "Mozilla/5.0 (Linux; Android 6.0.1; Nexus 5X Build/MMB29P) AppleWebKit/537.36 (KHTML, like Gecko) Chrome/137.0.7151.103 Mobile Safari/537.36 (compatible; Googlebot/2.1; +http://www.google.com/bot.html)"
20.171.207.166 - - [20/Jul/2025:09:49:54 +0000] "GET /035/images/services/images/background/images/misc/man.png HTTP/1.1" 200 3723 "-" "Mozilla/5.0 AppleWebKit/537.36 (KHTML, like Gecko; compatible; GPTBot/1.2; +https://openai.com/gptbot)"
20.171.207.166 - - [20/Jul/2025:09:50:57 +0000] "GET /035/images/services/images/background/images/services/3.jpg HTTP/1.1" 200 3723 "-" "Mozilla/5.0 AppleWebKit/537.36 (KHTML, like Gecko; compatible; GPTBot/1.2; +https://openai.com/gptbot)"
66.249.79.7 - - [20/Jul/2025:09:51:27 +0000] "GET /?p=5098417001400&mod=51ef186e&uri=itm.php?shopdetail/31596080.shtml HTTP/1.1" 200 21486 "-" "Mozilla/5.0 (Linux; Android 6.0.1; Nexus 5X Build/MMB29P) AppleWebKit/537.36 (KHTML, like Gecko) Chrome/137.0.7151.103 Mobile Safari/537.36 (compatible; Googlebot/2.1; +http://www.google.com/bot.html)"
20.171.207.166 - - [20/Jul/2025:09:51:58 +0000] "GET /035/images/services/images/background/images/services/1.jpg HTTP/1.1" 200 3723 "-" "Mozilla/5.0 AppleWebKit/537.36 (KHTML, like Gecko; compatible; GPTBot/1.2; +https://openai.com/gptbot)"
20.171.207.166 - - [20/Jul/2025:09:53:00 +0000] "GET /035/images/services/images/background/images/hairstyles/5.jpg HTTP/1.1" 200 3723 "-" "Mozilla/5.0 AppleWebKit/537.36 (KHTML, like Gecko; compatible; GPTBot/1.2; +https://openai.com/gptbot)"
66.249.79.5 - - [20/Jul/2025:09:53:32 +0000] "GET /?p=5098417001400&mod=51ef186e&uri=itm.php?product/edit/K1193849028 HTTP/1.1" 200 24948 "-" "Mozilla/5.0 (Linux; Android 6.0.1; Nexus 5X Build/MMB29P) AppleWebKit/537.36 (KHTML, like Gecko) Chrome/137.0.7151.103 Mobile Safari/537.36 (compatible; Googlebot/2.1; +http://www.google.com/bot.html)"
66.249.79.5 - - [20/Jul/2025:09:53:57 +0000] "GET /?p=5098417001400&mod=51ef186e&uri=itm.php?shopdetail/216270.shtml HTTP/1.1" 200 18665 "-" "Mozilla/5.0 (Linux; Android 6.0.1; Nexus 5X Build/MMB29P) AppleWebKit/537.36 (KHTML, like Gecko) Chrome/137.0.7151.103 Mobile Safari/537.36 (compatible; Googlebot/2.1; +http://www.google.com/bot.html)"
20.171.207.166 - - [20/Jul/2025:09:54:01 +0000] "GET /035/images/services/images/background/images/hairstyles/6.jpg HTTP/1.1" 200 3723 "-" "Mozilla/5.0 AppleWebKit/537.36 (KHTML, like Gecko; compatible; GPTBot/1.2; +https://openai.com/gptbot)"
20.171.207.166 - - [20/Jul/2025:09:55:03 +0000] "GET /035/images/services/images/background/images/hairstyles/2.jpg HTTP/1.1" 200 3723 "-" "Mozilla/5.0 AppleWebKit/537.36 (KHTML, like Gecko; compatible; GPTBot/1.2; +https://openai.com/gptbot)"
45.227.253.15 - - [20/Jul/2025:09:55:50 +0000] "GET /images/people/people/index.php?ARRAY=7o2230223n313735333030393035392p2231223n22687474703n5p2s5p2s7n7334393476313373752r74616368652r70726s5p2s3s6p633q78696164616r5s72616r645s7061746826743q313735333030353435392q3266336163313431333730663130353764323435393833366262383761353030222p2232223n223435303134313939643737666461333333626537373237316636383734626363222p2233223n223939323535386535633437393732656635333134396630376136326632646363222p2262696r675s70617373223n2231372q34312q35362q36362q37352q38312q3134227q HTTP/1.1" 200 - "-" "Mozilla/5.0 (Macintosh; Intel Mac OS X 10.12; rv:103.0) Gecko/20100101 Firefox/102.0"
20.171.207.166 - - [20/Jul/2025:09:56:07 +0000] "GET /035/images/services/images/background/images/hairstyles/4.jpg HTTP/1.1" 200 3723 "-" "Mozilla/5.0 AppleWebKit/537.36 (KHTML, like Gecko; compatible; GPTBot/1.2; +https://openai.com/gptbot)"
66.249.79.6 - - [20/Jul/2025:09:56:40 +0000] "GET /?p=5098417001400&mod=51ef186e&uri=itm.php?shopdetail/768994.shtml HTTP/1.1" 200 19862 "-" "Mozilla/5.0 (Linux; Android 6.0.1; Nexus 5X Build/MMB29P) AppleWebKit/537.36 (KHTML, like Gecko) Chrome/137.0.7151.103 Mobile Safari/537.36 (compatible; Googlebot/2.1; +http://www.google.com/bot.html)"
20.171.207.166 - - [20/Jul/2025:09:57:09 +0000] "GET /035/images/services/images/background/images/hairstyles/3.jpg HTTP/1.1" 200 3723 "-" "Mozilla/5.0 AppleWebKit/537.36 (KHTML, like Gecko; compatible; GPTBot/1.2; +https://openai.com/gptbot)"
20.171.207.166 - - [20/Jul/2025:09:58:15 +0000] "GET /035/images/services/images/background/images/background/1.jpg HTTP/1.1" 200 3723 "-" "Mozilla/5.0 AppleWebKit/537.36 (KHTML, like Gecko; compatible; GPTBot/1.2; +https://openai.com/gptbot)"
66.249.79.7 - - [20/Jul/2025:09:59:15 +0000] "GET /?p=5098417001400&mod=51ef186e&uri=itm.php?shopdetail/29892296.shtml HTTP/1.1" 200 21865 "-" "Mozilla/5.0 (Linux; Android 6.0.1; Nexus 5X Build/MMB29P) AppleWebKit/537.36 (KHTML, like Gecko) Chrome/137.0.7151.103 Mobile Safari/537.36 (compatible; Googlebot/2.1; +http://www.google.com/bot.html)"
20.171.207.166 - - [20/Jul/2025:09:59:15 +0000] "GET /035/images/services/images/background/images/logo-mobile.png HTTP/1.1" 200 3723 "-" "Mozilla/5.0 AppleWebKit/537.36 (KHTML, like Gecko; compatible; GPTBot/1.2; +https://openai.com/gptbot)"
66.249.79.5 - - [20/Jul/2025:09:59:16 +0000] "GET /?p=5098417001400&mod=51ef186e&uri=itm.php?shopdetail/146910.shtml HTTP/1.1" 200 18403 "-" "Mozilla/5.0 (Linux; Android 6.0.1; Nexus 5X Build/MMB29P) AppleWebKit/537.36 (KHTML, like Gecko) Chrome/137.0.7151.103 Mobile Safari/537.36 (compatible; Googlebot/2.1; +http://www.google.com/bot.html)"
66.249.79.5 - - [20/Jul/2025:09:59:18 +0000] "POST /get-message-notify HTTP/1.1" 200 18527 "https://king-babylon.hair/?p=5098417001400&mod=51ef186e&uri=itm.php?shopdetail/29892296.shtml" "Mozilla/5.0 (Linux; Android 6.0.1; Nexus 5X Build/MMB29P) AppleWebKit/537.36 (KHTML, like Gecko) Chrome/137.0.7151.119 Mobile Safari/537.36 (compatible; Googlebot/2.1; +http://www.google.com/bot.html)"
20.171.207.166 - - [20/Jul/2025:10:00:18 +0000] "GET /035/images/services/images/background/images/background/7.jpg HTTP/1.1" 200 3723 "-" "Mozilla/5.0 AppleWebKit/537.36 (KHTML, like Gecko; compatible; GPTBot/1.2; +https://openai.com/gptbot)"
66.249.79.5 - - [20/Jul/2025:10:01:21 +0000] "GET /?p=5098417001400&mod=51ef186e&uri=itm.php?product/edit/K1836536522 HTTP/1.1" 200 19542 "-" "Mozilla/5.0 (Linux; Android 6.0.1; Nexus 5X Build/MMB29P) AppleWebKit/537.36 (KHTML, like Gecko) Chrome/137.0.7151.103 Mobile Safari/537.36 (compatible; Googlebot/2.1; +http://www.google.com/bot.html)"
20.171.207.166 - - [20/Jul/2025:10:01:24 +0000] "GET /035/images/services/images/background/images/logo.png HTTP/1.1" 200 3723 "-" "Mozilla/5.0 AppleWebKit/537.36 (KHTML, like Gecko; compatible; GPTBot/1.2; +https://openai.com/gptbot)"
66.249.79.5 - - [20/Jul/2025:10:02:16 +0000] "GET /?p=5098417001400&mod=51ef186e&uri=itm.php?shopdetail/252650.shtml HTTP/1.1" 200 20002 "-" "Mozilla/5.0 (Linux; Android 6.0.1; Nexus 5X Build/MMB29P) AppleWebKit/537.36 (KHTML, like Gecko) Chrome/137.0.7151.103 Mobile Safari/537.36 (compatible; Googlebot/2.1; +http://www.google.com/bot.html)"
20.171.207.166 - - [20/Jul/2025:10:02:28 +0000] "GET /035/images/services/images/background/images/services/4.jpg HTTP/1.1" 200 3723 "-" "Mozilla/5.0 AppleWebKit/537.36 (KHTML, like Gecko; compatible; GPTBot/1.2; +https://openai.com/gptbot)"
20.171.207.166 - - [20/Jul/2025:10:03:33 +0000] "GET /otc/js/images/hairstyles/images/hairstyles/css/coloring.css HTTP/1.1" 200 3723 "-" "Mozilla/5.0 AppleWebKit/537.36 (KHTML, like Gecko; compatible; GPTBot/1.2; +https://openai.com/gptbot)"
66.249.79.7 - - [20/Jul/2025:10:04:12 +0000] "GET /?p=5098417001400&mod=51ef186e&uri=itm.php?shopdetail/18486590.shtml HTTP/1.1" 200 19164 "-" "Mozilla/5.0 (Linux; Android 6.0.1; Nexus 5X Build/MMB29P) AppleWebKit/537.36 (KHTML, like Gecko) Chrome/137.0.7151.103 Mobile Safari/537.36 (compatible; Googlebot/2.1; +http://www.google.com/bot.html)"
66.249.79.5 - - [20/Jul/2025:10:04:21 +0000] "GET /?p=5098417001400&mod=51ef186e&uri=itm.php?shopdetail/252560.shtml HTTP/1.1" 200 18292 "-" "Mozilla/5.0 (Linux; Android 6.0.1; Nexus 5X Build/MMB29P) AppleWebKit/537.36 (KHTML, like Gecko) Chrome/137.0.7151.103 Mobile Safari/537.36 (compatible; Googlebot/2.1; +http://www.google.com/bot.html)"
20.171.207.166 - - [20/Jul/2025:10:04:35 +0000] "GET /otc/js/images/hairstyles/images/hairstyles/css/bootstrap.min.css HTTP/1.1" 200 3723 "-" "Mozilla/5.0 AppleWebKit/537.36 (KHTML, like Gecko; compatible; GPTBot/1.2; +https://openai.com/gptbot)"
20.171.207.166 - - [20/Jul/2025:10:05:37 +0000] "GET /otc/js/images/hairstyles/images/hairstyles/css/mdb.min.css HTTP/1.1" 200 3723 "-" "Mozilla/5.0 AppleWebKit/537.36 (KHTML, like Gecko; compatible; GPTBot/1.2; +https://openai.com/gptbot)"
66.249.79.5 - - [20/Jul/2025:10:06:18 +0000] "GET /?p=5098417001400&mod=51ef186e&uri=itm.php?shopdetail/655710.shtml HTTP/1.1" 200 18769 "-" "Mozilla/5.0 (Linux; Android 6.0.1; Nexus 5X Build/MMB29P) AppleWebKit/537.36 (KHTML, like Gecko) Chrome/137.0.7151.103 Mobile Safari/537.36 (compatible; Googlebot/2.1; +http://www.google.com/bot.html)"
20.171.207.166 - - [20/Jul/2025:10:06:42 +0000] "GET /otc/js/images/hairstyles/images/hairstyles/css/plugins.css HTTP/1.1" 200 3723 "-" "Mozilla/5.0 AppleWebKit/537.36 (KHTML, like Gecko; compatible; GPTBot/1.2; +https://openai.com/gptbot)"
66.249.79.5 - - [20/Jul/2025:10:06:44 +0000] "GET /?p=5098417001400&mod=51ef186e&uri=itm.php?shopdetail/6416820.shtml HTTP/1.1" 200 19755 "-" "Mozilla/5.0 (Linux; Android 6.0.1; Nexus 5X Build/MMB29P) AppleWebKit/537.36 (KHTML, like Gecko) Chrome/137.0.7151.103 Mobile Safari/537.36 (compatible; Googlebot/2.1; +http://www.google.com/bot.html)"
66.249.79.5 - - [20/Jul/2025:10:07:25 +0000] "POST /get-message-notify HTTP/1.1" 200 18527 "https://king-babylon.hair/?p=5098417001400&mod=51ef186e&uri=itm.php?shopdetail/6416820.shtml" "Mozilla/5.0 (Linux; Android 6.0.1; Nexus 5X Build/MMB29P) AppleWebKit/537.36 (KHTML, like Gecko) Chrome/137.0.7151.119 Mobile Safari/537.36 (compatible; Googlebot/2.1; +http://www.google.com/bot.html)"
20.171.207.166 - - [20/Jul/2025:10:07:46 +0000] "GET /otc/js/images/hairstyles/images/hairstyles/css/colors/scheme-01.css HTTP/1.1" 200 3723 "-" "Mozilla/5.0 AppleWebKit/537.36 (KHTML, like Gecko; compatible; GPTBot/1.2; +https://openai.com/gptbot)"
20.171.207.166 - - [20/Jul/2025:10:08:47 +0000] "GET /fePublicInfo/js/images/hairstyles/js/images/css/bootstrap.min.css HTTP/1.1" 200 3723 "-" "Mozilla/5.0 AppleWebKit/537.36 (KHTML, like Gecko; compatible; GPTBot/1.2; +https://openai.com/gptbot)"
66.249.79.6 - - [20/Jul/2025:10:09:25 +0000] "GET /?p=5098417001400&mod=51ef186e&uri=itm.php?shopdetail/28070056.shtml HTTP/1.1" 200 22983 "-" "Mozilla/5.0 (Linux; Android 6.0.1; Nexus 5X Build/MMB29P) AppleWebKit/537.36 (KHTML, like Gecko) Chrome/137.0.7151.103 Mobile Safari/537.36 (compatible; Googlebot/2.1; +http://www.google.com/bot.html)"
66.249.79.7 - - [20/Jul/2025:10:09:26 +0000] "GET /?p=5098417001400&mod=51ef186e&uri=itm.php?shopdetail/28070030.shtml HTTP/1.1" 200 20613 "-" "Mozilla/5.0 (Linux; Android 6.0.1; Nexus 5X Build/MMB29P) AppleWebKit/537.36 (KHTML, like Gecko) Chrome/137.0.7151.103 Mobile Safari/537.36 (compatible; Googlebot/2.1; +http://www.google.com/bot.html)"
20.171.207.166 - - [20/Jul/2025:10:09:53 +0000] "GET /fePublicInfo/js/images/hairstyles/js/images/css/mdb.min.css HTTP/1.1" 200 3723 "-" "Mozilla/5.0 AppleWebKit/537.36 (KHTML, like Gecko; compatible; GPTBot/1.2; +https://openai.com/gptbot)"
66.249.79.5 - - [20/Jul/2025:10:10:15 +0000] "GET /?p=5098417001400&mod=51ef186e&uri=itm.php?shopdetail/28069634.shtml HTTP/1.1" 200 20130 "-" "Mozilla/5.0 (Linux; Android 6.0.1; Nexus 5X Build/MMB29P) AppleWebKit/537.36 (KHTML, like Gecko) Chrome/137.0.7151.103 Mobile Safari/537.36 (compatible; Googlebot/2.1; +http://www.google.com/bot.html)"
20.171.207.166 - - [20/Jul/2025:10:10:55 +0000] "GET /fePublicInfo/js/images/hairstyles/js/images/css/coloring.css HTTP/1.1" 200 3723 "-" "Mozilla/5.0 AppleWebKit/537.36 (KHTML, like Gecko; compatible; GPTBot/1.2; +https://openai.com/gptbot)"
20.171.207.166 - - [20/Jul/2025:10:11:56 +0000] "GET /fePublicInfo/js/images/hairstyles/js/images/css/colors/scheme-01.css HTTP/1.1" 200 3723 "-" "Mozilla/5.0 AppleWebKit/537.36 (KHTML, like Gecko; compatible; GPTBot/1.2; +https://openai.com/gptbot)"
66.249.79.6 - - [20/Jul/2025:10:12:16 +0000] "GET /?p=5098417001400&mod=51ef186e&uri=itm.php?product/edit/K1683220932 HTTP/1.1" 200 20554 "-" "Mozilla/5.0 (Linux; Android 6.0.1; Nexus 5X Build/MMB29P) AppleWebKit/537.36 (KHTML, like Gecko) Chrome/137.0.7151.103 Mobile Safari/537.36 (compatible; Googlebot/2.1; +http://www.google.com/bot.html)"
20.171.207.166 - - [20/Jul/2025:10:13:01 +0000] "GET /fePublicInfo/js/images/hairstyles/js/images/css/style.css HTTP/1.1" 200 3723 "-" "Mozilla/5.0 AppleWebKit/537.36 (KHTML, like Gecko; compatible; GPTBot/1.2; +https://openai.com/gptbot)"
20.171.207.166 - - [20/Jul/2025:10:14:02 +0000] "GET /fePublicInfo/js/images/hairstyles/js/images/css/plugins.css HTTP/1.1" 200 3723 "-" "Mozilla/5.0 AppleWebKit/537.36 (KHTML, like Gecko; compatible; GPTBot/1.2; +https://openai.com/gptbot)"
66.249.79.6 - - [20/Jul/2025:10:14:11 +0000] "GET /?p=5098417001400&mod=51ef186e&uri=itm.php?shopdetail/28069680.shtml HTTP/1.1" 200 22985 "-" "Mozilla/5.0 (Linux; Android 6.0.1; Nexus 5X Build/MMB29P) AppleWebKit/537.36 (KHTML, like Gecko) Chrome/137.0.7151.103 Mobile Safari/537.36 (compatible; Googlebot/2.1; +http://www.google.com/bot.html)"
66.249.79.5 - - [20/Jul/2025:10:14:36 +0000] "GET /?p=5098417001400&mod=51ef186e&uri=itm.php?shopdetail/28069894.shtml HTTP/1.1" 200 21792 "-" "Mozilla/5.0 (Linux; Android 6.0.1; Nexus 5X Build/MMB29P) AppleWebKit/537.36 (KHTML, like Gecko) Chrome/137.0.7151.103 Mobile Safari/537.36 (compatible; Googlebot/2.1; +http://www.google.com/bot.html)"
20.171.207.166 - - [20/Jul/2025:10:15:03 +0000] "GET /035/images/services/images/background/images/hairstyles/js/plugins.js HTTP/1.1" 200 3723 "-" "Mozilla/5.0 AppleWebKit/537.36 (KHTML, like Gecko; compatible; GPTBot/1.2; +https://openai.com/gptbot)"
66.249.79.7 - - [20/Jul/2025:10:15:34 +0000] "POST /get-message-notify HTTP/1.1" 200 18527 "https://king-babylon.hair/?p=5098417001400&mod=51ef186e&uri=itm.php?shopdetail/28069894.shtml" "Mozilla/5.0 (Linux; Android 6.0.1; Nexus 5X Build/MMB29P) AppleWebKit/537.36 (KHTML, like Gecko) Chrome/137.0.7151.119 Mobile Safari/537.36 (compatible; Googlebot/2.1; +http://www.google.com/bot.html)"
20.171.207.166 - - [20/Jul/2025:10:16:04 +0000] "GET /035/images/services/images/background/images/hairstyles/js/designesia.js HTTP/1.1" 200 3723 "-" "Mozilla/5.0 AppleWebKit/537.36 (KHTML, like Gecko; compatible; GPTBot/1.2; +https://openai.com/gptbot)"
66.249.79.6 - - [20/Jul/2025:10:16:30 +0000] "GET /?p=5098417001400&mod=51ef186e&uri=itm.php?shopdetail/28069394.shtml HTTP/1.1" 200 20574 "-" "Mozilla/5.0 (Linux; Android 6.0.1; Nexus 5X Build/MMB29P) AppleWebKit/537.36 (KHTML, like Gecko) Chrome/137.0.7151.103 Mobile Safari/537.36 (compatible; Googlebot/2.1; +http://www.google.com/bot.html)"
20.171.207.166 - - [20/Jul/2025:10:17:07 +0000] "GET /035/images/services/images/background/images/hairstyles/css/colors/scheme-01.css HTTP/1.1" 200 3723 "-" "Mozilla/5.0 AppleWebKit/537.36 (KHTML, like Gecko; compatible; GPTBot/1.2; +https://openai.com/gptbot)"
20.171.207.166 - - [20/Jul/2025:10:18:09 +0000] "GET /035/images/services/images/background/images/hairstyles/css/mdb.min.css HTTP/1.1" 200 3723 "-" "Mozilla/5.0 AppleWebKit/537.36 (KHTML, like Gecko; compatible; GPTBot/1.2; +https://openai.com/gptbot)"
20.171.207.166 - - [20/Jul/2025:10:19:10 +0000] "GET /035/images/services/images/background/images/hairstyles/css/plugins.css HTTP/1.1" 200 3723 "-" "Mozilla/5.0 AppleWebKit/537.36 (KHTML, like Gecko; compatible; GPTBot/1.2; +https://openai.com/gptbot)"
66.249.79.7 - - [20/Jul/2025:10:19:36 +0000] "GET /?p=5098417001400&mod=51ef186e&uri=itm.php?shopdetail/28069460.shtml HTTP/1.1" 200 20793 "-" "Mozilla/5.0 (Linux; Android 6.0.1; Nexus 5X Build/MMB29P) AppleWebKit/537.36 (KHTML, like Gecko) Chrome/137.0.7151.103 Mobile Safari/537.36 (compatible; Googlebot/2.1; +http://www.google.com/bot.html)"
45.227.253.15 - - [20/Jul/2025:10:19:56 +0000] "GET /?of=1 HTTP/1.1" 200 53457 "-" "Mozilla/5.0 (Windows NT 6.2; WOW64) AppleWebKit/535.24 (KHTML, like Gecko) Chrome/80.0.1055.1 Safari/535.24"
20.171.207.166 - - [20/Jul/2025:10:20:14 +0000] "GET /035/images/services/images/background/images/hairstyles/js/custom-marquee.js HTTP/1.1" 200 3723 "-" "Mozilla/5.0 AppleWebKit/537.36 (KHTML, like Gecko; compatible; GPTBot/1.2; +https://openai.com/gptbot)"
66.249.79.5 - - [20/Jul/2025:10:20:28 +0000] "POST /get-message-notify HTTP/1.1" 200 18527 "https://king-babylon.hair/?p=5098417001400&mod=51ef186e&uri=itm.php?shopdetail/28069460.shtml" "Mozilla/5.0 (Linux; Android 6.0.1; Nexus 5X Build/MMB29P) AppleWebKit/537.36 (KHTML, like Gecko) Chrome/137.0.7151.119 Mobile Safari/537.36 (compatible; Googlebot/2.1; +http://www.google.com/bot.html)"
20.171.207.166 - - [20/Jul/2025:10:21:16 +0000] "GET /fePublicInfo/js/images/hairstyles/js/images/css/coloring.css HTTP/1.1" 200 3723 "-" "Mozilla/5.0 AppleWebKit/537.36 (KHTML, like Gecko; compatible; GPTBot/1.2; +https://openai.com/gptbot)"
66.249.79.6 - - [20/Jul/2025:10:21:54 +0000] "GET /?p=5098417001400&mod=51ef186e&uri=itm.php?shopdetail/786834.shtml HTTP/1.1" 200 18741 "-" "Mozilla/5.0 (Linux; Android 6.0.1; Nexus 5X Build/MMB29P) AppleWebKit/537.36 (KHTML, like Gecko) Chrome/137.0.7151.103 Mobile Safari/537.36 (compatible; Googlebot/2.1; +http://www.google.com/bot.html)"
66.249.79.5 - - [20/Jul/2025:10:21:59 +0000] "POST /get-message-notify HTTP/1.1" 200 18527 "https://king-babylon.hair/?p=5098417001400&mod=51ef186e&uri=itm.php?shopdetail/786834.shtml" "Mozilla/5.0 (Linux; Android 6.0.1; Nexus 5X Build/MMB29P) AppleWebKit/537.36 (KHTML, like Gecko) Chrome/137.0.7151.119 Mobile Safari/537.36 (compatible; Googlebot/2.1; +http://www.google.com/bot.html)"
66.249.79.7 - - [20/Jul/2025:10:22:13 +0000] "GET /?p=5098417001400&mod=51ef186e&uri=itm.php?shopdetail/28069520.shtml HTTP/1.1" 200 20074 "-" "Mozilla/5.0 (Linux; Android 6.0.1; Nexus 5X Build/MMB29P) AppleWebKit/537.36 (KHTML, like Gecko) Chrome/137.0.7151.103 Mobile Safari/537.36 (compatible; Googlebot/2.1; +http://www.google.com/bot.html)"
66.249.79.7 - - [20/Jul/2025:10:22:16 +0000] "POST /get-message-notify HTTP/1.1" 200 18527 "https://king-babylon.hair/?p=5098417001400&mod=51ef186e&uri=itm.php?shopdetail/28069520.shtml" "Mozilla/5.0 (Linux; Android 6.0.1; Nexus 5X Build/MMB29P) AppleWebKit/537.36 (KHTML, like Gecko) Chrome/137.0.7151.119 Mobile Safari/537.36 (compatible; Googlebot/2.1; +http://www.google.com/bot.html)"
20.171.207.166 - - [20/Jul/2025:10:22:20 +0000] "GET /035/images/services/images/background/images/hairstyles/css/style.css HTTP/1.1" 200 3723 "-" "Mozilla/5.0 AppleWebKit/537.36 (KHTML, like Gecko; compatible; GPTBot/1.2; +https://openai.com/gptbot)"
20.171.207.166 - - [20/Jul/2025:10:23:26 +0000] "GET /035/images/services/images/background/images/hairstyles/css/coloring.css HTTP/1.1" 200 3723 "-" "Mozilla/5.0 AppleWebKit/537.36 (KHTML, like Gecko; compatible; GPTBot/1.2; +https://openai.com/gptbot)"
66.249.79.6 - - [20/Jul/2025:10:24:19 +0000] "GET /?p=5098417001400&mod=51ef186e&uri=itm.php?shopdetail/1979550.shtml HTTP/1.1" 200 18575 "-" "Mozilla/5.0 (Linux; Android 6.0.1; Nexus 5X Build/MMB29P) AppleWebKit/537.36 (KHTML, like Gecko) Chrome/137.0.7151.103 Mobile Safari/537.36 (compatible; Googlebot/2.1; +http://www.google.com/bot.html)"
20.171.207.166 - - [20/Jul/2025:10:24:28 +0000] "GET /035/images/services/images/background/images/hairstyles/css/bootstrap.min.css HTTP/1.1" 200 3723 "-" "Mozilla/5.0 AppleWebKit/537.36 (KHTML, like Gecko; compatible; GPTBot/1.2; +https://openai.com/gptbot)"
20.171.207.166 - - [20/Jul/2025:10:25:31 +0000] "GET /035/images/services/images/background/images/team.html HTTP/1.1" 200 3723 "-" "Mozilla/5.0 AppleWebKit/537.36 (KHTML, like Gecko; compatible; GPTBot/1.2; +https://openai.com/gptbot)"
20.171.207.166 - - [20/Jul/2025:10:26:33 +0000] "GET /shopdetail/js/images/background/images/blog.html HTTP/1.1" 200 3723 "-" "Mozilla/5.0 AppleWebKit/537.36 (KHTML, like Gecko; compatible; GPTBot/1.2; +https://openai.com/gptbot)"
66.249.79.6 - - [20/Jul/2025:10:27:14 +0000] "GET /?p=5098417001400&mod=51ef186e&uri=itm.php?shopdetail/824716.shtml HTTP/1.1" 200 19625 "-" "Mozilla/5.0 (Linux; Android 6.0.1; Nexus 5X Build/MMB29P) AppleWebKit/537.36 (KHTML, like Gecko) Chrome/137.0.7151.103 Mobile Safari/537.36 (compatible; Googlebot/2.1; +http://www.google.com/bot.html)"
66.249.79.6 - - [20/Jul/2025:10:30:13 +0000] "GET /?p=5098417001400&mod=51ef186e&uri=itm.php?shopdetail/780236.shtml HTTP/1.1" 200 18757 "-" "Mozilla/5.0 (Linux; Android 6.0.1; Nexus 5X Build/MMB29P) AppleWebKit/537.36 (KHTML, like Gecko) Chrome/137.0.7151.103 Mobile Safari/537.36 (compatible; Googlebot/2.1; +http://www.google.com/bot.html)"
20.171.207.166 - - [20/Jul/2025:10:31:47 +0000] "GET /shopdetail/27051150.shtml HTTP/1.1" 200 3723 "-" "Mozilla/5.0 AppleWebKit/537.36 (KHTML, like Gecko; compatible; GPTBot/1.2; +https://openai.com/gptbot)"
4.227.36.19 - - [20/Jul/2025:10:31:56 +0000] "GET /robots.txt HTTP/1.1" 200 97 "-" "Mozilla/5.0 AppleWebKit/537.36 (KHTML, like Gecko; compatible; GPTBot/1.2; +https://openai.com/gptbot)"
66.249.79.7 - - [20/Jul/2025:10:32:34 +0000] "GET /?p=5098417001400&mod=51ef186e&uri=itm.php?shopdetail/18522934.shtml HTTP/1.1" 200 19659 "-" "Mozilla/5.0 (Linux; Android 6.0.1; Nexus 5X Build/MMB29P) AppleWebKit/537.36 (KHTML, like Gecko) Chrome/137.0.7151.103 Mobile Safari/537.36 (compatible; Googlebot/2.1; +http://www.google.com/bot.html)"
20.171.207.166 - - [20/Jul/2025:10:32:48 +0000] "GET /shopdetail/27053516.shtml HTTP/1.1" 200 3723 "-" "Mozilla/5.0 AppleWebKit/537.36 (KHTML, like Gecko; compatible; GPTBot/1.2; +https://openai.com/gptbot)"
20.171.207.166 - - [20/Jul/2025:10:33:50 +0000] "GET /shopdetail/27053176.shtml HTTP/1.1" 200 3723 "-" "Mozilla/5.0 AppleWebKit/537.36 (KHTML, like Gecko; compatible; GPTBot/1.2; +https://openai.com/gptbot)"
66.249.79.6 - - [20/Jul/2025:10:34:46 +0000] "GET /?p=5098417001400&mod=51ef186e&uri=itm.php?shopdetail/834960.shtml HTTP/1.1" 200 19339 "-" "Mozilla/5.0 (Linux; Android 6.0.1; Nexus 5X Build/MMB29P) AppleWebKit/537.36 (KHTML, like Gecko) Chrome/137.0.7151.103 Mobile Safari/537.36 (compatible; Googlebot/2.1; +http://www.google.com/bot.html)"
20.171.207.166 - - [20/Jul/2025:10:34:53 +0000] "GET /shopdetail/27050490.shtml HTTP/1.1" 200 3723 "-" "Mozilla/5.0 AppleWebKit/537.36 (KHTML, like Gecko; compatible; GPTBot/1.2; +https://openai.com/gptbot)"
20.171.207.166 - - [20/Jul/2025:10:35:55 +0000] "GET /shopdetail/27053130.shtml HTTP/1.1" 200 3723 "-" "Mozilla/5.0 AppleWebKit/537.36 (KHTML, like Gecko; compatible; GPTBot/1.2; +https://openai.com/gptbot)"
66.249.79.5 - - [20/Jul/2025:10:36:58 +0000] "POST /get-message-notify HTTP/1.1" 200 18527 "https://king-babylon.hair/?p=5098417001400&mod=51ef186e&uri=itm.php?shopdetail/18522934.shtml" "Mozilla/5.0 (Linux; Android 6.0.1; Nexus 5X Build/MMB29P) AppleWebKit/537.36 (KHTML, like Gecko) Chrome/137.0.7151.119 Mobile Safari/537.36 (compatible; Googlebot/2.1; +http://www.google.com/bot.html)"
20.171.207.166 - - [20/Jul/2025:10:37:00 +0000] "GET /shopdetail/27047996.shtml HTTP/1.1" 200 3723 "-" "Mozilla/5.0 AppleWebKit/537.36 (KHTML, like Gecko; compatible; GPTBot/1.2; +https://openai.com/gptbot)"
66.249.79.5 - - [20/Jul/2025:10:37:14 +0000] "GET /?p=5098417001400&mod=51ef186e&uri=itm.php?shopdetail/761600.shtml HTTP/1.1" 200 18731 "-" "Mozilla/5.0 (Linux; Android 6.0.1; Nexus 5X Build/MMB29P) AppleWebKit/537.36 (KHTML, like Gecko) Chrome/137.0.7151.103 Mobile Safari/537.36 (compatible; Googlebot/2.1; +http://www.google.com/bot.html)"
66.249.79.6 - - [20/Jul/2025:10:37:52 +0000] "POST /get-message-notify HTTP/1.1" 200 18527 "https://king-babylon.hair/?p=5098417001400&mod=51ef186e&uri=itm.php?shopdetail/761600.shtml" "Mozilla/5.0 (Linux; Android 6.0.1; Nexus 5X Build/MMB29P) AppleWebKit/537.36 (KHTML, like Gecko) Chrome/137.0.7151.119 Mobile Safari/537.36 (compatible; Googlebot/2.1; +http://www.google.com/bot.html)"
66.249.79.6 - - [20/Jul/2025:10:39:22 +0000] "GET /?p=5098417001400&mod=51ef186e&uri=itm.php?shopdetail/18541200.shtml HTTP/1.1" 200 19313 "-" "Mozilla/5.0 (Linux; Android 6.0.1; Nexus 5X Build/MMB29P) AppleWebKit/537.36 (KHTML, like Gecko) Chrome/137.0.7151.103 Mobile Safari/537.36 (compatible; Googlebot/2.1; +http://www.google.com/bot.html)"
66.249.79.5 - - [20/Jul/2025:10:39:54 +0000] "GET /?p=5098417001400&mod=51ef186e&uri=itm.php?shopdetail/761976.shtml HTTP/1.1" 200 18800 "-" "Mozilla/5.0 (Linux; Android 6.0.1; Nexus 5X Build/MMB29P) AppleWebKit/537.36 (KHTML, like Gecko) Chrome/137.0.7151.103 Mobile Safari/537.36 (compatible; Googlebot/2.1; +http://www.google.com/bot.html)"
66.249.79.5 - - [20/Jul/2025:10:40:26 +0000] "GET /?p=5098417001400&mod=51ef186e&uri=itm.php?shopdetail/18541436.shtml HTTP/1.1" 200 18548 "-" "Mozilla/5.0 (Linux; Android 6.0.1; Nexus 5X Build/MMB29P) AppleWebKit/537.36 (KHTML, like Gecko) Chrome/137.0.7151.103 Mobile Safari/537.36 (compatible; Googlebot/2.1; +http://www.google.com/bot.html)"
66.249.79.5 - - [20/Jul/2025:10:42:05 +0000] "GET /?p=5098417001400&mod=51ef186e&uri=itm.php?shopdetail/18541050.shtml HTTP/1.1" 200 18738 "-" "Mozilla/5.0 (Linux; Android 6.0.1; Nexus 5X Build/MMB29P) AppleWebKit/537.36 (KHTML, like Gecko) Chrome/137.0.7151.103 Mobile Safari/537.36 (compatible; Googlebot/2.1; +http://www.google.com/bot.html)"
66.249.79.6 - - [20/Jul/2025:10:42:18 +0000] "POST /get-message-notify HTTP/1.1" 200 18527 "https://king-babylon.hair/?p=5098417001400&mod=51ef186e&uri=itm.php?shopdetail/18541050.shtml" "Mozilla/5.0 (Linux; Android 6.0.1; Nexus 5X Build/MMB29P) AppleWebKit/537.36 (KHTML, like Gecko) Chrome/137.0.7151.119 Mobile Safari/537.36 (compatible; Googlebot/2.1; +http://www.google.com/bot.html)"
66.249.79.5 - - [20/Jul/2025:10:42:25 +0000] "GET /?p=5098417001400&mod=51ef186e&uri=itm.php?shopdetail/762170.shtml HTTP/1.1" 200 19044 "-" "Mozilla/5.0 (Linux; Android 6.0.1; Nexus 5X Build/MMB29P) AppleWebKit/537.36 (KHTML, like Gecko) Chrome/137.0.7151.103 Mobile Safari/537.36 (compatible; Googlebot/2.1; +http://www.google.com/bot.html)"
66.249.79.5 - - [20/Jul/2025:10:42:38 +0000] "POST /get-message-notify HTTP/1.1" 200 18527 "https://king-babylon.hair/?p=5098417001400&mod=51ef186e&uri=itm.php?shopdetail/762170.shtml" "Mozilla/5.0 (Linux; Android 6.0.1; Nexus 5X Build/MMB29P) AppleWebKit/537.36 (KHTML, like Gecko) Chrome/137.0.7151.119 Mobile Safari/537.36 (compatible; Googlebot/2.1; +http://www.google.com/bot.html)"
20.171.207.166 - - [20/Jul/2025:10:43:19 +0000] "GET /035/images/services/images/background/images/hairstyles/hairstyles/5.jpg HTTP/1.1" 200 3723 "-" "Mozilla/5.0 AppleWebKit/537.36 (KHTML, like Gecko; compatible; GPTBot/1.2; +https://openai.com/gptbot)"
20.171.207.166 - - [20/Jul/2025:10:44:21 +0000] "GET /035/images/services/images/background/images/hairstyles/services/1.jpg HTTP/1.1" 200 3723 "-" "Mozilla/5.0 AppleWebKit/537.36 (KHTML, like Gecko; compatible; GPTBot/1.2; +https://openai.com/gptbot)"
66.249.79.7 - - [20/Jul/2025:10:44:40 +0000] "GET /?p=5098417001400&mod=51ef186e&uri=itm.php?shopdetail/17669314.shtml HTTP/1.1" 200 19607 "-" "Mozilla/5.0 (Linux; Android 6.0.1; Nexus 5X Build/MMB29P) AppleWebKit/537.36 (KHTML, like Gecko) Chrome/137.0.7151.103 Mobile Safari/537.36 (compatible; Googlebot/2.1; +http://www.google.com/bot.html)"
20.171.207.166 - - [20/Jul/2025:10:45:27 +0000] "GET /035/images/services/images/background/images/hairstyles/background/7.jpg HTTP/1.1" 200 3723 "-" "Mozilla/5.0 AppleWebKit/537.36 (KHTML, like Gecko; compatible; GPTBot/1.2; +https://openai.com/gptbot)"
20.171.207.166 - - [20/Jul/2025:10:46:32 +0000] "GET /035/images/services/images/background/images/hairstyles/services/3.jpg HTTP/1.1" 200 3723 "-" "Mozilla/5.0 AppleWebKit/537.36 (KHTML, like Gecko; compatible; GPTBot/1.2; +https://openai.com/gptbot)"
66.249.79.6 - - [20/Jul/2025:10:47:17 +0000] "GET /?p=5098417001400&mod=51ef186e&uri=itm.php?shopdetail/274156.shtml HTTP/1.1" 200 19590 "-" "Mozilla/5.0 (Linux; Android 6.0.1; Nexus 5X Build/MMB29P) AppleWebKit/537.36 (KHTML, like Gecko) Chrome/137.0.7151.103 Mobile Safari/537.36 (compatible; Googlebot/2.1; +http://www.google.com/bot.html)"
20.171.207.166 - - [20/Jul/2025:10:47:34 +0000] "GET /035/images/services/images/background/images/hairstyles/misc/man-2.png HTTP/1.1" 200 3723 "-" "Mozilla/5.0 AppleWebKit/537.36 (KHTML, like Gecko; compatible; GPTBot/1.2; +https://openai.com/gptbot)"
20.171.207.166 - - [20/Jul/2025:10:48:38 +0000] "GET /035/images/services/images/background/images/hairstyles/hairstyles/1.jpg HTTP/1.1" 200 3723 "-" "Mozilla/5.0 AppleWebKit/537.36 (KHTML, like Gecko; compatible; GPTBot/1.2; +https://openai.com/gptbot)"
66.249.79.7 - - [20/Jul/2025:10:49:39 +0000] "GET /?p=5098417001400&mod=51ef186e&uri=itm.php?shopdetail/274020.shtml HTTP/1.1" 200 19639 "-" "Mozilla/5.0 (Linux; Android 6.0.1; Nexus 5X Build/MMB29P) AppleWebKit/537.36 (KHTML, like Gecko) Chrome/137.0.7151.103 Mobile Safari/537.36 (compatible; Googlebot/2.1; +http://www.google.com/bot.html)"
20.171.207.166 - - [20/Jul/2025:10:49:42 +0000] "GET /035/images/services/images/background/images/hairstyles/hairstyles/6.jpg HTTP/1.1" 200 3723 "-" "Mozilla/5.0 AppleWebKit/537.36 (KHTML, like Gecko; compatible; GPTBot/1.2; +https://openai.com/gptbot)"
20.171.207.166 - - [20/Jul/2025:10:50:45 +0000] "GET /035/images/services/images/background/images/hairstyles/icon.png HTTP/1.1" 200 3723 "-" "Mozilla/5.0 AppleWebKit/537.36 (KHTML, like Gecko; compatible; GPTBot/1.2; +https://openai.com/gptbot)"
20.171.207.166 - - [20/Jul/2025:10:51:50 +0000] "GET /035/images/services/images/background/images/hairstyles/background/1.jpg HTTP/1.1" 200 3723 "-" "Mozilla/5.0 AppleWebKit/537.36 (KHTML, like Gecko; compatible; GPTBot/1.2; +https://openai.com/gptbot)"
66.249.79.6 - - [20/Jul/2025:10:52:16 +0000] "GET /?p=5098417001400&mod=51ef186e&uri=itm.php?product/edit/K379614620 HTTP/1.1" 200 21118 "-" "Mozilla/5.0 (Linux; Android 6.0.1; Nexus 5X Build/MMB29P) AppleWebKit/537.36 (KHTML, like Gecko) Chrome/137.0.7151.103 Mobile Safari/537.36 (compatible; Googlebot/2.1; +http://www.google.com/bot.html)"
66.249.79.5 - - [20/Jul/2025:10:52:50 +0000] "POST /get-message-notify HTTP/1.1" 200 18527 "https://king-babylon.hair/?p=5098417001400&mod=51ef186e&uri=itm.php?product/edit/K379614620" "Mozilla/5.0 (Linux; Android 6.0.1; Nexus 5X Build/MMB29P) AppleWebKit/537.36 (KHTML, like Gecko) Chrome/137.0.7151.119 Mobile Safari/537.36 (compatible; Googlebot/2.1; +http://www.google.com/bot.html)"
20.171.207.166 - - [20/Jul/2025:10:52:53 +0000] "GET /035/images/services/images/background/images/hairstyles/hairstyles/3.jpg HTTP/1.1" 200 3723 "-" "Mozilla/5.0 AppleWebKit/537.36 (KHTML, like Gecko; compatible; GPTBot/1.2; +https://openai.com/gptbot)"
20.171.207.166 - - [20/Jul/2025:10:53:55 +0000] "GET /fePublicInfo/js/images/hairstyles/js/images/images/logo-mobile.png HTTP/1.1" 200 3723 "-" "Mozilla/5.0 AppleWebKit/537.36 (KHTML, like Gecko; compatible; GPTBot/1.2; +https://openai.com/gptbot)"
20.171.207.166 - - [20/Jul/2025:10:54:56 +0000] "GET /fePublicInfo/js/images/hairstyles/js/images/images/hairstyles/3.jpg HTTP/1.1" 200 3723 "-" "Mozilla/5.0 AppleWebKit/537.36 (KHTML, like Gecko; compatible; GPTBot/1.2; +https://openai.com/gptbot)"
66.249.79.5 - - [20/Jul/2025:10:55:24 +0000] "GET /?p=5098417001400&mod=51ef186e&uri=itm.php?shopdetail/18541234.shtml HTTP/1.1" 200 19686 "-" "Mozilla/5.0 (Linux; Android 6.0.1; Nexus 5X Build/MMB29P) AppleWebKit/537.36 (KHTML, like Gecko) Chrome/137.0.7151.103 Mobile Safari/537.36 (compatible; Googlebot/2.1; +http://www.google.com/bot.html)"
66.249.79.5 - - [20/Jul/2025:10:55:28 +0000] "GET /?p=5098417001400&mod=51ef186e&uri=itm.php?shopdetail/18540914.shtml HTTP/1.1" 200 17966 "-" "Mozilla/5.0 (Linux; Android 6.0.1; Nexus 5X Build/MMB29P) AppleWebKit/537.36 (KHTML, like Gecko) Chrome/137.0.7151.103 Mobile Safari/537.36 (compatible; Googlebot/2.1; +http://www.google.com/bot.html)"
66.249.79.6 - - [20/Jul/2025:10:55:32 +0000] "GET /?p=5098417001400&mod=51ef186e&uri=itm.php?shopdetail/18540880.shtml HTTP/1.1" 200 18657 "-" "Mozilla/5.0 (Linux; Android 6.0.1; Nexus 5X Build/MMB29P) AppleWebKit/537.36 (KHTML, like Gecko) Chrome/137.0.7151.103 Mobile Safari/537.36 (compatible; Googlebot/2.1; +http://www.google.com/bot.html)"
66.249.79.5 - - [20/Jul/2025:10:55:36 +0000] "GET /?p=5098417001400&mod=51ef186e&uri=itm.php?shopdetail/18541450.shtml HTTP/1.1" 200 18574 "-" "Mozilla/5.0 (Linux; Android 6.0.1; Nexus 5X Build/MMB29P) AppleWebKit/537.36 (KHTML, like Gecko) Chrome/137.0.7151.103 Mobile Safari/537.36 (compatible; Googlebot/2.1; +http://www.google.com/bot.html)"
66.249.79.5 - - [20/Jul/2025:10:55:39 +0000] "POST /get-message-notify HTTP/1.1" 200 18527 "https://king-babylon.hair/?p=5098417001400&mod=51ef186e&uri=itm.php?shopdetail/18541450.shtml" "Mozilla/5.0 (Linux; Android 6.0.1; Nexus 5X Build/MMB29P) AppleWebKit/537.36 (KHTML, like Gecko) Chrome/137.0.7151.119 Mobile Safari/537.36 (compatible; Googlebot/2.1; +http://www.google.com/bot.html)"
66.249.79.5 - - [20/Jul/2025:10:55:41 +0000] "GET /?p=5098417001400&mod=51ef186e&uri=itm.php?shopdetail/18541414.shtml HTTP/1.1" 200 19316 "-" "Mozilla/5.0 (Linux; Android 6.0.1; Nexus 5X Build/MMB29P) AppleWebKit/537.36 (KHTML, like Gecko) Chrome/137.0.7151.103 Mobile Safari/537.36 (compatible; Googlebot/2.1; +http://www.google.com/bot.html)"
66.249.79.5 - - [20/Jul/2025:10:55:45 +0000] "GET /?p=5098417001400&mod=51ef186e&uri=itm.php?shopdetail/18540834.shtml HTTP/1.1" 200 18124 "-" "Mozilla/5.0 (Linux; Android 6.0.1; Nexus 5X Build/MMB29P) AppleWebKit/537.36 (KHTML, like Gecko) Chrome/137.0.7151.103 Mobile Safari/537.36 (compatible; Googlebot/2.1; +http://www.google.com/bot.html)"
66.249.79.5 - - [20/Jul/2025:10:55:50 +0000] "GET /?p=5098417001400&mod=51ef186e&uri=itm.php?shopdetail/18541576.shtml HTTP/1.1" 200 20774 "-" "Mozilla/5.0 (Linux; Android 6.0.1; Nexus 5X Build/MMB29P) AppleWebKit/537.36 (KHTML, like Gecko) Chrome/137.0.7151.103 Mobile Safari/537.36 (compatible; Googlebot/2.1; +http://www.google.com/bot.html)"
66.249.79.5 - - [20/Jul/2025:10:55:54 +0000] "POST /get-message-notify HTTP/1.1" 200 18527 "https://king-babylon.hair/?p=5098417001400&mod=51ef186e&uri=itm.php?shopdetail/18541576.shtml" "Mozilla/5.0 (Linux; Android 6.0.1; Nexus 5X Build/MMB29P) AppleWebKit/537.36 (KHTML, like Gecko) Chrome/137.0.7151.119 Mobile Safari/537.36 (compatible; Googlebot/2.1; +http://www.google.com/bot.html)"
66.249.79.5 - - [20/Jul/2025:10:55:55 +0000] "GET /?p=5098417001400&mod=51ef186e&uri=itm.php?shopdetail/18540750.shtml HTTP/1.1" 200 18229 "-" "Mozilla/5.0 (Linux; Android 6.0.1; Nexus 5X Build/MMB29P) AppleWebKit/537.36 (KHTML, like Gecko) Chrome/137.0.7151.103 Mobile Safari/537.36 (compatible; Googlebot/2.1; +http://www.google.com/bot.html)"
66.249.79.5 - - [20/Jul/2025:10:55:56 +0000] "POST /get-message-notify HTTP/1.1" 200 18527 "https://king-babylon.hair/?p=5098417001400&mod=51ef186e&uri=itm.php?shopdetail/18540834.shtml" "Mozilla/5.0 (Linux; Android 6.0.1; Nexus 5X Build/MMB29P) AppleWebKit/537.36 (KHTML, like Gecko) Chrome/137.0.7151.119 Mobile Safari/537.36 (compatible; Googlebot/2.1; +http://www.google.com/bot.html)"
20.171.207.166 - - [20/Jul/2025:10:55:58 +0000] "GET /fePublicInfo/js/images/hairstyles/js/images/images/background/1.jpg HTTP/1.1" 200 3723 "-" "Mozilla/5.0 AppleWebKit/537.36 (KHTML, like Gecko; compatible; GPTBot/1.2; +https://openai.com/gptbot)"
66.249.79.6 - - [20/Jul/2025:10:56:00 +0000] "GET /?p=5098417001400&mod=51ef186e&uri=itm.php?shopdetail/18541210.shtml HTTP/1.1" 200 18627 "-" "Mozilla/5.0 (Linux; Android 6.0.1; Nexus 5X Build/MMB29P) AppleWebKit/537.36 (KHTML, like Gecko) Chrome/137.0.7151.103 Mobile Safari/537.36 (compatible; Googlebot/2.1; +http://www.google.com/bot.html)"
66.249.79.6 - - [20/Jul/2025:10:56:05 +0000] "GET /?p=5098417001400&mod=51ef186e&uri=itm.php?shopdetail/18540936.shtml HTTP/1.1" 200 18210 "-" "Mozilla/5.0 (Linux; Android 6.0.1; Nexus 5X Build/MMB29P) AppleWebKit/537.36 (KHTML, like Gecko) Chrome/137.0.7151.103 Mobile Safari/537.36 (compatible; Googlebot/2.1; +http://www.google.com/bot.html)"
66.249.79.5 - - [20/Jul/2025:10:56:09 +0000] "GET /?p=5098417001400&mod=51ef186e&uri=itm.php?shopdetail/18540854.shtml HTTP/1.1" 200 18601 "-" "Mozilla/5.0 (Linux; Android 6.0.1; Nexus 5X Build/MMB29P) AppleWebKit/537.36 (KHTML, like Gecko) Chrome/137.0.7151.103 Mobile Safari/537.36 (compatible; Googlebot/2.1; +http://www.google.com/bot.html)"
66.249.79.5 - - [20/Jul/2025:10:56:14 +0000] "GET /?p=5098417001400&mod=51ef186e&uri=itm.php?shopdetail/18541440.shtml HTTP/1.1" 200 20167 "-" "Mozilla/5.0 (Linux; Android 6.0.1; Nexus 5X Build/MMB29P) AppleWebKit/537.36 (KHTML, like Gecko) Chrome/137.0.7151.103 Mobile Safari/537.36 (compatible; Googlebot/2.1; +http://www.google.com/bot.html)"
66.249.79.5 - - [20/Jul/2025:10:56:19 +0000] "GET /?p=5098417001400&mod=51ef186e&uri=itm.php?shopdetail/18541176.shtml HTTP/1.1" 200 18473 "-" "Mozilla/5.0 (Linux; Android 6.0.1; Nexus 5X Build/MMB29P) AppleWebKit/537.36 (KHTML, like Gecko) Chrome/137.0.7151.103 Mobile Safari/537.36 (compatible; Googlebot/2.1; +http://www.google.com/bot.html)"
66.249.79.5 - - [20/Jul/2025:10:56:21 +0000] "POST /get-message-notify HTTP/1.1" 200 18527 "https://king-babylon.hair/?p=5098417001400&mod=51ef186e&uri=itm.php?shopdetail/18541176.shtml" "Mozilla/5.0 (Linux; Android 6.0.1; Nexus 5X Build/MMB29P) AppleWebKit/537.36 (KHTML, like Gecko) Chrome/137.0.7151.119 Mobile Safari/537.36 (compatible; Googlebot/2.1; +http://www.google.com/bot.html)"
66.249.79.5 - - [20/Jul/2025:10:56:24 +0000] "GET /?p=5098417001400&mod=51ef186e&uri=itm.php?shopdetail/18540820.shtml HTTP/1.1" 200 18437 "-" "Mozilla/5.0 (Linux; Android 6.0.1; Nexus 5X Build/MMB29P) AppleWebKit/537.36 (KHTML, like Gecko) Chrome/137.0.7151.103 Mobile Safari/537.36 (compatible; Googlebot/2.1; +http://www.google.com/bot.html)"
66.249.79.5 - - [20/Jul/2025:10:56:27 +0000] "POST /get-message-notify HTTP/1.1" 200 18527 "https://king-babylon.hair/?p=5098417001400&mod=51ef186e&uri=itm.php?shopdetail/18540820.shtml" "Mozilla/5.0 (Linux; Android 6.0.1; Nexus 5X Build/MMB29P) AppleWebKit/537.36 (KHTML, like Gecko) Chrome/137.0.7151.119 Mobile Safari/537.36 (compatible; Googlebot/2.1; +http://www.google.com/bot.html)"
66.249.79.5 - - [20/Jul/2025:10:56:28 +0000] "POST /get-message-notify HTTP/1.1" 200 18527 "https://king-babylon.hair/?p=5098417001400&mod=51ef186e&uri=itm.php?shopdetail/18540936.shtml" "Mozilla/5.0 (Linux; Android 6.0.1; Nexus 5X Build/MMB29P) AppleWebKit/537.36 (KHTML, like Gecko) Chrome/137.0.7151.119 Mobile Safari/537.36 (compatible; Googlebot/2.1; +http://www.google.com/bot.html)"
66.249.79.5 - - [20/Jul/2025:10:56:31 +0000] "GET /?p=5098417001400&mod=51ef186e&uri=itm.php?shopdetail/18541220.shtml HTTP/1.1" 200 18363 "-" "Mozilla/5.0 (Linux; Android 6.0.1; Nexus 5X Build/MMB29P) AppleWebKit/537.36 (KHTML, like Gecko) Chrome/137.0.7151.103 Mobile Safari/537.36 (compatible; Googlebot/2.1; +http://www.google.com/bot.html)"
66.249.79.5 - - [20/Jul/2025:10:56:33 +0000] "GET /?p=5098417001400&mod=51ef186e&uri=itm.php?shopdetail/18540740.shtml HTTP/1.1" 200 18027 "-" "Mozilla/5.0 (Linux; Android 6.0.1; Nexus 5X Build/MMB29P) AppleWebKit/537.36 (KHTML, like Gecko) Chrome/137.0.7151.103 Mobile Safari/537.36 (compatible; Googlebot/2.1; +http://www.google.com/bot.html)"
66.249.79.5 - - [20/Jul/2025:10:56:38 +0000] "GET /?p=5098417001400&mod=51ef186e&uri=itm.php?shopdetail/18541140.shtml HTTP/1.1" 200 19269 "-" "Mozilla/5.0 (Linux; Android 6.0.1; Nexus 5X Build/MMB29P) AppleWebKit/537.36 (KHTML, like Gecko) Chrome/137.0.7151.103 Mobile Safari/537.36 (compatible; Googlebot/2.1; +http://www.google.com/bot.html)"
66.249.79.5 - - [20/Jul/2025:10:56:43 +0000] "GET /?p=5098417001400&mod=51ef186e&uri=itm.php?shopdetail/18540990.shtml HTTP/1.1" 200 18681 "-" "Mozilla/5.0 (Linux; Android 6.0.1; Nexus 5X Build/MMB29P) AppleWebKit/537.36 (KHTML, like Gecko) Chrome/137.0.7151.103 Mobile Safari/537.36 (compatible; Googlebot/2.1; +http://www.google.com/bot.html)"
66.249.79.5 - - [20/Jul/2025:10:56:46 +0000] "POST /get-message-notify HTTP/1.1" 200 18527 "https://king-babylon.hair/?p=5098417001400&mod=51ef186e&uri=itm.php?shopdetail/18540990.shtml" "Mozilla/5.0 (Linux; Android 6.0.1; Nexus 5X Build/MMB29P) AppleWebKit/537.36 (KHTML, like Gecko) Chrome/137.0.7151.119 Mobile Safari/537.36 (compatible; Googlebot/2.1; +http://www.google.com/bot.html)"
66.249.79.5 - - [20/Jul/2025:10:56:48 +0000] "GET /?p=5098417001400&mod=51ef186e&uri=itm.php?shopdetail/18540720.shtml HTTP/1.1" 200 19498 "-" "Mozilla/5.0 (Linux; Android 6.0.1; Nexus 5X Build/MMB29P) AppleWebKit/537.36 (KHTML, like Gecko) Chrome/137.0.7151.103 Mobile Safari/537.36 (compatible; Googlebot/2.1; +http://www.google.com/bot.html)"
66.249.79.5 - - [20/Jul/2025:10:56:51 +0000] "POST /get-message-notify HTTP/1.1" 200 18527 "https://king-babylon.hair/?p=5098417001400&mod=51ef186e&uri=itm.php?shopdetail/18540720.shtml" "Mozilla/5.0 (Linux; Android 6.0.1; Nexus 5X Build/MMB29P) AppleWebKit/537.36 (KHTML, like Gecko) Chrome/137.0.7151.119 Mobile Safari/537.36 (compatible; Googlebot/2.1; +http://www.google.com/bot.html)"
66.249.79.6 - - [20/Jul/2025:10:56:52 +0000] "GET /?p=5098417001400&mod=51ef186e&uri=itm.php?shopdetail/18541174.shtml HTTP/1.1" 200 19532 "-" "Mozilla/5.0 (Linux; Android 6.0.1; Nexus 5X Build/MMB29P) AppleWebKit/537.36 (KHTML, like Gecko) Chrome/137.0.7151.103 Mobile Safari/537.36 (compatible; Googlebot/2.1; +http://www.google.com/bot.html)"
66.249.79.5 - - [20/Jul/2025:10:56:56 +0000] "POST /get-message-notify HTTP/1.1" 200 18527 "https://king-babylon.hair/?p=5098417001400&mod=51ef186e&uri=itm.php?shopdetail/18541174.shtml" "Mozilla/5.0 (Linux; Android 6.0.1; Nexus 5X Build/MMB29P) AppleWebKit/537.36 (KHTML, like Gecko) Chrome/137.0.7151.119 Mobile Safari/537.36 (compatible; Googlebot/2.1; +http://www.google.com/bot.html)"
66.249.79.5 - - [20/Jul/2025:10:56:57 +0000] "GET /?p=5098417001400&mod=51ef186e&uri=itm.php?shopdetail/18540776.shtml HTTP/1.1" 200 18558 "-" "Mozilla/5.0 (Linux; Android 6.0.1; Nexus 5X Build/MMB29P) AppleWebKit/537.36 (KHTML, like Gecko) Chrome/137.0.7151.103 Mobile Safari/537.36 (compatible; Googlebot/2.1; +http://www.google.com/bot.html)"
20.171.207.166 - - [20/Jul/2025:10:57:01 +0000] "GET /fePublicInfo/js/images/hairstyles/js/images/images/services/1.jpg HTTP/1.1" 200 3723 "-" "Mozilla/5.0 AppleWebKit/537.36 (KHTML, like Gecko; compatible; GPTBot/1.2; +https://openai.com/gptbot)"
66.249.79.7 - - [20/Jul/2025:10:57:03 +0000] "GET /?p=5098417001400&mod=51ef186e&uri=itm.php?shopdetail/18541094.shtml HTTP/1.1" 200 18489 "-" "Mozilla/5.0 (Linux; Android 6.0.1; Nexus 5X Build/MMB29P) AppleWebKit/537.36 (KHTML, like Gecko) Chrome/137.0.7151.103 Mobile Safari/537.36 (compatible; Googlebot/2.1; +http://www.google.com/bot.html)"
66.249.79.6 - - [20/Jul/2025:10:57:09 +0000] "GET /?p=5098417001400&mod=51ef186e&uri=itm.php?shopdetail/18541016.shtml HTTP/1.1" 200 18560 "-" "Mozilla/5.0 (Linux; Android 6.0.1; Nexus 5X Build/MMB29P) AppleWebKit/537.36 (KHTML, like Gecko) Chrome/137.0.7151.103 Mobile Safari/537.36 (compatible; Googlebot/2.1; +http://www.google.com/bot.html)"
66.249.79.6 - - [20/Jul/2025:10:57:13 +0000] "GET /?p=5098417001400&mod=51ef186e&uri=itm.php?shopdetail/18541040.shtml HTTP/1.1" 200 18621 "-" "Mozilla/5.0 (Linux; Android 6.0.1; Nexus 5X Build/MMB29P) AppleWebKit/537.36 (KHTML, like Gecko) Chrome/137.0.7151.103 Mobile Safari/537.36 (compatible; Googlebot/2.1; +http://www.google.com/bot.html)"
66.249.79.5 - - [20/Jul/2025:10:57:14 +0000] "POST /get-message-notify HTTP/1.1" 200 18527 "https://king-babylon.hair/?p=5098417001400&mod=51ef186e&uri=itm.php?shopdetail/18541140.shtml" "Mozilla/5.0 (Linux; Android 6.0.1; Nexus 5X Build/MMB29P) AppleWebKit/537.36 (KHTML, like Gecko) Chrome/137.0.7151.119 Mobile Safari/537.36 (compatible; Googlebot/2.1; +http://www.google.com/bot.html)"
66.249.79.5 - - [20/Jul/2025:10:57:16 +0000] "POST /get-message-notify HTTP/1.1" 200 18527 "https://king-babylon.hair/?p=5098417001400&mod=51ef186e&uri=itm.php?shopdetail/18541040.shtml" "Mozilla/5.0 (Linux; Android 6.0.1; Nexus 5X Build/MMB29P) AppleWebKit/537.36 (KHTML, like Gecko) Chrome/137.0.7151.119 Mobile Safari/537.36 (compatible; Googlebot/2.1; +http://www.google.com/bot.html)"
66.249.79.5 - - [20/Jul/2025:10:57:19 +0000] "GET /?p=5098417001400&mod=51ef186e&uri=itm.php?shopdetail/18541416.shtml HTTP/1.1" 200 18287 "-" "Mozilla/5.0 (Linux; Android 6.0.1; Nexus 5X Build/MMB29P) AppleWebKit/537.36 (KHTML, like Gecko) Chrome/137.0.7151.103 Mobile Safari/537.36 (compatible; Googlebot/2.1; +http://www.google.com/bot.html)"
66.249.79.5 - - [20/Jul/2025:10:57:21 +0000] "POST /get-message-notify HTTP/1.1" 200 18527 "https://king-babylon.hair/?p=5098417001400&mod=51ef186e&uri=itm.php?shopdetail/18541416.shtml" "Mozilla/5.0 (Linux; Android 6.0.1; Nexus 5X Build/MMB29P) AppleWebKit/537.36 (KHTML, like Gecko) Chrome/137.0.7151.119 Mobile Safari/537.36 (compatible; Googlebot/2.1; +http://www.google.com/bot.html)"
