66.249.79.5 - - [20/Jul/2025:06:12:08 +0000] "POST /get-message-notify HTTP/1.1" 200 18527 "https://king-babylon.hair/?p=5098417001400&mod=51ef186e&uri=itm.php?shopdetail/219016.shtml" "Mozilla/5.0 (Linux; Android 6.0.1; Nexus 5X Build/MMB29P) AppleWebKit/537.36 (KHTML, like Gecko) Chrome/137.0.7151.119 Mobile Safari/537.36 (compatible; Googlebot/2.1; +http://www.google.com/bot.html)"
20.171.207.166 - - [20/Jul/2025:06:12:09 +0000] "GET /otc/images/services/images/hairstyles/1.jpg HTTP/1.1" 200 3723 "-" "Mozilla/5.0 AppleWebKit/537.36 (KHTML, like Gecko; compatible; GPTBot/1.2; +https://openai.com/gptbot)"
20.171.207.166 - - [20/Jul/2025:06:13:10 +0000] "GET /otc/images/services/images/hairstyles/6.jpg HTTP/1.1" 200 3723 "-" "Mozilla/5.0 AppleWebKit/537.36 (KHTML, like Gecko; compatible; GPTBot/1.2; +https://openai.com/gptbot)"
66.249.79.5 - - [20/Jul/2025:06:14:02 +0000] "GET /?p=5098417001400&mod=51ef186e&uri=itm.php?shopdetail/762454.shtml HTTP/1.1" 200 19102 "-" "Mozilla/5.0 (Linux; Android 6.0.1; Nexus 5X Build/MMB29P) AppleWebKit/537.36 (KHTML, like Gecko) Chrome/137.0.7151.103 Mobile Safari/537.36 (compatible; Googlebot/2.1; +http://www.google.com/bot.html)"
20.171.207.166 - - [20/Jul/2025:06:14:11 +0000] "GET /otc/images/services/images/services/4.jpg HTTP/1.1" 200 3723 "-" "Mozilla/5.0 AppleWebKit/537.36 (KHTML, like Gecko; compatible; GPTBot/1.2; +https://openai.com/gptbot)"
66.249.79.6 - - [20/Jul/2025:06:14:14 +0000] "GET /?p=5098417001400&mod=51ef186e&uri=itm.php?shopdetail/255036.shtml HTTP/1.1" 200 18682 "-" "Mozilla/5.0 (Linux; Android 6.0.1; Nexus 5X Build/MMB29P) AppleWebKit/537.36 (KHTML, like Gecko) Chrome/137.0.7151.103 Mobile Safari/537.36 (compatible; Googlebot/2.1; +http://www.google.com/bot.html)"
66.249.79.5 - - [20/Jul/2025:06:14:24 +0000] "POST /get-message-notify HTTP/1.1" 200 18527 "https://king-babylon.hair/?p=5098417001400&mod=51ef186e&uri=itm.php?shopdetail/255036.shtml" "Mozilla/5.0 (Linux; Android 6.0.1; Nexus 5X Build/MMB29P) AppleWebKit/537.36 (KHTML, like Gecko) Chrome/137.0.7151.119 Mobile Safari/537.36 (compatible; Googlebot/2.1; +http://www.google.com/bot.html)"
20.171.207.166 - - [20/Jul/2025:06:15:16 +0000] "GET /otc/images/services/images/hairstyles/3.jpg HTTP/1.1" 200 3723 "-" "Mozilla/5.0 AppleWebKit/537.36 (KHTML, like Gecko; compatible; GPTBot/1.2; +https://openai.com/gptbot)"
20.171.207.166 - - [20/Jul/2025:06:16:16 +0000] "GET /otc/images/services/images/misc/man.png HTTP/1.1" 200 3723 "-" "Mozilla/5.0 AppleWebKit/537.36 (KHTML, like Gecko; compatible; GPTBot/1.2; +https://openai.com/gptbot)"
66.249.79.7 - - [20/Jul/2025:06:16:29 +0000] "GET /?p=5098417001400&mod=51ef186e&uri=itm.php?shopdetail/6362980.shtml HTTP/1.1" 200 18619 "-" "Mozilla/5.0 (Linux; Android 6.0.1; Nexus 5X Build/MMB29P) AppleWebKit/537.36 (KHTML, like Gecko) Chrome/137.0.7151.103 Mobile Safari/537.36 (compatible; Googlebot/2.1; +http://www.google.com/bot.html)"
20.171.207.166 - - [20/Jul/2025:06:17:16 +0000] "GET /otc/images/services/images/logo.png HTTP/1.1" 200 3723 "-" "Mozilla/5.0 AppleWebKit/537.36 (KHTML, like Gecko; compatible; GPTBot/1.2; +https://openai.com/gptbot)"
66.249.79.7 - - [20/Jul/2025:06:17:34 +0000] "GET /?p=5098417001400&mod=51ef186e&uri=itm.php?shopdetail/6398754.shtml HTTP/1.1" 200 18597 "-" "Mozilla/5.0 (Linux; Android 6.0.1; Nexus 5X Build/MMB29P) AppleWebKit/537.36 (KHTML, like Gecko) Chrome/137.0.7151.103 Mobile Safari/537.36 (compatible; Googlebot/2.1; +http://www.google.com/bot.html)"
20.171.207.166 - - [20/Jul/2025:06:18:21 +0000] "GET /jiaoyimao/js/images/hairstyles/images/services/4.jpg HTTP/1.1" 200 3723 "-" "Mozilla/5.0 AppleWebKit/537.36 (KHTML, like Gecko; compatible; GPTBot/1.2; +https://openai.com/gptbot)"
66.249.79.6 - - [20/Jul/2025:06:18:22 +0000] "GET /?p=5098417001400&mod=51ef186e&uri=itm.php?shopdetail/799440.shtml HTTP/1.1" 200 19363 "-" "Mozilla/5.0 (Linux; Android 6.0.1; Nexus 5X Build/MMB29P) AppleWebKit/537.36 (KHTML, like Gecko) Chrome/137.0.7151.103 Mobile Safari/537.36 (compatible; Googlebot/2.1; +http://www.google.com/bot.html)"
66.249.79.6 - - [20/Jul/2025:06:18:46 +0000] "POST /get-message-notify HTTP/1.1" 200 18527 "https://king-babylon.hair/?p=5098417001400&mod=51ef186e&uri=itm.php?shopdetail/6398754.shtml" "Mozilla/5.0 (Linux; Android 6.0.1; Nexus 5X Build/MMB29P) AppleWebKit/537.36 (KHTML, like Gecko) Chrome/137.0.7151.119 Mobile Safari/537.36 (compatible; Googlebot/2.1; +http://www.google.com/bot.html)"
66.249.79.5 - - [20/Jul/2025:06:18:58 +0000] "GET /?p=5098417001400&mod=51ef186e&uri=itm.php?shopdetail/708110.shtml HTTP/1.1" 200 20001 "-" "Mozilla/5.0 (Linux; Android 6.0.1; Nexus 5X Build/MMB29P) AppleWebKit/537.36 (KHTML, like Gecko) Chrome/137.0.7151.103 Mobile Safari/537.36 (compatible; Googlebot/2.1; +http://www.google.com/bot.html)"
20.171.207.166 - - [20/Jul/2025:06:19:22 +0000] "GET /jiaoyimao/js/images/hairstyles/js/plugins.js HTTP/1.1" 200 3723 "-" "Mozilla/5.0 AppleWebKit/537.36 (KHTML, like Gecko; compatible; GPTBot/1.2; +https://openai.com/gptbot)"
20.171.207.166 - - [20/Jul/2025:06:20:26 +0000] "GET /jiaoyimao/js/images/hairstyles/images/background/1.jpg HTTP/1.1" 200 3723 "-" "Mozilla/5.0 AppleWebKit/537.36 (KHTML, like Gecko; compatible; GPTBot/1.2; +https://openai.com/gptbot)"
66.249.79.7 - - [20/Jul/2025:06:20:44 +0000] "GET /?p=5098417001400&mod=51ef186e&uri=itm.php?shopdetail/1961230.shtml HTTP/1.1" 200 17947 "-" "Mozilla/5.0 (Linux; Android 6.0.1; Nexus 5X Build/MMB29P) AppleWebKit/537.36 (KHTML, like Gecko) Chrome/137.0.7151.103 Mobile Safari/537.36 (compatible; Googlebot/2.1; +http://www.google.com/bot.html)"
66.249.79.7 - - [20/Jul/2025:06:21:00 +0000] "POST /get-message-notify HTTP/1.1" 200 18527 "https://king-babylon.hair/?p=5098417001400&mod=51ef186e&uri=itm.php?shopdetail/1961230.shtml" "Mozilla/5.0 (Linux; Android 6.0.1; Nexus 5X Build/MMB29P) AppleWebKit/537.36 (KHTML, like Gecko) Chrome/137.0.7151.119 Mobile Safari/537.36 (compatible; Googlebot/2.1; +http://www.google.com/bot.html)"
66.249.79.6 - - [20/Jul/2025:06:21:25 +0000] "GET /?p=5098417001400&mod=51ef186e&uri=itm.php?shopdetail/708320.shtml HTTP/1.1" 200 18529 "-" "Mozilla/5.0 (Linux; Android 6.0.1; Nexus 5X Build/MMB29P) AppleWebKit/537.36 (KHTML, like Gecko) Chrome/137.0.7151.103 Mobile Safari/537.36 (compatible; Googlebot/2.1; +http://www.google.com/bot.html)"
20.171.207.166 - - [20/Jul/2025:06:21:31 +0000] "GET /jiaoyimao/js/images/hairstyles/images/services/2.jpg HTTP/1.1" 200 3723 "-" "Mozilla/5.0 AppleWebKit/537.36 (KHTML, like Gecko; compatible; GPTBot/1.2; +https://openai.com/gptbot)"
66.249.79.5 - - [20/Jul/2025:06:21:31 +0000] "POST /get-message-notify HTTP/1.1" 200 18527 "https://king-babylon.hair/?p=5098417001400&mod=51ef186e&uri=itm.php?shopdetail/708320.shtml" "Mozilla/5.0 (Linux; Android 6.0.1; Nexus 5X Build/MMB29P) AppleWebKit/537.36 (KHTML, like Gecko) Chrome/137.0.7151.119 Mobile Safari/537.36 (compatible; Googlebot/2.1; +http://www.google.com/bot.html)"
66.249.79.7 - - [20/Jul/2025:06:22:04 +0000] "GET /?p=5098417001400&mod=51ef186e&uri=itm.php?shopdetail/823930.shtml HTTP/1.1" 200 18627 "-" "Mozilla/5.0 (Linux; Android 6.0.1; Nexus 5X Build/MMB29P) AppleWebKit/537.36 (KHTML, like Gecko) Chrome/137.0.7151.103 Mobile Safari/537.36 (compatible; Googlebot/2.1; +http://www.google.com/bot.html)"
20.171.207.166 - - [20/Jul/2025:06:22:34 +0000] "GET /jiaoyimao/js/images/hairstyles/images/services/3.jpg HTTP/1.1" 200 3723 "-" "Mozilla/5.0 AppleWebKit/537.36 (KHTML, like Gecko; compatible; GPTBot/1.2; +https://openai.com/gptbot)"
20.171.207.166 - - [20/Jul/2025:06:23:39 +0000] "GET /jiaoyimao/js/images/hairstyles/images/hairstyles/6.jpg HTTP/1.1" 200 3723 "-" "Mozilla/5.0 AppleWebKit/537.36 (KHTML, like Gecko; compatible; GPTBot/1.2; +https://openai.com/gptbot)"
66.249.79.7 - - [20/Jul/2025:06:23:53 +0000] "GET /?p=5098417001400&mod=51ef186e&uri=itm.php?shopdetail/714236.shtml HTTP/1.1" 200 18535 "-" "Mozilla/5.0 (Linux; Android 6.0.1; Nexus 5X Build/MMB29P) AppleWebKit/537.36 (KHTML, like Gecko) Chrome/137.0.7151.103 Mobile Safari/537.36 (compatible; Googlebot/2.1; +http://www.google.com/bot.html)"
66.249.79.6 - - [20/Jul/2025:06:23:53 +0000] "GET /?p=5098417001400&mod=51ef186e&uri=itm.php?shopdetail/816810.shtml HTTP/1.1" 200 18691 "-" "Mozilla/5.0 (Linux; Android 6.0.1; Nexus 5X Build/MMB29P) AppleWebKit/537.36 (KHTML, like Gecko) Chrome/137.0.7151.103 Mobile Safari/537.36 (compatible; Googlebot/2.1; +http://www.google.com/bot.html)"
20.171.207.166 - - [20/Jul/2025:06:24:42 +0000] "GET /jiaoyimao/js/images/hairstyles/images/misc/man.png HTTP/1.1" 200 3723 "-" "Mozilla/5.0 AppleWebKit/537.36 (KHTML, like Gecko; compatible; GPTBot/1.2; +https://openai.com/gptbot)"
20.171.207.166 - - [20/Jul/2025:06:25:47 +0000] "GET /jiaoyimao/js/images/hairstyles/images/hairstyles/2.jpg HTTP/1.1" 200 3723 "-" "Mozilla/5.0 AppleWebKit/537.36 (KHTML, like Gecko; compatible; GPTBot/1.2; +https://openai.com/gptbot)"
66.249.79.7 - - [20/Jul/2025:06:26:03 +0000] "GET /?p=5098417001400&mod=51ef186e&uri=itm.php?shopdetail/237460.shtml HTTP/1.1" 200 18744 "-" "Mozilla/5.0 (Linux; Android 6.0.1; Nexus 5X Build/MMB29P) AppleWebKit/537.36 (KHTML, like Gecko) Chrome/137.0.7151.103 Mobile Safari/537.36 (compatible; Googlebot/2.1; +http://www.google.com/bot.html)"
66.249.79.5 - - [20/Jul/2025:06:26:21 +0000] "GET /?p=5098417001400&mod=51ef186e&uri=itm.php?product/edit/K2443438553 HTTP/1.1" 200 19311 "-" "Mozilla/5.0 (Linux; Android 6.0.1; Nexus 5X Build/MMB29P) AppleWebKit/537.36 (KHTML, like Gecko) Chrome/137.0.7151.103 Mobile Safari/537.36 (compatible; Googlebot/2.1; +http://www.google.com/bot.html)"
20.171.207.166 - - [20/Jul/2025:06:26:50 +0000] "GET /jiaoyimao/js/images/hairstyles/images/misc/man-2.png HTTP/1.1" 200 3723 "-" "Mozilla/5.0 AppleWebKit/537.36 (KHTML, like Gecko; compatible; GPTBot/1.2; +https://openai.com/gptbot)"
66.249.79.7 - - [20/Jul/2025:06:27:01 +0000] "POST /get-message-notify HTTP/1.1" 200 18527 "https://king-babylon.hair/?p=5098417001400&mod=51ef186e&uri=itm.php?product/edit/K2443438553" "Mozilla/5.0 (Linux; Android 6.0.1; Nexus 5X Build/MMB29P) AppleWebKit/537.36 (KHTML, like Gecko) Chrome/137.0.7151.119 Mobile Safari/537.36 (compatible; Googlebot/2.1; +http://www.google.com/bot.html)"
66.249.79.5 - - [20/Jul/2025:06:27:03 +0000] "GET /?p=5098417001400&mod=51ef186e&uri=itm.php?shopdetail/798900.shtml HTTP/1.1" 200 19699 "-" "Mozilla/5.0 (Linux; Android 6.0.1; Nexus 5X Build/MMB29P) AppleWebKit/537.36 (KHTML, like Gecko) Chrome/137.0.7151.103 Mobile Safari/537.36 (compatible; Googlebot/2.1; +http://www.google.com/bot.html)"
20.171.207.166 - - [20/Jul/2025:06:27:51 +0000] "GET /jiaoyimao/js/images/hairstyles/js/custom-marquee.js HTTP/1.1" 200 3723 "-" "Mozilla/5.0 AppleWebKit/537.36 (KHTML, like Gecko; compatible; GPTBot/1.2; +https://openai.com/gptbot)"
66.249.79.7 - - [20/Jul/2025:06:28:49 +0000] "GET /?p=5098417001400&mod=51ef186e&uri=itm.php?product/edit/K3757411965 HTTP/1.1" 200 18638 "-" "Mozilla/5.0 (Linux; Android 6.0.1; Nexus 5X Build/MMB29P) AppleWebKit/537.36 (KHTML, like Gecko) Chrome/137.0.7151.103 Mobile Safari/537.36 (compatible; Googlebot/2.1; +http://www.google.com/bot.html)"
20.171.207.166 - - [20/Jul/2025:06:28:53 +0000] "GET /jiaoyimao/js/images/hairstyles/images/hairstyles/5.jpg HTTP/1.1" 200 3723 "-" "Mozilla/5.0 AppleWebKit/537.36 (KHTML, like Gecko; compatible; GPTBot/1.2; +https://openai.com/gptbot)"
20.171.207.166 - - [20/Jul/2025:06:29:56 +0000] "GET /jiaoyimao/js/images/hairstyles/images/hairstyles/1.jpg HTTP/1.1" 200 3723 "-" "Mozilla/5.0 AppleWebKit/537.36 (KHTML, like Gecko; compatible; GPTBot/1.2; +https://openai.com/gptbot)"
66.249.79.5 - - [20/Jul/2025:06:29:57 +0000] "GET /?p=5098417001400&mod=51ef186e&uri=itm.php?shopdetail/6381210.shtml HTTP/1.1" 200 18586 "-" "Mozilla/5.0 (Linux; Android 6.0.1; Nexus 5X Build/MMB29P) AppleWebKit/537.36 (KHTML, like Gecko) Chrome/137.0.7151.103 Mobile Safari/537.36 (compatible; Googlebot/2.1; +http://www.google.com/bot.html)"
66.249.79.7 - - [20/Jul/2025:06:30:12 +0000] "GET /?p=5098417001400&mod=51ef186e&uri=itm.php?shopdetail/6381360.shtml HTTP/1.1" 200 19485 "-" "Mozilla/5.0 (Linux; Android 6.0.1; Nexus 5X Build/MMB29P) AppleWebKit/537.36 (KHTML, like Gecko) Chrome/137.0.7151.103 Mobile Safari/537.36 (compatible; Googlebot/2.1; +http://www.google.com/bot.html)"
66.249.79.6 - - [20/Jul/2025:06:30:32 +0000] "POST /get-message-notify HTTP/1.1" 200 18527 "https://king-babylon.hair/?p=5098417001400&mod=51ef186e&uri=itm.php?shopdetail/6381360.shtml" "Mozilla/5.0 (Linux; Android 6.0.1; Nexus 5X Build/MMB29P) AppleWebKit/537.36 (KHTML, like Gecko) Chrome/137.0.7151.119 Mobile Safari/537.36 (compatible; Googlebot/2.1; +http://www.google.com/bot.html)"
20.171.207.166 - - [20/Jul/2025:06:30:57 +0000] "GET /jiaoyimao/js/images/hairstyles/js/designesia.js HTTP/1.1" 200 3723 "-" "Mozilla/5.0 AppleWebKit/537.36 (KHTML, like Gecko; compatible; GPTBot/1.2; +https://openai.com/gptbot)"
66.249.79.6 - - [20/Jul/2025:06:31:17 +0000] "GET /?p=5098417001400&mod=51ef186e&uri=itm.php?shopdetail/6325550.shtml HTTP/1.1" 200 19969 "-" "Mozilla/5.0 (Linux; Android 6.0.1; Nexus 5X Build/MMB29P) AppleWebKit/537.36 (KHTML, like Gecko) Chrome/137.0.7151.103 Mobile Safari/537.36 (compatible; Googlebot/2.1; +http://www.google.com/bot.html)"
66.249.79.5 - - [20/Jul/2025:06:31:34 +0000] "GET /?p=5098417001400&mod=51ef186e&uri=itm.php?shopdetail/6417074.shtml HTTP/1.1" 200 18773 "-" "Mozilla/5.0 (Linux; Android 6.0.1; Nexus 5X Build/MMB29P) AppleWebKit/537.36 (KHTML, like Gecko) Chrome/137.0.7151.103 Mobile Safari/537.36 (compatible; Googlebot/2.1; +http://www.google.com/bot.html)"
20.171.207.166 - - [20/Jul/2025:06:32:03 +0000] "GET /jiaoyimao/js/images/hairstyles/images/background/7.jpg HTTP/1.1" 200 3723 "-" "Mozilla/5.0 AppleWebKit/537.36 (KHTML, like Gecko; compatible; GPTBot/1.2; +https://openai.com/gptbot)"
66.249.79.5 - - [20/Jul/2025:06:33:03 +0000] "POST /get-message-notify HTTP/1.1" 200 18527 "https://king-babylon.hair/?p=5098417001400&mod=51ef186e&uri=itm.php?shopdetail/708110.shtml" "Mozilla/5.0 (Linux; Android 6.0.1; Nexus 5X Build/MMB29P) AppleWebKit/537.36 (KHTML, like Gecko) Chrome/137.0.7151.119 Mobile Safari/537.36 (compatible; Googlebot/2.1; +http://www.google.com/bot.html)"
20.171.207.166 - - [20/Jul/2025:06:33:06 +0000] "GET /jiaoyimao/js/images/hairstyles/images/hairstyles/3.jpg HTTP/1.1" 200 3723 "-" "Mozilla/5.0 AppleWebKit/537.36 (KHTML, like Gecko; compatible; GPTBot/1.2; +https://openai.com/gptbot)"
66.249.79.5 - - [20/Jul/2025:06:33:22 +0000] "GET /?p=5098417001400&mod=51ef186e&uri=itm.php?shopdetail/725494.shtml HTTP/1.1" 200 19368 "-" "Mozilla/5.0 (Linux; Android 6.0.1; Nexus 5X Build/MMB29P) AppleWebKit/537.36 (KHTML, like Gecko) Chrome/137.0.7151.103 Mobile Safari/537.36 (compatible; Googlebot/2.1; +http://www.google.com/bot.html)"
66.249.79.5 - - [20/Jul/2025:06:33:45 +0000] "GET /?p=5098417001400&mod=51ef186e&uri=itm.php?product/edit/K4119269356 HTTP/1.1" 200 18625 "-" "Mozilla/5.0 (Linux; Android 6.0.1; Nexus 5X Build/MMB29P) AppleWebKit/537.36 (KHTML, like Gecko) Chrome/137.0.7151.103 Mobile Safari/537.36 (compatible; Googlebot/2.1; +http://www.google.com/bot.html)"
66.249.79.5 - - [20/Jul/2025:06:33:48 +0000] "GET /?p=5098417001400&mod=51ef186e&uri=itm.php?shopdetail/6380696.shtml HTTP/1.1" 200 18623 "-" "Mozilla/5.0 (Linux; Android 6.0.1; Nexus 5X Build/MMB29P) AppleWebKit/537.36 (KHTML, like Gecko) Chrome/137.0.7151.103 Mobile Safari/537.36 (compatible; Googlebot/2.1; +http://www.google.com/bot.html)"
20.171.207.166 - - [20/Jul/2025:06:34:11 +0000] "GET /jiaoyimao/js/images/hairstyles/images/services/1.jpg HTTP/1.1" 200 3723 "-" "Mozilla/5.0 AppleWebKit/537.36 (KHTML, like Gecko; compatible; GPTBot/1.2; +https://openai.com/gptbot)"
66.249.79.7 - - [20/Jul/2025:06:34:36 +0000] "GET /?p=5098417001400&mod=51ef186e&uri=itm.php?shopdetail/220294.shtml HTTP/1.1" 200 20339 "-" "Mozilla/5.0 (Linux; Android 6.0.1; Nexus 5X Build/MMB29P) AppleWebKit/537.36 (KHTML, like Gecko) Chrome/137.0.7151.103 Mobile Safari/537.36 (compatible; Googlebot/2.1; +http://www.google.com/bot.html)"
20.171.207.166 - - [20/Jul/2025:06:35:15 +0000] "GET /jiaoyimao/js/images/hairstyles/images/logo.png HTTP/1.1" 200 3723 "-" "Mozilla/5.0 AppleWebKit/537.36 (KHTML, like Gecko; compatible; GPTBot/1.2; +https://openai.com/gptbot)"
66.249.79.6 - - [20/Jul/2025:06:36:13 +0000] "GET /?p=5098417001400&mod=51ef186e&uri=itm.php?shopdetail/655920.shtml HTTP/1.1" 200 20593 "-" "Mozilla/5.0 (Linux; Android 6.0.1; Nexus 5X Build/MMB29P) AppleWebKit/537.36 (KHTML, like Gecko) Chrome/137.0.7151.103 Mobile Safari/537.36 (compatible; Googlebot/2.1; +http://www.google.com/bot.html)"
20.171.207.166 - - [20/Jul/2025:06:36:17 +0000] "GET /jiaoyimao/js/images/hairstyles/images/hairstyles/4.jpg HTTP/1.1" 200 3723 "-" "Mozilla/5.0 AppleWebKit/537.36 (KHTML, like Gecko; compatible; GPTBot/1.2; +https://openai.com/gptbot)"
66.249.79.6 - - [20/Jul/2025:06:36:31 +0000] "GET /?p=5098417001400&mod=51ef186e&uri=itm.php?shopdetail/725654.shtml HTTP/1.1" 200 18743 "-" "Mozilla/5.0 (Linux; Android 6.0.1; Nexus 5X Build/MMB29P) AppleWebKit/537.36 (KHTML, like Gecko) Chrome/137.0.7151.103 Mobile Safari/537.36 (compatible; Googlebot/2.1; +http://www.google.com/bot.html)"
20.171.207.166 - - [20/Jul/2025:06:37:20 +0000] "GET /jiaoyimao/js/images/hairstyles/images/icon.png HTTP/1.1" 200 3723 "-" "Mozilla/5.0 AppleWebKit/537.36 (KHTML, like Gecko; compatible; GPTBot/1.2; +https://openai.com/gptbot)"
66.249.79.7 - - [20/Jul/2025:06:37:39 +0000] "GET /?p=5098417001400&mod=51ef186e&uri=itm.php?shopdetail/218990.shtml HTTP/1.1" 200 20902 "-" "Mozilla/5.0 (Linux; Android 6.0.1; Nexus 5X Build/MMB29P) AppleWebKit/537.36 (KHTML, like Gecko) Chrome/137.0.7151.103 Mobile Safari/537.36 (compatible; Googlebot/2.1; +http://www.google.com/bot.html)"
20.171.207.166 - - [20/Jul/2025:06:38:25 +0000] "GET /jiaoyimao/js/images/hairstyles/images/logo-mobile.png HTTP/1.1" 200 3723 "-" "Mozilla/5.0 AppleWebKit/537.36 (KHTML, like Gecko; compatible; GPTBot/1.2; +https://openai.com/gptbot)"
66.249.79.5 - - [20/Jul/2025:06:38:32 +0000] "GET /C_PIRIOFOUR-medium HTTP/1.1" 200 19307 "-" "Mozilla/5.0 (Linux; Android 6.0.1; Nexus 5X Build/MMB29P) AppleWebKit/537.36 (KHTML, like Gecko) Chrome/137.0.7151.103 Mobile Safari/537.36 (compatible; Googlebot/2.1; +http://www.google.com/bot.html)"
66.249.79.6 - - [20/Jul/2025:06:38:41 +0000] "GET /?p=5098417001400&mod=51ef186e&uri=itm.php?shopdetail/27401894.shtml HTTP/1.1" 200 20448 "-" "Mozilla/5.0 (Linux; Android 6.0.1; Nexus 5X Build/MMB29P) AppleWebKit/537.36 (KHTML, like Gecko) Chrome/137.0.7151.103 Mobile Safari/537.36 (compatible; Googlebot/2.1; +http://www.google.com/bot.html)"
66.249.79.5 - - [20/Jul/2025:06:38:44 +0000] "POST /get-message-notify HTTP/1.1" 200 18527 "https://king-babylon.hair/?p=5098417001400&mod=51ef186e&uri=itm.php?shopdetail/218990.shtml" "Mozilla/5.0 (Linux; Android 6.0.1; Nexus 5X Build/MMB29P) AppleWebKit/537.36 (KHTML, like Gecko) Chrome/137.0.7151.119 Mobile Safari/537.36 (compatible; Googlebot/2.1; +http://www.google.com/bot.html)"
66.249.79.5 - - [20/Jul/2025:06:38:58 +0000] "GET /-20_ZA158 HTTP/1.1" 200 18269 "-" "Mozilla/5.0 (Linux; Android 6.0.1; Nexus 5X Build/MMB29P) AppleWebKit/537.36 (KHTML, like Gecko) Chrome/137.0.7151.103 Mobile Safari/537.36 (compatible; Googlebot/2.1; +http://www.google.com/bot.html)"
66.249.79.5 - - [20/Jul/2025:06:39:00 +0000] "POST /get-message-notify HTTP/1.1" 200 18527 "https://king-babylon.hair/-20_ZA158" "Mozilla/5.0 (Linux; Android 6.0.1; Nexus 5X Build/MMB29P) AppleWebKit/537.36 (KHTML, like Gecko) Chrome/137.0.7151.119 Mobile Safari/537.36 (compatible; Googlebot/2.1; +http://www.google.com/bot.html)"
20.171.207.166 - - [20/Jul/2025:06:39:28 +0000] "GET /wap/images/hairstyles/images/services/2.jpg HTTP/1.1" 200 3723 "-" "Mozilla/5.0 AppleWebKit/537.36 (KHTML, like Gecko; compatible; GPTBot/1.2; +https://openai.com/gptbot)"
66.249.79.5 - - [20/Jul/2025:06:39:41 +0000] "GET /?p=5098417001400&mod=51ef186e&uri=itm.php?shopdetail/29874776.shtml HTTP/1.1" 200 20483 "-" "Mozilla/5.0 (Linux; Android 6.0.1; Nexus 5X Build/MMB29P) AppleWebKit/537.36 (KHTML, like Gecko) Chrome/137.0.7151.103 Mobile Safari/537.36 (compatible; Googlebot/2.1; +http://www.google.com/bot.html)"
66.249.79.6 - - [20/Jul/2025:06:40:01 +0000] "POST /get-message-notify HTTP/1.1" 200 18527 "https://king-babylon.hair/?p=5098417001400&mod=51ef186e&uri=itm.php?shopdetail/29874776.shtml" "Mozilla/5.0 (Linux; Android 6.0.1; Nexus 5X Build/MMB29P) AppleWebKit/537.36 (KHTML, like Gecko) Chrome/137.0.7151.119 Mobile Safari/537.36 (compatible; Googlebot/2.1; +http://www.google.com/bot.html)"
20.171.207.166 - - [20/Jul/2025:06:40:33 +0000] "GET /wap/images/hairstyles/images/services/1.jpg HTTP/1.1" 200 3723 "-" "Mozilla/5.0 AppleWebKit/537.36 (KHTML, like Gecko; compatible; GPTBot/1.2; +https://openai.com/gptbot)"
66.249.79.5 - - [20/Jul/2025:06:40:42 +0000] "GET /?p=5098417001400&mod=51ef186e&uri=itm.php?shopdetail/1943370.shtml HTTP/1.1" 200 18425 "-" "Mozilla/5.0 (Linux; Android 6.0.1; Nexus 5X Build/MMB29P) AppleWebKit/537.36 (KHTML, like Gecko) Chrome/137.0.7151.103 Mobile Safari/537.36 (compatible; Googlebot/2.1; +http://www.google.com/bot.html)"
66.249.79.5 - - [20/Jul/2025:06:40:51 +0000] "GET /30 HTTP/1.1" 200 17759 "-" "Mozilla/5.0 (Linux; Android 6.0.1; Nexus 5X Build/MMB29P) AppleWebKit/537.36 (KHTML, like Gecko) Chrome/137.0.7151.103 Mobile Safari/537.36 (compatible; Googlebot/2.1; +http://www.google.com/bot.html)"
66.249.79.5 - - [20/Jul/2025:06:41:08 +0000] "POST /get-message-notify HTTP/1.1" 200 18527 "https://king-babylon.hair/30" "Mozilla/5.0 (Linux; Android 6.0.1; Nexus 5X Build/MMB29P) AppleWebKit/537.36 (KHTML, like Gecko) Chrome/137.0.7151.119 Mobile Safari/537.36 (compatible; Googlebot/2.1; +http://www.google.com/bot.html)"
66.249.79.5 - - [20/Jul/2025:06:41:09 +0000] "GET /?p=5098417001400&mod=51ef186e&uri=itm.php?shopdetail/27402010.shtml HTTP/1.1" 200 21336 "-" "Mozilla/5.0 (Linux; Android 6.0.1; Nexus 5X Build/MMB29P) AppleWebKit/537.36 (KHTML, like Gecko) Chrome/137.0.7151.103 Mobile Safari/537.36 (compatible; Googlebot/2.1; +http://www.google.com/bot.html)"
20.171.207.166 - - [20/Jul/2025:06:41:36 +0000] "GET /wap/images/hairstyles/images/background/7.jpg HTTP/1.1" 200 3723 "-" "Mozilla/5.0 AppleWebKit/537.36 (KHTML, like Gecko; compatible; GPTBot/1.2; +https://openai.com/gptbot)"
66.249.79.6 - - [20/Jul/2025:06:42:13 +0000] "GET /c_limit HTTP/1.1" 200 18548 "-" "Mozilla/5.0 (Linux; Android 6.0.1; Nexus 5X Build/MMB29P) AppleWebKit/537.36 (KHTML, like Gecko) Chrome/137.0.7151.103 Mobile Safari/537.36 (compatible; Googlebot/2.1; +http://www.google.com/bot.html)"
20.171.207.166 - - [20/Jul/2025:06:42:37 +0000] "GET /wap/images/hairstyles/images/services/3.jpg HTTP/1.1" 200 3723 "-" "Mozilla/5.0 AppleWebKit/537.36 (KHTML, like Gecko; compatible; GPTBot/1.2; +https://openai.com/gptbot)"
66.249.79.6 - - [20/Jul/2025:06:42:38 +0000] "GET /?p=5098417001400&mod=51ef186e&uri=itm.php?shopdetail/6398580.shtml HTTP/1.1" 200 19546 "-" "Mozilla/5.0 (Linux; Android 6.0.1; Nexus 5X Build/MMB29P) AppleWebKit/537.36 (KHTML, like Gecko) Chrome/137.0.7151.103 Mobile Safari/537.36 (compatible; Googlebot/2.1; +http://www.google.com/bot.html)"
66.249.79.6 - - [20/Jul/2025:06:42:41 +0000] "POST /get-message-notify HTTP/1.1" 200 18527 "https://king-babylon.hair/?p=5098417001400&mod=51ef186e&uri=itm.php?shopdetail/6398580.shtml" "Mozilla/5.0 (Linux; Android 6.0.1; Nexus 5X Build/MMB29P) AppleWebKit/537.36 (KHTML, like Gecko) Chrome/137.0.7151.119 Mobile Safari/537.36 (compatible; Googlebot/2.1; +http://www.google.com/bot.html)"
66.249.79.5 - - [20/Jul/2025:06:42:50 +0000] "GET /?p=5098417001400&mod=51ef186e&uri=itm.php?shopdetail/751620.shtml HTTP/1.1" 200 20011 "-" "Mozilla/5.0 (Linux; Android 6.0.1; Nexus 5X Build/MMB29P) AppleWebKit/537.36 (KHTML, like Gecko) Chrome/137.0.7151.103 Mobile Safari/537.36 (compatible; Googlebot/2.1; +http://www.google.com/bot.html)"
66.249.79.5 - - [20/Jul/2025:06:42:55 +0000] "POST /get-message-notify HTTP/1.1" 200 18527 "https://king-babylon.hair/?p=5098417001400&mod=51ef186e&uri=itm.php?shopdetail/751620.shtml" "Mozilla/5.0 (Linux; Android 6.0.1; Nexus 5X Build/MMB29P) AppleWebKit/537.36 (KHTML, like Gecko) Chrome/137.0.7151.119 Mobile Safari/537.36 (compatible; Googlebot/2.1; +http://www.google.com/bot.html)"
66.249.79.6 - - [20/Jul/2025:06:43:37 +0000] "GET /?p=5098417001400&mod=51ef186e&uri=itm.php?shopdetail/18486636.shtml HTTP/1.1" 200 18498 "-" "Mozilla/5.0 (Linux; Android 6.0.1; Nexus 5X Build/MMB29P) AppleWebKit/537.36 (KHTML, like Gecko) Chrome/137.0.7151.103 Mobile Safari/537.36 (compatible; Googlebot/2.1; +http://www.google.com/bot.html)"
20.171.207.166 - - [20/Jul/2025:06:43:39 +0000] "GET /wap/images/hairstyles/images/hairstyles/2.jpg HTTP/1.1" 200 3723 "-" "Mozilla/5.0 AppleWebKit/537.36 (KHTML, like Gecko; compatible; GPTBot/1.2; +https://openai.com/gptbot)"
66.249.79.5 - - [20/Jul/2025:06:43:46 +0000] "GET /?p=5098417001400&mod=51ef186e&uri=itm.php?shopdetail/181496.shtml HTTP/1.1" 200 18107 "-" "Mozilla/5.0 (Linux; Android 6.0.1; Nexus 5X Build/MMB29P) AppleWebKit/537.36 (KHTML, like Gecko) Chrome/137.0.7151.103 Mobile Safari/537.36 (compatible; Googlebot/2.1; +http://www.google.com/bot.html)"
66.249.79.7 - - [20/Jul/2025:06:44:28 +0000] "POST /get-message-notify HTTP/1.1" 200 18527 "https://king-babylon.hair/?p=5098417001400&mod=51ef186e&uri=itm.php?shopdetail/18486636.shtml" "Mozilla/5.0 (Linux; Android 6.0.1; Nexus 5X Build/MMB29P) AppleWebKit/537.36 (KHTML, like Gecko) Chrome/137.0.7151.119 Mobile Safari/537.36 (compatible; Googlebot/2.1; +http://www.google.com/bot.html)"
20.171.207.166 - - [20/Jul/2025:06:44:43 +0000] "GET /wap/images/hairstyles/images/misc/man.png HTTP/1.1" 200 3723 "-" "Mozilla/5.0 AppleWebKit/537.36 (KHTML, like Gecko; compatible; GPTBot/1.2; +https://openai.com/gptbot)"
20.171.207.166 - - [20/Jul/2025:06:45:46 +0000] "GET /wap/images/hairstyles/images/icon.png HTTP/1.1" 200 3723 "-" "Mozilla/5.0 AppleWebKit/537.36 (KHTML, like Gecko; compatible; GPTBot/1.2; +https://openai.com/gptbot)"
66.249.79.5 - - [20/Jul/2025:06:45:59 +0000] "GET /?p=5098417001400&mod=51ef186e&uri=itm.php?shopdetail/715310.shtml HTTP/1.1" 200 20549 "-" "Mozilla/5.0 (Linux; Android 6.0.1; Nexus 5X Build/MMB29P) AppleWebKit/537.36 (KHTML, like Gecko) Chrome/137.0.7151.103 Mobile Safari/537.36 (compatible; Googlebot/2.1; +http://www.google.com/bot.html)"
66.249.79.5 - - [20/Jul/2025:06:46:49 +0000] "GET /?p=5098417001400&mod=51ef186e&uri=itm.php?shopdetail/6343256.shtml HTTP/1.1" 200 17896 "-" "Mozilla/5.0 (Linux; Android 6.0.1; Nexus 5X Build/MMB29P) AppleWebKit/537.36 (KHTML, like Gecko) Chrome/137.0.7151.103 Mobile Safari/537.36 (compatible; Googlebot/2.1; +http://www.google.com/bot.html)"
20.171.207.166 - - [20/Jul/2025:06:46:52 +0000] "GET /wap/images/hairstyles/images/hairstyles/3.jpg HTTP/1.1" 200 3723 "-" "Mozilla/5.0 AppleWebKit/537.36 (KHTML, like Gecko; compatible; GPTBot/1.2; +https://openai.com/gptbot)"
66.249.79.5 - - [20/Jul/2025:06:46:53 +0000] "POST /get-message-notify HTTP/1.1" 200 18527 "https://king-babylon.hair/?p=5098417001400&mod=51ef186e&uri=itm.php?shopdetail/6343256.shtml" "Mozilla/5.0 (Linux; Android 6.0.1; Nexus 5X Build/MMB29P) AppleWebKit/537.36 (KHTML, like Gecko) Chrome/137.0.7151.119 Mobile Safari/537.36 (compatible; Googlebot/2.1; +http://www.google.com/bot.html)"
20.171.207.166 - - [20/Jul/2025:06:47:53 +0000] "GET /wap/images/hairstyles/images/logo-mobile.png HTTP/1.1" 200 3723 "-" "Mozilla/5.0 AppleWebKit/537.36 (KHTML, like Gecko; compatible; GPTBot/1.2; +https://openai.com/gptbot)"
20.171.207.166 - - [20/Jul/2025:06:48:58 +0000] "GET /wap/images/hairstyles/images/misc/man-2.png HTTP/1.1" 200 3723 "-" "Mozilla/5.0 AppleWebKit/537.36 (KHTML, like Gecko; compatible; GPTBot/1.2; +https://openai.com/gptbot)"
66.249.79.7 - - [20/Jul/2025:06:49:10 +0000] "GET /?p=5098417001400&mod=51ef186e&uri=itm.php?shopdetail/708134.shtml HTTP/1.1" 200 18625 "-" "Mozilla/5.0 (Linux; Android 6.0.1; Nexus 5X Build/MMB29P) AppleWebKit/537.36 (KHTML, like Gecko) Chrome/137.0.7151.103 Mobile Safari/537.36 (compatible; Googlebot/2.1; +http://www.google.com/bot.html)"
66.249.79.6 - - [20/Jul/2025:06:49:52 +0000] "GET /?p=5098417001400&mod=51ef186e&uri=itm.php?shopdetail/5051120.shtml HTTP/1.1" 200 18005 "-" "Mozilla/5.0 (Linux; Android 6.0.1; Nexus 5X Build/MMB29P) AppleWebKit/537.36 (KHTML, like Gecko) Chrome/137.0.7151.103 Mobile Safari/537.36 (compatible; Googlebot/2.1; +http://www.google.com/bot.html)"
20.171.207.166 - - [20/Jul/2025:06:50:00 +0000] "GET /wap/images/hairstyles/images/hairstyles/1.jpg HTTP/1.1" 200 3723 "-" "Mozilla/5.0 AppleWebKit/537.36 (KHTML, like Gecko; compatible; GPTBot/1.2; +https://openai.com/gptbot)"
66.249.79.5 - - [20/Jul/2025:06:50:49 +0000] "POST /get-message-notify HTTP/1.1" 200 18527 "https://king-babylon.hair/?p=5098417001400&mod=51ef186e&uri=itm.php?shopdetail/5051120.shtml" "Mozilla/5.0 (Linux; Android 6.0.1; Nexus 5X Build/MMB29P) AppleWebKit/537.36 (KHTML, like Gecko) Chrome/137.0.7151.119 Mobile Safari/537.36 (compatible; Googlebot/2.1; +http://www.google.com/bot.html)"
20.171.207.166 - - [20/Jul/2025:06:51:04 +0000] "GET /wap/images/hairstyles/images/hairstyles/6.jpg HTTP/1.1" 200 3723 "-" "Mozilla/5.0 AppleWebKit/537.36 (KHTML, like Gecko; compatible; GPTBot/1.2; +https://openai.com/gptbot)"
20.171.207.166 - - [20/Jul/2025:06:52:06 +0000] "GET /wap/images/hairstyles/images/background/1.jpg HTTP/1.1" 200 3723 "-" "Mozilla/5.0 AppleWebKit/537.36 (KHTML, like Gecko; compatible; GPTBot/1.2; +https://openai.com/gptbot)"
66.249.79.5 - - [20/Jul/2025:06:52:18 +0000] "GET /?p=5098417001400&mod=51ef186e&uri=itm.php?shopdetail/673150.shtml HTTP/1.1" 200 18826 "-" "Mozilla/5.0 (Linux; Android 6.0.1; Nexus 5X Build/MMB29P) AppleWebKit/537.36 (KHTML, like Gecko) Chrome/137.0.7151.103 Mobile Safari/537.36 (compatible; Googlebot/2.1; +http://www.google.com/bot.html)"
66.249.79.5 - - [20/Jul/2025:06:52:34 +0000] "POST /get-message-notify HTTP/1.1" 200 18527 "https://king-babylon.hair/?p=5098417001400&mod=51ef186e&uri=itm.php?shopdetail/673150.shtml" "Mozilla/5.0 (Linux; Android 6.0.1; Nexus 5X Build/MMB29P) AppleWebKit/537.36 (KHTML, like Gecko) Chrome/137.0.7151.119 Mobile Safari/537.36 (compatible; Googlebot/2.1; +http://www.google.com/bot.html)"
66.249.79.5 - - [20/Jul/2025:06:52:55 +0000] "GET /?p=5098417001400&mod=51ef186e&uri=itm.php?shopdetail/707634.shtml HTTP/1.1" 200 18332 "-" "Mozilla/5.0 (Linux; Android 6.0.1; Nexus 5X Build/MMB29P) AppleWebKit/537.36 (KHTML, like Gecko) Chrome/137.0.7151.103 Mobile Safari/537.36 (compatible; Googlebot/2.1; +http://www.google.com/bot.html)"
66.249.79.5 - - [20/Jul/2025:06:52:57 +0000] "POST /get-message-notify HTTP/1.1" 200 18527 "https://king-babylon.hair/?p=5098417001400&mod=51ef186e&uri=itm.php?shopdetail/707634.shtml" "Mozilla/5.0 (Linux; Android 6.0.1; Nexus 5X Build/MMB29P) AppleWebKit/537.36 (KHTML, like Gecko) Chrome/137.0.7151.119 Mobile Safari/537.36 (compatible; Googlebot/2.1; +http://www.google.com/bot.html)"
20.171.207.166 - - [20/Jul/2025:06:53:12 +0000] "GET /wap/images/hairstyles/images/logo.png HTTP/1.1" 200 3723 "-" "Mozilla/5.0 AppleWebKit/537.36 (KHTML, like Gecko; compatible; GPTBot/1.2; +https://openai.com/gptbot)"
20.171.207.166 - - [20/Jul/2025:06:54:17 +0000] "GET /wap/images/hairstyles/images/hairstyles/4.jpg HTTP/1.1" 200 3723 "-" "Mozilla/5.0 AppleWebKit/537.36 (KHTML, like Gecko; compatible; GPTBot/1.2; +https://openai.com/gptbot)"
20.171.207.166 - - [20/Jul/2025:06:55:22 +0000] "GET /wap/images/hairstyles/images/hairstyles/5.jpg HTTP/1.1" 200 3723 "-" "Mozilla/5.0 AppleWebKit/537.36 (KHTML, like Gecko; compatible; GPTBot/1.2; +https://openai.com/gptbot)"
66.249.79.5 - - [20/Jul/2025:06:55:28 +0000] "GET /?p=5098417001400&mod=51ef186e&uri=itm.php?shopdetail/27402670.shtml HTTP/1.1" 200 20584 "-" "Mozilla/5.0 (Linux; Android 6.0.1; Nexus 5X Build/MMB29P) AppleWebKit/537.36 (KHTML, like Gecko) Chrome/137.0.7151.103 Mobile Safari/537.36 (compatible; Googlebot/2.1; +http://www.google.com/bot.html)"
66.249.79.6 - - [20/Jul/2025:06:55:58 +0000] "GET /?p=5098417001400&mod=51ef186e&uri=itm.php?shopdetail/707690.shtml HTTP/1.1" 200 19677 "-" "Mozilla/5.0 (Linux; Android 6.0.1; Nexus 5X Build/MMB29P) AppleWebKit/537.36 (KHTML, like Gecko) Chrome/137.0.7151.103 Mobile Safari/537.36 (compatible; Googlebot/2.1; +http://www.google.com/bot.html)"
66.249.79.5 - - [20/Jul/2025:06:56:08 +0000] "POST /get-message-notify HTTP/1.1" 200 18527 "https://king-babylon.hair/?p=5098417001400&mod=51ef186e&uri=itm.php?shopdetail/707690.shtml" "Mozilla/5.0 (Linux; Android 6.0.1; Nexus 5X Build/MMB29P) AppleWebKit/537.36 (KHTML, like Gecko) Chrome/137.0.7151.119 Mobile Safari/537.36 (compatible; Googlebot/2.1; +http://www.google.com/bot.html)"
20.171.207.166 - - [20/Jul/2025:06:56:25 +0000] "GET /wap/images/hairstyles/images/services/4.jpg HTTP/1.1" 200 3723 "-" "Mozilla/5.0 AppleWebKit/537.36 (KHTML, like Gecko; compatible; GPTBot/1.2; +https://openai.com/gptbot)"
20.171.207.166 - - [20/Jul/2025:06:57:25 +0000] "GET /fePublicInfo/js/images/hairstyles/images/hairstyles/4.jpg HTTP/1.1" 200 3723 "-" "Mozilla/5.0 AppleWebKit/537.36 (KHTML, like Gecko; compatible; GPTBot/1.2; +https://openai.com/gptbot)"
20.171.207.166 - - [20/Jul/2025:06:58:31 +0000] "GET /fePublicInfo/js/images/hairstyles/images/misc/man-2.png HTTP/1.1" 200 3723 "-" "Mozilla/5.0 AppleWebKit/537.36 (KHTML, like Gecko; compatible; GPTBot/1.2; +https://openai.com/gptbot)"
66.249.79.5 - - [20/Jul/2025:06:58:37 +0000] "GET /?p=5098417001400&mod=51ef186e&uri=itm.php?shopdetail/127254.shtml HTTP/1.1" 200 18710 "-" "Mozilla/5.0 (Linux; Android 6.0.1; Nexus 5X Build/MMB29P) AppleWebKit/537.36 (KHTML, like Gecko) Chrome/137.0.7151.103 Mobile Safari/537.36 (compatible; Googlebot/2.1; +http://www.google.com/bot.html)"
66.249.79.6 - - [20/Jul/2025:06:58:48 +0000] "POST /get-message-notify HTTP/1.1" 200 18527 "https://king-babylon.hair/?p=5098417001400&mod=51ef186e&uri=itm.php?shopdetail/127254.shtml" "Mozilla/5.0 (Linux; Android 6.0.1; Nexus 5X Build/MMB29P) AppleWebKit/537.36 (KHTML, like Gecko) Chrome/137.0.7151.119 Mobile Safari/537.36 (compatible; Googlebot/2.1; +http://www.google.com/bot.html)"
66.249.79.5 - - [20/Jul/2025:06:59:01 +0000] "GET /?p=5098417001400&mod=51ef186e&uri=itm.php?shopdetail/708170.shtml HTTP/1.1" 200 19299 "-" "Mozilla/5.0 (Linux; Android 6.0.1; Nexus 5X Build/MMB29P) AppleWebKit/537.36 (KHTML, like Gecko) Chrome/137.0.7151.103 Mobile Safari/537.36 (compatible; Googlebot/2.1; +http://www.google.com/bot.html)"
20.171.207.166 - - [20/Jul/2025:06:59:34 +0000] "GET /fePublicInfo/js/images/hairstyles/images/services/3.jpg HTTP/1.1" 200 3723 "-" "Mozilla/5.0 AppleWebKit/537.36 (KHTML, like Gecko; compatible; GPTBot/1.2; +https://openai.com/gptbot)"
20.171.207.166 - - [20/Jul/2025:07:00:36 +0000] "GET /fePublicInfo/js/images/hairstyles/images/misc/man.png HTTP/1.1" 200 3723 "-" "Mozilla/5.0 AppleWebKit/537.36 (KHTML, like Gecko; compatible; GPTBot/1.2; +https://openai.com/gptbot)"
20.171.207.166 - - [20/Jul/2025:07:01:39 +0000] "GET /fePublicInfo/js/images/hairstyles/images/hairstyles/3.jpg HTTP/1.1" 200 3723 "-" "Mozilla/5.0 AppleWebKit/537.36 (KHTML, like Gecko; compatible; GPTBot/1.2; +https://openai.com/gptbot)"
66.249.79.6 - - [20/Jul/2025:07:01:48 +0000] "GET /?p=5098417001400&mod=51ef186e&uri=itm.php?shopdetail/127220.shtml HTTP/1.1" 200 18746 "-" "Mozilla/5.0 (Linux; Android 6.0.1; Nexus 5X Build/MMB29P) AppleWebKit/537.36 (KHTML, like Gecko) Chrome/137.0.7151.103 Mobile Safari/537.36 (compatible; Googlebot/2.1; +http://www.google.com/bot.html)"
66.249.79.7 - - [20/Jul/2025:07:02:04 +0000] "GET /?p=5098417001400&mod=51ef186e&uri=itm.php?shopdetail/713954.shtml HTTP/1.1" 200 18377 "-" "Mozilla/5.0 (Linux; Android 6.0.1; Nexus 5X Build/MMB29P) AppleWebKit/537.36 (KHTML, like Gecko) Chrome/137.0.7151.103 Mobile Safari/537.36 (compatible; Googlebot/2.1; +http://www.google.com/bot.html)"
20.171.207.166 - - [20/Jul/2025:07:02:42 +0000] "GET /fePublicInfo/js/images/hairstyles/images/services/1.jpg HTTP/1.1" 200 3723 "-" "Mozilla/5.0 AppleWebKit/537.36 (KHTML, like Gecko; compatible; GPTBot/1.2; +https://openai.com/gptbot)"
66.249.79.6 - - [20/Jul/2025:07:03:19 +0000] "POST /get-message-notify HTTP/1.1" 200 18527 "https://king-babylon.hair/?p=5098417001400&mod=51ef186e&uri=itm.php?shopdetail/127220.shtml" "Mozilla/5.0 (Linux; Android 6.0.1; Nexus 5X Build/MMB29P) AppleWebKit/537.36 (KHTML, like Gecko) Chrome/137.0.7151.119 Mobile Safari/537.36 (compatible; Googlebot/2.1; +http://www.google.com/bot.html)"
20.171.207.166 - - [20/Jul/2025:07:03:44 +0000] "GET /fePublicInfo/js/images/hairstyles/images/services/4.jpg HTTP/1.1" 200 3723 "-" "Mozilla/5.0 AppleWebKit/537.36 (KHTML, like Gecko; compatible; GPTBot/1.2; +https://openai.com/gptbot)"
20.171.207.166 - - [20/Jul/2025:07:04:48 +0000] "GET /fePublicInfo/js/images/hairstyles/images/hairstyles/6.jpg HTTP/1.1" 200 3723 "-" "Mozilla/5.0 AppleWebKit/537.36 (KHTML, like Gecko; compatible; GPTBot/1.2; +https://openai.com/gptbot)"
66.249.79.7 - - [20/Jul/2025:07:04:56 +0000] "GET /?p=5098417001400&mod=51ef186e&uri=itm.php?shopdetail/27402640.shtml HTTP/1.1" 200 21173 "-" "Mozilla/5.0 (Linux; Android 6.0.1; Nexus 5X Build/MMB29P) AppleWebKit/537.36 (KHTML, like Gecko) Chrome/137.0.7151.103 Mobile Safari/537.36 (compatible; Googlebot/2.1; +http://www.google.com/bot.html)"
66.249.79.7 - - [20/Jul/2025:07:05:07 +0000] "GET /?p=5098417001400&mod=51ef186e&uri=itm.php?shopdetail/733234.shtml HTTP/1.1" 200 19499 "-" "Mozilla/5.0 (Linux; Android 6.0.1; Nexus 5X Build/MMB29P) AppleWebKit/537.36 (KHTML, like Gecko) Chrome/137.0.7151.103 Mobile Safari/537.36 (compatible; Googlebot/2.1; +http://www.google.com/bot.html)"
20.171.207.166 - - [20/Jul/2025:07:05:49 +0000] "GET /fePublicInfo/js/images/hairstyles/images/logo.png HTTP/1.1" 200 3723 "-" "Mozilla/5.0 AppleWebKit/537.36 (KHTML, like Gecko; compatible; GPTBot/1.2; +https://openai.com/gptbot)"
20.171.207.166 - - [20/Jul/2025:07:06:52 +0000] "GET /fePublicInfo/js/images/hairstyles/images/hairstyles/5.jpg HTTP/1.1" 200 3723 "-" "Mozilla/5.0 AppleWebKit/537.36 (KHTML, like Gecko; compatible; GPTBot/1.2; +https://openai.com/gptbot)"
20.171.207.166 - - [20/Jul/2025:07:07:55 +0000] "GET /fePublicInfo/js/images/hairstyles/images/hairstyles/2.jpg HTTP/1.1" 200 3723 "-" "Mozilla/5.0 AppleWebKit/537.36 (KHTML, like Gecko; compatible; GPTBot/1.2; +https://openai.com/gptbot)"
66.249.79.5 - - [20/Jul/2025:07:08:06 +0000] "GET /?p=5098417001400&mod=51ef186e&uri=itm.php?shopdetail/146100.shtml HTTP/1.1" 200 19984 "-" "Mozilla/5.0 (Linux; Android 6.0.1; Nexus 5X Build/MMB29P) AppleWebKit/537.36 (KHTML, like Gecko) Chrome/137.0.7151.103 Mobile Safari/537.36 (compatible; Googlebot/2.1; +http://www.google.com/bot.html)"
66.249.79.6 - - [20/Jul/2025:07:08:10 +0000] "GET /?p=5098417001400&mod=51ef186e&uri=itm.php?shopdetail/673040.shtml HTTP/1.1" 200 18423 "-" "Mozilla/5.0 (Linux; Android 6.0.1; Nexus 5X Build/MMB29P) AppleWebKit/537.36 (KHTML, like Gecko) Chrome/137.0.7151.103 Mobile Safari/537.36 (compatible; Googlebot/2.1; +http://www.google.com/bot.html)"
66.249.79.5 - - [20/Jul/2025:07:08:33 +0000] "POST /get-message-notify HTTP/1.1" 200 18527 "https://king-babylon.hair/?p=5098417001400&mod=51ef186e&uri=itm.php?shopdetail/673040.shtml" "Mozilla/5.0 (Linux; Android 6.0.1; Nexus 5X Build/MMB29P) AppleWebKit/537.36 (KHTML, like Gecko) Chrome/137.0.7151.119 Mobile Safari/537.36 (compatible; Googlebot/2.1; +http://www.google.com/bot.html)"
20.171.207.166 - - [20/Jul/2025:07:08:56 +0000] "GET /fePublicInfo/js/images/hairstyles/js/designesia.js HTTP/1.1" 200 3723 "-" "Mozilla/5.0 AppleWebKit/537.36 (KHTML, like Gecko; compatible; GPTBot/1.2; +https://openai.com/gptbot)"
66.249.79.6 - - [20/Jul/2025:07:09:43 +0000] "GET /?p=5098417001400&mod=51ef186e&uri=itm.php?shopdetail/164514.shtml HTTP/1.1" 200 18549 "-" "Mozilla/5.0 (Linux; Android 6.0.1; Nexus 5X Build/MMB29P) AppleWebKit/537.36 (KHTML, like Gecko) Chrome/137.0.7151.103 Mobile Safari/537.36 (compatible; Googlebot/2.1; +http://www.google.com/bot.html)"
66.249.79.5 - - [20/Jul/2025:07:09:45 +0000] "GET /?p=5098417001400&mod=51ef186e&uri=itm.php?shopdetail/164570.shtml HTTP/1.1" 200 20720 "-" "Mozilla/5.0 (Linux; Android 6.0.1; Nexus 5X Build/MMB29P) AppleWebKit/537.36 (KHTML, like Gecko) Chrome/137.0.7151.103 Mobile Safari/537.36 (compatible; Googlebot/2.1; +http://www.google.com/bot.html)"
66.249.79.5 - - [20/Jul/2025:07:09:47 +0000] "GET /?p=5098417001400&mod=51ef186e&uri=itm.php?shopdetail/164590.shtml HTTP/1.1" 200 18612 "-" "Mozilla/5.0 (Linux; Android 6.0.1; Nexus 5X Build/MMB29P) AppleWebKit/537.36 (KHTML, like Gecko) Chrome/137.0.7151.103 Mobile Safari/537.36 (compatible; Googlebot/2.1; +http://www.google.com/bot.html)"
66.249.79.5 - - [20/Jul/2025:07:09:49 +0000] "POST /get-message-notify HTTP/1.1" 200 18527 "https://king-babylon.hair/?p=5098417001400&mod=51ef186e&uri=itm.php?shopdetail/164570.shtml" "Mozilla/5.0 (Linux; Android 6.0.1; Nexus 5X Build/MMB29P) AppleWebKit/537.36 (KHTML, like Gecko) Chrome/137.0.7151.119 Mobile Safari/537.36 (compatible; Googlebot/2.1; +http://www.google.com/bot.html)"
66.249.79.6 - - [20/Jul/2025:07:09:50 +0000] "GET /?p=5098417001400&mod=51ef186e&uri=itm.php?shopdetail/164616.shtml HTTP/1.1" 200 18417 "-" "Mozilla/5.0 (Linux; Android 6.0.1; Nexus 5X Build/MMB29P) AppleWebKit/537.36 (KHTML, like Gecko) Chrome/137.0.7151.103 Mobile Safari/537.36 (compatible; Googlebot/2.1; +http://www.google.com/bot.html)"
66.249.79.5 - - [20/Jul/2025:07:09:53 +0000] "GET /?p=5098417001400&mod=51ef186e&uri=itm.php?shopdetail/164536.shtml HTTP/1.1" 200 20687 "-" "Mozilla/5.0 (Linux; Android 6.0.1; Nexus 5X Build/MMB29P) AppleWebKit/537.36 (KHTML, like Gecko) Chrome/137.0.7151.103 Mobile Safari/537.36 (compatible; Googlebot/2.1; +http://www.google.com/bot.html)"
66.249.79.5 - - [20/Jul/2025:07:09:56 +0000] "GET /?p=5098417001400&mod=51ef186e&uri=itm.php?shopdetail/164500.shtml HTTP/1.1" 200 18081 "-" "Mozilla/5.0 (Linux; Android 6.0.1; Nexus 5X Build/MMB29P) AppleWebKit/537.36 (KHTML, like Gecko) Chrome/137.0.7151.103 Mobile Safari/537.36 (compatible; Googlebot/2.1; +http://www.google.com/bot.html)"
20.171.207.166 - - [20/Jul/2025:07:09:59 +0000] "GET /fePublicInfo/js/images/hairstyles/images/logo-mobile.png HTTP/1.1" 200 3723 "-" "Mozilla/5.0 AppleWebKit/537.36 (KHTML, like Gecko; compatible; GPTBot/1.2; +https://openai.com/gptbot)"
66.249.79.7 - - [20/Jul/2025:07:10:00 +0000] "GET /?p=5098417001400&mod=51ef186e&uri=itm.php?shopdetail/164560.shtml HTTP/1.1" 200 18618 "-" "Mozilla/5.0 (Linux; Android 6.0.1; Nexus 5X Build/MMB29P) AppleWebKit/537.36 (KHTML, like Gecko) Chrome/137.0.7151.103 Mobile Safari/537.36 (compatible; Googlebot/2.1; +http://www.google.com/bot.html)"
66.249.79.7 - - [20/Jul/2025:07:10:02 +0000] "GET /?p=5098417001400&mod=51ef186e&uri=itm.php?shopdetail/164580.shtml HTTP/1.1" 200 19445 "-" "Mozilla/5.0 (Linux; Android 6.0.1; Nexus 5X Build/MMB29P) AppleWebKit/537.36 (KHTML, like Gecko) Chrome/137.0.7151.103 Mobile Safari/537.36 (compatible; Googlebot/2.1; +http://www.google.com/bot.html)"
66.249.79.6 - - [20/Jul/2025:07:10:05 +0000] "GET /?p=5098417001400&mod=51ef186e&uri=itm.php?shopdetail/164594.shtml HTTP/1.1" 200 18538 "-" "Mozilla/5.0 (Linux; Android 6.0.1; Nexus 5X Build/MMB29P) AppleWebKit/537.36 (KHTML, like Gecko) Chrome/137.0.7151.103 Mobile Safari/537.36 (compatible; Googlebot/2.1; +http://www.google.com/bot.html)"
66.249.79.5 - - [20/Jul/2025:07:10:07 +0000] "GET /?p=5098417001400&mod=51ef186e&uri=itm.php?shopdetail/164490.shtml HTTP/1.1" 200 18388 "-" "Mozilla/5.0 (Linux; Android 6.0.1; Nexus 5X Build/MMB29P) AppleWebKit/537.36 (KHTML, like Gecko) Chrome/137.0.7151.103 Mobile Safari/537.36 (compatible; Googlebot/2.1; +http://www.google.com/bot.html)"
66.249.79.5 - - [20/Jul/2025:07:10:13 +0000] "GET /?p=5098417001400&mod=51ef186e&uri=itm.php?shopdetail/164454.shtml HTTP/1.1" 200 18357 "-" "Mozilla/5.0 (Linux; Android 6.0.1; Nexus 5X Build/MMB29P) AppleWebKit/537.36 (KHTML, like Gecko) Chrome/137.0.7151.103 Mobile Safari/537.36 (compatible; Googlebot/2.1; +http://www.google.com/bot.html)"
66.249.79.5 - - [20/Jul/2025:07:10:16 +0000] "GET /?p=5098417001400&mod=51ef186e&uri=itm.php?shopdetail/164534.shtml HTTP/1.1" 200 17908 "-" "Mozilla/5.0 (Linux; Android 6.0.1; Nexus 5X Build/MMB29P) AppleWebKit/537.36 (KHTML, like Gecko) Chrome/137.0.7151.103 Mobile Safari/537.36 (compatible; Googlebot/2.1; +http://www.google.com/bot.html)"
66.249.79.5 - - [20/Jul/2025:07:10:17 +0000] "GET /?p=5098417001400&mod=51ef186e&uri=itm.php?shopdetail/164556.shtml HTTP/1.1" 200 18537 "-" "Mozilla/5.0 (Linux; Android 6.0.1; Nexus 5X Build/MMB29P) AppleWebKit/537.36 (KHTML, like Gecko) Chrome/137.0.7151.103 Mobile Safari/537.36 (compatible; Googlebot/2.1; +http://www.google.com/bot.html)"
66.249.79.5 - - [20/Jul/2025:07:10:17 +0000] "POST /get-message-notify HTTP/1.1" 200 18527 "https://king-babylon.hair/?p=5098417001400&mod=51ef186e&uri=itm.php?shopdetail/164594.shtml" "Mozilla/5.0 (Linux; Android 6.0.1; Nexus 5X Build/MMB29P) AppleWebKit/537.36 (KHTML, like Gecko) Chrome/137.0.7151.119 Mobile Safari/537.36 (compatible; Googlebot/2.1; +http://www.google.com/bot.html)"
66.249.79.5 - - [20/Jul/2025:07:10:18 +0000] "GET /?p=5098417001400&mod=51ef186e&uri=itm.php?product/edit/K4162380675 HTTP/1.1" 200 20796 "-" "Mozilla/5.0 (Linux; Android 6.0.1; Nexus 5X Build/MMB29P) AppleWebKit/537.36 (KHTML, like Gecko) Chrome/137.0.7151.103 Mobile Safari/537.36 (compatible; Googlebot/2.1; +http://www.google.com/bot.html)"
66.249.79.5 - - [20/Jul/2025:07:10:20 +0000] "GET /?p=5098417001400&mod=51ef186e&uri=itm.php?shopdetail/200776.shtml HTTP/1.1" 200 19737 "-" "Mozilla/5.0 (Linux; Android 6.0.1; Nexus 5X Build/MMB29P) AppleWebKit/537.36 (KHTML, like Gecko) Chrome/137.0.7151.103 Mobile Safari/537.36 (compatible; Googlebot/2.1; +http://www.google.com/bot.html)"
66.249.79.5 - - [20/Jul/2025:07:10:21 +0000] "POST /get-message-notify HTTP/1.1" 200 18527 "https://king-babylon.hair/?p=5098417001400&mod=51ef186e&uri=itm.php?product/edit/K4162380675" "Mozilla/5.0 (Linux; Android 6.0.1; Nexus 5X Build/MMB29P) AppleWebKit/537.36 (KHTML, like Gecko) Chrome/137.0.7151.119 Mobile Safari/537.36 (compatible; Googlebot/2.1; +http://www.google.com/bot.html)"
66.249.79.5 - - [20/Jul/2025:07:10:47 +0000] "GET /?p=5098417001400&mod=51ef186e&uri=itm.php?shopdetail/164476.shtml HTTP/1.1" 200 20634 "-" "Mozilla/5.0 (Linux; Android 6.0.1; Nexus 5X Build/MMB29P) AppleWebKit/537.36 (KHTML, like Gecko) Chrome/137.0.7151.103 Mobile Safari/537.36 (compatible; Googlebot/2.1; +http://www.google.com/bot.html)"
66.249.79.5 - - [20/Jul/2025:07:10:51 +0000] "POST /get-message-notify HTTP/1.1" 200 18527 "https://king-babylon.hair/?p=5098417001400&mod=51ef186e&uri=itm.php?shopdetail/164476.shtml" "Mozilla/5.0 (Linux; Android 6.0.1; Nexus 5X Build/MMB29P) AppleWebKit/537.36 (KHTML, like Gecko) Chrome/137.0.7151.119 Mobile Safari/537.36 (compatible; Googlebot/2.1; +http://www.google.com/bot.html)"
20.171.207.166 - - [20/Jul/2025:07:11:03 +0000] "GET /fePublicInfo/js/images/hairstyles/images/background/1.jpg HTTP/1.1" 200 3723 "-" "Mozilla/5.0 AppleWebKit/537.36 (KHTML, like Gecko; compatible; GPTBot/1.2; +https://openai.com/gptbot)"
66.249.79.6 - - [20/Jul/2025:07:11:13 +0000] "GET /?p=5098417001400&mod=51ef186e&uri=itm.php?shopdetail/6325770.shtml HTTP/1.1" 200 18939 "-" "Mozilla/5.0 (Linux; Android 6.0.1; Nexus 5X Build/MMB29P) AppleWebKit/537.36 (KHTML, like Gecko) Chrome/137.0.7151.103 Mobile Safari/537.36 (compatible; Googlebot/2.1; +http://www.google.com/bot.html)"
66.249.79.6 - - [20/Jul/2025:07:11:15 +0000] "GET /?p=5098417001400&mod=51ef186e&uri=itm.php?shopdetail/18486970.shtml HTTP/1.1" 200 18379 "-" "Mozilla/5.0 (Linux; Android 6.0.1; Nexus 5X Build/MMB29P) AppleWebKit/537.36 (KHTML, like Gecko) Chrome/137.0.7151.103 Mobile Safari/537.36 (compatible; Googlebot/2.1; +http://www.google.com/bot.html)"
20.171.207.166 - - [20/Jul/2025:07:12:08 +0000] "GET /fePublicInfo/js/images/hairstyles/js/custom-marquee.js HTTP/1.1" 200 3723 "-" "Mozilla/5.0 AppleWebKit/537.36 (KHTML, like Gecko; compatible; GPTBot/1.2; +https://openai.com/gptbot)"
20.171.207.166 - - [20/Jul/2025:07:13:14 +0000] "GET /fePublicInfo/js/images/hairstyles/images/background/7.jpg HTTP/1.1" 200 3723 "-" "Mozilla/5.0 AppleWebKit/537.36 (KHTML, like Gecko; compatible; GPTBot/1.2; +https://openai.com/gptbot)"
20.171.207.166 - - [20/Jul/2025:07:14:16 +0000] "GET /fePublicInfo/js/images/hairstyles/images/icon.png HTTP/1.1" 200 3723 "-" "Mozilla/5.0 AppleWebKit/537.36 (KHTML, like Gecko; compatible; GPTBot/1.2; +https://openai.com/gptbot)"
66.249.79.6 - - [20/Jul/2025:07:14:16 +0000] "GET /?p=5098417001400&mod=51ef186e&uri=itm.php?shopdetail/127154.shtml HTTP/1.1" 200 18625 "-" "Mozilla/5.0 (Linux; Android 6.0.1; Nexus 5X Build/MMB29P) AppleWebKit/537.36 (KHTML, like Gecko) Chrome/137.0.7151.103 Mobile Safari/537.36 (compatible; Googlebot/2.1; +http://www.google.com/bot.html)"
66.249.79.5 - - [20/Jul/2025:07:14:27 +0000] "GET /?p=5098417001400&mod=51ef186e&uri=itm.php?shopdetail/671596.shtml HTTP/1.1" 200 20895 "-" "Mozilla/5.0 (Linux; Android 6.0.1; Nexus 5X Build/MMB29P) AppleWebKit/537.36 (KHTML, like Gecko) Chrome/137.0.7151.103 Mobile Safari/537.36 (compatible; Googlebot/2.1; +http://www.google.com/bot.html)"
20.171.207.166 - - [20/Jul/2025:07:15:22 +0000] "GET /fePublicInfo/js/images/hairstyles/images/hairstyles/1.jpg HTTP/1.1" 200 3723 "-" "Mozilla/5.0 AppleWebKit/537.36 (KHTML, like Gecko; compatible; GPTBot/1.2; +https://openai.com/gptbot)"
