66.249.65.37 - - [19/Jul/2025:19:53:04 +0000] "POST /get-message-notify HTTP/1.1" 404 - "https://kraft-court.cafe/?x=55302044071800&mod=decc2e06&uri=form.php?detail/49196613.htm" "Mozilla/5.0 (Linux; Android 6.0.1; Nexus 5X Build/MMB29P) AppleWebKit/537.36 (KHTML, like Gecko) Chrome/137.0.7151.119 Mobile Safari/537.36 (compatible; Googlebot/2.1; +http://www.google.com/bot.html)"
66.249.65.35 - - [19/Jul/2025:19:53:07 +0000] "POST /get-message-notify HTTP/1.1" 404 - "https://kraft-court.cafe/?x=6315517051800&mod=07cdfd23&uri=blog.php?man/customer_guide" "Mozilla/5.0 (Linux; Android 6.0.1; Nexus 5X Build/MMB29P) AppleWebKit/537.36 (KHTML, like Gecko) Chrome/137.0.7151.119 Mobile Safari/537.36 (compatible; Googlebot/2.1; +http://www.google.com/bot.html)"
66.249.65.35 - - [19/Jul/2025:19:53:09 +0000] "GET /?x=5589455141800&mod=c4b43ae0&uri=pin.php?detail/2918721.htm HTTP/1.1" 200 19283 "-" "Mozilla/5.0 (Linux; Android 6.0.1; Nexus 5X Build/MMB29P) AppleWebKit/537.36 (KHTML, like Gecko) Chrome/137.0.7151.103 Mobile Safari/537.36 (compatible; Googlebot/2.1; +http://www.google.com/bot.html)"
66.249.65.36 - - [19/Jul/2025:19:53:10 +0000] "GET /?x=5589455141800&mod=c4b43ae0&uri=pin.php?detail/2897316.htm HTTP/1.1" 200 18618 "-" "Mozilla/5.0 (Linux; Android 6.0.1; Nexus 5X Build/MMB29P) AppleWebKit/537.36 (KHTML, like Gecko) Chrome/137.0.7151.103 Mobile Safari/537.36 (compatible; Googlebot/2.1; +http://www.google.com/bot.html)"
66.249.65.35 - - [19/Jul/2025:19:53:11 +0000] "GET /?x=31845749091800&mod=42e77b63&uri=products.php? HTTP/1.1" 200 19490 "-" "Mozilla/5.0 (Linux; Android 6.0.1; Nexus 5X Build/MMB29P) AppleWebKit/537.36 (KHTML, like Gecko) Chrome/137.0.7151.103 Mobile Safari/537.36 (compatible; Googlebot/2.1; +http://www.google.com/bot.html)"
66.249.65.35 - - [19/Jul/2025:19:53:12 +0000] "POST /get-message-notify HTTP/1.1" 404 - "https://kraft-court.cafe/?x=5589455141800&mod=c4b43ae0&uri=pin.php?detail/2918721.htm" "Mozilla/5.0 (Linux; Android 6.0.1; Nexus 5X Build/MMB29P) AppleWebKit/537.36 (KHTML, like Gecko) Chrome/137.0.7151.119 Mobile Safari/537.36 (compatible; Googlebot/2.1; +http://www.google.com/bot.html)"
66.249.65.35 - - [19/Jul/2025:19:53:22 +0000] "POST /get-message-notify HTTP/1.1" 404 - "https://kraft-court.cafe/?x=31845749091800&mod=42e77b63&uri=products.php?" "Mozilla/5.0 (Linux; Android 6.0.1; Nexus 5X Build/MMB29P) AppleWebKit/537.36 (KHTML, like Gecko) Chrome/137.0.7151.119 Mobile Safari/537.36 (compatible; Googlebot/2.1; +http://www.google.com/bot.html)"
66.249.65.35 - - [19/Jul/2025:19:53:56 +0000] "GET /events/ HTTP/1.1" 404 - "-" "Mozilla/5.0 (Linux; Android 6.0.1; Nexus 5X Build/MMB29P) AppleWebKit/537.36 (KHTML, like Gecko) Chrome/137.0.7151.103 Mobile Safari/537.36 (compatible; Googlebot/2.1; +http://www.google.com/bot.html)"
66.249.65.37 - - [19/Jul/2025:19:54:24 +0000] "POST /get-message-notify HTTP/1.1" 404 - "https://kraft-court.cafe/?x=47301468071800&mod=48584348&uri=us.php?detail/50691822.htm" "Mozilla/5.0 (Linux; Android 6.0.1; Nexus 5X Build/MMB29P) AppleWebKit/537.36 (KHTML, like Gecko) Chrome/137.0.7151.119 Mobile Safari/537.36 (compatible; Googlebot/2.1; +http://www.google.com/bot.html)"
66.249.65.35 - - [19/Jul/2025:19:54:53 +0000] "GET /?x=6100067001800&mod=0d0fd7c6&uri=form.php?oreka/plamodel_menu.html HTTP/1.1" 200 18360 "-" "Mozilla/5.0 (Linux; Android 6.0.1; Nexus 5X Build/MMB29P) AppleWebKit/537.36 (KHTML, like Gecko) Chrome/137.0.7151.103 Mobile Safari/537.36 (compatible; Googlebot/2.1; +http://www.google.com/bot.html)"
209.74.77.214 - - [19/Jul/2025:19:57:57 +0000] "POST /wp-cron.php?doing_wp_cron=1752955077.6402220726013183593750 HTTP/1.1" 200 - "-" "WordPress/6.8.2; https://kraft-court.cafe"
57.141.2.21 - - [19/Jul/2025:19:57:56 +0000] "GET /?x=6482395041800& HTTP/1.1" 301 - "-" "meta-externalagent/1.1 (+https://developers.facebook.com/docs/sharing/webmasters/crawler)"
209.74.77.214 - - [19/Jul/2025:19:58:59 +0000] "POST /wp-cron.php?doing_wp_cron=1752955139.0264599323272705078125 HTTP/1.1" 200 - "-" "WordPress/6.8.2; https://kraft-court.cafe"
57.141.2.22 - - [19/Jul/2025:19:58:58 +0000] "GET /?x=88937228091800& HTTP/1.1" 301 - "-" "meta-externalagent/1.1 (+https://developers.facebook.com/docs/sharing/webmasters/crawler)"
209.74.77.214 - - [19/Jul/2025:20:01:03 +0000] "POST /wp-cron.php?doing_wp_cron=1752955263.1767950057983398437500 HTTP/1.1" 200 - "-" "WordPress/6.8.2; https://kraft-court.cafe"
57.141.2.4 - - [19/Jul/2025:20:01:01 +0000] "GET /?x=50733369051800& HTTP/1.1" 301 - "-" "meta-externalagent/1.1 (+https://developers.facebook.com/docs/sharing/webmasters/crawler)"
57.141.2.22 - - [19/Jul/2025:20:01:18 +0000] "GET /?x=50733369051800 HTTP/1.1" 200 5469 "-" "meta-externalagent/1.1 (+https://developers.facebook.com/docs/sharing/webmasters/crawler)"
209.74.77.214 - - [19/Jul/2025:20:05:46 +0000] "POST /wp-cron.php?doing_wp_cron=1752955546.4366600513458251953125 HTTP/1.1" 200 - "-" "WordPress/6.8.2; https://kraft-court.cafe"
57.141.2.24 - - [19/Jul/2025:20:05:44 +0000] "GET /?x=98244982031800& HTTP/1.1" 301 - "-" "meta-externalagent/1.1 (+https://developers.facebook.com/docs/sharing/webmasters/crawler)"
209.74.77.214 - - [19/Jul/2025:20:11:09 +0000] "POST /wp-cron.php?doing_wp_cron=1752955868.9971530437469482421875 HTTP/1.1" 200 - "-" "WordPress/6.8.2; https://kraft-court.cafe"
57.141.2.4 - - [19/Jul/2025:20:11:07 +0000] "GET /?x=71504464001800& HTTP/1.1" 301 - "-" "meta-externalagent/1.1 (+https://developers.facebook.com/docs/sharing/webmasters/crawler)"
57.141.2.14 - - [19/Jul/2025:20:11:21 +0000] "GET /?x=71504464001800 HTTP/1.1" 200 5469 "-" "meta-externalagent/1.1 (+https://developers.facebook.com/docs/sharing/webmasters/crawler)"
209.74.77.214 - - [19/Jul/2025:20:12:07 +0000] "POST /wp-cron.php?doing_wp_cron=1752955927.4883840084075927734375 HTTP/1.1" 200 - "-" "WordPress/6.8.2; https://kraft-court.cafe"
57.141.2.14 - - [19/Jul/2025:20:12:06 +0000] "GET /?x=46509714081800& HTTP/1.1" 301 - "-" "meta-externalagent/1.1 (+https://developers.facebook.com/docs/sharing/webmasters/crawler)"
209.74.77.214 - - [19/Jul/2025:20:12:33 +0000] "POST /wp-cron.php?doing_wp_cron=1752955953.1198101043701171875000 HTTP/1.1" 200 - "-" "WordPress/6.8.2; https://kraft-court.cafe"
57.141.2.5 - - [19/Jul/2025:20:12:32 +0000] "GET /?x=88535894001800& HTTP/1.1" 301 - "-" "meta-externalagent/1.1 (+https://developers.facebook.com/docs/sharing/webmasters/crawler)"
209.74.77.214 - - [19/Jul/2025:20:14:57 +0000] "POST /wp-cron.php?doing_wp_cron=1752956097.6882410049438476562500 HTTP/1.1" 200 - "-" "WordPress/6.8.2; https://kraft-court.cafe"
57.141.2.4 - - [19/Jul/2025:20:14:56 +0000] "GET /?x=78664949021800& HTTP/1.1" 301 - "-" "meta-externalagent/1.1 (+https://developers.facebook.com/docs/sharing/webmasters/crawler)"
57.141.2.20 - - [19/Jul/2025:20:15:04 +0000] "GET /?x=78664949021800 HTTP/1.1" 200 5469 "-" "meta-externalagent/1.1 (+https://developers.facebook.com/docs/sharing/webmasters/crawler)"
209.74.77.214 - - [19/Jul/2025:20:15:49 +0000] "POST /wp-cron.php?doing_wp_cron=1752956149.0033888816833496093750 HTTP/1.1" 200 - "-" "WordPress/6.8.2; https://kraft-court.cafe"
57.141.2.25 - - [19/Jul/2025:20:15:47 +0000] "GET /?x=57972402001800& HTTP/1.1" 301 - "-" "meta-externalagent/1.1 (+https://developers.facebook.com/docs/sharing/webmasters/crawler)"
209.74.77.214 - - [19/Jul/2025:20:16:43 +0000] "POST /wp-cron.php?doing_wp_cron=1752956203.2749381065368652343750 HTTP/1.1" 200 - "-" "WordPress/6.8.2; https://kraft-court.cafe"
57.141.2.22 - - [19/Jul/2025:20:16:41 +0000] "GET /?x=52700719011800& HTTP/1.1" 301 - "-" "meta-externalagent/1.1 (+https://developers.facebook.com/docs/sharing/webmasters/crawler)"
209.74.77.214 - - [19/Jul/2025:20:16:46 +0000] "POST /wp-cron.php?doing_wp_cron=1752956206.9098780155181884765625 HTTP/1.1" 200 - "-" "WordPress/6.8.2; https://kraft-court.cafe"
57.141.2.15 - - [19/Jul/2025:20:16:46 +0000] "GET /?x=52700719011800 HTTP/1.1" 200 5469 "-" "meta-externalagent/1.1 (+https://developers.facebook.com/docs/sharing/webmasters/crawler)"
209.74.77.214 - - [19/Jul/2025:20:17:49 +0000] "POST /wp-cron.php?doing_wp_cron=1752956269.6357839107513427734375 HTTP/1.1" 200 - "-" "WordPress/6.8.2; https://kraft-court.cafe"
57.141.2.3 - - [19/Jul/2025:20:17:48 +0000] "GET /?x=83821600001800& HTTP/1.1" 301 - "-" "meta-externalagent/1.1 (+https://developers.facebook.com/docs/sharing/webmasters/crawler)"
209.74.77.214 - - [19/Jul/2025:20:19:29 +0000] "POST /wp-cron.php?doing_wp_cron=1752956369.8784649372100830078125 HTTP/1.1" 200 - "-" "WordPress/6.8.2; https://kraft-court.cafe"
57.141.2.11 - - [19/Jul/2025:20:19:28 +0000] "GET /?x=114802508011800& HTTP/1.1" 301 - "-" "meta-externalagent/1.1 (+https://developers.facebook.com/docs/sharing/webmasters/crawler)"
209.74.77.214 - - [19/Jul/2025:20:19:35 +0000] "POST /wp-cron.php?doing_wp_cron=1752956375.7183649539947509765625 HTTP/1.1" 200 - "-" "WordPress/6.8.2; https://kraft-court.cafe"
57.141.2.30 - - [19/Jul/2025:20:19:35 +0000] "GET /?x=114802508011800 HTTP/1.1" 200 5471 "-" "meta-externalagent/1.1 (+https://developers.facebook.com/docs/sharing/webmasters/crawler)"
209.74.77.214 - - [19/Jul/2025:20:19:54 +0000] "POST /wp-cron.php?doing_wp_cron=1752956394.7120170593261718750000 HTTP/1.1" 200 - "-" "WordPress/6.8.2; https://kraft-court.cafe"
57.141.2.21 - - [19/Jul/2025:20:19:54 +0000] "GET /?x=43337611051800& HTTP/1.1" 301 - "-" "meta-externalagent/1.1 (+https://developers.facebook.com/docs/sharing/webmasters/crawler)"
57.141.2.10 - - [19/Jul/2025:20:20:12 +0000] "GET /?x=43337611051800 HTTP/1.1" 200 5469 "-" "meta-externalagent/1.1 (+https://developers.facebook.com/docs/sharing/webmasters/crawler)"
209.74.77.214 - - [19/Jul/2025:20:21:21 +0000] "POST /wp-cron.php?doing_wp_cron=1752956481.2027399539947509765625 HTTP/1.1" 200 - "-" "WordPress/6.8.2; https://kraft-court.cafe"
57.141.2.1 - - [19/Jul/2025:20:21:20 +0000] "GET /?x=20053467001800& HTTP/1.1" 301 - "-" "meta-externalagent/1.1 (+https://developers.facebook.com/docs/sharing/webmasters/crawler)"
209.74.77.214 - - [19/Jul/2025:20:21:50 +0000] "POST /wp-cron.php?doing_wp_cron=1752956509.9637329578399658203125 HTTP/1.1" 200 - "-" "WordPress/6.8.2; https://kraft-court.cafe"
57.141.2.29 - - [19/Jul/2025:20:21:49 +0000] "GET /?x=112597114041800& HTTP/1.1" 301 - "-" "meta-externalagent/1.1 (+https://developers.facebook.com/docs/sharing/webmasters/crawler)"
57.141.2.23 - - [19/Jul/2025:20:21:53 +0000] "GET /?x=112597114041800 HTTP/1.1" 200 5471 "-" "meta-externalagent/1.1 (+https://developers.facebook.com/docs/sharing/webmasters/crawler)"
209.74.77.214 - - [19/Jul/2025:20:22:53 +0000] "POST /wp-cron.php?doing_wp_cron=1752956573.2337000370025634765625 HTTP/1.1" 200 - "-" "WordPress/6.8.2; https://kraft-court.cafe"
57.141.2.2 - - [19/Jul/2025:20:22:51 +0000] "GET /?x=101819778011800& HTTP/1.1" 301 - "-" "meta-externalagent/1.1 (+https://developers.facebook.com/docs/sharing/webmasters/crawler)"
57.141.2.15 - - [19/Jul/2025:20:22:58 +0000] "GET /?x=101819778011800 HTTP/1.1" 200 5471 "-" "meta-externalagent/1.1 (+https://developers.facebook.com/docs/sharing/webmasters/crawler)"
209.74.77.214 - - [19/Jul/2025:20:23:51 +0000] "POST /wp-cron.php?doing_wp_cron=1752956631.5275490283966064453125 HTTP/1.1" 200 - "-" "WordPress/6.8.2; https://kraft-court.cafe"
57.141.2.23 - - [19/Jul/2025:20:23:50 +0000] "GET /?x=30737521041800& HTTP/1.1" 301 - "-" "meta-externalagent/1.1 (+https://developers.facebook.com/docs/sharing/webmasters/crawler)"
209.74.77.214 - - [19/Jul/2025:20:26:07 +0000] "POST /wp-cron.php?doing_wp_cron=1752956767.3844830989837646484375 HTTP/1.1" 200 - "-" "WordPress/6.8.2; https://kraft-court.cafe"
57.141.2.11 - - [19/Jul/2025:20:26:05 +0000] "GET /?x=50335423021800& HTTP/1.1" 301 - "-" "meta-externalagent/1.1 (+https://developers.facebook.com/docs/sharing/webmasters/crawler)"
57.141.2.15 - - [19/Jul/2025:20:26:19 +0000] "GET /?x=50335423021800 HTTP/1.1" 200 5469 "-" "meta-externalagent/1.1 (+https://developers.facebook.com/docs/sharing/webmasters/crawler)"
209.74.77.214 - - [19/Jul/2025:20:26:35 +0000] "POST /wp-cron.php?doing_wp_cron=1752956795.2248599529266357421875 HTTP/1.1" 200 - "-" "WordPress/6.8.2; https://kraft-court.cafe"
57.141.2.23 - - [19/Jul/2025:20:26:35 +0000] "GET /?x=52578442021800& HTTP/1.1" 301 - "-" "meta-externalagent/1.1 (+https://developers.facebook.com/docs/sharing/webmasters/crawler)"
57.141.2.16 - - [19/Jul/2025:20:27:04 +0000] "GET /detail/1297093046.htm HTTP/1.1" 404 - "-" "meta-externalagent/1.1 (+https://developers.facebook.com/docs/sharing/webmasters/crawler)"
57.141.2.27 - - [19/Jul/2025:20:27:09 +0000] "GET /detail/1297339832.htm HTTP/1.1" 404 - "-" "meta-externalagent/1.1 (+https://developers.facebook.com/docs/sharing/webmasters/crawler)"
209.74.77.214 - - [19/Jul/2025:20:27:47 +0000] "POST /wp-cron.php?doing_wp_cron=1752956867.8814659118652343750000 HTTP/1.1" 200 - "-" "WordPress/6.8.2; https://kraft-court.cafe"
57.141.2.15 - - [19/Jul/2025:20:27:46 +0000] "GET /?x=2597929071800& HTTP/1.1" 301 - "-" "meta-externalagent/1.1 (+https://developers.facebook.com/docs/sharing/webmasters/crawler)"
209.74.77.214 - - [19/Jul/2025:20:29:28 +0000] "POST /wp-cron.php?doing_wp_cron=1752956968.8853778839111328125000 HTTP/1.1" 200 - "-" "WordPress/6.8.2; https://kraft-court.cafe"
57.141.2.11 - - [19/Jul/2025:20:29:27 +0000] "GET /?x=3193078001800& HTTP/1.1" 301 - "-" "meta-externalagent/1.1 (+https://developers.facebook.com/docs/sharing/webmasters/crawler)"
209.74.77.214 - - [19/Jul/2025:20:31:06 +0000] "POST /wp-cron.php?doing_wp_cron=1752957066.1129119396209716796875 HTTP/1.1" 200 - "-" "WordPress/6.8.2; https://kraft-court.cafe"
57.141.2.29 - - [19/Jul/2025:20:31:03 +0000] "GET /?x=91076953031800& HTTP/1.1" 301 - "-" "meta-externalagent/1.1 (+https://developers.facebook.com/docs/sharing/webmasters/crawler)"
57.141.2.9 - - [19/Jul/2025:20:31:14 +0000] "GET /?x=77209921041800& HTTP/1.1" 301 - "-" "meta-externalagent/1.1 (+https://developers.facebook.com/docs/sharing/webmasters/crawler)"
209.74.77.214 - - [19/Jul/2025:20:32:04 +0000] "POST /wp-cron.php?doing_wp_cron=1752957124.6598908901214599609375 HTTP/1.1" 200 - "-" "WordPress/6.8.2; https://kraft-court.cafe"
57.141.2.13 - - [19/Jul/2025:20:32:03 +0000] "GET /?x=53876698001800& HTTP/1.1" 301 - "-" "meta-externalagent/1.1 (+https://developers.facebook.com/docs/sharing/webmasters/crawler)"
57.141.2.3 - - [19/Jul/2025:20:32:14 +0000] "GET /?x=53876698001800 HTTP/1.1" 200 5469 "-" "meta-externalagent/1.1 (+https://developers.facebook.com/docs/sharing/webmasters/crawler)"
209.74.77.214 - - [19/Jul/2025:20:33:50 +0000] "POST /wp-cron.php?doing_wp_cron=1752957230.0454208850860595703125 HTTP/1.1" 200 - "-" "WordPress/6.8.2; https://kraft-court.cafe"
57.141.2.27 - - [19/Jul/2025:20:33:48 +0000] "GET /?x=115203779001800& HTTP/1.1" 301 - "-" "meta-externalagent/1.1 (+https://developers.facebook.com/docs/sharing/webmasters/crawler)"
57.141.2.20 - - [19/Jul/2025:20:34:06 +0000] "GET /?x=115203779001800 HTTP/1.1" 200 5471 "-" "meta-externalagent/1.1 (+https://developers.facebook.com/docs/sharing/webmasters/crawler)"
209.74.77.214 - - [19/Jul/2025:20:35:49 +0000] "POST /wp-cron.php?doing_wp_cron=1752957349.4244890213012695312500 HTTP/1.1" 200 - "-" "WordPress/6.8.2; https://kraft-court.cafe"
57.141.2.4 - - [19/Jul/2025:20:35:46 +0000] "GET /?x=34312010071800& HTTP/1.1" 301 - "-" "meta-externalagent/1.1 (+https://developers.facebook.com/docs/sharing/webmasters/crawler)"
57.141.2.14 - - [19/Jul/2025:20:36:03 +0000] "GET /?x=34312010071800 HTTP/1.1" 200 5469 "-" "meta-externalagent/1.1 (+https://developers.facebook.com/docs/sharing/webmasters/crawler)"
57.141.2.8 - - [19/Jul/2025:20:36:05 +0000] "GET /?x=104864025041800& HTTP/1.1" 301 - "-" "meta-externalagent/1.1 (+https://developers.facebook.com/docs/sharing/webmasters/crawler)"
209.74.77.214 - - [19/Jul/2025:20:37:27 +0000] "POST /wp-cron.php?doing_wp_cron=1752957447.5789139270782470703125 HTTP/1.1" 200 - "-" "WordPress/6.8.2; https://kraft-court.cafe"
57.141.2.16 - - [19/Jul/2025:20:37:26 +0000] "GET /?x=49712534091800& HTTP/1.1" 301 - "-" "meta-externalagent/1.1 (+https://developers.facebook.com/docs/sharing/webmasters/crawler)"
209.74.77.214 - - [19/Jul/2025:20:38:07 +0000] "POST /wp-cron.php?doing_wp_cron=1752957487.3343009948730468750000 HTTP/1.1" 200 - "-" "WordPress/6.8.2; https://kraft-court.cafe"
57.141.2.19 - - [19/Jul/2025:20:38:05 +0000] "GET /?x=6156635051800& HTTP/1.1" 301 - "-" "meta-externalagent/1.1 (+https://developers.facebook.com/docs/sharing/webmasters/crawler)"
209.74.77.214 - - [19/Jul/2025:20:38:51 +0000] "POST /wp-cron.php?doing_wp_cron=1752957531.0910260677337646484375 HTTP/1.1" 200 - "-" "WordPress/6.8.2; https://kraft-court.cafe"
57.141.2.20 - - [19/Jul/2025:20:38:49 +0000] "GET /?x=49712534091800 HTTP/1.1" 200 5469 "-" "meta-externalagent/1.1 (+https://developers.facebook.com/docs/sharing/webmasters/crawler)"
57.141.2.12 - - [19/Jul/2025:20:41:02 +0000] "GET /detail/1296952629.htm HTTP/1.1" 404 - "-" "meta-externalagent/1.1 (+https://developers.facebook.com/docs/sharing/webmasters/crawler)"
209.74.77.214 - - [19/Jul/2025:20:41:12 +0000] "POST /wp-cron.php?doing_wp_cron=1752957672.5073449611663818359375 HTTP/1.1" 200 - "-" "WordPress/6.8.2; https://kraft-court.cafe"
57.141.2.12 - - [19/Jul/2025:20:41:11 +0000] "GET /?x=80052250061800& HTTP/1.1" 301 - "-" "meta-externalagent/1.1 (+https://developers.facebook.com/docs/sharing/webmasters/crawler)"
209.74.77.214 - - [19/Jul/2025:20:43:18 +0000] "POST /wp-cron.php?doing_wp_cron=1752957798.3994579315185546875000 HTTP/1.1" 200 - "-" "WordPress/6.8.2; https://kraft-court.cafe"
57.141.2.9 - - [19/Jul/2025:20:43:16 +0000] "GET /?x=94238963021800& HTTP/1.1" 301 - "-" "meta-externalagent/1.1 (+https://developers.facebook.com/docs/sharing/webmasters/crawler)"
57.141.2.20 - - [19/Jul/2025:20:43:21 +0000] "GET /?x=94238963021800 HTTP/1.1" 200 5469 "-" "meta-externalagent/1.1 (+https://developers.facebook.com/docs/sharing/webmasters/crawler)"
209.74.77.214 - - [19/Jul/2025:20:46:28 +0000] "POST /wp-cron.php?doing_wp_cron=1752957988.8205630779266357421875 HTTP/1.1" 200 - "-" "WordPress/6.8.2; https://kraft-court.cafe"
57.141.2.30 - - [19/Jul/2025:20:46:27 +0000] "GET /?x=72767270021800& HTTP/1.1" 301 - "-" "meta-externalagent/1.1 (+https://developers.facebook.com/docs/sharing/webmasters/crawler)"
209.74.77.214 - - [19/Jul/2025:20:48:05 +0000] "POST /wp-cron.php?doing_wp_cron=1752958085.6024580001831054687500 HTTP/1.1" 200 - "-" "WordPress/6.8.2; https://kraft-court.cafe"
57.141.2.10 - - [19/Jul/2025:20:48:04 +0000] "GET /?x=91214585011800& HTTP/1.1" 301 - "-" "meta-externalagent/1.1 (+https://developers.facebook.com/docs/sharing/webmasters/crawler)"
57.141.2.4 - - [19/Jul/2025:20:48:15 +0000] "GET /?x=91214585011800 HTTP/1.1" 200 5469 "-" "meta-externalagent/1.1 (+https://developers.facebook.com/docs/sharing/webmasters/crawler)"
209.74.77.214 - - [19/Jul/2025:20:49:31 +0000] "POST /wp-cron.php?doing_wp_cron=1752958171.9283840656280517578125 HTTP/1.1" 200 - "-" "WordPress/6.8.2; https://kraft-court.cafe"
57.141.2.4 - - [19/Jul/2025:20:49:30 +0000] "GET /?x=102546701001800& HTTP/1.1" 301 - "-" "meta-externalagent/1.1 (+https://developers.facebook.com/docs/sharing/webmasters/crawler)"
209.74.77.214 - - [19/Jul/2025:20:49:43 +0000] "POST /wp-cron.php?doing_wp_cron=1752958183.8007891178131103515625 HTTP/1.1" 200 - "-" "WordPress/6.8.2; https://kraft-court.cafe"
57.141.2.24 - - [19/Jul/2025:20:49:43 +0000] "GET /?x=102546701001800 HTTP/1.1" 200 5471 "-" "meta-externalagent/1.1 (+https://developers.facebook.com/docs/sharing/webmasters/crawler)"
209.74.77.214 - - [19/Jul/2025:20:50:25 +0000] "POST /wp-cron.php?doing_wp_cron=1752958224.9922409057617187500000 HTTP/1.1" 200 - "-" "WordPress/6.8.2; https://kraft-court.cafe"
57.141.2.13 - - [19/Jul/2025:20:50:24 +0000] "GET /?x=75352995001800& HTTP/1.1" 301 - "-" "meta-externalagent/1.1 (+https://developers.facebook.com/docs/sharing/webmasters/crawler)"
209.74.77.214 - - [19/Jul/2025:20:50:42 +0000] "POST /wp-cron.php?doing_wp_cron=1752958241.9941480159759521484375 HTTP/1.1" 200 - "-" "WordPress/6.8.2; https://kraft-court.cafe"
57.141.2.30 - - [19/Jul/2025:20:50:41 +0000] "GET /?x=75352995001800 HTTP/1.1" 200 5469 "-" "meta-externalagent/1.1 (+https://developers.facebook.com/docs/sharing/webmasters/crawler)"
209.74.77.214 - - [19/Jul/2025:20:51:39 +0000] "POST /wp-cron.php?doing_wp_cron=1752958299.5342550277709960937500 HTTP/1.1" 200 - "-" "WordPress/6.8.2; https://kraft-court.cafe"
57.141.2.30 - - [19/Jul/2025:20:51:38 +0000] "GET /?x=78988249011800& HTTP/1.1" 301 - "-" "meta-externalagent/1.1 (+https://developers.facebook.com/docs/sharing/webmasters/crawler)"
209.74.77.214 - - [19/Jul/2025:20:52:09 +0000] "POST /wp-cron.php?doing_wp_cron=1752958329.7583420276641845703125 HTTP/1.1" 200 - "-" "WordPress/6.8.2; https://kraft-court.cafe"
57.141.2.6 - - [19/Jul/2025:20:52:09 +0000] "GET /?x=78988249011800 HTTP/1.1" 200 5469 "-" "meta-externalagent/1.1 (+https://developers.facebook.com/docs/sharing/webmasters/crawler)"
209.74.77.214 - - [19/Jul/2025:20:52:46 +0000] "POST /wp-cron.php?doing_wp_cron=1752958366.3763489723205566406250 HTTP/1.1" 200 - "-" "WordPress/6.8.2; https://kraft-court.cafe"
57.141.2.29 - - [19/Jul/2025:20:52:44 +0000] "GET /?x=38385403031800& HTTP/1.1" 301 - "-" "meta-externalagent/1.1 (+https://developers.facebook.com/docs/sharing/webmasters/crawler)"
209.74.77.214 - - [19/Jul/2025:20:57:47 +0000] "POST /wp-cron.php?doing_wp_cron=1752958667.0353260040283203125000 HTTP/1.1" 200 - "-" "WordPress/6.8.2; https://kraft-court.cafe"
57.141.2.23 - - [19/Jul/2025:20:57:45 +0000] "GET /?x=55972795041800& HTTP/1.1" 301 - "-" "meta-externalagent/1.1 (+https://developers.facebook.com/docs/sharing/webmasters/crawler)"
209.74.77.214 - - [19/Jul/2025:20:58:36 +0000] "POST /wp-cron.php?doing_wp_cron=1752958716.6459190845489501953125 HTTP/1.1" 200 - "-" "WordPress/6.8.2; https://kraft-court.cafe"
57.141.2.19 - - [19/Jul/2025:20:58:35 +0000] "GET /?x=79358460021800& HTTP/1.1" 301 - "-" "meta-externalagent/1.1 (+https://developers.facebook.com/docs/sharing/webmasters/crawler)"
209.74.77.214 - - [19/Jul/2025:20:59:06 +0000] "POST /wp-cron.php?doing_wp_cron=1752958746.4414930343627929687500 HTTP/1.1" 200 - "-" "WordPress/6.8.2; https://kraft-court.cafe"
57.141.2.2 - - [19/Jul/2025:20:59:06 +0000] "GET /?x=27352891021800& HTTP/1.1" 301 - "-" "meta-externalagent/1.1 (+https://developers.facebook.com/docs/sharing/webmasters/crawler)"
57.141.2.22 - - [19/Jul/2025:20:59:25 +0000] "GET /?x=27352891021800 HTTP/1.1" 200 5469 "-" "meta-externalagent/1.1 (+https://developers.facebook.com/docs/sharing/webmasters/crawler)"
209.74.77.214 - - [19/Jul/2025:21:00:33 +0000] "POST /wp-cron.php?doing_wp_cron=1752958833.3920660018920898437500 HTTP/1.1" 200 - "-" "WordPress/6.8.2; https://kraft-court.cafe"
57.141.2.29 - - [19/Jul/2025:21:00:32 +0000] "GET /?x=13408515001800& HTTP/1.1" 301 - "-" "meta-externalagent/1.1 (+https://developers.facebook.com/docs/sharing/webmasters/crawler)"
209.74.77.214 - - [19/Jul/2025:21:00:56 +0000] "POST /wp-cron.php?doing_wp_cron=1752958856.8112020492553710937500 HTTP/1.1" 200 - "-" "WordPress/6.8.2; https://kraft-court.cafe"
57.141.2.23 - - [19/Jul/2025:21:00:56 +0000] "GET /?x=28397674031800& HTTP/1.1" 301 - "-" "meta-externalagent/1.1 (+https://developers.facebook.com/docs/sharing/webmasters/crawler)"
209.74.77.214 - - [19/Jul/2025:21:04:38 +0000] "POST /wp-cron.php?doing_wp_cron=1752959078.0149450302124023437500 HTTP/1.1" 200 - "-" "WordPress/6.8.2; https://kraft-court.cafe"
57.141.2.18 - - [19/Jul/2025:21:04:36 +0000] "GET /?x=7871918051800& HTTP/1.1" 301 - "-" "meta-externalagent/1.1 (+https://developers.facebook.com/docs/sharing/webmasters/crawler)"
209.74.77.214 - - [19/Jul/2025:21:06:02 +0000] "POST /wp-cron.php?doing_wp_cron=1752959162.3815500736236572265625 HTTP/1.1" 200 - "-" "WordPress/6.8.2; https://kraft-court.cafe"
57.141.2.25 - - [19/Jul/2025:21:06:00 +0000] "GET /?x=52048479051800& HTTP/1.1" 301 - "-" "meta-externalagent/1.1 (+https://developers.facebook.com/docs/sharing/webmasters/crawler)"
57.141.2.16 - - [19/Jul/2025:21:06:06 +0000] "GET /?x=100781097021800& HTTP/1.1" 301 - "-" "meta-externalagent/1.1 (+https://developers.facebook.com/docs/sharing/webmasters/crawler)"
57.141.2.20 - - [19/Jul/2025:21:06:08 +0000] "GET /detail/1296744439.htm HTTP/1.1" 404 - "-" "meta-externalagent/1.1 (+https://developers.facebook.com/docs/sharing/webmasters/crawler)"
57.141.2.3 - - [19/Jul/2025:21:06:24 +0000] "GET /?x=52048479051800 HTTP/1.1" 200 5469 "-" "meta-externalagent/1.1 (+https://developers.facebook.com/docs/sharing/webmasters/crawler)"
209.74.77.214 - - [19/Jul/2025:21:06:53 +0000] "POST /wp-cron.php?doing_wp_cron=1752959213.6594979763031005859375 HTTP/1.1" 200 - "-" "WordPress/6.8.2; https://kraft-court.cafe"
57.141.2.23 - - [19/Jul/2025:21:06:53 +0000] "GET /?x=100781097021800 HTTP/1.1" 200 5471 "-" "meta-externalagent/1.1 (+https://developers.facebook.com/docs/sharing/webmasters/crawler)"
57.141.2.26 - - [19/Jul/2025:21:07:30 +0000] "GET /?x=92439687011800& HTTP/1.1" 301 - "-" "meta-externalagent/1.1 (+https://developers.facebook.com/docs/sharing/webmasters/crawler)"
209.74.77.214 - - [19/Jul/2025:21:07:48 +0000] "POST /wp-cron.php?doing_wp_cron=1752959268.0518980026245117187500 HTTP/1.1" 200 - "-" "WordPress/6.8.2; https://kraft-court.cafe"
57.141.2.14 - - [19/Jul/2025:21:07:47 +0000] "GET /?x=92439687011800 HTTP/1.1" 200 5469 "-" "meta-externalagent/1.1 (+https://developers.facebook.com/docs/sharing/webmasters/crawler)"
170.106.113.235 - - [19/Jul/2025:21:08:24 +0000] "GET / HTTP/1.1" 200 1849 "http://kraft-court.cafe" "Mozilla/5.0 (iPhone; CPU iPhone OS 13_2_3 like Mac OS X) AppleWebKit/605.1.15 (KHTML, like Gecko) Version/13.0.3 Mobile/15E148 Safari/604.1"
57.141.2.29 - - [19/Jul/2025:21:09:51 +0000] "GET /?x=77305002041800& HTTP/1.1" 301 - "-" "meta-externalagent/1.1 (+https://developers.facebook.com/docs/sharing/webmasters/crawler)"
209.74.77.214 - - [19/Jul/2025:21:09:52 +0000] "POST /wp-cron.php?doing_wp_cron=1752959392.8397150039672851562500 HTTP/1.1" 200 - "-" "WordPress/6.8.2; https://kraft-court.cafe"
57.141.2.23 - - [19/Jul/2025:21:09:51 +0000] "GET /?x=58092688021800& HTTP/1.1" 301 - "-" "meta-externalagent/1.1 (+https://developers.facebook.com/docs/sharing/webmasters/crawler)"
57.141.2.8 - - [19/Jul/2025:21:10:15 +0000] "GET /?x=58092688021800 HTTP/1.1" 200 5469 "-" "meta-externalagent/1.1 (+https://developers.facebook.com/docs/sharing/webmasters/crawler)"
209.74.77.214 - - [19/Jul/2025:21:10:53 +0000] "POST /wp-cron.php?doing_wp_cron=1752959453.6831789016723632812500 HTTP/1.1" 200 - "-" "WordPress/6.8.2; https://kraft-court.cafe"
57.141.2.1 - - [19/Jul/2025:21:10:52 +0000] "GET /?x=77305002041800 HTTP/1.1" 200 5469 "-" "meta-externalagent/1.1 (+https://developers.facebook.com/docs/sharing/webmasters/crawler)"
57.141.2.26 - - [19/Jul/2025:21:11:08 +0000] "GET /?x=4582189011800& HTTP/1.1" 301 - "-" "meta-externalagent/1.1 (+https://developers.facebook.com/docs/sharing/webmasters/crawler)"
209.74.77.214 - - [19/Jul/2025:21:11:34 +0000] "POST /wp-cron.php?doing_wp_cron=1752959494.6934669017791748046875 HTTP/1.1" 200 - "-" "WordPress/6.8.2; https://kraft-court.cafe"
57.141.2.14 - - [19/Jul/2025:21:11:34 +0000] "GET /?x=48336196011800& HTTP/1.1" 301 - "-" "meta-externalagent/1.1 (+https://developers.facebook.com/docs/sharing/webmasters/crawler)"
209.74.77.214 - - [19/Jul/2025:21:14:27 +0000] "POST /wp-cron.php?doing_wp_cron=1752959667.9224960803985595703125 HTTP/1.1" 200 - "-" "WordPress/6.8.2; https://kraft-court.cafe"
57.141.2.15 - - [19/Jul/2025:21:14:26 +0000] "GET /?x=104530418011800& HTTP/1.1" 301 - "-" "meta-externalagent/1.1 (+https://developers.facebook.com/docs/sharing/webmasters/crawler)"
57.141.2.13 - - [19/Jul/2025:21:14:30 +0000] "GET /?x=99520899001800& HTTP/1.1" 301 - "-" "meta-externalagent/1.1 (+https://developers.facebook.com/docs/sharing/webmasters/crawler)"
209.74.77.214 - - [19/Jul/2025:21:16:31 +0000] "POST /wp-cron.php?doing_wp_cron=1752959791.8759379386901855468750 HTTP/1.1" 200 - "-" "WordPress/6.8.2; https://kraft-court.cafe"
57.141.2.18 - - [19/Jul/2025:21:16:30 +0000] "GET /?x=106164810021800& HTTP/1.1" 301 - "-" "meta-externalagent/1.1 (+https://developers.facebook.com/docs/sharing/webmasters/crawler)"
51.68.111.203 - - [19/Jul/2025:21:20:16 +0000] "GET /robots.txt HTTP/1.1" 200 107 "-" "Mozilla/5.0 (compatible; MJ12bot/v2.0.2; http://mj12bot.com/)"
51.68.111.203 - - [19/Jul/2025:21:20:16 +0000] "GET / HTTP/1.1" 200 1849 "-" "Mozilla/5.0 (compatible; MJ12bot/v2.0.2; http://mj12bot.com/)"
51.68.111.203 - - [19/Jul/2025:21:20:16 +0000] "GET / HTTP/1.1" 200 1849 "-" "Mozilla/5.0 (compatible; MJ12bot/v2.0.2; http://mj12bot.com/)"
209.74.77.214 - - [19/Jul/2025:21:21:10 +0000] "POST /wp-cron.php?doing_wp_cron=1752960070.0344719886779785156250 HTTP/1.1" 200 - "-" "WordPress/6.8.2; https://kraft-court.cafe"
57.141.2.18 - - [19/Jul/2025:21:21:08 +0000] "GET /?x=54301164081800& HTTP/1.1" 301 - "-" "meta-externalagent/1.1 (+https://developers.facebook.com/docs/sharing/webmasters/crawler)"
209.74.77.214 - - [19/Jul/2025:21:21:57 +0000] "POST /wp-cron.php?doing_wp_cron=1752960117.5016140937805175781250 HTTP/1.1" 200 - "-" "WordPress/6.8.2; https://kraft-court.cafe"
209.74.77.214 - - [19/Jul/2025:21:21:57 +0000] "POST /wp-cron.php?doing_wp_cron=1752960117.5014328956604003906250 HTTP/1.1" 200 - "-" "WordPress/6.8.2; https://kraft-court.cafe"
57.141.2.15 - - [19/Jul/2025:21:21:56 +0000] "GET /?x=111032676011800& HTTP/1.1" 301 - "-" "meta-externalagent/1.1 (+https://developers.facebook.com/docs/sharing/webmasters/crawler)"
43.135.133.241 - - [19/Jul/2025:21:21:56 +0000] "GET /xmlrpc.php HTTP/1.1" 405 60 "-" "Mozilla/5.0 (iPhone; CPU iPhone OS 13_2_3 like Mac OS X) AppleWebKit/605.1.15 (KHTML, like Gecko) Version/13.0.3 Mobile/15E148 Safari/604.1"
209.74.77.214 - - [19/Jul/2025:21:25:27 +0000] "POST /wp-cron.php?doing_wp_cron=1752960327.5680630207061767578125 HTTP/1.1" 200 - "-" "WordPress/6.8.2; https://kraft-court.cafe"
57.141.2.29 - - [19/Jul/2025:21:25:26 +0000] "GET /?x=115684230011800& HTTP/1.1" 301 - "-" "meta-externalagent/1.1 (+https://developers.facebook.com/docs/sharing/webmasters/crawler)"
209.74.77.214 - - [19/Jul/2025:21:28:31 +0000] "POST /wp-cron.php?doing_wp_cron=1752960511.7803440093994140625000 HTTP/1.1" 200 - "-" "WordPress/6.8.2; https://kraft-court.cafe"
57.141.2.5 - - [19/Jul/2025:21:28:30 +0000] "GET /?x=4590649011800& HTTP/1.1" 301 - "-" "meta-externalagent/1.1 (+https://developers.facebook.com/docs/sharing/webmasters/crawler)"
209.74.77.214 - - [19/Jul/2025:21:29:44 +0000] "POST /wp-cron.php?doing_wp_cron=1752960584.3854188919067382812500 HTTP/1.1" 200 - "-" "WordPress/6.8.2; https://kraft-court.cafe"
57.141.2.11 - - [19/Jul/2025:21:29:42 +0000] "GET /?x=51046549031800& HTTP/1.1" 301 - "-" "meta-externalagent/1.1 (+https://developers.facebook.com/docs/sharing/webmasters/crawler)"
57.141.2.4 - - [19/Jul/2025:21:29:58 +0000] "GET /?x=51046549031800 HTTP/1.1" 200 5469 "-" "meta-externalagent/1.1 (+https://developers.facebook.com/docs/sharing/webmasters/crawler)"
209.74.77.214 - - [19/Jul/2025:21:31:18 +0000] "POST /wp-cron.php?doing_wp_cron=1752960678.7592549324035644531250 HTTP/1.1" 200 - "-" "WordPress/6.8.2; https://kraft-court.cafe"
57.141.2.25 - - [19/Jul/2025:21:31:17 +0000] "GET /?x=16777490041800& HTTP/1.1" 301 - "-" "meta-externalagent/1.1 (+https://developers.facebook.com/docs/sharing/webmasters/crawler)"
57.141.2.4 - - [19/Jul/2025:21:32:55 +0000] "GET /detail/1297190536.htm HTTP/1.1" 404 - "-" "meta-externalagent/1.1 (+https://developers.facebook.com/docs/sharing/webmasters/crawler)"
209.74.77.214 - - [19/Jul/2025:21:33:03 +0000] "POST /wp-cron.php?doing_wp_cron=1752960783.7228250503540039062500 HTTP/1.1" 200 - "-" "WordPress/6.8.2; https://kraft-court.cafe"
57.141.2.27 - - [19/Jul/2025:21:33:02 +0000] "GET /?x=33789688031800& HTTP/1.1" 301 - "-" "meta-externalagent/1.1 (+https://developers.facebook.com/docs/sharing/webmasters/crawler)"
57.141.2.18 - - [19/Jul/2025:21:33:05 +0000] "GET /detail/1297387155.htm HTTP/1.1" 404 - "-" "meta-externalagent/1.1 (+https://developers.facebook.com/docs/sharing/webmasters/crawler)"
57.141.2.9 - - [19/Jul/2025:21:33:08 +0000] "GET /detail/1296836008.htm HTTP/1.1" 404 - "-" "meta-externalagent/1.1 (+https://developers.facebook.com/docs/sharing/webmasters/crawler)"
57.141.2.24 - - [19/Jul/2025:21:33:09 +0000] "GET /?x=33789688031800 HTTP/1.1" 200 5469 "-" "meta-externalagent/1.1 (+https://developers.facebook.com/docs/sharing/webmasters/crawler)"
57.141.2.29 - - [19/Jul/2025:21:33:30 +0000] "GET /?x=101703263001800& HTTP/1.1" 301 - "-" "meta-externalagent/1.1 (+https://developers.facebook.com/docs/sharing/webmasters/crawler)"
209.74.77.214 - - [19/Jul/2025:21:33:39 +0000] "POST /wp-cron.php?doing_wp_cron=1752960819.8926560878753662109375 HTTP/1.1" 200 - "-" "WordPress/6.8.2; https://kraft-court.cafe"
43.133.139.6 - - [19/Jul/2025:21:33:39 +0000] "GET /wp-login.php?action=lostpassword HTTP/1.1" 200 1070 "-" "Mozilla/5.0 (iPhone; CPU iPhone OS 13_2_3 like Mac OS X) AppleWebKit/605.1.15 (KHTML, like Gecko) Version/13.0.3 Mobile/15E148 Safari/604.1"
209.74.77.214 - - [19/Jul/2025:21:36:13 +0000] "POST /wp-cron.php?doing_wp_cron=1752960973.9135029315948486328125 HTTP/1.1" 200 - "-" "WordPress/6.8.2; https://kraft-court.cafe"
57.141.2.8 - - [19/Jul/2025:21:36:12 +0000] "GET /?x=69900646061800& HTTP/1.1" 301 - "-" "meta-externalagent/1.1 (+https://developers.facebook.com/docs/sharing/webmasters/crawler)"
57.141.2.14 - - [19/Jul/2025:21:36:18 +0000] "GET /?x=69900646061800 HTTP/1.1" 200 5469 "-" "meta-externalagent/1.1 (+https://developers.facebook.com/docs/sharing/webmasters/crawler)"
209.74.77.214 - - [19/Jul/2025:21:36:35 +0000] "POST /wp-cron.php?doing_wp_cron=1752960995.6277630329132080078125 HTTP/1.1" 200 - "-" "WordPress/6.8.2; https://kraft-court.cafe"
57.141.2.1 - - [19/Jul/2025:21:36:35 +0000] "GET /?x=52079856031800& HTTP/1.1" 301 - "-" "meta-externalagent/1.1 (+https://developers.facebook.com/docs/sharing/webmasters/crawler)"
45.227.253.15 - - [19/Jul/2025:21:37:57 +0000] "GET /index.php/jk HTTP/1.1" 200 59 "-" "Mozilla/5.0 (Windows NT 10.0; Win64; x64) AppleWebKit/537.36 (KHTML, like Gecko) Chrome/75.0.3780 Safari/537.36 Edg/75.0.139"
209.74.77.214 - - [19/Jul/2025:21:38:47 +0000] "POST /wp-cron.php?doing_wp_cron=1752961127.1857669353485107421875 HTTP/1.1" 200 - "-" "WordPress/6.8.2; https://kraft-court.cafe"
57.141.2.21 - - [19/Jul/2025:21:38:45 +0000] "GET /?x=88377793011800& HTTP/1.1" 301 - "-" "meta-externalagent/1.1 (+https://developers.facebook.com/docs/sharing/webmasters/crawler)"
57.141.2.21 - - [19/Jul/2025:21:39:18 +0000] "GET /?x=88377793011800 HTTP/1.1" 200 5469 "-" "meta-externalagent/1.1 (+https://developers.facebook.com/docs/sharing/webmasters/crawler)"
209.74.77.214 - - [19/Jul/2025:21:40:08 +0000] "POST /wp-cron.php?doing_wp_cron=1752961208.8753039836883544921875 HTTP/1.1" 200 - "-" "WordPress/6.8.2; https://kraft-court.cafe"
57.141.2.19 - - [19/Jul/2025:21:40:07 +0000] "GET /?x=20536819011800& HTTP/1.1" 301 - "-" "meta-externalagent/1.1 (+https://developers.facebook.com/docs/sharing/webmasters/crawler)"
57.141.2.15 - - [19/Jul/2025:21:40:22 +0000] "GET /?x=7054130011800& HTTP/1.1" 301 - "-" "meta-externalagent/1.1 (+https://developers.facebook.com/docs/sharing/webmasters/crawler)"
57.141.2.22 - - [19/Jul/2025:21:40:30 +0000] "GET /?x=114008362071800& HTTP/1.1" 301 - "-" "meta-externalagent/1.1 (+https://developers.facebook.com/docs/sharing/webmasters/crawler)"
209.74.77.214 - - [19/Jul/2025:21:41:05 +0000] "POST /wp-cron.php?doing_wp_cron=1752961265.8512539863586425781250 HTTP/1.1" 200 - "-" "WordPress/6.8.2; https://kraft-court.cafe"
57.141.2.25 - - [19/Jul/2025:21:41:04 +0000] "GET /?x=20536819011800 HTTP/1.1" 200 5469 "-" "meta-externalagent/1.1 (+https://developers.facebook.com/docs/sharing/webmasters/crawler)"
57.141.2.26 - - [19/Jul/2025:21:41:09 +0000] "GET /detail/2211863209.htm HTTP/1.1" 404 - "-" "meta-externalagent/1.1 (+https://developers.facebook.com/docs/sharing/webmasters/crawler)"
209.74.77.214 - - [19/Jul/2025:21:41:49 +0000] "POST /wp-cron.php?doing_wp_cron=1752961309.2563729286193847656250 HTTP/1.1" 200 - "-" "WordPress/6.8.2; https://kraft-court.cafe"
57.141.2.23 - - [19/Jul/2025:21:41:47 +0000] "GET /?x=111632820041800& HTTP/1.1" 301 - "-" "meta-externalagent/1.1 (+https://developers.facebook.com/docs/sharing/webmasters/crawler)"
57.141.2.1 - - [19/Jul/2025:21:41:51 +0000] "GET /?x=96931017041800& HTTP/1.1" 301 - "-" "meta-externalagent/1.1 (+https://developers.facebook.com/docs/sharing/webmasters/crawler)"
57.141.2.25 - - [19/Jul/2025:21:42:21 +0000] "GET /?x=111632820041800 HTTP/1.1" 200 5471 "-" "meta-externalagent/1.1 (+https://developers.facebook.com/docs/sharing/webmasters/crawler)"
209.74.77.214 - - [19/Jul/2025:21:43:39 +0000] "POST /wp-cron.php?doing_wp_cron=1752961419.1344439983367919921875 HTTP/1.1" 200 - "-" "WordPress/6.8.2; https://kraft-court.cafe"
57.141.2.30 - - [19/Jul/2025:21:43:37 +0000] "GET /?x=4750981021800& HTTP/1.1" 301 - "-" "meta-externalagent/1.1 (+https://developers.facebook.com/docs/sharing/webmasters/crawler)"
209.74.77.214 - - [19/Jul/2025:21:44:01 +0000] "POST /wp-cron.php?doing_wp_cron=1752961441.9036068916320800781250 HTTP/1.1" 200 - "-" "WordPress/6.8.2; https://kraft-court.cafe"
57.141.2.8 - - [19/Jul/2025:21:44:01 +0000] "GET /?x=45026254011800& HTTP/1.1" 301 - "-" "meta-externalagent/1.1 (+https://developers.facebook.com/docs/sharing/webmasters/crawler)"
209.74.77.214 - - [19/Jul/2025:21:45:00 +0000] "POST /wp-cron.php?doing_wp_cron=1752961500.2740199565887451171875 HTTP/1.1" 200 - "-" "WordPress/6.8.2; https://kraft-court.cafe"
57.141.2.30 - - [19/Jul/2025:21:44:59 +0000] "GET /?x=119346173011800& HTTP/1.1" 301 - "-" "meta-externalagent/1.1 (+https://developers.facebook.com/docs/sharing/webmasters/crawler)"
57.141.2.24 - - [19/Jul/2025:21:45:23 +0000] "GET /?x=90120620001800& HTTP/1.1" 301 - "-" "meta-externalagent/1.1 (+https://developers.facebook.com/docs/sharing/webmasters/crawler)"
209.74.77.214 - - [19/Jul/2025:21:45:42 +0000] "POST /wp-cron.php?doing_wp_cron=1752961542.0097029209136962890625 HTTP/1.1" 200 - "-" "WordPress/6.8.2; https://kraft-court.cafe"
57.141.2.10 - - [19/Jul/2025:21:45:41 +0000] "GET /?x=99354557051800& HTTP/1.1" 301 - "-" "meta-externalagent/1.1 (+https://developers.facebook.com/docs/sharing/webmasters/crawler)"
209.74.77.214 - - [19/Jul/2025:21:45:48 +0000] "POST /wp-cron.php?doing_wp_cron=1752961548.5851900577545166015625 HTTP/1.1" 200 - "-" "WordPress/6.8.2; https://kraft-court.cafe"
57.141.2.16 - - [19/Jul/2025:21:45:48 +0000] "GET /?x=99354557051800 HTTP/1.1" 200 5469 "-" "meta-externalagent/1.1 (+https://developers.facebook.com/docs/sharing/webmasters/crawler)"
57.141.2.11 - - [19/Jul/2025:21:45:57 +0000] "GET /?x=90120620001800 HTTP/1.1" 200 5469 "-" "meta-externalagent/1.1 (+https://developers.facebook.com/docs/sharing/webmasters/crawler)"
209.74.77.214 - - [19/Jul/2025:21:48:11 +0000] "POST /wp-cron.php?doing_wp_cron=1752961691.5162329673767089843750 HTTP/1.1" 200 - "-" "WordPress/6.8.2; https://kraft-court.cafe"
43.130.116.87 - - [19/Jul/2025:21:48:10 +0000] "GET /wp-login.php HTTP/1.1" 200 1835 "-" "Mozilla/5.0 (iPhone; CPU iPhone OS 13_2_3 like Mac OS X) AppleWebKit/605.1.15 (KHTML, like Gecko) Version/13.0.3 Mobile/15E148 Safari/604.1"
57.141.2.1 - - [19/Jul/2025:21:48:24 +0000] "GET /?x=96055406111800& HTTP/1.1" 301 - "-" "meta-externalagent/1.1 (+https://developers.facebook.com/docs/sharing/webmasters/crawler)"
209.74.77.214 - - [19/Jul/2025:21:53:44 +0000] "POST /wp-cron.php?doing_wp_cron=1752962024.7124619483947753906250 HTTP/1.1" 200 - "-" "WordPress/6.8.2; https://kraft-court.cafe"
57.141.2.19 - - [19/Jul/2025:21:53:43 +0000] "GET /?x=17772662051800& HTTP/1.1" 301 - "-" "meta-externalagent/1.1 (+https://developers.facebook.com/docs/sharing/webmasters/crawler)"
209.74.77.214 - - [19/Jul/2025:21:57:43 +0000] "POST /wp-cron.php?doing_wp_cron=1752962263.1494069099426269531250 HTTP/1.1" 200 - "-" "WordPress/6.8.2; https://kraft-court.cafe"
57.141.2.10 - - [19/Jul/2025:21:57:41 +0000] "GET /?x=95469442021800& HTTP/1.1" 301 - "-" "meta-externalagent/1.1 (+https://developers.facebook.com/docs/sharing/webmasters/crawler)"
209.74.77.214 - - [19/Jul/2025:21:58:27 +0000] "POST /wp-cron.php?doing_wp_cron=1752962307.6439321041107177734375 HTTP/1.1" 200 - "-" "WordPress/6.8.2; https://kraft-court.cafe"
57.141.2.1 - - [19/Jul/2025:21:58:26 +0000] "GET /?x=46130415071800& HTTP/1.1" 301 - "-" "meta-externalagent/1.1 (+https://developers.facebook.com/docs/sharing/webmasters/crawler)"
209.74.77.214 - - [19/Jul/2025:21:58:37 +0000] "POST /wp-cron.php?doing_wp_cron=1752962317.7724421024322509765625 HTTP/1.1" 200 - "-" "WordPress/6.8.2; https://kraft-court.cafe"
57.141.2.30 - - [19/Jul/2025:21:58:37 +0000] "GET /?x=96501521111800& HTTP/1.1" 301 - "-" "meta-externalagent/1.1 (+https://developers.facebook.com/docs/sharing/webmasters/crawler)"
209.74.77.214 - - [19/Jul/2025:21:58:48 +0000] "POST /wp-cron.php?doing_wp_cron=1752962328.1612949371337890625000 HTTP/1.1" 200 - "-" "WordPress/6.8.2; https://kraft-court.cafe"
57.141.2.5 - - [19/Jul/2025:21:58:47 +0000] "GET /?x=96501521111800 HTTP/1.1" 200 5469 "-" "meta-externalagent/1.1 (+https://developers.facebook.com/docs/sharing/webmasters/crawler)"
57.141.2.18 - - [19/Jul/2025:21:58:51 +0000] "GET /?x=114286330011800& HTTP/1.1" 301 - "-" "meta-externalagent/1.1 (+https://developers.facebook.com/docs/sharing/webmasters/crawler)"
209.74.77.214 - - [19/Jul/2025:22:00:13 +0000] "POST /wp-cron.php?doing_wp_cron=1752962413.1303420066833496093750 HTTP/1.1" 200 - "-" "WordPress/6.8.2; https://kraft-court.cafe"
57.141.2.6 - - [19/Jul/2025:22:00:11 +0000] "GET /?x=39759803021800& HTTP/1.1" 301 - "-" "meta-externalagent/1.1 (+https://developers.facebook.com/docs/sharing/webmasters/crawler)"
209.74.77.214 - - [19/Jul/2025:22:02:15 +0000] "POST /wp-cron.php?doing_wp_cron=1752962535.5144379138946533203125 HTTP/1.1" 200 - "-" "WordPress/6.8.2; https://kraft-court.cafe"
43.159.128.155 - - [19/Jul/2025:22:02:12 +0000] "GET /wp-admin/ HTTP/1.1" 302 - "-" "Mozilla/5.0 (iPhone; CPU iPhone OS 13_2_3 like Mac OS X) AppleWebKit/605.1.15 (KHTML, like Gecko) Version/13.0.3 Mobile/15E148 Safari/604.1"
43.159.128.155 - - [19/Jul/2025:22:02:17 +0000] "GET /wp-login.php?redirect_to=https%3A%2F%2Fkraft-court.cafe%2Fwp-admin%2F&reauth=1 HTTP/1.1" 200 1835 "https://kraft-court.cafe/wp-admin/" "Mozilla/5.0 (iPhone; CPU iPhone OS 13_2_3 like Mac OS X) AppleWebKit/605.1.15 (KHTML, like Gecko) Version/13.0.3 Mobile/15E148 Safari/604.1"
209.74.77.214 - - [19/Jul/2025:22:03:35 +0000] "POST /wp-cron.php?doing_wp_cron=1752962615.0513079166412353515625 HTTP/1.1" 200 - "-" "WordPress/6.8.2; https://kraft-court.cafe"
57.141.2.4 - - [19/Jul/2025:22:03:33 +0000] "GET /?x=28616913071800& HTTP/1.1" 301 - "-" "meta-externalagent/1.1 (+https://developers.facebook.com/docs/sharing/webmasters/crawler)"
209.74.77.214 - - [19/Jul/2025:22:03:44 +0000] "POST /wp-cron.php?doing_wp_cron=1752962624.9272329807281494140625 HTTP/1.1" 200 - "-" "WordPress/6.8.2; https://kraft-court.cafe"
57.141.2.21 - - [19/Jul/2025:22:03:44 +0000] "GET /?x=30868744021800& HTTP/1.1" 301 - "-" "meta-externalagent/1.1 (+https://developers.facebook.com/docs/sharing/webmasters/crawler)"
209.74.77.214 - - [19/Jul/2025:22:04:46 +0000] "POST /wp-cron.php?doing_wp_cron=1752962686.7341170310974121093750 HTTP/1.1" 200 - "-" "WordPress/6.8.2; https://kraft-court.cafe"
57.141.2.29 - - [19/Jul/2025:22:04:45 +0000] "GET /?x=22488202091800& HTTP/1.1" 301 - "-" "meta-externalagent/1.1 (+https://developers.facebook.com/docs/sharing/webmasters/crawler)"
209.74.77.214 - - [19/Jul/2025:22:08:08 +0000] "POST /wp-cron.php?doing_wp_cron=1752962888.4456100463867187500000 HTTP/1.1" 200 - "-" "WordPress/6.8.2; https://kraft-court.cafe"
57.141.2.4 - - [19/Jul/2025:22:08:07 +0000] "GET /?x=93125276101800& HTTP/1.1" 301 - "-" "meta-externalagent/1.1 (+https://developers.facebook.com/docs/sharing/webmasters/crawler)"
57.141.2.21 - - [19/Jul/2025:22:08:14 +0000] "GET /?x=111029226041800& HTTP/1.1" 301 - "-" "meta-externalagent/1.1 (+https://developers.facebook.com/docs/sharing/webmasters/crawler)"
57.141.2.8 - - [19/Jul/2025:22:08:59 +0000] "GET /detail/1297308780.htm HTTP/1.1" 404 - "-" "meta-externalagent/1.1 (+https://developers.facebook.com/docs/sharing/webmasters/crawler)"
209.74.77.214 - - [19/Jul/2025:22:12:50 +0000] "POST /wp-cron.php?doing_wp_cron=1752963170.3272519111633300781250 HTTP/1.1" 200 - "-" "WordPress/6.8.2; https://kraft-court.cafe"
57.141.2.26 - - [19/Jul/2025:22:12:48 +0000] "GET /?x=91312042061800& HTTP/1.1" 301 - "-" "meta-externalagent/1.1 (+https://developers.facebook.com/docs/sharing/webmasters/crawler)"
209.74.77.214 - - [19/Jul/2025:22:14:09 +0000] "POST /wp-cron.php?doing_wp_cron=1752963249.4462740421295166015625 HTTP/1.1" 200 - "-" "WordPress/6.8.2; https://kraft-court.cafe"
57.141.2.21 - - [19/Jul/2025:22:14:08 +0000] "GET /?x=25246991001800& HTTP/1.1" 301 - "-" "meta-externalagent/1.1 (+https://developers.facebook.com/docs/sharing/webmasters/crawler)"
198.235.24.145 - - [19/Jul/2025:22:14:28 +0000] "GET / HTTP/1.1" 200 5435 "http://209.74.77.214:80/" "-"
209.74.77.214 - - [19/Jul/2025:22:15:17 +0000] "POST /wp-cron.php?doing_wp_cron=1752963317.6693220138549804687500 HTTP/1.1" 200 - "-" "WordPress/6.8.2; https://kraft-court.cafe"
57.141.2.22 - - [19/Jul/2025:22:15:16 +0000] "GET /?x=102439151051800& HTTP/1.1" 301 - "-" "meta-externalagent/1.1 (+https://developers.facebook.com/docs/sharing/webmasters/crawler)"
57.141.2.14 - - [19/Jul/2025:22:15:36 +0000] "GET /detail/2211617982.htm HTTP/1.1" 404 - "-" "meta-externalagent/1.1 (+https://developers.facebook.com/docs/sharing/webmasters/crawler)"
43.131.39.179 - - [19/Jul/2025:22:16:53 +0000] "GET / HTTP/1.1" 200 1849 "http://www.kraft-court.cafe" "Mozilla/5.0 (iPhone; CPU iPhone OS 13_2_3 like Mac OS X) AppleWebKit/605.1.15 (KHTML, like Gecko) Version/13.0.3 Mobile/15E148 Safari/604.1"
209.74.77.214 - - [19/Jul/2025:22:18:38 +0000] "POST /wp-cron.php?doing_wp_cron=1752963518.4623980522155761718750 HTTP/1.1" 200 - "-" "WordPress/6.8.2; https://kraft-court.cafe"
57.141.2.19 - - [19/Jul/2025:22:18:37 +0000] "GET /?x=92723554121800& HTTP/1.1" 301 - "-" "meta-externalagent/1.1 (+https://developers.facebook.com/docs/sharing/webmasters/crawler)"
209.74.77.214 - - [19/Jul/2025:22:20:21 +0000] "POST /wp-cron.php?doing_wp_cron=1752963621.7150599956512451171875 HTTP/1.1" 200 - "-" "WordPress/6.8.2; https://kraft-court.cafe"
57.141.2.19 - - [19/Jul/2025:22:20:20 +0000] "GET /?x=34460073071800& HTTP/1.1" 301 - "-" "meta-externalagent/1.1 (+https://developers.facebook.com/docs/sharing/webmasters/crawler)"
209.74.77.214 - - [19/Jul/2025:22:20:42 +0000] "POST /wp-cron.php?doing_wp_cron=1752963642.8602759838104248046875 HTTP/1.1" 200 - "-" "WordPress/6.8.2; https://kraft-court.cafe"
57.141.2.10 - - [19/Jul/2025:22:20:42 +0000] "GET /?x=34460073071800 HTTP/1.1" 200 5469 "-" "meta-externalagent/1.1 (+https://developers.facebook.com/docs/sharing/webmasters/crawler)"
209.74.77.214 - - [19/Jul/2025:22:21:27 +0000] "POST /wp-cron.php?doing_wp_cron=1752963687.1921520233154296875000 HTTP/1.1" 200 - "-" "WordPress/6.8.2; https://kraft-court.cafe"
57.141.2.30 - - [19/Jul/2025:22:21:25 +0000] "GET /?x=52882878091800& HTTP/1.1" 301 - "-" "meta-externalagent/1.1 (+https://developers.facebook.com/docs/sharing/webmasters/crawler)"
66.249.65.37 - - [19/Jul/2025:22:22:15 +0000] "GET /?x=35047282091800&mod=39027dfa&uri=dp.php?detail/839556776.htm HTTP/1.1" 200 19576 "-" "Mozilla/5.0 (Linux; Android 6.0.1; Nexus 5X Build/MMB29P) AppleWebKit/537.36 (KHTML, like Gecko) Chrome/137.0.7151.103 Mobile Safari/537.36 (compatible; Googlebot/2.1; +http://www.google.com/bot.html)"
209.74.77.214 - - [19/Jul/2025:22:26:32 +0000] "POST /wp-cron.php?doing_wp_cron=1752963992.8246319293975830078125 HTTP/1.1" 200 - "-" "WordPress/6.8.2; https://kraft-court.cafe"
57.141.2.29 - - [19/Jul/2025:22:26:31 +0000] "GET /?x=91068943021800& HTTP/1.1" 301 - "-" "meta-externalagent/1.1 (+https://developers.facebook.com/docs/sharing/webmasters/crawler)"
209.74.77.214 - - [19/Jul/2025:22:27:08 +0000] "POST /wp-cron.php?doing_wp_cron=1752964028.6612470149993896484375 HTTP/1.1" 200 - "-" "WordPress/6.8.2; https://kraft-court.cafe"
57.141.2.26 - - [19/Jul/2025:22:27:07 +0000] "GET /?x=98246242001800& HTTP/1.1" 301 - "-" "meta-externalagent/1.1 (+https://developers.facebook.com/docs/sharing/webmasters/crawler)"
223.15.245.170 - - [19/Jul/2025:22:27:10 +0000] "GET / HTTP/1.1" 200 1849 "http://www.kraft-court.cafe" "Mozilla/5.0 (iPhone; CPU iPhone OS 13_2_3 like Mac OS X) AppleWebKit/605.1.15 (KHTML, like Gecko) Version/13.0.3 Mobile/15E148 Safari/604.1"
209.74.77.214 - - [19/Jul/2025:22:29:07 +0000] "POST /wp-cron.php?doing_wp_cron=1752964147.3943769931793212890625 HTTP/1.1" 200 - "-" "WordPress/6.8.2; https://kraft-court.cafe"
57.141.2.28 - - [19/Jul/2025:22:29:06 +0000] "GET /?x=106553692021800& HTTP/1.1" 301 - "-" "meta-externalagent/1.1 (+https://developers.facebook.com/docs/sharing/webmasters/crawler)"
209.74.77.214 - - [19/Jul/2025:22:31:25 +0000] "POST /wp-cron.php?doing_wp_cron=1752964285.6757869720458984375000 HTTP/1.1" 200 - "-" "WordPress/6.8.2; https://kraft-court.cafe"
57.141.2.28 - - [19/Jul/2025:22:31:24 +0000] "GET /?x=9228321131800& HTTP/1.1" 301 - "-" "meta-externalagent/1.1 (+https://developers.facebook.com/docs/sharing/webmasters/crawler)"
57.141.2.14 - - [19/Jul/2025:22:31:28 +0000] "GET /?x=92977400041800& HTTP/1.1" 301 - "-" "meta-externalagent/1.1 (+https://developers.facebook.com/docs/sharing/webmasters/crawler)"
209.74.77.214 - - [19/Jul/2025:22:31:45 +0000] "POST /wp-cron.php?doing_wp_cron=1752964305.8111419677734375000000 HTTP/1.1" 200 - "-" "WordPress/6.8.2; https://kraft-court.cafe"
