57.141.2.9 - - [19/Jul/2025:16:39:39 +0000] "GET /detail/2211780455.htm HTTP/1.1" 404 - "-" "meta-externalagent/1.1 (+https://developers.facebook.com/docs/sharing/webmasters/crawler)"
66.249.65.37 - - [19/Jul/2025:16:39:52 +0000] "GET /?x=47301468071800&mod=48584348&uri=us.php?detail/55586294.htm HTTP/1.1" 200 19405 "-" "Mozilla/5.0 (Linux; Android 6.0.1; Nexus 5X Build/MMB29P) AppleWebKit/537.36 (KHTML, like Gecko) Chrome/137.0.7151.103 Mobile Safari/537.36 (compatible; Googlebot/2.1; +http://www.google.com/bot.html)"
209.74.77.214 - - [19/Jul/2025:16:40:22 +0000] "POST /wp-cron.php?doing_wp_cron=1752943222.1705889701843261718750 HTTP/1.1" 200 - "-" "WordPress/6.8.2; https://kraft-court.cafe"
57.141.2.26 - - [19/Jul/2025:16:40:21 +0000] "GET /?x=22823671001800& HTTP/1.1" 301 - "-" "meta-externalagent/1.1 (+https://developers.facebook.com/docs/sharing/webmasters/crawler)"
209.74.77.214 - - [19/Jul/2025:16:40:47 +0000] "POST /wp-cron.php?doing_wp_cron=1752943247.8493230342864990234375 HTTP/1.1" 200 - "-" "WordPress/6.8.2; https://kraft-court.cafe"
57.141.2.4 - - [19/Jul/2025:16:40:47 +0000] "GET /?x=22823671001800 HTTP/1.1" 200 5469 "-" "meta-externalagent/1.1 (+https://developers.facebook.com/docs/sharing/webmasters/crawler)"
66.249.65.35 - - [19/Jul/2025:16:43:43 +0000] "GET /?x=47301468071800&mod=48584348&uri=us.php?detail/47652263.htm HTTP/1.1" 200 18550 "-" "Mozilla/5.0 (Linux; Android 6.0.1; Nexus 5X Build/MMB29P) AppleWebKit/537.36 (KHTML, like Gecko) Chrome/137.0.7151.103 Mobile Safari/537.36 (compatible; Googlebot/2.1; +http://www.google.com/bot.html)"
209.74.77.214 - - [19/Jul/2025:16:44:52 +0000] "POST /wp-cron.php?doing_wp_cron=1752943492.8337929248809814453125 HTTP/1.1" 200 - "-" "WordPress/6.8.2; https://kraft-court.cafe"
57.141.2.24 - - [19/Jul/2025:16:44:51 +0000] "GET /?x=91617913021800& HTTP/1.1" 301 - "-" "meta-externalagent/1.1 (+https://developers.facebook.com/docs/sharing/webmasters/crawler)"
209.74.77.214 - - [19/Jul/2025:16:47:28 +0000] "POST /wp-cron.php?doing_wp_cron=1752943648.0550689697265625000000 HTTP/1.1" 200 - "-" "WordPress/6.8.2; https://kraft-court.cafe"
57.141.2.21 - - [19/Jul/2025:16:47:26 +0000] "GET /?x=88518078011800& HTTP/1.1" 301 - "-" "meta-externalagent/1.1 (+https://developers.facebook.com/docs/sharing/webmasters/crawler)"
66.249.65.35 - - [19/Jul/2025:16:47:31 +0000] "GET /?x=47301468071800&mod=48584348&uri=us.php?detail/47634049.htm HTTP/1.1" 200 19357 "-" "Mozilla/5.0 (Linux; Android 6.0.1; Nexus 5X Build/MMB29P) AppleWebKit/537.36 (KHTML, like Gecko) Chrome/137.0.7151.103 Mobile Safari/537.36 (compatible; Googlebot/2.1; +http://www.google.com/bot.html)"
209.74.77.214 - - [19/Jul/2025:16:47:34 +0000] "POST /wp-cron.php?doing_wp_cron=1752943654.1855859756469726562500 HTTP/1.1" 200 - "-" "WordPress/6.8.2; https://kraft-court.cafe"
57.141.2.7 - - [19/Jul/2025:16:47:33 +0000] "GET /?x=88518078011800 HTTP/1.1" 200 5469 "-" "meta-externalagent/1.1 (+https://developers.facebook.com/docs/sharing/webmasters/crawler)"
111.119.246.165 - - [19/Jul/2025:16:47:39 +0000] "GET /?mod=5da713a6&uri=category-info.php%3Fid%3D186169-304%26name%3Dseahorse%20charms&x=5576622051800 HTTP/1.1" 200 1935 "https://kraft-court.cafe/?mod=5da713a6&uri=category-info.php%3Fid%3D186169-304%26name%3Dseahorse%20charms&x=5576622051800" "Mozilla/5.0 (Macintosh; Intel Mac OS X 10_15_7) AppleWebKit/537.36 (KHTML, like Gecko) Chrome/123.0.0.0 Safari/537.36"
57.141.2.30 - - [19/Jul/2025:16:47:43 +0000] "GET /?x=54579903061800& HTTP/1.1" 301 - "-" "meta-externalagent/1.1 (+https://developers.facebook.com/docs/sharing/webmasters/crawler)"
209.74.77.214 - - [19/Jul/2025:16:48:06 +0000] "POST /wp-cron.php?doing_wp_cron=1752943686.2311830520629882812500 HTTP/1.1" 200 - "-" "WordPress/6.8.2; https://kraft-court.cafe"
57.141.2.19 - - [19/Jul/2025:16:48:06 +0000] "GET /?x=54579903061800 HTTP/1.1" 200 5469 "-" "meta-externalagent/1.1 (+https://developers.facebook.com/docs/sharing/webmasters/crawler)"
209.74.77.214 - - [19/Jul/2025:16:50:29 +0000] "POST /wp-cron.php?doing_wp_cron=1752943829.4379179477691650390625 HTTP/1.1" 200 - "-" "WordPress/6.8.2; https://kraft-court.cafe"
57.141.2.1 - - [19/Jul/2025:16:50:28 +0000] "GET /?x=13121517071800& HTTP/1.1" 301 - "-" "meta-externalagent/1.1 (+https://developers.facebook.com/docs/sharing/webmasters/crawler)"
66.249.65.36 - - [19/Jul/2025:16:51:20 +0000] "GET /?x=55302044071800&mod=decc2e06&uri=form.php?detail/50853380.htm HTTP/1.1" 200 19127 "-" "Mozilla/5.0 (Linux; Android 6.0.1; Nexus 5X Build/MMB29P) AppleWebKit/537.36 (KHTML, like Gecko) Chrome/137.0.7151.103 Mobile Safari/537.36 (compatible; Googlebot/2.1; +http://www.google.com/bot.html)"
66.249.65.37 - - [19/Jul/2025:16:51:21 +0000] "GET /?x=47301468071800&mod=48584348&uri=us.php?detail/50692675.htm HTTP/1.1" 200 19011 "-" "Mozilla/5.0 (Linux; Android 6.0.1; Nexus 5X Build/MMB29P) AppleWebKit/537.36 (KHTML, like Gecko) Chrome/137.0.7151.103 Mobile Safari/537.36 (compatible; Googlebot/2.1; +http://www.google.com/bot.html)"
209.74.77.214 - - [19/Jul/2025:16:51:24 +0000] "POST /wp-cron.php?doing_wp_cron=1752943884.3356730937957763671875 HTTP/1.1" 200 - "-" "WordPress/6.8.2; https://kraft-court.cafe"
57.141.2.21 - - [19/Jul/2025:16:51:23 +0000] "GET /?x=94820924021800& HTTP/1.1" 301 - "-" "meta-externalagent/1.1 (+https://developers.facebook.com/docs/sharing/webmasters/crawler)"
209.74.77.214 - - [19/Jul/2025:16:51:34 +0000] "POST /wp-cron.php?doing_wp_cron=1752943894.3212800025939941406250 HTTP/1.1" 200 - "-" "WordPress/6.8.2; https://kraft-court.cafe"
57.141.2.21 - - [19/Jul/2025:16:51:34 +0000] "GET /?x=94820924021800 HTTP/1.1" 200 5469 "-" "meta-externalagent/1.1 (+https://developers.facebook.com/docs/sharing/webmasters/crawler)"
66.249.65.35 - - [19/Jul/2025:16:54:15 +0000] "GET /?x=55302044071800&mod=decc2e06&uri=form.php?detail/50833116.htm HTTP/1.1" 200 19177 "-" "Mozilla/5.0 (Linux; Android 6.0.1; Nexus 5X Build/MMB29P) AppleWebKit/537.36 (KHTML, like Gecko) Chrome/137.0.7151.103 Mobile Safari/537.36 (compatible; Googlebot/2.1; +http://www.google.com/bot.html)"
66.249.65.35 - - [19/Jul/2025:16:54:17 +0000] "POST /get-message-notify HTTP/1.1" 404 - "https://kraft-court.cafe/?x=55302044071800&mod=decc2e06&uri=form.php?detail/50833116.htm" "Mozilla/5.0 (Linux; Android 6.0.1; Nexus 5X Build/MMB29P) AppleWebKit/537.36 (KHTML, like Gecko) Chrome/137.0.7151.119 Mobile Safari/537.36 (compatible; Googlebot/2.1; +http://www.google.com/bot.html)"
209.74.77.214 - - [19/Jul/2025:16:54:21 +0000] "POST /wp-cron.php?doing_wp_cron=1752944061.0495200157165527343750 HTTP/1.1" 200 - "-" "WordPress/6.8.2; https://kraft-court.cafe"
57.141.2.4 - - [19/Jul/2025:16:54:20 +0000] "GET /?x=52826901001800& HTTP/1.1" 301 - "-" "meta-externalagent/1.1 (+https://developers.facebook.com/docs/sharing/webmasters/crawler)"
57.141.2.7 - - [19/Jul/2025:16:54:25 +0000] "GET /?x=31187131041800& HTTP/1.1" 301 - "-" "meta-externalagent/1.1 (+https://developers.facebook.com/docs/sharing/webmasters/crawler)"
57.141.2.30 - - [19/Jul/2025:16:54:31 +0000] "GET /?x=52826901001800 HTTP/1.1" 200 5469 "-" "meta-externalagent/1.1 (+https://developers.facebook.com/docs/sharing/webmasters/crawler)"
66.249.65.36 - - [19/Jul/2025:16:55:11 +0000] "GET /?x=47301468071800&mod=48584348&uri=us.php?detail/47635062.htm HTTP/1.1" 200 19561 "-" "Mozilla/5.0 (Linux; Android 6.0.1; Nexus 5X Build/MMB29P) AppleWebKit/537.36 (KHTML, like Gecko) Chrome/137.0.7151.103 Mobile Safari/537.36 (compatible; Googlebot/2.1; +http://www.google.com/bot.html)"
209.74.77.214 - - [19/Jul/2025:16:55:16 +0000] "POST /wp-cron.php?doing_wp_cron=1752944116.7116119861602783203125 HTTP/1.1" 200 - "-" "WordPress/6.8.2; https://kraft-court.cafe"
57.141.2.20 - - [19/Jul/2025:16:55:16 +0000] "GET /?x=22586144011800& HTTP/1.1" 301 - "-" "meta-externalagent/1.1 (+https://developers.facebook.com/docs/sharing/webmasters/crawler)"
57.141.2.29 - - [19/Jul/2025:16:55:27 +0000] "GET /?x=22586144011800 HTTP/1.1" 200 5469 "-" "meta-externalagent/1.1 (+https://developers.facebook.com/docs/sharing/webmasters/crawler)"
209.74.77.214 - - [19/Jul/2025:16:56:09 +0000] "POST /wp-cron.php?doing_wp_cron=1752944169.4687271118164062500000 HTTP/1.1" 200 - "-" "WordPress/6.8.2; https://kraft-court.cafe"
57.141.2.27 - - [19/Jul/2025:16:56:08 +0000] "GET /?x=39096026061800& HTTP/1.1" 301 - "-" "meta-externalagent/1.1 (+https://developers.facebook.com/docs/sharing/webmasters/crawler)"
57.141.2.22 - - [19/Jul/2025:16:56:22 +0000] "GET /?x=39096026061800 HTTP/1.1" 200 5469 "-" "meta-externalagent/1.1 (+https://developers.facebook.com/docs/sharing/webmasters/crawler)"
66.249.65.36 - - [19/Jul/2025:16:57:09 +0000] "GET /?x=47565580001800&mod=b7b16ecf&uri=info.php?product/edit/K16332970 HTTP/1.1" 200 19491 "-" "Mozilla/5.0 (Linux; Android 6.0.1; Nexus 5X Build/MMB29P) AppleWebKit/537.36 (KHTML, like Gecko) Chrome/137.0.7151.103 Mobile Safari/537.36 (compatible; Googlebot/2.1; +http://www.google.com/bot.html)"
209.74.77.214 - - [19/Jul/2025:16:59:00 +0000] "POST /wp-cron.php?doing_wp_cron=1752944340.1222429275512695312500 HTTP/1.1" 200 - "-" "WordPress/6.8.2; https://kraft-court.cafe"
57.141.2.15 - - [19/Jul/2025:16:58:58 +0000] "GET /?x=55970875081800& HTTP/1.1" 301 - "-" "meta-externalagent/1.1 (+https://developers.facebook.com/docs/sharing/webmasters/crawler)"
66.249.65.37 - - [19/Jul/2025:16:59:01 +0000] "GET /?x=6309795041800&mod=0d0fd7c6&uri=shared.php?product/edit/K3336870121 HTTP/1.1" 200 18978 "-" "Mozilla/5.0 (Linux; Android 6.0.1; Nexus 5X Build/MMB29P) AppleWebKit/537.36 (KHTML, like Gecko) Chrome/137.0.7151.103 Mobile Safari/537.36 (compatible; Googlebot/2.1; +http://www.google.com/bot.html)"
66.249.65.36 - - [19/Jul/2025:16:59:41 +0000] "POST /get-message-notify HTTP/1.1" 404 - "https://kraft-court.cafe/?x=6309795041800&mod=0d0fd7c6&uri=shared.php?product/edit/K3336870121" "Mozilla/5.0 (Linux; Android 6.0.1; Nexus 5X Build/MMB29P) AppleWebKit/537.36 (KHTML, like Gecko) Chrome/137.0.7151.119 Mobile Safari/537.36 (compatible; Googlebot/2.1; +http://www.google.com/bot.html)"
209.74.77.214 - - [19/Jul/2025:17:00:57 +0000] "POST /wp-cron.php?doing_wp_cron=1752944457.6925110816955566406250 HTTP/1.1" 200 - "-" "WordPress/6.8.2; https://kraft-court.cafe"
57.141.2.19 - - [19/Jul/2025:17:00:56 +0000] "GET /?x=72756450091800& HTTP/1.1" 301 - "-" "meta-externalagent/1.1 (+https://developers.facebook.com/docs/sharing/webmasters/crawler)"
209.74.77.214 - - [19/Jul/2025:17:02:50 +0000] "POST /wp-cron.php?doing_wp_cron=1752944570.5845730304718017578125 HTTP/1.1" 200 - "-" "WordPress/6.8.2; https://kraft-court.cafe"
57.141.2.4 - - [19/Jul/2025:17:02:48 +0000] "GET /?x=71276458051800& HTTP/1.1" 301 - "-" "meta-externalagent/1.1 (+https://developers.facebook.com/docs/sharing/webmasters/crawler)"
66.249.65.35 - - [19/Jul/2025:17:02:51 +0000] "GET /?x=55302044071800&mod=decc2e06&uri=form.php?detail/4419064.htm HTTP/1.1" 200 19612 "-" "Mozilla/5.0 (Linux; Android 6.0.1; Nexus 5X Build/MMB29P) AppleWebKit/537.36 (KHTML, like Gecko) Chrome/137.0.7151.103 Mobile Safari/537.36 (compatible; Googlebot/2.1; +http://www.google.com/bot.html)"
57.141.2.23 - - [19/Jul/2025:17:03:08 +0000] "GET /detail/2211950817.htm HTTP/1.1" 404 - "-" "meta-externalagent/1.1 (+https://developers.facebook.com/docs/sharing/webmasters/crawler)"
57.141.2.26 - - [19/Jul/2025:17:03:10 +0000] "GET /detail/2212026292.htm HTTP/1.1" 404 - "-" "meta-externalagent/1.1 (+https://developers.facebook.com/docs/sharing/webmasters/crawler)"
209.74.77.214 - - [19/Jul/2025:17:03:10 +0000] "POST /wp-cron.php?doing_wp_cron=1752944590.5397870540618896484375 HTTP/1.1" 200 - "-" "WordPress/6.8.2; https://kraft-court.cafe"
57.141.2.20 - - [19/Jul/2025:17:03:10 +0000] "GET /?x=71276458051800 HTTP/1.1" 200 5469 "-" "meta-externalagent/1.1 (+https://developers.facebook.com/docs/sharing/webmasters/crawler)"
209.74.77.214 - - [19/Jul/2025:17:05:16 +0000] "POST /wp-cron.php?doing_wp_cron=1752944716.2201149463653564453125 HTTP/1.1" 200 - "-" "WordPress/6.8.2; https://kraft-court.cafe"
57.141.2.9 - - [19/Jul/2025:17:05:14 +0000] "GET /?x=112159796101800& HTTP/1.1" 301 - "-" "meta-externalagent/1.1 (+https://developers.facebook.com/docs/sharing/webmasters/crawler)"
57.141.2.4 - - [19/Jul/2025:17:05:16 +0000] "GET /?x=61044004021800& HTTP/1.1" 301 - "-" "meta-externalagent/1.1 (+https://developers.facebook.com/docs/sharing/webmasters/crawler)"
57.141.2.22 - - [19/Jul/2025:17:05:22 +0000] "GET /?x=61044004021800 HTTP/1.1" 200 5469 "-" "meta-externalagent/1.1 (+https://developers.facebook.com/docs/sharing/webmasters/crawler)"
66.249.65.37 - - [19/Jul/2025:17:05:51 +0000] "GET /?x=47301468071800&mod=48584348&uri=us.php?detail/4443201.htm HTTP/1.1" 200 19624 "-" "Mozilla/5.0 (Linux; Android 6.0.1; Nexus 5X Build/MMB29P) AppleWebKit/537.36 (KHTML, like Gecko) Chrome/137.0.7151.103 Mobile Safari/537.36 (compatible; Googlebot/2.1; +http://www.google.com/bot.html)"
209.74.77.214 - - [19/Jul/2025:17:06:01 +0000] "POST /wp-cron.php?doing_wp_cron=1752944761.6071770191192626953125 HTTP/1.1" 200 - "-" "WordPress/6.8.2; https://kraft-court.cafe"
57.141.2.1 - - [19/Jul/2025:17:06:01 +0000] "GET /?x=101843724001800& HTTP/1.1" 301 - "-" "meta-externalagent/1.1 (+https://developers.facebook.com/docs/sharing/webmasters/crawler)"
209.74.77.214 - - [19/Jul/2025:17:06:37 +0000] "POST /wp-cron.php?doing_wp_cron=1752944797.9061880111694335937500 HTTP/1.1" 200 - "-" "WordPress/6.8.2; https://kraft-court.cafe"
57.141.2.6 - - [19/Jul/2025:17:06:36 +0000] "GET /?x=25015995001800& HTTP/1.1" 301 - "-" "meta-externalagent/1.1 (+https://developers.facebook.com/docs/sharing/webmasters/crawler)"
66.249.65.36 - - [19/Jul/2025:17:06:40 +0000] "GET /?x=47301468071800&mod=48584348&uri=us.php?detail/50265330.htm HTTP/1.1" 200 18934 "-" "Mozilla/5.0 (Linux; Android 6.0.1; Nexus 5X Build/MMB29P) AppleWebKit/537.36 (KHTML, like Gecko) Chrome/137.0.7151.103 Mobile Safari/537.36 (compatible; Googlebot/2.1; +http://www.google.com/bot.html)"
209.74.77.214 - - [19/Jul/2025:17:06:45 +0000] "POST /wp-cron.php?doing_wp_cron=1752944805.2196490764617919921875 HTTP/1.1" 200 - "-" "WordPress/6.8.2; https://kraft-court.cafe"
57.141.2.19 - - [19/Jul/2025:17:06:45 +0000] "GET /?x=25015995001800 HTTP/1.1" 200 5469 "-" "meta-externalagent/1.1 (+https://developers.facebook.com/docs/sharing/webmasters/crawler)"
66.249.65.36 - - [19/Jul/2025:17:06:45 +0000] "POST /get-message-notify HTTP/1.1" 404 - "https://kraft-court.cafe/?x=47301468071800&mod=48584348&uri=us.php?detail/50265330.htm" "Mozilla/5.0 (Linux; Android 6.0.1; Nexus 5X Build/MMB29P) AppleWebKit/537.36 (KHTML, like Gecko) Chrome/137.0.7151.119 Mobile Safari/537.36 (compatible; Googlebot/2.1; +http://www.google.com/bot.html)"
209.74.77.214 - - [19/Jul/2025:17:08:18 +0000] "POST /wp-cron.php?doing_wp_cron=1752944898.4279639720916748046875 HTTP/1.1" 200 - "-" "WordPress/6.8.2; https://kraft-court.cafe"
57.141.2.30 - - [19/Jul/2025:17:08:17 +0000] "GET /?x=17814334011800& HTTP/1.1" 301 - "-" "meta-externalagent/1.1 (+https://developers.facebook.com/docs/sharing/webmasters/crawler)"
66.249.65.35 - - [19/Jul/2025:17:08:45 +0000] "GET /?x=6309795041800&mod=0d0fd7c6&uri=shared.php?detail/51759857.htm HTTP/1.1" 200 18838 "-" "Mozilla/5.0 (Linux; Android 6.0.1; Nexus 5X Build/MMB29P) AppleWebKit/537.36 (KHTML, like Gecko) Chrome/137.0.7151.103 Mobile Safari/537.36 (compatible; Googlebot/2.1; +http://www.google.com/bot.html)"
209.74.77.214 - - [19/Jul/2025:17:08:59 +0000] "POST /wp-cron.php?doing_wp_cron=1752944939.7452969551086425781250 HTTP/1.1" 200 - "-" "WordPress/6.8.2; https://kraft-court.cafe"
57.141.2.23 - - [19/Jul/2025:17:08:59 +0000] "GET /?x=17814334011800 HTTP/1.1" 200 5469 "-" "meta-externalagent/1.1 (+https://developers.facebook.com/docs/sharing/webmasters/crawler)"
57.141.2.26 - - [19/Jul/2025:17:09:28 +0000] "GET /?x=97661163041800& HTTP/1.1" 301 - "-" "meta-externalagent/1.1 (+https://developers.facebook.com/docs/sharing/webmasters/crawler)"
66.249.65.37 - - [19/Jul/2025:17:09:28 +0000] "POST /get-message-notify HTTP/1.1" 404 - "https://kraft-court.cafe/?x=6309795041800&mod=0d0fd7c6&uri=shared.php?detail/51759857.htm" "Mozilla/5.0 (Linux; Android 6.0.1; Nexus 5X Build/MMB29P) AppleWebKit/537.36 (KHTML, like Gecko) Chrome/137.0.7151.119 Mobile Safari/537.36 (compatible; Googlebot/2.1; +http://www.google.com/bot.html)"
209.74.77.214 - - [19/Jul/2025:17:10:38 +0000] "POST /wp-cron.php?doing_wp_cron=1752945038.6077330112457275390625 HTTP/1.1" 200 - "-" "WordPress/6.8.2; https://kraft-court.cafe"
57.141.2.3 - - [19/Jul/2025:17:10:36 +0000] "GET /?x=28907036051800& HTTP/1.1" 301 - "-" "meta-externalagent/1.1 (+https://developers.facebook.com/docs/sharing/webmasters/crawler)"
209.74.77.214 - - [19/Jul/2025:17:10:58 +0000] "POST /wp-cron.php?doing_wp_cron=1752945058.4611029624938964843750 HTTP/1.1" 200 - "-" "WordPress/6.8.2; https://kraft-court.cafe"
57.141.2.8 - - [19/Jul/2025:17:10:58 +0000] "GET /?x=28907036051800 HTTP/1.1" 200 5469 "-" "meta-externalagent/1.1 (+https://developers.facebook.com/docs/sharing/webmasters/crawler)"
57.141.2.15 - - [19/Jul/2025:17:12:59 +0000] "GET /detail/1297353789.htm HTTP/1.1" 404 - "-" "meta-externalagent/1.1 (+https://developers.facebook.com/docs/sharing/webmasters/crawler)"
209.74.77.214 - - [19/Jul/2025:17:13:09 +0000] "POST /wp-cron.php?doing_wp_cron=1752945189.0316131114959716796875 HTTP/1.1" 200 - "-" "WordPress/6.8.2; https://kraft-court.cafe"
57.141.2.5 - - [19/Jul/2025:17:13:07 +0000] "GET /?x=54235826051800& HTTP/1.1" 301 - "-" "meta-externalagent/1.1 (+https://developers.facebook.com/docs/sharing/webmasters/crawler)"
209.74.77.214 - - [19/Jul/2025:17:13:57 +0000] "POST /wp-cron.php?doing_wp_cron=1752945237.4788429737091064453125 HTTP/1.1" 200 - "-" "WordPress/6.8.2; https://kraft-court.cafe"
57.141.2.15 - - [19/Jul/2025:17:13:56 +0000] "GET /?x=104581422041800& HTTP/1.1" 301 - "-" "meta-externalagent/1.1 (+https://developers.facebook.com/docs/sharing/webmasters/crawler)"
57.141.2.18 - - [19/Jul/2025:17:14:15 +0000] "GET /?x=104581422041800 HTTP/1.1" 200 5471 "-" "meta-externalagent/1.1 (+https://developers.facebook.com/docs/sharing/webmasters/crawler)"
57.141.2.5 - - [19/Jul/2025:17:14:22 +0000] "GET /?x=54235826051800 HTTP/1.1" 200 5469 "-" "meta-externalagent/1.1 (+https://developers.facebook.com/docs/sharing/webmasters/crawler)"
57.141.2.16 - - [19/Jul/2025:17:17:26 +0000] "GET /detail/2211630372.htm HTTP/1.1" 404 - "-" "meta-externalagent/1.1 (+https://developers.facebook.com/docs/sharing/webmasters/crawler)"
209.74.77.214 - - [19/Jul/2025:17:17:33 +0000] "POST /wp-cron.php?doing_wp_cron=1752945453.7374920845031738281250 HTTP/1.1" 200 - "-" "WordPress/6.8.2; https://kraft-court.cafe"
57.141.2.9 - - [19/Jul/2025:17:17:31 +0000] "GET /?x=78278465081800& HTTP/1.1" 301 - "-" "meta-externalagent/1.1 (+https://developers.facebook.com/docs/sharing/webmasters/crawler)"
57.141.2.25 - - [19/Jul/2025:17:17:35 +0000] "GET /detail/2211935375.htm HTTP/1.1" 404 - "-" "meta-externalagent/1.1 (+https://developers.facebook.com/docs/sharing/webmasters/crawler)"
209.74.77.214 - - [19/Jul/2025:17:20:46 +0000] "POST /wp-cron.php?doing_wp_cron=1752945646.6027469635009765625000 HTTP/1.1" 200 - "-" "WordPress/6.8.2; https://kraft-court.cafe"
57.141.2.5 - - [19/Jul/2025:17:20:45 +0000] "GET /?x=70990153041800& HTTP/1.1" 301 - "-" "meta-externalagent/1.1 (+https://developers.facebook.com/docs/sharing/webmasters/crawler)"
209.74.77.214 - - [19/Jul/2025:17:21:34 +0000] "POST /wp-cron.php?doing_wp_cron=1752945694.2389750480651855468750 HTTP/1.1" 200 - "-" "WordPress/6.8.2; https://kraft-court.cafe"
57.141.2.8 - - [19/Jul/2025:17:21:32 +0000] "GET /?x=103559423041800& HTTP/1.1" 301 - "-" "meta-externalagent/1.1 (+https://developers.facebook.com/docs/sharing/webmasters/crawler)"
209.74.77.214 - - [19/Jul/2025:17:21:49 +0000] "POST /wp-cron.php?doing_wp_cron=1752945709.6468529701232910156250 HTTP/1.1" 200 - "-" "WordPress/6.8.2; https://kraft-court.cafe"
57.141.2.30 - - [19/Jul/2025:17:21:49 +0000] "GET /?x=103559423041800 HTTP/1.1" 200 5471 "-" "meta-externalagent/1.1 (+https://developers.facebook.com/docs/sharing/webmasters/crawler)"
57.141.2.4 - - [19/Jul/2025:17:21:55 +0000] "GET /?x=95909959051800& HTTP/1.1" 301 - "-" "meta-externalagent/1.1 (+https://developers.facebook.com/docs/sharing/webmasters/crawler)"
57.141.2.15 - - [19/Jul/2025:17:22:07 +0000] "GET /?x=95909959051800 HTTP/1.1" 200 5469 "-" "meta-externalagent/1.1 (+https://developers.facebook.com/docs/sharing/webmasters/crawler)"
57.141.2.1 - - [19/Jul/2025:17:22:27 +0000] "GET /detail/2212209937.htm HTTP/1.1" 404 - "-" "meta-externalagent/1.1 (+https://developers.facebook.com/docs/sharing/webmasters/crawler)"
209.74.77.214 - - [19/Jul/2025:17:22:41 +0000] "POST /wp-cron.php?doing_wp_cron=1752945761.1339669227600097656250 HTTP/1.1" 200 - "-" "WordPress/6.8.2; https://kraft-court.cafe"
57.141.2.22 - - [19/Jul/2025:17:22:40 +0000] "GET /?x=61499270051800& HTTP/1.1" 301 - "-" "meta-externalagent/1.1 (+https://developers.facebook.com/docs/sharing/webmasters/crawler)"
57.141.2.12 - - [19/Jul/2025:17:22:52 +0000] "GET /detail/1297214737.htm HTTP/1.1" 404 - "-" "meta-externalagent/1.1 (+https://developers.facebook.com/docs/sharing/webmasters/crawler)"
66.249.65.35 - - [19/Jul/2025:17:24:00 +0000] "GET /?x=86624053041800&mod=5901fe64&uri=products.php%3Fid%3D2890776-404%26name%3Ddenny+rose+2021+primavera+estate HTTP/1.1" 200 18458 "-" "Mozilla/5.0 (Linux; Android 6.0.1; Nexus 5X Build/MMB29P) AppleWebKit/537.36 (KHTML, like Gecko) Chrome/137.0.7151.103 Mobile Safari/537.36 (compatible; Googlebot/2.1; +http://www.google.com/bot.html)"
66.249.65.35 - - [19/Jul/2025:17:26:54 +0000] "GET /?x=47301468071800&mod=48584348&uri=us.php?detail/51196499.htm HTTP/1.1" 200 18615 "-" "Mozilla/5.0 (Linux; Android 6.0.1; Nexus 5X Build/MMB29P) AppleWebKit/537.36 (KHTML, like Gecko) Chrome/137.0.7151.103 Mobile Safari/537.36 (compatible; Googlebot/2.1; +http://www.google.com/bot.html)"
209.74.77.214 - - [19/Jul/2025:17:29:05 +0000] "POST /wp-cron.php?doing_wp_cron=1752946145.7365980148315429687500 HTTP/1.1" 200 - "-" "WordPress/6.8.2; https://kraft-court.cafe"
172.182.213.204 - - [19/Jul/2025:17:29:04 +0000] "GET /?mod=f34185c4&uri=products.php%3Fid%3D198082-343%26name%3Dtarget+credenza&x=5931701001800 HTTP/1.1" 301 - "-" "Mozilla/5.0 (Macintosh; Intel Mac OS X 10_15_7) AppleWebKit/537.36 (KHTML, like Gecko) Chrome/131.0.0.0 Safari/537.36; compatible; OAI-SearchBot/1.0; +https://openai.com/searchbot"
172.182.213.204 - - [19/Jul/2025:17:29:05 +0000] "GET /?mod=f34185c4&uri=products.php%3Fid%3D198082-343%26name%3Dtarget%20credenza&x=5931701001800 HTTP/1.1" 200 1933 "-" "Mozilla/5.0 (Macintosh; Intel Mac OS X 10_15_7) AppleWebKit/537.36 (KHTML, like Gecko) Chrome/131.0.0.0 Safari/537.36; compatible; OAI-SearchBot/1.0; +https://openai.com/searchbot"
66.249.65.37 - - [19/Jul/2025:17:29:47 +0000] "GET /?x=35047282091800&mod=39027dfa&uri=dp.php?detail/839515448.htm HTTP/1.1" 200 19142 "-" "Mozilla/5.0 (Linux; Android 6.0.1; Nexus 5X Build/MMB29P) AppleWebKit/537.36 (KHTML, like Gecko) Chrome/137.0.7151.103 Mobile Safari/537.36 (compatible; Googlebot/2.1; +http://www.google.com/bot.html)"
209.74.77.214 - - [19/Jul/2025:17:30:08 +0000] "POST /wp-cron.php?doing_wp_cron=1752946208.6323189735412597656250 HTTP/1.1" 200 - "-" "WordPress/6.8.2; https://kraft-court.cafe"
57.141.2.20 - - [19/Jul/2025:17:30:07 +0000] "GET /?x=25017135111800& HTTP/1.1" 301 - "-" "meta-externalagent/1.1 (+https://developers.facebook.com/docs/sharing/webmasters/crawler)"
209.74.77.214 - - [19/Jul/2025:17:30:40 +0000] "POST /wp-cron.php?doing_wp_cron=1752946240.0305910110473632812500 HTTP/1.1" 200 - "-" "WordPress/6.8.2; https://kraft-court.cafe"
57.141.2.30 - - [19/Jul/2025:17:30:39 +0000] "GET /?x=77421940071800& HTTP/1.1" 301 - "-" "meta-externalagent/1.1 (+https://developers.facebook.com/docs/sharing/webmasters/crawler)"
209.74.77.214 - - [19/Jul/2025:17:30:49 +0000] "POST /wp-cron.php?doing_wp_cron=1752946248.9960939884185791015625 HTTP/1.1" 200 - "-" "WordPress/6.8.2; https://kraft-court.cafe"
57.141.2.18 - - [19/Jul/2025:17:30:48 +0000] "GET /?x=77421940071800 HTTP/1.1" 200 5469 "-" "meta-externalagent/1.1 (+https://developers.facebook.com/docs/sharing/webmasters/crawler)"
57.141.2.23 - - [19/Jul/2025:17:30:57 +0000] "GET /?x=28900979031800& HTTP/1.1" 301 - "-" "meta-externalagent/1.1 (+https://developers.facebook.com/docs/sharing/webmasters/crawler)"
66.249.65.37 - - [19/Jul/2025:17:31:08 +0000] "GET /?x=59724743071800&mod=9854d7af&uri=news.php?hobby/boardgame/index.html HTTP/1.1" 200 19542 "-" "Mozilla/5.0 (Linux; Android 6.0.1; Nexus 5X Build/MMB29P) AppleWebKit/537.36 (KHTML, like Gecko) Chrome/137.0.7151.103 Mobile Safari/537.36 (compatible; Googlebot/2.1; +http://www.google.com/bot.html)"
66.249.65.35 - - [19/Jul/2025:17:31:11 +0000] "POST /get-message-notify HTTP/1.1" 404 - "https://kraft-court.cafe/?x=59724743071800&mod=9854d7af&uri=news.php?hobby/boardgame/index.html" "Mozilla/5.0 (Linux; Android 6.0.1; Nexus 5X Build/MMB29P) AppleWebKit/537.36 (KHTML, like Gecko) Chrome/137.0.7151.119 Mobile Safari/537.36 (compatible; Googlebot/2.1; +http://www.google.com/bot.html)"
45.227.253.15 - - [19/Jul/2025:17:32:32 +0000] "GET /wp-includes/css/dist/widgets/widgets/index.php?ARRAY=7o2230223n313735323935303036302p2231223n22687474703n5p2s5p2s7n7334383376313373752r746s6566612r626p6s675p2s3s6p633q7068705s636s64655s6n6326743q313735323934363436302q3635663166616164623263323833666630646362366266383439366262373934222p2232223n226134656562363330613663623862626237333238313836393237653834303935222p2233223n226638613531633563383166656138353739393038393634373032363437643264222p2262696r675s70617373223n2233302q33362q35322q36372q37382q38392q3135227q HTTP/1.1" 200 102 "-" "Mozilla/5.0 (iPhone; CPU iPhone OS 13_4 like Mac OS X) AppleWebKit/605.1.15 (KHTML, like Gecko) Version/13.4.4 Mobile/15E148 Safari/604.1"
209.74.77.214 - - [19/Jul/2025:17:33:42 +0000] "POST /wp-cron.php?doing_wp_cron=1752946422.5766370296478271484375 HTTP/1.1" 200 - "-" "WordPress/6.8.2; https://kraft-court.cafe"
57.141.2.19 - - [19/Jul/2025:17:33:41 +0000] "GET /?x=112196014031800& HTTP/1.1" 301 - "-" "meta-externalagent/1.1 (+https://developers.facebook.com/docs/sharing/webmasters/crawler)"
209.74.77.214 - - [19/Jul/2025:17:34:25 +0000] "POST /wp-cron.php?doing_wp_cron=1752946465.1782391071319580078125 HTTP/1.1" 200 - "-" "WordPress/6.8.2; https://kraft-court.cafe"
57.141.2.7 - - [19/Jul/2025:17:34:24 +0000] "GET /?x=30489004111800& HTTP/1.1" 301 - "-" "meta-externalagent/1.1 (+https://developers.facebook.com/docs/sharing/webmasters/crawler)"
57.141.2.3 - - [19/Jul/2025:17:34:29 +0000] "GET /?x=30489004111800 HTTP/1.1" 200 5469 "-" "meta-externalagent/1.1 (+https://developers.facebook.com/docs/sharing/webmasters/crawler)"
209.74.77.214 - - [19/Jul/2025:17:36:06 +0000] "POST /wp-cron.php?doing_wp_cron=1752946566.7890388965606689453125 HTTP/1.1" 200 - "-" "WordPress/6.8.2; https://kraft-court.cafe"
57.141.2.18 - - [19/Jul/2025:17:36:05 +0000] "GET /?x=37175857071800& HTTP/1.1" 301 - "-" "meta-externalagent/1.1 (+https://developers.facebook.com/docs/sharing/webmasters/crawler)"
57.141.2.28 - - [19/Jul/2025:17:36:16 +0000] "GET /?x=37175857071800 HTTP/1.1" 200 5469 "-" "meta-externalagent/1.1 (+https://developers.facebook.com/docs/sharing/webmasters/crawler)"
209.74.77.214 - - [19/Jul/2025:17:37:10 +0000] "POST /wp-cron.php?doing_wp_cron=1752946630.9389789104461669921875 HTTP/1.1" 200 - "-" "WordPress/6.8.2; https://kraft-court.cafe"
57.141.2.14 - - [19/Jul/2025:17:37:09 +0000] "GET /?x=112296647041800& HTTP/1.1" 301 - "-" "meta-externalagent/1.1 (+https://developers.facebook.com/docs/sharing/webmasters/crawler)"
209.74.77.214 - - [19/Jul/2025:17:39:05 +0000] "POST /wp-cron.php?doing_wp_cron=1752946745.3814620971679687500000 HTTP/1.1" 200 - "-" "WordPress/6.8.2; https://kraft-court.cafe"
57.141.2.13 - - [19/Jul/2025:17:39:03 +0000] "GET /?x=87517180001800& HTTP/1.1" 301 - "-" "meta-externalagent/1.1 (+https://developers.facebook.com/docs/sharing/webmasters/crawler)"
57.141.2.28 - - [19/Jul/2025:17:39:07 +0000] "GET /?x=56241838051800& HTTP/1.1" 301 - "-" "meta-externalagent/1.1 (+https://developers.facebook.com/docs/sharing/webmasters/crawler)"
57.141.2.24 - - [19/Jul/2025:17:39:10 +0000] "GET /?x=56241838051800 HTTP/1.1" 200 5469 "-" "meta-externalagent/1.1 (+https://developers.facebook.com/docs/sharing/webmasters/crawler)"
66.249.65.36 - - [19/Jul/2025:17:40:47 +0000] "GET /?x=119722543071800&mod=faefec47&uri=pin.php?detail/2921451.htm HTTP/1.1" 200 19292 "-" "Mozilla/5.0 (Linux; Android 6.0.1; Nexus 5X Build/MMB29P) AppleWebKit/537.36 (KHTML, like Gecko) Chrome/137.0.7151.103 Mobile Safari/537.36 (compatible; Googlebot/2.1; +http://www.google.com/bot.html)"
66.249.65.36 - - [19/Jul/2025:17:42:31 +0000] "GET /?x=59724743071800&mod=9854d7af&uri=news.php?feature/honten/index.html HTTP/1.1" 200 18741 "-" "Mozilla/5.0 (Linux; Android 6.0.1; Nexus 5X Build/MMB29P) AppleWebKit/537.36 (KHTML, like Gecko) Chrome/137.0.7151.103 Mobile Safari/537.36 (compatible; Googlebot/2.1; +http://www.google.com/bot.html)"
209.74.77.214 - - [19/Jul/2025:17:43:53 +0000] "POST /wp-cron.php?doing_wp_cron=1752947033.8151950836181640625000 HTTP/1.1" 200 - "-" "WordPress/6.8.2; https://kraft-court.cafe"
57.141.2.13 - - [19/Jul/2025:17:43:52 +0000] "GET /?x=89448499141800& HTTP/1.1" 301 - "-" "meta-externalagent/1.1 (+https://developers.facebook.com/docs/sharing/webmasters/crawler)"
66.249.65.35 - - [19/Jul/2025:17:45:24 +0000] "GET /?x=106317000041800&mod=f17a7558&uri=brands.php?detail/2886462.htm HTTP/1.1" 200 18447 "-" "Mozilla/5.0 (Linux; Android 6.0.1; Nexus 5X Build/MMB29P) AppleWebKit/537.36 (KHTML, like Gecko) Chrome/137.0.7151.103 Mobile Safari/537.36 (compatible; Googlebot/2.1; +http://www.google.com/bot.html)"
66.249.65.35 - - [19/Jul/2025:17:45:56 +0000] "POST /get-message-notify HTTP/1.1" 404 - "https://kraft-court.cafe/?x=106317000041800&mod=f17a7558&uri=brands.php?detail/2886462.htm" "Mozilla/5.0 (Linux; Android 6.0.1; Nexus 5X Build/MMB29P) AppleWebKit/537.36 (KHTML, like Gecko) Chrome/137.0.7151.119 Mobile Safari/537.36 (compatible; Googlebot/2.1; +http://www.google.com/bot.html)"
66.249.65.35 - - [19/Jul/2025:17:45:58 +0000] "GET /?x=55302044071800&mod=decc2e06&uri=form.php?detail/49213292.htm HTTP/1.1" 200 19024 "-" "Mozilla/5.0 (Linux; Android 6.0.1; Nexus 5X Build/MMB29P) AppleWebKit/537.36 (KHTML, like Gecko) Chrome/137.0.7151.103 Mobile Safari/537.36 (compatible; Googlebot/2.1; +http://www.google.com/bot.html)"
66.249.65.37 - - [19/Jul/2025:17:46:01 +0000] "POST /get-message-notify HTTP/1.1" 404 - "https://kraft-court.cafe/?x=55302044071800&mod=decc2e06&uri=form.php?detail/49213292.htm" "Mozilla/5.0 (Linux; Android 6.0.1; Nexus 5X Build/MMB29P) AppleWebKit/537.36 (KHTML, like Gecko) Chrome/137.0.7151.119 Mobile Safari/537.36 (compatible; Googlebot/2.1; +http://www.google.com/bot.html)"
66.249.65.35 - - [19/Jul/2025:17:46:04 +0000] "GET /?x=47301468071800&mod=48584348&uri=us.php?detail/49217421.htm HTTP/1.1" 200 19386 "-" "Mozilla/5.0 (Linux; Android 6.0.1; Nexus 5X Build/MMB29P) AppleWebKit/537.36 (KHTML, like Gecko) Chrome/137.0.7151.103 Mobile Safari/537.36 (compatible; Googlebot/2.1; +http://www.google.com/bot.html)"
66.249.65.36 - - [19/Jul/2025:17:46:09 +0000] "GET /?x=59681795001800&mod=c33b41e8&uri=dp.php?detail/2900899.htm HTTP/1.1" 200 19107 "-" "Mozilla/5.0 (Linux; Android 6.0.1; Nexus 5X Build/MMB29P) AppleWebKit/537.36 (KHTML, like Gecko) Chrome/137.0.7151.103 Mobile Safari/537.36 (compatible; Googlebot/2.1; +http://www.google.com/bot.html)"
66.249.65.35 - - [19/Jul/2025:17:46:09 +0000] "GET /?x=47301468071800&mod=48584348&uri=us.php?detail/46942685.htm HTTP/1.1" 200 19320 "-" "Mozilla/5.0 (Linux; Android 6.0.1; Nexus 5X Build/MMB29P) AppleWebKit/537.36 (KHTML, like Gecko) Chrome/137.0.7151.103 Mobile Safari/537.36 (compatible; Googlebot/2.1; +http://www.google.com/bot.html)"
66.249.65.35 - - [19/Jul/2025:17:46:14 +0000] "GET /?x=55302044071800&mod=decc2e06&uri=form.php?detail/49206004.htm HTTP/1.1" 200 18589 "-" "Mozilla/5.0 (Linux; Android 6.0.1; Nexus 5X Build/MMB29P) AppleWebKit/537.36 (KHTML, like Gecko) Chrome/137.0.7151.103 Mobile Safari/537.36 (compatible; Googlebot/2.1; +http://www.google.com/bot.html)"
66.249.65.35 - - [19/Jul/2025:17:46:17 +0000] "GET /?x=47301468071800&mod=48584348&uri=us.php?detail/47615971.htm HTTP/1.1" 200 19488 "-" "Mozilla/5.0 (Linux; Android 6.0.1; Nexus 5X Build/MMB29P) AppleWebKit/537.36 (KHTML, like Gecko) Chrome/137.0.7151.103 Mobile Safari/537.36 (compatible; Googlebot/2.1; +http://www.google.com/bot.html)"
66.249.65.35 - - [19/Jul/2025:17:46:18 +0000] "GET /?x=47301468071800&mod=48584348&uri=us.php?detail/47651613.htm HTTP/1.1" 200 19723 "-" "Mozilla/5.0 (Linux; Android 6.0.1; Nexus 5X Build/MMB29P) AppleWebKit/537.36 (KHTML, like Gecko) Chrome/137.0.7151.103 Mobile Safari/537.36 (compatible; Googlebot/2.1; +http://www.google.com/bot.html)"
66.249.65.35 - - [19/Jul/2025:17:46:19 +0000] "GET /?x=47301468071800&mod=48584348&uri=us.php?detail/47620262.htm HTTP/1.1" 200 19394 "-" "Mozilla/5.0 (Linux; Android 6.0.1; Nexus 5X Build/MMB29P) AppleWebKit/537.36 (KHTML, like Gecko) Chrome/137.0.7151.103 Mobile Safari/537.36 (compatible; Googlebot/2.1; +http://www.google.com/bot.html)"
66.249.65.35 - - [19/Jul/2025:17:46:21 +0000] "POST /get-message-notify HTTP/1.1" 404 - "https://kraft-court.cafe/?x=47301468071800&mod=48584348&uri=us.php?detail/47620262.htm" "Mozilla/5.0 (Linux; Android 6.0.1; Nexus 5X Build/MMB29P) AppleWebKit/537.36 (KHTML, like Gecko) Chrome/137.0.7151.119 Mobile Safari/537.36 (compatible; Googlebot/2.1; +http://www.google.com/bot.html)"
66.249.65.35 - - [19/Jul/2025:17:46:25 +0000] "GET /?x=47301468071800&mod=48584348&uri=us.php?detail/47623869.htm HTTP/1.1" 200 19465 "-" "Mozilla/5.0 (Linux; Android 6.0.1; Nexus 5X Build/MMB29P) AppleWebKit/537.36 (KHTML, like Gecko) Chrome/137.0.7151.103 Mobile Safari/537.36 (compatible; Googlebot/2.1; +http://www.google.com/bot.html)"
66.249.65.35 - - [19/Jul/2025:17:46:25 +0000] "GET /?x=47301468071800&mod=48584348&uri=us.php?detail/47616848.htm HTTP/1.1" 200 18898 "-" "Mozilla/5.0 (Linux; Android 6.0.1; Nexus 5X Build/MMB29P) AppleWebKit/537.36 (KHTML, like Gecko) Chrome/137.0.7151.103 Mobile Safari/537.36 (compatible; Googlebot/2.1; +http://www.google.com/bot.html)"
66.249.65.35 - - [19/Jul/2025:17:46:26 +0000] "GET /?x=47301468071800&mod=48584348&uri=us.php?detail/51197696.htm HTTP/1.1" 200 18803 "-" "Mozilla/5.0 (Linux; Android 6.0.1; Nexus 5X Build/MMB29P) AppleWebKit/537.36 (KHTML, like Gecko) Chrome/137.0.7151.103 Mobile Safari/537.36 (compatible; Googlebot/2.1; +http://www.google.com/bot.html)"
66.249.65.35 - - [19/Jul/2025:17:46:27 +0000] "GET /?x=47301468071800&mod=48584348&uri=us.php?detail/47651058.htm HTTP/1.1" 200 18348 "-" "Mozilla/5.0 (Linux; Android 6.0.1; Nexus 5X Build/MMB29P) AppleWebKit/537.36 (KHTML, like Gecko) Chrome/137.0.7151.103 Mobile Safari/537.36 (compatible; Googlebot/2.1; +http://www.google.com/bot.html)"
66.249.65.35 - - [19/Jul/2025:17:46:27 +0000] "GET /?x=47301468071800&mod=48584348&uri=us.php?detail/47621105.htm HTTP/1.1" 200 19402 "-" "Mozilla/5.0 (Linux; Android 6.0.1; Nexus 5X Build/MMB29P) AppleWebKit/537.36 (KHTML, like Gecko) Chrome/137.0.7151.103 Mobile Safari/537.36 (compatible; Googlebot/2.1; +http://www.google.com/bot.html)"
66.249.65.35 - - [19/Jul/2025:17:46:28 +0000] "POST /get-message-notify HTTP/1.1" 404 - "https://kraft-court.cafe/?x=47301468071800&mod=48584348&uri=us.php?detail/47651613.htm" "Mozilla/5.0 (Linux; Android 6.0.1; Nexus 5X Build/MMB29P) AppleWebKit/537.36 (KHTML, like Gecko) Chrome/137.0.7151.119 Mobile Safari/537.36 (compatible; Googlebot/2.1; +http://www.google.com/bot.html)"
66.249.65.35 - - [19/Jul/2025:17:46:29 +0000] "GET /?x=47301468071800&mod=48584348&uri=us.php?detail/51194121.htm HTTP/1.1" 200 19466 "-" "Mozilla/5.0 (Linux; Android 6.0.1; Nexus 5X Build/MMB29P) AppleWebKit/537.36 (KHTML, like Gecko) Chrome/137.0.7151.103 Mobile Safari/537.36 (compatible; Googlebot/2.1; +http://www.google.com/bot.html)"
66.249.65.35 - - [19/Jul/2025:17:46:30 +0000] "POST /get-message-notify HTTP/1.1" 404 - "https://kraft-court.cafe/?x=47301468071800&mod=48584348&uri=us.php?detail/47621105.htm" "Mozilla/5.0 (Linux; Android 6.0.1; Nexus 5X Build/MMB29P) AppleWebKit/537.36 (KHTML, like Gecko) Chrome/137.0.7151.119 Mobile Safari/537.36 (compatible; Googlebot/2.1; +http://www.google.com/bot.html)"
66.249.65.35 - - [19/Jul/2025:17:46:30 +0000] "GET /?x=47301468071800&mod=48584348&uri=us.php?detail/47678802.htm HTTP/1.1" 200 19177 "-" "Mozilla/5.0 (Linux; Android 6.0.1; Nexus 5X Build/MMB29P) AppleWebKit/537.36 (KHTML, like Gecko) Chrome/137.0.7151.103 Mobile Safari/537.36 (compatible; Googlebot/2.1; +http://www.google.com/bot.html)"
66.249.65.35 - - [19/Jul/2025:17:46:31 +0000] "GET /?x=47301468071800&mod=48584348&uri=us.php?detail/51171519.htm HTTP/1.1" 200 19222 "-" "Mozilla/5.0 (Linux; Android 6.0.1; Nexus 5X Build/MMB29P) AppleWebKit/537.36 (KHTML, like Gecko) Chrome/137.0.7151.103 Mobile Safari/537.36 (compatible; Googlebot/2.1; +http://www.google.com/bot.html)"
66.249.65.35 - - [19/Jul/2025:17:46:32 +0000] "POST /get-message-notify HTTP/1.1" 404 - "https://kraft-court.cafe/?x=47301468071800&mod=48584348&uri=us.php?detail/51194121.htm" "Mozilla/5.0 (Linux; Android 6.0.1; Nexus 5X Build/MMB29P) AppleWebKit/537.36 (KHTML, like Gecko) Chrome/137.0.7151.119 Mobile Safari/537.36 (compatible; Googlebot/2.1; +http://www.google.com/bot.html)"
66.249.65.35 - - [19/Jul/2025:17:46:32 +0000] "GET /?x=47301468071800&mod=48584348&uri=us.php?detail/47640814.htm HTTP/1.1" 200 18929 "-" "Mozilla/5.0 (Linux; Android 6.0.1; Nexus 5X Build/MMB29P) AppleWebKit/537.36 (KHTML, like Gecko) Chrome/137.0.7151.103 Mobile Safari/537.36 (compatible; Googlebot/2.1; +http://www.google.com/bot.html)"
66.249.65.35 - - [19/Jul/2025:17:46:33 +0000] "GET /?x=47301468071800&mod=48584348&uri=us.php?detail/47641667.htm HTTP/1.1" 200 19314 "-" "Mozilla/5.0 (Linux; Android 6.0.1; Nexus 5X Build/MMB29P) AppleWebKit/537.36 (KHTML, like Gecko) Chrome/137.0.7151.103 Mobile Safari/537.36 (compatible; Googlebot/2.1; +http://www.google.com/bot.html)"
66.249.65.36 - - [19/Jul/2025:17:46:35 +0000] "GET /?x=47301468071800&mod=48584348&uri=us.php?detail/50695439.htm HTTP/1.1" 200 18555 "-" "Mozilla/5.0 (Linux; Android 6.0.1; Nexus 5X Build/MMB29P) AppleWebKit/537.36 (KHTML, like Gecko) Chrome/137.0.7151.103 Mobile Safari/537.36 (compatible; Googlebot/2.1; +http://www.google.com/bot.html)"
66.249.65.35 - - [19/Jul/2025:17:46:37 +0000] "GET /?x=47301468071800&mod=48584348&uri=us.php?detail/51209571.htm HTTP/1.1" 200 18978 "-" "Mozilla/5.0 (Linux; Android 6.0.1; Nexus 5X Build/MMB29P) AppleWebKit/537.36 (KHTML, like Gecko) Chrome/137.0.7151.103 Mobile Safari/537.36 (compatible; Googlebot/2.1; +http://www.google.com/bot.html)"
66.249.65.35 - - [19/Jul/2025:17:46:38 +0000] "GET /?x=47301468071800&mod=48584348&uri=us.php?detail/47616005.htm HTTP/1.1" 200 19422 "-" "Mozilla/5.0 (Linux; Android 6.0.1; Nexus 5X Build/MMB29P) AppleWebKit/537.36 (KHTML, like Gecko) Chrome/137.0.7151.103 Mobile Safari/537.36 (compatible; Googlebot/2.1; +http://www.google.com/bot.html)"
66.249.65.36 - - [19/Jul/2025:17:46:39 +0000] "POST /get-message-notify HTTP/1.1" 404 - "https://kraft-court.cafe/?x=47301468071800&mod=48584348&uri=us.php?detail/47623869.htm" "Mozilla/5.0 (Linux; Android 6.0.1; Nexus 5X Build/MMB29P) AppleWebKit/537.36 (KHTML, like Gecko) Chrome/137.0.7151.119 Mobile Safari/537.36 (compatible; Googlebot/2.1; +http://www.google.com/bot.html)"
66.249.65.35 - - [19/Jul/2025:17:46:40 +0000] "GET /?x=47301468071800&mod=48584348&uri=us.php?detail/47626345.htm HTTP/1.1" 200 18538 "-" "Mozilla/5.0 (Linux; Android 6.0.1; Nexus 5X Build/MMB29P) AppleWebKit/537.36 (KHTML, like Gecko) Chrome/137.0.7151.103 Mobile Safari/537.36 (compatible; Googlebot/2.1; +http://www.google.com/bot.html)"
66.249.65.35 - - [19/Jul/2025:17:46:46 +0000] "GET /?x=47301468071800&mod=48584348&uri=us.php?detail/51165703.htm HTTP/1.1" 200 19043 "-" "Mozilla/5.0 (Linux; Android 6.0.1; Nexus 5X Build/MMB29P) AppleWebKit/537.36 (KHTML, like Gecko) Chrome/137.0.7151.103 Mobile Safari/537.36 (compatible; Googlebot/2.1; +http://www.google.com/bot.html)"
66.249.65.36 - - [19/Jul/2025:17:46:48 +0000] "GET /?x=47301468071800&mod=48584348&uri=us.php?detail/47640132.htm HTTP/1.1" 200 18926 "-" "Mozilla/5.0 (Linux; Android 6.0.1; Nexus 5X Build/MMB29P) AppleWebKit/537.36 (KHTML, like Gecko) Chrome/137.0.7151.103 Mobile Safari/537.36 (compatible; Googlebot/2.1; +http://www.google.com/bot.html)"
66.249.65.36 - - [19/Jul/2025:17:46:48 +0000] "GET /?x=47301468071800&mod=48584348&uri=us.php?detail/47677275.htm HTTP/1.1" 200 19750 "-" "Mozilla/5.0 (Linux; Android 6.0.1; Nexus 5X Build/MMB29P) AppleWebKit/537.36 (KHTML, like Gecko) Chrome/137.0.7151.103 Mobile Safari/537.36 (compatible; Googlebot/2.1; +http://www.google.com/bot.html)"
66.249.65.36 - - [19/Jul/2025:17:46:49 +0000] "GET /?x=47301468071800&mod=48584348&uri=us.php?detail/51195646.htm HTTP/1.1" 200 19245 "-" "Mozilla/5.0 (Linux; Android 6.0.1; Nexus 5X Build/MMB29P) AppleWebKit/537.36 (KHTML, like Gecko) Chrome/137.0.7151.103 Mobile Safari/537.36 (compatible; Googlebot/2.1; +http://www.google.com/bot.html)"
66.249.65.36 - - [19/Jul/2025:17:46:50 +0000] "GET /?x=47301468071800&mod=48584348&uri=us.php?detail/47629920.htm HTTP/1.1" 200 19476 "-" "Mozilla/5.0 (Linux; Android 6.0.1; Nexus 5X Build/MMB29P) AppleWebKit/537.36 (KHTML, like Gecko) Chrome/137.0.7151.103 Mobile Safari/537.36 (compatible; Googlebot/2.1; +http://www.google.com/bot.html)"
66.249.65.36 - - [19/Jul/2025:17:46:51 +0000] "POST /get-message-notify HTTP/1.1" 404 - "https://kraft-court.cafe/?x=47301468071800&mod=48584348&uri=us.php?detail/47677275.htm" "Mozilla/5.0 (Linux; Android 6.0.1; Nexus 5X Build/MMB29P) AppleWebKit/537.36 (KHTML, like Gecko) Chrome/137.0.7151.119 Mobile Safari/537.36 (compatible; Googlebot/2.1; +http://www.google.com/bot.html)"
66.249.65.35 - - [19/Jul/2025:17:46:50 +0000] "GET /?x=47301468071800&mod=48584348&uri=us.php?detail/50693936.htm HTTP/1.1" 200 19321 "-" "Mozilla/5.0 (Linux; Android 6.0.1; Nexus 5X Build/MMB29P) AppleWebKit/537.36 (KHTML, like Gecko) Chrome/137.0.7151.103 Mobile Safari/537.36 (compatible; Googlebot/2.1; +http://www.google.com/bot.html)"
66.249.65.35 - - [19/Jul/2025:17:46:51 +0000] "POST /get-message-notify HTTP/1.1" 404 - "https://kraft-court.cafe/?x=47301468071800&mod=48584348&uri=us.php?detail/51195646.htm" "Mozilla/5.0 (Linux; Android 6.0.1; Nexus 5X Build/MMB29P) AppleWebKit/537.36 (KHTML, like Gecko) Chrome/137.0.7151.119 Mobile Safari/537.36 (compatible; Googlebot/2.1; +http://www.google.com/bot.html)"
66.249.65.35 - - [19/Jul/2025:17:46:51 +0000] "GET /?x=47301468071800&mod=48584348&uri=us.php?detail/50688151.htm HTTP/1.1" 200 18679 "-" "Mozilla/5.0 (Linux; Android 6.0.1; Nexus 5X Build/MMB29P) AppleWebKit/537.36 (KHTML, like Gecko) Chrome/137.0.7151.103 Mobile Safari/537.36 (compatible; Googlebot/2.1; +http://www.google.com/bot.html)"
66.249.65.36 - - [19/Jul/2025:17:46:52 +0000] "GET /?x=6309795041800&mod=0d0fd7c6&uri=shared.php?detail/51787601.htm HTTP/1.1" 200 18389 "-" "Mozilla/5.0 (Linux; Android 6.0.1; Nexus 5X Build/MMB29P) AppleWebKit/537.36 (KHTML, like Gecko) Chrome/137.0.7151.103 Mobile Safari/537.36 (compatible; Googlebot/2.1; +http://www.google.com/bot.html)"
66.249.65.35 - - [19/Jul/2025:17:46:53 +0000] "GET /?x=55302044071800&mod=decc2e06&uri=form.php?detail/4377382.htm HTTP/1.1" 200 19487 "-" "Mozilla/5.0 (Linux; Android 6.0.1; Nexus 5X Build/MMB29P) AppleWebKit/537.36 (KHTML, like Gecko) Chrome/137.0.7151.103 Mobile Safari/537.36 (compatible; Googlebot/2.1; +http://www.google.com/bot.html)"
66.249.65.37 - - [19/Jul/2025:17:46:55 +0000] "POST /get-message-notify HTTP/1.1" 404 - "https://kraft-court.cafe/?x=6309795041800&mod=0d0fd7c6&uri=shared.php?detail/51787601.htm" "Mozilla/5.0 (Linux; Android 6.0.1; Nexus 5X Build/MMB29P) AppleWebKit/537.36 (KHTML, like Gecko) Chrome/137.0.7151.119 Mobile Safari/537.36 (compatible; Googlebot/2.1; +http://www.google.com/bot.html)"
66.249.65.36 - - [19/Jul/2025:17:46:55 +0000] "GET /?x=55302044071800&mod=decc2e06&uri=form.php?detail/50844565.htm HTTP/1.1" 200 19505 "-" "Mozilla/5.0 (Linux; Android 6.0.1; Nexus 5X Build/MMB29P) AppleWebKit/537.36 (KHTML, like Gecko) Chrome/137.0.7151.103 Mobile Safari/537.36 (compatible; Googlebot/2.1; +http://www.google.com/bot.html)"
66.249.65.35 - - [19/Jul/2025:17:46:56 +0000] "GET /?x=55302044071800&mod=decc2e06&uri=form.php?detail/4405800.htm HTTP/1.1" 200 18521 "-" "Mozilla/5.0 (Linux; Android 6.0.1; Nexus 5X Build/MMB29P) AppleWebKit/537.36 (KHTML, like Gecko) Chrome/137.0.7151.103 Mobile Safari/537.36 (compatible; Googlebot/2.1; +http://www.google.com/bot.html)"
66.249.65.36 - - [19/Jul/2025:17:46:57 +0000] "POST /get-message-notify HTTP/1.1" 404 - "https://kraft-court.cafe/?x=47301468071800&mod=48584348&uri=us.php?detail/47651058.htm" "Mozilla/5.0 (Linux; Android 6.0.1; Nexus 5X Build/MMB29P) AppleWebKit/537.36 (KHTML, like Gecko) Chrome/137.0.7151.119 Mobile Safari/537.36 (compatible; Googlebot/2.1; +http://www.google.com/bot.html)"
66.249.65.35 - - [19/Jul/2025:17:46:57 +0000] "POST /get-message-notify HTTP/1.1" 404 - "https://kraft-court.cafe/?x=55302044071800&mod=decc2e06&uri=form.php?detail/50844565.htm" "Mozilla/5.0 (Linux; Android 6.0.1; Nexus 5X Build/MMB29P) AppleWebKit/537.36 (KHTML, like Gecko) Chrome/137.0.7151.119 Mobile Safari/537.36 (compatible; Googlebot/2.1; +http://www.google.com/bot.html)"
66.249.65.37 - - [19/Jul/2025:17:46:58 +0000] "GET /?x=55302044071800&mod=decc2e06&uri=form.php?detail/4420269.htm HTTP/1.1" 200 18452 "-" "Mozilla/5.0 (Linux; Android 6.0.1; Nexus 5X Build/MMB29P) AppleWebKit/537.36 (KHTML, like Gecko) Chrome/137.0.7151.103 Mobile Safari/537.36 (compatible; Googlebot/2.1; +http://www.google.com/bot.html)"
66.249.65.35 - - [19/Jul/2025:17:47:02 +0000] "POST /get-message-notify HTTP/1.1" 404 - "https://kraft-court.cafe/?x=55302044071800&mod=decc2e06&uri=form.php?detail/4405800.htm" "Mozilla/5.0 (Linux; Android 6.0.1; Nexus 5X Build/MMB29P) AppleWebKit/537.36 (KHTML, like Gecko) Chrome/137.0.7151.119 Mobile Safari/537.36 (compatible; Googlebot/2.1; +http://www.google.com/bot.html)"
66.249.65.35 - - [19/Jul/2025:17:47:02 +0000] "GET /?x=55302044071800&mod=decc2e06&uri=form.php?detail/4441674.htm HTTP/1.1" 200 19332 "-" "Mozilla/5.0 (Linux; Android 6.0.1; Nexus 5X Build/MMB29P) AppleWebKit/537.36 (KHTML, like Gecko) Chrome/137.0.7151.103 Mobile Safari/537.36 (compatible; Googlebot/2.1; +http://www.google.com/bot.html)"
66.249.65.36 - - [19/Jul/2025:17:47:02 +0000] "GET /?x=55302044071800&mod=decc2e06&uri=form.php?detail/4399461.htm HTTP/1.1" 200 19382 "-" "Mozilla/5.0 (Linux; Android 6.0.1; Nexus 5X Build/MMB29P) AppleWebKit/537.36 (KHTML, like Gecko) Chrome/137.0.7151.103 Mobile Safari/537.36 (compatible; Googlebot/2.1; +http://www.google.com/bot.html)"
66.249.65.37 - - [19/Jul/2025:17:47:03 +0000] "GET /?x=55302044071800&mod=decc2e06&uri=form.php?oreka/plamodel_menu.html HTTP/1.1" 200 18361 "-" "Mozilla/5.0 (Linux; Android 6.0.1; Nexus 5X Build/MMB29P) AppleWebKit/537.36 (KHTML, like Gecko) Chrome/137.0.7151.103 Mobile Safari/537.36 (compatible; Googlebot/2.1; +http://www.google.com/bot.html)"
66.249.65.36 - - [19/Jul/2025:17:47:04 +0000] "GET /?x=55302044071800&mod=decc2e06&uri=form.php?detail/4408178.htm HTTP/1.1" 200 19420 "-" "Mozilla/5.0 (Linux; Android 6.0.1; Nexus 5X Build/MMB29P) AppleWebKit/537.36 (KHTML, like Gecko) Chrome/137.0.7151.103 Mobile Safari/537.36 (compatible; Googlebot/2.1; +http://www.google.com/bot.html)"
66.249.65.36 - - [19/Jul/2025:17:47:05 +0000] "POST /get-message-notify HTTP/1.1" 404 - "https://kraft-court.cafe/?x=55302044071800&mod=decc2e06&uri=form.php?detail/4399461.htm" "Mozilla/5.0 (Linux; Android 6.0.1; Nexus 5X Build/MMB29P) AppleWebKit/537.36 (KHTML, like Gecko) Chrome/137.0.7151.119 Mobile Safari/537.36 (compatible; Googlebot/2.1; +http://www.google.com/bot.html)"
66.249.65.37 - - [19/Jul/2025:17:47:05 +0000] "GET /?x=55302044071800&mod=decc2e06&uri=form.php?detail/4417547.htm HTTP/1.1" 200 19146 "-" "Mozilla/5.0 (Linux; Android 6.0.1; Nexus 5X Build/MMB29P) AppleWebKit/537.36 (KHTML, like Gecko) Chrome/137.0.7151.103 Mobile Safari/537.36 (compatible; Googlebot/2.1; +http://www.google.com/bot.html)"
66.249.65.36 - - [19/Jul/2025:17:47:06 +0000] "GET /?x=55302044071800&mod=decc2e06&uri=form.php?detail/50795981.htm HTTP/1.1" 200 19325 "-" "Mozilla/5.0 (Linux; Android 6.0.1; Nexus 5X Build/MMB29P) AppleWebKit/537.36 (KHTML, like Gecko) Chrome/137.0.7151.103 Mobile Safari/537.36 (compatible; Googlebot/2.1; +http://www.google.com/bot.html)"
66.249.65.36 - - [19/Jul/2025:17:47:08 +0000] "GET /?x=55302044071800&mod=decc2e06&uri=form.php?detail/4390646.htm HTTP/1.1" 200 19268 "-" "Mozilla/5.0 (Linux; Android 6.0.1; Nexus 5X Build/MMB29P) AppleWebKit/537.36 (KHTML, like Gecko) Chrome/137.0.7151.103 Mobile Safari/537.36 (compatible; Googlebot/2.1; +http://www.google.com/bot.html)"
66.249.65.36 - - [19/Jul/2025:17:47:09 +0000] "POST /get-message-notify HTTP/1.1" 404 - "https://kraft-court.cafe/?x=47301468071800&mod=48584348&uri=us.php?detail/47615971.htm" "Mozilla/5.0 (Linux; Android 6.0.1; Nexus 5X Build/MMB29P) AppleWebKit/537.36 (KHTML, like Gecko) Chrome/137.0.7151.119 Mobile Safari/537.36 (compatible; Googlebot/2.1; +http://www.google.com/bot.html)"
66.249.65.36 - - [19/Jul/2025:17:47:09 +0000] "GET /?x=55302044071800&mod=decc2e06&uri=form.php?detail/4413248.htm HTTP/1.1" 200 18505 "-" "Mozilla/5.0 (Linux; Android 6.0.1; Nexus 5X Build/MMB29P) AppleWebKit/537.36 (KHTML, like Gecko) Chrome/137.0.7151.103 Mobile Safari/537.36 (compatible; Googlebot/2.1; +http://www.google.com/bot.html)"
