66.249.65.35 - - [20/Jul/2025:06:48:20 +0000] "GET /?x=35000212011800&mod=1e056d2b&uri=products.php?pcmypage/ HTTP/1.1" 200 19353 "-" "Mozilla/5.0 (Linux; Android 6.0.1; Nexus 5X Build/MMB29P) AppleWebKit/537.36 (KHTML, like Gecko) Chrome/137.0.7151.103 Mobile Safari/537.36 (compatible; Googlebot/2.1; +http://www.google.com/bot.html)"
66.249.65.36 - - [20/Jul/2025:06:48:20 +0000] "GET /?x=35000212011800&mod=1e056d2b&uri=products.php?feature/shoplist-friendly/index.html HTTP/1.1" 200 19233 "-" "Mozilla/5.0 (Linux; Android 6.0.1; Nexus 5X Build/MMB29P) AppleWebKit/537.36 (KHTML, like Gecko) Chrome/137.0.7151.103 Mobile Safari/537.36 (compatible; Googlebot/2.1; +http://www.google.com/bot.html)"
66.249.65.36 - - [20/Jul/2025:06:48:20 +0000] "POST /get-message-notify HTTP/1.1" 404 - "https://kraft-court.cafe/?x=47301468071800&mod=48584348&uri=us.php?detail/2916245.htm" "Mozilla/5.0 (Linux; Android 6.0.1; Nexus 5X Build/MMB29P) AppleWebKit/537.36 (KHTML, like Gecko) Chrome/137.0.7151.119 Mobile Safari/537.36 (compatible; Googlebot/2.1; +http://www.google.com/bot.html)"
66.249.65.36 - - [20/Jul/2025:06:48:20 +0000] "GET /?x=35000212011800&mod=1e056d2b&uri=products.php?detail/2896642.htm HTTP/1.1" 200 19124 "-" "Mozilla/5.0 (Linux; Android 6.0.1; Nexus 5X Build/MMB29P) AppleWebKit/537.36 (KHTML, like Gecko) Chrome/137.0.7151.103 Mobile Safari/537.36 (compatible; Googlebot/2.1; +http://www.google.com/bot.html)"
66.249.65.35 - - [20/Jul/2025:06:48:21 +0000] "GET /?x=35000212011800&mod=1e056d2b&uri=products.php?detail/2897316.htm HTTP/1.1" 200 18649 "-" "Mozilla/5.0 (Linux; Android 6.0.1; Nexus 5X Build/MMB29P) AppleWebKit/537.36 (KHTML, like Gecko) Chrome/137.0.7151.103 Mobile Safari/537.36 (compatible; Googlebot/2.1; +http://www.google.com/bot.html)"
66.249.65.36 - - [20/Jul/2025:06:48:21 +0000] "GET /?x=35000212011800&mod=1e056d2b&uri=products.php?detail/2940542.htm HTTP/1.1" 200 19386 "-" "Mozilla/5.0 (Linux; Android 6.0.1; Nexus 5X Build/MMB29P) AppleWebKit/537.36 (KHTML, like Gecko) Chrome/137.0.7151.103 Mobile Safari/537.36 (compatible; Googlebot/2.1; +http://www.google.com/bot.html)"
66.249.65.36 - - [20/Jul/2025:06:48:22 +0000] "POST /get-message-notify HTTP/1.1" 404 - "https://kraft-court.cafe/?x=35000212011800&mod=1e056d2b&uri=products.php?pcmypage/" "Mozilla/5.0 (Linux; Android 6.0.1; Nexus 5X Build/MMB29P) AppleWebKit/537.36 (KHTML, like Gecko) Chrome/137.0.7151.119 Mobile Safari/537.36 (compatible; Googlebot/2.1; +http://www.google.com/bot.html)"
66.249.65.36 - - [20/Jul/2025:06:48:22 +0000] "GET /?x=35000212011800&mod=1e056d2b&uri=products.php?avsoft.html HTTP/1.1" 200 19519 "-" "Mozilla/5.0 (Linux; Android 6.0.1; Nexus 5X Build/MMB29P) AppleWebKit/537.36 (KHTML, like Gecko) Chrome/137.0.7151.103 Mobile Safari/537.36 (compatible; Googlebot/2.1; +http://www.google.com/bot.html)"
66.249.65.37 - - [20/Jul/2025:06:48:23 +0000] "GET /?x=35114835021800&mod=be3ac64e&uri=article.php?detail/2886462.htm HTTP/1.1" 200 18451 "-" "Mozilla/5.0 (Linux; Android 6.0.1; Nexus 5X Build/MMB29P) AppleWebKit/537.36 (KHTML, like Gecko) Chrome/137.0.7151.103 Mobile Safari/537.36 (compatible; Googlebot/2.1; +http://www.google.com/bot.html)"
66.249.65.36 - - [20/Jul/2025:06:48:23 +0000] "GET /?x=35114835021800&mod=be3ac64e&uri=article.php?detail/2934459.htm HTTP/1.1" 200 19130 "-" "Mozilla/5.0 (Linux; Android 6.0.1; Nexus 5X Build/MMB29P) AppleWebKit/537.36 (KHTML, like Gecko) Chrome/137.0.7151.103 Mobile Safari/537.36 (compatible; Googlebot/2.1; +http://www.google.com/bot.html)"
66.249.65.35 - - [20/Jul/2025:06:48:24 +0000] "GET /?x=35114835021800&mod=be3ac64e&uri=article.php?detail/2896119.htm HTTP/1.1" 200 19170 "-" "Mozilla/5.0 (Linux; Android 6.0.1; Nexus 5X Build/MMB29P) AppleWebKit/537.36 (KHTML, like Gecko) Chrome/137.0.7151.103 Mobile Safari/537.36 (compatible; Googlebot/2.1; +http://www.google.com/bot.html)"
66.249.65.37 - - [20/Jul/2025:06:48:24 +0000] "GET /?x=35000212011800&mod=1e056d2b&uri=products.php?detail/2949869.htm HTTP/1.1" 200 18310 "-" "Mozilla/5.0 (Linux; Android 6.0.1; Nexus 5X Build/MMB29P) AppleWebKit/537.36 (KHTML, like Gecko) Chrome/137.0.7151.103 Mobile Safari/537.36 (compatible; Googlebot/2.1; +http://www.google.com/bot.html)"
66.249.65.37 - - [20/Jul/2025:06:48:25 +0000] "GET /?x=35000212011800&mod=1e056d2b&uri=products.php?detail/2894584.htm HTTP/1.1" 200 18717 "-" "Mozilla/5.0 (Linux; Android 6.0.1; Nexus 5X Build/MMB29P) AppleWebKit/537.36 (KHTML, like Gecko) Chrome/137.0.7151.103 Mobile Safari/537.36 (compatible; Googlebot/2.1; +http://www.google.com/bot.html)"
66.249.65.36 - - [20/Jul/2025:06:48:27 +0000] "POST /get-message-notify HTTP/1.1" 404 - "https://kraft-court.cafe/?x=35114835021800&mod=be3ac64e&uri=article.php?detail/2934459.htm" "Mozilla/5.0 (Linux; Android 6.0.1; Nexus 5X Build/MMB29P) AppleWebKit/537.36 (KHTML, like Gecko) Chrome/137.0.7151.119 Mobile Safari/537.36 (compatible; Googlebot/2.1; +http://www.google.com/bot.html)"
66.249.65.36 - - [20/Jul/2025:06:48:28 +0000] "POST /get-message-notify HTTP/1.1" 404 - "https://kraft-court.cafe/?x=35000212011800&mod=1e056d2b&uri=products.php?detail/2949869.htm" "Mozilla/5.0 (Linux; Android 6.0.1; Nexus 5X Build/MMB29P) AppleWebKit/537.36 (KHTML, like Gecko) Chrome/137.0.7151.119 Mobile Safari/537.36 (compatible; Googlebot/2.1; +http://www.google.com/bot.html)"
66.249.65.36 - - [20/Jul/2025:06:48:28 +0000] "POST /get-message-notify HTTP/1.1" 404 - "https://kraft-court.cafe/?x=31845749091800&mod=42e77b63&uri=products.php?pcmypage" "Mozilla/5.0 (Linux; Android 6.0.1; Nexus 5X Build/MMB29P) AppleWebKit/537.36 (KHTML, like Gecko) Chrome/137.0.7151.119 Mobile Safari/537.36 (compatible; Googlebot/2.1; +http://www.google.com/bot.html)"
66.249.65.37 - - [20/Jul/2025:06:48:28 +0000] "GET /?x=35000212011800&mod=1e056d2b&uri=products.php?detail/2914848.htm HTTP/1.1" 200 18760 "-" "Mozilla/5.0 (Linux; Android 6.0.1; Nexus 5X Build/MMB29P) AppleWebKit/537.36 (KHTML, like Gecko) Chrome/137.0.7151.103 Mobile Safari/537.36 (compatible; Googlebot/2.1; +http://www.google.com/bot.html)"
66.249.65.35 - - [20/Jul/2025:06:48:28 +0000] "GET /?x=35000212011800&mod=1e056d2b&uri=products.php?detail/2882855.htm HTTP/1.1" 200 19086 "-" "Mozilla/5.0 (Linux; Android 6.0.1; Nexus 5X Build/MMB29P) AppleWebKit/537.36 (KHTML, like Gecko) Chrome/137.0.7151.103 Mobile Safari/537.36 (compatible; Googlebot/2.1; +http://www.google.com/bot.html)"
66.249.65.35 - - [20/Jul/2025:06:48:29 +0000] "GET /?x=35000212011800&mod=1e056d2b&uri=products.php?toiawase HTTP/1.1" 200 19449 "-" "Mozilla/5.0 (Linux; Android 6.0.1; Nexus 5X Build/MMB29P) AppleWebKit/537.36 (KHTML, like Gecko) Chrome/137.0.7151.103 Mobile Safari/537.36 (compatible; Googlebot/2.1; +http://www.google.com/bot.html)"
66.249.65.36 - - [20/Jul/2025:06:48:30 +0000] "POST /get-message-notify HTTP/1.1" 404 - "https://kraft-court.cafe/?x=35000212011800&mod=1e056d2b&uri=products.php?avsoft.html" "Mozilla/5.0 (Linux; Android 6.0.1; Nexus 5X Build/MMB29P) AppleWebKit/537.36 (KHTML, like Gecko) Chrome/137.0.7151.119 Mobile Safari/537.36 (compatible; Googlebot/2.1; +http://www.google.com/bot.html)"
66.249.65.36 - - [20/Jul/2025:06:48:30 +0000] "POST /get-message-notify HTTP/1.1" 404 - "https://kraft-court.cafe/?x=35000212011800&mod=1e056d2b&uri=products.php?detail/2893067.htm" "Mozilla/5.0 (Linux; Android 6.0.1; Nexus 5X Build/MMB29P) AppleWebKit/537.36 (KHTML, like Gecko) Chrome/137.0.7151.119 Mobile Safari/537.36 (compatible; Googlebot/2.1; +http://www.google.com/bot.html)"
66.249.65.36 - - [20/Jul/2025:06:48:33 +0000] "POST /get-message-notify HTTP/1.1" 404 - "https://kraft-court.cafe/?x=47301348031800&mod=48584348&uri=itm.php?detail/2926595.htm" "Mozilla/5.0 (Linux; Android 6.0.1; Nexus 5X Build/MMB29P) AppleWebKit/537.36 (KHTML, like Gecko) Chrome/137.0.7151.119 Mobile Safari/537.36 (compatible; Googlebot/2.1; +http://www.google.com/bot.html)"
66.249.65.37 - - [20/Jul/2025:06:48:44 +0000] "POST /get-message-notify HTTP/1.1" 404 - "https://kraft-court.cafe/?x=28524956031800&mod=55d99a37&uri=search.php?detail/2949869.htm" "Mozilla/5.0 (Linux; Android 6.0.1; Nexus 5X Build/MMB29P) AppleWebKit/537.36 (KHTML, like Gecko) Chrome/137.0.7151.119 Mobile Safari/537.36 (compatible; Googlebot/2.1; +http://www.google.com/bot.html)"
66.249.65.35 - - [20/Jul/2025:06:48:47 +0000] "GET /?x=5785855071800&mod=a8849b05&uri=info.php%3Fid%3D193215-57%26name%3Dbest+noise+cancelling+headphones+for+planes HTTP/1.1" 200 18454 "-" "Mozilla/5.0 (Linux; Android 6.0.1; Nexus 5X Build/MMB29P) AppleWebKit/537.36 (KHTML, like Gecko) Chrome/137.0.7151.103 Mobile Safari/537.36 (compatible; Googlebot/2.1; +http://www.google.com/bot.html)"
66.249.65.37 - - [20/Jul/2025:06:48:47 +0000] "GET /?x=5678811001800&mod=dc6a7e65&uri=article.php%3Fid%3D189614-308%26name%3Dbrandy+melville+erica HTTP/1.1" 200 18427 "-" "Mozilla/5.0 (Linux; Android 6.0.1; Nexus 5X Build/MMB29P) AppleWebKit/537.36 (KHTML, like Gecko) Chrome/137.0.7151.103 Mobile Safari/537.36 (compatible; Googlebot/2.1; +http://www.google.com/bot.html)"
66.249.65.37 - - [20/Jul/2025:06:48:47 +0000] "GET /?x=5677131041800&mod=dc6a7e65&uri=itm.php%3Fid%3D189558-308%26name%3Dbella+canvas+sweatshirt+colors HTTP/1.1" 200 18434 "-" "Mozilla/5.0 (Linux; Android 6.0.1; Nexus 5X Build/MMB29P) AppleWebKit/537.36 (KHTML, like Gecko) Chrome/137.0.7151.103 Mobile Safari/537.36 (compatible; Googlebot/2.1; +http://www.google.com/bot.html)"
66.249.65.35 - - [20/Jul/2025:06:48:51 +0000] "POST /get-message-notify HTTP/1.1" 404 - "https://kraft-court.cafe/?x=35000212011800&mod=1e056d2b&uri=products.php?toreka/toreka_single.html" "Mozilla/5.0 (Linux; Android 6.0.1; Nexus 5X Build/MMB29P) AppleWebKit/537.36 (KHTML, like Gecko) Chrome/137.0.7151.119 Mobile Safari/537.36 (compatible; Googlebot/2.1; +http://www.google.com/bot.html)"
66.249.65.36 - - [20/Jul/2025:06:48:55 +0000] "POST /get-message-notify HTTP/1.1" 404 - "https://kraft-court.cafe/?x=31845749091800&mod=42e77b63&uri=products.php?detail/2907528.htm" "Mozilla/5.0 (Linux; Android 6.0.1; Nexus 5X Build/MMB29P) AppleWebKit/537.36 (KHTML, like Gecko) Chrome/137.0.7151.119 Mobile Safari/537.36 (compatible; Googlebot/2.1; +http://www.google.com/bot.html)"
173.252.83.8 - - [20/Jul/2025:06:49:03 +0000] "GET /robots.txt HTTP/1.1" 206 130 "-" "facebookexternalhit/1.1 (+http://www.facebook.com/externalhit_uatext.php)"
66.249.65.36 - - [20/Jul/2025:06:49:04 +0000] "POST /get-message-notify HTTP/1.1" 404 - "https://kraft-court.cafe/?x=35000212011800&mod=1e056d2b&uri=products.php?detail/2896642.htm" "Mozilla/5.0 (Linux; Android 6.0.1; Nexus 5X Build/MMB29P) AppleWebKit/537.36 (KHTML, like Gecko) Chrome/137.0.7151.119 Mobile Safari/537.36 (compatible; Googlebot/2.1; +http://www.google.com/bot.html)"
66.249.65.37 - - [20/Jul/2025:06:49:06 +0000] "POST /get-message-notify HTTP/1.1" 404 - "https://kraft-court.cafe/?x=47301348031800&mod=48584348&uri=itm.php?toreka/toreka_single.html" "Mozilla/5.0 (Linux; Android 6.0.1; Nexus 5X Build/MMB29P) AppleWebKit/537.36 (KHTML, like Gecko) Chrome/137.0.7151.119 Mobile Safari/537.36 (compatible; Googlebot/2.1; +http://www.google.com/bot.html)"
66.249.65.35 - - [20/Jul/2025:06:49:22 +0000] "POST /get-message-notify HTTP/1.1" 404 - "https://kraft-court.cafe/?x=35000212011800&mod=1e056d2b&uri=products.php?detail/2914848.htm" "Mozilla/5.0 (Linux; Android 6.0.1; Nexus 5X Build/MMB29P) AppleWebKit/537.36 (KHTML, like Gecko) Chrome/137.0.7151.119 Mobile Safari/537.36 (compatible; Googlebot/2.1; +http://www.google.com/bot.html)"
66.249.65.35 - - [20/Jul/2025:06:49:26 +0000] "POST /get-message-notify HTTP/1.1" 404 - "https://kraft-court.cafe/?x=35114835021800&mod=be3ac64e&uri=article.php?feature/utsunomiya/index.html" "Mozilla/5.0 (Linux; Android 6.0.1; Nexus 5X Build/MMB29P) AppleWebKit/537.36 (KHTML, like Gecko) Chrome/137.0.7151.119 Mobile Safari/537.36 (compatible; Googlebot/2.1; +http://www.google.com/bot.html)"
66.249.65.36 - - [20/Jul/2025:06:49:26 +0000] "GET /?x=5589455141800&mod=c4b43ae0&uri=pin.php?detail/2917868.htm HTTP/1.1" 200 19063 "-" "Mozilla/5.0 (Linux; Android 6.0.1; Nexus 5X Build/MMB29P) AppleWebKit/537.36 (KHTML, like Gecko) Chrome/137.0.7151.103 Mobile Safari/537.36 (compatible; Googlebot/2.1; +http://www.google.com/bot.html)"
66.249.65.35 - - [20/Jul/2025:06:49:27 +0000] "GET /?x=28524956031800&mod=55d99a37&uri=search.php?detail/2880669.htm HTTP/1.1" 200 19416 "-" "Mozilla/5.0 (Linux; Android 6.0.1; Nexus 5X Build/MMB29P) AppleWebKit/537.36 (KHTML, like Gecko) Chrome/137.0.7151.103 Mobile Safari/537.36 (compatible; Googlebot/2.1; +http://www.google.com/bot.html)"
66.249.65.35 - - [20/Jul/2025:06:49:28 +0000] "GET /?x=59681795001800&mod=c33b41e8&uri=dp.php?%3Fid%3D1991629-1087%26name%3Dwhiskey+barrel+rental HTTP/1.1" 200 18427 "-" "Mozilla/5.0 (Linux; Android 6.0.1; Nexus 5X Build/MMB29P) AppleWebKit/537.36 (KHTML, like Gecko) Chrome/137.0.7151.103 Mobile Safari/537.36 (compatible; Googlebot/2.1; +http://www.google.com/bot.html)"
66.249.65.35 - - [20/Jul/2025:06:49:29 +0000] "GET /?x=6309795041800&mod=0d0fd7c6&uri=shared.php?detail/50250829.htm HTTP/1.1" 200 18816 "-" "Mozilla/5.0 (Linux; Android 6.0.1; Nexus 5X Build/MMB29P) AppleWebKit/537.36 (KHTML, like Gecko) Chrome/137.0.7151.103 Mobile Safari/537.36 (compatible; Googlebot/2.1; +http://www.google.com/bot.html)"
66.249.65.35 - - [20/Jul/2025:06:49:29 +0000] "GET /?x=40648160001800&mod=333cb763&uri=itm.php?detail/2941056.htm HTTP/1.1" 200 19491 "-" "Mozilla/5.0 (Linux; Android 6.0.1; Nexus 5X Build/MMB29P) AppleWebKit/537.36 (KHTML, like Gecko) Chrome/137.0.7151.103 Mobile Safari/537.36 (compatible; Googlebot/2.1; +http://www.google.com/bot.html)"
66.249.65.35 - - [20/Jul/2025:06:49:29 +0000] "GET /?x=59724743071800&mod=9854d7af&uri=news.php?detail/2925742.htm HTTP/1.1" 200 18312 "-" "Mozilla/5.0 (Linux; Android 6.0.1; Nexus 5X Build/MMB29P) AppleWebKit/537.36 (KHTML, like Gecko) Chrome/137.0.7151.103 Mobile Safari/537.36 (compatible; Googlebot/2.1; +http://www.google.com/bot.html)"
66.249.65.35 - - [20/Jul/2025:06:49:30 +0000] "GET /?x=47301468071800&mod=48584348&uri=us.php?product/edit/K614043111 HTTP/1.1" 200 18627 "-" "Mozilla/5.0 (Linux; Android 6.0.1; Nexus 5X Build/MMB29P) AppleWebKit/537.36 (KHTML, like Gecko) Chrome/137.0.7151.103 Mobile Safari/537.36 (compatible; Googlebot/2.1; +http://www.google.com/bot.html)"
66.249.65.35 - - [20/Jul/2025:06:49:30 +0000] "GET /?x=47301468071800&mod=48584348&uri=us.php?detail/46951210.htm HTTP/1.1" 200 19491 "-" "Mozilla/5.0 (Linux; Android 6.0.1; Nexus 5X Build/MMB29P) AppleWebKit/537.36 (KHTML, like Gecko) Chrome/137.0.7151.103 Mobile Safari/537.36 (compatible; Googlebot/2.1; +http://www.google.com/bot.html)"
66.249.65.35 - - [20/Jul/2025:06:49:30 +0000] "GET /?x=47301468071800&mod=48584348&uri=us.php?detail/50261073.htm HTTP/1.1" 200 18873 "-" "Mozilla/5.0 (Linux; Android 6.0.1; Nexus 5X Build/MMB29P) AppleWebKit/537.36 (KHTML, like Gecko) Chrome/137.0.7151.103 Mobile Safari/537.36 (compatible; Googlebot/2.1; +http://www.google.com/bot.html)"
66.249.65.35 - - [20/Jul/2025:06:49:31 +0000] "GET /?x=47301468071800&mod=48584348&uri=us.php?detail/50266535.htm HTTP/1.1" 200 19182 "-" "Mozilla/5.0 (Linux; Android 6.0.1; Nexus 5X Build/MMB29P) AppleWebKit/537.36 (KHTML, like Gecko) Chrome/137.0.7151.103 Mobile Safari/537.36 (compatible; Googlebot/2.1; +http://www.google.com/bot.html)"
66.249.65.35 - - [20/Jul/2025:06:49:32 +0000] "GET /?x=119722543071800&mod=faefec47&uri=pin.php?detail/2893067.htm HTTP/1.1" 200 19279 "-" "Mozilla/5.0 (Linux; Android 6.0.1; Nexus 5X Build/MMB29P) AppleWebKit/537.36 (KHTML, like Gecko) Chrome/137.0.7151.103 Mobile Safari/537.36 (compatible; Googlebot/2.1; +http://www.google.com/bot.html)"
66.249.65.35 - - [20/Jul/2025:06:49:33 +0000] "GET /?x=119722543071800&mod=faefec47&uri=pin.php?detail/2884244.htm HTTP/1.1" 200 18896 "-" "Mozilla/5.0 (Linux; Android 6.0.1; Nexus 5X Build/MMB29P) AppleWebKit/537.36 (KHTML, like Gecko) Chrome/137.0.7151.103 Mobile Safari/537.36 (compatible; Googlebot/2.1; +http://www.google.com/bot.html)"
66.249.65.35 - - [20/Jul/2025:06:49:33 +0000] "GET /?x=119722543071800&mod=faefec47&uri=pin.php?detail/2898201.htm HTTP/1.1" 200 19433 "-" "Mozilla/5.0 (Linux; Android 6.0.1; Nexus 5X Build/MMB29P) AppleWebKit/537.36 (KHTML, like Gecko) Chrome/137.0.7151.103 Mobile Safari/537.36 (compatible; Googlebot/2.1; +http://www.google.com/bot.html)"
66.249.65.35 - - [20/Jul/2025:06:49:34 +0000] "GET /?x=47300628031800&mod=48584348&uri=shared.php?detail/2923863.htm HTTP/1.1" 200 19389 "-" "Mozilla/5.0 (Linux; Android 6.0.1; Nexus 5X Build/MMB29P) AppleWebKit/537.36 (KHTML, like Gecko) Chrome/137.0.7151.103 Mobile Safari/537.36 (compatible; Googlebot/2.1; +http://www.google.com/bot.html)"
66.249.65.35 - - [20/Jul/2025:06:49:35 +0000] "GET /?x=47301348031800&mod=48584348&uri=itm.php?detail/2933190.htm HTTP/1.1" 200 19239 "-" "Mozilla/5.0 (Linux; Android 6.0.1; Nexus 5X Build/MMB29P) AppleWebKit/537.36 (KHTML, like Gecko) Chrome/137.0.7151.103 Mobile Safari/537.36 (compatible; Googlebot/2.1; +http://www.google.com/bot.html)"
66.249.65.35 - - [20/Jul/2025:06:49:36 +0000] "POST /get-message-notify HTTP/1.1" 404 - "https://kraft-court.cafe/?x=119722543071800&mod=faefec47&uri=pin.php?detail/2884244.htm" "Mozilla/5.0 (Linux; Android 6.0.1; Nexus 5X Build/MMB29P) AppleWebKit/537.36 (KHTML, like Gecko) Chrome/137.0.7151.119 Mobile Safari/537.36 (compatible; Googlebot/2.1; +http://www.google.com/bot.html)"
66.249.65.35 - - [20/Jul/2025:06:49:36 +0000] "GET /?x=47301348031800&mod=48584348&uri=itm.php?detail/2944671.htm HTTP/1.1" 200 18469 "-" "Mozilla/5.0 (Linux; Android 6.0.1; Nexus 5X Build/MMB29P) AppleWebKit/537.36 (KHTML, like Gecko) Chrome/137.0.7151.103 Mobile Safari/537.36 (compatible; Googlebot/2.1; +http://www.google.com/bot.html)"
66.249.65.35 - - [20/Jul/2025:06:49:36 +0000] "GET /?x=47301348031800&mod=48584348&uri=itm.php?product_archives HTTP/1.1" 200 18721 "-" "Mozilla/5.0 (Linux; Android 6.0.1; Nexus 5X Build/MMB29P) AppleWebKit/537.36 (KHTML, like Gecko) Chrome/137.0.7151.103 Mobile Safari/537.36 (compatible; Googlebot/2.1; +http://www.google.com/bot.html)"
66.249.65.35 - - [20/Jul/2025:06:49:38 +0000] "GET /?x=47301348031800&mod=48584348&uri=itm.php?detail/2895789.htm HTTP/1.1" 200 19520 "-" "Mozilla/5.0 (Linux; Android 6.0.1; Nexus 5X Build/MMB29P) AppleWebKit/537.36 (KHTML, like Gecko) Chrome/137.0.7151.103 Mobile Safari/537.36 (compatible; Googlebot/2.1; +http://www.google.com/bot.html)"
66.249.65.36 - - [20/Jul/2025:06:49:40 +0000] "GET /?x=31845749091800&mod=42e77b63&uri=products.php?detail/2914848.htm HTTP/1.1" 200 18760 "-" "Mozilla/5.0 (Linux; Android 6.0.1; Nexus 5X Build/MMB29P) AppleWebKit/537.36 (KHTML, like Gecko) Chrome/137.0.7151.103 Mobile Safari/537.36 (compatible; Googlebot/2.1; +http://www.google.com/bot.html)"
209.74.77.214 - - [20/Jul/2025:06:49:40 +0000] "POST /wp-cron.php?doing_wp_cron=1752994180.6090309619903564453125 HTTP/1.1" 200 - "-" "WordPress/6.8.2; https://kraft-court.cafe"
95.128.16.22 - - [20/Jul/2025:06:49:39 +0000] "POST /xmlrpc.php HTTP/1.1" 200 403 "-" "Mozilla/5.0 (Linux; Android 10; x86) AppleWebKit/537.36 (KHTML, like Gecko) Opera/70.0.0.0 Safari/537.36"
66.249.65.36 - - [20/Jul/2025:06:49:41 +0000] "GET /?x=31845749091800&mod=42e77b63&uri=products.php?toreka/toreka_single.html HTTP/1.1" 200 18990 "-" "Mozilla/5.0 (Linux; Android 6.0.1; Nexus 5X Build/MMB29P) AppleWebKit/537.36 (KHTML, like Gecko) Chrome/137.0.7151.103 Mobile Safari/537.36 (compatible; Googlebot/2.1; +http://www.google.com/bot.html)"
66.249.65.35 - - [20/Jul/2025:06:49:42 +0000] "GET /?x=31845749091800&mod=42e77b63&uri=products.php?detail/2941907.htm HTTP/1.1" 200 18806 "-" "Mozilla/5.0 (Linux; Android 6.0.1; Nexus 5X Build/MMB29P) AppleWebKit/537.36 (KHTML, like Gecko) Chrome/137.0.7151.103 Mobile Safari/537.36 (compatible; Googlebot/2.1; +http://www.google.com/bot.html)"
66.249.65.35 - - [20/Jul/2025:06:49:42 +0000] "GET /?x=31845749091800&mod=42e77b63&uri=products.php?product_archives HTTP/1.1" 200 18732 "-" "Mozilla/5.0 (Linux; Android 6.0.1; Nexus 5X Build/MMB29P) AppleWebKit/537.36 (KHTML, like Gecko) Chrome/137.0.7151.103 Mobile Safari/537.36 (compatible; Googlebot/2.1; +http://www.google.com/bot.html)"
66.249.65.35 - - [20/Jul/2025:06:49:42 +0000] "GET /?x=31845749091800&mod=42e77b63&uri=products.php?detail/2922978.htm HTTP/1.1" 200 18818 "-" "Mozilla/5.0 (Linux; Android 6.0.1; Nexus 5X Build/MMB29P) AppleWebKit/537.36 (KHTML, like Gecko) Chrome/137.0.7151.103 Mobile Safari/537.36 (compatible; Googlebot/2.1; +http://www.google.com/bot.html)"
66.249.65.35 - - [20/Jul/2025:06:49:43 +0000] "GET /?x=47301348031800&mod=48584348&uri=itm.php?detail/2890335.htm HTTP/1.1" 200 19107 "-" "Mozilla/5.0 (Linux; Android 6.0.1; Nexus 5X Build/MMB29P) AppleWebKit/537.36 (KHTML, like Gecko) Chrome/137.0.7151.103 Mobile Safari/537.36 (compatible; Googlebot/2.1; +http://www.google.com/bot.html)"
66.249.65.36 - - [20/Jul/2025:06:49:43 +0000] "POST /get-message-notify HTTP/1.1" 404 - "https://kraft-court.cafe/?x=31845749091800&mod=42e77b63&uri=products.php?detail/2914848.htm" "Mozilla/5.0 (Linux; Android 6.0.1; Nexus 5X Build/MMB29P) AppleWebKit/537.36 (KHTML, like Gecko) Chrome/137.0.7151.119 Mobile Safari/537.36 (compatible; Googlebot/2.1; +http://www.google.com/bot.html)"
66.249.65.36 - - [20/Jul/2025:06:49:43 +0000] "GET /?x=31845749091800&mod=42e77b63&uri=products.php?detail/2908541.htm HTTP/1.1" 200 19393 "-" "Mozilla/5.0 (Linux; Android 6.0.1; Nexus 5X Build/MMB29P) AppleWebKit/537.36 (KHTML, like Gecko) Chrome/137.0.7151.103 Mobile Safari/537.36 (compatible; Googlebot/2.1; +http://www.google.com/bot.html)"
66.249.65.36 - - [20/Jul/2025:06:49:44 +0000] "GET /?x=31845749091800&mod=42e77b63&uri=products.php?detail/2917194.htm HTTP/1.1" 200 18949 "-" "Mozilla/5.0 (Linux; Android 6.0.1; Nexus 5X Build/MMB29P) AppleWebKit/537.36 (KHTML, like Gecko) Chrome/137.0.7151.103 Mobile Safari/537.36 (compatible; Googlebot/2.1; +http://www.google.com/bot.html)"
66.249.65.36 - - [20/Jul/2025:06:49:45 +0000] "GET /?x=31845749091800&mod=42e77b63&uri=products.php?detail/2949869.htm HTTP/1.1" 200 18315 "-" "Mozilla/5.0 (Linux; Android 6.0.1; Nexus 5X Build/MMB29P) AppleWebKit/537.36 (KHTML, like Gecko) Chrome/137.0.7151.103 Mobile Safari/537.36 (compatible; Googlebot/2.1; +http://www.google.com/bot.html)"
66.249.65.35 - - [20/Jul/2025:06:49:46 +0000] "GET /?x=35000212011800&mod=1e056d2b&uri=products.php?pcsp.html HTTP/1.1" 200 19396 "-" "Mozilla/5.0 (Linux; Android 6.0.1; Nexus 5X Build/MMB29P) AppleWebKit/537.36 (KHTML, like Gecko) Chrome/137.0.7151.103 Mobile Safari/537.36 (compatible; Googlebot/2.1; +http://www.google.com/bot.html)"
66.249.65.36 - - [20/Jul/2025:06:49:47 +0000] "GET /?x=35000212011800&mod=1e056d2b&uri=products.php?events/ HTTP/1.1" 200 18744 "-" "Mozilla/5.0 (Linux; Android 6.0.1; Nexus 5X Build/MMB29P) AppleWebKit/537.36 (KHTML, like Gecko) Chrome/137.0.7151.103 Mobile Safari/537.36 (compatible; Googlebot/2.1; +http://www.google.com/bot.html)"
66.249.65.36 - - [20/Jul/2025:06:49:48 +0000] "GET /?x=35000212011800&mod=1e056d2b&uri=products.php?oreka/plamodel_menu.html HTTP/1.1" 200 18372 "-" "Mozilla/5.0 (Linux; Android 6.0.1; Nexus 5X Build/MMB29P) AppleWebKit/537.36 (KHTML, like Gecko) Chrome/137.0.7151.103 Mobile Safari/537.36 (compatible; Googlebot/2.1; +http://www.google.com/bot.html)"
66.249.65.35 - - [20/Jul/2025:06:49:49 +0000] "GET /?x=35114835021800&mod=be3ac64e&uri=article.php?detail/2942069.htm HTTP/1.1" 200 18733 "-" "Mozilla/5.0 (Linux; Android 6.0.1; Nexus 5X Build/MMB29P) AppleWebKit/537.36 (KHTML, like Gecko) Chrome/137.0.7151.103 Mobile Safari/537.36 (compatible; Googlebot/2.1; +http://www.google.com/bot.html)"
66.249.65.35 - - [20/Jul/2025:06:49:49 +0000] "GET /?x=113664333051800&mod=165a59f7&uri=itm.php?detail/50280484.htm HTTP/1.1" 200 18876 "-" "Mozilla/5.0 (Linux; Android 6.0.1; Nexus 5X Build/MMB29P) AppleWebKit/537.36 (KHTML, like Gecko) Chrome/137.0.7151.103 Mobile Safari/537.36 (compatible; Googlebot/2.1; +http://www.google.com/bot.html)"
66.249.65.36 - - [20/Jul/2025:06:49:49 +0000] "POST /get-message-notify HTTP/1.1" 404 - "https://kraft-court.cafe/?x=35000212011800&mod=1e056d2b&uri=products.php?feature/eposcard/index.html" "Mozilla/5.0 (Linux; Android 6.0.1; Nexus 5X Build/MMB29P) AppleWebKit/537.36 (KHTML, like Gecko) Chrome/137.0.7151.119 Mobile Safari/537.36 (compatible; Googlebot/2.1; +http://www.google.com/bot.html)"
66.249.65.35 - - [20/Jul/2025:06:49:49 +0000] "GET /?x=113664333051800&mod=165a59f7&uri=itm.php?detail/55083355.htm HTTP/1.1" 200 19297 "-" "Mozilla/5.0 (Linux; Android 6.0.1; Nexus 5X Build/MMB29P) AppleWebKit/537.36 (KHTML, like Gecko) Chrome/137.0.7151.103 Mobile Safari/537.36 (compatible; Googlebot/2.1; +http://www.google.com/bot.html)"
66.249.65.36 - - [20/Jul/2025:06:49:50 +0000] "GET /?x=35047282091800&mod=39027dfa&uri=dp.php?detail/839544653.htm HTTP/1.1" 200 19409 "-" "Mozilla/5.0 (Linux; Android 6.0.1; Nexus 5X Build/MMB29P) AppleWebKit/537.36 (KHTML, like Gecko) Chrome/137.0.7151.103 Mobile Safari/537.36 (compatible; Googlebot/2.1; +http://www.google.com/bot.html)"
66.249.65.35 - - [20/Jul/2025:06:49:50 +0000] "GET /?x=35047282091800&mod=39027dfa&uri=dp.php?detail/839535027.htm HTTP/1.1" 200 18233 "-" "Mozilla/5.0 (Linux; Android 6.0.1; Nexus 5X Build/MMB29P) AppleWebKit/537.36 (KHTML, like Gecko) Chrome/137.0.7151.103 Mobile Safari/537.36 (compatible; Googlebot/2.1; +http://www.google.com/bot.html)"
66.249.65.35 - - [20/Jul/2025:06:49:51 +0000] "POST /get-message-notify HTTP/1.1" 404 - "https://kraft-court.cafe/?x=59724743071800&mod=9854d7af&uri=news.php?detail/2925742.htm" "Mozilla/5.0 (Linux; Android 6.0.1; Nexus 5X Build/MMB29P) AppleWebKit/537.36 (KHTML, like Gecko) Chrome/137.0.7151.119 Mobile Safari/537.36 (compatible; Googlebot/2.1; +http://www.google.com/bot.html)"
66.249.65.36 - - [20/Jul/2025:06:49:51 +0000] "GET /?x=35047282091800&mod=39027dfa&uri=dp.php?detail/839508947.htm HTTP/1.1" 200 19362 "-" "Mozilla/5.0 (Linux; Android 6.0.1; Nexus 5X Build/MMB29P) AppleWebKit/537.36 (KHTML, like Gecko) Chrome/137.0.7151.103 Mobile Safari/537.36 (compatible; Googlebot/2.1; +http://www.google.com/bot.html)"
66.249.65.37 - - [20/Jul/2025:06:49:52 +0000] "GET /?x=70385525021800&mod=29b2cd4a&uri=shop.php?detail/2182604.htm HTTP/1.1" 200 18619 "-" "Mozilla/5.0 (Linux; Android 6.0.1; Nexus 5X Build/MMB29P) AppleWebKit/537.36 (KHTML, like Gecko) Chrome/137.0.7151.103 Mobile Safari/537.36 (compatible; Googlebot/2.1; +http://www.google.com/bot.html)"
66.249.65.35 - - [20/Jul/2025:06:49:52 +0000] "POST /get-message-notify HTTP/1.1" 404 - "https://kraft-court.cafe/?x=35000212011800&mod=1e056d2b&uri=products.php?oreka/plamodel_menu.html" "Mozilla/5.0 (Linux; Android 6.0.1; Nexus 5X Build/MMB29P) AppleWebKit/537.36 (KHTML, like Gecko) Chrome/137.0.7151.119 Mobile Safari/537.36 (compatible; Googlebot/2.1; +http://www.google.com/bot.html)"
66.249.65.37 - - [20/Jul/2025:06:49:52 +0000] "GET /?x=5589455141800&mod=c4b43ae0&uri=pin.php?hobby/nuigurumi/nuigurumi.html HTTP/1.1" 200 18586 "-" "Mozilla/5.0 (Linux; Android 6.0.1; Nexus 5X Build/MMB29P) AppleWebKit/537.36 (KHTML, like Gecko) Chrome/137.0.7151.103 Mobile Safari/537.36 (compatible; Googlebot/2.1; +http://www.google.com/bot.html)"
66.249.65.36 - - [20/Jul/2025:06:49:53 +0000] "GET /?x=5589455141800&mod=c4b43ae0&uri=pin.php?detail/2931663.htm HTTP/1.1" 200 18746 "-" "Mozilla/5.0 (Linux; Android 6.0.1; Nexus 5X Build/MMB29P) AppleWebKit/537.36 (KHTML, like Gecko) Chrome/137.0.7151.103 Mobile Safari/537.36 (compatible; Googlebot/2.1; +http://www.google.com/bot.html)"
66.249.65.37 - - [20/Jul/2025:06:49:54 +0000] "GET /?x=28524956031800&mod=55d99a37&uri=search.php?feature/akihabara_main/index.html HTTP/1.1" 200 19479 "-" "Mozilla/5.0 (Linux; Android 6.0.1; Nexus 5X Build/MMB29P) AppleWebKit/537.36 (KHTML, like Gecko) Chrome/137.0.7151.103 Mobile Safari/537.36 (compatible; Googlebot/2.1; +http://www.google.com/bot.html)"
66.249.65.37 - - [20/Jul/2025:06:49:55 +0000] "GET /?x=28524956031800&mod=55d99a37&uri=search.php?cd.html HTTP/1.1" 200 18765 "-" "Mozilla/5.0 (Linux; Android 6.0.1; Nexus 5X Build/MMB29P) AppleWebKit/537.36 (KHTML, like Gecko) Chrome/137.0.7151.103 Mobile Safari/537.36 (compatible; Googlebot/2.1; +http://www.google.com/bot.html)"
66.249.65.36 - - [20/Jul/2025:06:49:55 +0000] "GET /?x=5589455141800&mod=c4b43ae0&uri=pin.php?feature/index.html HTTP/1.1" 200 19545 "-" "Mozilla/5.0 (Linux; Android 6.0.1; Nexus 5X Build/MMB29P) AppleWebKit/537.36 (KHTML, like Gecko) Chrome/137.0.7151.103 Mobile Safari/537.36 (compatible; Googlebot/2.1; +http://www.google.com/bot.html)"
66.249.65.36 - - [20/Jul/2025:06:49:56 +0000] "POST /get-message-notify HTTP/1.1" 404 - "https://kraft-court.cafe/?x=28524956031800&mod=55d99a37&uri=search.php?cd.html" "Mozilla/5.0 (Linux; Android 6.0.1; Nexus 5X Build/MMB29P) AppleWebKit/537.36 (KHTML, like Gecko) Chrome/137.0.7151.119 Mobile Safari/537.36 (compatible; Googlebot/2.1; +http://www.google.com/bot.html)"
66.249.65.35 - - [20/Jul/2025:06:49:56 +0000] "GET /?x=5589455141800&mod=c4b43ae0&uri=pin.php?detail/2941056.htm HTTP/1.1" 200 19489 "-" "Mozilla/5.0 (Linux; Android 6.0.1; Nexus 5X Build/MMB29P) AppleWebKit/537.36 (KHTML, like Gecko) Chrome/137.0.7151.103 Mobile Safari/537.36 (compatible; Googlebot/2.1; +http://www.google.com/bot.html)"
66.249.65.35 - - [20/Jul/2025:06:49:57 +0000] "POST /get-message-notify HTTP/1.1" 404 - "https://kraft-court.cafe/?x=31845749091800&mod=42e77b63&uri=products.php?toreka/toreka_single.html" "Mozilla/5.0 (Linux; Android 6.0.1; Nexus 5X Build/MMB29P) AppleWebKit/537.36 (KHTML, like Gecko) Chrome/137.0.7151.119 Mobile Safari/537.36 (compatible; Googlebot/2.1; +http://www.google.com/bot.html)"
66.249.65.37 - - [20/Jul/2025:06:49:57 +0000] "GET /?x=5589455141800&mod=c4b43ae0&uri=pin.php?feature/shoplist/index.html HTTP/1.1" 200 19426 "-" "Mozilla/5.0 (Linux; Android 6.0.1; Nexus 5X Build/MMB29P) AppleWebKit/537.36 (KHTML, like Gecko) Chrome/137.0.7151.103 Mobile Safari/537.36 (compatible; Googlebot/2.1; +http://www.google.com/bot.html)"
66.249.65.37 - - [20/Jul/2025:06:49:58 +0000] "GET /?x=59761006021800&mod=5c376f6d&uri=search.php?detail/2922328.htm HTTP/1.1" 200 18770 "-" "Mozilla/5.0 (Linux; Android 6.0.1; Nexus 5X Build/MMB29P) AppleWebKit/537.36 (KHTML, like Gecko) Chrome/137.0.7151.103 Mobile Safari/537.36 (compatible; Googlebot/2.1; +http://www.google.com/bot.html)"
66.249.65.36 - - [20/Jul/2025:06:49:58 +0000] "GET /?x=59761006021800&mod=5c376f6d&uri=search.php?text/terms HTTP/1.1" 200 19142 "-" "Mozilla/5.0 (Linux; Android 6.0.1; Nexus 5X Build/MMB29P) AppleWebKit/537.36 (KHTML, like Gecko) Chrome/137.0.7151.103 Mobile Safari/537.36 (compatible; Googlebot/2.1; +http://www.google.com/bot.html)"
209.74.77.214 - - [20/Jul/2025:06:49:59 +0000] "POST /wp-cron.php?doing_wp_cron=1752994199.8789060115814208984375 HTTP/1.1" 200 - "-" "WordPress/6.8.2; https://kraft-court.cafe"
57.141.2.10 - - [20/Jul/2025:06:49:59 +0000] "GET /?x=31400379011800& HTTP/1.1" 301 - "-" "meta-externalagent/1.1 (+https://developers.facebook.com/docs/sharing/webmasters/crawler)"
66.249.65.37 - - [20/Jul/2025:06:49:59 +0000] "GET /?x=40648160001800&mod=333cb763&uri=itm.php?detail/2887989.htm HTTP/1.1" 200 19481 "-" "Mozilla/5.0 (Linux; Android 6.0.1; Nexus 5X Build/MMB29P) AppleWebKit/537.36 (KHTML, like Gecko) Chrome/137.0.7151.103 Mobile Safari/537.36 (compatible; Googlebot/2.1; +http://www.google.com/bot.html)"
66.249.65.35 - - [20/Jul/2025:06:50:00 +0000] "GET /?x=59724743071800&mod=9854d7af&uri=news.php?detail/2918721.htm HTTP/1.1" 200 19276 "-" "Mozilla/5.0 (Linux; Android 6.0.1; Nexus 5X Build/MMB29P) AppleWebKit/537.36 (KHTML, like Gecko) Chrome/137.0.7151.103 Mobile Safari/537.36 (compatible; Googlebot/2.1; +http://www.google.com/bot.html)"
66.249.65.35 - - [20/Jul/2025:06:50:01 +0000] "POST /get-message-notify HTTP/1.1" 404 - "https://kraft-court.cafe/?x=47301348031800&mod=48584348&uri=itm.php?detail/2895789.htm" "Mozilla/5.0 (Linux; Android 6.0.1; Nexus 5X Build/MMB29P) AppleWebKit/537.36 (KHTML, like Gecko) Chrome/137.0.7151.119 Mobile Safari/537.36 (compatible; Googlebot/2.1; +http://www.google.com/bot.html)"
66.249.65.36 - - [20/Jul/2025:06:50:01 +0000] "GET /?x=59761006021800&mod=5c376f6d&uri=search.php?detail/2897316.htm HTTP/1.1" 200 18616 "-" "Mozilla/5.0 (Linux; Android 6.0.1; Nexus 5X Build/MMB29P) AppleWebKit/537.36 (KHTML, like Gecko) Chrome/137.0.7151.103 Mobile Safari/537.36 (compatible; Googlebot/2.1; +http://www.google.com/bot.html)"
66.249.65.35 - - [20/Jul/2025:06:50:04 +0000] "GET /?x=47570710041800&mod=798fa73d&uri=shared.php?detail/2885779.htm HTTP/1.1" 200 19218 "-" "Mozilla/5.0 (Linux; Android 6.0.1; Nexus 5X Build/MMB29P) AppleWebKit/537.36 (KHTML, like Gecko) Chrome/137.0.7151.103 Mobile Safari/537.36 (compatible; Googlebot/2.1; +http://www.google.com/bot.html)"
66.249.65.35 - - [20/Jul/2025:06:50:05 +0000] "GET /?x=47570710041800&mod=798fa73d&uri=shared.php?feature/sale2411-5/index.html HTTP/1.1" 200 19432 "-" "Mozilla/5.0 (Linux; Android 6.0.1; Nexus 5X Build/MMB29P) AppleWebKit/537.36 (KHTML, like Gecko) Chrome/137.0.7151.103 Mobile Safari/537.36 (compatible; Googlebot/2.1; +http://www.google.com/bot.html)"
66.249.65.35 - - [20/Jul/2025:06:50:06 +0000] "POST /get-message-notify HTTP/1.1" 404 - "https://kraft-court.cafe/?x=47301348031800&mod=48584348&uri=itm.php?text/terms" "Mozilla/5.0 (Linux; Android 6.0.1; Nexus 5X Build/MMB29P) AppleWebKit/537.36 (KHTML, like Gecko) Chrome/137.0.7151.119 Mobile Safari/537.36 (compatible; Googlebot/2.1; +http://www.google.com/bot.html)"
66.249.65.35 - - [20/Jul/2025:06:50:07 +0000] "GET /?x=119722543071800&mod=faefec47&uri=pin.php?feature/campaign/index.html HTTP/1.1" 200 19438 "-" "Mozilla/5.0 (Linux; Android 6.0.1; Nexus 5X Build/MMB29P) AppleWebKit/537.36 (KHTML, like Gecko) Chrome/137.0.7151.103 Mobile Safari/537.36 (compatible; Googlebot/2.1; +http://www.google.com/bot.html)"
66.249.65.35 - - [20/Jul/2025:06:50:07 +0000] "GET /?x=119722543071800&mod=faefec47&uri=pin.php?detail/2951396.htm HTTP/1.1" 200 18859 "-" "Mozilla/5.0 (Linux; Android 6.0.1; Nexus 5X Build/MMB29P) AppleWebKit/537.36 (KHTML, like Gecko) Chrome/137.0.7151.103 Mobile Safari/537.36 (compatible; Googlebot/2.1; +http://www.google.com/bot.html)"
66.249.65.35 - - [20/Jul/2025:06:50:08 +0000] "GET /?x=84252034021800&mod=c2626d85&uri=brands.php?detail/2895789.htm HTTP/1.1" 200 19525 "-" "Mozilla/5.0 (Linux; Android 6.0.1; Nexus 5X Build/MMB29P) AppleWebKit/537.36 (KHTML, like Gecko) Chrome/137.0.7151.103 Mobile Safari/537.36 (compatible; Googlebot/2.1; +http://www.google.com/bot.html)"
66.249.65.35 - - [20/Jul/2025:06:50:09 +0000] "GET /?x=47301468071800&mod=48584348&uri=us.php?detail/2914848.htm HTTP/1.1" 200 18746 "-" "Mozilla/5.0 (Linux; Android 6.0.1; Nexus 5X Build/MMB29P) AppleWebKit/537.36 (KHTML, like Gecko) Chrome/137.0.7151.103 Mobile Safari/537.36 (compatible; Googlebot/2.1; +http://www.google.com/bot.html)"
66.249.65.35 - - [20/Jul/2025:06:50:10 +0000] "GET /?x=31845749091800&mod=42e77b63&uri=products.php?detail/2941056.htm HTTP/1.1" 200 19521 "-" "Mozilla/5.0 (Linux; Android 6.0.1; Nexus 5X Build/MMB29P) AppleWebKit/537.36 (KHTML, like Gecko) Chrome/137.0.7151.103 Mobile Safari/537.36 (compatible; Googlebot/2.1; +http://www.google.com/bot.html)"
66.249.65.35 - - [20/Jul/2025:06:50:10 +0000] "GET /?x=119722543071800&mod=faefec47&uri=pin.php?detail/2930876.htm HTTP/1.1" 200 18842 "-" "Mozilla/5.0 (Linux; Android 6.0.1; Nexus 5X Build/MMB29P) AppleWebKit/537.36 (KHTML, like Gecko) Chrome/137.0.7151.103 Mobile Safari/537.36 (compatible; Googlebot/2.1; +http://www.google.com/bot.html)"
66.249.65.35 - - [20/Jul/2025:06:50:11 +0000] "GET /?x=35114835021800&mod=be3ac64e&uri=article.php?detail/2933190.htm HTTP/1.1" 200 19253 "-" "Mozilla/5.0 (Linux; Android 6.0.1; Nexus 5X Build/MMB29P) AppleWebKit/537.36 (KHTML, like Gecko) Chrome/137.0.7151.103 Mobile Safari/537.36 (compatible; Googlebot/2.1; +http://www.google.com/bot.html)"
66.249.65.35 - - [20/Jul/2025:06:50:12 +0000] "GET /?x=47301348031800&mod=48584348&uri=itm.php?detail/2946849.htm HTTP/1.1" 200 19645 "-" "Mozilla/5.0 (Linux; Android 6.0.1; Nexus 5X Build/MMB29P) AppleWebKit/537.36 (KHTML, like Gecko) Chrome/137.0.7151.103 Mobile Safari/537.36 (compatible; Googlebot/2.1; +http://www.google.com/bot.html)"
66.249.65.35 - - [20/Jul/2025:06:50:12 +0000] "POST /get-message-notify HTTP/1.1" 404 - "https://kraft-court.cafe/?x=47570710041800&mod=798fa73d&uri=shared.php?detail/2885779.htm" "Mozilla/5.0 (Linux; Android 6.0.1; Nexus 5X Build/MMB29P) AppleWebKit/537.36 (KHTML, like Gecko) Chrome/137.0.7151.119 Mobile Safari/537.36 (compatible; Googlebot/2.1; +http://www.google.com/bot.html)"
66.249.65.35 - - [20/Jul/2025:06:50:12 +0000] "GET /?x=47301348031800&mod=48584348&uri=itm.php?toreka/figure_menu.html HTTP/1.1" 200 19016 "-" "Mozilla/5.0 (Linux; Android 6.0.1; Nexus 5X Build/MMB29P) AppleWebKit/537.36 (KHTML, like Gecko) Chrome/137.0.7151.103 Mobile Safari/537.36 (compatible; Googlebot/2.1; +http://www.google.com/bot.html)"
66.249.65.36 - - [20/Jul/2025:06:50:14 +0000] "GET /?x=47301348031800&mod=48584348&uri=itm.php?detail/2897316.htm HTTP/1.1" 200 18624 "-" "Mozilla/5.0 (Linux; Android 6.0.1; Nexus 5X Build/MMB29P) AppleWebKit/537.36 (KHTML, like Gecko) Chrome/137.0.7151.103 Mobile Safari/537.36 (compatible; Googlebot/2.1; +http://www.google.com/bot.html)"
66.249.65.36 - - [20/Jul/2025:06:50:14 +0000] "GET /?x=47301348031800&mod=48584348&uri=itm.php?detail/2902458.htm HTTP/1.1" 200 19116 "-" "Mozilla/5.0 (Linux; Android 6.0.1; Nexus 5X Build/MMB29P) AppleWebKit/537.36 (KHTML, like Gecko) Chrome/137.0.7151.103 Mobile Safari/537.36 (compatible; Googlebot/2.1; +http://www.google.com/bot.html)"
66.249.65.35 - - [20/Jul/2025:06:50:15 +0000] "GET /?x=47433848021800&mod=74db120f&uri=blog.php?feature/yokohama_maruicity/index.html HTTP/1.1" 200 19328 "-" "Mozilla/5.0 (Linux; Android 6.0.1; Nexus 5X Build/MMB29P) AppleWebKit/537.36 (KHTML, like Gecko) Chrome/137.0.7151.103 Mobile Safari/537.36 (compatible; Googlebot/2.1; +http://www.google.com/bot.html)"
66.249.65.35 - - [20/Jul/2025:06:50:15 +0000] "GET /?x=35000212011800&mod=1e056d2b&uri=products.php?detail/2895789.htm HTTP/1.1" 200 19528 "-" "Mozilla/5.0 (Linux; Android 6.0.1; Nexus 5X Build/MMB29P) AppleWebKit/537.36 (KHTML, like Gecko) Chrome/137.0.7151.103 Mobile Safari/537.36 (compatible; Googlebot/2.1; +http://www.google.com/bot.html)"
66.249.65.36 - - [20/Jul/2025:06:50:17 +0000] "GET /?x=31845749091800&mod=42e77b63&uri=products.php?detail/2936797.htm HTTP/1.1" 200 19349 "-" "Mozilla/5.0 (Linux; Android 6.0.1; Nexus 5X Build/MMB29P) AppleWebKit/537.36 (KHTML, like Gecko) Chrome/137.0.7151.103 Mobile Safari/537.36 (compatible; Googlebot/2.1; +http://www.google.com/bot.html)"
66.249.65.36 - - [20/Jul/2025:06:50:17 +0000] "GET /?x=31845749091800&mod=42e77b63&uri=products.php?detail/2928112.htm HTTP/1.1" 200 19346 "-" "Mozilla/5.0 (Linux; Android 6.0.1; Nexus 5X Build/MMB29P) AppleWebKit/537.36 (KHTML, like Gecko) Chrome/137.0.7151.103 Mobile Safari/537.36 (compatible; Googlebot/2.1; +http://www.google.com/bot.html)"
66.249.65.36 - - [20/Jul/2025:06:50:18 +0000] "POST /get-message-notify HTTP/1.1" 404 - "https://kraft-court.cafe/?x=5589455141800&mod=c4b43ae0&uri=pin.php?feature/index.html" "Mozilla/5.0 (Linux; Android 6.0.1; Nexus 5X Build/MMB29P) AppleWebKit/537.36 (KHTML, like Gecko) Chrome/137.0.7151.119 Mobile Safari/537.36 (compatible; Googlebot/2.1; +http://www.google.com/bot.html)"
66.249.65.35 - - [20/Jul/2025:06:50:18 +0000] "GET /?x=47301468071800&mod=48584348&uri=us.php?detail/2916415.htm HTTP/1.1" 200 19210 "-" "Mozilla/5.0 (Linux; Android 6.0.1; Nexus 5X Build/MMB29P) AppleWebKit/537.36 (KHTML, like Gecko) Chrome/137.0.7151.103 Mobile Safari/537.36 (compatible; Googlebot/2.1; +http://www.google.com/bot.html)"
66.249.65.36 - - [20/Jul/2025:06:50:18 +0000] "GET /?x=47301468071800&mod=48584348&uri=us.php?detail/2902458.htm HTTP/1.1" 200 19113 "-" "Mozilla/5.0 (Linux; Android 6.0.1; Nexus 5X Build/MMB29P) AppleWebKit/537.36 (KHTML, like Gecko) Chrome/137.0.7151.103 Mobile Safari/537.36 (compatible; Googlebot/2.1; +http://www.google.com/bot.html)"
66.249.65.36 - - [20/Jul/2025:06:50:19 +0000] "GET /?x=47300628031800&mod=48584348&uri=shared.php?detail/2919990.htm HTTP/1.1" 200 19504 "-" "Mozilla/5.0 (Linux; Android 6.0.1; Nexus 5X Build/MMB29P) AppleWebKit/537.36 (KHTML, like Gecko) Chrome/137.0.7151.103 Mobile Safari/537.36 (compatible; Googlebot/2.1; +http://www.google.com/bot.html)"
66.249.65.35 - - [20/Jul/2025:06:50:20 +0000] "GET /?x=47301348031800&mod=48584348&uri=itm.php?detail/2911111.htm HTTP/1.1" 200 18645 "-" "Mozilla/5.0 (Linux; Android 6.0.1; Nexus 5X Build/MMB29P) AppleWebKit/537.36 (KHTML, like Gecko) Chrome/137.0.7151.103 Mobile Safari/537.36 (compatible; Googlebot/2.1; +http://www.google.com/bot.html)"
66.249.65.35 - - [20/Jul/2025:06:50:20 +0000] "POST /get-message-notify HTTP/1.1" 404 - "https://kraft-court.cafe/?x=47301348031800&mod=48584348&uri=itm.php?detail/2946849.htm" "Mozilla/5.0 (Linux; Android 6.0.1; Nexus 5X Build/MMB29P) AppleWebKit/537.36 (KHTML, like Gecko) Chrome/137.0.7151.119 Mobile Safari/537.36 (compatible; Googlebot/2.1; +http://www.google.com/bot.html)"
66.249.65.35 - - [20/Jul/2025:06:50:22 +0000] "GET /?x=35114835021800&mod=be3ac64e&uri=article.php?detail/2930876.htm HTTP/1.1" 200 18853 "-" "Mozilla/5.0 (Linux; Android 6.0.1; Nexus 5X Build/MMB29P) AppleWebKit/537.36 (KHTML, like Gecko) Chrome/137.0.7151.103 Mobile Safari/537.36 (compatible; Googlebot/2.1; +http://www.google.com/bot.html)"
66.249.65.35 - - [20/Jul/2025:06:50:23 +0000] "POST /get-message-notify HTTP/1.1" 404 - "https://kraft-court.cafe/?x=47433848021800&mod=74db120f&uri=blog.php?feature/yokohama_maruicity/index.html" "Mozilla/5.0 (Linux; Android 6.0.1; Nexus 5X Build/MMB29P) AppleWebKit/537.36 (KHTML, like Gecko) Chrome/137.0.7151.119 Mobile Safari/537.36 (compatible; Googlebot/2.1; +http://www.google.com/bot.html)"
66.249.65.36 - - [20/Jul/2025:06:50:23 +0000] "GET /?x=47301348031800&mod=48584348&uri=itm.php?detail/2880669.htm HTTP/1.1" 200 19416 "-" "Mozilla/5.0 (Linux; Android 6.0.1; Nexus 5X Build/MMB29P) AppleWebKit/537.36 (KHTML, like Gecko) Chrome/137.0.7151.103 Mobile Safari/537.36 (compatible; Googlebot/2.1; +http://www.google.com/bot.html)"
66.249.65.35 - - [20/Jul/2025:06:50:23 +0000] "GET /?x=35000212011800&mod=1e056d2b&uri=products.php?man/kaitori/kaitoritop.html HTTP/1.1" 200 18747 "-" "Mozilla/5.0 (Linux; Android 6.0.1; Nexus 5X Build/MMB29P) AppleWebKit/537.36 (KHTML, like Gecko) Chrome/137.0.7151.103 Mobile Safari/537.36 (compatible; Googlebot/2.1; +http://www.google.com/bot.html)"
66.249.65.35 - - [20/Jul/2025:06:50:24 +0000] "GET /?x=35000212011800&mod=1e056d2b&uri=products.php?detail/2891862.htm HTTP/1.1" 200 18819 "-" "Mozilla/5.0 (Linux; Android 6.0.1; Nexus 5X Build/MMB29P) AppleWebKit/537.36 (KHTML, like Gecko) Chrome/137.0.7151.103 Mobile Safari/537.36 (compatible; Googlebot/2.1; +http://www.google.com/bot.html)"
66.249.65.35 - - [20/Jul/2025:06:50:24 +0000] "GET /?x=35114835021800&mod=be3ac64e&uri=article.php?feature/idol/gradol.html HTTP/1.1" 200 19500 "-" "Mozilla/5.0 (Linux; Android 6.0.1; Nexus 5X Build/MMB29P) AppleWebKit/537.36 (KHTML, like Gecko) Chrome/137.0.7151.103 Mobile Safari/537.36 (compatible; Googlebot/2.1; +http://www.google.com/bot.html)"
66.249.65.37 - - [20/Jul/2025:06:50:32 +0000] "GET /?x=99461379041800&mod=48584348&uri=pin.php?detail/4381255.htm HTTP/1.1" 200 19618 "-" "Mozilla/5.0 (Linux; Android 6.0.1; Nexus 5X Build/MMB29P) AppleWebKit/537.36 (KHTML, like Gecko) Chrome/137.0.7151.103 Mobile Safari/537.36 (compatible; Googlebot/2.1; +http://www.google.com/bot.html)"
66.249.65.35 - - [20/Jul/2025:06:50:33 +0000] "GET /?x=99461379041800&mod=48584348&uri=pin.php?detail/4346778.htm HTTP/1.1" 200 19291 "-" "Mozilla/5.0 (Linux; Android 6.0.1; Nexus 5X Build/MMB29P) AppleWebKit/537.36 (KHTML, like Gecko) Chrome/137.0.7151.103 Mobile Safari/537.36 (compatible; Googlebot/2.1; +http://www.google.com/bot.html)"
66.249.65.35 - - [20/Jul/2025:06:50:34 +0000] "GET /?x=99461379041800&mod=48584348&uri=pin.php?detail/4351976.htm HTTP/1.1" 200 19393 "-" "Mozilla/5.0 (Linux; Android 6.0.1; Nexus 5X Build/MMB29P) AppleWebKit/537.36 (KHTML, like Gecko) Chrome/137.0.7151.103 Mobile Safari/537.36 (compatible; Googlebot/2.1; +http://www.google.com/bot.html)"
66.249.65.36 - - [20/Jul/2025:06:50:35 +0000] "GET /?x=99461379041800&mod=48584348&uri=pin.php?detail/4395716.htm HTTP/1.1" 200 18913 "-" "Mozilla/5.0 (Linux; Android 6.0.1; Nexus 5X Build/MMB29P) AppleWebKit/537.36 (KHTML, like Gecko) Chrome/137.0.7151.103 Mobile Safari/537.36 (compatible; Googlebot/2.1; +http://www.google.com/bot.html)"
66.249.65.36 - - [20/Jul/2025:06:50:35 +0000] "GET /?x=99461379041800&mod=48584348&uri=pin.php?detail/4398512.htm HTTP/1.1" 200 19679 "-" "Mozilla/5.0 (Linux; Android 6.0.1; Nexus 5X Build/MMB29P) AppleWebKit/537.36 (KHTML, like Gecko) Chrome/137.0.7151.103 Mobile Safari/537.36 (compatible; Googlebot/2.1; +http://www.google.com/bot.html)"
66.249.65.35 - - [20/Jul/2025:06:50:36 +0000] "GET /?x=99461379041800&mod=48584348&uri=pin.php?detail/4386389.htm HTTP/1.1" 200 19324 "-" "Mozilla/5.0 (Linux; Android 6.0.1; Nexus 5X Build/MMB29P) AppleWebKit/537.36 (KHTML, like Gecko) Chrome/137.0.7151.103 Mobile Safari/537.36 (compatible; Googlebot/2.1; +http://www.google.com/bot.html)"
66.249.65.36 - - [20/Jul/2025:06:50:37 +0000] "GET /?x=99461379041800&mod=48584348&uri=pin.php?detail/4397934.htm HTTP/1.1" 200 19308 "-" "Mozilla/5.0 (Linux; Android 6.0.1; Nexus 5X Build/MMB29P) AppleWebKit/537.36 (KHTML, like Gecko) Chrome/137.0.7151.103 Mobile Safari/537.36 (compatible; Googlebot/2.1; +http://www.google.com/bot.html)"
66.249.65.35 - - [20/Jul/2025:06:50:38 +0000] "GET /?x=99461379041800&mod=48584348&uri=pin.php?detail/4390646.htm HTTP/1.1" 200 19262 "-" "Mozilla/5.0 (Linux; Android 6.0.1; Nexus 5X Build/MMB29P) AppleWebKit/537.36 (KHTML, like Gecko) Chrome/137.0.7151.103 Mobile Safari/537.36 (compatible; Googlebot/2.1; +http://www.google.com/bot.html)"
66.249.65.37 - - [20/Jul/2025:06:50:39 +0000] "GET /?x=99461379041800&mod=48584348&uri=pin.php?detail/4335297.htm HTTP/1.1" 200 19402 "-" "Mozilla/5.0 (Linux; Android 6.0.1; Nexus 5X Build/MMB29P) AppleWebKit/537.36 (KHTML, like Gecko) Chrome/137.0.7151.103 Mobile Safari/537.36 (compatible; Googlebot/2.1; +http://www.google.com/bot.html)"
66.249.65.36 - - [20/Jul/2025:06:50:39 +0000] "POST /get-message-notify HTTP/1.1" 404 - "https://kraft-court.cafe/?x=113664333051800&mod=165a59f7&uri=itm.php?detail/50280484.htm" "Mozilla/5.0 (Linux; Android 6.0.1; Nexus 5X Build/MMB29P) AppleWebKit/537.36 (KHTML, like Gecko) Chrome/137.0.7151.119 Mobile Safari/537.36 (compatible; Googlebot/2.1; +http://www.google.com/bot.html)"
66.249.65.36 - - [20/Jul/2025:06:50:40 +0000] "GET /?x=99461379041800&mod=48584348&uri=pin.php?detail/4357971.htm HTTP/1.1" 200 18924 "-" "Mozilla/5.0 (Linux; Android 6.0.1; Nexus 5X Build/MMB29P) AppleWebKit/537.36 (KHTML, like Gecko) Chrome/137.0.7151.103 Mobile Safari/537.36 (compatible; Googlebot/2.1; +http://www.google.com/bot.html)"
66.249.65.35 - - [20/Jul/2025:06:50:40 +0000] "POST /get-message-notify HTTP/1.1" 404 - "https://kraft-court.cafe/?x=59681795001800&mod=c33b41e8&uri=dp.php?%3Fid%3D1991629-1087%26name%3Dwhiskey+barrel+rental" "Mozilla/5.0 (Linux; Android 6.0.1; Nexus 5X Build/MMB29P) AppleWebKit/537.36 (KHTML, like Gecko) Chrome/137.0.7151.119 Mobile Safari/537.36 (compatible; Googlebot/2.1; +http://www.google.com/bot.html)"
66.249.65.37 - - [20/Jul/2025:06:50:40 +0000] "POST /get-message-notify HTTP/1.1" 404 - "https://kraft-court.cafe/?x=47301468071800&mod=48584348&uri=us.php?detail/2914848.htm" "Mozilla/5.0 (Linux; Android 6.0.1; Nexus 5X Build/MMB29P) AppleWebKit/537.36 (KHTML, like Gecko) Chrome/137.0.7151.119 Mobile Safari/537.36 (compatible; Googlebot/2.1; +http://www.google.com/bot.html)"
66.249.65.37 - - [20/Jul/2025:06:50:42 +0000] "POST /get-message-notify HTTP/1.1" 404 - "https://kraft-court.cafe/?x=99461379041800&mod=48584348&uri=pin.php?detail/4390646.htm" "Mozilla/5.0 (Linux; Android 6.0.1; Nexus 5X Build/MMB29P) AppleWebKit/537.36 (KHTML, like Gecko) Chrome/137.0.7151.119 Mobile Safari/537.36 (compatible; Googlebot/2.1; +http://www.google.com/bot.html)"
66.249.65.35 - - [20/Jul/2025:06:50:53 +0000] "GET /?x=55302044071800&mod=decc2e06&uri=form.php?detail/4394263.htm HTTP/1.1" 200 19317 "-" "Mozilla/5.0 (Linux; Android 6.0.1; Nexus 5X Build/MMB29P) AppleWebKit/537.36 (KHTML, like Gecko) Chrome/137.0.7151.103 Mobile Safari/537.36 (compatible; Googlebot/2.1; +http://www.google.com/bot.html)"
66.249.65.37 - - [20/Jul/2025:06:50:54 +0000] "POST /get-message-notify HTTP/1.1" 404 - "https://kraft-court.cafe/?x=99461379041800&mod=48584348&uri=pin.php?detail/4395716.htm" "Mozilla/5.0 (Linux; Android 6.0.1; Nexus 5X Build/MMB29P) AppleWebKit/537.36 (KHTML, like Gecko) Chrome/137.0.7151.119 Mobile Safari/537.36 (compatible; Googlebot/2.1; +http://www.google.com/bot.html)"
66.249.65.35 - - [20/Jul/2025:06:50:54 +0000] "GET /?x=55302044071800&mod=decc2e06&uri=form.php?detail/4397251.htm HTTP/1.1" 200 18810 "-" "Mozilla/5.0 (Linux; Android 6.0.1; Nexus 5X Build/MMB29P) AppleWebKit/537.36 (KHTML, like Gecko) Chrome/137.0.7151.103 Mobile Safari/537.36 (compatible; Googlebot/2.1; +http://www.google.com/bot.html)"
66.249.65.36 - - [20/Jul/2025:06:50:55 +0000] "GET /?x=55302044071800&mod=decc2e06&uri=form.php?feature/shoplist-friendly/index.html HTTP/1.1" 200 19227 "-" "Mozilla/5.0 (Linux; Android 6.0.1; Nexus 5X Build/MMB29P) AppleWebKit/537.36 (KHTML, like Gecko) Chrome/137.0.7151.103 Mobile Safari/537.36 (compatible; Googlebot/2.1; +http://www.google.com/bot.html)"
