66.249.65.38 - - [20/Jul/2025:06:01:48 +0000] "GET /?x=47301468071800&mod=48584348&uri=us.php?detail/50255939.htm HTTP/1.1" 200 18472 "-" "Mozilla/5.0 (Linux; Android 6.0.1; Nexus 5X Build/MMB29P) AppleWebKit/537.36 (KHTML, like Gecko) Chrome/137.0.7151.103 Mobile Safari/537.36 (compatible; Googlebot/2.1; +http://www.google.com/bot.html)"
66.249.65.39 - - [20/Jul/2025:06:01:49 +0000] "GET /?x=55302044071800&mod=decc2e06&uri=form.php?detail/4389121.htm HTTP/1.1" 200 19208 "-" "Mozilla/5.0 (Linux; Android 6.0.1; Nexus 5X Build/MMB29P) AppleWebKit/537.36 (KHTML, like Gecko) Chrome/137.0.7151.103 Mobile Safari/537.36 (compatible; Googlebot/2.1; +http://www.google.com/bot.html)"
66.249.65.38 - - [20/Jul/2025:06:01:49 +0000] "GET /?x=55302044071800&mod=decc2e06&uri=form.php?detail/50845514.htm HTTP/1.1" 200 19419 "-" "Mozilla/5.0 (Linux; Android 6.0.1; Nexus 5X Build/MMB29P) AppleWebKit/537.36 (KHTML, like Gecko) Chrome/137.0.7151.103 Mobile Safari/537.36 (compatible; Googlebot/2.1; +http://www.google.com/bot.html)"
66.249.65.37 - - [20/Jul/2025:06:01:50 +0000] "GET /?x=6309795041800&mod=0d0fd7c6&uri=shared.php?detail/51719734.htm HTTP/1.1" 200 19565 "-" "Mozilla/5.0 (Linux; Android 6.0.1; Nexus 5X Build/MMB29P) AppleWebKit/537.36 (KHTML, like Gecko) Chrome/137.0.7151.103 Mobile Safari/537.36 (compatible; Googlebot/2.1; +http://www.google.com/bot.html)"
66.249.65.38 - - [20/Jul/2025:06:01:50 +0000] "GET /?x=6309795041800&mod=0d0fd7c6&uri=shared.php?detail/51709650.htm HTTP/1.1" 200 18687 "-" "Mozilla/5.0 (Linux; Android 6.0.1; Nexus 5X Build/MMB29P) AppleWebKit/537.36 (KHTML, like Gecko) Chrome/137.0.7151.103 Mobile Safari/537.36 (compatible; Googlebot/2.1; +http://www.google.com/bot.html)"
66.249.65.36 - - [20/Jul/2025:06:01:51 +0000] "GET /?x=6309795041800&mod=0d0fd7c6&uri=shared.php?detail/51773814.htm HTTP/1.1" 200 19442 "-" "Mozilla/5.0 (Linux; Android 6.0.1; Nexus 5X Build/MMB29P) AppleWebKit/537.36 (KHTML, like Gecko) Chrome/137.0.7151.103 Mobile Safari/537.36 (compatible; Googlebot/2.1; +http://www.google.com/bot.html)"
66.249.65.37 - - [20/Jul/2025:06:01:52 +0000] "POST /get-message-notify HTTP/1.1" 404 - "https://kraft-court.cafe/?x=47301468071800&mod=48584348&uri=us.php?detail/50246956.htm" "Mozilla/5.0 (Linux; Android 6.0.1; Nexus 5X Build/MMB29P) AppleWebKit/537.36 (KHTML, like Gecko) Chrome/137.0.7151.119 Mobile Safari/537.36 (compatible; Googlebot/2.1; +http://www.google.com/bot.html)"
66.249.65.35 - - [20/Jul/2025:06:01:52 +0000] "GET /?x=55302044071800&mod=decc2e06&uri=form.php?detail/4421122.htm HTTP/1.1" 200 19427 "-" "Mozilla/5.0 (Linux; Android 6.0.1; Nexus 5X Build/MMB29P) AppleWebKit/537.36 (KHTML, like Gecko) Chrome/137.0.7151.103 Mobile Safari/537.36 (compatible; Googlebot/2.1; +http://www.google.com/bot.html)"
66.249.65.35 - - [20/Jul/2025:06:01:53 +0000] "GET /?x=6309795041800&mod=0d0fd7c6&uri=shared.php?detail/51722072.htm HTTP/1.1" 200 18834 "-" "Mozilla/5.0 (Linux; Android 6.0.1; Nexus 5X Build/MMB29P) AppleWebKit/537.36 (KHTML, like Gecko) Chrome/137.0.7151.103 Mobile Safari/537.36 (compatible; Googlebot/2.1; +http://www.google.com/bot.html)"
66.249.65.35 - - [20/Jul/2025:06:01:53 +0000] "POST /get-message-notify HTTP/1.1" 404 - "https://kraft-court.cafe/?x=6309795041800&mod=0d0fd7c6&uri=shared.php?detail/51780153.htm" "Mozilla/5.0 (Linux; Android 6.0.1; Nexus 5X Build/MMB29P) AppleWebKit/537.36 (KHTML, like Gecko) Chrome/137.0.7151.119 Mobile Safari/537.36 (compatible; Googlebot/2.1; +http://www.google.com/bot.html)"
66.249.65.39 - - [20/Jul/2025:06:01:54 +0000] "GET /?x=47301468071800&mod=48584348&uri=us.php?detail/50233884.htm HTTP/1.1" 200 18217 "-" "Mozilla/5.0 (Linux; Android 6.0.1; Nexus 5X Build/MMB29P) AppleWebKit/537.36 (KHTML, like Gecko) Chrome/137.0.7151.103 Mobile Safari/537.36 (compatible; Googlebot/2.1; +http://www.google.com/bot.html)"
66.249.65.37 - - [20/Jul/2025:06:01:54 +0000] "GET /?x=6309795041800&mod=0d0fd7c6&uri=shared.php?detail/51718465.htm HTTP/1.1" 200 19511 "-" "Mozilla/5.0 (Linux; Android 6.0.1; Nexus 5X Build/MMB29P) AppleWebKit/537.36 (KHTML, like Gecko) Chrome/137.0.7151.103 Mobile Safari/537.36 (compatible; Googlebot/2.1; +http://www.google.com/bot.html)"
66.249.65.36 - - [20/Jul/2025:06:01:55 +0000] "GET /?x=55302044071800&mod=decc2e06&uri=form.php?detail/4408724.htm HTTP/1.1" 200 19478 "-" "Mozilla/5.0 (Linux; Android 6.0.1; Nexus 5X Build/MMB29P) AppleWebKit/537.36 (KHTML, like Gecko) Chrome/137.0.7151.103 Mobile Safari/537.36 (compatible; Googlebot/2.1; +http://www.google.com/bot.html)"
66.249.65.38 - - [20/Jul/2025:06:01:56 +0000] "GET /?x=55302044071800&mod=decc2e06&uri=form.php?toreka/goods_menu.html HTTP/1.1" 200 19568 "-" "Mozilla/5.0 (Linux; Android 6.0.1; Nexus 5X Build/MMB29P) AppleWebKit/537.36 (KHTML, like Gecko) Chrome/137.0.7151.103 Mobile Safari/537.36 (compatible; Googlebot/2.1; +http://www.google.com/bot.html)"
66.249.65.36 - - [20/Jul/2025:06:01:57 +0000] "GET /?x=55302044071800&mod=decc2e06&uri=form.php?detail/50798103.htm HTTP/1.1" 200 19018 "-" "Mozilla/5.0 (Linux; Android 6.0.1; Nexus 5X Build/MMB29P) AppleWebKit/537.36 (KHTML, like Gecko) Chrome/137.0.7151.103 Mobile Safari/537.36 (compatible; Googlebot/2.1; +http://www.google.com/bot.html)"
66.249.65.40 - - [20/Jul/2025:06:01:57 +0000] "GET /?x=47301468071800&mod=48584348&uri=us.php?detail/50265885.htm HTTP/1.1" 200 19599 "-" "Mozilla/5.0 (Linux; Android 6.0.1; Nexus 5X Build/MMB29P) AppleWebKit/537.36 (KHTML, like Gecko) Chrome/137.0.7151.103 Mobile Safari/537.36 (compatible; Googlebot/2.1; +http://www.google.com/bot.html)"
66.249.65.36 - - [20/Jul/2025:06:01:59 +0000] "GET /?x=6309795041800&mod=0d0fd7c6&uri=shared.php?detail/51781680.htm HTTP/1.1" 200 18770 "-" "Mozilla/5.0 (Linux; Android 6.0.1; Nexus 5X Build/MMB29P) AppleWebKit/537.36 (KHTML, like Gecko) Chrome/137.0.7151.103 Mobile Safari/537.36 (compatible; Googlebot/2.1; +http://www.google.com/bot.html)"
66.249.65.35 - - [20/Jul/2025:06:01:59 +0000] "GET /?x=47570710041800&mod=798fa73d&uri=shared.php?detail/2889450.htm HTTP/1.1" 200 19159 "-" "Mozilla/5.0 (Linux; Android 6.0.1; Nexus 5X Build/MMB29P) AppleWebKit/537.36 (KHTML, like Gecko) Chrome/137.0.7151.103 Mobile Safari/537.36 (compatible; Googlebot/2.1; +http://www.google.com/bot.html)"
66.249.65.36 - - [20/Jul/2025:06:01:59 +0000] "GET /?x=55302044071800&mod=decc2e06&uri=form.php?detail/4416012.htm HTTP/1.1" 200 18522 "-" "Mozilla/5.0 (Linux; Android 6.0.1; Nexus 5X Build/MMB29P) AppleWebKit/537.36 (KHTML, like Gecko) Chrome/137.0.7151.103 Mobile Safari/537.36 (compatible; Googlebot/2.1; +http://www.google.com/bot.html)"
66.249.65.40 - - [20/Jul/2025:06:02:00 +0000] "GET /?x=55302044071800&mod=decc2e06&uri=form.php?detail/50849771.htm HTTP/1.1" 200 18795 "-" "Mozilla/5.0 (Linux; Android 6.0.1; Nexus 5X Build/MMB29P) AppleWebKit/537.36 (KHTML, like Gecko) Chrome/137.0.7151.103 Mobile Safari/537.36 (compatible; Googlebot/2.1; +http://www.google.com/bot.html)"
66.249.65.37 - - [20/Jul/2025:06:02:00 +0000] "GET /?x=6309795041800&mod=0d0fd7c6&uri=shared.php?detail/51784026.htm HTTP/1.1" 200 19472 "-" "Mozilla/5.0 (Linux; Android 6.0.1; Nexus 5X Build/MMB29P) AppleWebKit/537.36 (KHTML, like Gecko) Chrome/137.0.7151.103 Mobile Safari/537.36 (compatible; Googlebot/2.1; +http://www.google.com/bot.html)"
66.249.65.39 - - [20/Jul/2025:06:02:01 +0000] "GET /?x=47301468071800&mod=48584348&uri=us.php?detail/50278957.htm HTTP/1.1" 200 18401 "-" "Mozilla/5.0 (Linux; Android 6.0.1; Nexus 5X Build/MMB29P) AppleWebKit/537.36 (KHTML, like Gecko) Chrome/137.0.7151.103 Mobile Safari/537.36 (compatible; Googlebot/2.1; +http://www.google.com/bot.html)"
57.141.2.10 - - [20/Jul/2025:06:02:02 +0000] "GET /detail/1297335583.htm HTTP/1.1" 404 - "-" "meta-externalagent/1.1 (+https://developers.facebook.com/docs/sharing/webmasters/crawler)"
66.249.65.39 - - [20/Jul/2025:06:02:02 +0000] "POST /get-message-notify HTTP/1.1" 404 - "https://kraft-court.cafe/?x=47301468071800&mod=48584348&uri=us.php?detail/50265885.htm" "Mozilla/5.0 (Linux; Android 6.0.1; Nexus 5X Build/MMB29P) AppleWebKit/537.36 (KHTML, like Gecko) Chrome/137.0.7151.119 Mobile Safari/537.36 (compatible; Googlebot/2.1; +http://www.google.com/bot.html)"
66.249.65.37 - - [20/Jul/2025:06:02:02 +0000] "GET /?x=6309795041800&mod=0d0fd7c6&uri=shared.php?detail/51745356.htm HTTP/1.1" 200 19267 "-" "Mozilla/5.0 (Linux; Android 6.0.1; Nexus 5X Build/MMB29P) AppleWebKit/537.36 (KHTML, like Gecko) Chrome/137.0.7151.103 Mobile Safari/537.36 (compatible; Googlebot/2.1; +http://www.google.com/bot.html)"
66.249.65.37 - - [20/Jul/2025:06:02:03 +0000] "POST /get-message-notify HTTP/1.1" 404 - "https://kraft-court.cafe/?x=55302044071800&mod=decc2e06&uri=form.php?toreka/goods_menu.html" "Mozilla/5.0 (Linux; Android 6.0.1; Nexus 5X Build/MMB29P) AppleWebKit/537.36 (KHTML, like Gecko) Chrome/137.0.7151.119 Mobile Safari/537.36 (compatible; Googlebot/2.1; +http://www.google.com/bot.html)"
66.249.65.36 - - [20/Jul/2025:06:02:03 +0000] "POST /get-message-notify HTTP/1.1" 404 - "https://kraft-court.cafe/?x=47301468071800&mod=48584348&uri=us.php?detail/50300874.htm" "Mozilla/5.0 (Linux; Android 6.0.1; Nexus 5X Build/MMB29P) AppleWebKit/537.36 (KHTML, like Gecko) Chrome/137.0.7151.119 Mobile Safari/537.36 (compatible; Googlebot/2.1; +http://www.google.com/bot.html)"
66.249.65.37 - - [20/Jul/2025:06:02:03 +0000] "GET /?x=6309795041800&mod=0d0fd7c6&uri=shared.php?detail/51783141.htm HTTP/1.1" 200 19017 "-" "Mozilla/5.0 (Linux; Android 6.0.1; Nexus 5X Build/MMB29P) AppleWebKit/537.36 (KHTML, like Gecko) Chrome/137.0.7151.103 Mobile Safari/537.36 (compatible; Googlebot/2.1; +http://www.google.com/bot.html)"
66.249.65.35 - - [20/Jul/2025:06:02:04 +0000] "GET /?x=55302044071800&mod=decc2e06&uri=form.php?detail/4414815.htm HTTP/1.1" 200 19198 "-" "Mozilla/5.0 (Linux; Android 6.0.1; Nexus 5X Build/MMB29P) AppleWebKit/537.36 (KHTML, like Gecko) Chrome/137.0.7151.103 Mobile Safari/537.36 (compatible; Googlebot/2.1; +http://www.google.com/bot.html)"
66.249.65.37 - - [20/Jul/2025:06:02:04 +0000] "GET /?x=6309795041800&mod=0d0fd7c6&uri=shared.php?detail/51704540.htm HTTP/1.1" 200 19441 "-" "Mozilla/5.0 (Linux; Android 6.0.1; Nexus 5X Build/MMB29P) AppleWebKit/537.36 (KHTML, like Gecko) Chrome/137.0.7151.103 Mobile Safari/537.36 (compatible; Googlebot/2.1; +http://www.google.com/bot.html)"
66.249.65.35 - - [20/Jul/2025:06:02:05 +0000] "GET /?x=6309795041800&mod=0d0fd7c6&uri=shared.php?detail/51778884.htm HTTP/1.1" 200 19409 "-" "Mozilla/5.0 (Linux; Android 6.0.1; Nexus 5X Build/MMB29P) AppleWebKit/537.36 (KHTML, like Gecko) Chrome/137.0.7151.103 Mobile Safari/537.36 (compatible; Googlebot/2.1; +http://www.google.com/bot.html)"
66.249.65.37 - - [20/Jul/2025:06:02:05 +0000] "GET /?x=6309795041800&mod=0d0fd7c6&uri=shared.php?detail/51715989.htm HTTP/1.1" 200 19337 "-" "Mozilla/5.0 (Linux; Android 6.0.1; Nexus 5X Build/MMB29P) AppleWebKit/537.36 (KHTML, like Gecko) Chrome/137.0.7151.103 Mobile Safari/537.36 (compatible; Googlebot/2.1; +http://www.google.com/bot.html)"
66.249.65.36 - - [20/Jul/2025:06:02:06 +0000] "GET /?x=55302044071800&mod=decc2e06&uri=form.php?detail/4392141.htm HTTP/1.1" 200 18580 "-" "Mozilla/5.0 (Linux; Android 6.0.1; Nexus 5X Build/MMB29P) AppleWebKit/537.36 (KHTML, like Gecko) Chrome/137.0.7151.103 Mobile Safari/537.36 (compatible; Googlebot/2.1; +http://www.google.com/bot.html)"
66.249.65.36 - - [20/Jul/2025:06:02:07 +0000] "GET /?x=47301468071800&mod=48584348&uri=us.php?detail/50275542.htm HTTP/1.1" 200 18928 "-" "Mozilla/5.0 (Linux; Android 6.0.1; Nexus 5X Build/MMB29P) AppleWebKit/537.36 (KHTML, like Gecko) Chrome/137.0.7151.103 Mobile Safari/537.36 (compatible; Googlebot/2.1; +http://www.google.com/bot.html)"
66.249.65.38 - - [20/Jul/2025:06:02:08 +0000] "GET /?x=55302044071800&mod=decc2e06&uri=form.php?cd.html HTTP/1.1" 200 18764 "-" "Mozilla/5.0 (Linux; Android 6.0.1; Nexus 5X Build/MMB29P) AppleWebKit/537.36 (KHTML, like Gecko) Chrome/137.0.7151.103 Mobile Safari/537.36 (compatible; Googlebot/2.1; +http://www.google.com/bot.html)"
66.249.65.36 - - [20/Jul/2025:06:02:08 +0000] "GET /?x=55302044071800&mod=decc2e06&uri=form.php?detail/4412307.htm HTTP/1.1" 200 19353 "-" "Mozilla/5.0 (Linux; Android 6.0.1; Nexus 5X Build/MMB29P) AppleWebKit/537.36 (KHTML, like Gecko) Chrome/137.0.7151.103 Mobile Safari/537.36 (compatible; Googlebot/2.1; +http://www.google.com/bot.html)"
66.249.65.35 - - [20/Jul/2025:06:02:09 +0000] "GET /?x=55302044071800&mod=decc2e06&uri=form.php?detail/50840990.htm HTTP/1.1" 200 19354 "-" "Mozilla/5.0 (Linux; Android 6.0.1; Nexus 5X Build/MMB29P) AppleWebKit/537.36 (KHTML, like Gecko) Chrome/137.0.7151.103 Mobile Safari/537.36 (compatible; Googlebot/2.1; +http://www.google.com/bot.html)"
66.249.65.36 - - [20/Jul/2025:06:02:10 +0000] "GET /?x=6309795041800&mod=0d0fd7c6&uri=shared.php?detail/51717612.htm HTTP/1.1" 200 19294 "-" "Mozilla/5.0 (Linux; Android 6.0.1; Nexus 5X Build/MMB29P) AppleWebKit/537.36 (KHTML, like Gecko) Chrome/137.0.7151.103 Mobile Safari/537.36 (compatible; Googlebot/2.1; +http://www.google.com/bot.html)"
66.249.65.37 - - [20/Jul/2025:06:02:11 +0000] "POST /get-message-notify HTTP/1.1" 404 - "https://kraft-court.cafe/?x=47301468071800&mod=48584348&uri=us.php?detail/50260220.htm" "Mozilla/5.0 (Linux; Android 6.0.1; Nexus 5X Build/MMB29P) AppleWebKit/537.36 (KHTML, like Gecko) Chrome/137.0.7151.119 Mobile Safari/537.36 (compatible; Googlebot/2.1; +http://www.google.com/bot.html)"
66.249.65.35 - - [20/Jul/2025:06:02:12 +0000] "GET /?x=6309795041800&mod=0d0fd7c6&uri=shared.php?detail/51761947.htm HTTP/1.1" 200 19479 "-" "Mozilla/5.0 (Linux; Android 6.0.1; Nexus 5X Build/MMB29P) AppleWebKit/537.36 (KHTML, like Gecko) Chrome/137.0.7151.103 Mobile Safari/537.36 (compatible; Googlebot/2.1; +http://www.google.com/bot.html)"
66.249.65.35 - - [20/Jul/2025:06:02:12 +0000] "GET /?x=6309795041800&mod=0d0fd7c6&uri=shared.php?detail/51721195.htm HTTP/1.1" 200 19188 "-" "Mozilla/5.0 (Linux; Android 6.0.1; Nexus 5X Build/MMB29P) AppleWebKit/537.36 (KHTML, like Gecko) Chrome/137.0.7151.103 Mobile Safari/537.36 (compatible; Googlebot/2.1; +http://www.google.com/bot.html)"
66.249.65.37 - - [20/Jul/2025:06:02:13 +0000] "GET /?x=55302044071800&mod=decc2e06&uri=form.php?toreka/toreka_single.html HTTP/1.1" 200 18985 "-" "Mozilla/5.0 (Linux; Android 6.0.1; Nexus 5X Build/MMB29P) AppleWebKit/537.36 (KHTML, like Gecko) Chrome/137.0.7151.103 Mobile Safari/537.36 (compatible; Googlebot/2.1; +http://www.google.com/bot.html)"
66.249.65.37 - - [20/Jul/2025:06:02:13 +0000] "GET /?x=47301468071800&mod=48584348&uri=us.php?detail/50235419.htm HTTP/1.1" 200 18931 "-" "Mozilla/5.0 (Linux; Android 6.0.1; Nexus 5X Build/MMB29P) AppleWebKit/537.36 (KHTML, like Gecko) Chrome/137.0.7151.103 Mobile Safari/537.36 (compatible; Googlebot/2.1; +http://www.google.com/bot.html)"
66.249.65.35 - - [20/Jul/2025:06:02:15 +0000] "GET /?x=47301468071800&mod=48584348&uri=us.php?detail/50272618.htm HTTP/1.1" 200 18806 "-" "Mozilla/5.0 (Linux; Android 6.0.1; Nexus 5X Build/MMB29P) AppleWebKit/537.36 (KHTML, like Gecko) Chrome/137.0.7151.103 Mobile Safari/537.36 (compatible; Googlebot/2.1; +http://www.google.com/bot.html)"
66.249.65.36 - - [20/Jul/2025:06:02:15 +0000] "GET /?x=6309795041800&mod=0d0fd7c6&uri=shared.php?detail/51743018.htm HTTP/1.1" 200 19380 "-" "Mozilla/5.0 (Linux; Android 6.0.1; Nexus 5X Build/MMB29P) AppleWebKit/537.36 (KHTML, like Gecko) Chrome/137.0.7151.103 Mobile Safari/537.36 (compatible; Googlebot/2.1; +http://www.google.com/bot.html)"
66.249.65.36 - - [20/Jul/2025:06:02:17 +0000] "POST /get-message-notify HTTP/1.1" 404 - "https://kraft-court.cafe/?x=55302044071800&mod=decc2e06&uri=form.php?detail/4412307.htm" "Mozilla/5.0 (Linux; Android 6.0.1; Nexus 5X Build/MMB29P) AppleWebKit/537.36 (KHTML, like Gecko) Chrome/137.0.7151.119 Mobile Safari/537.36 (compatible; Googlebot/2.1; +http://www.google.com/bot.html)"
57.141.2.5 - - [20/Jul/2025:06:02:17 +0000] "GET /detail/2211707638.htm HTTP/1.1" 404 - "-" "meta-externalagent/1.1 (+https://developers.facebook.com/docs/sharing/webmasters/crawler)"
66.249.65.36 - - [20/Jul/2025:06:02:17 +0000] "GET /?x=6309795041800&mod=0d0fd7c6&uri=shared.php?detail/51721229.htm HTTP/1.1" 200 18585 "-" "Mozilla/5.0 (Linux; Android 6.0.1; Nexus 5X Build/MMB29P) AppleWebKit/537.36 (KHTML, like Gecko) Chrome/137.0.7151.103 Mobile Safari/537.36 (compatible; Googlebot/2.1; +http://www.google.com/bot.html)"
66.249.65.35 - - [20/Jul/2025:06:02:17 +0000] "POST /get-message-notify HTTP/1.1" 404 - "https://kraft-court.cafe/?x=55302044071800&mod=decc2e06&uri=form.php?detail/4392141.htm" "Mozilla/5.0 (Linux; Android 6.0.1; Nexus 5X Build/MMB29P) AppleWebKit/537.36 (KHTML, like Gecko) Chrome/137.0.7151.119 Mobile Safari/537.36 (compatible; Googlebot/2.1; +http://www.google.com/bot.html)"
66.249.65.36 - - [20/Jul/2025:06:02:18 +0000] "POST /get-message-notify HTTP/1.1" 404 - "https://kraft-court.cafe/?x=55302044071800&mod=decc2e06&uri=form.php?detail/50849771.htm" "Mozilla/5.0 (Linux; Android 6.0.1; Nexus 5X Build/MMB29P) AppleWebKit/537.36 (KHTML, like Gecko) Chrome/137.0.7151.119 Mobile Safari/537.36 (compatible; Googlebot/2.1; +http://www.google.com/bot.html)"
66.249.65.36 - - [20/Jul/2025:06:02:17 +0000] "GET /?x=6309795041800&mod=0d0fd7c6&uri=shared.php?detail/51748152.htm HTTP/1.1" 200 18194 "-" "Mozilla/5.0 (Linux; Android 6.0.1; Nexus 5X Build/MMB29P) AppleWebKit/537.36 (KHTML, like Gecko) Chrome/137.0.7151.103 Mobile Safari/537.36 (compatible; Googlebot/2.1; +http://www.google.com/bot.html)"
66.249.65.36 - - [20/Jul/2025:06:02:18 +0000] "POST /get-message-notify HTTP/1.1" 404 - "https://kraft-court.cafe/?x=6309795041800&mod=0d0fd7c6&uri=shared.php?detail/51743018.htm" "Mozilla/5.0 (Linux; Android 6.0.1; Nexus 5X Build/MMB29P) AppleWebKit/537.36 (KHTML, like Gecko) Chrome/137.0.7151.119 Mobile Safari/537.36 (compatible; Googlebot/2.1; +http://www.google.com/bot.html)"
66.249.65.35 - - [20/Jul/2025:06:02:19 +0000] "GET /?x=6309795041800&mod=0d0fd7c6&uri=shared.php?detail/51705777.htm HTTP/1.1" 200 19330 "-" "Mozilla/5.0 (Linux; Android 6.0.1; Nexus 5X Build/MMB29P) AppleWebKit/537.36 (KHTML, like Gecko) Chrome/137.0.7151.103 Mobile Safari/537.36 (compatible; Googlebot/2.1; +http://www.google.com/bot.html)"
66.249.65.35 - - [20/Jul/2025:06:02:19 +0000] "GET /?x=47301468071800&mod=48584348&uri=us.php?detail/50274015.htm HTTP/1.1" 200 18592 "-" "Mozilla/5.0 (Linux; Android 6.0.1; Nexus 5X Build/MMB29P) AppleWebKit/537.36 (KHTML, like Gecko) Chrome/137.0.7151.103 Mobile Safari/537.36 (compatible; Googlebot/2.1; +http://www.google.com/bot.html)"
66.249.65.36 - - [20/Jul/2025:06:02:20 +0000] "GET /?x=47301468071800&mod=48584348&uri=us.php?detail/50275212.htm HTTP/1.1" 200 18800 "-" "Mozilla/5.0 (Linux; Android 6.0.1; Nexus 5X Build/MMB29P) AppleWebKit/537.36 (KHTML, like Gecko) Chrome/137.0.7151.103 Mobile Safari/537.36 (compatible; Googlebot/2.1; +http://www.google.com/bot.html)"
66.249.65.36 - - [20/Jul/2025:06:02:20 +0000] "GET /?x=6309795041800&mod=0d0fd7c6&uri=shared.php?detail/51746891.htm HTTP/1.1" 200 18664 "-" "Mozilla/5.0 (Linux; Android 6.0.1; Nexus 5X Build/MMB29P) AppleWebKit/537.36 (KHTML, like Gecko) Chrome/137.0.7151.103 Mobile Safari/537.36 (compatible; Googlebot/2.1; +http://www.google.com/bot.html)"
66.249.65.35 - - [20/Jul/2025:06:02:20 +0000] "GET /?x=6309795041800&mod=0d0fd7c6&uri=shared.php?detail/51708285.htm HTTP/1.1" 200 18452 "-" "Mozilla/5.0 (Linux; Android 6.0.1; Nexus 5X Build/MMB29P) AppleWebKit/537.36 (KHTML, like Gecko) Chrome/137.0.7151.103 Mobile Safari/537.36 (compatible; Googlebot/2.1; +http://www.google.com/bot.html)"
66.249.65.35 - - [20/Jul/2025:06:02:21 +0000] "GET /?x=47301468071800&mod=48584348&uri=us.php?detail/50236872.htm HTTP/1.1" 200 18685 "-" "Mozilla/5.0 (Linux; Android 6.0.1; Nexus 5X Build/MMB29P) AppleWebKit/537.36 (KHTML, like Gecko) Chrome/137.0.7151.103 Mobile Safari/537.36 (compatible; Googlebot/2.1; +http://www.google.com/bot.html)"
66.249.65.36 - - [20/Jul/2025:06:02:21 +0000] "GET /?x=6309795041800&mod=0d0fd7c6&uri=shared.php?detail/51746593.htm HTTP/1.1" 200 18498 "-" "Mozilla/5.0 (Linux; Android 6.0.1; Nexus 5X Build/MMB29P) AppleWebKit/537.36 (KHTML, like Gecko) Chrome/137.0.7151.103 Mobile Safari/537.36 (compatible; Googlebot/2.1; +http://www.google.com/bot.html)"
66.249.65.35 - - [20/Jul/2025:06:02:22 +0000] "GET /?x=55302044071800&mod=decc2e06&uri=form.php?detail/4417505.htm HTTP/1.1" 200 19385 "-" "Mozilla/5.0 (Linux; Android 6.0.1; Nexus 5X Build/MMB29P) AppleWebKit/537.36 (KHTML, like Gecko) Chrome/137.0.7151.103 Mobile Safari/537.36 (compatible; Googlebot/2.1; +http://www.google.com/bot.html)"
209.74.77.214 - - [20/Jul/2025:06:02:22 +0000] "POST /wp-cron.php?doing_wp_cron=1752991342.9714710712432861328125 HTTP/1.1" 200 - "-" "WordPress/6.8.2; https://kraft-court.cafe"
57.141.2.24 - - [20/Jul/2025:06:02:22 +0000] "GET /?x=29428126011800& HTTP/1.1" 301 - "-" "meta-externalagent/1.1 (+https://developers.facebook.com/docs/sharing/webmasters/crawler)"
66.249.65.35 - - [20/Jul/2025:06:02:23 +0000] "GET /?x=47301468071800&mod=48584348&uri=us.php?detail/50276193.htm HTTP/1.1" 200 19379 "-" "Mozilla/5.0 (Linux; Android 6.0.1; Nexus 5X Build/MMB29P) AppleWebKit/537.36 (KHTML, like Gecko) Chrome/137.0.7151.103 Mobile Safari/537.36 (compatible; Googlebot/2.1; +http://www.google.com/bot.html)"
66.249.65.35 - - [20/Jul/2025:06:02:23 +0000] "POST /get-message-notify HTTP/1.1" 404 - "https://kraft-court.cafe/?x=6309795041800&mod=0d0fd7c6&uri=shared.php?detail/51746593.htm" "Mozilla/5.0 (Linux; Android 6.0.1; Nexus 5X Build/MMB29P) AppleWebKit/537.36 (KHTML, like Gecko) Chrome/137.0.7151.119 Mobile Safari/537.36 (compatible; Googlebot/2.1; +http://www.google.com/bot.html)"
66.249.65.35 - - [20/Jul/2025:06:02:25 +0000] "GET /?x=47301468071800&mod=48584348&uri=us.php?detail/50276747.htm HTTP/1.1" 200 19635 "-" "Mozilla/5.0 (Linux; Android 6.0.1; Nexus 5X Build/MMB29P) AppleWebKit/537.36 (KHTML, like Gecko) Chrome/137.0.7151.103 Mobile Safari/537.36 (compatible; Googlebot/2.1; +http://www.google.com/bot.html)"
66.249.65.35 - - [20/Jul/2025:06:02:25 +0000] "GET /?x=47301468071800&mod=48584348&uri=us.php?detail/50260751.htm HTTP/1.1" 200 19118 "-" "Mozilla/5.0 (Linux; Android 6.0.1; Nexus 5X Build/MMB29P) AppleWebKit/537.36 (KHTML, like Gecko) Chrome/137.0.7151.103 Mobile Safari/537.36 (compatible; Googlebot/2.1; +http://www.google.com/bot.html)"
66.249.65.37 - - [20/Jul/2025:06:02:25 +0000] "POST /get-message-notify HTTP/1.1" 404 - "https://kraft-court.cafe/?x=6309795041800&mod=0d0fd7c6&uri=shared.php?detail/51746891.htm" "Mozilla/5.0 (Linux; Android 6.0.1; Nexus 5X Build/MMB29P) AppleWebKit/537.36 (KHTML, like Gecko) Chrome/137.0.7151.119 Mobile Safari/537.36 (compatible; Googlebot/2.1; +http://www.google.com/bot.html)"
66.249.65.35 - - [20/Jul/2025:06:02:25 +0000] "GET /?x=6309795041800&mod=0d0fd7c6&uri=shared.php?detail/51714592.htm HTTP/1.1" 200 19424 "-" "Mozilla/5.0 (Linux; Android 6.0.1; Nexus 5X Build/MMB29P) AppleWebKit/537.36 (KHTML, like Gecko) Chrome/137.0.7151.103 Mobile Safari/537.36 (compatible; Googlebot/2.1; +http://www.google.com/bot.html)"
66.249.65.35 - - [20/Jul/2025:06:02:26 +0000] "GET /?x=47301468071800&mod=48584348&uri=us.php?detail/50281335.htm HTTP/1.1" 200 18823 "-" "Mozilla/5.0 (Linux; Android 6.0.1; Nexus 5X Build/MMB29P) AppleWebKit/537.36 (KHTML, like Gecko) Chrome/137.0.7151.103 Mobile Safari/537.36 (compatible; Googlebot/2.1; +http://www.google.com/bot.html)"
66.249.65.37 - - [20/Jul/2025:06:02:27 +0000] "GET /?x=47301468071800&mod=48584348&uri=us.php?detail/50248321.htm HTTP/1.1" 200 19283 "-" "Mozilla/5.0 (Linux; Android 6.0.1; Nexus 5X Build/MMB29P) AppleWebKit/537.36 (KHTML, like Gecko) Chrome/137.0.7151.103 Mobile Safari/537.36 (compatible; Googlebot/2.1; +http://www.google.com/bot.html)"
66.249.65.37 - - [20/Jul/2025:06:02:27 +0000] "GET /?x=47301468071800&mod=48584348&uri=us.php?detail/50265000.htm HTTP/1.1" 200 18785 "-" "Mozilla/5.0 (Linux; Android 6.0.1; Nexus 5X Build/MMB29P) AppleWebKit/537.36 (KHTML, like Gecko) Chrome/137.0.7151.103 Mobile Safari/537.36 (compatible; Googlebot/2.1; +http://www.google.com/bot.html)"
66.249.65.37 - - [20/Jul/2025:06:02:28 +0000] "POST /get-message-notify HTTP/1.1" 404 - "https://kraft-court.cafe/?x=47301468071800&mod=48584348&uri=us.php?detail/47645274.htm" "Mozilla/5.0 (Linux; Android 6.0.1; Nexus 5X Build/MMB29P) AppleWebKit/537.36 (KHTML, like Gecko) Chrome/137.0.7151.119 Mobile Safari/537.36 (compatible; Googlebot/2.1; +http://www.google.com/bot.html)"
66.249.65.35 - - [20/Jul/2025:06:02:28 +0000] "POST /get-message-notify HTTP/1.1" 404 - "https://kraft-court.cafe/?x=6309795041800&mod=0d0fd7c6&uri=shared.php?detail/51714592.htm" "Mozilla/5.0 (Linux; Android 6.0.1; Nexus 5X Build/MMB29P) AppleWebKit/537.36 (KHTML, like Gecko) Chrome/137.0.7151.119 Mobile Safari/537.36 (compatible; Googlebot/2.1; +http://www.google.com/bot.html)"
66.249.65.37 - - [20/Jul/2025:06:02:28 +0000] "GET /?x=6309795041800&mod=0d0fd7c6&uri=shared.php?detail/51706075.htm HTTP/1.1" 200 19006 "-" "Mozilla/5.0 (Linux; Android 6.0.1; Nexus 5X Build/MMB29P) AppleWebKit/537.36 (KHTML, like Gecko) Chrome/137.0.7151.103 Mobile Safari/537.36 (compatible; Googlebot/2.1; +http://www.google.com/bot.html)"
66.249.65.36 - - [20/Jul/2025:06:02:30 +0000] "GET /?x=5676171021800&mod=dc6a7e65&uri=itm.php?detail/2879110.htm HTTP/1.1" 200 18746 "-" "Mozilla/5.0 (Linux; Android 6.0.1; Nexus 5X Build/MMB29P) AppleWebKit/537.36 (KHTML, like Gecko) Chrome/137.0.7151.103 Mobile Safari/537.36 (compatible; Googlebot/2.1; +http://www.google.com/bot.html)"
66.249.65.37 - - [20/Jul/2025:06:02:30 +0000] "GET /?x=5676171021800&mod=dc6a7e65&uri=itm.php?product/edit/K3642568853 HTTP/1.1" 200 19542 "-" "Mozilla/5.0 (Linux; Android 6.0.1; Nexus 5X Build/MMB29P) AppleWebKit/537.36 (KHTML, like Gecko) Chrome/137.0.7151.103 Mobile Safari/537.36 (compatible; Googlebot/2.1; +http://www.google.com/bot.html)"
66.249.65.35 - - [20/Jul/2025:06:02:31 +0000] "GET /?x=5676171021800&mod=dc6a7e65&uri=itm.php?detail/2876540.htm HTTP/1.1" 200 18634 "-" "Mozilla/5.0 (Linux; Android 6.0.1; Nexus 5X Build/MMB29P) AppleWebKit/537.36 (KHTML, like Gecko) Chrome/137.0.7151.103 Mobile Safari/537.36 (compatible; Googlebot/2.1; +http://www.google.com/bot.html)"
66.249.65.35 - - [20/Jul/2025:06:02:31 +0000] "POST /get-message-notify HTTP/1.1" 404 - "https://kraft-court.cafe/?x=55302044071800&mod=decc2e06&uri=form.php?detail/4416012.htm" "Mozilla/5.0 (Linux; Android 6.0.1; Nexus 5X Build/MMB29P) AppleWebKit/537.36 (KHTML, like Gecko) Chrome/137.0.7151.119 Mobile Safari/537.36 (compatible; Googlebot/2.1; +http://www.google.com/bot.html)"
66.249.65.38 - - [20/Jul/2025:06:02:40 +0000] "POST /get-message-notify HTTP/1.1" 404 - "https://kraft-court.cafe/?x=47301468071800&mod=48584348&uri=us.php?detail/50274015.htm" "Mozilla/5.0 (Linux; Android 6.0.1; Nexus 5X Build/MMB29P) AppleWebKit/537.36 (KHTML, like Gecko) Chrome/137.0.7151.119 Mobile Safari/537.36 (compatible; Googlebot/2.1; +http://www.google.com/bot.html)"
66.249.65.37 - - [20/Jul/2025:06:02:44 +0000] "GET /?x=113664333051800&mod=165a59f7&uri=itm.php?detail/55076686.htm HTTP/1.1" 200 19466 "-" "Mozilla/5.0 (Linux; Android 6.0.1; Nexus 5X Build/MMB29P) AppleWebKit/537.36 (KHTML, like Gecko) Chrome/137.0.7151.103 Mobile Safari/537.36 (compatible; Googlebot/2.1; +http://www.google.com/bot.html)"
66.249.65.35 - - [20/Jul/2025:06:02:45 +0000] "GET /?x=113664333051800&mod=165a59f7&uri=itm.php?detail/55075737.htm HTTP/1.1" 200 19112 "-" "Mozilla/5.0 (Linux; Android 6.0.1; Nexus 5X Build/MMB29P) AppleWebKit/537.36 (KHTML, like Gecko) Chrome/137.0.7151.103 Mobile Safari/537.36 (compatible; Googlebot/2.1; +http://www.google.com/bot.html)"
66.249.65.37 - - [20/Jul/2025:06:02:45 +0000] "POST /get-message-notify HTTP/1.1" 404 - "https://kraft-court.cafe/?x=55302044071800&mod=decc2e06&uri=form.php?detail/4417505.htm" "Mozilla/5.0 (Linux; Android 6.0.1; Nexus 5X Build/MMB29P) AppleWebKit/537.36 (KHTML, like Gecko) Chrome/137.0.7151.119 Mobile Safari/537.36 (compatible; Googlebot/2.1; +http://www.google.com/bot.html)"
66.249.65.38 - - [20/Jul/2025:06:02:46 +0000] "POST /get-message-notify HTTP/1.1" 404 - "https://kraft-court.cafe/?x=47301468071800&mod=48584348&uri=us.php?detail/50255939.htm" "Mozilla/5.0 (Linux; Android 6.0.1; Nexus 5X Build/MMB29P) AppleWebKit/537.36 (KHTML, like Gecko) Chrome/137.0.7151.119 Mobile Safari/537.36 (compatible; Googlebot/2.1; +http://www.google.com/bot.html)"
66.249.65.36 - - [20/Jul/2025:06:02:47 +0000] "GET /?x=113664333051800&mod=165a59f7&uri=itm.php?detail/55065823.htm HTTP/1.1" 200 19125 "-" "Mozilla/5.0 (Linux; Android 6.0.1; Nexus 5X Build/MMB29P) AppleWebKit/537.36 (KHTML, like Gecko) Chrome/137.0.7151.103 Mobile Safari/537.36 (compatible; Googlebot/2.1; +http://www.google.com/bot.html)"
66.249.65.38 - - [20/Jul/2025:06:02:47 +0000] "GET /?x=113664333051800&mod=165a59f7&uri=itm.php?detail/55067020.htm HTTP/1.1" 200 18850 "-" "Mozilla/5.0 (Linux; Android 6.0.1; Nexus 5X Build/MMB29P) AppleWebKit/537.36 (KHTML, like Gecko) Chrome/137.0.7151.103 Mobile Safari/537.36 (compatible; Googlebot/2.1; +http://www.google.com/bot.html)"
66.249.65.36 - - [20/Jul/2025:06:02:47 +0000] "GET /?x=113664333051800&mod=165a59f7&uri=itm.php?detail/55070603.htm HTTP/1.1" 200 18597 "-" "Mozilla/5.0 (Linux; Android 6.0.1; Nexus 5X Build/MMB29P) AppleWebKit/537.36 (KHTML, like Gecko) Chrome/137.0.7151.103 Mobile Safari/537.36 (compatible; Googlebot/2.1; +http://www.google.com/bot.html)"
66.249.65.38 - - [20/Jul/2025:06:02:48 +0000] "GET /?x=113664333051800&mod=165a59f7&uri=itm.php?detail/55066474.htm HTTP/1.1" 200 18890 "-" "Mozilla/5.0 (Linux; Android 6.0.1; Nexus 5X Build/MMB29P) AppleWebKit/537.36 (KHTML, like Gecko) Chrome/137.0.7151.103 Mobile Safari/537.36 (compatible; Googlebot/2.1; +http://www.google.com/bot.html)"
66.249.65.35 - - [20/Jul/2025:06:02:49 +0000] "POST /get-message-notify HTTP/1.1" 404 - "https://kraft-court.cafe/?x=47301468071800&mod=48584348&uri=us.php?detail/50278957.htm" "Mozilla/5.0 (Linux; Android 6.0.1; Nexus 5X Build/MMB29P) AppleWebKit/537.36 (KHTML, like Gecko) Chrome/137.0.7151.119 Mobile Safari/537.36 (compatible; Googlebot/2.1; +http://www.google.com/bot.html)"
66.249.65.38 - - [20/Jul/2025:06:02:48 +0000] "GET /?x=113664333051800&mod=165a59f7&uri=itm.php?detail/55095478.htm HTTP/1.1" 200 19209 "-" "Mozilla/5.0 (Linux; Android 6.0.1; Nexus 5X Build/MMB29P) AppleWebKit/537.36 (KHTML, like Gecko) Chrome/137.0.7151.103 Mobile Safari/537.36 (compatible; Googlebot/2.1; +http://www.google.com/bot.html)"
66.249.65.35 - - [20/Jul/2025:06:02:49 +0000] "GET /?x=113664333051800&mod=165a59f7&uri=itm.php?detail/55065525.htm HTTP/1.1" 200 18636 "-" "Mozilla/5.0 (Linux; Android 6.0.1; Nexus 5X Build/MMB29P) AppleWebKit/537.36 (KHTML, like Gecko) Chrome/137.0.7151.103 Mobile Safari/537.36 (compatible; Googlebot/2.1; +http://www.google.com/bot.html)"
66.249.65.36 - - [20/Jul/2025:06:02:49 +0000] "GET /?x=113664333051800&mod=165a59f7&uri=itm.php?detail/55074340.htm HTTP/1.1" 200 19453 "-" "Mozilla/5.0 (Linux; Android 6.0.1; Nexus 5X Build/MMB29P) AppleWebKit/537.36 (KHTML, like Gecko) Chrome/137.0.7151.103 Mobile Safari/537.36 (compatible; Googlebot/2.1; +http://www.google.com/bot.html)"
66.249.65.35 - - [20/Jul/2025:06:02:50 +0000] "POST /get-message-notify HTTP/1.1" 404 - "https://kraft-court.cafe/?x=47301468071800&mod=48584348&uri=us.php?detail/47627742.htm" "Mozilla/5.0 (Linux; Android 6.0.1; Nexus 5X Build/MMB29P) AppleWebKit/537.36 (KHTML, like Gecko) Chrome/137.0.7151.119 Mobile Safari/537.36 (compatible; Googlebot/2.1; +http://www.google.com/bot.html)"
66.249.65.36 - - [20/Jul/2025:06:02:51 +0000] "GET /?x=5682630021800&mod=dc6a7e65&uri=category-info.php%3Fid%3D189742-308%26name%3Dvintage+sweatshirt+shop HTTP/1.1" 200 18460 "-" "Mozilla/5.0 (Linux; Android 6.0.1; Nexus 5X Build/MMB29P) AppleWebKit/537.36 (KHTML, like Gecko) Chrome/137.0.7151.103 Mobile Safari/537.36 (compatible; Googlebot/2.1; +http://www.google.com/bot.html)"
66.249.65.38 - - [20/Jul/2025:06:02:52 +0000] "POST /get-message-notify HTTP/1.1" 404 - "https://kraft-court.cafe/?x=55302044071800&mod=decc2e06&uri=form.php?detail/4404603.htm" "Mozilla/5.0 (Linux; Android 6.0.1; Nexus 5X Build/MMB29P) AppleWebKit/537.36 (KHTML, like Gecko) Chrome/137.0.7151.119 Mobile Safari/537.36 (compatible; Googlebot/2.1; +http://www.google.com/bot.html)"
57.141.2.19 - - [20/Jul/2025:06:02:54 +0000] "GET /detail/2211533010.htm HTTP/1.1" 404 - "-" "meta-externalagent/1.1 (+https://developers.facebook.com/docs/sharing/webmasters/crawler)"
57.141.2.25 - - [20/Jul/2025:06:02:56 +0000] "GET /detail/2211976255.htm HTTP/1.1" 404 - "-" "meta-externalagent/1.1 (+https://developers.facebook.com/docs/sharing/webmasters/crawler)"
66.249.65.37 - - [20/Jul/2025:06:02:57 +0000] "POST /get-message-notify HTTP/1.1" 404 - "https://kraft-court.cafe/?x=6309795041800&mod=0d0fd7c6&uri=shared.php?detail/51703151.htm" "Mozilla/5.0 (Linux; Android 6.0.1; Nexus 5X Build/MMB29P) AppleWebKit/537.36 (KHTML, like Gecko) Chrome/137.0.7151.119 Mobile Safari/537.36 (compatible; Googlebot/2.1; +http://www.google.com/bot.html)"
66.249.65.36 - - [20/Jul/2025:06:02:57 +0000] "POST /get-message-notify HTTP/1.1" 404 - "https://kraft-court.cafe/?x=5676171021800&mod=dc6a7e65&uri=itm.php?detail/2876540.htm" "Mozilla/5.0 (Linux; Android 6.0.1; Nexus 5X Build/MMB29P) AppleWebKit/537.36 (KHTML, like Gecko) Chrome/137.0.7151.119 Mobile Safari/537.36 (compatible; Googlebot/2.1; +http://www.google.com/bot.html)"
57.141.2.29 - - [20/Jul/2025:06:02:58 +0000] "GET /detail/2212042563.htm HTTP/1.1" 404 - "-" "meta-externalagent/1.1 (+https://developers.facebook.com/docs/sharing/webmasters/crawler)"
66.249.65.36 - - [20/Jul/2025:06:02:59 +0000] "POST /get-message-notify HTTP/1.1" 404 - "https://kraft-court.cafe/?x=113664333051800&mod=165a59f7&uri=itm.php?detail/55074340.htm" "Mozilla/5.0 (Linux; Android 6.0.1; Nexus 5X Build/MMB29P) AppleWebKit/537.36 (KHTML, like Gecko) Chrome/137.0.7151.119 Mobile Safari/537.36 (compatible; Googlebot/2.1; +http://www.google.com/bot.html)"
66.249.65.38 - - [20/Jul/2025:06:03:00 +0000] "POST /get-message-notify HTTP/1.1" 404 - "https://kraft-court.cafe/?x=113664333051800&mod=165a59f7&uri=itm.php?detail/55066474.htm" "Mozilla/5.0 (Linux; Android 6.0.1; Nexus 5X Build/MMB29P) AppleWebKit/537.36 (KHTML, like Gecko) Chrome/137.0.7151.119 Mobile Safari/537.36 (compatible; Googlebot/2.1; +http://www.google.com/bot.html)"
66.249.65.37 - - [20/Jul/2025:06:03:02 +0000] "POST /get-message-notify HTTP/1.1" 404 - "https://kraft-court.cafe/?x=113664333051800&mod=165a59f7&uri=itm.php?detail/55070603.htm" "Mozilla/5.0 (Linux; Android 6.0.1; Nexus 5X Build/MMB29P) AppleWebKit/537.36 (KHTML, like Gecko) Chrome/137.0.7151.119 Mobile Safari/537.36 (compatible; Googlebot/2.1; +http://www.google.com/bot.html)"
66.249.65.37 - - [20/Jul/2025:06:03:04 +0000] "POST /get-message-notify HTTP/1.1" 404 - "https://kraft-court.cafe/?x=47301468071800&mod=48584348&uri=us.php?detail/50260751.htm" "Mozilla/5.0 (Linux; Android 6.0.1; Nexus 5X Build/MMB29P) AppleWebKit/537.36 (KHTML, like Gecko) Chrome/137.0.7151.119 Mobile Safari/537.36 (compatible; Googlebot/2.1; +http://www.google.com/bot.html)"
66.249.65.37 - - [20/Jul/2025:06:03:05 +0000] "GET /?x=113664333051800&mod=165a59f7&uri=itm.php?detail/55087604.htm HTTP/1.1" 200 19587 "-" "Mozilla/5.0 (Linux; Android 6.0.1; Nexus 5X Build/MMB29P) AppleWebKit/537.36 (KHTML, like Gecko) Chrome/137.0.7151.103 Mobile Safari/537.36 (compatible; Googlebot/2.1; +http://www.google.com/bot.html)"
66.249.65.37 - - [20/Jul/2025:06:03:06 +0000] "GET /?x=113664333051800&mod=165a59f7&uri=itm.php?detail/55070765.htm HTTP/1.1" 200 19431 "-" "Mozilla/5.0 (Linux; Android 6.0.1; Nexus 5X Build/MMB29P) AppleWebKit/537.36 (KHTML, like Gecko) Chrome/137.0.7151.103 Mobile Safari/537.36 (compatible; Googlebot/2.1; +http://www.google.com/bot.html)"
66.249.65.36 - - [20/Jul/2025:06:03:08 +0000] "POST /get-message-notify HTTP/1.1" 404 - "https://kraft-court.cafe/?x=5676171021800&mod=dc6a7e65&uri=itm.php?product/edit/K3642568853" "Mozilla/5.0 (Linux; Android 6.0.1; Nexus 5X Build/MMB29P) AppleWebKit/537.36 (KHTML, like Gecko) Chrome/137.0.7151.119 Mobile Safari/537.36 (compatible; Googlebot/2.1; +http://www.google.com/bot.html)"
66.249.65.35 - - [20/Jul/2025:06:03:17 +0000] "POST /get-message-notify HTTP/1.1" 404 - "https://kraft-court.cafe/?x=55302044071800&mod=decc2e06&uri=form.php?toreka/toreka_single.html" "Mozilla/5.0 (Linux; Android 6.0.1; Nexus 5X Build/MMB29P) AppleWebKit/537.36 (KHTML, like Gecko) Chrome/137.0.7151.119 Mobile Safari/537.36 (compatible; Googlebot/2.1; +http://www.google.com/bot.html)"
66.249.65.35 - - [20/Jul/2025:06:03:20 +0000] "POST /get-message-notify HTTP/1.1" 404 - "https://kraft-court.cafe/?x=113664333051800&mod=165a59f7&uri=itm.php?detail/55095478.htm" "Mozilla/5.0 (Linux; Android 6.0.1; Nexus 5X Build/MMB29P) AppleWebKit/537.36 (KHTML, like Gecko) Chrome/137.0.7151.119 Mobile Safari/537.36 (compatible; Googlebot/2.1; +http://www.google.com/bot.html)"
66.249.65.35 - - [20/Jul/2025:06:03:24 +0000] "GET /?x=113664333051800&mod=165a59f7&uri=itm.php?detail/55071608.htm HTTP/1.1" 200 19059 "-" "Mozilla/5.0 (Linux; Android 6.0.1; Nexus 5X Build/MMB29P) AppleWebKit/537.36 (KHTML, like Gecko) Chrome/137.0.7151.103 Mobile Safari/537.36 (compatible; Googlebot/2.1; +http://www.google.com/bot.html)"
66.249.65.35 - - [20/Jul/2025:06:03:24 +0000] "GET /?x=113664333051800&mod=165a59f7&uri=itm.php?detail/55094892.htm HTTP/1.1" 200 19402 "-" "Mozilla/5.0 (Linux; Android 6.0.1; Nexus 5X Build/MMB29P) AppleWebKit/537.36 (KHTML, like Gecko) Chrome/137.0.7151.103 Mobile Safari/537.36 (compatible; Googlebot/2.1; +http://www.google.com/bot.html)"
66.249.65.35 - - [20/Jul/2025:06:03:24 +0000] "GET /?x=113664333051800&mod=165a59f7&uri=itm.php?detail/55068001.htm HTTP/1.1" 200 18939 "-" "Mozilla/5.0 (Linux; Android 6.0.1; Nexus 5X Build/MMB29P) AppleWebKit/537.36 (KHTML, like Gecko) Chrome/137.0.7151.103 Mobile Safari/537.36 (compatible; Googlebot/2.1; +http://www.google.com/bot.html)"
66.249.65.35 - - [20/Jul/2025:06:03:25 +0000] "GET /?x=113664333051800&mod=165a59f7&uri=itm.php?product/edit/K2467602081 HTTP/1.1" 200 19346 "-" "Mozilla/5.0 (Linux; Android 6.0.1; Nexus 5X Build/MMB29P) AppleWebKit/537.36 (KHTML, like Gecko) Chrome/137.0.7151.103 Mobile Safari/537.36 (compatible; Googlebot/2.1; +http://www.google.com/bot.html)"
66.249.65.35 - - [20/Jul/2025:06:03:26 +0000] "GET /?x=113664333051800&mod=165a59f7&uri=itm.php?detail/55096257.htm HTTP/1.1" 200 18760 "-" "Mozilla/5.0 (Linux; Android 6.0.1; Nexus 5X Build/MMB29P) AppleWebKit/537.36 (KHTML, like Gecko) Chrome/137.0.7151.103 Mobile Safari/537.36 (compatible; Googlebot/2.1; +http://www.google.com/bot.html)"
66.249.65.35 - - [20/Jul/2025:06:03:27 +0000] "GET /?x=113664333051800&mod=165a59f7&uri=itm.php?detail/55093951.htm HTTP/1.1" 200 18617 "-" "Mozilla/5.0 (Linux; Android 6.0.1; Nexus 5X Build/MMB29P) AppleWebKit/537.36 (KHTML, like Gecko) Chrome/137.0.7151.103 Mobile Safari/537.36 (compatible; Googlebot/2.1; +http://www.google.com/bot.html)"
66.249.65.35 - - [20/Jul/2025:06:03:27 +0000] "GET /?x=6995072021800&mod=6df18258&uri=info.php?detail/4420269.htm HTTP/1.1" 200 18445 "-" "Mozilla/5.0 (Linux; Android 6.0.1; Nexus 5X Build/MMB29P) AppleWebKit/537.36 (KHTML, like Gecko) Chrome/137.0.7151.103 Mobile Safari/537.36 (compatible; Googlebot/2.1; +http://www.google.com/bot.html)"
66.249.65.35 - - [20/Jul/2025:06:03:28 +0000] "GET /?x=6995072021800&mod=6df18258&uri=info.php?detail/4417547.htm HTTP/1.1" 200 19140 "-" "Mozilla/5.0 (Linux; Android 6.0.1; Nexus 5X Build/MMB29P) AppleWebKit/537.36 (KHTML, like Gecko) Chrome/137.0.7151.103 Mobile Safari/537.36 (compatible; Googlebot/2.1; +http://www.google.com/bot.html)"
66.249.65.35 - - [20/Jul/2025:06:03:28 +0000] "GET /?x=6995072021800&mod=6df18258&uri=info.php?detail/4414815.htm HTTP/1.1" 200 19193 "-" "Mozilla/5.0 (Linux; Android 6.0.1; Nexus 5X Build/MMB29P) AppleWebKit/537.36 (KHTML, like Gecko) Chrome/137.0.7151.103 Mobile Safari/537.36 (compatible; Googlebot/2.1; +http://www.google.com/bot.html)"
66.249.65.35 - - [20/Jul/2025:06:03:32 +0000] "POST /get-message-notify HTTP/1.1" 404 - "https://kraft-court.cafe/?x=113664333051800&mod=165a59f7&uri=itm.php?product/edit/K2467602081" "Mozilla/5.0 (Linux; Android 6.0.1; Nexus 5X Build/MMB29P) AppleWebKit/537.36 (KHTML, like Gecko) Chrome/137.0.7151.119 Mobile Safari/537.36 (compatible; Googlebot/2.1; +http://www.google.com/bot.html)"
66.249.65.35 - - [20/Jul/2025:06:03:34 +0000] "POST /get-message-notify HTTP/1.1" 404 - "https://kraft-court.cafe/?x=113664333051800&mod=165a59f7&uri=itm.php?detail/55093951.htm" "Mozilla/5.0 (Linux; Android 6.0.1; Nexus 5X Build/MMB29P) AppleWebKit/537.36 (KHTML, like Gecko) Chrome/137.0.7151.119 Mobile Safari/537.36 (compatible; Googlebot/2.1; +http://www.google.com/bot.html)"
66.249.65.35 - - [20/Jul/2025:06:03:42 +0000] "GET /?x=40231474011800&mod=b77375f9&uri=shop.php?detail/2950722.htm HTTP/1.1" 200 19534 "-" "Mozilla/5.0 (Linux; Android 6.0.1; Nexus 5X Build/MMB29P) AppleWebKit/537.36 (KHTML, like Gecko) Chrome/137.0.7151.103 Mobile Safari/537.36 (compatible; Googlebot/2.1; +http://www.google.com/bot.html)"
66.249.65.35 - - [20/Jul/2025:06:03:43 +0000] "GET /?x=40231474011800&mod=b77375f9&uri=shop.php?detail/2935986.htm HTTP/1.1" 200 19246 "-" "Mozilla/5.0 (Linux; Android 6.0.1; Nexus 5X Build/MMB29P) AppleWebKit/537.36 (KHTML, like Gecko) Chrome/137.0.7151.103 Mobile Safari/537.36 (compatible; Googlebot/2.1; +http://www.google.com/bot.html)"
66.249.65.35 - - [20/Jul/2025:06:03:43 +0000] "GET /?x=40231474011800&mod=b77375f9&uri=shop.php?detail/2949869.htm HTTP/1.1" 200 18302 "-" "Mozilla/5.0 (Linux; Android 6.0.1; Nexus 5X Build/MMB29P) AppleWebKit/537.36 (KHTML, like Gecko) Chrome/137.0.7151.103 Mobile Safari/537.36 (compatible; Googlebot/2.1; +http://www.google.com/bot.html)"
57.141.2.18 - - [20/Jul/2025:06:03:45 +0000] "GET /detail/1297001437.htm HTTP/1.1" 404 - "-" "meta-externalagent/1.1 (+https://developers.facebook.com/docs/sharing/webmasters/crawler)"
66.249.65.35 - - [20/Jul/2025:06:03:46 +0000] "GET /?x=40231474011800&mod=b77375f9&uri=shop.php?detail/2951991.htm HTTP/1.1" 200 19216 "-" "Mozilla/5.0 (Linux; Android 6.0.1; Nexus 5X Build/MMB29P) AppleWebKit/537.36 (KHTML, like Gecko) Chrome/137.0.7151.103 Mobile Safari/537.36 (compatible; Googlebot/2.1; +http://www.google.com/bot.html)"
66.249.65.35 - - [20/Jul/2025:06:03:48 +0000] "GET /?x=28930558011800&mod=333cb763&uri=blog.php?product/edit/K2356893864 HTTP/1.1" 200 18786 "-" "Mozilla/5.0 (Linux; Android 6.0.1; Nexus 5X Build/MMB29P) AppleWebKit/537.36 (KHTML, like Gecko) Chrome/137.0.7151.103 Mobile Safari/537.36 (compatible; Googlebot/2.1; +http://www.google.com/bot.html)"
66.249.65.35 - - [20/Jul/2025:06:03:50 +0000] "GET /?x=113664333051800&mod=165a59f7&uri=itm.php?detail/50260220.htm HTTP/1.1" 200 18874 "-" "Mozilla/5.0 (Linux; Android 6.0.1; Nexus 5X Build/MMB29P) AppleWebKit/537.36 (KHTML, like Gecko) Chrome/137.0.7151.103 Mobile Safari/537.36 (compatible; Googlebot/2.1; +http://www.google.com/bot.html)"
66.249.65.35 - - [20/Jul/2025:06:03:50 +0000] "GET /?x=113664333051800&mod=165a59f7&uri=itm.php?detail/50259546.htm HTTP/1.1" 200 19054 "-" "Mozilla/5.0 (Linux; Android 6.0.1; Nexus 5X Build/MMB29P) AppleWebKit/537.36 (KHTML, like Gecko) Chrome/137.0.7151.103 Mobile Safari/537.36 (compatible; Googlebot/2.1; +http://www.google.com/bot.html)"
66.249.65.36 - - [20/Jul/2025:06:03:51 +0000] "GET /?x=113664333051800&mod=165a59f7&uri=itm.php?detail/50265330.htm HTTP/1.1" 200 18940 "-" "Mozilla/5.0 (Linux; Android 6.0.1; Nexus 5X Build/MMB29P) AppleWebKit/537.36 (KHTML, like Gecko) Chrome/137.0.7151.103 Mobile Safari/537.36 (compatible; Googlebot/2.1; +http://www.google.com/bot.html)"
66.249.65.35 - - [20/Jul/2025:06:03:52 +0000] "GET /?x=113664333051800&mod=165a59f7&uri=itm.php?detail/50239668.htm HTTP/1.1" 200 18350 "-" "Mozilla/5.0 (Linux; Android 6.0.1; Nexus 5X Build/MMB29P) AppleWebKit/537.36 (KHTML, like Gecko) Chrome/137.0.7151.103 Mobile Safari/537.36 (compatible; Googlebot/2.1; +http://www.google.com/bot.html)"
66.249.65.35 - - [20/Jul/2025:06:03:54 +0000] "GET /?x=113664333051800&mod=165a59f7&uri=itm.php?detail/50231120.htm HTTP/1.1" 200 19300 "-" "Mozilla/5.0 (Linux; Android 6.0.1; Nexus 5X Build/MMB29P) AppleWebKit/537.36 (KHTML, like Gecko) Chrome/137.0.7151.103 Mobile Safari/537.36 (compatible; Googlebot/2.1; +http://www.google.com/bot.html)"
66.249.65.35 - - [20/Jul/2025:06:03:54 +0000] "GET /?x=113664333051800&mod=165a59f7&uri=itm.php?detail/50235377.htm HTTP/1.1" 200 18703 "-" "Mozilla/5.0 (Linux; Android 6.0.1; Nexus 5X Build/MMB29P) AppleWebKit/537.36 (KHTML, like Gecko) Chrome/137.0.7151.103 Mobile Safari/537.36 (compatible; Googlebot/2.1; +http://www.google.com/bot.html)"
66.249.65.36 - - [20/Jul/2025:06:03:54 +0000] "GET /?x=113664333051800&mod=165a59f7&uri=itm.php?detail/50254404.htm HTTP/1.1" 200 18979 "-" "Mozilla/5.0 (Linux; Android 6.0.1; Nexus 5X Build/MMB29P) AppleWebKit/537.36 (KHTML, like Gecko) Chrome/137.0.7151.103 Mobile Safari/537.36 (compatible; Googlebot/2.1; +http://www.google.com/bot.html)"
66.249.65.35 - - [20/Jul/2025:06:03:55 +0000] "GET /?x=113664333051800&mod=165a59f7&uri=itm.php?detail/50263803.htm HTTP/1.1" 200 18553 "-" "Mozilla/5.0 (Linux; Android 6.0.1; Nexus 5X Build/MMB29P) AppleWebKit/537.36 (KHTML, like Gecko) Chrome/137.0.7151.103 Mobile Safari/537.36 (compatible; Googlebot/2.1; +http://www.google.com/bot.html)"
66.249.65.35 - - [20/Jul/2025:06:03:58 +0000] "GET /?x=113664333051800&mod=165a59f7&uri=itm.php?detail/50258661.htm HTTP/1.1" 200 19267 "-" "Mozilla/5.0 (Linux; Android 6.0.1; Nexus 5X Build/MMB29P) AppleWebKit/537.36 (KHTML, like Gecko) Chrome/137.0.7151.103 Mobile Safari/537.36 (compatible; Googlebot/2.1; +http://www.google.com/bot.html)"
66.249.65.36 - - [20/Jul/2025:06:03:58 +0000] "GET /?x=113664333051800&mod=165a59f7&uri=itm.php?detail/50286405.htm HTTP/1.1" 200 19399 "-" "Mozilla/5.0 (Linux; Android 6.0.1; Nexus 5X Build/MMB29P) AppleWebKit/537.36 (KHTML, like Gecko) Chrome/137.0.7151.103 Mobile Safari/537.36 (compatible; Googlebot/2.1; +http://www.google.com/bot.html)"
66.249.65.36 - - [20/Jul/2025:06:03:59 +0000] "POST /get-message-notify HTTP/1.1" 404 - "https://kraft-court.cafe/?x=113664333051800&mod=165a59f7&uri=itm.php?detail/50231120.htm" "Mozilla/5.0 (Linux; Android 6.0.1; Nexus 5X Build/MMB29P) AppleWebKit/537.36 (KHTML, like Gecko) Chrome/137.0.7151.119 Mobile Safari/537.36 (compatible; Googlebot/2.1; +http://www.google.com/bot.html)"
66.249.65.35 - - [20/Jul/2025:06:03:59 +0000] "GET /?x=113664333051800&mod=165a59f7&uri=itm.php?detail/50277752.htm HTTP/1.1" 200 18661 "-" "Mozilla/5.0 (Linux; Android 6.0.1; Nexus 5X Build/MMB29P) AppleWebKit/537.36 (KHTML, like Gecko) Chrome/137.0.7151.103 Mobile Safari/537.36 (compatible; Googlebot/2.1; +http://www.google.com/bot.html)"
209.74.77.214 - - [20/Jul/2025:06:03:59 +0000] "POST /wp-cron.php?doing_wp_cron=1752991439.3743870258331298828125 HTTP/1.1" 200 - "-" "WordPress/6.8.2; https://kraft-court.cafe"
57.141.2.29 - - [20/Jul/2025:06:03:59 +0000] "GET /?x=97035865071800& HTTP/1.1" 301 - "-" "meta-externalagent/1.1 (+https://developers.facebook.com/docs/sharing/webmasters/crawler)"
66.249.65.35 - - [20/Jul/2025:06:03:59 +0000] "GET /?x=113664333051800&mod=165a59f7&uri=itm.php?detail/50230277.htm HTTP/1.1" 200 18788 "-" "Mozilla/5.0 (Linux; Android 6.0.1; Nexus 5X Build/MMB29P) AppleWebKit/537.36 (KHTML, like Gecko) Chrome/137.0.7151.103 Mobile Safari/537.36 (compatible; Googlebot/2.1; +http://www.google.com/bot.html)"
66.249.65.35 - - [20/Jul/2025:06:04:00 +0000] "GET /?x=113664333051800&mod=165a59f7&uri=itm.php?detail/50285626.htm HTTP/1.1" 200 18632 "-" "Mozilla/5.0 (Linux; Android 6.0.1; Nexus 5X Build/MMB29P) AppleWebKit/537.36 (KHTML, like Gecko) Chrome/137.0.7151.103 Mobile Safari/537.36 (compatible; Googlebot/2.1; +http://www.google.com/bot.html)"
66.249.65.35 - - [20/Jul/2025:06:04:01 +0000] "POST /get-message-notify HTTP/1.1" 404 - "https://kraft-court.cafe/?x=113664333051800&mod=165a59f7&uri=itm.php?detail/55075737.htm" "Mozilla/5.0 (Linux; Android 6.0.1; Nexus 5X Build/MMB29P) AppleWebKit/537.36 (KHTML, like Gecko) Chrome/137.0.7151.119 Mobile Safari/537.36 (compatible; Googlebot/2.1; +http://www.google.com/bot.html)"
66.249.65.36 - - [20/Jul/2025:06:04:01 +0000] "GET /?x=113664333051800&mod=165a59f7&uri=itm.php?detail/50282830.htm HTTP/1.1" 200 19095 "-" "Mozilla/5.0 (Linux; Android 6.0.1; Nexus 5X Build/MMB29P) AppleWebKit/537.36 (KHTML, like Gecko) Chrome/137.0.7151.103 Mobile Safari/537.36 (compatible; Googlebot/2.1; +http://www.google.com/bot.html)"
66.249.65.35 - - [20/Jul/2025:06:04:01 +0000] "GET /?x=113664333051800&mod=165a59f7&uri=itm.php?detail/50284067.htm HTTP/1.1" 200 19495 "-" "Mozilla/5.0 (Linux; Android 6.0.1; Nexus 5X Build/MMB29P) AppleWebKit/537.36 (KHTML, like Gecko) Chrome/137.0.7151.103 Mobile Safari/537.36 (compatible; Googlebot/2.1; +http://www.google.com/bot.html)"
66.249.65.35 - - [20/Jul/2025:06:04:02 +0000] "GET /?x=113664333051800&mod=165a59f7&uri=itm.php?detail/50228750.htm HTTP/1.1" 200 19744 "-" "Mozilla/5.0 (Linux; Android 6.0.1; Nexus 5X Build/MMB29P) AppleWebKit/537.36 (KHTML, like Gecko) Chrome/137.0.7151.103 Mobile Safari/537.36 (compatible; Googlebot/2.1; +http://www.google.com/bot.html)"
66.249.65.35 - - [20/Jul/2025:06:04:02 +0000] "GET /?x=113664333051800&mod=165a59f7&uri=itm.php?detail/50290696.htm HTTP/1.1" 200 19267 "-" "Mozilla/5.0 (Linux; Android 6.0.1; Nexus 5X Build/MMB29P) AppleWebKit/537.36 (KHTML, like Gecko) Chrome/137.0.7151.103 Mobile Safari/537.36 (compatible; Googlebot/2.1; +http://www.google.com/bot.html)"
