66.249.65.35 - - [20/Jul/2025:10:22:22 +0000] "GET /?x=6309795041800&mod=0d0fd7c6&uri=shared.php?detail/51745942.htm HTTP/1.1" 200 19332 "-" "Mozilla/5.0 (Linux; Android 6.0.1; Nexus 5X Build/MMB29P) AppleWebKit/537.36 (KHTML, like Gecko) Chrome/137.0.7151.103 Mobile Safari/537.36 (compatible; Googlebot/2.1; +http://www.google.com/bot.html)"
209.74.77.214 - - [20/Jul/2025:10:22:26 +0000] "POST /wp-cron.php?doing_wp_cron=1753006946.1046741008758544921875 HTTP/1.1" 200 - "-" "WordPress/6.8.2; https://kraft-court.cafe"
57.141.2.29 - - [20/Jul/2025:10:22:25 +0000] "GET /?x=84181708021800& HTTP/1.1" 301 - "-" "meta-externalagent/1.1 (+https://developers.facebook.com/docs/sharing/webmasters/crawler)"
209.74.77.214 - - [20/Jul/2025:10:23:35 +0000] "POST /wp-cron.php?doing_wp_cron=1753007015.8159470558166503906250 HTTP/1.1" 200 - "-" "WordPress/6.8.2; https://kraft-court.cafe"
57.141.2.4 - - [20/Jul/2025:10:23:34 +0000] "GET /?x=74328559011800& HTTP/1.1" 301 - "-" "meta-externalagent/1.1 (+https://developers.facebook.com/docs/sharing/webmasters/crawler)"
57.141.2.1 - - [20/Jul/2025:10:23:40 +0000] "GET /?x=74328559011800 HTTP/1.1" 200 5469 "-" "meta-externalagent/1.1 (+https://developers.facebook.com/docs/sharing/webmasters/crawler)"
209.74.77.214 - - [20/Jul/2025:10:23:50 +0000] "POST /wp-cron.php?doing_wp_cron=1753007030.6313369274139404296875 HTTP/1.1" 200 - "-" "WordPress/6.8.2; https://kraft-court.cafe"
57.141.2.26 - - [20/Jul/2025:10:23:50 +0000] "GET /?x=49381559041800& HTTP/1.1" 301 - "-" "meta-externalagent/1.1 (+https://developers.facebook.com/docs/sharing/webmasters/crawler)"
66.249.65.37 - - [20/Jul/2025:10:24:09 +0000] "GET /?x=5589455141800&mod=c4b43ae0&uri=pin.php?detail/2936797.htm HTTP/1.1" 200 19336 "-" "Mozilla/5.0 (Linux; Android 6.0.1; Nexus 5X Build/MMB29P) AppleWebKit/537.36 (KHTML, like Gecko) Chrome/137.0.7151.103 Mobile Safari/537.36 (compatible; Googlebot/2.1; +http://www.google.com/bot.html)"
66.249.65.36 - - [20/Jul/2025:10:24:47 +0000] "POST /get-message-notify HTTP/1.1" 404 - "https://kraft-court.cafe/?x=5589455141800&mod=c4b43ae0&uri=pin.php?detail/2936797.htm" "Mozilla/5.0 (Linux; Android 6.0.1; Nexus 5X Build/MMB29P) AppleWebKit/537.36 (KHTML, like Gecko) Chrome/137.0.7151.119 Mobile Safari/537.36 (compatible; Googlebot/2.1; +http://www.google.com/bot.html)"
66.249.65.36 - - [20/Jul/2025:10:25:02 +0000] "GET /?x=99475179001800&mod=48584348&uri=goods.php?detail/54853240.htm HTTP/1.1" 200 18568 "-" "Mozilla/5.0 (Linux; Android 6.0.1; Nexus 5X Build/MMB29P) AppleWebKit/537.36 (KHTML, like Gecko) Chrome/137.0.7151.103 Mobile Safari/537.36 (compatible; Googlebot/2.1; +http://www.google.com/bot.html)"
51.222.253.17 - - [20/Jul/2025:10:25:04 +0000] "GET /detail/808441281.htm HTTP/1.1" 404 - "-" "Mozilla/5.0 (compatible; AhrefsBot/7.0; +http://ahrefs.com/robot/)"
209.74.77.214 - - [20/Jul/2025:10:25:10 +0000] "POST /wp-cron.php?doing_wp_cron=1753007110.9298319816589355468750 HTTP/1.1" 200 - "-" "WordPress/6.8.2; https://kraft-court.cafe"
57.141.2.1 - - [20/Jul/2025:10:25:09 +0000] "GET /?x=57240652021800& HTTP/1.1" 301 - "-" "meta-externalagent/1.1 (+https://developers.facebook.com/docs/sharing/webmasters/crawler)"
66.249.65.36 - - [20/Jul/2025:10:25:53 +0000] "GET /?x=59761006021800&mod=5c376f6d&uri=search.php?detail/2925060.htm HTTP/1.1" 200 19289 "-" "Mozilla/5.0 (Linux; Android 6.0.1; Nexus 5X Build/MMB29P) AppleWebKit/537.36 (KHTML, like Gecko) Chrome/137.0.7151.103 Mobile Safari/537.36 (compatible; Googlebot/2.1; +http://www.google.com/bot.html)"
209.74.77.214 - - [20/Jul/2025:10:27:44 +0000] "POST /wp-cron.php?doing_wp_cron=1753007264.4988029003143310546875 HTTP/1.1" 200 - "-" "WordPress/6.8.2; https://kraft-court.cafe"
57.141.2.12 - - [20/Jul/2025:10:27:43 +0000] "GET /?x=32179434021800& HTTP/1.1" 301 - "-" "meta-externalagent/1.1 (+https://developers.facebook.com/docs/sharing/webmasters/crawler)"
57.141.2.19 - - [20/Jul/2025:10:27:57 +0000] "GET /?x=32179434021800 HTTP/1.1" 200 5469 "-" "meta-externalagent/1.1 (+https://developers.facebook.com/docs/sharing/webmasters/crawler)"
66.249.65.35 - - [20/Jul/2025:10:28:58 +0000] "GET /?x=6315517051800&mod=07cdfd23&uri=blog.php?detail/56096393.htm HTTP/1.1" 200 19781 "-" "Mozilla/5.0 (Linux; Android 6.0.1; Nexus 5X Build/MMB29P) AppleWebKit/537.36 (KHTML, like Gecko) Chrome/137.0.7151.103 Mobile Safari/537.36 (compatible; Googlebot/2.1; +http://www.google.com/bot.html)"
209.74.77.214 - - [20/Jul/2025:10:31:06 +0000] "POST /wp-cron.php?doing_wp_cron=1753007466.7627689838409423828125 HTTP/1.1" 200 - "-" "WordPress/6.8.2; https://kraft-court.cafe"
57.141.2.5 - - [20/Jul/2025:10:31:05 +0000] "GET /?x=102972291041800& HTTP/1.1" 301 - "-" "meta-externalagent/1.1 (+https://developers.facebook.com/docs/sharing/webmasters/crawler)"
51.222.253.1 - - [20/Jul/2025:10:32:22 +0000] "GET /recollection.php?sitemap.xml HTTP/1.1" 200 4594 "-" "Mozilla/5.0 (compatible; AhrefsBot/7.0; +http://ahrefs.com/robot/)"
209.74.77.214 - - [20/Jul/2025:10:34:08 +0000] "POST /wp-cron.php?doing_wp_cron=1753007648.1824131011962890625000 HTTP/1.1" 200 - "-" "WordPress/6.8.2; https://kraft-court.cafe"
57.141.2.1 - - [20/Jul/2025:10:34:06 +0000] "GET /?x=36565043011800& HTTP/1.1" 301 - "-" "meta-externalagent/1.1 (+https://developers.facebook.com/docs/sharing/webmasters/crawler)"
47.79.6.68 - - [20/Jul/2025:10:34:10 +0000] "GET /?x=5611238051800&mod=e94fe9ac&uri=search.php?id%3D187339-332%26name%3De+mor+pardesi+babu HTTP/1.1" 301 - "https://kraft-court.cafe/?x=5611238051800&mod=e94fe9ac&uri=search.php%3Fid%3D187339-332%26name%3De+mor+pardesi+babu" "Mozilla/5.0 (Windows NT 10.0; Win64; x64) AppleWebKit/537.36 (KHTML, like Gecko) Chrome/114.0.0.0 Safari/537.36 Edg/114.0.1823.43"
47.79.6.68 - - [20/Jul/2025:10:34:10 +0000] "GET /?x=5611238051800&mod=e94fe9ac&uri=search.php?id%3D187339-332%26name%3De%20mor%20pardesi%20babu HTTP/1.1" 301 - "https://kraft-court.cafe/?x=5611238051800&mod=e94fe9ac&uri=search.php%3Fid%3D187339-332%26name%3De+mor+pardesi+babu" "Mozilla/5.0 (Windows NT 10.0; Win64; x64) AppleWebKit/537.36 (KHTML, like Gecko) Chrome/114.0.0.0 Safari/537.36 Edg/114.0.1823.43"
209.74.77.214 - - [20/Jul/2025:10:34:54 +0000] "POST /wp-cron.php?doing_wp_cron=1753007694.0210440158843994140625 HTTP/1.1" 200 - "-" "WordPress/6.8.2; https://kraft-court.cafe"
57.141.2.11 - - [20/Jul/2025:10:34:52 +0000] "GET /?x=97645242061800& HTTP/1.1" 301 - "-" "meta-externalagent/1.1 (+https://developers.facebook.com/docs/sharing/webmasters/crawler)"
209.74.77.214 - - [20/Jul/2025:10:35:36 +0000] "POST /wp-cron.php?doing_wp_cron=1753007736.0579419136047363281250 HTTP/1.1" 200 - "-" "WordPress/6.8.2; https://kraft-court.cafe"
57.141.2.23 - - [20/Jul/2025:10:35:34 +0000] "GET /?x=63140557121800& HTTP/1.1" 301 - "-" "meta-externalagent/1.1 (+https://developers.facebook.com/docs/sharing/webmasters/crawler)"
209.74.77.214 - - [20/Jul/2025:10:35:50 +0000] "POST /wp-cron.php?doing_wp_cron=1753007750.2763950824737548828125 HTTP/1.1" 200 - "-" "WordPress/6.8.2; https://kraft-court.cafe"
57.141.2.26 - - [20/Jul/2025:10:35:50 +0000] "GET /?x=63140557121800 HTTP/1.1" 200 5469 "-" "meta-externalagent/1.1 (+https://developers.facebook.com/docs/sharing/webmasters/crawler)"
209.74.77.214 - - [20/Jul/2025:10:36:53 +0000] "POST /wp-cron.php?doing_wp_cron=1753007813.7394518852233886718750 HTTP/1.1" 200 - "-" "WordPress/6.8.2; https://kraft-court.cafe"
57.141.2.26 - - [20/Jul/2025:10:36:52 +0000] "GET /?x=75144619031800& HTTP/1.1" 301 - "-" "meta-externalagent/1.1 (+https://developers.facebook.com/docs/sharing/webmasters/crawler)"
57.141.2.14 - - [20/Jul/2025:10:37:22 +0000] "GET /?x=82089557081800& HTTP/1.1" 301 - "-" "meta-externalagent/1.1 (+https://developers.facebook.com/docs/sharing/webmasters/crawler)"
51.222.253.15 - - [20/Jul/2025:10:38:43 +0000] "GET /recollection.php?shopdetail/220144143 HTTP/1.1" 200 - "-" "Mozilla/5.0 (compatible; AhrefsBot/7.0; +http://ahrefs.com/robot/)"
209.74.77.214 - - [20/Jul/2025:10:38:46 +0000] "POST /wp-cron.php?doing_wp_cron=1753007926.5698089599609375000000 HTTP/1.1" 200 - "-" "WordPress/6.8.2; https://kraft-court.cafe"
57.141.2.21 - - [20/Jul/2025:10:38:45 +0000] "GET /?x=34320200051800& HTTP/1.1" 301 - "-" "meta-externalagent/1.1 (+https://developers.facebook.com/docs/sharing/webmasters/crawler)"
57.141.2.17 - - [20/Jul/2025:10:38:54 +0000] "GET /?x=34320200051800 HTTP/1.1" 200 5469 "-" "meta-externalagent/1.1 (+https://developers.facebook.com/docs/sharing/webmasters/crawler)"
209.74.77.214 - - [20/Jul/2025:10:40:12 +0000] "POST /wp-cron.php?doing_wp_cron=1753008012.4280459880828857421875 HTTP/1.1" 200 - "-" "WordPress/6.8.2; https://kraft-court.cafe"
57.141.2.10 - - [20/Jul/2025:10:40:10 +0000] "GET /?x=22199697121800& HTTP/1.1" 301 - "-" "meta-externalagent/1.1 (+https://developers.facebook.com/docs/sharing/webmasters/crawler)"
66.249.79.8 - - [20/Jul/2025:10:42:42 +0000] "POST /get-message-notify HTTP/1.1" 404 - "https://kraft-court.cafe/?x=6315517051800&mod=07cdfd23&uri=blog.php?detail/56096393.htm" "Mozilla/5.0 (Linux; Android 6.0.1; Nexus 5X Build/MMB29P) AppleWebKit/537.36 (KHTML, like Gecko) Chrome/137.0.7151.119 Mobile Safari/537.36 (compatible; Googlebot/2.1; +http://www.google.com/bot.html)"
209.74.77.214 - - [20/Jul/2025:10:44:08 +0000] "POST /wp-cron.php?doing_wp_cron=1753008248.3571069240570068359375 HTTP/1.1" 200 - "-" "WordPress/6.8.2; https://kraft-court.cafe"
57.141.2.26 - - [20/Jul/2025:10:44:05 +0000] "GET /?x=24099267001800& HTTP/1.1" 301 - "-" "meta-externalagent/1.1 (+https://developers.facebook.com/docs/sharing/webmasters/crawler)"
57.141.2.30 - - [20/Jul/2025:10:44:21 +0000] "GET /?x=22588514051800& HTTP/1.1" 301 - "-" "meta-externalagent/1.1 (+https://developers.facebook.com/docs/sharing/webmasters/crawler)"
66.249.79.7 - - [20/Jul/2025:10:44:40 +0000] "GET /?x=6315517051800&mod=07cdfd23&uri=blog.php?detail/2907528.htm HTTP/1.1" 200 18837 "-" "Mozilla/5.0 (Linux; Android 6.0.1; Nexus 5X Build/MMB29P) AppleWebKit/537.36 (KHTML, like Gecko) Chrome/137.0.7151.103 Mobile Safari/537.36 (compatible; Googlebot/2.1; +http://www.google.com/bot.html)"
66.249.79.7 - - [20/Jul/2025:10:45:30 +0000] "GET /?x=31724234101800&mod=27545182&uri=form.php?detail/48469351.htm HTTP/1.1" 200 19058 "-" "Mozilla/5.0 (Linux; Android 6.0.1; Nexus 5X Build/MMB29P) AppleWebKit/537.36 (KHTML, like Gecko) Chrome/137.0.7151.103 Mobile Safari/537.36 (compatible; Googlebot/2.1; +http://www.google.com/bot.html)"
51.222.253.5 - - [20/Jul/2025:10:46:07 +0000] "GET /recollection.php?shopdetail/232498443 HTTP/1.1" 200 - "-" "Mozilla/5.0 (compatible; AhrefsBot/7.0; +http://ahrefs.com/robot/)"
209.74.77.214 - - [20/Jul/2025:10:47:51 +0000] "POST /wp-cron.php?doing_wp_cron=1753008471.1351060867309570312500 HTTP/1.1" 200 - "-" "WordPress/6.8.2; https://kraft-court.cafe"
57.141.2.26 - - [20/Jul/2025:10:47:50 +0000] "GET /?x=37608546021800& HTTP/1.1" 301 - "-" "meta-externalagent/1.1 (+https://developers.facebook.com/docs/sharing/webmasters/crawler)"
209.74.77.214 - - [20/Jul/2025:10:50:13 +0000] "POST /wp-cron.php?doing_wp_cron=1753008613.0462479591369628906250 HTTP/1.1" 200 - "-" "WordPress/6.8.2; https://kraft-court.cafe"
57.141.2.22 - - [20/Jul/2025:10:50:11 +0000] "GET /?x=74238078041800& HTTP/1.1" 301 - "-" "meta-externalagent/1.1 (+https://developers.facebook.com/docs/sharing/webmasters/crawler)"
209.74.77.214 - - [20/Jul/2025:10:52:47 +0000] "POST /wp-cron.php?doing_wp_cron=1753008767.6355180740356445312500 HTTP/1.1" 200 - "-" "WordPress/6.8.2; https://kraft-court.cafe"
57.141.2.7 - - [20/Jul/2025:10:52:46 +0000] "GET /?x=71568981031800& HTTP/1.1" 301 - "-" "meta-externalagent/1.1 (+https://developers.facebook.com/docs/sharing/webmasters/crawler)"
51.222.253.9 - - [20/Jul/2025:10:53:20 +0000] "GET /recollection.php?shopdetail/234869443 HTTP/1.1" 200 - "-" "Mozilla/5.0 (compatible; AhrefsBot/7.0; +http://ahrefs.com/robot/)"
209.74.77.214 - - [20/Jul/2025:10:56:48 +0000] "POST /wp-cron.php?doing_wp_cron=1753009008.2522590160369873046875 HTTP/1.1" 200 - "-" "WordPress/6.8.2; https://kraft-court.cafe"
57.141.2.29 - - [20/Jul/2025:10:56:46 +0000] "GET /?x=104690066001800& HTTP/1.1" 301 - "-" "meta-externalagent/1.1 (+https://developers.facebook.com/docs/sharing/webmasters/crawler)"
66.249.79.1 - - [20/Jul/2025:10:56:59 +0000] "GET /?x=59724743071800&mod=9854d7af&uri=news.php?detail/2900899.htm HTTP/1.1" 200 19106 "-" "Mozilla/5.0 (Linux; Android 6.0.1; Nexus 5X Build/MMB29P) AppleWebKit/537.36 (KHTML, like Gecko) Chrome/137.0.7151.103 Mobile Safari/537.36 (compatible; Googlebot/2.1; +http://www.google.com/bot.html)"
57.141.2.29 - - [20/Jul/2025:10:57:26 +0000] "GET /?x=29096112061800& HTTP/1.1" 301 - "-" "meta-externalagent/1.1 (+https://developers.facebook.com/docs/sharing/webmasters/crawler)"
66.249.79.7 - - [20/Jul/2025:10:57:37 +0000] "GET /?x=59761006021800&mod=5c376f6d&uri=search.php?detail/2903407.htm HTTP/1.1" 200 18880 "-" "Mozilla/5.0 (Linux; Android 6.0.1; Nexus 5X Build/MMB29P) AppleWebKit/537.36 (KHTML, like Gecko) Chrome/137.0.7151.103 Mobile Safari/537.36 (compatible; Googlebot/2.1; +http://www.google.com/bot.html)"
66.249.79.7 - - [20/Jul/2025:10:58:33 +0000] "GET /?x=35000212011800&mod=1e056d2b&uri=products.php? HTTP/1.1" 200 19490 "-" "Mozilla/5.0 (Linux; Android 6.0.1; Nexus 5X Build/MMB29P) AppleWebKit/537.36 (KHTML, like Gecko) Chrome/137.0.7151.103 Mobile Safari/537.36 (compatible; Googlebot/2.1; +http://www.google.com/bot.html)"
209.74.77.214 - - [20/Jul/2025:10:59:53 +0000] "POST /wp-cron.php?doing_wp_cron=1753009193.3519899845123291015625 HTTP/1.1" 200 - "-" "WordPress/6.8.2; https://kraft-court.cafe"
57.141.2.13 - - [20/Jul/2025:10:59:52 +0000] "GET /?x=72536595011800& HTTP/1.1" 301 - "-" "meta-externalagent/1.1 (+https://developers.facebook.com/docs/sharing/webmasters/crawler)"
57.141.2.23 - - [20/Jul/2025:11:00:26 +0000] "GET /?x=72536595011800 HTTP/1.1" 200 5469 "-" "meta-externalagent/1.1 (+https://developers.facebook.com/docs/sharing/webmasters/crawler)"
209.74.77.214 - - [20/Jul/2025:11:00:35 +0000] "POST /wp-cron.php?doing_wp_cron=1753009235.1223990917205810546875 HTTP/1.1" 200 - "-" "WordPress/6.8.2; https://kraft-court.cafe"
57.141.2.17 - - [20/Jul/2025:11:00:34 +0000] "GET /?x=55251387011800& HTTP/1.1" 301 - "-" "meta-externalagent/1.1 (+https://developers.facebook.com/docs/sharing/webmasters/crawler)"
57.141.2.30 - - [20/Jul/2025:11:00:36 +0000] "GET /?x=109661406051800& HTTP/1.1" 301 - "-" "meta-externalagent/1.1 (+https://developers.facebook.com/docs/sharing/webmasters/crawler)"
57.141.2.29 - - [20/Jul/2025:11:00:42 +0000] "GET /?x=109661406051800 HTTP/1.1" 200 5471 "-" "meta-externalagent/1.1 (+https://developers.facebook.com/docs/sharing/webmasters/crawler)"
209.74.77.214 - - [20/Jul/2025:11:00:44 +0000] "POST /wp-cron.php?doing_wp_cron=1753009244.3819980621337890625000 HTTP/1.1" 200 - "-" "WordPress/6.8.2; https://kraft-court.cafe"
57.141.2.26 - - [20/Jul/2025:11:00:44 +0000] "GET /?x=55251387011800 HTTP/1.1" 200 5469 "-" "meta-externalagent/1.1 (+https://developers.facebook.com/docs/sharing/webmasters/crawler)"
57.141.2.15 - - [20/Jul/2025:11:00:47 +0000] "GET /?x=92227313001800& HTTP/1.1" 301 - "-" "meta-externalagent/1.1 (+https://developers.facebook.com/docs/sharing/webmasters/crawler)"
57.141.2.14 - - [20/Jul/2025:11:00:52 +0000] "GET /?x=92227313001800 HTTP/1.1" 200 5469 "-" "meta-externalagent/1.1 (+https://developers.facebook.com/docs/sharing/webmasters/crawler)"
57.141.2.16 - - [20/Jul/2025:11:01:10 +0000] "GET /?x=79561520041800& HTTP/1.1" 301 - "-" "meta-externalagent/1.1 (+https://developers.facebook.com/docs/sharing/webmasters/crawler)"
57.141.2.12 - - [20/Jul/2025:11:01:23 +0000] "GET /?x=79561520041800 HTTP/1.1" 200 5469 "-" "meta-externalagent/1.1 (+https://developers.facebook.com/docs/sharing/webmasters/crawler)"
51.222.253.4 - - [20/Jul/2025:11:01:52 +0000] "GET /recollection.php?shopdetail/235580943 HTTP/1.1" 200 - "-" "Mozilla/5.0 (compatible; AhrefsBot/7.0; +http://ahrefs.com/robot/)"
209.74.77.214 - - [20/Jul/2025:11:04:15 +0000] "POST /wp-cron.php?doing_wp_cron=1753009455.0365610122680664062500 HTTP/1.1" 200 - "-" "WordPress/6.8.2; https://kraft-court.cafe"
57.141.2.4 - - [20/Jul/2025:11:04:13 +0000] "GET /?x=89431141051800& HTTP/1.1" 301 - "-" "meta-externalagent/1.1 (+https://developers.facebook.com/docs/sharing/webmasters/crawler)"
57.141.2.24 - - [20/Jul/2025:11:04:19 +0000] "GET /?x=89431141051800 HTTP/1.1" 200 5469 "-" "meta-externalagent/1.1 (+https://developers.facebook.com/docs/sharing/webmasters/crawler)"
66.249.79.1 - - [20/Jul/2025:11:05:03 +0000] "GET /?x=5821549081800&mod=165a59f7&uri=pin.php%3Fid%3D194406-336%26name%3Dofferte+piquadro+scontate HTTP/1.1" 200 18427 "-" "Mozilla/5.0 (Linux; Android 6.0.1; Nexus 5X Build/MMB29P) AppleWebKit/537.36 (KHTML, like Gecko) Chrome/137.0.7151.103 Mobile Safari/537.36 (compatible; Googlebot/2.1; +http://www.google.com/bot.html)"
209.74.77.214 - - [20/Jul/2025:11:07:16 +0000] "POST /wp-cron.php?doing_wp_cron=1753009636.6286420822143554687500 HTTP/1.1" 200 - "-" "WordPress/6.8.2; https://kraft-court.cafe"
57.141.2.7 - - [20/Jul/2025:11:07:15 +0000] "GET /?x=36243819031800& HTTP/1.1" 301 - "-" "meta-externalagent/1.1 (+https://developers.facebook.com/docs/sharing/webmasters/crawler)"
209.74.77.214 - - [20/Jul/2025:11:08:25 +0000] "POST /wp-cron.php?doing_wp_cron=1753009705.0469989776611328125000 HTTP/1.1" 200 - "-" "WordPress/6.8.2; https://kraft-court.cafe"
57.141.2.1 - - [20/Jul/2025:11:08:23 +0000] "GET /?x=48814698011800& HTTP/1.1" 301 - "-" "meta-externalagent/1.1 (+https://developers.facebook.com/docs/sharing/webmasters/crawler)"
57.141.2.17 - - [20/Jul/2025:11:08:56 +0000] "GET /detail/1297067128.htm HTTP/1.1" 404 - "-" "meta-externalagent/1.1 (+https://developers.facebook.com/docs/sharing/webmasters/crawler)"
51.222.253.2 - - [20/Jul/2025:11:09:34 +0000] "GET /recollection.php?shopdetail/237771443 HTTP/1.1" 200 - "-" "Mozilla/5.0 (compatible; AhrefsBot/7.0; +http://ahrefs.com/robot/)"
209.74.77.214 - - [20/Jul/2025:11:10:18 +0000] "POST /wp-cron.php?doing_wp_cron=1753009818.8950850963592529296875 HTTP/1.1" 200 - "-" "WordPress/6.8.2; https://kraft-court.cafe"
57.141.2.24 - - [20/Jul/2025:11:10:17 +0000] "GET /?x=91082143011800& HTTP/1.1" 301 - "-" "meta-externalagent/1.1 (+https://developers.facebook.com/docs/sharing/webmasters/crawler)"
209.74.77.214 - - [20/Jul/2025:11:10:44 +0000] "POST /wp-cron.php?doing_wp_cron=1753009844.1582560539245605468750 HTTP/1.1" 200 - "-" "WordPress/6.8.2; https://kraft-court.cafe"
57.141.2.21 - - [20/Jul/2025:11:10:43 +0000] "GET /?x=91082143011800 HTTP/1.1" 200 5469 "-" "meta-externalagent/1.1 (+https://developers.facebook.com/docs/sharing/webmasters/crawler)"
209.74.77.214 - - [20/Jul/2025:11:17:37 +0000] "POST /wp-cron.php?doing_wp_cron=1753010257.3648369312286376953125 HTTP/1.1" 200 - "-" "WordPress/6.8.2; https://kraft-court.cafe"
57.141.2.1 - - [20/Jul/2025:11:17:35 +0000] "GET /?x=53405014041800& HTTP/1.1" 301 - "-" "meta-externalagent/1.1 (+https://developers.facebook.com/docs/sharing/webmasters/crawler)"
51.222.253.11 - - [20/Jul/2025:11:18:02 +0000] "GET /recollection.php?shopdetail/241888043 HTTP/1.1" 200 - "-" "Mozilla/5.0 (compatible; AhrefsBot/7.0; +http://ahrefs.com/robot/)"
69.171.231.114 - - [20/Jul/2025:11:18:11 +0000] "GET /robots.txt HTTP/1.1" 200 130 "-" "facebookexternalhit/1.1 (+http://www.facebook.com/externalhit_uatext.php)"
209.74.77.214 - - [20/Jul/2025:11:18:12 +0000] "POST /wp-cron.php?doing_wp_cron=1753010292.5468289852142333984375 HTTP/1.1" 200 - "-" "WordPress/6.8.2; https://kraft-court.cafe"
69.171.231.6 - - [20/Jul/2025:11:18:12 +0000] "GET / HTTP/1.1" 200 5435 "-" "facebookexternalhit/1.1 (+http://www.facebook.com/externalhit_uatext.php)"
209.74.77.214 - - [20/Jul/2025:11:20:46 +0000] "POST /wp-cron.php?doing_wp_cron=1753010446.1339919567108154296875 HTTP/1.1" 200 - "-" "WordPress/6.8.2; https://kraft-court.cafe"
57.141.2.22 - - [20/Jul/2025:11:20:44 +0000] "GET /?x=90338252061800& HTTP/1.1" 301 - "-" "meta-externalagent/1.1 (+https://developers.facebook.com/docs/sharing/webmasters/crawler)"
57.141.2.12 - - [20/Jul/2025:11:20:58 +0000] "GET /?x=90338252061800 HTTP/1.1" 200 5469 "-" "meta-externalagent/1.1 (+https://developers.facebook.com/docs/sharing/webmasters/crawler)"
209.74.77.214 - - [20/Jul/2025:11:23:55 +0000] "POST /wp-cron.php?doing_wp_cron=1753010635.9221398830413818359375 HTTP/1.1" 200 - "-" "WordPress/6.8.2; https://kraft-court.cafe"
57.141.2.24 - - [20/Jul/2025:11:23:54 +0000] "GET /?x=76370255001800& HTTP/1.1" 301 - "-" "meta-externalagent/1.1 (+https://developers.facebook.com/docs/sharing/webmasters/crawler)"
57.141.2.1 - - [20/Jul/2025:11:24:20 +0000] "GET /?x=51810780001800& HTTP/1.1" 301 - "-" "meta-externalagent/1.1 (+https://developers.facebook.com/docs/sharing/webmasters/crawler)"
17.241.227.115 - - [20/Jul/2025:11:24:28 +0000] "GET /robots.txt HTTP/1.1" 200 107 "-" "Mozilla/5.0 (Macintosh; Intel Mac OS X 10_15_7) AppleWebKit/605.1.15 (KHTML, like Gecko) Version/17.4 Safari/605.1.15 (Applebot/0.1; +http://www.apple.com/go/applebot)"
17.241.227.115 - - [20/Jul/2025:11:24:29 +0000] "GET / HTTP/1.1" 200 1849 "-" "Mozilla/5.0 (Macintosh; Intel Mac OS X 10_15_7) AppleWebKit/605.1.15 (KHTML, like Gecko) Version/17.4 Safari/605.1.15 (Applebot/0.1; +http://www.apple.com/go/applebot)"
209.74.77.214 - - [20/Jul/2025:11:24:53 +0000] "POST /wp-cron.php?doing_wp_cron=1753010693.2042679786682128906250 HTTP/1.1" 200 - "-" "WordPress/6.8.2; https://kraft-court.cafe"
57.141.2.15 - - [20/Jul/2025:11:24:53 +0000] "GET /?x=116384227011800& HTTP/1.1" 301 - "-" "meta-externalagent/1.1 (+https://developers.facebook.com/docs/sharing/webmasters/crawler)"
57.141.2.4 - - [20/Jul/2025:11:25:03 +0000] "GET /?x=116384227011800 HTTP/1.1" 200 5471 "-" "meta-externalagent/1.1 (+https://developers.facebook.com/docs/sharing/webmasters/crawler)"
209.74.77.214 - - [20/Jul/2025:11:25:58 +0000] "POST /wp-cron.php?doing_wp_cron=1753010758.1908628940582275390625 HTTP/1.1" 200 - "-" "WordPress/6.8.2; https://kraft-court.cafe"
57.141.2.17 - - [20/Jul/2025:11:25:56 +0000] "GET /?x=54320785031800& HTTP/1.1" 301 - "-" "meta-externalagent/1.1 (+https://developers.facebook.com/docs/sharing/webmasters/crawler)"
57.141.2.10 - - [20/Jul/2025:11:26:18 +0000] "GET /?x=32712955131800& HTTP/1.1" 301 - "-" "meta-externalagent/1.1 (+https://developers.facebook.com/docs/sharing/webmasters/crawler)"
209.74.77.214 - - [20/Jul/2025:11:26:34 +0000] "POST /wp-cron.php?doing_wp_cron=1753010794.6778750419616699218750 HTTP/1.1" 200 - "-" "WordPress/6.8.2; https://kraft-court.cafe"
57.141.2.21 - - [20/Jul/2025:11:26:34 +0000] "GET /?x=32712955131800 HTTP/1.1" 200 5469 "-" "meta-externalagent/1.1 (+https://developers.facebook.com/docs/sharing/webmasters/crawler)"
209.74.77.214 - - [20/Jul/2025:11:26:55 +0000] "POST /wp-cron.php?doing_wp_cron=1753010815.8635010719299316406250 HTTP/1.1" 200 - "-" "WordPress/6.8.2; https://kraft-court.cafe"
57.141.2.6 - - [20/Jul/2025:11:26:55 +0000] "GET /?x=2528319011800& HTTP/1.1" 301 - "-" "meta-externalagent/1.1 (+https://developers.facebook.com/docs/sharing/webmasters/crawler)"
57.141.2.21 - - [20/Jul/2025:11:27:13 +0000] "GET /?x=2528319011800 HTTP/1.1" 200 5467 "-" "meta-externalagent/1.1 (+https://developers.facebook.com/docs/sharing/webmasters/crawler)"
66.249.79.1 - - [20/Jul/2025:11:28:10 +0000] "GET /?x=102479861091800&mod=b9c7f3a9&uri=shared.php?detail/52189966.htm HTTP/1.1" 200 19211 "-" "Mozilla/5.0 (Linux; Android 6.0.1; Nexus 5X Build/MMB29P) AppleWebKit/537.36 (KHTML, like Gecko) Chrome/137.0.7151.103 Mobile Safari/537.36 (compatible; Googlebot/2.1; +http://www.google.com/bot.html)"
209.74.77.214 - - [20/Jul/2025:11:28:37 +0000] "POST /wp-cron.php?doing_wp_cron=1753010917.6692171096801757812500 HTTP/1.1" 200 - "-" "WordPress/6.8.2; https://kraft-court.cafe"
57.141.2.29 - - [20/Jul/2025:11:28:36 +0000] "GET /?x=105564774001800& HTTP/1.1" 301 - "-" "meta-externalagent/1.1 (+https://developers.facebook.com/docs/sharing/webmasters/crawler)"
66.249.79.1 - - [20/Jul/2025:11:29:06 +0000] "GET /?x=47301468071800&mod=48584348&uri=us.php?detail/46943922.htm HTTP/1.1" 200 19383 "-" "Mozilla/5.0 (Linux; Android 6.0.1; Nexus 5X Build/MMB29P) AppleWebKit/537.36 (KHTML, like Gecko) Chrome/137.0.7151.103 Mobile Safari/537.36 (compatible; Googlebot/2.1; +http://www.google.com/bot.html)"
66.249.79.1 - - [20/Jul/2025:11:29:08 +0000] "POST /get-message-notify HTTP/1.1" 404 - "https://kraft-court.cafe/?x=47301468071800&mod=48584348&uri=us.php?detail/46943922.htm" "Mozilla/5.0 (Linux; Android 6.0.1; Nexus 5X Build/MMB29P) AppleWebKit/537.36 (KHTML, like Gecko) Chrome/137.0.7151.119 Mobile Safari/537.36 (compatible; Googlebot/2.1; +http://www.google.com/bot.html)"
66.249.79.8 - - [20/Jul/2025:11:29:51 +0000] "GET /?x=5589455141800&mod=c4b43ae0&uri=pin.php?detail/2909906.htm HTTP/1.1" 200 18595 "-" "Mozilla/5.0 (Linux; Android 6.0.1; Nexus 5X Build/MMB29P) AppleWebKit/537.36 (KHTML, like Gecko) Chrome/137.0.7151.103 Mobile Safari/537.36 (compatible; Googlebot/2.1; +http://www.google.com/bot.html)"
209.74.77.214 - - [20/Jul/2025:11:30:27 +0000] "POST /wp-cron.php?doing_wp_cron=1753011027.4369769096374511718750 HTTP/1.1" 200 - "-" "WordPress/6.8.2; https://kraft-court.cafe"
57.141.2.17 - - [20/Jul/2025:11:30:26 +0000] "GET /?x=73545665041800& HTTP/1.1" 301 - "-" "meta-externalagent/1.1 (+https://developers.facebook.com/docs/sharing/webmasters/crawler)"
66.249.79.8 - - [20/Jul/2025:11:30:51 +0000] "GET /?x=28524956031800&mod=55d99a37&uri=search.php?detail/2886462.htm HTTP/1.1" 200 18438 "-" "Mozilla/5.0 (Linux; Android 6.0.1; Nexus 5X Build/MMB29P) AppleWebKit/537.36 (KHTML, like Gecko) Chrome/137.0.7151.103 Mobile Safari/537.36 (compatible; Googlebot/2.1; +http://www.google.com/bot.html)"
209.74.77.214 - - [20/Jul/2025:11:31:34 +0000] "POST /wp-cron.php?doing_wp_cron=1753011094.0815188884735107421875 HTTP/1.1" 200 - "-" "WordPress/6.8.2; https://kraft-court.cafe"
57.141.2.6 - - [20/Jul/2025:11:31:32 +0000] "GET /?x=95934913021800& HTTP/1.1" 301 - "-" "meta-externalagent/1.1 (+https://developers.facebook.com/docs/sharing/webmasters/crawler)"
66.249.79.7 - - [20/Jul/2025:11:31:33 +0000] "GET /?x=28524956031800&mod=55d99a37&uri=search.php?feature/shoplist/index.html HTTP/1.1" 200 19430 "-" "Mozilla/5.0 (Linux; Android 6.0.1; Nexus 5X Build/MMB29P) AppleWebKit/537.36 (KHTML, like Gecko) Chrome/137.0.7151.103 Mobile Safari/537.36 (compatible; Googlebot/2.1; +http://www.google.com/bot.html)"
57.141.2.30 - - [20/Jul/2025:11:31:43 +0000] "GET /?x=95934913021800 HTTP/1.1" 200 5469 "-" "meta-externalagent/1.1 (+https://developers.facebook.com/docs/sharing/webmasters/crawler)"
66.249.79.7 - - [20/Jul/2025:11:32:14 +0000] "POST /get-message-notify HTTP/1.1" 404 - "https://kraft-court.cafe/?x=28524956031800&mod=55d99a37&uri=search.php?detail/2886462.htm" "Mozilla/5.0 (Linux; Android 6.0.1; Nexus 5X Build/MMB29P) AppleWebKit/537.36 (KHTML, like Gecko) Chrome/137.0.7151.119 Mobile Safari/537.36 (compatible; Googlebot/2.1; +http://www.google.com/bot.html)"
209.74.77.214 - - [20/Jul/2025:11:32:18 +0000] "POST /wp-cron.php?doing_wp_cron=1753011136.0603229999542236328125 HTTP/1.1" 200 - "-" "WordPress/6.8.2; https://kraft-court.cafe"
57.141.2.17 - - [20/Jul/2025:11:32:14 +0000] "GET /?x=79994079121800& HTTP/1.1" 301 - "-" "meta-externalagent/1.1 (+https://developers.facebook.com/docs/sharing/webmasters/crawler)"
66.249.79.8 - - [20/Jul/2025:11:32:25 +0000] "GET /?x=59724743071800&mod=9854d7af&uri=news.php?feature/idol/gradol.html HTTP/1.1" 200 19486 "-" "Mozilla/5.0 (Linux; Android 6.0.1; Nexus 5X Build/MMB29P) AppleWebKit/537.36 (KHTML, like Gecko) Chrome/137.0.7151.103 Mobile Safari/537.36 (compatible; Googlebot/2.1; +http://www.google.com/bot.html)"
66.249.79.7 - - [20/Jul/2025:11:33:16 +0000] "GET /?x=47301468071800&mod=48584348&uri=us.php?detail/51215910.htm HTTP/1.1" 200 18752 "-" "Mozilla/5.0 (Linux; Android 6.0.1; Nexus 5X Build/MMB29P) AppleWebKit/537.36 (KHTML, like Gecko) Chrome/137.0.7151.103 Mobile Safari/537.36 (compatible; Googlebot/2.1; +http://www.google.com/bot.html)"
66.249.79.8 - - [20/Jul/2025:11:34:10 +0000] "GET /?x=113664333051800&mod=165a59f7&uri=itm.php?detail/50294279.htm HTTP/1.1" 200 19182 "-" "Mozilla/5.0 (Linux; Android 6.0.1; Nexus 5X Build/MMB29P) AppleWebKit/537.36 (KHTML, like Gecko) Chrome/137.0.7151.103 Mobile Safari/537.36 (compatible; Googlebot/2.1; +http://www.google.com/bot.html)"
66.249.79.7 - - [20/Jul/2025:11:34:14 +0000] "POST /get-message-notify HTTP/1.1" 404 - "https://kraft-court.cafe/?x=113664333051800&mod=165a59f7&uri=itm.php?detail/50294279.htm" "Mozilla/5.0 (Linux; Android 6.0.1; Nexus 5X Build/MMB29P) AppleWebKit/537.36 (KHTML, like Gecko) Chrome/137.0.7151.119 Mobile Safari/537.36 (compatible; Googlebot/2.1; +http://www.google.com/bot.html)"
66.249.79.1 - - [20/Jul/2025:11:35:04 +0000] "GET /?x=99475179001800&mod=48584348&uri=goods.php?detail/54849633.htm HTTP/1.1" 200 19451 "-" "Mozilla/5.0 (Linux; Android 6.0.1; Nexus 5X Build/MMB29P) AppleWebKit/537.36 (KHTML, like Gecko) Chrome/137.0.7151.103 Mobile Safari/537.36 (compatible; Googlebot/2.1; +http://www.google.com/bot.html)"
66.249.79.1 - - [20/Jul/2025:11:35:07 +0000] "POST /get-message-notify HTTP/1.1" 404 - "https://kraft-court.cafe/?x=99475179001800&mod=48584348&uri=goods.php?detail/54849633.htm" "Mozilla/5.0 (Linux; Android 6.0.1; Nexus 5X Build/MMB29P) AppleWebKit/537.36 (KHTML, like Gecko) Chrome/137.0.7151.119 Mobile Safari/537.36 (compatible; Googlebot/2.1; +http://www.google.com/bot.html)"
51.222.253.11 - - [20/Jul/2025:11:35:47 +0000] "GET /recollection.php?shopdetail/263743443 HTTP/1.1" 200 - "-" "Mozilla/5.0 (compatible; AhrefsBot/7.0; +http://ahrefs.com/robot/)"
66.249.79.7 - - [20/Jul/2025:11:35:52 +0000] "GET /?x=31845749091800&mod=42e77b63&uri=products.php?detail/2944671.htm HTTP/1.1" 200 18485 "-" "Mozilla/5.0 (Linux; Android 6.0.1; Nexus 5X Build/MMB29P) AppleWebKit/537.36 (KHTML, like Gecko) Chrome/137.0.7151.103 Mobile Safari/537.36 (compatible; Googlebot/2.1; +http://www.google.com/bot.html)"
66.249.79.7 - - [20/Jul/2025:11:36:50 +0000] "GET /?x=31845749091800&mod=42e77b63&uri=products.php?toiawase HTTP/1.1" 200 19452 "-" "Mozilla/5.0 (Linux; Android 6.0.1; Nexus 5X Build/MMB29P) AppleWebKit/537.36 (KHTML, like Gecko) Chrome/137.0.7151.103 Mobile Safari/537.36 (compatible; Googlebot/2.1; +http://www.google.com/bot.html)"
66.249.79.7 - - [20/Jul/2025:11:36:54 +0000] "POST /get-message-notify HTTP/1.1" 404 - "https://kraft-court.cafe/?x=31845749091800&mod=42e77b63&uri=products.php?toiawase" "Mozilla/5.0 (Linux; Android 6.0.1; Nexus 5X Build/MMB29P) AppleWebKit/537.36 (KHTML, like Gecko) Chrome/137.0.7151.119 Mobile Safari/537.36 (compatible; Googlebot/2.1; +http://www.google.com/bot.html)"
66.249.79.7 - - [20/Jul/2025:11:37:34 +0000] "GET /?x=28524956031800&mod=55d99a37&uri=search.php?detail/2896119.htm HTTP/1.1" 200 19162 "-" "Mozilla/5.0 (Linux; Android 6.0.1; Nexus 5X Build/MMB29P) AppleWebKit/537.36 (KHTML, like Gecko) Chrome/137.0.7151.103 Mobile Safari/537.36 (compatible; Googlebot/2.1; +http://www.google.com/bot.html)"
209.74.77.214 - - [20/Jul/2025:11:38:25 +0000] "POST /wp-cron.php?doing_wp_cron=1753011505.2911911010742187500000 HTTP/1.1" 200 - "-" "WordPress/6.8.2; https://kraft-court.cafe"
42.236.17.215 - - [20/Jul/2025:11:38:24 +0000] "GET / HTTP/1.1" 200 1849 "https://kraft-court.cafe/" "Mozilla/5.0 (Windows NT 6.1; WOW64) AppleWebKit/537.36 (KHTML, like Gecko) Chrome/50.0.2661.102 Safari/537.36; 360Spider"
66.249.79.7 - - [20/Jul/2025:11:38:28 +0000] "GET /?x=119722543071800&mod=faefec47&uri=pin.php?detail/2941907.htm HTTP/1.1" 200 18790 "-" "Mozilla/5.0 (Linux; Android 6.0.1; Nexus 5X Build/MMB29P) AppleWebKit/537.36 (KHTML, like Gecko) Chrome/137.0.7151.103 Mobile Safari/537.36 (compatible; Googlebot/2.1; +http://www.google.com/bot.html)"
209.74.77.214 - - [20/Jul/2025:11:38:37 +0000] "POST /wp-cron.php?doing_wp_cron=1753011517.7225630283355712890625 HTTP/1.1" 200 - "-" "WordPress/6.8.2; https://kraft-court.cafe"
57.141.2.2 - - [20/Jul/2025:11:38:37 +0000] "GET /?x=20840077001800& HTTP/1.1" 301 - "-" "meta-externalagent/1.1 (+https://developers.facebook.com/docs/sharing/webmasters/crawler)"
209.74.77.214 - - [20/Jul/2025:11:38:48 +0000] "POST /wp-cron.php?doing_wp_cron=1753011528.0281078815460205078125 HTTP/1.1" 200 - "-" "WordPress/6.8.2; https://kraft-court.cafe"
57.141.2.27 - - [20/Jul/2025:11:38:47 +0000] "GET /?x=20840077001800 HTTP/1.1" 200 5469 "-" "meta-externalagent/1.1 (+https://developers.facebook.com/docs/sharing/webmasters/crawler)"
66.249.79.1 - - [20/Jul/2025:11:39:20 +0000] "GET /?x=113664333051800&mod=165a59f7&uri=itm.php?detail/55073143.htm HTTP/1.1" 200 19476 "-" "Mozilla/5.0 (Linux; Android 6.0.1; Nexus 5X Build/MMB29P) AppleWebKit/537.36 (KHTML, like Gecko) Chrome/137.0.7151.103 Mobile Safari/537.36 (compatible; Googlebot/2.1; +http://www.google.com/bot.html)"
66.249.79.8 - - [20/Jul/2025:11:39:24 +0000] "POST /get-message-notify HTTP/1.1" 404 - "https://kraft-court.cafe/?x=113664333051800&mod=165a59f7&uri=itm.php?detail/55073143.htm" "Mozilla/5.0 (Linux; Android 6.0.1; Nexus 5X Build/MMB29P) AppleWebKit/537.36 (KHTML, like Gecko) Chrome/137.0.7151.119 Mobile Safari/537.36 (compatible; Googlebot/2.1; +http://www.google.com/bot.html)"
209.74.77.214 - - [20/Jul/2025:11:41:55 +0000] "POST /wp-cron.php?doing_wp_cron=1753011715.1378529071807861328125 HTTP/1.1" 200 - "-" "WordPress/6.8.2; https://kraft-court.cafe"
57.141.2.8 - - [20/Jul/2025:11:41:53 +0000] "GET /?x=56679699031800& HTTP/1.1" 301 - "-" "meta-externalagent/1.1 (+https://developers.facebook.com/docs/sharing/webmasters/crawler)"
57.141.2.4 - - [20/Jul/2025:11:42:04 +0000] "GET /?x=56679699031800 HTTP/1.1" 200 5469 "-" "meta-externalagent/1.1 (+https://developers.facebook.com/docs/sharing/webmasters/crawler)"
57.141.2.15 - - [20/Jul/2025:11:42:19 +0000] "GET /?x=88694686001800& HTTP/1.1" 301 - "-" "meta-externalagent/1.1 (+https://developers.facebook.com/docs/sharing/webmasters/crawler)"
209.74.77.214 - - [20/Jul/2025:11:42:46 +0000] "POST /wp-cron.php?doing_wp_cron=1753011766.3751640319824218750000 HTTP/1.1" 200 - "-" "WordPress/6.8.2; https://kraft-court.cafe"
57.141.2.14 - - [20/Jul/2025:11:42:46 +0000] "GET /?x=19126202011800& HTTP/1.1" 301 - "-" "meta-externalagent/1.1 (+https://developers.facebook.com/docs/sharing/webmasters/crawler)"
57.141.2.7 - - [20/Jul/2025:11:42:58 +0000] "GET /?x=19126202011800 HTTP/1.1" 200 5469 "-" "meta-externalagent/1.1 (+https://developers.facebook.com/docs/sharing/webmasters/crawler)"
57.141.2.15 - - [20/Jul/2025:11:42:59 +0000] "GET /?x=88694686001800 HTTP/1.1" 200 5469 "-" "meta-externalagent/1.1 (+https://developers.facebook.com/docs/sharing/webmasters/crawler)"
51.222.253.6 - - [20/Jul/2025:11:43:21 +0000] "GET /recollection.php?shopdetail/264047343 HTTP/1.1" 200 - "-" "Mozilla/5.0 (compatible; AhrefsBot/7.0; +http://ahrefs.com/robot/)"
209.74.77.214 - - [20/Jul/2025:11:43:41 +0000] "POST /wp-cron.php?doing_wp_cron=1753011821.8969080448150634765625 HTTP/1.1" 200 - "-" "WordPress/6.8.2; https://kraft-court.cafe"
57.141.2.25 - - [20/Jul/2025:11:43:41 +0000] "GET /?x=101261679011800& HTTP/1.1" 301 - "-" "meta-externalagent/1.1 (+https://developers.facebook.com/docs/sharing/webmasters/crawler)"
209.74.77.214 - - [20/Jul/2025:11:43:49 +0000] "POST /wp-cron.php?doing_wp_cron=1753011829.4937160015106201171875 HTTP/1.1" 200 - "-" "WordPress/6.8.2; https://kraft-court.cafe"
57.141.2.21 - - [20/Jul/2025:11:43:49 +0000] "GET /?x=101261679011800 HTTP/1.1" 200 5471 "-" "meta-externalagent/1.1 (+https://developers.facebook.com/docs/sharing/webmasters/crawler)"
209.74.77.214 - - [20/Jul/2025:11:45:13 +0000] "POST /wp-cron.php?doing_wp_cron=1753011913.0367579460144042968750 HTTP/1.1" 200 - "-" "WordPress/6.8.2; https://kraft-court.cafe"
57.141.2.7 - - [20/Jul/2025:11:45:11 +0000] "GET /?x=108590754071800& HTTP/1.1" 301 - "-" "meta-externalagent/1.1 (+https://developers.facebook.com/docs/sharing/webmasters/crawler)"
57.141.2.15 - - [20/Jul/2025:11:45:29 +0000] "GET /?x=82797081041800& HTTP/1.1" 301 - "-" "meta-externalagent/1.1 (+https://developers.facebook.com/docs/sharing/webmasters/crawler)"
209.74.77.214 - - [20/Jul/2025:11:45:37 +0000] "POST /wp-cron.php?doing_wp_cron=1753011937.2506968975067138671875 HTTP/1.1" 200 - "-" "WordPress/6.8.2; https://kraft-court.cafe"
57.141.2.1 - - [20/Jul/2025:11:45:37 +0000] "GET /?x=58112368001800& HTTP/1.1" 301 - "-" "meta-externalagent/1.1 (+https://developers.facebook.com/docs/sharing/webmasters/crawler)"
Page not found – Hello World !