209.74.77.214 - - [19/Jul/2025:14:17:45 +0000] "POST /wp-cron.php?doing_wp_cron=1752934665.1119139194488525390625 HTTP/1.1" 200 - "-" "WordPress/6.8.2; https://kraft-court.cafe"
57.141.2.9 - - [19/Jul/2025:14:17:44 +0000] "GET /?x=63561403021800 HTTP/1.1" 200 5469 "-" "meta-externalagent/1.1 (+https://developers.facebook.com/docs/sharing/webmasters/crawler)"
209.74.77.214 - - [19/Jul/2025:14:19:57 +0000] "POST /wp-cron.php?doing_wp_cron=1752934797.6460239887237548828125 HTTP/1.1" 200 - "-" "WordPress/6.8.2; https://kraft-court.cafe"
209.74.77.214 - - [19/Jul/2025:14:19:57 +0000] "POST /wp-cron.php?doing_wp_cron=1752934797.6459350585937500000000 HTTP/1.1" 200 - "-" "WordPress/6.8.2; https://kraft-court.cafe"
57.141.2.15 - - [19/Jul/2025:14:19:56 +0000] "GET /?x=98372123051800& HTTP/1.1" 301 - "-" "meta-externalagent/1.1 (+https://developers.facebook.com/docs/sharing/webmasters/crawler)"
57.141.2.5 - - [19/Jul/2025:14:19:56 +0000] "GET /?x=96220885011800& HTTP/1.1" 301 - "-" "meta-externalagent/1.1 (+https://developers.facebook.com/docs/sharing/webmasters/crawler)"
57.141.2.6 - - [19/Jul/2025:14:20:06 +0000] "GET /?x=96220885011800 HTTP/1.1" 200 5469 "-" "meta-externalagent/1.1 (+https://developers.facebook.com/docs/sharing/webmasters/crawler)"
57.141.2.23 - - [19/Jul/2025:14:20:30 +0000] "GET /?x=4902117021800& HTTP/1.1" 301 - "-" "meta-externalagent/1.1 (+https://developers.facebook.com/docs/sharing/webmasters/crawler)"
209.74.77.214 - - [19/Jul/2025:14:20:37 +0000] "POST /wp-cron.php?doing_wp_cron=1752934837.2455730438232421875000 HTTP/1.1" 200 - "-" "WordPress/6.8.2; https://kraft-court.cafe"
57.141.2.7 - - [19/Jul/2025:14:20:37 +0000] "GET /?x=98372123051800 HTTP/1.1" 200 5469 "-" "meta-externalagent/1.1 (+https://developers.facebook.com/docs/sharing/webmasters/crawler)"
209.74.77.214 - - [19/Jul/2025:14:25:09 +0000] "POST /wp-cron.php?doing_wp_cron=1752935108.9927809238433837890625 HTTP/1.1" 200 - "-" "WordPress/6.8.2; https://kraft-court.cafe"
57.141.2.12 - - [19/Jul/2025:14:25:07 +0000] "GET /?x=16782980071800& HTTP/1.1" 301 - "-" "meta-externalagent/1.1 (+https://developers.facebook.com/docs/sharing/webmasters/crawler)"
209.74.77.214 - - [19/Jul/2025:14:27:12 +0000] "POST /wp-cron.php?doing_wp_cron=1752935231.9708979129791259765625 HTTP/1.1" 200 - "-" "WordPress/6.8.2; https://kraft-court.cafe"
57.141.2.30 - - [19/Jul/2025:14:27:10 +0000] "GET /?x=16232592031800& HTTP/1.1" 301 - "-" "meta-externalagent/1.1 (+https://developers.facebook.com/docs/sharing/webmasters/crawler)"
170.106.84.136 - - [19/Jul/2025:14:31:46 +0000] "GET / HTTP/1.1" 200 1849 "http://kraft-court.cafe" "Mozilla/5.0 (iPhone; CPU iPhone OS 13_2_3 like Mac OS X) AppleWebKit/605.1.15 (KHTML, like Gecko) Version/13.0.3 Mobile/15E148 Safari/604.1"
209.74.77.214 - - [19/Jul/2025:14:34:31 +0000] "POST /wp-cron.php?doing_wp_cron=1752935671.3885118961334228515625 HTTP/1.1" 200 - "-" "WordPress/6.8.2; https://kraft-court.cafe"
57.141.2.21 - - [19/Jul/2025:14:34:29 +0000] "GET /?x=46314194051800& HTTP/1.1" 301 - "-" "meta-externalagent/1.1 (+https://developers.facebook.com/docs/sharing/webmasters/crawler)"
209.74.77.214 - - [19/Jul/2025:14:34:41 +0000] "POST /wp-cron.php?doing_wp_cron=1752935681.2752480506896972656250 HTTP/1.1" 200 - "-" "WordPress/6.8.2; https://kraft-court.cafe"
57.141.2.13 - - [19/Jul/2025:14:34:41 +0000] "GET /?x=46314194051800 HTTP/1.1" 200 5469 "-" "meta-externalagent/1.1 (+https://developers.facebook.com/docs/sharing/webmasters/crawler)"
209.74.77.214 - - [19/Jul/2025:14:38:40 +0000] "POST /wp-cron.php?doing_wp_cron=1752935920.5638558864593505859375 HTTP/1.1" 200 - "-" "WordPress/6.8.2; https://kraft-court.cafe"
57.141.2.8 - - [19/Jul/2025:14:38:39 +0000] "GET /?x=56855371061800& HTTP/1.1" 301 - "-" "meta-externalagent/1.1 (+https://developers.facebook.com/docs/sharing/webmasters/crawler)"
209.74.77.214 - - [19/Jul/2025:14:41:07 +0000] "POST /wp-cron.php?doing_wp_cron=1752936067.6185429096221923828125 HTTP/1.1" 200 - "-" "WordPress/6.8.2; https://kraft-court.cafe"
57.141.2.29 - - [19/Jul/2025:14:41:05 +0000] "GET /?x=114950764081800& HTTP/1.1" 301 - "-" "meta-externalagent/1.1 (+https://developers.facebook.com/docs/sharing/webmasters/crawler)"
57.141.2.24 - - [19/Jul/2025:14:41:17 +0000] "GET /?x=54446550081800& HTTP/1.1" 301 - "-" "meta-externalagent/1.1 (+https://developers.facebook.com/docs/sharing/webmasters/crawler)"
57.141.2.7 - - [19/Jul/2025:14:41:27 +0000] "GET /detail/2211617300.htm HTTP/1.1" 404 - "-" "meta-externalagent/1.1 (+https://developers.facebook.com/docs/sharing/webmasters/crawler)"
209.74.77.214 - - [19/Jul/2025:14:42:42 +0000] "POST /wp-cron.php?doing_wp_cron=1752936162.3153519630432128906250 HTTP/1.1" 200 - "-" "WordPress/6.8.2; https://kraft-court.cafe"
57.141.2.24 - - [19/Jul/2025:14:42:41 +0000] "GET /?x=54930696031800& HTTP/1.1" 301 - "-" "meta-externalagent/1.1 (+https://developers.facebook.com/docs/sharing/webmasters/crawler)"
209.74.77.214 - - [19/Jul/2025:14:43:33 +0000] "POST /wp-cron.php?doing_wp_cron=1752936213.9503281116485595703125 HTTP/1.1" 200 - "-" "WordPress/6.8.2; https://kraft-court.cafe"
57.141.2.6 - - [19/Jul/2025:14:43:33 +0000] "GET /?x=94815914041800& HTTP/1.1" 301 - "-" "meta-externalagent/1.1 (+https://developers.facebook.com/docs/sharing/webmasters/crawler)"
209.74.77.214 - - [19/Jul/2025:14:44:29 +0000] "POST /wp-cron.php?doing_wp_cron=1752936269.3784470558166503906250 HTTP/1.1" 200 - "-" "WordPress/6.8.2; https://kraft-court.cafe"
57.141.2.23 - - [19/Jul/2025:14:44:27 +0000] "GET /?x=30704131121800& HTTP/1.1" 301 - "-" "meta-externalagent/1.1 (+https://developers.facebook.com/docs/sharing/webmasters/crawler)"
209.74.77.214 - - [19/Jul/2025:14:45:35 +0000] "POST /wp-cron.php?doing_wp_cron=1752936335.1916608810424804687500 HTTP/1.1" 200 - "-" "WordPress/6.8.2; https://kraft-court.cafe"
57.141.2.1 - - [19/Jul/2025:14:45:33 +0000] "GET /?x=58890293071800& HTTP/1.1" 301 - "-" "meta-externalagent/1.1 (+https://developers.facebook.com/docs/sharing/webmasters/crawler)"
57.141.2.9 - - [19/Jul/2025:14:45:41 +0000] "GET /?x=58890293071800 HTTP/1.1" 200 5469 "-" "meta-externalagent/1.1 (+https://developers.facebook.com/docs/sharing/webmasters/crawler)"
209.74.77.214 - - [19/Jul/2025:14:45:44 +0000] "POST /wp-cron.php?doing_wp_cron=1752936344.8356189727783203125000 HTTP/1.1" 200 - "-" "WordPress/6.8.2; https://kraft-court.cafe"
57.141.2.8 - - [19/Jul/2025:14:45:44 +0000] "GET /?x=16304636021800& HTTP/1.1" 301 - "-" "meta-externalagent/1.1 (+https://developers.facebook.com/docs/sharing/webmasters/crawler)"
57.141.2.10 - - [19/Jul/2025:14:45:59 +0000] "GET /?x=16304636021800 HTTP/1.1" 200 5469 "-" "meta-externalagent/1.1 (+https://developers.facebook.com/docs/sharing/webmasters/crawler)"
209.74.77.214 - - [19/Jul/2025:14:47:59 +0000] "POST /wp-cron.php?doing_wp_cron=1752936479.6492340564727783203125 HTTP/1.1" 200 - "-" "WordPress/6.8.2; https://kraft-court.cafe"
57.141.2.4 - - [19/Jul/2025:14:47:58 +0000] "GET /?x=28729452041800& HTTP/1.1" 301 - "-" "meta-externalagent/1.1 (+https://developers.facebook.com/docs/sharing/webmasters/crawler)"
209.74.77.214 - - [19/Jul/2025:14:48:40 +0000] "POST /wp-cron.php?doing_wp_cron=1752936520.1184599399566650390625 HTTP/1.1" 200 - "-" "WordPress/6.8.2; https://kraft-court.cafe"
57.141.2.28 - - [19/Jul/2025:14:48:38 +0000] "GET /?x=96812033031800& HTTP/1.1" 301 - "-" "meta-externalagent/1.1 (+https://developers.facebook.com/docs/sharing/webmasters/crawler)"
57.141.2.1 - - [19/Jul/2025:14:48:42 +0000] "GET /detail/1297415027.htm HTTP/1.1" 404 - "-" "meta-externalagent/1.1 (+https://developers.facebook.com/docs/sharing/webmasters/crawler)"
209.74.77.214 - - [19/Jul/2025:14:48:44 +0000] "POST /wp-cron.php?doing_wp_cron=1752936524.6986830234527587890625 HTTP/1.1" 200 - "-" "WordPress/6.8.2; https://kraft-court.cafe"
57.141.2.25 - - [19/Jul/2025:14:48:44 +0000] "GET /?x=96812033031800 HTTP/1.1" 200 5469 "-" "meta-externalagent/1.1 (+https://developers.facebook.com/docs/sharing/webmasters/crawler)"
57.141.2.22 - - [19/Jul/2025:14:49:01 +0000] "GET /detail/1297102704.htm HTTP/1.1" 404 - "-" "meta-externalagent/1.1 (+https://developers.facebook.com/docs/sharing/webmasters/crawler)"
209.74.77.214 - - [19/Jul/2025:14:52:06 +0000] "POST /wp-cron.php?doing_wp_cron=1752936726.2566270828247070312500 HTTP/1.1" 200 - "-" "WordPress/6.8.2; https://kraft-court.cafe"
173.252.87.7 - - [19/Jul/2025:14:52:04 +0000] "GET / HTTP/1.1" 200 5435 "-" "facebookexternalhit/1.1 (+http://www.facebook.com/externalhit_uatext.php)"
57.141.2.1 - - [19/Jul/2025:14:52:19 +0000] "GET /?x=34328300051800& HTTP/1.1" 301 - "-" "meta-externalagent/1.1 (+https://developers.facebook.com/docs/sharing/webmasters/crawler)"
57.141.2.10 - - [19/Jul/2025:14:52:25 +0000] "GET /?x=8542342051800& HTTP/1.1" 301 - "-" "meta-externalagent/1.1 (+https://developers.facebook.com/docs/sharing/webmasters/crawler)"
209.74.77.214 - - [19/Jul/2025:14:52:53 +0000] "POST /wp-cron.php?doing_wp_cron=1752936773.9145638942718505859375 HTTP/1.1" 200 - "-" "WordPress/6.8.2; https://kraft-court.cafe"
57.141.2.7 - - [19/Jul/2025:14:52:53 +0000] "GET /?x=8542342051800 HTTP/1.1" 200 5467 "-" "meta-externalagent/1.1 (+https://developers.facebook.com/docs/sharing/webmasters/crawler)"
57.141.2.10 - - [19/Jul/2025:14:53:21 +0000] "GET /detail/1296676180.htm HTTP/1.1" 404 - "-" "meta-externalagent/1.1 (+https://developers.facebook.com/docs/sharing/webmasters/crawler)"
209.74.77.214 - - [19/Jul/2025:14:56:31 +0000] "POST /wp-cron.php?doing_wp_cron=1752936991.3732089996337890625000 HTTP/1.1" 200 - "-" "WordPress/6.8.2; https://kraft-court.cafe"
162.142.125.115 - - [19/Jul/2025:14:56:29 +0000] "GET / HTTP/1.1" 200 1849 "-" "Mozilla/5.0 (compatible; CensysInspect/1.1; +https://about.censys.io/)"
162.142.125.115 - - [19/Jul/2025:14:56:42 +0000] "GET /favicon.ico HTTP/1.1" 404 - "-" "Mozilla/5.0 (compatible; CensysInspect/1.1; +https://about.censys.io/)"
209.74.77.214 - - [19/Jul/2025:14:57:01 +0000] "POST /wp-cron.php?doing_wp_cron=1752937021.3185129165649414062500 HTTP/1.1" 200 - "-" "WordPress/6.8.2; https://kraft-court.cafe"
57.141.2.11 - - [19/Jul/2025:14:57:01 +0000] "GET /?x=82976114021800& HTTP/1.1" 301 - "-" "meta-externalagent/1.1 (+https://developers.facebook.com/docs/sharing/webmasters/crawler)"
162.142.125.115 - - [19/Jul/2025:14:57:30 +0000] "GET /favicon.ico HTTP/1.1" 404 - "-" "Mozilla/5.0 (compatible; CensysInspect/1.1; +https://about.censys.io/)"
162.142.125.115 - - [19/Jul/2025:14:57:57 +0000] "GET /.well-known/security.txt HTTP/1.1" 404 - "-" "Mozilla/5.0 (compatible; CensysInspect/1.1; +https://about.censys.io/)"
209.74.77.214 - - [19/Jul/2025:14:58:14 +0000] "POST /wp-cron.php?doing_wp_cron=1752937094.7338039875030517578125 HTTP/1.1" 200 - "-" "WordPress/6.8.2; https://kraft-court.cafe"
57.141.2.22 - - [19/Jul/2025:14:58:13 +0000] "GET /?x=32904971041800& HTTP/1.1" 301 - "-" "meta-externalagent/1.1 (+https://developers.facebook.com/docs/sharing/webmasters/crawler)"
209.74.77.214 - - [19/Jul/2025:14:58:37 +0000] "POST /wp-cron.php?doing_wp_cron=1752937117.3514509201049804687500 HTTP/1.1" 200 - "-" "WordPress/6.8.2; https://kraft-court.cafe"
57.141.2.8 - - [19/Jul/2025:14:58:37 +0000] "GET /?x=19480463121800& HTTP/1.1" 301 - "-" "meta-externalagent/1.1 (+https://developers.facebook.com/docs/sharing/webmasters/crawler)"
209.74.77.214 - - [19/Jul/2025:14:59:36 +0000] "POST /wp-cron.php?doing_wp_cron=1752937176.6177020072937011718750 HTTP/1.1" 200 - "-" "WordPress/6.8.2; https://kraft-court.cafe"
57.141.2.4 - - [19/Jul/2025:14:59:35 +0000] "GET /?x=29980801031800& HTTP/1.1" 301 - "-" "meta-externalagent/1.1 (+https://developers.facebook.com/docs/sharing/webmasters/crawler)"
209.74.77.214 - - [19/Jul/2025:14:59:48 +0000] "POST /wp-cron.php?doing_wp_cron=1752937188.2361578941345214843750 HTTP/1.1" 200 - "-" "WordPress/6.8.2; https://kraft-court.cafe"
57.141.2.8 - - [19/Jul/2025:14:59:48 +0000] "GET /?x=29980801031800 HTTP/1.1" 200 5469 "-" "meta-externalagent/1.1 (+https://developers.facebook.com/docs/sharing/webmasters/crawler)"
20.171.207.72 - - [19/Jul/2025:15:00:16 +0000] "GET /sitemap.xml HTTP/1.1" 404 - "-" "Mozilla/5.0 AppleWebKit/537.36 (KHTML, like Gecko; compatible; GPTBot/1.2; +https://openai.com/gptbot)"
4.227.36.34 - - [19/Jul/2025:15:00:16 +0000] "GET /robots.txt HTTP/1.1" 200 107 "-" "Mozilla/5.0 AppleWebKit/537.36 (KHTML, like Gecko; compatible; GPTBot/1.2; +https://openai.com/gptbot)"
66.249.65.37 - - [19/Jul/2025:15:00:32 +0000] "GET /?x=47301468071800&mod=48584348&uri=us.php?detail/55581152.htm HTTP/1.1" 200 18688 "-" "Mozilla/5.0 (Linux; Android 6.0.1; Nexus 5X Build/MMB29P) AppleWebKit/537.36 (KHTML, like Gecko) Chrome/137.0.7151.103 Mobile Safari/537.36 (compatible; Googlebot/2.1; +http://www.google.com/bot.html)"
209.74.77.214 - - [19/Jul/2025:15:02:51 +0000] "POST /wp-cron.php?doing_wp_cron=1752937371.2852189540863037109375 HTTP/1.1" 200 - "-" "WordPress/6.8.2; https://kraft-court.cafe"
57.141.2.3 - - [19/Jul/2025:15:02:49 +0000] "GET /?x=51236361001800& HTTP/1.1" 301 - "-" "meta-externalagent/1.1 (+https://developers.facebook.com/docs/sharing/webmasters/crawler)"
209.74.77.214 - - [19/Jul/2025:15:02:55 +0000] "POST /wp-cron.php?doing_wp_cron=1752937375.7408430576324462890625 HTTP/1.1" 200 - "-" "WordPress/6.8.2; https://kraft-court.cafe"
57.141.2.11 - - [19/Jul/2025:15:02:55 +0000] "GET /?x=51236361001800 HTTP/1.1" 200 5469 "-" "meta-externalagent/1.1 (+https://developers.facebook.com/docs/sharing/webmasters/crawler)"
66.249.65.37 - - [19/Jul/2025:15:03:24 +0000] "GET /?x=47301468071800&mod=48584348&uri=us.php?detail/50230277.htm HTTP/1.1" 200 18774 "-" "Mozilla/5.0 (Linux; Android 6.0.1; Nexus 5X Build/MMB29P) AppleWebKit/537.36 (KHTML, like Gecko) Chrome/137.0.7151.103 Mobile Safari/537.36 (compatible; Googlebot/2.1; +http://www.google.com/bot.html)"
66.249.65.35 - - [19/Jul/2025:15:03:32 +0000] "POST /get-message-notify HTTP/1.1" 404 - "https://kraft-court.cafe/?x=47301468071800&mod=48584348&uri=us.php?detail/50230277.htm" "Mozilla/5.0 (Linux; Android 6.0.1; Nexus 5X Build/MMB29P) AppleWebKit/537.36 (KHTML, like Gecko) Chrome/137.0.7151.119 Mobile Safari/537.36 (compatible; Googlebot/2.1; +http://www.google.com/bot.html)"
57.141.2.23 - - [19/Jul/2025:15:03:36 +0000] "GET /detail/2212228930.htm HTTP/1.1" 404 - "-" "meta-externalagent/1.1 (+https://developers.facebook.com/docs/sharing/webmasters/crawler)"
209.74.77.214 - - [19/Jul/2025:15:05:57 +0000] "POST /wp-cron.php?doing_wp_cron=1752937557.2110960483551025390625 HTTP/1.1" 200 - "-" "WordPress/6.8.2; https://kraft-court.cafe"
57.141.2.17 - - [19/Jul/2025:15:05:55 +0000] "GET /?x=9906643111800& HTTP/1.1" 301 - "-" "meta-externalagent/1.1 (+https://developers.facebook.com/docs/sharing/webmasters/crawler)"
66.249.65.35 - - [19/Jul/2025:15:06:15 +0000] "GET /?x=47565580001800&mod=b7b16ecf&uri=info.php?detail/56551343.htm HTTP/1.1" 200 19326 "-" "Mozilla/5.0 (Linux; Android 6.0.1; Nexus 5X Build/MMB29P) AppleWebKit/537.36 (KHTML, like Gecko) Chrome/137.0.7151.103 Mobile Safari/537.36 (compatible; Googlebot/2.1; +http://www.google.com/bot.html)"
209.74.77.214 - - [19/Jul/2025:15:09:35 +0000] "POST /wp-cron.php?doing_wp_cron=1752937775.6355369091033935546875 HTTP/1.1" 200 - "-" "WordPress/6.8.2; https://kraft-court.cafe"
57.141.2.30 - - [19/Jul/2025:15:09:34 +0000] "GET /?x=65830137031800& HTTP/1.1" 301 - "-" "meta-externalagent/1.1 (+https://developers.facebook.com/docs/sharing/webmasters/crawler)"
209.74.77.214 - - [19/Jul/2025:15:12:40 +0000] "POST /wp-cron.php?doing_wp_cron=1752937960.8919088840484619140625 HTTP/1.1" 200 - "-" "WordPress/6.8.2; https://kraft-court.cafe"
57.141.2.26 - - [19/Jul/2025:15:12:39 +0000] "GET /?x=43843262021800& HTTP/1.1" 301 - "-" "meta-externalagent/1.1 (+https://developers.facebook.com/docs/sharing/webmasters/crawler)"
209.74.77.214 - - [19/Jul/2025:15:14:02 +0000] "POST /wp-cron.php?doing_wp_cron=1752938042.0194480419158935546875 HTTP/1.1" 200 - "-" "WordPress/6.8.2; https://kraft-court.cafe"
57.141.2.10 - - [19/Jul/2025:15:14:00 +0000] "GET /?x=73219265011800& HTTP/1.1" 301 - "-" "meta-externalagent/1.1 (+https://developers.facebook.com/docs/sharing/webmasters/crawler)"
209.74.77.214 - - [19/Jul/2025:15:14:36 +0000] "POST /wp-cron.php?doing_wp_cron=1752938076.1179099082946777343750 HTTP/1.1" 200 - "-" "WordPress/6.8.2; https://kraft-court.cafe"
57.141.2.30 - - [19/Jul/2025:15:14:35 +0000] "GET /?x=73219265011800 HTTP/1.1" 200 5469 "-" "meta-externalagent/1.1 (+https://developers.facebook.com/docs/sharing/webmasters/crawler)"
45.227.253.15 - - [19/Jul/2025:15:17:09 +0000] "GET /?of=1 HTTP/1.1" 200 7981 "-" "Mozilla/5.0 (Macintosh; Intel Mac OS X 10_15_7) AppleWebKit/537.36 (KHTML, like Gecko) Chrome/86.0.4240.111 Safari/537.36"
66.249.65.37 - - [19/Jul/2025:15:17:10 +0000] "GET /?x=59681795001800&mod=c33b41e8&uri=dp.php?detail/2918721.htm HTTP/1.1" 200 19283 "-" "Mozilla/5.0 (Linux; Android 6.0.1; Nexus 5X Build/MMB29P) AppleWebKit/537.36 (KHTML, like Gecko) Chrome/137.0.7151.103 Mobile Safari/537.36 (compatible; Googlebot/2.1; +http://www.google.com/bot.html)"
209.74.77.214 - - [19/Jul/2025:15:17:32 +0000] "POST /wp-cron.php?doing_wp_cron=1752938252.5057570934295654296875 HTTP/1.1" 200 - "-" "WordPress/6.8.2; https://kraft-court.cafe"
57.141.2.29 - - [19/Jul/2025:15:17:31 +0000] "GET /?x=16328066041800& HTTP/1.1" 301 - "-" "meta-externalagent/1.1 (+https://developers.facebook.com/docs/sharing/webmasters/crawler)"
209.74.77.214 - - [19/Jul/2025:15:17:44 +0000] "POST /wp-cron.php?doing_wp_cron=1752938264.8185760974884033203125 HTTP/1.1" 200 - "-" "WordPress/6.8.2; https://kraft-court.cafe"
57.141.2.8 - - [19/Jul/2025:15:17:44 +0000] "GET /?x=16328066041800 HTTP/1.1" 200 5469 "-" "meta-externalagent/1.1 (+https://developers.facebook.com/docs/sharing/webmasters/crawler)"
209.74.77.214 - - [19/Jul/2025:15:20:27 +0000] "POST /wp-cron.php?doing_wp_cron=1752938427.0856220722198486328125 HTTP/1.1" 200 - "-" "WordPress/6.8.2; https://kraft-court.cafe"
57.141.2.22 - - [19/Jul/2025:15:20:25 +0000] "GET /?x=1443616041800& HTTP/1.1" 301 - "-" "meta-externalagent/1.1 (+https://developers.facebook.com/docs/sharing/webmasters/crawler)"
209.74.77.214 - - [19/Jul/2025:15:22:01 +0000] "POST /wp-cron.php?doing_wp_cron=1752938521.0376100540161132812500 HTTP/1.1" 200 - "-" "WordPress/6.8.2; https://kraft-court.cafe"
57.141.2.24 - - [19/Jul/2025:15:21:59 +0000] "GET /?x=105946913071800& HTTP/1.1" 301 - "-" "meta-externalagent/1.1 (+https://developers.facebook.com/docs/sharing/webmasters/crawler)"
57.141.2.28 - - [19/Jul/2025:15:22:02 +0000] "GET /detail/1297398990.htm HTTP/1.1" 404 - "-" "meta-externalagent/1.1 (+https://developers.facebook.com/docs/sharing/webmasters/crawler)"
209.74.77.214 - - [19/Jul/2025:15:26:14 +0000] "POST /wp-cron.php?doing_wp_cron=1752938774.9586288928985595703125 HTTP/1.1" 200 - "-" "WordPress/6.8.2; https://kraft-court.cafe"
57.141.2.25 - - [19/Jul/2025:15:26:13 +0000] "GET /?x=87644612011800& HTTP/1.1" 301 - "-" "meta-externalagent/1.1 (+https://developers.facebook.com/docs/sharing/webmasters/crawler)"
43.153.79.218 - - [19/Jul/2025:15:26:55 +0000] "GET / HTTP/1.1" 200 1849 "http://www.kraft-court.cafe" "Mozilla/5.0 (iPhone; CPU iPhone OS 13_2_3 like Mac OS X) AppleWebKit/605.1.15 (KHTML, like Gecko) Version/13.0.3 Mobile/15E148 Safari/604.1"
57.141.2.29 - - [19/Jul/2025:15:27:01 +0000] "GET /?x=23125412051800& HTTP/1.1" 301 - "-" "meta-externalagent/1.1 (+https://developers.facebook.com/docs/sharing/webmasters/crawler)"
57.141.2.4 - - [19/Jul/2025:15:27:15 +0000] "GET /?x=23125412051800 HTTP/1.1" 200 5469 "-" "meta-externalagent/1.1 (+https://developers.facebook.com/docs/sharing/webmasters/crawler)"
57.141.2.5 - - [19/Jul/2025:15:27:16 +0000] "GET /?x=46054950041800& HTTP/1.1" 301 - "-" "meta-externalagent/1.1 (+https://developers.facebook.com/docs/sharing/webmasters/crawler)"
57.141.2.15 - - [19/Jul/2025:15:27:18 +0000] "GET /?x=57450946041800& HTTP/1.1" 301 - "-" "meta-externalagent/1.1 (+https://developers.facebook.com/docs/sharing/webmasters/crawler)"
57.141.2.30 - - [19/Jul/2025:15:28:50 +0000] "GET /?x=93031340121800& HTTP/1.1" 301 - "-" "meta-externalagent/1.1 (+https://developers.facebook.com/docs/sharing/webmasters/crawler)"
209.74.77.214 - - [19/Jul/2025:15:28:51 +0000] "POST /wp-cron.php?doing_wp_cron=1752938931.3746790885925292968750 HTTP/1.1" 200 - "-" "WordPress/6.8.2; https://kraft-court.cafe"
57.141.2.28 - - [19/Jul/2025:15:28:50 +0000] "GET /?x=34320260071800& HTTP/1.1" 301 - "-" "meta-externalagent/1.1 (+https://developers.facebook.com/docs/sharing/webmasters/crawler)"
57.141.2.4 - - [19/Jul/2025:15:28:58 +0000] "GET /?x=34320260071800 HTTP/1.1" 200 5469 "-" "meta-externalagent/1.1 (+https://developers.facebook.com/docs/sharing/webmasters/crawler)"
57.141.2.9 - - [19/Jul/2025:15:29:03 +0000] "GET /?x=93031340121800 HTTP/1.1" 200 5469 "-" "meta-externalagent/1.1 (+https://developers.facebook.com/docs/sharing/webmasters/crawler)"
209.74.77.214 - - [19/Jul/2025:15:32:08 +0000] "POST /wp-cron.php?doing_wp_cron=1752939128.5712580680847167968750 HTTP/1.1" 200 - "-" "WordPress/6.8.2; https://kraft-court.cafe"
57.141.2.5 - - [19/Jul/2025:15:32:07 +0000] "GET /?x=79591907131800& HTTP/1.1" 301 - "-" "meta-externalagent/1.1 (+https://developers.facebook.com/docs/sharing/webmasters/crawler)"
57.141.2.27 - - [19/Jul/2025:15:32:25 +0000] "GET /?x=79591907131800 HTTP/1.1" 200 5469 "-" "meta-externalagent/1.1 (+https://developers.facebook.com/docs/sharing/webmasters/crawler)"
66.249.65.35 - - [19/Jul/2025:15:33:11 +0000] "GET /?x=5678091001800&mod=dc6a7e65&uri=news.php%3Fid%3D189590-308%26name%3Dgucci+mickey+mouse+hoodie+pink HTTP/1.1" 200 18442 "-" "Mozilla/5.0 (Linux; Android 6.0.1; Nexus 5X Build/MMB29P) AppleWebKit/537.36 (KHTML, like Gecko) Chrome/137.0.7151.103 Mobile Safari/537.36 (compatible; Googlebot/2.1; +http://www.google.com/bot.html)"
209.74.77.214 - - [19/Jul/2025:15:33:18 +0000] "POST /wp-cron.php?doing_wp_cron=1752939198.0718419551849365234375 HTTP/1.1" 200 - "-" "WordPress/6.8.2; https://kraft-court.cafe"
57.141.2.20 - - [19/Jul/2025:15:33:17 +0000] "GET /?x=80352953031800& HTTP/1.1" 301 - "-" "meta-externalagent/1.1 (+https://developers.facebook.com/docs/sharing/webmasters/crawler)"
209.74.77.214 - - [19/Jul/2025:15:33:58 +0000] "POST /wp-cron.php?doing_wp_cron=1752939238.3849248886108398437500 HTTP/1.1" 200 - "-" "WordPress/6.8.2; https://kraft-court.cafe"
57.141.2.11 - - [19/Jul/2025:15:33:57 +0000] "GET /?x=11844232031800& HTTP/1.1" 301 - "-" "meta-externalagent/1.1 (+https://developers.facebook.com/docs/sharing/webmasters/crawler)"
57.141.2.24 - - [19/Jul/2025:15:34:03 +0000] "GET /sitemap.xml HTTP/1.1" 404 - "-" "meta-externalagent/1.1 (+https://developers.facebook.com/docs/sharing/webmasters/crawler)"
57.141.2.18 - - [19/Jul/2025:15:34:45 +0000] "GET /detail/2211763800.htm HTTP/1.1" 404 - "-" "meta-externalagent/1.1 (+https://developers.facebook.com/docs/sharing/webmasters/crawler)"
66.249.65.36 - - [19/Jul/2025:15:35:49 +0000] "POST /get-message-notify HTTP/1.1" 404 - "https://kraft-court.cafe/?x=5678091001800&mod=dc6a7e65&uri=news.php%3Fid%3D189590-308%26name%3Dgucci+mickey+mouse+hoodie+pink" "Mozilla/5.0 (Linux; Android 6.0.1; Nexus 5X Build/MMB29P) AppleWebKit/537.36 (KHTML, like Gecko) Chrome/137.0.7151.119 Mobile Safari/537.36 (compatible; Googlebot/2.1; +http://www.google.com/bot.html)"
209.74.77.214 - - [19/Jul/2025:15:35:53 +0000] "POST /wp-cron.php?doing_wp_cron=1752939353.7722940444946289062500 HTTP/1.1" 200 - "-" "WordPress/6.8.2; https://kraft-court.cafe"
57.141.2.3 - - [19/Jul/2025:15:35:52 +0000] "GET /?x=47364732011800& HTTP/1.1" 301 - "-" "meta-externalagent/1.1 (+https://developers.facebook.com/docs/sharing/webmasters/crawler)"
66.249.65.35 - - [19/Jul/2025:15:36:02 +0000] "GET /?x=47301468071800&mod=48584348&uri=us.php?detail/47660940.htm HTTP/1.1" 200 19437 "-" "Mozilla/5.0 (Linux; Android 6.0.1; Nexus 5X Build/MMB29P) AppleWebKit/537.36 (KHTML, like Gecko) Chrome/137.0.7151.103 Mobile Safari/537.36 (compatible; Googlebot/2.1; +http://www.google.com/bot.html)"
57.141.2.18 - - [19/Jul/2025:15:36:16 +0000] "GET /?x=47364732011800 HTTP/1.1" 200 5469 "-" "meta-externalagent/1.1 (+https://developers.facebook.com/docs/sharing/webmasters/crawler)"
209.74.77.214 - - [19/Jul/2025:15:37:01 +0000] "POST /wp-cron.php?doing_wp_cron=1752939421.1580660343170166015625 HTTP/1.1" 200 - "-" "WordPress/6.8.2; https://kraft-court.cafe"
57.141.2.9 - - [19/Jul/2025:15:36:59 +0000] "GET /?x=93156709041800& HTTP/1.1" 301 - "-" "meta-externalagent/1.1 (+https://developers.facebook.com/docs/sharing/webmasters/crawler)"
66.249.65.36 - - [19/Jul/2025:15:38:53 +0000] "GET /?x=47301468071800&mod=48584348&uri=us.php?detail/47671184.htm HTTP/1.1" 200 18861 "-" "Mozilla/5.0 (Linux; Android 6.0.1; Nexus 5X Build/MMB29P) AppleWebKit/537.36 (KHTML, like Gecko) Chrome/137.0.7151.103 Mobile Safari/537.36 (compatible; Googlebot/2.1; +http://www.google.com/bot.html)"
57.141.2.7 - - [19/Jul/2025:15:38:56 +0000] "GET /detail/1296905410.htm HTTP/1.1" 404 - "-" "meta-externalagent/1.1 (+https://developers.facebook.com/docs/sharing/webmasters/crawler)"
57.141.2.4 - - [19/Jul/2025:15:39:11 +0000] "GET /detail/2212008248.htm HTTP/1.1" 404 - "-" "meta-externalagent/1.1 (+https://developers.facebook.com/docs/sharing/webmasters/crawler)"
209.74.77.214 - - [19/Jul/2025:15:39:16 +0000] "POST /wp-cron.php?doing_wp_cron=1752939556.7518439292907714843750 HTTP/1.1" 200 - "-" "WordPress/6.8.2; https://kraft-court.cafe"
209.74.77.214 - - [19/Jul/2025:15:39:16 +0000] "POST /wp-cron.php?doing_wp_cron=1752939556.7518050670623779296875 HTTP/1.1" 200 - "-" "WordPress/6.8.2; https://kraft-court.cafe"
57.141.2.5 - - [19/Jul/2025:15:39:15 +0000] "GET /?x=110198380051800& HTTP/1.1" 301 - "-" "meta-externalagent/1.1 (+https://developers.facebook.com/docs/sharing/webmasters/crawler)"
57.141.2.30 - - [19/Jul/2025:15:39:16 +0000] "GET /?x=118892431071800& HTTP/1.1" 301 - "-" "meta-externalagent/1.1 (+https://developers.facebook.com/docs/sharing/webmasters/crawler)"
209.74.77.214 - - [19/Jul/2025:15:40:34 +0000] "POST /wp-cron.php?doing_wp_cron=1752939634.3696808815002441406250 HTTP/1.1" 200 - "-" "WordPress/6.8.2; https://kraft-court.cafe"
57.141.2.16 - - [19/Jul/2025:15:40:32 +0000] "GET /?x=8980183031800& HTTP/1.1" 301 - "-" "meta-externalagent/1.1 (+https://developers.facebook.com/docs/sharing/webmasters/crawler)"
66.249.65.36 - - [19/Jul/2025:15:41:45 +0000] "GET /?x=55302044071800&mod=decc2e06&uri=form.php?detail/50812564.htm HTTP/1.1" 200 19264 "-" "Mozilla/5.0 (Linux; Android 6.0.1; Nexus 5X Build/MMB29P) AppleWebKit/537.36 (KHTML, like Gecko) Chrome/137.0.7151.103 Mobile Safari/537.36 (compatible; Googlebot/2.1; +http://www.google.com/bot.html)"
209.74.77.214 - - [19/Jul/2025:15:43:02 +0000] "POST /wp-cron.php?doing_wp_cron=1752939782.2879838943481445312500 HTTP/1.1" 200 - "-" "WordPress/6.8.2; https://kraft-court.cafe"
57.141.2.15 - - [19/Jul/2025:15:43:00 +0000] "GET /?x=28724562031800& HTTP/1.1" 301 - "-" "meta-externalagent/1.1 (+https://developers.facebook.com/docs/sharing/webmasters/crawler)"
66.249.65.35 - - [19/Jul/2025:15:44:36 +0000] "GET /?x=6309795041800&mod=0d0fd7c6&uri=shared.php?detail/51761062.htm HTTP/1.1" 200 18750 "-" "Mozilla/5.0 (Linux; Android 6.0.1; Nexus 5X Build/MMB29P) AppleWebKit/537.36 (KHTML, like Gecko) Chrome/137.0.7151.103 Mobile Safari/537.36 (compatible; Googlebot/2.1; +http://www.google.com/bot.html)"
209.74.77.214 - - [19/Jul/2025:15:44:37 +0000] "POST /wp-cron.php?doing_wp_cron=1752939877.7468209266662597656250 HTTP/1.1" 200 - "-" "WordPress/6.8.2; https://kraft-court.cafe"
57.141.2.21 - - [19/Jul/2025:15:44:36 +0000] "GET /?x=20070027001800& HTTP/1.1" 301 - "-" "meta-externalagent/1.1 (+https://developers.facebook.com/docs/sharing/webmasters/crawler)"
57.141.2.27 - - [19/Jul/2025:15:44:41 +0000] "GET /?x=24022277011800& HTTP/1.1" 301 - "-" "meta-externalagent/1.1 (+https://developers.facebook.com/docs/sharing/webmasters/crawler)"
209.74.77.214 - - [19/Jul/2025:15:45:01 +0000] "POST /wp-cron.php?doing_wp_cron=1752939901.2158629894256591796875 HTTP/1.1" 200 - "-" "WordPress/6.8.2; https://kraft-court.cafe"
57.141.2.11 - - [19/Jul/2025:15:45:01 +0000] "GET /?x=24022277011800 HTTP/1.1" 200 5469 "-" "meta-externalagent/1.1 (+https://developers.facebook.com/docs/sharing/webmasters/crawler)"
209.74.77.214 - - [19/Jul/2025:15:45:56 +0000] "POST /wp-cron.php?doing_wp_cron=1752939956.8510930538177490234375 HTTP/1.1" 200 - "-" "WordPress/6.8.2; https://kraft-court.cafe"
57.141.2.9 - - [19/Jul/2025:15:45:55 +0000] "GET /?x=110239826001800& HTTP/1.1" 301 - "-" "meta-externalagent/1.1 (+https://developers.facebook.com/docs/sharing/webmasters/crawler)"
66.249.65.37 - - [19/Jul/2025:15:47:28 +0000] "GET /?x=47301468071800&mod=48584348&uri=us.php?detail/4399461.htm HTTP/1.1" 200 19377 "-" "Mozilla/5.0 (Linux; Android 6.0.1; Nexus 5X Build/MMB29P) AppleWebKit/537.36 (KHTML, like Gecko) Chrome/137.0.7151.103 Mobile Safari/537.36 (compatible; Googlebot/2.1; +http://www.google.com/bot.html)"
209.74.77.214 - - [19/Jul/2025:15:47:38 +0000] "POST /wp-cron.php?doing_wp_cron=1752940058.6555631160736083984375 HTTP/1.1" 200 - "-" "WordPress/6.8.2; https://kraft-court.cafe"
57.141.2.14 - - [19/Jul/2025:15:47:37 +0000] "GET /?x=91295422021800& HTTP/1.1" 301 - "-" "meta-externalagent/1.1 (+https://developers.facebook.com/docs/sharing/webmasters/crawler)"
45.227.253.15 - - [19/Jul/2025:15:47:50 +0000] "GET /index.php/jk HTTP/1.1" 200 59 "-" "Mozilla/5.0 (Macintosh; Intel Mac OS X 10.13; rv:103.0) Gecko/20100101 Firefox/101.0"
209.74.77.214 - - [19/Jul/2025:15:48:57 +0000] "POST /wp-cron.php?doing_wp_cron=1752940137.3491239547729492187500 HTTP/1.1" 200 - "-" "WordPress/6.8.2; https://kraft-court.cafe"
57.141.2.7 - - [19/Jul/2025:15:48:55 +0000] "GET /?x=51383859021800& HTTP/1.1" 301 - "-" "meta-externalagent/1.1 (+https://developers.facebook.com/docs/sharing/webmasters/crawler)"
57.141.2.25 - - [19/Jul/2025:15:49:30 +0000] "GET /?x=71517044031800& HTTP/1.1" 301 - "-" "meta-externalagent/1.1 (+https://developers.facebook.com/docs/sharing/webmasters/crawler)"
66.249.65.37 - - [19/Jul/2025:15:50:11 +0000] "GET /?x=99475179001800&mod=48584348&uri=goods.php?detail/54858318.htm HTTP/1.1" 200 19316 "-" "Mozilla/5.0 (Linux; Android 6.0.1; Nexus 5X Build/MMB29P) AppleWebKit/537.36 (KHTML, like Gecko) Chrome/137.0.7151.103 Mobile Safari/537.36 (compatible; Googlebot/2.1; +http://www.google.com/bot.html)"
66.249.65.35 - - [19/Jul/2025:15:50:19 +0000] "GET /?x=47301468071800&mod=48584348&uri=us.php?detail/4317253.htm HTTP/1.1" 200 19357 "-" "Mozilla/5.0 (Linux; Android 6.0.1; Nexus 5X Build/MMB29P) AppleWebKit/537.36 (KHTML, like Gecko) Chrome/137.0.7151.103 Mobile Safari/537.36 (compatible; Googlebot/2.1; +http://www.google.com/bot.html)"
57.141.2.5 - - [19/Jul/2025:15:50:44 +0000] "GET /detail/2211643636.htm HTTP/1.1" 404 - "-" "meta-externalagent/1.1 (+https://developers.facebook.com/docs/sharing/webmasters/crawler)"
66.249.65.36 - - [19/Jul/2025:15:53:02 +0000] "GET /?x=55302044071800&mod=decc2e06&uri=form.php?detail/49167408.htm HTTP/1.1" 200 18853 "-" "Mozilla/5.0 (Linux; Android 6.0.1; Nexus 5X Build/MMB29P) AppleWebKit/537.36 (KHTML, like Gecko) Chrome/137.0.7151.103 Mobile Safari/537.36 (compatible; Googlebot/2.1; +http://www.google.com/bot.html)"
66.249.65.36 - - [19/Jul/2025:15:53:10 +0000] "GET /?x=40231474011800&mod=b77375f9&uri=shop.php?man/kaitori/kaitoritop.html HTTP/1.1" 200 18742 "-" "Mozilla/5.0 (Linux; Android 6.0.1; Nexus 5X Build/MMB29P) AppleWebKit/537.36 (KHTML, like Gecko) Chrome/137.0.7151.103 Mobile Safari/537.36 (compatible; Googlebot/2.1; +http://www.google.com/bot.html)"
209.74.77.214 - - [19/Jul/2025:15:53:28 +0000] "POST /wp-cron.php?doing_wp_cron=1752940408.1839540004730224609375 HTTP/1.1" 200 - "-" "WordPress/6.8.2; https://kraft-court.cafe"
57.141.2.22 - - [19/Jul/2025:15:53:27 +0000] "GET /?x=83483873041800& HTTP/1.1" 301 - "-" "meta-externalagent/1.1 (+https://developers.facebook.com/docs/sharing/webmasters/crawler)"
66.249.65.35 - - [19/Jul/2025:15:53:48 +0000] "POST /get-message-notify HTTP/1.1" 404 - "https://kraft-court.cafe/?x=40231474011800&mod=b77375f9&uri=shop.php?man/kaitori/kaitoritop.html" "Mozilla/5.0 (Linux; Android 6.0.1; Nexus 5X Build/MMB29P) AppleWebKit/537.36 (KHTML, like Gecko) Chrome/137.0.7151.119 Mobile Safari/537.36 (compatible; Googlebot/2.1; +http://www.google.com/bot.html)"
209.74.77.214 - - [19/Jul/2025:15:54:21 +0000] "POST /wp-cron.php?doing_wp_cron=1752940461.2406270503997802734375 HTTP/1.1" 200 - "-" "WordPress/6.8.2; https://kraft-court.cafe"
57.141.2.10 - - [19/Jul/2025:15:54:19 +0000] "GET /?x=71637411011800& HTTP/1.1" 301 - "-" "meta-externalagent/1.1 (+https://developers.facebook.com/docs/sharing/webmasters/crawler)"
57.141.2.23 - - [19/Jul/2025:15:54:28 +0000] "GET /?x=71637411011800 HTTP/1.1" 200 5469 "-" "meta-externalagent/1.1 (+https://developers.facebook.com/docs/sharing/webmasters/crawler)"
209.74.77.214 - - [19/Jul/2025:15:54:50 +0000] "POST /wp-cron.php?doing_wp_cron=1752940490.0032560825347900390625 HTTP/1.1" 200 - "-" "WordPress/6.8.2; https://kraft-court.cafe"
57.141.2.22 - - [19/Jul/2025:15:54:49 +0000] "GET /?x=53204115041800& HTTP/1.1" 301 - "-" "meta-externalagent/1.1 (+https://developers.facebook.com/docs/sharing/webmasters/crawler)"
57.141.2.18 - - [19/Jul/2025:15:54:55 +0000] "GET /?x=53204115041800 HTTP/1.1" 200 5469 "-" "meta-externalagent/1.1 (+https://developers.facebook.com/docs/sharing/webmasters/crawler)"
66.249.65.35 - - [19/Jul/2025:15:55:53 +0000] "GET /?x=35047282091800&mod=39027dfa&uri=dp.php?detail/839549763.htm HTTP/1.1" 200 19166 "-" "Mozilla/5.0 (Linux; Android 6.0.1; Nexus 5X Build/MMB29P) AppleWebKit/537.36 (KHTML, like Gecko) Chrome/137.0.7151.103 Mobile Safari/537.36 (compatible; Googlebot/2.1; +http://www.google.com/bot.html)"
66.249.65.37 - - [19/Jul/2025:15:56:02 +0000] "GET /?x=40231474011800&mod=b77375f9&uri=shop.php?detail/2951396.htm HTTP/1.1" 200 18857 "-" "Mozilla/5.0 (Linux; Android 6.0.1; Nexus 5X Build/MMB29P) AppleWebKit/537.36 (KHTML, like Gecko) Chrome/137.0.7151.103 Mobile Safari/537.36 (compatible; Googlebot/2.1; +http://www.google.com/bot.html)"
66.249.65.36 - - [19/Jul/2025:15:56:24 +0000] "POST /get-message-notify HTTP/1.1" 404 - "https://kraft-court.cafe/?x=40231474011800&mod=b77375f9&uri=shop.php?detail/2951396.htm" "Mozilla/5.0 (Linux; Android 6.0.1; Nexus 5X Build/MMB29P) AppleWebKit/537.36 (KHTML, like Gecko) Chrome/137.0.7151.119 Mobile Safari/537.36 (compatible; Googlebot/2.1; +http://www.google.com/bot.html)"
66.249.65.35 - - [19/Jul/2025:15:58:55 +0000] "GET /?x=59681795001800&mod=c33b41e8&uri=dp.php?detail/2935986.htm HTTP/1.1" 200 19235 "-" "Mozilla/5.0 (Linux; Android 6.0.1; Nexus 5X Build/MMB29P) AppleWebKit/537.36 (KHTML, like Gecko) Chrome/137.0.7151.103 Mobile Safari/537.36 (compatible; Googlebot/2.1; +http://www.google.com/bot.html)"
66.249.65.36 - - [19/Jul/2025:15:59:06 +0000] "POST /get-message-notify HTTP/1.1" 404 - "https://kraft-court.cafe/?x=59681795001800&mod=c33b41e8&uri=dp.php?detail/2935986.htm" "Mozilla/5.0 (Linux; Android 6.0.1; Nexus 5X Build/MMB29P) AppleWebKit/537.36 (KHTML, like Gecko) Chrome/137.0.7151.119 Mobile Safari/537.36 (compatible; Googlebot/2.1; +http://www.google.com/bot.html)"
209.74.77.214 - - [19/Jul/2025:16:01:30 +0000] "POST /wp-cron.php?doing_wp_cron=1752940890.4446859359741210937500 HTTP/1.1" 200 - "-" "WordPress/6.8.2; https://kraft-court.cafe"
57.141.2.6 - - [19/Jul/2025:16:01:28 +0000] "GET /?x=42211953051800& HTTP/1.1" 301 - "-" "meta-externalagent/1.1 (+https://developers.facebook.com/docs/sharing/webmasters/crawler)"
209.74.77.214 - - [19/Jul/2025:16:03:47 +0000] "POST /wp-cron.php?doing_wp_cron=1752941027.0191519260406494140625 HTTP/1.1" 200 - "-" "WordPress/6.8.2; https://kraft-court.cafe"
57.141.2.14 - - [19/Jul/2025:16:03:46 +0000] "GET /?x=24915802001800& HTTP/1.1" 301 - "-" "meta-externalagent/1.1 (+https://developers.facebook.com/docs/sharing/webmasters/crawler)"
209.74.77.214 - - [19/Jul/2025:16:05:45 +0000] "POST /wp-cron.php?doing_wp_cron=1752941145.2901520729064941406250 HTTP/1.1" 200 - "-" "WordPress/6.8.2; https://kraft-court.cafe"
57.141.2.21 - - [19/Jul/2025:16:05:43 +0000] "GET /?x=108118724001800& HTTP/1.1" 301 - "-" "meta-externalagent/1.1 (+https://developers.facebook.com/docs/sharing/webmasters/crawler)"
57.141.2.3 - - [19/Jul/2025:16:05:51 +0000] "GET /wp-sitemap.xml HTTP/1.1" 404 - "-" "meta-externalagent/1.1 (+https://developers.facebook.com/docs/sharing/webmasters/crawler)"
57.141.2.4 - - [19/Jul/2025:16:06:13 +0000] "GET /?x=15760656061800& HTTP/1.1" 301 - "-" "meta-externalagent/1.1 (+https://developers.facebook.com/docs/sharing/webmasters/crawler)"
57.141.2.1 - - [19/Jul/2025:16:06:26 +0000] "GET /?x=101841504021800& HTTP/1.1" 301 - "-" "meta-externalagent/1.1 (+https://developers.facebook.com/docs/sharing/webmasters/crawler)"
209.74.77.214 - - [19/Jul/2025:16:06:45 +0000] "POST /wp-cron.php?doing_wp_cron=1752941205.6906630992889404296875 HTTP/1.1" 200 - "-" "WordPress/6.8.2; https://kraft-court.cafe"
57.141.2.29 - - [19/Jul/2025:16:06:45 +0000] "GET /?x=15760656061800 HTTP/1.1" 200 5469 "-" "meta-externalagent/1.1 (+https://developers.facebook.com/docs/sharing/webmasters/crawler)"
209.74.77.214 - - [19/Jul/2025:16:08:20 +0000] "POST /wp-cron.php?doing_wp_cron=1752941300.8265149593353271484375 HTTP/1.1" 200 - "-" "WordPress/6.8.2; https://kraft-court.cafe"
57.141.2.30 - - [19/Jul/2025:16:08:19 +0000] "GET /?x=99945916021800& HTTP/1.1" 301 - "-" "meta-externalagent/1.1 (+https://developers.facebook.com/docs/sharing/webmasters/crawler)"
57.141.2.29 - - [19/Jul/2025:16:08:28 +0000] "GET /?x=99945916021800 HTTP/1.1" 200 5469 "-" "meta-externalagent/1.1 (+https://developers.facebook.com/docs/sharing/webmasters/crawler)"
209.74.77.214 - - [19/Jul/2025:16:10:44 +0000] "POST /wp-cron.php?doing_wp_cron=1752941444.1778409481048583984375 HTTP/1.1" 200 - "-" "WordPress/6.8.2; https://kraft-court.cafe"
57.141.2.26 - - [19/Jul/2025:16:10:42 +0000] "GET /?x=21894847041800& HTTP/1.1" 301 - "-" "meta-externalagent/1.1 (+https://developers.facebook.com/docs/sharing/webmasters/crawler)"
57.141.2.25 - - [19/Jul/2025:16:10:58 +0000] "GET /?x=63990031041800& HTTP/1.1" 301 - "-" "meta-externalagent/1.1 (+https://developers.facebook.com/docs/sharing/webmasters/crawler)"
57.141.2.18 - - [19/Jul/2025:16:11:03 +0000] "GET /?x=63990031041800 HTTP/1.1" 200 5469 "-" "meta-externalagent/1.1 (+https://developers.facebook.com/docs/sharing/webmasters/crawler)"
209.74.77.214 - - [19/Jul/2025:16:13:02 +0000] "POST /wp-cron.php?doing_wp_cron=1752941582.0123360157012939453125 HTTP/1.1" 200 - "-" "WordPress/6.8.2; https://kraft-court.cafe"
57.141.2.28 - - [19/Jul/2025:16:13:00 +0000] "GET /?x=36329352021800& HTTP/1.1" 301 - "-" "meta-externalagent/1.1 (+https://developers.facebook.com/docs/sharing/webmasters/crawler)"
57.141.2.9 - - [19/Jul/2025:16:13:06 +0000] "GET /?x=36329352021800 HTTP/1.1" 200 5469 "-" "meta-externalagent/1.1 (+https://developers.facebook.com/docs/sharing/webmasters/crawler)"
209.74.77.214 - - [19/Jul/2025:16:13:37 +0000] "POST /wp-cron.php?doing_wp_cron=1752941617.7902491092681884765625 HTTP/1.1" 200 - "-" "WordPress/6.8.2; https://kraft-court.cafe"
57.141.2.27 - - [19/Jul/2025:16:13:37 +0000] "GET /?x=27375803001800& HTTP/1.1" 301 - "-" "meta-externalagent/1.1 (+https://developers.facebook.com/docs/sharing/webmasters/crawler)"
209.74.77.214 - - [19/Jul/2025:16:14:03 +0000] "POST /wp-cron.php?doing_wp_cron=1752941643.3675320148468017578125 HTTP/1.1" 200 - "-" "WordPress/6.8.2; https://kraft-court.cafe"
57.141.2.23 - - [19/Jul/2025:16:14:03 +0000] "GET /?x=55157638011800& HTTP/1.1" 301 - "-" "meta-externalagent/1.1 (+https://developers.facebook.com/docs/sharing/webmasters/crawler)"
209.74.77.214 - - [19/Jul/2025:16:14:52 +0000] "POST /wp-cron.php?doing_wp_cron=1752941692.2312340736389160156250 HTTP/1.1" 200 - "-" "WordPress/6.8.2; https://kraft-court.cafe"
57.141.2.25 - - [19/Jul/2025:16:14:50 +0000] "GET /?x=41695241011800& HTTP/1.1" 301 - "-" "meta-externalagent/1.1 (+https://developers.facebook.com/docs/sharing/webmasters/crawler)"
57.141.2.7 - - [19/Jul/2025:16:15:17 +0000] "GET /?x=41695241011800 HTTP/1.1" 200 5469 "-" "meta-externalagent/1.1 (+https://developers.facebook.com/docs/sharing/webmasters/crawler)"
66.249.65.35 - - [19/Jul/2025:16:16:31 +0000] "GET /?x=47301468071800&mod=48584348&uri=us.php?detail/51162971.htm HTTP/1.1" 200 19269 "-" "Mozilla/5.0 (Linux; Android 6.0.1; Nexus 5X Build/MMB29P) AppleWebKit/537.36 (KHTML, like Gecko) Chrome/137.0.7151.103 Mobile Safari/537.36 (compatible; Googlebot/2.1; +http://www.google.com/bot.html)"
209.74.77.214 - - [19/Jul/2025:16:16:54 +0000] "POST /wp-cron.php?doing_wp_cron=1752941814.5146329402923583984375 HTTP/1.1" 200 - "-" "WordPress/6.8.2; https://kraft-court.cafe"
57.141.2.4 - - [19/Jul/2025:16:16:53 +0000] "GET /?x=95935483041800& HTTP/1.1" 301 - "-" "meta-externalagent/1.1 (+https://developers.facebook.com/docs/sharing/webmasters/crawler)"
209.74.77.214 - - [19/Jul/2025:16:18:37 +0000] "POST /wp-cron.php?doing_wp_cron=1752941917.0866489410400390625000 HTTP/1.1" 200 - "-" "WordPress/6.8.2; https://kraft-court.cafe"
57.141.2.18 - - [19/Jul/2025:16:18:35 +0000] "GET /?x=52043334081800& HTTP/1.1" 301 - "-" "meta-externalagent/1.1 (+https://developers.facebook.com/docs/sharing/webmasters/crawler)"
66.249.65.36 - - [19/Jul/2025:16:19:25 +0000] "GET /?x=47301468071800&mod=48584348&uri=us.php?detail/47659743.htm HTTP/1.1" 200 19208 "-" "Mozilla/5.0 (Linux; Android 6.0.1; Nexus 5X Build/MMB29P) AppleWebKit/537.36 (KHTML, like Gecko) Chrome/137.0.7151.103 Mobile Safari/537.36 (compatible; Googlebot/2.1; +http://www.google.com/bot.html)"
209.74.77.214 - - [19/Jul/2025:16:19:49 +0000] "POST /wp-cron.php?doing_wp_cron=1752941989.0427029132843017578125 HTTP/1.1" 200 - "-" "WordPress/6.8.2; https://kraft-court.cafe"
57.141.2.27 - - [19/Jul/2025:16:19:48 +0000] "GET /?x=47514425091800& HTTP/1.1" 301 - "-" "meta-externalagent/1.1 (+https://developers.facebook.com/docs/sharing/webmasters/crawler)"
57.141.2.13 - - [19/Jul/2025:16:19:53 +0000] "GET /?x=49131564051800& HTTP/1.1" 301 - "-" "meta-externalagent/1.1 (+https://developers.facebook.com/docs/sharing/webmasters/crawler)"
57.141.2.23 - - [19/Jul/2025:16:20:06 +0000] "GET /?x=49131564051800 HTTP/1.1" 200 5469 "-" "meta-externalagent/1.1 (+https://developers.facebook.com/docs/sharing/webmasters/crawler)"
57.141.2.25 - - [19/Jul/2025:16:20:31 +0000] "GET /?x=106745268021800& HTTP/1.1" 301 - "-" "meta-externalagent/1.1 (+https://developers.facebook.com/docs/sharing/webmasters/crawler)"
57.141.2.29 - - [19/Jul/2025:16:20:33 +0000] "GET /detail/2212147106.htm HTTP/1.1" 404 - "-" "meta-externalagent/1.1 (+https://developers.facebook.com/docs/sharing/webmasters/crawler)"
209.74.77.214 - - [19/Jul/2025:16:21:55 +0000] "POST /wp-cron.php?doing_wp_cron=1752942115.3549759387969970703125 HTTP/1.1" 200 - "-" "WordPress/6.8.2; https://kraft-court.cafe"
57.141.2.13 - - [19/Jul/2025:16:21:54 +0000] "GET /?x=93666856001800& HTTP/1.1" 301 - "-" "meta-externalagent/1.1 (+https://developers.facebook.com/docs/sharing/webmasters/crawler)"
57.141.2.21 - - [19/Jul/2025:16:22:07 +0000] "GET /?x=77906376041800& HTTP/1.1" 301 - "-" "meta-externalagent/1.1 (+https://developers.facebook.com/docs/sharing/webmasters/crawler)"
106.227.49.113 - - [19/Jul/2025:16:22:18 +0000] "GET / HTTP/1.1" 200 1849 "http://www.kraft-court.cafe" "Mozilla/5.0 (iPhone; CPU iPhone OS 13_2_3 like Mac OS X) AppleWebKit/605.1.15 (KHTML, like Gecko) Version/13.0.3 Mobile/15E148 Safari/604.1"
66.249.65.36 - - [19/Jul/2025:16:22:20 +0000] "GET /?x=55302044071800&mod=decc2e06&uri=form.php?detail/50808989.htm HTTP/1.1" 200 19282 "-" "Mozilla/5.0 (Linux; Android 6.0.1; Nexus 5X Build/MMB29P) AppleWebKit/537.36 (KHTML, like Gecko) Chrome/137.0.7151.103 Mobile Safari/537.36 (compatible; Googlebot/2.1; +http://www.google.com/bot.html)"
57.141.2.10 - - [19/Jul/2025:16:22:40 +0000] "GET /detail/1297337036.htm HTTP/1.1" 404 - "-" "meta-externalagent/1.1 (+https://developers.facebook.com/docs/sharing/webmasters/crawler)"
66.249.65.36 - - [19/Jul/2025:16:22:44 +0000] "POST /get-message-notify HTTP/1.1" 404 - "https://kraft-court.cafe/?x=55302044071800&mod=decc2e06&uri=form.php?detail/50808989.htm" "Mozilla/5.0 (Linux; Android 6.0.1; Nexus 5X Build/MMB29P) AppleWebKit/537.36 (KHTML, like Gecko) Chrome/137.0.7151.119 Mobile Safari/537.36 (compatible; Googlebot/2.1; +http://www.google.com/bot.html)"
209.74.77.214 - - [19/Jul/2025:16:23:51 +0000] "POST /wp-cron.php?doing_wp_cron=1752942231.3234720230102539062500 HTTP/1.1" 200 - "-" "WordPress/6.8.2; https://kraft-court.cafe"
57.141.2.1 - - [19/Jul/2025:16:23:50 +0000] "GET /?x=93783705011800& HTTP/1.1" 301 - "-" "meta-externalagent/1.1 (+https://developers.facebook.com/docs/sharing/webmasters/crawler)"
66.249.65.37 - - [19/Jul/2025:16:25:20 +0000] "GET /?x=55302044071800&mod=decc2e06&uri=form.php?detail/50829509.htm HTTP/1.1" 200 19503 "-" "Mozilla/5.0 (Linux; Android 6.0.1; Nexus 5X Build/MMB29P) AppleWebKit/537.36 (KHTML, like Gecko) Chrome/137.0.7151.103 Mobile Safari/537.36 (compatible; Googlebot/2.1; +http://www.google.com/bot.html)"
209.74.77.214 - - [19/Jul/2025:16:27:52 +0000] "POST /wp-cron.php?doing_wp_cron=1752942472.7972168922424316406250 HTTP/1.1" 200 - "-" "WordPress/6.8.2; https://kraft-court.cafe"
57.141.2.11 - - [19/Jul/2025:16:27:51 +0000] "GET /?x=118465068021800& HTTP/1.1" 301 - "-" "meta-externalagent/1.1 (+https://developers.facebook.com/docs/sharing/webmasters/crawler)"
209.74.77.214 - - [19/Jul/2025:16:28:42 +0000] "POST /wp-cron.php?doing_wp_cron=1752942522.5619809627532958984375 HTTP/1.1" 200 - "-" "WordPress/6.8.2; https://kraft-court.cafe"
57.141.2.26 - - [19/Jul/2025:16:28:41 +0000] "GET /?x=79356420021800& HTTP/1.1" 301 - "-" "meta-externalagent/1.1 (+https://developers.facebook.com/docs/sharing/webmasters/crawler)"
209.74.77.214 - - [19/Jul/2025:16:30:26 +0000] "POST /wp-cron.php?doing_wp_cron=1752942626.3101549148559570312500 HTTP/1.1" 200 - "-" "WordPress/6.8.2; https://kraft-court.cafe"
209.74.77.214 - - [19/Jul/2025:16:30:26 +0000] "POST /wp-cron.php?doing_wp_cron=1752942626.3101589679718017578125 HTTP/1.1" 200 - "-" "WordPress/6.8.2; https://kraft-court.cafe"
57.141.2.12 - - [19/Jul/2025:16:30:25 +0000] "GET /?x=98845650001800& HTTP/1.1" 301 - "-" "meta-externalagent/1.1 (+https://developers.facebook.com/docs/sharing/webmasters/crawler)"
57.141.2.23 - - [19/Jul/2025:16:30:25 +0000] "GET /?x=76735238101800& HTTP/1.1" 301 - "-" "meta-externalagent/1.1 (+https://developers.facebook.com/docs/sharing/webmasters/crawler)"
57.141.2.25 - - [19/Jul/2025:16:30:31 +0000] "GET /?x=97193902011800& HTTP/1.1" 301 - "-" "meta-externalagent/1.1 (+https://developers.facebook.com/docs/sharing/webmasters/crawler)"
209.74.77.214 - - [19/Jul/2025:16:30:36 +0000] "POST /wp-cron.php?doing_wp_cron=1752942636.3014140129089355468750 HTTP/1.1" 200 - "-" "WordPress/6.8.2; https://kraft-court.cafe"
57.141.2.21 - - [19/Jul/2025:16:30:36 +0000] "GET /?x=29246606021800& HTTP/1.1" 301 - "-" "meta-externalagent/1.1 (+https://developers.facebook.com/docs/sharing/webmasters/crawler)"
209.74.77.214 - - [19/Jul/2025:16:31:17 +0000] "POST /wp-cron.php?doing_wp_cron=1752942677.4513530731201171875000 HTTP/1.1" 200 - "-" "WordPress/6.8.2; https://kraft-court.cafe"
57.141.2.20 - - [19/Jul/2025:16:31:16 +0000] "GET /?x=95028213051800& HTTP/1.1" 301 - "-" "meta-externalagent/1.1 (+https://developers.facebook.com/docs/sharing/webmasters/crawler)"
209.74.77.214 - - [19/Jul/2025:16:31:40 +0000] "POST /wp-cron.php?doing_wp_cron=1752942700.7319209575653076171875 HTTP/1.1" 200 - "-" "WordPress/6.8.2; https://kraft-court.cafe"
57.141.2.22 - - [19/Jul/2025:16:31:40 +0000] "GET /?x=86887140071800& HTTP/1.1" 301 - "-" "meta-externalagent/1.1 (+https://developers.facebook.com/docs/sharing/webmasters/crawler)"
209.74.77.214 - - [19/Jul/2025:16:32:09 +0000] "POST /wp-cron.php?doing_wp_cron=1752942729.7962241172790527343750 HTTP/1.1" 200 - "-" "WordPress/6.8.2; https://kraft-court.cafe"
57.141.2.22 - - [19/Jul/2025:16:32:09 +0000] "GET /?x=86887140071800 HTTP/1.1" 200 5469 "-" "meta-externalagent/1.1 (+https://developers.facebook.com/docs/sharing/webmasters/crawler)"
209.74.77.214 - - [19/Jul/2025:16:36:03 +0000] "POST /wp-cron.php?doing_wp_cron=1752942963.1538031101226806640625 HTTP/1.1" 200 - "-" "WordPress/6.8.2; https://kraft-court.cafe"
57.141.2.11 - - [19/Jul/2025:16:36:01 +0000] "GET /?x=98977332011800& HTTP/1.1" 301 - "-" "meta-externalagent/1.1 (+https://developers.facebook.com/docs/sharing/webmasters/crawler)"
66.249.65.37 - - [19/Jul/2025:16:36:05 +0000] "GET /?x=99461379041800&mod=48584348&uri=pin.php?detail/2902458.htm HTTP/1.1" 200 19112 "-" "Mozilla/5.0 (Linux; Android 6.0.1; Nexus 5X Build/MMB29P) AppleWebKit/537.36 (KHTML, like Gecko) Chrome/137.0.7151.103 Mobile Safari/537.36 (compatible; Googlebot/2.1; +http://www.google.com/bot.html)"
66.249.65.35 - - [19/Jul/2025:16:36:27 +0000] "POST /get-message-notify HTTP/1.1" 404 - "https://kraft-court.cafe/?x=99461379041800&mod=48584348&uri=pin.php?detail/2902458.htm" "Mozilla/5.0 (Linux; Android 6.0.1; Nexus 5X Build/MMB29P) AppleWebKit/537.36 (KHTML, like Gecko) Chrome/137.0.7151.119 Mobile Safari/537.36 (compatible; Googlebot/2.1; +http://www.google.com/bot.html)"
209.74.77.214 - - [19/Jul/2025:16:37:29 +0000] "POST /wp-cron.php?doing_wp_cron=1752943049.4532570838928222656250 HTTP/1.1" 200 - "-" "WordPress/6.8.2; https://kraft-court.cafe"
57.141.2.18 - - [19/Jul/2025:16:37:28 +0000] "GET /?x=93183538001800& HTTP/1.1" 301 - "-" "meta-externalagent/1.1 (+https://developers.facebook.com/docs/sharing/webmasters/crawler)"
57.141.2.21 - - [19/Jul/2025:16:39:33 +0000] "GET /detail/1296789376.htm HTTP/1.1" 404 - "-" "meta-externalagent/1.1 (+https://developers.facebook.com/docs/sharing/webmasters/crawler)"
