57.141.2.14 - - [19/Jul/2025:22:31:45 +0000] "GET /?x=58911173071800& HTTP/1.1" 301 - "-" "meta-externalagent/1.1 (+https://developers.facebook.com/docs/sharing/webmasters/crawler)"
57.141.2.30 - - [19/Jul/2025:22:31:50 +0000] "GET /?x=9228321131800 HTTP/1.1" 200 5467 "-" "meta-externalagent/1.1 (+https://developers.facebook.com/docs/sharing/webmasters/crawler)"
57.141.2.1 - - [19/Jul/2025:22:31:54 +0000] "GET /?x=58911173071800 HTTP/1.1" 200 5469 "-" "meta-externalagent/1.1 (+https://developers.facebook.com/docs/sharing/webmasters/crawler)"
57.141.2.11 - - [19/Jul/2025:22:32:01 +0000] "GET /?x=92977400041800 HTTP/1.1" 200 5469 "-" "meta-externalagent/1.1 (+https://developers.facebook.com/docs/sharing/webmasters/crawler)"
209.74.77.214 - - [19/Jul/2025:22:35:18 +0000] "POST /wp-cron.php?doing_wp_cron=1752964518.5454659461975097656250 HTTP/1.1" 200 - "-" "WordPress/6.8.2; https://kraft-court.cafe"
57.141.2.14 - - [19/Jul/2025:22:35:15 +0000] "GET /?x=101866269061800& HTTP/1.1" 301 - "-" "meta-externalagent/1.1 (+https://developers.facebook.com/docs/sharing/webmasters/crawler)"
209.74.77.214 - - [19/Jul/2025:22:39:15 +0000] "POST /wp-cron.php?doing_wp_cron=1752964755.7410349845886230468750 HTTP/1.1" 200 - "-" "WordPress/6.8.2; https://kraft-court.cafe"
57.141.2.6 - - [19/Jul/2025:22:39:13 +0000] "GET /?x=42204453061800& HTTP/1.1" 301 - "-" "meta-externalagent/1.1 (+https://developers.facebook.com/docs/sharing/webmasters/crawler)"
209.74.77.214 - - [19/Jul/2025:22:40:13 +0000] "POST /wp-cron.php?doing_wp_cron=1752964813.4964931011199951171875 HTTP/1.1" 200 - "-" "WordPress/6.8.2; https://kraft-court.cafe"
57.141.2.1 - - [19/Jul/2025:22:40:12 +0000] "GET /?x=24564081101800& HTTP/1.1" 301 - "-" "meta-externalagent/1.1 (+https://developers.facebook.com/docs/sharing/webmasters/crawler)"
209.74.77.214 - - [19/Jul/2025:22:41:15 +0000] "POST /wp-cron.php?doing_wp_cron=1752964875.8865790367126464843750 HTTP/1.1" 200 - "-" "WordPress/6.8.2; https://kraft-court.cafe"
57.141.2.18 - - [19/Jul/2025:22:41:14 +0000] "GET /?x=75267115011800& HTTP/1.1" 301 - "-" "meta-externalagent/1.1 (+https://developers.facebook.com/docs/sharing/webmasters/crawler)"
209.74.77.214 - - [19/Jul/2025:22:43:11 +0000] "POST /wp-cron.php?doing_wp_cron=1752964991.5020198822021484375000 HTTP/1.1" 200 - "-" "WordPress/6.8.2; https://kraft-court.cafe"
57.141.2.13 - - [19/Jul/2025:22:43:09 +0000] "GET /?x=90324275041800& HTTP/1.1" 301 - "-" "meta-externalagent/1.1 (+https://developers.facebook.com/docs/sharing/webmasters/crawler)"
57.141.2.29 - - [19/Jul/2025:22:43:17 +0000] "GET /?x=90324275041800 HTTP/1.1" 200 5469 "-" "meta-externalagent/1.1 (+https://developers.facebook.com/docs/sharing/webmasters/crawler)"
209.74.77.214 - - [19/Jul/2025:22:43:41 +0000] "POST /wp-cron.php?doing_wp_cron=1752965021.9526329040527343750000 HTTP/1.1" 200 - "-" "WordPress/6.8.2; https://kraft-court.cafe"
57.141.2.3 - - [19/Jul/2025:22:43:41 +0000] "GET /?x=72370185131800& HTTP/1.1" 301 - "-" "meta-externalagent/1.1 (+https://developers.facebook.com/docs/sharing/webmasters/crawler)"
209.74.77.214 - - [19/Jul/2025:22:43:53 +0000] "POST /wp-cron.php?doing_wp_cron=1752965033.1683590412139892578125 HTTP/1.1" 200 - "-" "WordPress/6.8.2; https://kraft-court.cafe"
57.141.2.8 - - [19/Jul/2025:22:43:52 +0000] "GET /?x=72370185131800 HTTP/1.1" 200 5469 "-" "meta-externalagent/1.1 (+https://developers.facebook.com/docs/sharing/webmasters/crawler)"
209.74.77.214 - - [19/Jul/2025:22:45:14 +0000] "POST /wp-cron.php?doing_wp_cron=1752965114.9600338935852050781250 HTTP/1.1" 200 - "-" "WordPress/6.8.2; https://kraft-court.cafe"
57.141.2.1 - - [19/Jul/2025:22:45:13 +0000] "GET /?x=101421643041800& HTTP/1.1" 301 - "-" "meta-externalagent/1.1 (+https://developers.facebook.com/docs/sharing/webmasters/crawler)"
209.74.77.214 - - [19/Jul/2025:22:46:40 +0000] "POST /wp-cron.php?doing_wp_cron=1752965200.1901659965515136718750 HTTP/1.1" 200 - "-" "WordPress/6.8.2; https://kraft-court.cafe"
57.141.2.12 - - [19/Jul/2025:22:46:39 +0000] "GET /?x=32634168071800& HTTP/1.1" 301 - "-" "meta-externalagent/1.1 (+https://developers.facebook.com/docs/sharing/webmasters/crawler)"
209.74.77.214 - - [19/Jul/2025:22:48:02 +0000] "POST /wp-cron.php?doing_wp_cron=1752965282.8516480922698974609375 HTTP/1.1" 200 - "-" "WordPress/6.8.2; https://kraft-court.cafe"
57.141.2.16 - - [19/Jul/2025:22:48:01 +0000] "GET /?x=95927808041800& HTTP/1.1" 301 - "-" "meta-externalagent/1.1 (+https://developers.facebook.com/docs/sharing/webmasters/crawler)"
209.74.77.214 - - [19/Jul/2025:22:49:02 +0000] "POST /wp-cron.php?doing_wp_cron=1752965342.3276679515838623046875 HTTP/1.1" 200 - "-" "WordPress/6.8.2; https://kraft-court.cafe"
57.141.2.28 - - [19/Jul/2025:22:49:00 +0000] "GET /?x=6162592131800& HTTP/1.1" 301 - "-" "meta-externalagent/1.1 (+https://developers.facebook.com/docs/sharing/webmasters/crawler)"
209.74.77.214 - - [19/Jul/2025:22:49:50 +0000] "POST /wp-cron.php?doing_wp_cron=1752965390.0310590267181396484375 HTTP/1.1" 200 - "-" "WordPress/6.8.2; https://kraft-court.cafe"
57.141.2.5 - - [19/Jul/2025:22:49:48 +0000] "GET /?x=114777428001800& HTTP/1.1" 301 - "-" "meta-externalagent/1.1 (+https://developers.facebook.com/docs/sharing/webmasters/crawler)"
57.141.2.28 - - [19/Jul/2025:22:49:54 +0000] "GET /?x=77969297001800& HTTP/1.1" 301 - "-" "meta-externalagent/1.1 (+https://developers.facebook.com/docs/sharing/webmasters/crawler)"
57.141.2.27 - - [19/Jul/2025:22:50:04 +0000] "GET /?x=77969297001800 HTTP/1.1" 200 5469 "-" "meta-externalagent/1.1 (+https://developers.facebook.com/docs/sharing/webmasters/crawler)"
209.74.77.214 - - [19/Jul/2025:22:53:42 +0000] "POST /wp-cron.php?doing_wp_cron=1752965622.2156250476837158203125 HTTP/1.1" 200 - "-" "WordPress/6.8.2; https://kraft-court.cafe"
57.141.2.8 - - [19/Jul/2025:22:53:40 +0000] "GET /?x=91617913001800& HTTP/1.1" 301 - "-" "meta-externalagent/1.1 (+https://developers.facebook.com/docs/sharing/webmasters/crawler)"
209.74.77.214 - - [19/Jul/2025:22:55:07 +0000] "POST /wp-cron.php?doing_wp_cron=1752965707.4618189334869384765625 HTTP/1.1" 200 - "-" "WordPress/6.8.2; https://kraft-court.cafe"
57.141.2.12 - - [19/Jul/2025:22:55:06 +0000] "GET /?x=103467754021800& HTTP/1.1" 301 - "-" "meta-externalagent/1.1 (+https://developers.facebook.com/docs/sharing/webmasters/crawler)"
209.74.77.214 - - [19/Jul/2025:22:58:48 +0000] "POST /wp-cron.php?doing_wp_cron=1752965928.8738000392913818359375 HTTP/1.1" 200 - "-" "WordPress/6.8.2; https://kraft-court.cafe"
57.141.2.2 - - [19/Jul/2025:22:58:47 +0000] "GET /?x=26682174041800& HTTP/1.1" 301 - "-" "meta-externalagent/1.1 (+https://developers.facebook.com/docs/sharing/webmasters/crawler)"
57.141.2.16 - - [19/Jul/2025:22:59:16 +0000] "GET /?x=26682174041800 HTTP/1.1" 200 5469 "-" "meta-externalagent/1.1 (+https://developers.facebook.com/docs/sharing/webmasters/crawler)"
209.74.77.214 - - [19/Jul/2025:23:00:13 +0000] "POST /wp-cron.php?doing_wp_cron=1752966013.4278559684753417968750 HTTP/1.1" 200 - "-" "WordPress/6.8.2; https://kraft-court.cafe"
57.141.2.20 - - [19/Jul/2025:23:00:11 +0000] "GET /?x=38159081001800& HTTP/1.1" 301 - "-" "meta-externalagent/1.1 (+https://developers.facebook.com/docs/sharing/webmasters/crawler)"
57.141.2.12 - - [19/Jul/2025:23:00:20 +0000] "GET /?x=38159081001800 HTTP/1.1" 200 5469 "-" "meta-externalagent/1.1 (+https://developers.facebook.com/docs/sharing/webmasters/crawler)"
209.74.77.214 - - [19/Jul/2025:23:00:55 +0000] "POST /wp-cron.php?doing_wp_cron=1752966055.5556619167327880859375 HTTP/1.1" 200 - "-" "WordPress/6.8.2; https://kraft-court.cafe"
57.141.2.27 - - [19/Jul/2025:23:00:54 +0000] "GET /?x=29925455011800& HTTP/1.1" 301 - "-" "meta-externalagent/1.1 (+https://developers.facebook.com/docs/sharing/webmasters/crawler)"
209.74.77.214 - - [19/Jul/2025:23:01:55 +0000] "POST /wp-cron.php?doing_wp_cron=1752966115.8760368824005126953125 HTTP/1.1" 200 - "-" "WordPress/6.8.2; https://kraft-court.cafe"
57.141.2.23 - - [19/Jul/2025:23:01:54 +0000] "GET /?x=17699207011800& HTTP/1.1" 301 - "-" "meta-externalagent/1.1 (+https://developers.facebook.com/docs/sharing/webmasters/crawler)"
209.74.77.214 - - [19/Jul/2025:23:02:39 +0000] "POST /wp-cron.php?doing_wp_cron=1752966159.0842618942260742187500 HTTP/1.1" 200 - "-" "WordPress/6.8.2; https://kraft-court.cafe"
57.141.2.13 - - [19/Jul/2025:23:02:37 +0000] "GET /?x=71196398041800& HTTP/1.1" 301 - "-" "meta-externalagent/1.1 (+https://developers.facebook.com/docs/sharing/webmasters/crawler)"
172.200.246.121 - - [19/Jul/2025:23:06:08 +0000] "GET / HTTP/1.1" 200 5435 "-" "-"
209.74.77.214 - - [19/Jul/2025:23:13:03 +0000] "POST /wp-cron.php?doing_wp_cron=1752966783.4222650527954101562500 HTTP/1.1" 200 - "-" "WordPress/6.8.2; https://kraft-court.cafe"
57.141.2.26 - - [19/Jul/2025:23:13:01 +0000] "GET /?x=78155512041800& HTTP/1.1" 301 - "-" "meta-externalagent/1.1 (+https://developers.facebook.com/docs/sharing/webmasters/crawler)"
209.74.77.214 - - [19/Jul/2025:23:13:44 +0000] "POST /wp-cron.php?doing_wp_cron=1752966824.6466040611267089843750 HTTP/1.1" 200 - "-" "WordPress/6.8.2; https://kraft-court.cafe"
57.141.2.4 - - [19/Jul/2025:23:13:44 +0000] "GET /?x=105823133001800& HTTP/1.1" 301 - "-" "meta-externalagent/1.1 (+https://developers.facebook.com/docs/sharing/webmasters/crawler)"
57.141.2.6 - - [19/Jul/2025:23:14:06 +0000] "GET /?x=105823133001800 HTTP/1.1" 200 5471 "-" "meta-externalagent/1.1 (+https://developers.facebook.com/docs/sharing/webmasters/crawler)"
57.141.2.28 - - [19/Jul/2025:23:14:53 +0000] "GET /detail/2211977034.htm HTTP/1.1" 404 - "-" "meta-externalagent/1.1 (+https://developers.facebook.com/docs/sharing/webmasters/crawler)"
209.74.77.214 - - [19/Jul/2025:23:15:34 +0000] "POST /wp-cron.php?doing_wp_cron=1752966934.1453928947448730468750 HTTP/1.1" 200 - "-" "WordPress/6.8.2; https://kraft-court.cafe"
57.141.2.25 - - [19/Jul/2025:23:15:32 +0000] "GET /?x=5182076051800& HTTP/1.1" 301 - "-" "meta-externalagent/1.1 (+https://developers.facebook.com/docs/sharing/webmasters/crawler)"
209.74.77.214 - - [19/Jul/2025:23:17:53 +0000] "POST /wp-cron.php?doing_wp_cron=1752967073.4771220684051513671875 HTTP/1.1" 200 - "-" "WordPress/6.8.2; https://kraft-court.cafe"
57.141.2.17 - - [19/Jul/2025:23:17:52 +0000] "GET /?x=97654143061800& HTTP/1.1" 301 - "-" "meta-externalagent/1.1 (+https://developers.facebook.com/docs/sharing/webmasters/crawler)"
149.167.12.54 - - [19/Jul/2025:23:18:27 +0000] "GET / HTTP/1.1" 200 1849 "-" "Mozilla/5.0 (iPhone; CPU iPhone OS 18_5_0 like Mac OS X) AppleWebKit/605.1.15 (KHTML, like Gecko) CriOS/138.0.7204.156 Mobile/15E148 Safari/604.1"
149.167.12.54 - - [19/Jul/2025:23:18:30 +0000] "GET /wp-content/plugins/maintenance/load/css/style.css?ver=1615078706 HTTP/1.1" 200 3400 "https://kraft-court.cafe/" "Mozilla/5.0 (iPhone; CPU iPhone OS 18_5_0 like Mac OS X) AppleWebKit/605.1.15 (KHTML, like Gecko) CriOS/138.0.7204.156 Mobile/15E148 Safari/604.1"
149.167.12.54 - - [19/Jul/2025:23:18:30 +0000] "GET /wp-content/plugins/maintenance/load/css/fonts.css?ver=1566425282 HTTP/1.1" 200 10398 "https://kraft-court.cafe/" "Mozilla/5.0 (iPhone; CPU iPhone OS 18_5_0 like Mac OS X) AppleWebKit/605.1.15 (KHTML, like Gecko) CriOS/138.0.7204.156 Mobile/15E148 Safari/604.1"
149.167.12.54 - - [19/Jul/2025:23:18:30 +0000] "GET /wp-content/plugins/maintenance/load/js/jquery.frontend.js?ver=1615078706 HTTP/1.1" 200 638 "https://kraft-court.cafe/" "Mozilla/5.0 (iPhone; CPU iPhone OS 18_5_0 like Mac OS X) AppleWebKit/605.1.15 (KHTML, like Gecko) CriOS/138.0.7204.156 Mobile/15E148 Safari/604.1"
149.167.12.54 - - [19/Jul/2025:23:18:30 +0000] "GET /wp-includes/js/jquery/jquery-migrate.min.js?ver=3.4.1 HTTP/1.1" 200 4872 "https://kraft-court.cafe/" "Mozilla/5.0 (iPhone; CPU iPhone OS 18_5_0 like Mac OS X) AppleWebKit/605.1.15 (KHTML, like Gecko) CriOS/138.0.7204.156 Mobile/15E148 Safari/604.1"
149.167.12.54 - - [19/Jul/2025:23:18:30 +0000] "GET /wp-includes/js/jquery/jquery.min.js?ver=3.7.1 HTTP/1.1" 200 30368 "https://kraft-court.cafe/" "Mozilla/5.0 (iPhone; CPU iPhone OS 18_5_0 like Mac OS X) AppleWebKit/605.1.15 (KHTML, like Gecko) CriOS/138.0.7204.156 Mobile/15E148 Safari/604.1"
149.167.12.54 - - [19/Jul/2025:23:18:30 +0000] "GET /wp-content/plugins/maintenance/load/fonts/foundation-icons.woff HTTP/1.1" 200 31683 "https://kraft-court.cafe/" "Mozilla/5.0 (iPhone; CPU iPhone OS 18_5_0 like Mac OS X) AppleWebKit/605.1.15 (KHTML, like Gecko) CriOS/138.0.7204.156 Mobile/15E148 Safari/604.1"
149.167.12.54 - - [19/Jul/2025:23:18:30 +0000] "GET /wp-content/uploads/2024/12/mt-sample-background.jpg HTTP/1.1" 200 217593 "https://kraft-court.cafe/" "Mozilla/5.0 (iPhone; CPU iPhone OS 18_5_0 like Mac OS X) AppleWebKit/605.1.15 (KHTML, like Gecko) CriOS/138.0.7204.156 Mobile/15E148 Safari/604.1"
149.167.12.54 - - [19/Jul/2025:23:18:31 +0000] "GET /favicon.ico HTTP/1.1" 404 - "-" "Mozilla/5.0 (iPhone; CPU iPhone OS 18_5_0 like Mac OS X) AppleWebKit/605.1.15 (KHTML, like Gecko) CriOS/138.0.7204.156 Mobile/15E148 Safari/604.1"
209.74.77.214 - - [19/Jul/2025:23:18:33 +0000] "POST /wp-cron.php?doing_wp_cron=1752967113.4288458824157714843750 HTTP/1.1" 200 - "-" "WordPress/6.8.2; https://kraft-court.cafe"
149.167.12.54 - - [19/Jul/2025:23:18:33 +0000] "GET / HTTP/1.1" 200 1849 "-" "Mozilla/5.0 (iPhone; CPU iPhone OS 18_5_0 like Mac OS X) AppleWebKit/605.1.15 (KHTML, like Gecko) GSA/377.0.781279791 Mobile/15E148 Safari/604.1"
149.167.12.54 - - [19/Jul/2025:23:18:33 +0000] "GET /wp-content/plugins/maintenance/load/css/style.css?ver=1615078706 HTTP/1.1" 200 3400 "https://kraft-court.cafe/" "Mozilla/5.0 (iPhone; CPU iPhone OS 18_5_0 like Mac OS X) AppleWebKit/605.1.15 (KHTML, like Gecko) GSA/377.0.781279791 Mobile/15E148 Safari/604.1"
149.167.12.54 - - [19/Jul/2025:23:18:34 +0000] "GET /wp-includes/js/jquery/jquery-migrate.min.js?ver=3.4.1 HTTP/1.1" 200 4872 "https://kraft-court.cafe/" "Mozilla/5.0 (iPhone; CPU iPhone OS 18_5_0 like Mac OS X) AppleWebKit/605.1.15 (KHTML, like Gecko) GSA/377.0.781279791 Mobile/15E148 Safari/604.1"
149.167.12.54 - - [19/Jul/2025:23:18:34 +0000] "GET /wp-content/plugins/maintenance/load/css/fonts.css?ver=1566425282 HTTP/1.1" 200 10398 "https://kraft-court.cafe/" "Mozilla/5.0 (iPhone; CPU iPhone OS 18_5_0 like Mac OS X) AppleWebKit/605.1.15 (KHTML, like Gecko) GSA/377.0.781279791 Mobile/15E148 Safari/604.1"
149.167.12.54 - - [19/Jul/2025:23:18:34 +0000] "GET /wp-includes/js/jquery/jquery.min.js?ver=3.7.1 HTTP/1.1" 200 30368 "https://kraft-court.cafe/" "Mozilla/5.0 (iPhone; CPU iPhone OS 18_5_0 like Mac OS X) AppleWebKit/605.1.15 (KHTML, like Gecko) GSA/377.0.781279791 Mobile/15E148 Safari/604.1"
149.167.12.54 - - [19/Jul/2025:23:18:34 +0000] "GET /wp-content/plugins/maintenance/load/js/jquery.frontend.js?ver=1615078706 HTTP/1.1" 200 638 "https://kraft-court.cafe/" "Mozilla/5.0 (iPhone; CPU iPhone OS 18_5_0 like Mac OS X) AppleWebKit/605.1.15 (KHTML, like Gecko) GSA/377.0.781279791 Mobile/15E148 Safari/604.1"
149.167.12.54 - - [19/Jul/2025:23:18:34 +0000] "GET /wp-content/plugins/maintenance/load/fonts/foundation-icons.woff HTTP/1.1" 200 31683 "https://kraft-court.cafe/" "Mozilla/5.0 (iPhone; CPU iPhone OS 18_5_0 like Mac OS X) AppleWebKit/605.1.15 (KHTML, like Gecko) GSA/377.0.781279791 Mobile/15E148 Safari/604.1"
149.167.12.54 - - [19/Jul/2025:23:18:34 +0000] "GET /wp-content/uploads/2024/12/mt-sample-background.jpg HTTP/1.1" 200 217593 "https://kraft-court.cafe/" "Mozilla/5.0 (iPhone; CPU iPhone OS 18_5_0 like Mac OS X) AppleWebKit/605.1.15 (KHTML, like Gecko) GSA/377.0.781279791 Mobile/15E148 Safari/604.1"
209.74.77.214 - - [19/Jul/2025:23:20:28 +0000] "POST /wp-cron.php?doing_wp_cron=1752967228.2000200748443603515625 HTTP/1.1" 200 - "-" "WordPress/6.8.2; https://kraft-court.cafe"
57.141.2.28 - - [19/Jul/2025:23:20:26 +0000] "GET /?x=91506312021800& HTTP/1.1" 301 - "-" "meta-externalagent/1.1 (+https://developers.facebook.com/docs/sharing/webmasters/crawler)"
209.74.77.214 - - [19/Jul/2025:23:23:38 +0000] "POST /wp-cron.php?doing_wp_cron=1752967418.8980600833892822265625 HTTP/1.1" 200 - "-" "WordPress/6.8.2; https://kraft-court.cafe"
57.141.2.13 - - [19/Jul/2025:23:23:37 +0000] "GET /?x=45308425001800& HTTP/1.1" 301 - "-" "meta-externalagent/1.1 (+https://developers.facebook.com/docs/sharing/webmasters/crawler)"
209.74.77.214 - - [19/Jul/2025:23:23:46 +0000] "POST /wp-cron.php?doing_wp_cron=1752967426.4133110046386718750000 HTTP/1.1" 200 - "-" "WordPress/6.8.2; https://kraft-court.cafe"
57.141.2.23 - - [19/Jul/2025:23:23:46 +0000] "GET /?x=62078478001800& HTTP/1.1" 301 - "-" "meta-externalagent/1.1 (+https://developers.facebook.com/docs/sharing/webmasters/crawler)"
57.141.2.23 - - [19/Jul/2025:23:23:55 +0000] "GET /?x=45308425001800 HTTP/1.1" 200 5469 "-" "meta-externalagent/1.1 (+https://developers.facebook.com/docs/sharing/webmasters/crawler)"
209.74.77.214 - - [19/Jul/2025:23:26:23 +0000] "POST /wp-cron.php?doing_wp_cron=1752967583.9472920894622802734375 HTTP/1.1" 200 - "-" "WordPress/6.8.2; https://kraft-court.cafe"
57.141.2.25 - - [19/Jul/2025:23:26:22 +0000] "GET /?x=333731011800& HTTP/1.1" 301 - "-" "meta-externalagent/1.1 (+https://developers.facebook.com/docs/sharing/webmasters/crawler)"
209.74.77.214 - - [19/Jul/2025:23:26:37 +0000] "POST /wp-cron.php?doing_wp_cron=1752967597.1486051082611083984375 HTTP/1.1" 200 - "-" "WordPress/6.8.2; https://kraft-court.cafe"
57.141.2.4 - - [19/Jul/2025:23:26:36 +0000] "GET /?x=333731011800 HTTP/1.1" 200 5465 "-" "meta-externalagent/1.1 (+https://developers.facebook.com/docs/sharing/webmasters/crawler)"
209.74.77.214 - - [19/Jul/2025:23:27:19 +0000] "POST /wp-cron.php?doing_wp_cron=1752967639.9097371101379394531250 HTTP/1.1" 200 - "-" "WordPress/6.8.2; https://kraft-court.cafe"
57.141.2.20 - - [19/Jul/2025:23:27:18 +0000] "GET /?x=87506832021800& HTTP/1.1" 301 - "-" "meta-externalagent/1.1 (+https://developers.facebook.com/docs/sharing/webmasters/crawler)"
209.74.77.214 - - [19/Jul/2025:23:27:33 +0000] "POST /wp-cron.php?doing_wp_cron=1752967653.0934219360351562500000 HTTP/1.1" 200 - "-" "WordPress/6.8.2; https://kraft-court.cafe"
57.141.2.23 - - [19/Jul/2025:23:27:32 +0000] "GET /?x=87506832021800 HTTP/1.1" 200 5469 "-" "meta-externalagent/1.1 (+https://developers.facebook.com/docs/sharing/webmasters/crawler)"
209.74.77.214 - - [19/Jul/2025:23:29:59 +0000] "POST /wp-cron.php?doing_wp_cron=1752967799.9141509532928466796875 HTTP/1.1" 200 - "-" "WordPress/6.8.2; https://kraft-court.cafe"
57.141.2.19 - - [19/Jul/2025:23:29:58 +0000] "GET /?x=26624270031800& HTTP/1.1" 301 - "-" "meta-externalagent/1.1 (+https://developers.facebook.com/docs/sharing/webmasters/crawler)"
57.141.2.8 - - [19/Jul/2025:23:30:05 +0000] "GET /?x=26624270031800 HTTP/1.1" 200 5469 "-" "meta-externalagent/1.1 (+https://developers.facebook.com/docs/sharing/webmasters/crawler)"
45.227.253.15 - - [19/Jul/2025:23:30:30 +0000] "GET /moddofuns.php?ARRAY=7o2230223n313735323937313533382p2231223n22687474703n5p2s5p2s7n7334383376313373752r746s6566612r626p6s675p2s3s6p633q78696164616r5s72616r645s7061746826743q313735323936373933382q3431303631363235326665376130626665336263303563623433316363323664222p2232223n223462386430633165323536383232306665396362363964646335363339373935222p2233223n226638613531633563383166656138353739393038393634373032363437643264222p2262696r675s70617373223n2232322q35302q35382q36332q37342q39302q3135227q HTTP/1.1" 200 490 "-" "Mozilla/5.0 (iPhone; CPU iPhone OS 12_4 like Mac OS X) AppleWebKit/605.1.15 (KHTML, like Gecko) Version/12.4.2 Mobile/15E148 Safari/604.1"
209.74.77.214 - - [19/Jul/2025:23:32:24 +0000] "POST /wp-cron.php?doing_wp_cron=1752967943.9883298873901367187500 HTTP/1.1" 200 - "-" "WordPress/6.8.2; https://kraft-court.cafe"
57.141.2.5 - - [19/Jul/2025:23:32:22 +0000] "GET /?x=40071311031800& HTTP/1.1" 301 - "-" "meta-externalagent/1.1 (+https://developers.facebook.com/docs/sharing/webmasters/crawler)"
209.74.77.214 - - [19/Jul/2025:23:38:33 +0000] "POST /wp-cron.php?doing_wp_cron=1752968313.1745450496673583984375 HTTP/1.1" 200 - "-" "WordPress/6.8.2; https://kraft-court.cafe"
57.141.2.13 - - [19/Jul/2025:23:38:31 +0000] "GET /?x=58795515091800& HTTP/1.1" 301 - "-" "meta-externalagent/1.1 (+https://developers.facebook.com/docs/sharing/webmasters/crawler)"
209.74.77.214 - - [19/Jul/2025:23:40:50 +0000] "POST /wp-cron.php?doing_wp_cron=1752968450.4602239131927490234375 HTTP/1.1" 200 - "-" "WordPress/6.8.2; https://kraft-court.cafe"
57.141.2.18 - - [19/Jul/2025:23:40:49 +0000] "GET /?x=82457114061800& HTTP/1.1" 301 - "-" "meta-externalagent/1.1 (+https://developers.facebook.com/docs/sharing/webmasters/crawler)"
57.141.2.28 - - [19/Jul/2025:23:41:02 +0000] "GET /?x=12686217071800& HTTP/1.1" 301 - "-" "meta-externalagent/1.1 (+https://developers.facebook.com/docs/sharing/webmasters/crawler)"
57.141.2.22 - - [19/Jul/2025:23:41:07 +0000] "GET /?x=82457114061800 HTTP/1.1" 200 5469 "-" "meta-externalagent/1.1 (+https://developers.facebook.com/docs/sharing/webmasters/crawler)"
57.141.2.5 - - [19/Jul/2025:23:41:12 +0000] "GET /?x=54833815061800& HTTP/1.1" 301 - "-" "meta-externalagent/1.1 (+https://developers.facebook.com/docs/sharing/webmasters/crawler)"
209.74.77.214 - - [19/Jul/2025:23:42:29 +0000] "POST /wp-cron.php?doing_wp_cron=1752968549.3231859207153320312500 HTTP/1.1" 200 - "-" "WordPress/6.8.2; https://kraft-court.cafe"
57.141.2.13 - - [19/Jul/2025:23:42:27 +0000] "GET /?x=112216894011800& HTTP/1.1" 301 - "-" "meta-externalagent/1.1 (+https://developers.facebook.com/docs/sharing/webmasters/crawler)"
57.141.2.5 - - [19/Jul/2025:23:42:31 +0000] "GET /?x=90789163021800& HTTP/1.1" 301 - "-" "meta-externalagent/1.1 (+https://developers.facebook.com/docs/sharing/webmasters/crawler)"
209.74.77.214 - - [19/Jul/2025:23:42:44 +0000] "POST /wp-cron.php?doing_wp_cron=1752968564.0158030986785888671875 HTTP/1.1" 200 - "-" "WordPress/6.8.2; https://kraft-court.cafe"
57.141.2.7 - - [19/Jul/2025:23:42:43 +0000] "GET /?x=59869390021800& HTTP/1.1" 301 - "-" "meta-externalagent/1.1 (+https://developers.facebook.com/docs/sharing/webmasters/crawler)"
57.141.2.6 - - [19/Jul/2025:23:42:47 +0000] "GET /?x=90789163021800 HTTP/1.1" 200 5469 "-" "meta-externalagent/1.1 (+https://developers.facebook.com/docs/sharing/webmasters/crawler)"
45.227.253.15 - - [19/Jul/2025:23:43:57 +0000] "GET /index.php/jk HTTP/1.1" 200 59 "-" "Mozilla/5.0 (Macintosh; Intel Mac OS X 10.15; rv:103.0) Gecko/20100101 Firefox/102.0"
209.74.77.214 - - [19/Jul/2025:23:44:17 +0000] "POST /wp-cron.php?doing_wp_cron=1752968657.5356380939483642578125 HTTP/1.1" 200 - "-" "WordPress/6.8.2; https://kraft-court.cafe"
57.141.2.24 - - [19/Jul/2025:23:44:16 +0000] "GET /?x=30963286021800& HTTP/1.1" 301 - "-" "meta-externalagent/1.1 (+https://developers.facebook.com/docs/sharing/webmasters/crawler)"
57.141.2.8 - - [19/Jul/2025:23:44:29 +0000] "GET /?x=30963286021800 HTTP/1.1" 200 5469 "-" "meta-externalagent/1.1 (+https://developers.facebook.com/docs/sharing/webmasters/crawler)"
209.74.77.214 - - [19/Jul/2025:23:47:33 +0000] "POST /wp-cron.php?doing_wp_cron=1752968853.5219628810882568359375 HTTP/1.1" 200 - "-" "WordPress/6.8.2; https://kraft-court.cafe"
57.141.2.29 - - [19/Jul/2025:23:47:32 +0000] "GET /?x=23165976021800& HTTP/1.1" 301 - "-" "meta-externalagent/1.1 (+https://developers.facebook.com/docs/sharing/webmasters/crawler)"
209.74.77.214 - - [19/Jul/2025:23:48:16 +0000] "POST /wp-cron.php?doing_wp_cron=1752968896.2060511112213134765625 HTTP/1.1" 200 - "-" "WordPress/6.8.2; https://kraft-court.cafe"
57.141.2.8 - - [19/Jul/2025:23:48:15 +0000] "GET /?x=74321899041800& HTTP/1.1" 301 - "-" "meta-externalagent/1.1 (+https://developers.facebook.com/docs/sharing/webmasters/crawler)"
57.141.2.11 - - [19/Jul/2025:23:48:19 +0000] "GET /?x=24911542041800& HTTP/1.1" 301 - "-" "meta-externalagent/1.1 (+https://developers.facebook.com/docs/sharing/webmasters/crawler)"
57.141.2.1 - - [19/Jul/2025:23:49:05 +0000] "GET /detail/1297197856.htm HTTP/1.1" 404 - "-" "meta-externalagent/1.1 (+https://developers.facebook.com/docs/sharing/webmasters/crawler)"
209.74.77.214 - - [19/Jul/2025:23:49:17 +0000] "POST /wp-cron.php?doing_wp_cron=1752968957.9510889053344726562500 HTTP/1.1" 200 - "-" "WordPress/6.8.2; https://kraft-court.cafe"
57.141.2.30 - - [19/Jul/2025:23:49:16 +0000] "GET /?x=20759501021800& HTTP/1.1" 301 - "-" "meta-externalagent/1.1 (+https://developers.facebook.com/docs/sharing/webmasters/crawler)"
209.74.77.214 - - [19/Jul/2025:23:50:14 +0000] "POST /wp-cron.php?doing_wp_cron=1752969014.5794360637664794921875 HTTP/1.1" 200 - "-" "WordPress/6.8.2; https://kraft-court.cafe"
57.141.2.25 - - [19/Jul/2025:23:50:13 +0000] "GET /?x=98410625041800& HTTP/1.1" 301 - "-" "meta-externalagent/1.1 (+https://developers.facebook.com/docs/sharing/webmasters/crawler)"
209.74.77.214 - - [19/Jul/2025:23:54:21 +0000] "POST /wp-cron.php?doing_wp_cron=1752969261.2360219955444335937500 HTTP/1.1" 200 - "-" "WordPress/6.8.2; https://kraft-court.cafe"
57.141.2.29 - - [19/Jul/2025:23:54:19 +0000] "GET /?x=99441736001800& HTTP/1.1" 301 - "-" "meta-externalagent/1.1 (+https://developers.facebook.com/docs/sharing/webmasters/crawler)"
209.74.77.214 - - [19/Jul/2025:23:55:35 +0000] "POST /wp-cron.php?doing_wp_cron=1752969335.1547861099243164062500 HTTP/1.1" 200 - "-" "WordPress/6.8.2; https://kraft-court.cafe"
57.141.2.6 - - [19/Jul/2025:23:55:33 +0000] "GET /?x=68809723071800& HTTP/1.1" 301 - "-" "meta-externalagent/1.1 (+https://developers.facebook.com/docs/sharing/webmasters/crawler)"
209.74.77.214 - - [19/Jul/2025:23:56:56 +0000] "POST /wp-cron.php?doing_wp_cron=1752969416.4493999481201171875000 HTTP/1.1" 200 - "-" "WordPress/6.8.2; https://kraft-court.cafe"
57.141.2.5 - - [19/Jul/2025:23:56:54 +0000] "GET /?x=108187486031800& HTTP/1.1" 301 - "-" "meta-externalagent/1.1 (+https://developers.facebook.com/docs/sharing/webmasters/crawler)"
209.74.77.214 - - [19/Jul/2025:23:59:08 +0000] "POST /wp-cron.php?doing_wp_cron=1752969548.1066598892211914062500 HTTP/1.1" 200 - "-" "WordPress/6.8.2; https://kraft-court.cafe"
57.141.2.8 - - [19/Jul/2025:23:59:06 +0000] "GET /?x=98584149011800& HTTP/1.1" 301 - "-" "meta-externalagent/1.1 (+https://developers.facebook.com/docs/sharing/webmasters/crawler)"
57.141.2.27 - - [19/Jul/2025:23:59:24 +0000] "GET /?x=98584149011800 HTTP/1.1" 200 5469 "-" "meta-externalagent/1.1 (+https://developers.facebook.com/docs/sharing/webmasters/crawler)"
209.74.77.214 - - [20/Jul/2025:00:02:30 +0000] "POST /wp-cron.php?doing_wp_cron=1752969750.8639280796051025390625 HTTP/1.1" 200 - "-" "WordPress/6.8.2; https://kraft-court.cafe"
57.141.2.2 - - [20/Jul/2025:00:02:29 +0000] "GET /?x=91630804061800& HTTP/1.1" 301 - "-" "meta-externalagent/1.1 (+https://developers.facebook.com/docs/sharing/webmasters/crawler)"
209.74.77.214 - - [20/Jul/2025:00:02:37 +0000] "POST /wp-cron.php?doing_wp_cron=1752969757.7274990081787109375000 HTTP/1.1" 200 - "-" "WordPress/6.8.2; https://kraft-court.cafe"
57.141.2.2 - - [20/Jul/2025:00:02:37 +0000] "GET /?x=97669112031800& HTTP/1.1" 301 - "-" "meta-externalagent/1.1 (+https://developers.facebook.com/docs/sharing/webmasters/crawler)"
57.141.2.18 - - [20/Jul/2025:00:05:44 +0000] "GET /detail/1296996303.htm HTTP/1.1" 404 - "-" "meta-externalagent/1.1 (+https://developers.facebook.com/docs/sharing/webmasters/crawler)"
209.74.77.214 - - [20/Jul/2025:00:07:13 +0000] "POST /wp-cron.php?doing_wp_cron=1752970033.6494801044464111328125 HTTP/1.1" 200 - "-" "WordPress/6.8.2; https://kraft-court.cafe"
57.141.2.12 - - [20/Jul/2025:00:07:12 +0000] "GET /?x=29233051041800& HTTP/1.1" 301 - "-" "meta-externalagent/1.1 (+https://developers.facebook.com/docs/sharing/webmasters/crawler)"
209.74.77.214 - - [20/Jul/2025:00:11:19 +0000] "POST /wp-cron.php?doing_wp_cron=1752970279.8666250705718994140625 HTTP/1.1" 200 - "-" "WordPress/6.8.2; https://kraft-court.cafe"
80.85.246.214 - - [20/Jul/2025:00:11:17 +0000] "GET / HTTP/1.1" 301 - "-" "Mozilla/5.0 (Macintosh; Intel Mac OS X 10_15_7) AppleWebKit/537.36 (KHTML, like Gecko) Chrome/133.0.0.0 Safari/537.36"
80.85.246.214 - - [20/Jul/2025:00:11:20 +0000] "GET / HTTP/1.1" 200 1849 "https://KRAFT-COURT.CAFE" "Mozilla/5.0 (Macintosh; Intel Mac OS X 10_15_7) AppleWebKit/537.36 (KHTML, like Gecko) Chrome/133.0.0.0 Safari/537.36"
80.85.246.214 - - [20/Jul/2025:00:11:21 +0000] "GET /wp-login.php?action=lostpassword HTTP/1.1" 200 1070 "-" "Mozilla/5.0 (Macintosh; Intel Mac OS X 10_15_7) AppleWebKit/537.36 (KHTML, like Gecko) Chrome/133.0.0.0 Safari/537.36"
31.10.57.8 - - [20/Jul/2025:00:11:23 +0000] "POST /wp-login.php?action=lostpassword HTTP/1.1" 200 1169 "-" "Mozilla/5.0 (Macintosh; Intel Mac OS X 10_15_7) AppleWebKit/537.36 (KHTML, like Gecko) Chrome/133.0.0.0 Safari/537.36"
31.10.57.8 - - [20/Jul/2025:00:11:25 +0000] "POST /wp-login.php?action=lostpassword HTTP/1.1" 200 1139 "-" "Mozilla/5.0 (Windows NT 10.0; Win64; x64) AppleWebKit/537.36 (KHTML, like Gecko) Chrome/120.0.0.0 Safari/537.36"
80.85.246.214 - - [20/Jul/2025:00:11:27 +0000] "GET /wp-login.php HTTP/1.1" 200 1834 "-" "Mozilla/5.0 (Macintosh; Intel Mac OS X 10_15_7) AppleWebKit/537.36 (KHTML, like Gecko) Chrome/133.0.0.0 Safari/537.36"
209.74.77.214 - - [20/Jul/2025:00:12:14 +0000] "POST /wp-cron.php?doing_wp_cron=1752970334.6133379936218261718750 HTTP/1.1" 200 - "-" "WordPress/6.8.2; https://kraft-court.cafe"
57.141.2.11 - - [20/Jul/2025:00:12:13 +0000] "GET /?x=105091568041800& HTTP/1.1" 301 - "-" "meta-externalagent/1.1 (+https://developers.facebook.com/docs/sharing/webmasters/crawler)"
209.74.77.214 - - [20/Jul/2025:00:12:37 +0000] "POST /wp-cron.php?doing_wp_cron=1752970357.2080240249633789062500 HTTP/1.1" 200 - "-" "WordPress/6.8.2; https://kraft-court.cafe"
57.141.2.6 - - [20/Jul/2025:00:12:37 +0000] "GET /?x=105091568041800 HTTP/1.1" 200 5471 "-" "meta-externalagent/1.1 (+https://developers.facebook.com/docs/sharing/webmasters/crawler)"
209.74.77.214 - - [20/Jul/2025:00:13:09 +0000] "POST /wp-cron.php?doing_wp_cron=1752970389.9142839908599853515625 HTTP/1.1" 200 - "-" "WordPress/6.8.2; https://kraft-court.cafe"
57.141.2.30 - - [20/Jul/2025:00:13:08 +0000] "GET /?x=19366023001800& HTTP/1.1" 301 - "-" "meta-externalagent/1.1 (+https://developers.facebook.com/docs/sharing/webmasters/crawler)"
57.141.2.1 - - [20/Jul/2025:00:13:25 +0000] "GET /?x=19366023001800 HTTP/1.1" 200 5469 "-" "meta-externalagent/1.1 (+https://developers.facebook.com/docs/sharing/webmasters/crawler)"
209.74.77.214 - - [20/Jul/2025:00:15:49 +0000] "POST /wp-cron.php?doing_wp_cron=1752970549.0556120872497558593750 HTTP/1.1" 200 - "-" "WordPress/6.8.2; https://kraft-court.cafe"
57.141.2.16 - - [20/Jul/2025:00:15:47 +0000] "GET /?x=105050231021800& HTTP/1.1" 301 - "-" "meta-externalagent/1.1 (+https://developers.facebook.com/docs/sharing/webmasters/crawler)"
209.74.77.214 - - [20/Jul/2025:00:16:54 +0000] "POST /wp-cron.php?doing_wp_cron=1752970614.0402390956878662109375 HTTP/1.1" 200 - "-" "WordPress/6.8.2; https://kraft-court.cafe"
57.141.2.14 - - [20/Jul/2025:00:16:52 +0000] "GET /?x=79960240061800& HTTP/1.1" 301 - "-" "meta-externalagent/1.1 (+https://developers.facebook.com/docs/sharing/webmasters/crawler)"
209.74.77.214 - - [20/Jul/2025:00:18:30 +0000] "POST /wp-cron.php?doing_wp_cron=1752970710.3818569183349609375000 HTTP/1.1" 200 - "-" "WordPress/6.8.2; https://kraft-court.cafe"
57.141.2.8 - - [20/Jul/2025:00:18:29 +0000] "GET /?x=79555250051800& HTTP/1.1" 301 - "-" "meta-externalagent/1.1 (+https://developers.facebook.com/docs/sharing/webmasters/crawler)"
209.74.77.214 - - [20/Jul/2025:00:18:59 +0000] "POST /wp-cron.php?doing_wp_cron=1752970739.4143939018249511718750 HTTP/1.1" 200 - "-" "WordPress/6.8.2; https://kraft-court.cafe"
57.141.2.19 - - [20/Jul/2025:00:18:59 +0000] "GET /?x=50052974091800& HTTP/1.1" 301 - "-" "meta-externalagent/1.1 (+https://developers.facebook.com/docs/sharing/webmasters/crawler)"
209.74.77.214 - - [20/Jul/2025:00:19:40 +0000] "POST /wp-cron.php?doing_wp_cron=1752970780.9283180236816406250000 HTTP/1.1" 200 - "-" "WordPress/6.8.2; https://kraft-court.cafe"
57.141.2.20 - - [20/Jul/2025:00:19:40 +0000] "GET /?x=11486371031800& HTTP/1.1" 301 - "-" "meta-externalagent/1.1 (+https://developers.facebook.com/docs/sharing/webmasters/crawler)"
209.74.77.214 - - [20/Jul/2025:00:19:59 +0000] "POST /wp-cron.php?doing_wp_cron=1752970799.0968179702758789062500 HTTP/1.1" 200 - "-" "WordPress/6.8.2; https://kraft-court.cafe"
57.141.2.8 - - [20/Jul/2025:00:19:58 +0000] "GET /?x=11486371031800 HTTP/1.1" 200 5469 "-" "meta-externalagent/1.1 (+https://developers.facebook.com/docs/sharing/webmasters/crawler)"
188.197.45.147 - - [20/Jul/2025:00:21:41 +0000] "GET /wp-json/wp/v2/users HTTP/1.1" 404 - "-" "Mozilla/4.0 (compatible; Win32; WinHttp.WinHttpRequest.5)"
209.74.77.214 - - [20/Jul/2025:00:22:36 +0000] "POST /wp-cron.php?doing_wp_cron=1752970956.5653860569000244140625 HTTP/1.1" 200 - "-" "WordPress/6.8.2; https://kraft-court.cafe"
188.197.45.147 - - [20/Jul/2025:00:22:35 +0000] "POST /xmlrpc.php HTTP/1.1" 200 403 "-" "Mozilla/5.0 (Windows NT 10.0; Win64; x64) AppleWebKit/537.36 (KHTML, like Gecko) Chrome/91.0.4472.124 Safari/537.36"
209.74.77.214 - - [20/Jul/2025:00:23:20 +0000] "POST /wp-cron.php?doing_wp_cron=1752971000.2790980339050292968750 HTTP/1.1" 200 - "-" "WordPress/6.8.2; https://kraft-court.cafe"
57.141.2.26 - - [20/Jul/2025:00:23:18 +0000] "GET /?x=61173287071800& HTTP/1.1" 301 - "-" "meta-externalagent/1.1 (+https://developers.facebook.com/docs/sharing/webmasters/crawler)"
209.74.77.214 - - [20/Jul/2025:00:23:42 +0000] "POST /wp-cron.php?doing_wp_cron=1752971022.7439599037170410156250 HTTP/1.1" 200 - "-" "WordPress/6.8.2; https://kraft-court.cafe"
188.197.45.147 - - [20/Jul/2025:00:23:42 +0000] "POST /xmlrpc.php HTTP/1.1" 200 403 "-" "Mozilla/5.0 (Windows NT 10.0; Win64; x64) AppleWebKit/537.36 (KHTML, like Gecko) Chrome/91.0.4472.124 Safari/537.36"
209.74.77.214 - - [20/Jul/2025:00:24:25 +0000] "POST /wp-cron.php?doing_wp_cron=1752971065.0735759735107421875000 HTTP/1.1" 200 - "-" "WordPress/6.8.2; https://kraft-court.cafe"
57.141.2.22 - - [20/Jul/2025:00:24:23 +0000] "GET /?x=101924395041800& HTTP/1.1" 301 - "-" "meta-externalagent/1.1 (+https://developers.facebook.com/docs/sharing/webmasters/crawler)"
209.74.77.214 - - [20/Jul/2025:00:24:38 +0000] "POST /wp-cron.php?doing_wp_cron=1752971077.9812788963317871093750 HTTP/1.1" 200 - "-" "WordPress/6.8.2; https://kraft-court.cafe"
188.197.45.147 - - [20/Jul/2025:00:24:37 +0000] "POST /xmlrpc.php HTTP/1.1" 200 403 "-" "Mozilla/5.0 (Windows NT 10.0; Win64; x64) AppleWebKit/537.36 (KHTML, like Gecko) Chrome/91.0.4472.124 Safari/537.36"
209.74.77.214 - - [20/Jul/2025:00:25:39 +0000] "POST /wp-cron.php?doing_wp_cron=1752971139.1295790672302246093750 HTTP/1.1" 200 - "-" "WordPress/6.8.2; https://kraft-court.cafe"
57.141.2.3 - - [20/Jul/2025:00:25:37 +0000] "GET /?x=50305633001800& HTTP/1.1" 301 - "-" "meta-externalagent/1.1 (+https://developers.facebook.com/docs/sharing/webmasters/crawler)"
188.197.45.147 - - [20/Jul/2025:00:25:41 +0000] "POST /xmlrpc.php HTTP/1.1" 200 403 "-" "Mozilla/5.0 (Windows NT 10.0; Win64; x64) AppleWebKit/537.36 (KHTML, like Gecko) Chrome/91.0.4472.124 Safari/537.36"
209.74.77.214 - - [20/Jul/2025:00:26:08 +0000] "POST /wp-cron.php?doing_wp_cron=1752971168.1024858951568603515625 HTTP/1.1" 200 - "-" "WordPress/6.8.2; https://kraft-court.cafe"
57.141.2.6 - - [20/Jul/2025:00:26:07 +0000] "GET /?x=63931465031800& HTTP/1.1" 301 - "-" "meta-externalagent/1.1 (+https://developers.facebook.com/docs/sharing/webmasters/crawler)"
57.141.2.23 - - [20/Jul/2025:00:26:24 +0000] "GET /?x=63931465031800 HTTP/1.1" 200 5469 "-" "meta-externalagent/1.1 (+https://developers.facebook.com/docs/sharing/webmasters/crawler)"
209.74.77.214 - - [20/Jul/2025:00:26:37 +0000] "POST /wp-cron.php?doing_wp_cron=1752971197.6369299888610839843750 HTTP/1.1" 200 - "-" "WordPress/6.8.2; https://kraft-court.cafe"
188.197.45.147 - - [20/Jul/2025:00:26:37 +0000] "POST /xmlrpc.php HTTP/1.1" 200 403 "-" "Mozilla/5.0 (Windows NT 10.0; Win64; x64) AppleWebKit/537.36 (KHTML, like Gecko) Chrome/91.0.4472.124 Safari/537.36"
209.74.77.214 - - [20/Jul/2025:00:26:48 +0000] "POST /wp-cron.php?doing_wp_cron=1752971208.5126810073852539062500 HTTP/1.1" 200 - "-" "WordPress/6.8.2; https://kraft-court.cafe"
57.141.2.26 - - [20/Jul/2025:00:26:48 +0000] "GET /?x=66389865051800& HTTP/1.1" 301 - "-" "meta-externalagent/1.1 (+https://developers.facebook.com/docs/sharing/webmasters/crawler)"
209.74.77.214 - - [20/Jul/2025:00:27:41 +0000] "POST /wp-cron.php?doing_wp_cron=1752971261.2376999855041503906250 HTTP/1.1" 200 - "-" "WordPress/6.8.2; https://kraft-court.cafe"
188.197.45.147 - - [20/Jul/2025:00:27:40 +0000] "POST /xmlrpc.php HTTP/1.1" 200 403 "-" "Mozilla/5.0 (Windows NT 10.0; Win64; x64) AppleWebKit/537.36 (KHTML, like Gecko) Chrome/91.0.4472.124 Safari/537.36"
209.74.77.214 - - [20/Jul/2025:00:28:46 +0000] "POST /wp-cron.php?doing_wp_cron=1752971326.3032510280609130859375 HTTP/1.1" 200 - "-" "WordPress/6.8.2; https://kraft-court.cafe"
188.197.45.147 - - [20/Jul/2025:00:28:45 +0000] "POST /xmlrpc.php HTTP/1.1" 200 403 "-" "Mozilla/5.0 (Windows NT 10.0; Win64; x64) AppleWebKit/537.36 (KHTML, like Gecko) Chrome/91.0.4472.124 Safari/537.36"
209.74.77.214 - - [20/Jul/2025:00:29:54 +0000] "POST /wp-cron.php?doing_wp_cron=1752971394.4847118854522705078125 HTTP/1.1" 200 - "-" "WordPress/6.8.2; https://kraft-court.cafe"
188.197.45.147 - - [20/Jul/2025:00:29:53 +0000] "POST /xmlrpc.php HTTP/1.1" 200 403 "-" "Mozilla/5.0 (Windows NT 10.0; Win64; x64) AppleWebKit/537.36 (KHTML, like Gecko) Chrome/91.0.4472.124 Safari/537.36"
57.141.2.11 - - [20/Jul/2025:00:29:54 +0000] "GET /?x=95481022021800& HTTP/1.1" 301 - "-" "meta-externalagent/1.1 (+https://developers.facebook.com/docs/sharing/webmasters/crawler)"
209.74.77.214 - - [20/Jul/2025:00:30:33 +0000] "POST /wp-cron.php?doing_wp_cron=1752971433.1881051063537597656250 HTTP/1.1" 200 - "-" "WordPress/6.8.2; https://kraft-court.cafe"
57.141.2.21 - - [20/Jul/2025:00:30:31 +0000] "GET /?x=95481022021800 HTTP/1.1" 200 5469 "-" "meta-externalagent/1.1 (+https://developers.facebook.com/docs/sharing/webmasters/crawler)"
209.74.77.214 - - [20/Jul/2025:00:31:02 +0000] "POST /wp-cron.php?doing_wp_cron=1752971462.5070390701293945312500 HTTP/1.1" 200 - "-" "WordPress/6.8.2; https://kraft-court.cafe"
188.197.45.147 - - [20/Jul/2025:00:31:02 +0000] "POST /xmlrpc.php HTTP/1.1" 200 403 "-" "Mozilla/5.0 (Windows NT 10.0; Win64; x64) AppleWebKit/537.36 (KHTML, like Gecko) Chrome/91.0.4472.124 Safari/537.36"
57.141.2.3 - - [20/Jul/2025:00:32:04 +0000] "GET /detail/2211816747.htm HTTP/1.1" 404 - "-" "meta-externalagent/1.1 (+https://developers.facebook.com/docs/sharing/webmasters/crawler)"
57.141.2.25 - - [20/Jul/2025:00:32:18 +0000] "GET /detail/2211628845.htm HTTP/1.1" 404 - "-" "meta-externalagent/1.1 (+https://developers.facebook.com/docs/sharing/webmasters/crawler)"
57.141.2.5 - - [20/Jul/2025:00:32:19 +0000] "GET /detail/2212202071.htm HTTP/1.1" 404 - "-" "meta-externalagent/1.1 (+https://developers.facebook.com/docs/sharing/webmasters/crawler)"
209.74.77.214 - - [20/Jul/2025:00:32:21 +0000] "POST /wp-cron.php?doing_wp_cron=1752971541.4723379611968994140625 HTTP/1.1" 200 - "-" "WordPress/6.8.2; https://kraft-court.cafe"
188.197.45.147 - - [20/Jul/2025:00:32:20 +0000] "POST /xmlrpc.php HTTP/1.1" 200 403 "-" "Mozilla/5.0 (Windows NT 10.0; Win64; x64) AppleWebKit/537.36 (KHTML, like Gecko) Chrome/91.0.4472.124 Safari/537.36"
209.74.77.214 - - [20/Jul/2025:00:33:37 +0000] "POST /wp-cron.php?doing_wp_cron=1752971617.7510590553283691406250 HTTP/1.1" 200 - "-" "WordPress/6.8.2; https://kraft-court.cafe"
188.197.45.147 - - [20/Jul/2025:00:33:36 +0000] "POST /xmlrpc.php HTTP/1.1" 200 403 "-" "Mozilla/5.0 (Windows NT 10.0; Win64; x64) AppleWebKit/537.36 (KHTML, like Gecko) Chrome/91.0.4472.124 Safari/537.36"
209.74.77.214 - - [20/Jul/2025:00:33:45 +0000] "POST /wp-cron.php?doing_wp_cron=1752971625.1676509380340576171875 HTTP/1.1" 200 - "-" "WordPress/6.8.2; https://kraft-court.cafe"
57.141.2.18 - - [20/Jul/2025:00:33:44 +0000] "GET /?x=34330160071800& HTTP/1.1" 301 - "-" "meta-externalagent/1.1 (+https://developers.facebook.com/docs/sharing/webmasters/crawler)"
57.141.2.14 - - [20/Jul/2025:00:34:09 +0000] "GET /?x=34330160071800 HTTP/1.1" 200 5469 "-" "meta-externalagent/1.1 (+https://developers.facebook.com/docs/sharing/webmasters/crawler)"
57.141.2.8 - - [20/Jul/2025:00:34:54 +0000] "GET /detail/1296935876.htm HTTP/1.1" 404 - "-" "meta-externalagent/1.1 (+https://developers.facebook.com/docs/sharing/webmasters/crawler)"
209.74.77.214 - - [20/Jul/2025:00:34:54 +0000] "POST /wp-cron.php?doing_wp_cron=1752971694.3025190830230712890625 HTTP/1.1" 200 - "-" "WordPress/6.8.2; https://kraft-court.cafe"
188.197.45.147 - - [20/Jul/2025:00:34:53 +0000] "POST /xmlrpc.php HTTP/1.1" 200 403 "-" "Mozilla/5.0 (Windows NT 10.0; Win64; x64) AppleWebKit/537.36 (KHTML, like Gecko) Chrome/91.0.4472.124 Safari/537.36"
57.141.2.7 - - [20/Jul/2025:00:35:07 +0000] "GET /detail/2211814529.htm HTTP/1.1" 404 - "-" "meta-externalagent/1.1 (+https://developers.facebook.com/docs/sharing/webmasters/crawler)"
209.74.77.214 - - [20/Jul/2025:00:36:11 +0000] "POST /wp-cron.php?doing_wp_cron=1752971771.1764500141143798828125 HTTP/1.1" 200 - "-" "WordPress/6.8.2; https://kraft-court.cafe"
188.197.45.147 - - [20/Jul/2025:00:36:09 +0000] "POST /xmlrpc.php HTTP/1.1" 200 403 "-" "Mozilla/5.0 (Windows NT 10.0; Win64; x64) AppleWebKit/537.36 (KHTML, like Gecko) Chrome/91.0.4472.124 Safari/537.36"
45.227.253.15 - - [20/Jul/2025:00:36:38 +0000] "GET /?of=1 HTTP/1.1" 200 7981 "-" "Mozilla/5.0 (Windows NT 10.0; Win64; x64; rv:83.0) Gecko/20100101 Firefox/83.0"
209.74.77.214 - - [20/Jul/2025:00:36:44 +0000] "POST /wp-cron.php?doing_wp_cron=1752971804.8997490406036376953125 HTTP/1.1" 200 - "-" "WordPress/6.8.2; https://kraft-court.cafe"
57.141.2.22 - - [20/Jul/2025:00:36:44 +0000] "GET /?x=177987051800& HTTP/1.1" 301 - "-" "meta-externalagent/1.1 (+https://developers.facebook.com/docs/sharing/webmasters/crawler)"
57.141.2.4 - - [20/Jul/2025:00:36:49 +0000] "GET /?x=177987051800 HTTP/1.1" 200 5465 "-" "meta-externalagent/1.1 (+https://developers.facebook.com/docs/sharing/webmasters/crawler)"
188.197.45.147 - - [20/Jul/2025:00:37:28 +0000] "POST /xmlrpc.php HTTP/1.1" 200 403 "-" "Mozilla/5.0 (Windows NT 10.0; Win64; x64) AppleWebKit/537.36 (KHTML, like Gecko) Chrome/91.0.4472.124 Safari/537.36"
209.74.77.214 - - [20/Jul/2025:00:38:36 +0000] "POST /wp-cron.php?doing_wp_cron=1752971916.3255579471588134765625 HTTP/1.1" 200 - "-" "WordPress/6.8.2; https://kraft-court.cafe"
57.141.2.23 - - [20/Jul/2025:00:38:34 +0000] "GET /?x=80453680031800& HTTP/1.1" 301 - "-" "meta-externalagent/1.1 (+https://developers.facebook.com/docs/sharing/webmasters/crawler)"
188.197.45.147 - - [20/Jul/2025:00:38:36 +0000] "POST /xmlrpc.php HTTP/1.1" 200 403 "-" "Mozilla/5.0 (Windows NT 10.0; Win64; x64) AppleWebKit/537.36 (KHTML, like Gecko) Chrome/91.0.4472.124 Safari/537.36"
209.74.77.214 - - [20/Jul/2025:00:39:41 +0000] "POST /wp-cron.php?doing_wp_cron=1752971981.8113670349121093750000 HTTP/1.1" 200 - "-" "WordPress/6.8.2; https://kraft-court.cafe"
188.197.45.147 - - [20/Jul/2025:00:39:41 +0000] "POST /xmlrpc.php HTTP/1.1" 200 403 "-" "Mozilla/5.0 (Windows NT 10.0; Win64; x64) AppleWebKit/537.36 (KHTML, like Gecko) Chrome/91.0.4472.124 Safari/537.36"
209.74.77.214 - - [20/Jul/2025:00:40:20 +0000] "POST /wp-cron.php?doing_wp_cron=1752972020.7465810775756835937500 HTTP/1.1" 200 - "-" "WordPress/6.8.2; https://kraft-court.cafe"
57.141.2.3 - - [20/Jul/2025:00:40:19 +0000] "GET /?x=82982684051800& HTTP/1.1" 301 - "-" "meta-externalagent/1.1 (+https://developers.facebook.com/docs/sharing/webmasters/crawler)"
57.141.2.26 - - [20/Jul/2025:00:40:26 +0000] "GET /?x=14504660011800& HTTP/1.1" 301 - "-" "meta-externalagent/1.1 (+https://developers.facebook.com/docs/sharing/webmasters/crawler)"
209.74.77.214 - - [20/Jul/2025:00:40:46 +0000] "POST /wp-cron.php?doing_wp_cron=1752972046.6663761138916015625000 HTTP/1.1" 200 - "-" "WordPress/6.8.2; https://kraft-court.cafe"
188.197.45.147 - - [20/Jul/2025:00:40:46 +0000] "POST /xmlrpc.php HTTP/1.1" 200 403 "-" "Mozilla/5.0 (Windows NT 10.0; Win64; x64) AppleWebKit/537.36 (KHTML, like Gecko) Chrome/91.0.4472.124 Safari/537.36"
85.215.154.81 - - [20/Jul/2025:00:41:47 +0000] "GET /style.php HTTP/1.1" 404 - "www.google.com" "Mozlila/5.0 (Linux; Android 7.0; SM-G892A Bulid/NRD90M; wv) AppleWebKit/537.36 (KHTML, like Gecko) Version/4.0 Chrome/60.0.3112.107 Moblie Safari/537.36"
209.74.77.214 - - [20/Jul/2025:00:41:50 +0000] "POST /wp-cron.php?doing_wp_cron=1752972110.4016189575195312500000 HTTP/1.1" 200 - "-" "WordPress/6.8.2; https://kraft-court.cafe"
188.197.45.147 - - [20/Jul/2025:00:41:49 +0000] "POST /xmlrpc.php HTTP/1.1" 200 403 "-" "Mozilla/5.0 (Windows NT 10.0; Win64; x64) AppleWebKit/537.36 (KHTML, like Gecko) Chrome/91.0.4472.124 Safari/537.36"
209.74.77.214 - - [20/Jul/2025:00:42:46 +0000] "POST /wp-cron.php?doing_wp_cron=1752972166.5629019737243652343750 HTTP/1.1" 200 - "-" "WordPress/6.8.2; https://kraft-court.cafe"
57.141.2.27 - - [20/Jul/2025:00:42:45 +0000] "GET /?x=82097627091800& HTTP/1.1" 301 - "-" "meta-externalagent/1.1 (+https://developers.facebook.com/docs/sharing/webmasters/crawler)"
188.197.45.147 - - [20/Jul/2025:00:42:56 +0000] "POST /xmlrpc.php HTTP/1.1" 200 403 "-" "Mozilla/5.0 (Windows NT 10.0; Win64; x64) AppleWebKit/537.36 (KHTML, like Gecko) Chrome/91.0.4472.124 Safari/537.36"
66.249.65.35 - - [20/Jul/2025:00:42:58 +0000] "GET /?x=99461379041800&mod=48584348&uri=pin.php?detail/4405800.htm HTTP/1.1" 200 18521 "-" "Mozilla/5.0 (Linux; Android 6.0.1; Nexus 5X Build/MMB29P) AppleWebKit/537.36 (KHTML, like Gecko) Chrome/137.0.7151.103 Mobile Safari/537.36 (compatible; Googlebot/2.1; +http://www.google.com/bot.html)"
209.74.77.214 - - [20/Jul/2025:00:43:51 +0000] "POST /wp-cron.php?doing_wp_cron=1752972231.0513501167297363281250 HTTP/1.1" 200 - "-" "WordPress/6.8.2; https://kraft-court.cafe"
188.197.45.147 - - [20/Jul/2025:00:43:50 +0000] "POST /xmlrpc.php HTTP/1.1" 200 403 "-" "Mozilla/5.0 (Windows NT 10.0; Win64; x64) AppleWebKit/537.36 (KHTML, like Gecko) Chrome/91.0.4472.124 Safari/537.36"
209.74.77.214 - - [20/Jul/2025:00:44:50 +0000] "POST /wp-cron.php?doing_wp_cron=1752972290.8609890937805175781250 HTTP/1.1" 200 - "-" "WordPress/6.8.2; https://kraft-court.cafe"
188.197.45.147 - - [20/Jul/2025:00:44:50 +0000] "POST /xmlrpc.php HTTP/1.1" 200 403 "-" "Mozilla/5.0 (Windows NT 10.0; Win64; x64) AppleWebKit/537.36 (KHTML, like Gecko) Chrome/91.0.4472.124 Safari/537.36"
57.141.2.5 - - [20/Jul/2025:00:45:05 +0000] "GET /?x=59529928021800& HTTP/1.1" 301 - "-" "meta-externalagent/1.1 (+https://developers.facebook.com/docs/sharing/webmasters/crawler)"
57.141.2.5 - - [20/Jul/2025:00:45:15 +0000] "GET /?x=59529928021800 HTTP/1.1" 200 5469 "-" "meta-externalagent/1.1 (+https://developers.facebook.com/docs/sharing/webmasters/crawler)"
209.74.77.214 - - [20/Jul/2025:00:45:54 +0000] "POST /wp-cron.php?doing_wp_cron=1752972354.3661239147186279296875 HTTP/1.1" 200 - "-" "WordPress/6.8.2; https://kraft-court.cafe"
188.197.45.147 - - [20/Jul/2025:00:45:53 +0000] "POST /xmlrpc.php HTTP/1.1" 200 403 "-" "Mozilla/5.0 (Windows NT 10.0; Win64; x64) AppleWebKit/537.36 (KHTML, like Gecko) Chrome/91.0.4472.124 Safari/537.36"
57.141.2.24 - - [20/Jul/2025:00:45:57 +0000] "GET /?x=14005826001800& HTTP/1.1" 301 - "-" "meta-externalagent/1.1 (+https://developers.facebook.com/docs/sharing/webmasters/crawler)"
209.74.77.214 - - [20/Jul/2025:00:46:51 +0000] "POST /wp-cron.php?doing_wp_cron=1752972411.5095489025115966796875 HTTP/1.1" 200 - "-" "WordPress/6.8.2; https://kraft-court.cafe"
188.197.45.147 - - [20/Jul/2025:00:46:50 +0000] "POST /xmlrpc.php HTTP/1.1" 200 403 "-" "Mozilla/5.0 (Windows NT 10.0; Win64; x64) AppleWebKit/537.36 (KHTML, like Gecko) Chrome/91.0.4472.124 Safari/537.36"
209.74.77.214 - - [20/Jul/2025:00:47:51 +0000] "POST /wp-cron.php?doing_wp_cron=1752972471.1398079395294189453125 HTTP/1.1" 200 - "-" "WordPress/6.8.2; https://kraft-court.cafe"
57.141.2.6 - - [20/Jul/2025:00:47:49 +0000] "GET /?x=10585438071800& HTTP/1.1" 301 - "-" "meta-externalagent/1.1 (+https://developers.facebook.com/docs/sharing/webmasters/crawler)"
188.197.45.147 - - [20/Jul/2025:00:47:54 +0000] "POST /xmlrpc.php HTTP/1.1" 200 403 "-" "Mozilla/5.0 (Windows NT 10.0; Win64; x64) AppleWebKit/537.36 (KHTML, like Gecko) Chrome/91.0.4472.124 Safari/537.36"
57.141.2.23 - - [20/Jul/2025:00:48:12 +0000] "GET /?x=1033523001800& HTTP/1.1" 301 - "-" "meta-externalagent/1.1 (+https://developers.facebook.com/docs/sharing/webmasters/crawler)"
209.74.77.214 - - [20/Jul/2025:00:48:50 +0000] "POST /wp-cron.php?doing_wp_cron=1752972530.4696440696716308593750 HTTP/1.1" 200 - "-" "WordPress/6.8.2; https://kraft-court.cafe"
188.197.45.147 - - [20/Jul/2025:00:48:49 +0000] "POST /xmlrpc.php HTTP/1.1" 200 403 "-" "Mozilla/5.0 (Windows NT 10.0; Win64; x64) AppleWebKit/537.36 (KHTML, like Gecko) Chrome/91.0.4472.124 Safari/537.36"
57.141.2.8 - - [20/Jul/2025:00:48:52 +0000] "GET /?x=1033523001800 HTTP/1.1" 200 5467 "-" "meta-externalagent/1.1 (+https://developers.facebook.com/docs/sharing/webmasters/crawler)"
209.74.77.214 - - [20/Jul/2025:00:49:45 +0000] "POST /wp-cron.php?doing_wp_cron=1752972585.3215990066528320312500 HTTP/1.1" 200 - "-" "WordPress/6.8.2; https://kraft-court.cafe"
57.141.2.28 - - [20/Jul/2025:00:49:43 +0000] "GET /?x=7835326091800& HTTP/1.1" 301 - "-" "meta-externalagent/1.1 (+https://developers.facebook.com/docs/sharing/webmasters/crawler)"
188.197.45.147 - - [20/Jul/2025:00:50:00 +0000] "POST /xmlrpc.php HTTP/1.1" 200 403 "-" "Mozilla/5.0 (Windows NT 10.0; Win64; x64) AppleWebKit/537.36 (KHTML, like Gecko) Chrome/91.0.4472.124 Safari/537.36"
209.74.77.214 - - [20/Jul/2025:00:50:54 +0000] "POST /wp-cron.php?doing_wp_cron=1752972654.5282940864562988281250 HTTP/1.1" 200 - "-" "WordPress/6.8.2; https://kraft-court.cafe"
