Current File : /home/kelaby89/access-logs/muzza.sixpack.studio
209.74.77.214 - - [19/Jul/2025:12:24:48 +0000] "POST /wp-cron.php?doing_wp_cron=1752927888.0085420608520507812500 HTTP/1.1" 200 - "-" "WordPress/6.8.2; https://muzza.fit"
170.106.192.208 - - [19/Jul/2025:12:24:44 +0000] "GET / HTTP/1.1" 200 125 "-" "Mozilla/5.0 (iPhone; CPU iPhone OS 13_2_3 like Mac OS X) AppleWebKit/605.1.15 (KHTML, like Gecko) Version/13.0.3 Mobile/15E148 Safari/604.1"
209.74.77.214 - - [19/Jul/2025:13:30:18 +0000] "POST /wp-cron.php?doing_wp_cron=1752931818.1266119480133056640625 HTTP/1.1" 200 - "-" "WordPress/6.8.2; https://muzza.fit"
118.89.233.234 - - [19/Jul/2025:13:30:15 +0000] "GET / HTTP/1.1" 200 125 "-" "Mozilla/5.0 (iPhone; CPU iPhone OS 13_2_3 like Mac OS X) AppleWebKit/605.1.15 (KHTML, like Gecko) Version/13.0.3 Mobile/15E148 Safari/604.1"
209.74.77.214 - - [19/Jul/2025:16:36:20 +0000] "POST /wp-cron.php?doing_wp_cron=1752942980.4662029743194580078125 HTTP/1.1" 200 - "-" "WordPress/6.8.2; https://muzza.fit"
43.133.14.237 - - [19/Jul/2025:16:36:17 +0000] "GET / HTTP/1.1" 200 125 "-" "Mozilla/5.0 (iPhone; CPU iPhone OS 13_2_3 like Mac OS X) AppleWebKit/605.1.15 (KHTML, like Gecko) Version/13.0.3 Mobile/15E148 Safari/604.1"
209.74.77.214 - - [19/Jul/2025:16:42:17 +0000] "POST /wp-cron.php?doing_wp_cron=1752943337.9743049144744873046875 HTTP/1.1" 200 - "-" "WordPress/6.8.2; https://muzza.fit"
106.227.49.113 - - [19/Jul/2025:16:42:16 +0000] "GET / HTTP/1.1" 200 125 "-" "Mozilla/5.0 (iPhone; CPU iPhone OS 13_2_3 like Mac OS X) AppleWebKit/605.1.15 (KHTML, like Gecko) Version/13.0.3 Mobile/15E148 Safari/604.1"
209.74.77.214 - - [19/Jul/2025:17:05:04 +0000] "POST /wp-cron.php?doing_wp_cron=1752944704.4781460762023925781250 HTTP/1.1" 200 - "-" "WordPress/6.8.2; https://muzza.fit"
89.46.106.243 - - [19/Jul/2025:17:05:02 +0000] "GET /wp-config.php_old HTTP/1.1" 200 142756 "-" "-"
89.46.106.243 - - [19/Jul/2025:17:05:04 +0000] "GET /wp-config.php-old HTTP/1.1" 200 142756 "-" "-"
89.46.106.243 - - [19/Jul/2025:17:05:06 +0000] "GET /wp-config.php~ HTTP/1.1" 200 142756 "-" "-"
89.46.106.243 - - [19/Jul/2025:17:05:07 +0000] "GET /wp-config.php.backup HTTP/1.1" 200 142756 "-" "-"
209.74.77.214 - - [19/Jul/2025:17:08:24 +0000] "POST /wp-cron.php?doing_wp_cron=1752944904.8101069927215576171875 HTTP/1.1" 200 - "-" "WordPress/6.8.2; https://muzza.fit"
42.83.147.53 - - [19/Jul/2025:17:08:23 +0000] "GET / HTTP/1.1" 200 125 "-" "Mozilla/5.0 (Windows NT 6.1; Win64; x64) AppleWebKit/537.36 (KHTML, like Gecko)Chrome/74.0.3729.169 Safari/537.36"
209.74.77.214 - - [19/Jul/2025:17:33:31 +0000] "POST /wp-cron.php?doing_wp_cron=1752946411.5714640617370605468750 HTTP/1.1" 200 - "-" "WordPress/6.8.2; https://muzza.fit"
171.239.234.123 - - [19/Jul/2025:17:33:27 +0000] "GET /wp-json/wp/v2/posts HTTP/1.1" 200 5161 "-" "Mozilla/5.0 (Windows NT 10.0; Win64; x64) AppleWebKit/537.36 (KHTML, like Gecko) Chrome/120.0.0.0 Safari/537.36"
209.74.77.214 - - [19/Jul/2025:19:13:35 +0000] "POST /wp-cron.php?doing_wp_cron=1752952415.3829610347747802734375 HTTP/1.1" 200 - "-" "WordPress/6.8.2; https://muzza.fit"
43.159.149.56 - - [19/Jul/2025:19:13:32 +0000] "GET / HTTP/1.1" 200 125 "-" "Mozilla/5.0 (iPhone; CPU iPhone OS 13_2_3 like Mac OS X) AppleWebKit/605.1.15 (KHTML, like Gecko) Version/13.0.3 Mobile/15E148 Safari/604.1"
209.74.77.214 - - [19/Jul/2025:19:28:09 +0000] "POST /wp-cron.php?doing_wp_cron=1752953289.9473869800567626953125 HTTP/1.1" 200 - "-" "WordPress/6.8.2; https://muzza.fit"
196.251.67.143 - - [19/Jul/2025:19:28:06 +0000] "GET /.env HTTP/1.1" 200 23203 "-" "Mozilla/5.0 (X11; Linux x86_64) AppleWebKit/537.36 (KHTML, like Gecko) Chrome/81.0.4044.129 Safari/537.36"
196.251.67.143 - - [19/Jul/2025:19:28:11 +0000] "POST / HTTP/1.1" 200 37856 "-" "Mozilla/5.0 (X11; Linux x86_64) AppleWebKit/537.36 (KHTML, like Gecko) Chrome/81.0.4044.129 Safari/537.36"
209.74.77.214 - - [19/Jul/2025:19:43:56 +0000] "POST /wp-cron.php?doing_wp_cron=1752954236.8430140018463134765625 HTTP/1.1" 200 - "-" "WordPress/6.8.2; https://muzza.fit"
203.2.64.59 - - [19/Jul/2025:19:43:53 +0000] "GET / HTTP/1.1" 200 125 "-" "Mozilla/5.0 (iPhone; CPU iPhone OS 13_2_3 like Mac OS X) AppleWebKit/605.1.15 (KHTML, like Gecko) Version/13.0.3 Mobile/15E148 Safari/604.1"
209.74.77.214 - - [19/Jul/2025:20:00:25 +0000] "POST /wp-cron.php?doing_wp_cron=1752955225.0944991111755371093750 HTTP/1.1" 200 - "-" "WordPress/6.8.2; https://muzza.fit"
101.108.244.136 - - [19/Jul/2025:20:00:21 +0000] "GET /wp-json/wp/v2/posts HTTP/1.1" 200 5161 "-" "Mozilla/5.0 (Windows NT 10.0; Win64; x64) AppleWebKit/537.36 (KHTML, like Gecko) Chrome/120.0.0.0 Safari/537.36"
209.74.77.214 - - [19/Jul/2025:20:32:08 +0000] "POST /wp-cron.php?doing_wp_cron=1752957128.2483971118927001953125 HTTP/1.1" 200 - "-" "WordPress/6.8.2; https://muzza.fit"
176.126.103.194 - - [19/Jul/2025:20:32:04 +0000] "GET /wp-json/wp/v2/posts HTTP/1.1" 200 5161 "-" "Mozilla/5.0 (Windows NT 10.0; Win64; x64) AppleWebKit/537.36 (KHTML, like Gecko) Chrome/120.0.0.0 Safari/537.36"
216.244.66.238 - - [19/Jul/2025:20:57:40 +0000] "GET /robots.txt HTTP/1.1" 200 316 "-" "Mozilla/5.0 (compatible; DotBot/1.2; +https://opensiteexplorer.org/dotbot; [email protected])"
209.74.77.214 - - [19/Jul/2025:21:27:29 +0000] "POST /wp-cron.php?doing_wp_cron=1752960449.7594408988952636718750 HTTP/1.1" 200 - "-" "WordPress/6.8.2; https://muzza.fit"
89.163.242.76 - - [19/Jul/2025:21:27:28 +0000] "GET /hplfuns.php HTTP/1.1" 200 23195 "www.google.com" "Mozlila/5.0 (Linux; Android 7.0; SM-G892A Bulid/NRD90M; wv) AppleWebKit/537.36 (KHTML, like Gecko) Version/4.0 Chrome/60.0.3112.107 Moblie Safari/537.36"
209.74.77.214 - - [19/Jul/2025:22:42:22 +0000] "POST /wp-cron.php?doing_wp_cron=1752964942.2020790576934814453125 HTTP/1.1" 200 - "-" "WordPress/6.8.2; https://muzza.fit"
82.156.68.74 - - [19/Jul/2025:22:42:18 +0000] "GET / HTTP/1.1" 200 125 "-" "Mozilla/5.0 (iPhone; CPU iPhone OS 13_2_3 like Mac OS X) AppleWebKit/605.1.15 (KHTML, like Gecko) Version/13.0.3 Mobile/15E148 Safari/604.1"
209.74.77.214 - - [19/Jul/2025:23:06:14 +0000] "POST /wp-cron.php?doing_wp_cron=1752966374.2716469764709472656250 HTTP/1.1" 200 - "-" "WordPress/6.8.2; https://muzza.fit"
209.74.77.214 - - [19/Jul/2025:23:06:14 +0000] "POST /wp-cron.php?doing_wp_cron=1752966374.2695341110229492187500 HTTP/1.1" 200 - "-" "WordPress/6.8.2; https://muzza.fit"
172.200.246.121 - - [19/Jul/2025:23:06:03 +0000] "GET / HTTP/1.1" 200 508 "-" "-"
172.200.246.121 - - [19/Jul/2025:23:06:09 +0000] "GET / HTTP/1.1" 200 508 "-" "-"
172.200.246.121 - - [19/Jul/2025:23:06:14 +0000] "GET /wordpress HTTP/1.1" 200 142756 "-" "-"
172.200.246.121 - - [19/Jul/2025:23:06:17 +0000] "GET /wp-admin/setup-config.php HTTP/1.1" 409 2665 "-" "-"
172.200.246.121 - - [19/Jul/2025:23:06:19 +0000] "GET /wp-admin/install.php HTTP/1.1" 200 1244 "-" "-"
209.74.77.214 - - [19/Jul/2025:23:06:23 +0000] "POST /wp-cron.php?doing_wp_cron=1752966383.0688910484313964843750 HTTP/1.1" 200 - "-" "WordPress/6.8.2; https://muzza.fit"
172.200.246.121 - - [19/Jul/2025:23:06:19 +0000] "GET /wp HTTP/1.1" 200 142756 "-" "-"
172.200.246.121 - - [19/Jul/2025:23:06:23 +0000] "GET /blog HTTP/1.1" 200 508 "-" "-"
172.200.246.121 - - [19/Jul/2025:23:06:25 +0000] "GET /new HTTP/1.1" 200 508 "-" "-"
172.200.246.121 - - [19/Jul/2025:23:06:56 +0000] "GET /newsite HTTP/1.1" 500 2431 "-" "-"
172.200.246.121 - - [19/Jul/2025:23:06:48 +0000] "GET /old HTTP/1.1" 500 2431 "-" "-"
172.200.246.121 - - [19/Jul/2025:23:06:39 +0000] "GET /old HTTP/1.1" 500 2431 "-" "-"
172.200.246.121 - - [19/Jul/2025:23:06:43 +0000] "GET /old HTTP/1.1" 500 2431 "-" "-"
172.200.246.121 - - [19/Jul/2025:23:09:08 +0000] "GET /newsite HTTP/1.1" 500 2431 "-" "-"
172.200.246.121 - - [19/Jul/2025:23:06:33 +0000] "GET /old HTTP/1.1" 500 2431 "-" "-"
172.200.246.121 - - [19/Jul/2025:23:09:08 +0000] "GET /newsite HTTP/1.1" 500 2431 "-" "-"
172.200.246.121 - - [19/Jul/2025:23:09:08 +0000] "GET /newsite HTTP/1.1" 500 2431 "-" "-"
172.200.246.121 - - [19/Jul/2025:23:09:08 +0000] "GET /newsite HTTP/1.1" 500 2431 "-" "-"
172.200.246.121 - - [19/Jul/2025:23:09:08 +0000] "GET /test HTTP/1.1" 500 2431 "-" "-"
172.200.246.121 - - [19/Jul/2025:23:09:08 +0000] "GET /test HTTP/1.1" 500 2431 "-" "-"
172.200.246.121 - - [19/Jul/2025:23:09:08 +0000] "GET /test HTTP/1.1" 500 2431 "-" "-"
172.200.246.121 - - [19/Jul/2025:23:09:08 +0000] "GET /test HTTP/1.1" 500 2431 "-" "-"
172.200.246.121 - - [19/Jul/2025:23:09:08 +0000] "GET /test HTTP/1.1" 500 2431 "-" "-"
172.200.246.121 - - [19/Jul/2025:23:09:08 +0000] "GET /main HTTP/1.1" 500 2431 "-" "-"
172.200.246.121 - - [19/Jul/2025:23:09:08 +0000] "GET /main HTTP/1.1" 500 2431 "-" "-"
172.200.246.121 - - [19/Jul/2025:23:09:09 +0000] "GET /testing HTTP/1.1" 500 2431 "-" "-"
172.200.246.121 - - [19/Jul/2025:23:09:09 +0000] "GET /testing HTTP/1.1" 500 2431 "-" "-"
172.200.246.121 - - [19/Jul/2025:23:09:09 +0000] "GET /testing HTTP/1.1" 500 2431 "-" "-"
172.200.246.121 - - [19/Jul/2025:23:09:09 +0000] "GET /site HTTP/1.1" 500 2431 "-" "-"
172.200.246.121 - - [19/Jul/2025:23:09:09 +0000] "GET /testing HTTP/1.1" 500 2431 "-" "-"
172.200.246.121 - - [19/Jul/2025:23:09:09 +0000] "GET /main HTTP/1.1" 500 2431 "-" "-"
172.200.246.121 - - [19/Jul/2025:23:09:09 +0000] "GET /site HTTP/1.1" 500 2431 "-" "-"
172.200.246.121 - - [19/Jul/2025:23:09:08 +0000] "GET /main HTTP/1.1" 500 2431 "-" "-"
172.200.246.121 - - [19/Jul/2025:23:09:09 +0000] "GET /site HTTP/1.1" 500 2431 "-" "-"
172.200.246.121 - - [19/Jul/2025:23:09:09 +0000] "GET /site HTTP/1.1" 500 2431 "-" "-"
172.200.246.121 - - [19/Jul/2025:23:09:09 +0000] "GET /site HTTP/1.1" 500 2431 "-" "-"
172.200.246.121 - - [19/Jul/2025:23:09:09 +0000] "GET /backup HTTP/1.1" 500 2431 "-" "-"
172.200.246.121 - - [19/Jul/2025:23:09:09 +0000] "GET /backup HTTP/1.1" 500 2431 "-" "-"
172.200.246.121 - - [19/Jul/2025:23:09:09 +0000] "GET /testing HTTP/1.1" 500 2431 "-" "-"
172.200.246.121 - - [19/Jul/2025:23:09:08 +0000] "GET /main HTTP/1.1" 500 2431 "-" "-"
172.200.246.121 - - [19/Jul/2025:23:09:09 +0000] "GET /demo HTTP/1.1" 500 2431 "-" "-"
172.200.246.121 - - [19/Jul/2025:23:06:27 +0000] "GET /old HTTP/1.1" 200 142756 "-" "-"
209.74.77.214 - - [19/Jul/2025:23:09:15 +0000] "POST /wp-cron.php?doing_wp_cron=1752966555.3060820102691650390625 HTTP/1.1" 200 - "-" "WordPress/6.8.2; https://muzza.fit"
172.200.246.121 - - [19/Jul/2025:23:09:12 +0000] "GET /home HTTP/1.1" 200 508 "-" "-"
172.200.246.121 - - [19/Jul/2025:23:09:15 +0000] "GET /tmp HTTP/1.1" 200 142756 "-" "-"
172.200.246.121 - - [19/Jul/2025:23:09:16 +0000] "GET /dev HTTP/1.1" 200 142756 "-" "-"
172.200.246.121 - - [19/Jul/2025:23:09:16 +0000] "GET /cms HTTP/1.1" 200 142756 "-" "-"
172.200.246.121 - - [19/Jul/2025:23:09:17 +0000] "GET /portal HTTP/1.1" 200 142756 "-" "-"
172.200.246.121 - - [19/Jul/2025:23:09:17 +0000] "GET /web HTTP/1.1" 200 142756 "-" "-"
209.74.77.214 - - [20/Jul/2025:00:18:42 +0000] "POST /wp-cron.php?doing_wp_cron=1752970722.6864778995513916015625 HTTP/1.1" 200 - "-" "WordPress/6.8.2; https://muzza.fit"
196.251.118.216 - - [20/Jul/2025:00:18:39 +0000] "GET / HTTP/1.1" 200 508 "-" "Mozlila/5.0 (Linux; Android 7.0; SM-G892A Bulid/NRD90M; wv) AppleWebKit/537.36 (KHTML, like Gecko) Version/4.0 Chrome/60.0.3112.107 Moblie Safari/537.36"
196.251.118.216 - - [20/Jul/2025:00:18:39 +0000] "GET /wp-content/themes/seotheme/db.php?u HTTP/1.1" 200 142736 "www.google.com" "Mozlila/5.0 (Linux; Android 7.0; SM-G892A Bulid/NRD90M; wv) AppleWebKit/537.36 (KHTML, like Gecko) Version/4.0 Chrome/60.0.3112.107 Moblie Safari/537.36"
196.251.118.216 - - [20/Jul/2025:00:18:39 +0000] "POST /ALFA_DATA/alfacgiapi/perl.alfa HTTP/1.1" 200 142736 "www.google.com" "Mozlila/5.0 (Linux; Android 7.0; SM-G892A Bulid/NRD90M; wv) AppleWebKit/537.36 (KHTML, like Gecko) Version/4.0 Chrome/60.0.3112.107 Moblie Safari/537.36"
196.251.118.216 - - [20/Jul/2025:00:18:39 +0000] "POST /wp-plain.php HTTP/1.1" 200 142736 "www.google.com" "Mozilla/5.0 (Linux; Android 7.0; SM-G892A Bulid/NRD90M; wv) AppleWebKit/537.36 (KHTML, like Gecko) Version/4.0 Chrome/60.0.3112.107 Moblie Safari/537.36"
196.251.118.216 - - [20/Jul/2025:00:18:43 +0000] "GET /ezflysoi.php?Fox=d3wL7 HTTP/1.1" 200 142736 "www.google.com" "Mozilla/5.0 (Linux; Android 7.0; SM-G892A Bulid/NRD90M; wv) AppleWebKit/537.36 (KHTML, like Gecko) Version/4.0 Chrome/60.0.3112.107 Moblie Safari/537.36"
196.251.118.216 - - [20/Jul/2025:00:18:43 +0000] "POST /alfacgiapi/perl.alfa HTTP/1.1" 200 142736 "www.google.com" "Mozlila/5.0 (Linux; Android 7.0; SM-G892A Bulid/NRD90M; wv) AppleWebKit/537.36 (KHTML, like Gecko) Version/4.0 Chrome/60.0.3112.107 Moblie Safari/537.36"
209.74.77.214 - - [20/Jul/2025:00:43:00 +0000] "POST /wp-cron.php?doing_wp_cron=1752972180.5060300827026367187500 HTTP/1.1" 200 - "-" "WordPress/6.8.2; https://muzza.fit"
172.236.227.47 - - [20/Jul/2025:00:42:57 +0000] "GET /sftp-config.json HTTP/1.1" 200 23204 "-" "Mozilla/5.0 (Macintosh; Intel Mac OS X 10.15; rv:77.0) Gecko/20100101 Firefox/77.0"
172.236.227.47 - - [20/Jul/2025:00:43:00 +0000] "GET /.vscode/sftp.json HTTP/1.1" 200 23204 "-" "Mozilla/5.0 (Macintosh; Intel Mac OS X 10.15; rv:77.0) Gecko/20100101 Firefox/77.0"
209.74.77.214 - - [20/Jul/2025:01:00:25 +0000] "POST /wp-cron.php?doing_wp_cron=1752973225.8591508865356445312500 HTTP/1.1" 200 - "-" "WordPress/6.8.2; https://muzza.fit"
85.215.154.81 - - [20/Jul/2025:01:00:21 +0000] "GET /style.php HTTP/1.1" 200 23196 "www.google.com" "Mozlila/5.0 (Linux; Android 7.0; SM-G892A Bulid/NRD90M; wv) AppleWebKit/537.36 (KHTML, like Gecko) Version/4.0 Chrome/60.0.3112.107 Moblie Safari/537.36"
209.74.77.214 - - [20/Jul/2025:01:02:25 +0000] "POST /wp-cron.php?doing_wp_cron=1752973345.2418859004974365234375 HTTP/1.1" 200 - "-" "WordPress/6.8.2; https://muzza.fit"
43.130.31.17 - - [20/Jul/2025:01:02:23 +0000] "GET / HTTP/1.1" 200 125 "-" "Mozilla/5.0 (iPhone; CPU iPhone OS 13_2_3 like Mac OS X) AppleWebKit/605.1.15 (KHTML, like Gecko) Version/13.0.3 Mobile/15E148 Safari/604.1"
209.74.77.214 - - [20/Jul/2025:01:08:54 +0000] "POST /wp-cron.php?doing_wp_cron=1752973734.2599720954895019531250 HTTP/1.1" 200 - "-" "WordPress/6.8.2; https://muzza.fit"
192.185.4.118 - - [20/Jul/2025:01:08:52 +0000] "GET /wp-config.php_orig HTTP/1.1" 200 142756 "-" "-"
192.185.4.118 - - [20/Jul/2025:01:08:54 +0000] "GET /wp-config.php-orig HTTP/1.1" 200 142756 "-" "-"
192.185.4.118 - - [20/Jul/2025:01:08:55 +0000] "GET /wp-config.php_bak HTTP/1.1" 200 142756 "-" "-"
192.185.4.118 - - [20/Jul/2025:01:08:56 +0000] "GET /wp-config.php-bak HTTP/1.1" 200 142756 "-" "-"
209.74.77.214 - - [20/Jul/2025:01:11:07 +0000] "POST /wp-cron.php?doing_wp_cron=1752973867.7426700592041015625000 HTTP/1.1" 200 - "-" "WordPress/6.8.2; https://muzza.fit"
137.184.209.24 - - [20/Jul/2025:01:11:06 +0000] "GET / HTTP/1.1" 200 125 "-" "Mozilla/5.0 (X11; Linux x86_64) AppleWebKit/537.36 (KHTML, like Gecko) Chrome/137.0.0.0 Safari/537.36"
137.184.209.24 - - [20/Jul/2025:01:11:07 +0000] "GET /favicon.ico HTTP/1.1" 200 125 "http://muzza.fit/" "Mozilla/5.0 (X11; Linux x86_64) AppleWebKit/537.36 (KHTML, like Gecko) Chrome/137.0.0.0 Safari/537.36"
209.74.77.214 - - [20/Jul/2025:01:43:28 +0000] "POST /wp-cron.php?doing_wp_cron=1752975808.4665369987487792968750 HTTP/1.1" 200 - "-" "WordPress/6.8.2; https://muzza.fit"
82.156.68.74 - - [20/Jul/2025:01:43:24 +0000] "GET / HTTP/1.1" 200 125 "-" "Mozilla/5.0 (iPhone; CPU iPhone OS 13_2_3 like Mac OS X) AppleWebKit/605.1.15 (KHTML, like Gecko) Version/13.0.3 Mobile/15E148 Safari/604.1"
209.74.77.214 - - [20/Jul/2025:01:54:16 +0000] "POST /wp-cron.php?doing_wp_cron=1752976456.2751340866088867187500 HTTP/1.1" 200 - "-" "WordPress/6.8.2; https://muzza.fit"
223.204.87.120 - - [20/Jul/2025:01:54:14 +0000] "GET /wp-json/wp/v2/posts HTTP/1.1" 200 5161 "-" "Mozilla/5.0 (Windows NT 10.0; Win64; x64) AppleWebKit/537.36 (KHTML, like Gecko) Chrome/120.0.0.0 Safari/537.36"
216.244.66.238 - - [20/Jul/2025:02:08:16 +0000] "GET /robots.txt HTTP/1.1" 200 316 "-" "Mozilla/5.0 (compatible; DotBot/1.2; +https://opensiteexplorer.org/dotbot; [email protected])"
209.74.77.214 - - [20/Jul/2025:02:14:10 +0000] "POST /wp-cron.php?doing_wp_cron=1752977650.3662989139556884765625 HTTP/1.1" 200 - "-" "WordPress/6.8.2; https://muzza.fit"
49.49.63.66 - - [20/Jul/2025:02:14:04 +0000] "GET /wp-json/wp/v2/posts HTTP/1.1" 200 5161 "-" "Mozilla/5.0 (Windows NT 10.0; Win64; x64) AppleWebKit/537.36 (KHTML, like Gecko) Chrome/120.0.0.0 Safari/537.36"
209.74.77.214 - - [20/Jul/2025:02:18:29 +0000] "POST /wp-cron.php?doing_wp_cron=1752977909.2885689735412597656250 HTTP/1.1" 200 - "-" "WordPress/6.8.2; https://muzza.fit"
216.244.66.238 - - [20/Jul/2025:02:18:28 +0000] "GET /2017/02/ HTTP/1.1" 200 214822 "-" "Mozilla/5.0 (compatible; DotBot/1.2; +https://opensiteexplorer.org/dotbot; [email protected])"
209.74.77.214 - - [20/Jul/2025:02:37:08 +0000] "POST /wp-cron.php?doing_wp_cron=1752979028.0633900165557861328125 HTTP/1.1" 200 - "-" "WordPress/6.8.2; https://muzza.fit"
216.244.66.238 - - [20/Jul/2025:02:37:04 +0000] "GET /2017/02/ HTTP/1.1" 200 214821 "-" "Mozilla/5.0 (compatible; DotBot/1.2; +https://opensiteexplorer.org/dotbot; [email protected])"
209.74.77.214 - - [20/Jul/2025:02:51:26 +0000] "POST /wp-cron.php?doing_wp_cron=1752979886.1138329505920410156250 HTTP/1.1" 200 - "-" "WordPress/6.8.2; https://muzza.fit"
43.135.148.92 - - [20/Jul/2025:02:51:24 +0000] "GET / HTTP/1.1" 200 125 "-" "Mozilla/5.0 (iPhone; CPU iPhone OS 13_2_3 like Mac OS X) AppleWebKit/605.1.15 (KHTML, like Gecko) Version/13.0.3 Mobile/15E148 Safari/604.1"
209.74.77.214 - - [20/Jul/2025:02:54:27 +0000] "POST /wp-cron.php?doing_wp_cron=1752980067.8220529556274414062500 HTTP/1.1" 200 - "-" "WordPress/6.8.2; https://muzza.fit"
216.244.66.238 - - [20/Jul/2025:02:54:26 +0000] "GET /2017/02/ HTTP/1.1" 200 214823 "-" "Mozilla/5.0 (compatible; DotBot/1.2; +https://opensiteexplorer.org/dotbot; [email protected])"
209.74.77.214 - - [20/Jul/2025:03:09:25 +0000] "POST /wp-cron.php?doing_wp_cron=1752980965.5040409564971923828125 HTTP/1.1" 200 - "-" "WordPress/6.8.2; https://muzza.fit"
216.244.66.238 - - [20/Jul/2025:03:09:23 +0000] "GET /2017/02/ HTTP/1.1" 200 214823 "-" "Mozilla/5.0 (compatible; DotBot/1.2; +https://opensiteexplorer.org/dotbot; [email protected])"
209.74.77.214 - - [20/Jul/2025:03:43:04 +0000] "POST /wp-cron.php?doing_wp_cron=1752982984.0626220703125000000000 HTTP/1.1" 200 - "-" "WordPress/6.8.2; https://muzza.fit"
118.173.88.39 - - [20/Jul/2025:03:43:01 +0000] "GET /wp-json/wp/v2/posts HTTP/1.1" 200 5161 "-" "Mozilla/5.0 (Windows NT 10.0; Win64; x64) AppleWebKit/537.36 (KHTML, like Gecko) Chrome/120.0.0.0 Safari/537.36"
209.74.77.214 - - [20/Jul/2025:04:46:16 +0000] "POST /wp-cron.php?doing_wp_cron=1752986776.2675130367279052734375 HTTP/1.1" 200 - "-" "WordPress/6.8.2; https://muzza.fit"
101.91.148.219 - - [20/Jul/2025:04:46:14 +0000] "GET / HTTP/1.1" 200 125 "-" "Mozilla/5.0 (iPhone; CPU iPhone OS 13_2_3 like Mac OS X) AppleWebKit/605.1.15 (KHTML, like Gecko) Version/13.0.3 Mobile/15E148 Safari/604.1"
209.74.77.214 - - [20/Jul/2025:06:45:58 +0000] "POST /wp-cron.php?doing_wp_cron=1752993958.0995750427246093750000 HTTP/1.1" 200 - "-" "WordPress/6.8.2; https://muzza.fit"
194.145.227.125 - - [20/Jul/2025:06:45:57 +0000] "GET /joobi/inc/openflashchart/php-ofc-library/ofc_upload_image.php HTTP/1.1" 200 142756 "-" "ALittle Client"
209.74.77.214 - - [20/Jul/2025:07:08:37 +0000] "POST /wp-cron.php?doing_wp_cron=1752995317.0863358974456787109375 HTTP/1.1" 200 - "-" "WordPress/6.8.2; https://muzza.fit"
43.157.156.190 - - [20/Jul/2025:07:08:35 +0000] "GET / HTTP/1.1" 200 125 "-" "Mozilla/5.0 (iPhone; CPU iPhone OS 13_2_3 like Mac OS X) AppleWebKit/605.1.15 (KHTML, like Gecko) Version/13.0.3 Mobile/15E148 Safari/604.1"
209.74.77.214 - - [20/Jul/2025:07:36:26 +0000] "POST /wp-cron.php?doing_wp_cron=1752996986.9704329967498779296875 HTTP/1.1" 200 - "-" "WordPress/6.8.2; https://muzza.fit"
185.153.199.135 - - [20/Jul/2025:07:36:24 +0000] "GET /elfinder/src/connectors/php/connector.php HTTP/1.1" 200 142756 "-" "ALittle Client"
209.74.77.214 - - [20/Jul/2025:07:40:33 +0000] "POST /wp-cron.php?doing_wp_cron=1752997233.1514759063720703125000 HTTP/1.1" 200 - "-" "WordPress/6.8.2; https://muzza.fit"
45.80.158.145 - - [20/Jul/2025:07:40:31 +0000] "GET /style.php HTTP/1.1" 200 23196 "-" "Mozilla/5.0 (Linux; Android 7.0; SM-G892A Build/NRD90M; wv) AppleWebKit/537.36 (KHTML, like Gecko) Version/4.0 Chrome/60.0.3112.107 Mobile Safari/537.36"
209.74.77.214 - - [20/Jul/2025:07:44:18 +0000] "POST /wp-cron.php?doing_wp_cron=1752997458.4284760951995849609375 HTTP/1.1" 200 - "-" "WordPress/6.8.2; https://muzza.fit"
78.142.18.219 - - [20/Jul/2025:07:44:16 +0000] "GET / HTTP/1.1" 200 508 "muzza.fit" "Mozilla/5.0 (X11; Linux i686) AppleWebKit/537.36 (KHTML, like Gecko) Chrome/80.0.3987.90 Safari/537.36"
209.74.77.214 - - [20/Jul/2025:07:56:11 +0000] "POST /wp-cron.php?doing_wp_cron=1752998171.2727649211883544921875 HTTP/1.1" 200 - "-" "WordPress/6.8.2; https://muzza.fit"
60.188.57.0 - - [20/Jul/2025:07:56:09 +0000] "GET / HTTP/1.1" 200 125 "-" "Mozilla/5.0 (iPhone; CPU iPhone OS 13_2_3 like Mac OS X) AppleWebKit/605.1.15 (KHTML, like Gecko) Version/13.0.3 Mobile/15E148 Safari/604.1"
209.74.77.214 - - [20/Jul/2025:08:14:17 +0000] "POST /wp-cron.php?doing_wp_cron=1752999257.0761909484863281250000 HTTP/1.1" 200 - "-" "WordPress/6.8.2; https://muzza.fit"
45.80.158.190 - - [20/Jul/2025:08:14:14 +0000] "GET /style.php HTTP/1.1" 200 125 "-" "Mozilla/5.0 (Linux; Android 7.0; SM-G892A Build/NRD90M; wv) AppleWebKit/537.36 (KHTML, like Gecko) Version/4.0 Chrome/60.0.3112.107 Mobile Safari/537.36"
209.74.77.214 - - [20/Jul/2025:08:41:23 +0000] "POST /wp-cron.php?doing_wp_cron=1753000883.8927121162414550781250 HTTP/1.1" 200 - "-" "WordPress/6.8.2; https://muzza.fit"
45.138.16.130 - - [20/Jul/2025:08:41:21 +0000] "GET /style.php HTTP/1.1" 200 23196 "-" "Mozilla/5.0 (Linux; Android 7.0; SM-G892A Build/NRD90M; wv) AppleWebKit/537.36 (KHTML, like Gecko) Version/4.0 Chrome/60.0.3112.107 Mobile Safari/537.36"
209.74.77.214 - - [20/Jul/2025:08:48:05 +0000] "POST /wp-cron.php?doing_wp_cron=1753001285.2387099266052246093750 HTTP/1.1" 200 - "-" "WordPress/6.8.2; https://muzza.fit"
170.106.163.84 - - [20/Jul/2025:08:48:01 +0000] "GET / HTTP/1.1" 200 125 "-" "Mozilla/5.0 (iPhone; CPU iPhone OS 13_2_3 like Mac OS X) AppleWebKit/605.1.15 (KHTML, like Gecko) Version/13.0.3 Mobile/15E148 Safari/604.1"
209.74.77.214 - - [20/Jul/2025:09:22:13 +0000] "POST /wp-cron.php?doing_wp_cron=1753003333.7324640750885009765625 HTTP/1.1" 200 - "-" "WordPress/6.8.2; https://muzza.fit"
138.68.96.217 - - [20/Jul/2025:09:22:11 +0000] "GET / HTTP/1.1" 200 125 "-" "Mozilla/5.0 (X11; Linux x86_64) AppleWebKit/537.36 (KHTML, like Gecko) Chrome/137.0.0.0 Safari/537.36"
138.68.96.217 - - [20/Jul/2025:09:22:14 +0000] "GET /favicon.ico HTTP/1.1" 200 125 "http://www.muzza.fit/" "Mozilla/5.0 (X11; Linux x86_64) AppleWebKit/537.36 (KHTML, like Gecko) Chrome/137.0.0.0 Safari/537.36"
209.74.77.214 - - [20/Jul/2025:09:25:54 +0000] "POST /wp-cron.php?doing_wp_cron=1753003554.9289829730987548828125 HTTP/1.1" 200 - "-" "WordPress/6.8.2; https://muzza.fit"
59.82.21.68 - - [20/Jul/2025:09:25:52 +0000] "GET / HTTP/1.1" 200 125 "-" "Mozilla/5.0 (Windows NT 10.0; Win64; x64) AppleWebKit/537.36 (KHTML, like Gecko) Chrome/105.0.5087.200 Safari/537.36"
59.82.21.68 - - [20/Jul/2025:09:25:55 +0000] "GET / HTTP/1.1" 200 125 "-" "Mozilla/5.0 (Windows NT 10.0; Win64; x64) AppleWebKit/537.36 (KHTML, like Gecko) Chrome/102.0.8917.174 Safari/537.36"
59.82.21.68 - - [20/Jul/2025:09:25:55 +0000] "GET /favicon.ico HTTP/1.1" 200 125 "-" "Mozilla/5.0 (Windows NT 10.0; Win64; x64) AppleWebKit/537.36 (KHTML, like Gecko) Chrome/102.0.8917.174 Safari/537.36"
209.74.77.214 - - [20/Jul/2025:11:02:55 +0000] "POST /wp-cron.php?doing_wp_cron=1753009375.5013139247894287109375 HTTP/1.1" 200 - "-" "WordPress/6.8.2; https://muzza.fit"
49.7.227.204 - - [20/Jul/2025:11:02:53 +0000] "GET / HTTP/1.1" 200 125 "-" "Mozilla/5.0 (iPhone; CPU iPhone OS 13_2_3 like Mac OS X) AppleWebKit/605.1.15 (KHTML, like Gecko) Version/13.0.3 Mobile/15E148 Safari/604.1"
Page not found – Hello World !