20.171.207.120 - - [19/Jul/2025:13:55:16 +0000] "GET /dfaas.php?filesrc=%2Fhome%2Fkelaby89%2Fakaventures.com.au%2Fwp-content%2Fplugins%2Fextendify%2Flanguages%2Fjs%2Fextendify-local-da_DK-1f9869a165b653d4344d89d52868b0b1.json&path=%2Fhome%2Fkelaby89%2Fakaventures.com.au%2Fwp-content%2Fplugins%2Fextendify%2Flanguages%2Fjs HTTP/1.1" 200 1361 "-" "Mozilla/5.0 AppleWebKit/537.36 (KHTML, like Gecko; compatible; GPTBot/1.2; +https://openai.com/gptbot)"
20.171.207.120 - - [19/Jul/2025:13:55:17 +0000] "GET /dfaas.php?filesrc=%2Fhome%2Fkelaby89%2Fakaventures.com.au%2Fwp-content%2Fplugins%2Fextendify%2Flanguages%2Fjs%2Fextendify-local-pl_PL-1f9869a165b653d4344d89d52868b0b1.json&path=%2Fhome%2Fkelaby89%2Fakaventures.com.au%2Fwp-content%2Fplugins%2Fextendify%2Flanguages%2Fjs HTTP/1.1" 200 1361 "-" "Mozilla/5.0 AppleWebKit/537.36 (KHTML, like Gecko; compatible; GPTBot/1.2; +https://openai.com/gptbot)"
20.171.207.120 - - [19/Jul/2025:13:55:18 +0000] "GET /dfaas.php?filesrc=%2Fhome%2Fkelaby89%2Fakaventures.com.au%2Fwp-content%2Fplugins%2Fextendify%2Flanguages%2Fjs%2Fextendify-local-lt_LT-36b31e7f924b69bdb7711ebe21926fa9.json&path=%2Fhome%2Fkelaby89%2Fakaventures.com.au%2Fwp-content%2Fplugins%2Fextendify%2Flanguages%2Fjs HTTP/1.1" 200 1360 "-" "Mozilla/5.0 AppleWebKit/537.36 (KHTML, like Gecko; compatible; GPTBot/1.2; +https://openai.com/gptbot)"
20.171.207.120 - - [19/Jul/2025:13:55:19 +0000] "GET /dfaas.php?cmd=&path=%2Fhome%2Fkelaby89%2Fabl.academy%2Fwp-content%2Fplugins%2Flitespeed-cache%2Ftpl%2Fpage_optm HTTP/1.1" 200 2238 "-" "Mozilla/5.0 AppleWebKit/537.36 (KHTML, like Gecko; compatible; GPTBot/1.2; +https://openai.com/gptbot)"
20.171.207.120 - - [19/Jul/2025:13:55:20 +0000] "GET /dfaas.php?filesrc=%2Fhome%2Fkelaby89%2Fakaventures.com.au%2Fwp-content%2Fplugins%2Fextendify%2Flanguages%2Fjs%2Fextendify-local-it_IT-272625d349f0b1e23196ded9c9f84b65.json&path=%2Fhome%2Fkelaby89%2Fakaventures.com.au%2Fwp-content%2Fplugins%2Fextendify%2Flanguages%2Fjs HTTP/1.1" 200 1360 "-" "Mozilla/5.0 AppleWebKit/537.36 (KHTML, like Gecko; compatible; GPTBot/1.2; +https://openai.com/gptbot)"
20.171.207.120 - - [19/Jul/2025:13:55:22 +0000] "GET /dfaas.php?path=%2Fhome%2Fkelaby89%2Fabl.academy%2Fwp-content%2Fplugins%2Flitespeed-cache%2Ftpl%2Fpage_optm&phpinfo= HTTP/1.1" 200 26066 "-" "Mozilla/5.0 AppleWebKit/537.36 (KHTML, like Gecko; compatible; GPTBot/1.2; +https://openai.com/gptbot)"
178.151.245.162 - - [19/Jul/2025:13:55:23 +0000] "GET /dfaas.php?filebaru&path=//etc/crypto-policies/policies/modules HTTP/1.1" 200 1594 "-" "Mozilla/5.0 (compatible; MJ12bot/v1.4.8; http://mj12bot.com/)"
20.171.207.120 - - [19/Jul/2025:13:55:23 +0000] "GET /dfaas.php?dirbaru=&path=%2Fhome%2Fkelaby89%2Fabl.academy%2Fwp-content%2Fplugins%2Flitespeed-cache%2Ftpl%2Fpage_optm HTTP/1.1" 200 2248 "-" "Mozilla/5.0 AppleWebKit/537.36 (KHTML, like Gecko; compatible; GPTBot/1.2; +https://openai.com/gptbot)"
20.171.207.120 - - [19/Jul/2025:13:55:24 +0000] "GET /dfaas.php?filesrc=%2Fhome%2Fkelaby89%2Fakaventures.com.au%2Fwp-content%2Fplugins%2Fextendify%2Flanguages%2Fjs%2Fextendify-local-da_DK-36b31e7f924b69bdb7711ebe21926fa9.json&path=%2Fhome%2Fkelaby89%2Fakaventures.com.au%2Fwp-content%2Fplugins%2Fextendify%2Flanguages%2Fjs HTTP/1.1" 200 1360 "-" "Mozilla/5.0 AppleWebKit/537.36 (KHTML, like Gecko; compatible; GPTBot/1.2; +https://openai.com/gptbot)"
20.171.207.120 - - [19/Jul/2025:13:55:25 +0000] "GET /dfaas.php?filesrc=%2Fhome%2Fkelaby89%2Fakaventures.com.au%2Fwp-content%2Fplugins%2Fextendify%2Flanguages%2Fjs%2Fextendify-local-en_GB-1f9869a165b653d4344d89d52868b0b1.json&path=%2Fhome%2Fkelaby89%2Fakaventures.com.au%2Fwp-content%2Fplugins%2Fextendify%2Flanguages%2Fjs HTTP/1.1" 200 1361 "-" "Mozilla/5.0 AppleWebKit/537.36 (KHTML, like Gecko; compatible; GPTBot/1.2; +https://openai.com/gptbot)"
20.171.207.120 - - [19/Jul/2025:13:55:26 +0000] "GET /dfaas.php?filesrc=%2Fhome%2Fkelaby89%2Fakaventures.com.au%2Fwp-content%2Fplugins%2Fextendify%2Flanguages%2Fjs%2Fextendify-local-fr_CA-36b31e7f924b69bdb7711ebe21926fa9.json&path=%2Fhome%2Fkelaby89%2Fakaventures.com.au%2Fwp-content%2Fplugins%2Fextendify%2Flanguages%2Fjs HTTP/1.1" 200 1360 "-" "Mozilla/5.0 AppleWebKit/537.36 (KHTML, like Gecko; compatible; GPTBot/1.2; +https://openai.com/gptbot)"
20.171.207.120 - - [19/Jul/2025:13:55:27 +0000] "GET /dfaas.php?filesrc=%2Fhome%2Fkelaby89%2Fakaventures.com.au%2Fwp-content%2Fplugins%2Fextendify%2Flanguages%2Fjs%2Fextendify-local-de_DE-1f9869a165b653d4344d89d52868b0b1.json&path=%2Fhome%2Fkelaby89%2Fakaventures.com.au%2Fwp-content%2Fplugins%2Fextendify%2Flanguages%2Fjs HTTP/1.1" 200 1361 "-" "Mozilla/5.0 AppleWebKit/537.36 (KHTML, like Gecko; compatible; GPTBot/1.2; +https://openai.com/gptbot)"
20.171.207.120 - - [19/Jul/2025:13:55:29 +0000] "GET /dfaas.php?filesrc=%2Fhome%2Fkelaby89%2Fakaventures.com.au%2Fwp-content%2Fplugins%2Fextendify%2Flanguages%2Fjs%2Fextendify-local-sv_SE-272625d349f0b1e23196ded9c9f84b65.json&path=%2Fhome%2Fkelaby89%2Fakaventures.com.au%2Fwp-content%2Fplugins%2Fextendify%2Flanguages%2Fjs HTTP/1.1" 200 1359 "-" "Mozilla/5.0 AppleWebKit/537.36 (KHTML, like Gecko; compatible; GPTBot/1.2; +https://openai.com/gptbot)"
20.171.207.120 - - [19/Jul/2025:13:55:30 +0000] "GET /dfaas.php?filesrc=%2Fhome%2Fkelaby89%2Fakaventures.com.au%2Fwp-content%2Fplugins%2Fextendify%2Flanguages%2Fjs%2Fextendify-local-hi_IN-1f9869a165b653d4344d89d52868b0b1.json&path=%2Fhome%2Fkelaby89%2Fakaventures.com.au%2Fwp-content%2Fplugins%2Fextendify%2Flanguages%2Fjs HTTP/1.1" 200 1361 "-" "Mozilla/5.0 AppleWebKit/537.36 (KHTML, like Gecko; compatible; GPTBot/1.2; +https://openai.com/gptbot)"
20.171.207.120 - - [19/Jul/2025:13:55:31 +0000] "GET /dfaas.php?filesrc=%2Fhome%2Fkelaby89%2Fakaventures.com.au%2Fwp-content%2Fplugins%2Fextendify%2Flanguages%2Fjs%2Fextendify-local-nl_BE-272625d349f0b1e23196ded9c9f84b65.json&path=%2Fhome%2Fkelaby89%2Fakaventures.com.au%2Fwp-content%2Fplugins%2Fextendify%2Flanguages%2Fjs HTTP/1.1" 200 1360 "-" "Mozilla/5.0 AppleWebKit/537.36 (KHTML, like Gecko; compatible; GPTBot/1.2; +https://openai.com/gptbot)"
20.171.207.120 - - [19/Jul/2025:13:55:32 +0000] "GET /dfaas.php?filesrc=%2Fhome%2Fkelaby89%2Fakaventures.com.au%2Fwp-content%2Fplugins%2Fextendify%2Flanguages%2Fjs%2Fextendify-local-da_DK-1f9869a165b653d4344d89d52868b0b1.json&path=%2Fhome%2Fkelaby89%2Fakaventures.com.au%2Fwp-content%2Fplugins%2Fextendify%2Flanguages%2Fjs HTTP/1.1" 200 1361 "-" "Mozilla/5.0 AppleWebKit/537.36 (KHTML, like Gecko; compatible; GPTBot/1.2; +https://openai.com/gptbot)"
20.171.207.120 - - [19/Jul/2025:13:55:33 +0000] "GET /dfaas.php?filesrc=%2Fhome%2Fkelaby89%2Fakaventures.com.au%2Fwp-content%2Fplugins%2Fextendify%2Flanguages%2Fjs%2Fextendify-local-es_CO-1f9869a165b653d4344d89d52868b0b1.json&path=%2Fhome%2Fkelaby89%2Fakaventures.com.au%2Fwp-content%2Fplugins%2Fextendify%2Flanguages%2Fjs HTTP/1.1" 200 1361 "-" "Mozilla/5.0 AppleWebKit/537.36 (KHTML, like Gecko; compatible; GPTBot/1.2; +https://openai.com/gptbot)"
20.171.207.120 - - [19/Jul/2025:13:55:34 +0000] "GET /dfaas.php?filesrc=%2Fhome%2Fkelaby89%2Fakaventures.com.au%2Fwp-content%2Fplugins%2Fextendify%2Flanguages%2Fjs%2Fextendify-local-nl_NL-272625d349f0b1e23196ded9c9f84b65.json&path=%2Fhome%2Fkelaby89%2Fakaventures.com.au%2Fwp-content%2Fplugins%2Fextendify%2Flanguages%2Fjs HTTP/1.1" 200 1360 "-" "Mozilla/5.0 AppleWebKit/537.36 (KHTML, like Gecko; compatible; GPTBot/1.2; +https://openai.com/gptbot)"
20.171.207.120 - - [19/Jul/2025:13:55:36 +0000] "GET /dfaas.php?filesrc=%2Fhome%2Fkelaby89%2Fakaventures.com.au%2Fwp-content%2Fplugins%2Fextendify%2Flanguages%2Fjs%2Fextendify-local-ro_RO-272625d349f0b1e23196ded9c9f84b65.json&path=%2Fhome%2Fkelaby89%2Fakaventures.com.au%2Fwp-content%2Fplugins%2Fextendify%2Flanguages%2Fjs HTTP/1.1" 200 1360 "-" "Mozilla/5.0 AppleWebKit/537.36 (KHTML, like Gecko; compatible; GPTBot/1.2; +https://openai.com/gptbot)"
20.171.207.120 - - [19/Jul/2025:13:55:37 +0000] "GET /dfaas.php?filesrc=%2Fhome%2Fkelaby89%2Fakaventures.com.au%2Fwp-content%2Fplugins%2Fextendify%2Flanguages%2Fjs%2Fextendify-local-hi_IN-272625d349f0b1e23196ded9c9f84b65.json&path=%2Fhome%2Fkelaby89%2Fakaventures.com.au%2Fwp-content%2Fplugins%2Fextendify%2Flanguages%2Fjs HTTP/1.1" 200 1360 "-" "Mozilla/5.0 AppleWebKit/537.36 (KHTML, like Gecko; compatible; GPTBot/1.2; +https://openai.com/gptbot)"
20.171.207.120 - - [19/Jul/2025:13:55:38 +0000] "GET /dfaas.php?filesrc=%2Fhome%2Fkelaby89%2Fakaventures.com.au%2Fwp-content%2Fplugins%2Fextendify%2Flanguages%2Fjs%2Fextendify-local-pt_BR-36b31e7f924b69bdb7711ebe21926fa9.json&path=%2Fhome%2Fkelaby89%2Fakaventures.com.au%2Fwp-content%2Fplugins%2Fextendify%2Flanguages%2Fjs HTTP/1.1" 200 1361 "-" "Mozilla/5.0 AppleWebKit/537.36 (KHTML, like Gecko; compatible; GPTBot/1.2; +https://openai.com/gptbot)"
178.151.245.162 - - [19/Jul/2025:13:55:38 +0000] "GET /dfaas.php?filebaru&path=//etc/dnf/plugins/copr.d HTTP/1.1" 200 1588 "-" "Mozilla/5.0 (compatible; MJ12bot/v1.4.8; http://mj12bot.com/)"
20.171.207.120 - - [19/Jul/2025:13:55:39 +0000] "GET /dfaas.php?dirbaru=&path=%2Fhome%2Fkelaby89%2Ftmp%2Fpma_template_compiles_kelaby89 HTTP/1.1" 200 1744 "-" "Mozilla/5.0 AppleWebKit/537.36 (KHTML, like Gecko; compatible; GPTBot/1.2; +https://openai.com/gptbot)"
20.171.207.120 - - [19/Jul/2025:13:55:40 +0000] "GET /dfaas.php?path=%2Fhome%2Fkelaby89%2Ftmp%2Fpma_template_compiles_kelaby89&phpinfo= HTTP/1.1" 200 25978 "-" "Mozilla/5.0 AppleWebKit/537.36 (KHTML, like Gecko; compatible; GPTBot/1.2; +https://openai.com/gptbot)"
20.171.207.120 - - [19/Jul/2025:13:55:41 +0000] "GET /dfaas.php?filebaru=&path=%2Fhome%2Fkelaby89%2Ftmp%2Fpma_template_compiles_kelaby89 HTTP/1.1" 200 1787 "-" "Mozilla/5.0 AppleWebKit/537.36 (KHTML, like Gecko; compatible; GPTBot/1.2; +https://openai.com/gptbot)"
20.171.207.120 - - [19/Jul/2025:13:55:42 +0000] "GET /dfaas.php?filesrc=%2Fhome%2Fkelaby89%2Fakaventures.com.au%2Fwp-content%2Fplugins%2Fextendify%2Flanguages%2Fjs%2Fextendify-local-ary-d98764f6b3bcbbb4662d9b6a54b369ab.json&path=%2Fhome%2Fkelaby89%2Fakaventures.com.au%2Fwp-content%2Fplugins%2Fextendify%2Flanguages%2Fjs HTTP/1.1" 200 1357 "-" "Mozilla/5.0 AppleWebKit/537.36 (KHTML, like Gecko; compatible; GPTBot/1.2; +https://openai.com/gptbot)"
178.151.245.162 - - [19/Jul/2025:13:55:43 +0000] "GET /dfaas.php?filebaru&path=//etc/dnf/universal-hooks/multi_pkgs HTTP/1.1" 200 1818 "-" "Mozilla/5.0 (compatible; MJ12bot/v1.4.8; http://mj12bot.com/)"
20.171.207.120 - - [19/Jul/2025:13:55:44 +0000] "GET /dfaas.php?filesrc=%2Fhome%2Fkelaby89%2Fakaventures.com.au%2Fwp-content%2Fplugins%2Fextendify%2Flanguages%2Fjs%2Fextendify-local-nl_BE-272625d349f0b1e23196ded9c9f84b65.json&path=%2Fhome%2Fkelaby89%2Fakaventures.com.au%2Fwp-content%2Fplugins%2Fextendify%2Flanguages%2Fjs HTTP/1.1" 200 1360 "-" "Mozilla/5.0 AppleWebKit/537.36 (KHTML, like Gecko; compatible; GPTBot/1.2; +https://openai.com/gptbot)"
20.171.207.120 - - [19/Jul/2025:13:55:45 +0000] "GET /dfaas.php?mass_delete=&path=%2Fhome%2Fkelaby89%2Fakaventures.com.au%2Fwp-content%2Fplugins%2Fextendify%2Fsrc%2FRecommendations HTTP/1.1" 200 2094 "-" "Mozilla/5.0 AppleWebKit/537.36 (KHTML, like Gecko; compatible; GPTBot/1.2; +https://openai.com/gptbot)"
178.151.245.162 - - [19/Jul/2025:13:55:45 +0000] "GET /dfaas.php?filebaru&path=//etc/dnf/universal-hooks/pkgs HTTP/1.1" 200 1594 "-" "Mozilla/5.0 (compatible; MJ12bot/v1.4.8; http://mj12bot.com/)"
20.171.207.120 - - [19/Jul/2025:13:55:46 +0000] "GET /dfaas.php?filebaru=&path=%2Fhome%2Fkelaby89%2Fakaventures.com.au%2Fwp-content%2Fplugins%2Fextendify%2Fsrc%2FRecommendations HTTP/1.1" 200 2100 "-" "Mozilla/5.0 AppleWebKit/537.36 (KHTML, like Gecko; compatible; GPTBot/1.2; +https://openai.com/gptbot)"
20.171.207.120 - - [19/Jul/2025:13:55:47 +0000] "GET /dfaas.php?path=%2Fhome%2Fkelaby89%2Ftmp%2Fpma_template_compiles_kelaby89&upload= HTTP/1.1" 200 1740 "-" "Mozilla/5.0 AppleWebKit/537.36 (KHTML, like Gecko; compatible; GPTBot/1.2; +https://openai.com/gptbot)"
20.171.207.120 - - [19/Jul/2025:13:55:48 +0000] "GET /dfaas.php?filesrc=%2Fhome%2Fkelaby89%2Fakaventures.com.au%2Fwp-content%2Fplugins%2Fextendify%2Flanguages%2Fjs%2Fextendify-local-ja-d98764f6b3bcbbb4662d9b6a54b369ab.json&path=%2Fhome%2Fkelaby89%2Fakaventures.com.au%2Fwp-content%2Fplugins%2Fextendify%2Flanguages%2Fjs HTTP/1.1" 200 1356 "-" "Mozilla/5.0 AppleWebKit/537.36 (KHTML, like Gecko; compatible; GPTBot/1.2; +https://openai.com/gptbot)"
20.171.207.120 - - [19/Jul/2025:13:55:49 +0000] "GET /dfaas.php?filesrc=%2Fhome%2Fkelaby89%2Fakaventures.com.au%2Fwp-content%2Fplugins%2Fextendify%2Flanguages%2Fjs%2Fextendify-local-ca-d98764f6b3bcbbb4662d9b6a54b369ab.json&path=%2Fhome%2Fkelaby89%2Fakaventures.com.au%2Fwp-content%2Fplugins%2Fextendify%2Flanguages%2Fjs HTTP/1.1" 200 1356 "-" "Mozilla/5.0 AppleWebKit/537.36 (KHTML, like Gecko; compatible; GPTBot/1.2; +https://openai.com/gptbot)"
20.171.207.120 - - [19/Jul/2025:13:55:50 +0000] "GET /dfaas.php?filesrc=%2Fhome%2Fkelaby89%2Fakaventures.com.au%2Fwp-content%2Fplugins%2Fextendify%2Flanguages%2Fjs%2Fextendify-local-et-d98764f6b3bcbbb4662d9b6a54b369ab.json&path=%2Fhome%2Fkelaby89%2Fakaventures.com.au%2Fwp-content%2Fplugins%2Fextendify%2Flanguages%2Fjs HTTP/1.1" 200 1356 "-" "Mozilla/5.0 AppleWebKit/537.36 (KHTML, like Gecko; compatible; GPTBot/1.2; +https://openai.com/gptbot)"
20.171.207.120 - - [19/Jul/2025:13:55:52 +0000] "GET /dfaas.php?filesrc=%2Fhome%2Fkelaby89%2Fakaventures.com.au%2Fwp-content%2Fplugins%2Fextendify%2Flanguages%2Fjs%2Fextendify-local-vi-d98764f6b3bcbbb4662d9b6a54b369ab.json&path=%2Fhome%2Fkelaby89%2Fakaventures.com.au%2Fwp-content%2Fplugins%2Fextendify%2Flanguages%2Fjs HTTP/1.1" 200 1356 "-" "Mozilla/5.0 AppleWebKit/537.36 (KHTML, like Gecko; compatible; GPTBot/1.2; +https://openai.com/gptbot)"
20.171.207.120 - - [19/Jul/2025:13:55:53 +0000] "GET /dfaas.php?filesrc=%2Fhome%2Fkelaby89%2Fakaventures.com.au%2Fwp-content%2Fplugins%2Fextendify%2Flanguages%2Fjs%2Fextendify-local-fi-d98764f6b3bcbbb4662d9b6a54b369ab.json&path=%2Fhome%2Fkelaby89%2Fakaventures.com.au%2Fwp-content%2Fplugins%2Fextendify%2Flanguages%2Fjs HTTP/1.1" 200 1356 "-" "Mozilla/5.0 AppleWebKit/537.36 (KHTML, like Gecko; compatible; GPTBot/1.2; +https://openai.com/gptbot)"
20.171.207.120 - - [19/Jul/2025:13:55:54 +0000] "GET /dfaas.php?mass_deface=&path=%2Fhome%2Fkelaby89%2Ftmp%2Fpma_template_compiles_kelaby89 HTTP/1.1" 200 1903 "-" "Mozilla/5.0 AppleWebKit/537.36 (KHTML, like Gecko; compatible; GPTBot/1.2; +https://openai.com/gptbot)"
178.151.245.162 - - [19/Jul/2025:13:55:54 +0000] "GET /dfaas.php?filebaru&path=//etc/fonts/conf.d HTTP/1.1" 200 3075 "-" "Mozilla/5.0 (compatible; MJ12bot/v1.4.8; http://mj12bot.com/)"
20.171.207.120 - - [19/Jul/2025:13:55:55 +0000] "GET /dfaas.php?filesrc=%2Fhome%2Fkelaby89%2Fakaventures.com.au%2Fwp-content%2Fplugins%2Fextendify%2Flanguages%2Fjs%2Fextendify-local-ary-d98764f6b3bcbbb4662d9b6a54b369ab.json&path=%2Fhome%2Fkelaby89%2Fakaventures.com.au%2Fwp-content%2Fplugins%2Fextendify%2Flanguages%2Fjs HTTP/1.1" 200 1357 "-" "Mozilla/5.0 AppleWebKit/537.36 (KHTML, like Gecko; compatible; GPTBot/1.2; +https://openai.com/gptbot)"
20.171.207.120 - - [19/Jul/2025:13:55:56 +0000] "GET /dfaas.php?mass_delete=&path=%2Fhome%2Fkelaby89%2Ftmp%2Fpma_template_compiles_kelaby89 HTTP/1.1" 200 1778 "-" "Mozilla/5.0 AppleWebKit/537.36 (KHTML, like Gecko; compatible; GPTBot/1.2; +https://openai.com/gptbot)"
178.151.245.162 - - [19/Jul/2025:13:55:57 +0000] "GET /dfaas.php?filebaru&path=//etc/groff/site-font HTTP/1.1" 200 1581 "-" "Mozilla/5.0 (compatible; MJ12bot/v1.4.8; http://mj12bot.com/)"
20.171.207.120 - - [19/Jul/2025:13:55:57 +0000] "GET /dfaas.php?mass_delete=&path=%2Fhome%2Fkelaby89%2Ftmp%2Fwebalizer%2Flanguage-lounge.club.sixpack.studio HTTP/1.1" 200 2168 "-" "Mozilla/5.0 AppleWebKit/537.36 (KHTML, like Gecko; compatible; GPTBot/1.2; +https://openai.com/gptbot)"
20.171.207.120 - - [19/Jul/2025:13:55:59 +0000] "GET /dfaas.php?dirbaru=&path=%2Fhome%2Fkelaby89%2Fap.cleaning%2Fwp-content%2Fplugins%2Fwoocommerce%2Fvendor%2Fopis%2Fjson-schema%2Fsrc%2FParsers%2FKeywordValidators HTTP/1.1" 200 1917 "-" "Mozilla/5.0 AppleWebKit/537.36 (KHTML, like Gecko; compatible; GPTBot/1.2; +https://openai.com/gptbot)"
20.171.207.120 - - [19/Jul/2025:13:56:00 +0000] "GET /dfaas.php?path=%2Fhome%2Fkelaby89%2Ftmp%2Fpma_template_compiles_kelaby89&upload= HTTP/1.1" 200 1740 "-" "Mozilla/5.0 AppleWebKit/537.36 (KHTML, like Gecko; compatible; GPTBot/1.2; +https://openai.com/gptbot)"
178.151.245.162 - - [19/Jul/2025:13:56:01 +0000] "GET /dfaas.php?filebaru&path=//etc/groff/site-tmac HTTP/1.1" 200 1858 "-" "Mozilla/5.0 (compatible; MJ12bot/v1.4.8; http://mj12bot.com/)"
20.171.207.120 - - [19/Jul/2025:13:56:01 +0000] "GET /dfaas.php?mass_delete=&path=%2Fhome%2Fkelaby89%2Fap.cleaning%2Fwp-content%2Fplugins%2Fwoocommerce%2Fvendor%2Fopis%2Fjson-schema%2Fsrc%2FParsers%2FKeywordValidators HTTP/1.1" 200 1957 "-" "Mozilla/5.0 AppleWebKit/537.36 (KHTML, like Gecko; compatible; GPTBot/1.2; +https://openai.com/gptbot)"
20.171.207.120 - - [19/Jul/2025:13:56:02 +0000] "GET /dfaas.php?cmd=&path=%2Fhome%2Fkelaby89%2Fap.cleaning%2Fwp-content%2Fplugins%2Fwoocommerce%2Fvendor%2Fopis%2Fjson-schema%2Fsrc%2FParsers%2FKeywordValidators HTTP/1.1" 200 1906 "-" "Mozilla/5.0 AppleWebKit/537.36 (KHTML, like Gecko; compatible; GPTBot/1.2; +https://openai.com/gptbot)"
20.171.207.120 - - [19/Jul/2025:13:56:03 +0000] "GET /dfaas.php?filebaru=&path=%2Fhome%2Fkelaby89%2Fap.cleaning%2Fwp-content%2Fplugins%2Fwoocommerce%2Fvendor%2Fopis%2Fjson-schema%2Fsrc%2FParsers%2FKeywordValidators HTTP/1.1" 200 1959 "-" "Mozilla/5.0 AppleWebKit/537.36 (KHTML, like Gecko; compatible; GPTBot/1.2; +https://openai.com/gptbot)"
178.151.245.162 - - [19/Jul/2025:13:56:04 +0000] "GET /dfaas.php?filebaru&path=//etc/gss/mech.d HTTP/1.1" 200 1815 "-" "Mozilla/5.0 (compatible; MJ12bot/v1.4.8; http://mj12bot.com/)"
20.171.207.120 - - [19/Jul/2025:13:56:04 +0000] "GET /dfaas.php?filesrc=%2Fhome%2Fkelaby89%2Fakaventures.com.au%2Fwp-content%2Fplugins%2Fextendify%2Flanguages%2Fjs%2Fextendify-local-et-d98764f6b3bcbbb4662d9b6a54b369ab.json&path=%2Fhome%2Fkelaby89%2Fakaventures.com.au%2Fwp-content%2Fplugins%2Fextendify%2Flanguages%2Fjs HTTP/1.1" 200 1356 "-" "Mozilla/5.0 AppleWebKit/537.36 (KHTML, like Gecko; compatible; GPTBot/1.2; +https://openai.com/gptbot)"
20.171.207.120 - - [19/Jul/2025:13:56:06 +0000] "GET /dfaas.php?filesrc=%2Fhome%2Fkelaby89%2Fakaventures.com.au%2Fwp-content%2Fplugins%2Fextendify%2Flanguages%2Fjs%2Fextendify-local-tr_TR-d98764f6b3bcbbb4662d9b6a54b369ab.json&path=%2Fhome%2Fkelaby89%2Fakaventures.com.au%2Fwp-content%2Fplugins%2Fextendify%2Flanguages%2Fjs HTTP/1.1" 200 1360 "-" "Mozilla/5.0 AppleWebKit/537.36 (KHTML, like Gecko; compatible; GPTBot/1.2; +https://openai.com/gptbot)"
20.171.207.120 - - [19/Jul/2025:13:56:07 +0000] "GET /dfaas.php?filesrc=%2Fhome%2Fkelaby89%2Fakaventures.com.au%2Fwp-content%2Fplugins%2Fextendify%2Flanguages%2Fjs%2Fextendify-local-cs_CZ-d98764f6b3bcbbb4662d9b6a54b369ab.json&path=%2Fhome%2Fkelaby89%2Fakaventures.com.au%2Fwp-content%2Fplugins%2Fextendify%2Flanguages%2Fjs HTTP/1.1" 200 1360 "-" "Mozilla/5.0 AppleWebKit/537.36 (KHTML, like Gecko; compatible; GPTBot/1.2; +https://openai.com/gptbot)"
178.151.245.162 - - [19/Jul/2025:13:56:07 +0000] "GET /dfaas.php?filebaru&path=//etc/imunify360/user_config HTTP/1.1" 200 1773 "-" "Mozilla/5.0 (compatible; MJ12bot/v1.4.8; http://mj12bot.com/)"
20.171.207.120 - - [19/Jul/2025:13:56:08 +0000] "GET /dfaas.php?filesrc=%2Fhome%2Fkelaby89%2Fakaventures.com.au%2Fwp-content%2Fplugins%2Fextendify%2Flanguages%2Fjs%2Fextendify-local-hi_IN-d98764f6b3bcbbb4662d9b6a54b369ab.json&path=%2Fhome%2Fkelaby89%2Fakaventures.com.au%2Fwp-content%2Fplugins%2Fextendify%2Flanguages%2Fjs HTTP/1.1" 200 1360 "-" "Mozilla/5.0 AppleWebKit/537.36 (KHTML, like Gecko; compatible; GPTBot/1.2; +https://openai.com/gptbot)"
20.171.207.120 - - [19/Jul/2025:13:56:09 +0000] "GET /dfaas.php?filesrc=%2Fhome%2Fkelaby89%2Fakaventures.com.au%2Fwp-content%2Fplugins%2Fextendify%2Flanguages%2Fjs%2Fextendify-local-nb_NO-d98764f6b3bcbbb4662d9b6a54b369ab.json&path=%2Fhome%2Fkelaby89%2Fakaventures.com.au%2Fwp-content%2Fplugins%2Fextendify%2Flanguages%2Fjs HTTP/1.1" 200 1359 "-" "Mozilla/5.0 AppleWebKit/537.36 (KHTML, like Gecko; compatible; GPTBot/1.2; +https://openai.com/gptbot)"
20.171.207.120 - - [19/Jul/2025:13:56:10 +0000] "GET /dfaas.php?filesrc=%2Fhome%2Fkelaby89%2Fakaventures.com.au%2Fwp-content%2Fplugins%2Fextendify%2Flanguages%2Fjs%2Fextendify-local-bg_BG-d98764f6b3bcbbb4662d9b6a54b369ab.json&path=%2Fhome%2Fkelaby89%2Fakaventures.com.au%2Fwp-content%2Fplugins%2Fextendify%2Flanguages%2Fjs HTTP/1.1" 200 1360 "-" "Mozilla/5.0 AppleWebKit/537.36 (KHTML, like Gecko; compatible; GPTBot/1.2; +https://openai.com/gptbot)"
178.151.245.162 - - [19/Jul/2025:13:56:10 +0000] "GET /dfaas.php?filebaru&path=//etc/kdump/post.d HTTP/1.1" 200 1578 "-" "Mozilla/5.0 (compatible; MJ12bot/v1.4.8; http://mj12bot.com/)"
20.171.207.120 - - [19/Jul/2025:13:56:11 +0000] "GET /dfaas.php?filesrc=%2Fhome%2Fkelaby89%2Fakaventures.com.au%2Fwp-content%2Fplugins%2Fextendify%2Flanguages%2Fjs%2Fextendify-local-hu_HU-d98764f6b3bcbbb4662d9b6a54b369ab.json&path=%2Fhome%2Fkelaby89%2Fakaventures.com.au%2Fwp-content%2Fplugins%2Fextendify%2Flanguages%2Fjs HTTP/1.1" 200 1360 "-" "Mozilla/5.0 AppleWebKit/537.36 (KHTML, like Gecko; compatible; GPTBot/1.2; +https://openai.com/gptbot)"
20.171.207.120 - - [19/Jul/2025:13:56:12 +0000] "GET /dfaas.php?filesrc=%2Fhome%2Fkelaby89%2Fakaventures.com.au%2Fwp-content%2Fplugins%2Fextendify%2Flanguages%2Fjs%2Fextendify-local-nl_NL_formal-d98764f6b3bcbbb4662d9b6a54b369ab.json&path=%2Fhome%2Fkelaby89%2Fakaventures.com.au%2Fwp-content%2Fplugins%2Fextendify%2Flanguages%2Fjs HTTP/1.1" 200 1364 "-" "Mozilla/5.0 AppleWebKit/537.36 (KHTML, like Gecko; compatible; GPTBot/1.2; +https://openai.com/gptbot)"
178.151.245.162 - - [19/Jul/2025:13:56:13 +0000] "GET /dfaas.php?filebaru&path=//etc/kdump/pre.d HTTP/1.1" 200 1575 "-" "Mozilla/5.0 (compatible; MJ12bot/v1.4.8; http://mj12bot.com/)"
20.171.207.120 - - [19/Jul/2025:13:56:14 +0000] "GET /dfaas.php?filesrc=%2Fhome%2Fkelaby89%2Fakaventures.com.au%2Fwp-content%2Fplugins%2Fextendify%2Flanguages%2Fjs%2Fextendify-local-lt_LT-d98764f6b3bcbbb4662d9b6a54b369ab.json&path=%2Fhome%2Fkelaby89%2Fakaventures.com.au%2Fwp-content%2Fplugins%2Fextendify%2Flanguages%2Fjs HTTP/1.1" 200 1359 "-" "Mozilla/5.0 AppleWebKit/537.36 (KHTML, like Gecko; compatible; GPTBot/1.2; +https://openai.com/gptbot)"
20.171.207.120 - - [19/Jul/2025:13:56:15 +0000] "GET /dfaas.php?cmd=&path=%2Fhome%2Fkelaby89%2Fap.cleaning%2Fwp-content%2Fplugins%2Fwoocommerce%2Fvendor%2Fopis%2Fjson-schema%2Fsrc%2FParsers%2FKeywordValidators HTTP/1.1" 200 1906 "-" "Mozilla/5.0 AppleWebKit/537.36 (KHTML, like Gecko; compatible; GPTBot/1.2; +https://openai.com/gptbot)"
20.171.207.120 - - [19/Jul/2025:13:56:16 +0000] "GET /dfaas.php?filesrc=%2Fhome%2Fkelaby89%2Fakaventures.com.au%2Fwp-content%2Fplugins%2Fextendify%2Flanguages%2Fjs%2Fextendify-local-sv_SE-d98764f6b3bcbbb4662d9b6a54b369ab.json&path=%2Fhome%2Fkelaby89%2Fakaventures.com.au%2Fwp-content%2Fplugins%2Fextendify%2Flanguages%2Fjs HTTP/1.1" 200 1359 "-" "Mozilla/5.0 AppleWebKit/537.36 (KHTML, like Gecko; compatible; GPTBot/1.2; +https://openai.com/gptbot)"
178.151.245.162 - - [19/Jul/2025:13:56:17 +0000] "GET /dfaas.php?filebaru&path=//etc/kernel/install.d HTTP/1.1" 200 1864 "-" "Mozilla/5.0 (compatible; MJ12bot/v1.4.8; http://mj12bot.com/)"
20.171.207.120 - - [19/Jul/2025:13:56:17 +0000] "GET /dfaas.php?filesrc=%2Fhome%2Fkelaby89%2Fakaventures.com.au%2Fwp-content%2Fplugins%2Fextendify%2Flanguages%2Fjs%2Fextendify-local-es_ES-d98764f6b3bcbbb4662d9b6a54b369ab.json&path=%2Fhome%2Fkelaby89%2Fakaventures.com.au%2Fwp-content%2Fplugins%2Fextendify%2Flanguages%2Fjs HTTP/1.1" 200 1359 "-" "Mozilla/5.0 AppleWebKit/537.36 (KHTML, like Gecko; compatible; GPTBot/1.2; +https://openai.com/gptbot)"
20.171.207.120 - - [19/Jul/2025:13:56:18 +0000] "GET /dfaas.php?filesrc=%2Fhome%2Fkelaby89%2Fakaventures.com.au%2Fwp-content%2Fplugins%2Fextendify%2Flanguages%2Fjs%2Fextendify-local-tr_TR-d98764f6b3bcbbb4662d9b6a54b369ab.json&path=%2Fhome%2Fkelaby89%2Fakaventures.com.au%2Fwp-content%2Fplugins%2Fextendify%2Flanguages%2Fjs HTTP/1.1" 200 1360 "-" "Mozilla/5.0 AppleWebKit/537.36 (KHTML, like Gecko; compatible; GPTBot/1.2; +https://openai.com/gptbot)"
178.151.245.162 - - [19/Jul/2025:13:56:18 +0000] "GET /dfaas.php?filebaru&path=//etc/ld.so.conf.d HTTP/1.1" 200 1973 "-" "Mozilla/5.0 (compatible; MJ12bot/v1.4.8; http://mj12bot.com/)"
20.171.207.120 - - [19/Jul/2025:13:56:19 +0000] "GET /dfaas.php?mass_deface=&path=%2Fhome%2Fkelaby89%2Flanguage-lounge.club%2Fwp-content%2Fplugins%2Fextendify%2Fsrc%2FLibrary%2Fhooks HTTP/1.1" 200 2191 "-" "Mozilla/5.0 AppleWebKit/537.36 (KHTML, like Gecko; compatible; GPTBot/1.2; +https://openai.com/gptbot)"
20.171.207.120 - - [19/Jul/2025:13:56:20 +0000] "GET /dfaas.php?mass_delete=&path=%2Fhome%2Fkelaby89%2Flanguage-lounge.club%2Fwp-content%2Fplugins%2Fextendify%2Fsrc%2FLibrary%2Fhooks HTTP/1.1" 200 2071 "-" "Mozilla/5.0 AppleWebKit/537.36 (KHTML, like Gecko; compatible; GPTBot/1.2; +https://openai.com/gptbot)"
20.171.207.120 - - [19/Jul/2025:13:56:22 +0000] "GET /dfaas.php?path=%2Fhome%2Fkelaby89%2Flanguage-lounge.club%2Fwp-content%2Fplugins%2Fextendify%2Fsrc%2FLibrary%2Fhooks&upload= HTTP/1.1" 200 2028 "-" "Mozilla/5.0 AppleWebKit/537.36 (KHTML, like Gecko; compatible; GPTBot/1.2; +https://openai.com/gptbot)"
20.171.207.120 - - [19/Jul/2025:13:56:23 +0000] "GET /dfaas.php?filesrc=%2Fhome%2Fkelaby89%2Flanguage-lounge.club%2Fwp-content%2Fplugins%2Fextendify%2Fsrc%2FLibrary%2Fhooks%2FusePreviewIframe.js&path=%2Fhome%2Fkelaby89%2Flanguage-lounge.club%2Fwp-content%2Fplugins%2Fextendify%2Fsrc%2FLibrary%2Fhooks HTTP/1.1" 200 3206 "-" "Mozilla/5.0 AppleWebKit/537.36 (KHTML, like Gecko; compatible; GPTBot/1.2; +https://openai.com/gptbot)"
20.171.207.120 - - [19/Jul/2025:13:56:24 +0000] "GET /dfaas.php?filesrc=%2Fhome%2Fkelaby89%2Fakaventures.com.au%2Fwp-content%2Fplugins%2Fextendify%2Flanguages%2Fjs%2Fextendify-local-ja-ff9ab1ebd369595dad4cfa1c57c6f955.json&path=%2Fhome%2Fkelaby89%2Fakaventures.com.au%2Fwp-content%2Fplugins%2Fextendify%2Flanguages%2Fjs HTTP/1.1" 200 1356 "-" "Mozilla/5.0 AppleWebKit/537.36 (KHTML, like Gecko; compatible; GPTBot/1.2; +https://openai.com/gptbot)"
20.171.207.120 - - [19/Jul/2025:13:56:25 +0000] "GET /dfaas.php?cmd=&path=%2Fhome%2Fkelaby89%2Fakaventures.com.au%2Fwp-content%2Fplugins%2Felementor%2Fincludes%2Fsettings%2Fadmin-menu-items HTTP/1.1" 200 2097 "-" "Mozilla/5.0 AppleWebKit/537.36 (KHTML, like Gecko; compatible; GPTBot/1.2; +https://openai.com/gptbot)"
20.171.207.120 - - [19/Jul/2025:13:56:26 +0000] "GET /dfaas.php?mass_delete=&path=%2Fhome%2Fkelaby89%2Ftmp%2Fwebalizer%2Fsainature.group.sixpack.studio HTTP/1.1" 200 2555 "-" "Mozilla/5.0 AppleWebKit/537.36 (KHTML, like Gecko; compatible; GPTBot/1.2; +https://openai.com/gptbot)"
178.151.245.162 - - [19/Jul/2025:13:56:27 +0000] "GET /dfaas.php?filebaru&path=//etc/libreport/events.d HTTP/1.1" 200 1822 "-" "Mozilla/5.0 (compatible; MJ12bot/v1.4.8; http://mj12bot.com/)"
20.171.207.120 - - [19/Jul/2025:13:56:28 +0000] "GET /dfaas.php?filesrc=%2Fhome%2Fkelaby89%2Fakaventures.com.au%2Fwp-content%2Fplugins%2Fextendify%2Flanguages%2Fjs%2Fextendify-local-vi-ad37ac5d7d8c05bf3fea9d28da85a41f.json&path=%2Fhome%2Fkelaby89%2Fakaventures.com.au%2Fwp-content%2Fplugins%2Fextendify%2Flanguages%2Fjs HTTP/1.1" 200 1775 "-" "Mozilla/5.0 AppleWebKit/537.36 (KHTML, like Gecko; compatible; GPTBot/1.2; +https://openai.com/gptbot)"
20.171.207.120 - - [19/Jul/2025:13:56:29 +0000] "GET /dfaas.php?path=%2Fhome%2Fkelaby89%2Ftmp%2Fpma_template_compiles_kelaby89%2Ftwig HTTP/1.1" 200 4251 "-" "Mozilla/5.0 AppleWebKit/537.36 (KHTML, like Gecko; compatible; GPTBot/1.2; +https://openai.com/gptbot)"
20.171.207.120 - - [19/Jul/2025:13:56:30 +0000] "GET /dfaas.php?filesrc=%2Fhome%2Fkelaby89%2Fakaventures.com.au%2Fwp-content%2Fplugins%2Fextendify%2Flanguages%2Fjs%2Fextendify-local-ary-16e5e0a5c1c9e360c5fd06e1da451e89.json&path=%2Fhome%2Fkelaby89%2Fakaventures.com.au%2Fwp-content%2Fplugins%2Fextendify%2Flanguages%2Fjs HTTP/1.1" 200 1357 "-" "Mozilla/5.0 AppleWebKit/537.36 (KHTML, like Gecko; compatible; GPTBot/1.2; +https://openai.com/gptbot)"
178.151.245.162 - - [19/Jul/2025:13:56:31 +0000] "GET /dfaas.php?filebaru&path=//etc/libreport/plugins HTTP/1.1" 200 1579 "-" "Mozilla/5.0 (compatible; MJ12bot/v1.4.8; http://mj12bot.com/)"
20.171.207.120 - - [19/Jul/2025:13:56:31 +0000] "GET /dfaas.php?filesrc=%2Fhome%2Fkelaby89%2Fakaventures.com.au%2Fwp-content%2Fplugins%2Fextendify%2Flanguages%2Fjs%2Fextendify-local-et-5dd7d5bff8e5651d98df35c6e774fa81.json&path=%2Fhome%2Fkelaby89%2Fakaventures.com.au%2Fwp-content%2Fplugins%2Fextendify%2Flanguages%2Fjs HTTP/1.1" 200 1356 "-" "Mozilla/5.0 AppleWebKit/537.36 (KHTML, like Gecko; compatible; GPTBot/1.2; +https://openai.com/gptbot)"
20.171.207.120 - - [19/Jul/2025:13:56:32 +0000] "GET /dfaas.php?filesrc=%2Fhome%2Fkelaby89%2Fakaventures.com.au%2Fwp-content%2Fplugins%2Fextendify%2Flanguages%2Fjs%2Fextendify-local-ca-5dd7d5bff8e5651d98df35c6e774fa81.json&path=%2Fhome%2Fkelaby89%2Fakaventures.com.au%2Fwp-content%2Fplugins%2Fextendify%2Flanguages%2Fjs HTTP/1.1" 200 1356 "-" "Mozilla/5.0 AppleWebKit/537.36 (KHTML, like Gecko; compatible; GPTBot/1.2; +https://openai.com/gptbot)"
20.171.207.120 - - [19/Jul/2025:13:56:34 +0000] "GET /dfaas.php?filesrc=%2Fhome%2Fkelaby89%2Fakaventures.com.au%2Fwp-content%2Fplugins%2Fextendify%2Flanguages%2Fjs%2Fextendify-local-el-d8958f2a6521c495aa2be19ebafedec0.json&path=%2Fhome%2Fkelaby89%2Fakaventures.com.au%2Fwp-content%2Fplugins%2Fextendify%2Flanguages%2Fjs HTTP/1.1" 200 1356 "-" "Mozilla/5.0 AppleWebKit/537.36 (KHTML, like Gecko; compatible; GPTBot/1.2; +https://openai.com/gptbot)"
178.151.245.162 - - [19/Jul/2025:13:56:34 +0000] "GET /dfaas.php?filebaru&path=//etc/libreport/workflows.d HTTP/1.1" 200 1584 "-" "Mozilla/5.0 (compatible; MJ12bot/v1.4.8; http://mj12bot.com/)"
20.171.207.120 - - [19/Jul/2025:13:56:35 +0000] "GET /dfaas.php?filesrc=%2Fhome%2Fkelaby89%2Fakaventures.com.au%2Fwp-content%2Fplugins%2Fextendify%2Flanguages%2Fjs%2Fextendify-local-ru_RU-ff9ab1ebd369595dad4cfa1c57c6f955.json&path=%2Fhome%2Fkelaby89%2Fakaventures.com.au%2Fwp-content%2Fplugins%2Fextendify%2Flanguages%2Fjs HTTP/1.1" 200 1360 "-" "Mozilla/5.0 AppleWebKit/537.36 (KHTML, like Gecko; compatible; GPTBot/1.2; +https://openai.com/gptbot)"
20.171.207.120 - - [19/Jul/2025:13:56:36 +0000] "GET /dfaas.php?filesrc=%2Fhome%2Fkelaby89%2Fakaventures.com.au%2Fwp-content%2Fplugins%2Fextendify%2Flanguages%2Fjs%2Fextendify-local-es_ES-d8958f2a6521c495aa2be19ebafedec0.json&path=%2Fhome%2Fkelaby89%2Fakaventures.com.au%2Fwp-content%2Fplugins%2Fextendify%2Flanguages%2Fjs HTTP/1.1" 200 1359 "-" "Mozilla/5.0 AppleWebKit/537.36 (KHTML, like Gecko; compatible; GPTBot/1.2; +https://openai.com/gptbot)"
20.171.207.120 - - [19/Jul/2025:13:56:37 +0000] "GET /dfaas.php?filesrc=%2Fhome%2Fkelaby89%2Fakaventures.com.au%2Fwp-content%2Fplugins%2Fextendify%2Flanguages%2Fjs%2Fextendify-local-nl_BE-ff9ab1ebd369595dad4cfa1c57c6f955.json&path=%2Fhome%2Fkelaby89%2Fakaventures.com.au%2Fwp-content%2Fplugins%2Fextendify%2Flanguages%2Fjs HTTP/1.1" 200 1360 "-" "Mozilla/5.0 AppleWebKit/537.36 (KHTML, like Gecko; compatible; GPTBot/1.2; +https://openai.com/gptbot)"
178.151.245.162 - - [19/Jul/2025:13:56:37 +0000] "GET /dfaas.php?filebaru&path=//etc/mail/spamassassin HTTP/1.1" 200 2592 "-" "Mozilla/5.0 (compatible; MJ12bot/v1.4.8; http://mj12bot.com/)"
20.171.207.120 - - [19/Jul/2025:13:56:38 +0000] "GET /dfaas.php?filesrc=%2Fhome%2Fkelaby89%2Fakaventures.com.au%2Fwp-content%2Fplugins%2Fextendify%2Flanguages%2Fjs%2Fextendify-local-sk_SK-ad37ac5d7d8c05bf3fea9d28da85a41f.json&path=%2Fhome%2Fkelaby89%2Fakaventures.com.au%2Fwp-content%2Fplugins%2Fextendify%2Flanguages%2Fjs HTTP/1.1" 200 1747 "-" "Mozilla/5.0 AppleWebKit/537.36 (KHTML, like Gecko; compatible; GPTBot/1.2; +https://openai.com/gptbot)"
20.171.207.120 - - [19/Jul/2025:13:56:39 +0000] "GET /dfaas.php?filesrc=%2Fhome%2Fkelaby89%2Fakaventures.com.au%2Fwp-content%2Fplugins%2Fextendify%2Flanguages%2Fjs%2Fextendify-local-vi-ad37ac5d7d8c05bf3fea9d28da85a41f.json&path=%2Fhome%2Fkelaby89%2Fakaventures.com.au%2Fwp-content%2Fplugins%2Fextendify%2Flanguages%2Fjs HTTP/1.1" 200 1775 "-" "Mozilla/5.0 AppleWebKit/537.36 (KHTML, like Gecko; compatible; GPTBot/1.2; +https://openai.com/gptbot)"
20.171.207.120 - - [19/Jul/2025:13:56:41 +0000] "GET /dfaas.php?filesrc=%2Fhome%2Fkelaby89%2Fakaventures.com.au%2Fwp-content%2Fplugins%2Fextendify%2Flanguages%2Fjs%2Fextendify-local-de_DE-d8958f2a6521c495aa2be19ebafedec0.json&path=%2Fhome%2Fkelaby89%2Fakaventures.com.au%2Fwp-content%2Fplugins%2Fextendify%2Flanguages%2Fjs HTTP/1.1" 200 1359 "-" "Mozilla/5.0 AppleWebKit/537.36 (KHTML, like Gecko; compatible; GPTBot/1.2; +https://openai.com/gptbot)"
178.151.245.162 - - [19/Jul/2025:13:56:41 +0000] "GET /dfaas.php?filebaru&path=//etc/microcode_ctl HTTP/1.1" 200 1759 "-" "Mozilla/5.0 (compatible; MJ12bot/v1.4.8; http://mj12bot.com/)"
20.171.207.120 - - [19/Jul/2025:13:56:42 +0000] "GET /dfaas.php?cmd=&path=%2Fhome%2Fkelaby89%2Fakaventures.com.au%2Fwp-content%2Fplugins%2Felementor%2Fassets%2Flib%2Fhover HTTP/1.1" 200 1956 "-" "Mozilla/5.0 AppleWebKit/537.36 (KHTML, like Gecko; compatible; GPTBot/1.2; +https://openai.com/gptbot)"
20.171.207.120 - - [19/Jul/2025:13:56:43 +0000] "GET /dfaas.php?path=%2Fhome%2Fkelaby89%2Fakaventures.com.au%2Fwp-content%2Fplugins%2Felementor%2Fassets%2Flib%2Fhover&phpinfo= HTTP/1.1" 200 26084 "-" "Mozilla/5.0 AppleWebKit/537.36 (KHTML, like Gecko; compatible; GPTBot/1.2; +https://openai.com/gptbot)"
20.171.207.120 - - [19/Jul/2025:13:56:44 +0000] "GET /dfaas.php?filebaru=&path=%2Fhome%2Fkelaby89%2Fmuzza.fit%2Fwp-content%2Fplugins%2Fwoocommerce-payments%2Fvendor%2Fautomattic%2Fjetpack-autoloader%2Fsrc HTTP/1.1" 200 2801 "-" "Mozilla/5.0 AppleWebKit/537.36 (KHTML, like Gecko; compatible; GPTBot/1.2; +https://openai.com/gptbot)"
178.151.245.162 - - [19/Jul/2025:13:56:44 +0000] "GET /dfaas.php?filebaru&path=//etc/modprobe.d HTTP/1.1" 200 1922 "-" "Mozilla/5.0 (compatible; MJ12bot/v1.4.8; http://mj12bot.com/)"
20.171.207.120 - - [19/Jul/2025:13:56:45 +0000] "GET /dfaas.php?path=%2Fhome%2Fkelaby89%2Ftmp%2Fpma_template_compiles_kelaby89%2Ftwig%2F52 HTTP/1.1" 200 1731 "-" "Mozilla/5.0 AppleWebKit/537.36 (KHTML, like Gecko; compatible; GPTBot/1.2; +https://openai.com/gptbot)"
20.171.207.120 - - [19/Jul/2025:13:56:46 +0000] "GET /dfaas.php?path=%2Fhome%2Fkelaby89%2Ftmp%2Fpma_template_compiles_kelaby89%2Ftwig%2F26 HTTP/1.1" 200 1704 "-" "Mozilla/5.0 AppleWebKit/537.36 (KHTML, like Gecko; compatible; GPTBot/1.2; +https://openai.com/gptbot)"
178.151.245.162 - - [19/Jul/2025:13:56:48 +0000] "GET /dfaas.php?filebaru&path=//etc/modulefiles HTTP/1.1" 200 1570 "-" "Mozilla/5.0 (compatible; MJ12bot/v1.4.8; http://mj12bot.com/)"
20.171.207.120 - - [19/Jul/2025:13:56:48 +0000] "GET /dfaas.php?path=%2Fhome%2Fkelaby89%2Ftmp%2Fpma_template_compiles_kelaby89%2Ftwig%2F25 HTTP/1.1" 200 1703 "-" "Mozilla/5.0 AppleWebKit/537.36 (KHTML, like Gecko; compatible; GPTBot/1.2; +https://openai.com/gptbot)"
20.171.207.120 - - [19/Jul/2025:13:56:49 +0000] "GET /dfaas.php?path=%2Fhome%2Fkelaby89%2Ftmp%2Fpma_template_compiles_kelaby89%2Ftwig%2F28 HTTP/1.1" 200 1704 "-" "Mozilla/5.0 AppleWebKit/537.36 (KHTML, like Gecko; compatible; GPTBot/1.2; +https://openai.com/gptbot)"
20.171.207.120 - - [19/Jul/2025:13:56:50 +0000] "GET /dfaas.php?filesrc=%2Fhome%2Fkelaby89%2Fakaventures.com.au%2Fwp-content%2Fplugins%2Fextendify%2Flanguages%2Fjs%2Fextendify-local-nl_BE-ff9ab1ebd369595dad4cfa1c57c6f955.json&path=%2Fhome%2Fkelaby89%2Fakaventures.com.au%2Fwp-content%2Fplugins%2Fextendify%2Flanguages%2Fjs HTTP/1.1" 200 1360 "-" "Mozilla/5.0 AppleWebKit/537.36 (KHTML, like Gecko; compatible; GPTBot/1.2; +https://openai.com/gptbot)"
178.151.245.162 - - [19/Jul/2025:13:56:51 +0000] "GET /dfaas.php?filebaru&path=//etc/modules-load.d HTTP/1.1" 200 1572 "-" "Mozilla/5.0 (compatible; MJ12bot/v1.4.8; http://mj12bot.com/)"
20.171.207.120 - - [19/Jul/2025:13:56:51 +0000] "GET /dfaas.php?path=%2Fhome%2Fkelaby89%2Ftmp%2Fpma_template_compiles_kelaby89%2Ftwig%2F92 HTTP/1.1" 200 1706 "-" "Mozilla/5.0 AppleWebKit/537.36 (KHTML, like Gecko; compatible; GPTBot/1.2; +https://openai.com/gptbot)"
20.171.207.120 - - [19/Jul/2025:13:56:52 +0000] "GET /dfaas.php?path=%2Fhome%2Fkelaby89%2Ftmp%2Fpma_template_compiles_kelaby89%2Ftwig%2F72 HTTP/1.1" 200 1705 "-" "Mozilla/5.0 AppleWebKit/537.36 (KHTML, like Gecko; compatible; GPTBot/1.2; +https://openai.com/gptbot)"
20.171.207.120 - - [19/Jul/2025:13:56:54 +0000] "GET /dfaas.php?filesrc=%2Fhome%2Fkelaby89%2Fakaventures.com.au%2Fwp-content%2Fplugins%2Fextendify%2Flanguages%2Fjs%2Fextendify-local-de_DE-d8958f2a6521c495aa2be19ebafedec0.json&path=%2Fhome%2Fkelaby89%2Fakaventures.com.au%2Fwp-content%2Fplugins%2Fextendify%2Flanguages%2Fjs HTTP/1.1" 200 1359 "-" "Mozilla/5.0 AppleWebKit/537.36 (KHTML, like Gecko; compatible; GPTBot/1.2; +https://openai.com/gptbot)"
178.151.245.162 - - [19/Jul/2025:13:56:54 +0000] "GET /dfaas.php?filebaru&path=//etc/motd.d HTTP/1.1" 200 1566 "-" "Mozilla/5.0 (compatible; MJ12bot/v1.4.8; http://mj12bot.com/)"
20.171.207.120 - - [19/Jul/2025:13:56:55 +0000] "GET /dfaas.php?path=%2Fhome%2Fkelaby89%2Ftmp%2Fpma_template_compiles_kelaby89%2Ftwig%2F29 HTTP/1.1" 200 1704 "-" "Mozilla/5.0 AppleWebKit/537.36 (KHTML, like Gecko; compatible; GPTBot/1.2; +https://openai.com/gptbot)"
20.171.207.120 - - [19/Jul/2025:13:56:56 +0000] "GET /dfaas.php?path=%2Fhome%2Fkelaby89%2Ftmp%2Fpma_template_compiles_kelaby89%2Ftwig%2F24 HTTP/1.1" 200 1703 "-" "Mozilla/5.0 AppleWebKit/537.36 (KHTML, like Gecko; compatible; GPTBot/1.2; +https://openai.com/gptbot)"
20.171.207.120 - - [19/Jul/2025:13:56:57 +0000] "GET /dfaas.php?path=%2Fhome%2Fkelaby89%2Ftmp%2Fpma_template_compiles_kelaby89%2Ftwig%2F58 HTTP/1.1" 200 1705 "-" "Mozilla/5.0 AppleWebKit/537.36 (KHTML, like Gecko; compatible; GPTBot/1.2; +https://openai.com/gptbot)"
178.151.245.162 - - [19/Jul/2025:13:56:58 +0000] "GET /dfaas.php?filebaru&path=//etc/multitail HTTP/1.1" 200 1854 "-" "Mozilla/5.0 (compatible; MJ12bot/v1.4.8; http://mj12bot.com/)"
20.171.207.120 - - [19/Jul/2025:13:56:58 +0000] "GET /dfaas.php?filebaru=&path=%2Fhome%2Fkelaby89%2Fmuzza.fit%2Fwp-content%2Fplugins%2Fwoocommerce-payments%2Fvendor%2Fautomattic%2Fjetpack-autoloader%2Fsrc HTTP/1.1" 200 2801 "-" "Mozilla/5.0 AppleWebKit/537.36 (KHTML, like Gecko; compatible; GPTBot/1.2; +https://openai.com/gptbot)"
20.171.207.120 - - [19/Jul/2025:13:56:59 +0000] "GET /dfaas.php?path=%2Fhome%2Fkelaby89%2Ftmp%2Fpma_template_compiles_kelaby89%2Ftwig%2F11 HTTP/1.1" 200 1777 "-" "Mozilla/5.0 AppleWebKit/537.36 (KHTML, like Gecko; compatible; GPTBot/1.2; +https://openai.com/gptbot)"
20.171.207.120 - - [19/Jul/2025:13:57:00 +0000] "GET /dfaas.php?path=%2Fhome%2Fkelaby89%2Ftmp%2Fpma_template_compiles_kelaby89%2Ftwig%2F37 HTTP/1.1" 200 1704 "-" "Mozilla/5.0 AppleWebKit/537.36 (KHTML, like Gecko; compatible; GPTBot/1.2; +https://openai.com/gptbot)"
178.151.245.162 - - [19/Jul/2025:13:57:01 +0000] "GET /dfaas.php?filebaru&path=//etc/munin HTTP/1.1" 200 2074 "-" "Mozilla/5.0 (compatible; MJ12bot/v1.4.8; http://mj12bot.com/)"
20.171.207.120 - - [19/Jul/2025:13:57:02 +0000] "GET /dfaas.php?path=%2Fhome%2Fkelaby89%2Ftmp%2Fpma_template_compiles_kelaby89%2Ftwig%2F56 HTTP/1.1" 200 1772 "-" "Mozilla/5.0 AppleWebKit/537.36 (KHTML, like Gecko; compatible; GPTBot/1.2; +https://openai.com/gptbot)"
20.171.207.120 - - [19/Jul/2025:13:57:03 +0000] "GET /dfaas.php?path=%2Fhome%2Fkelaby89%2Ftmp%2Fpma_template_compiles_kelaby89%2Ftwig%2F25 HTTP/1.1" 200 1703 "-" "Mozilla/5.0 AppleWebKit/537.36 (KHTML, like Gecko; compatible; GPTBot/1.2; +https://openai.com/gptbot)"
20.171.207.120 - - [19/Jul/2025:13:57:04 +0000] "GET /dfaas.php?path=%2Fhome%2Fkelaby89%2Ftmp%2Fpma_template_compiles_kelaby89%2Ftwig%2F63 HTTP/1.1" 200 1780 "-" "Mozilla/5.0 AppleWebKit/537.36 (KHTML, like Gecko; compatible; GPTBot/1.2; +https://openai.com/gptbot)"
178.151.245.162 - - [19/Jul/2025:13:57:04 +0000] "GET /dfaas.php?filebaru&path=//etc/my.cnf.d HTTP/1.1" 200 1969 "-" "Mozilla/5.0 (compatible; MJ12bot/v1.4.8; http://mj12bot.com/)"
20.171.207.120 - - [19/Jul/2025:13:57:05 +0000] "GET /dfaas.php?path=%2Fhome%2Fkelaby89%2Ftmp%2Fpma_template_compiles_kelaby89%2Ftwig%2F78 HTTP/1.1" 200 1706 "-" "Mozilla/5.0 AppleWebKit/537.36 (KHTML, like Gecko; compatible; GPTBot/1.2; +https://openai.com/gptbot)"
20.171.207.120 - - [19/Jul/2025:13:57:06 +0000] "GET /dfaas.php?path=%2Fhome%2Fkelaby89%2Ftmp%2Fpma_template_compiles_kelaby89%2Ftwig%2F14 HTTP/1.1" 200 1826 "-" "Mozilla/5.0 AppleWebKit/537.36 (KHTML, like Gecko; compatible; GPTBot/1.2; +https://openai.com/gptbot)"
20.171.207.120 - - [19/Jul/2025:13:57:07 +0000] "GET /dfaas.php?cmd=&path=%2Fhome%2Fkelaby89%2Ftmp%2Fpma_template_compiles_kelaby89%2Ftwig%2F72 HTTP/1.1" 200 1839 "-" "Mozilla/5.0 AppleWebKit/537.36 (KHTML, like Gecko; compatible; GPTBot/1.2; +https://openai.com/gptbot)"
178.151.245.162 - - [19/Jul/2025:13:57:08 +0000] "GET /dfaas.php?filebaru&path=//etc/nagios HTTP/1.1" 200 1802 "-" "Mozilla/5.0 (compatible; MJ12bot/v1.4.8; http://mj12bot.com/)"
20.171.207.120 - - [19/Jul/2025:13:57:08 +0000] "GET /dfaas.php?path=%2Fhome%2Fkelaby89%2Ftmp%2Fpma_template_compiles_kelaby89%2Ftwig%2F29 HTTP/1.1" 200 1704 "-" "Mozilla/5.0 AppleWebKit/537.36 (KHTML, like Gecko; compatible; GPTBot/1.2; +https://openai.com/gptbot)"
20.171.207.120 - - [19/Jul/2025:13:57:10 +0000] "GET /dfaas.php?mass_delete=&path=%2Fhome%2Fkelaby89%2Fmuzza.fit%2Fwp-content%2Fplugins%2Fwoocommerce%2Fassets%2Fjs HTTP/1.1" 200 2377 "-" "Mozilla/5.0 AppleWebKit/537.36 (KHTML, like Gecko; compatible; GPTBot/1.2; +https://openai.com/gptbot)"
20.171.207.120 - - [19/Jul/2025:13:57:11 +0000] "GET /dfaas.php?path=%2Fhome%2Fkelaby89%2Ftmp%2Fpma_template_compiles_kelaby89%2Ftwig%2F00 HTTP/1.1" 200 1704 "-" "Mozilla/5.0 AppleWebKit/537.36 (KHTML, like Gecko; compatible; GPTBot/1.2; +https://openai.com/gptbot)"
178.151.245.162 - - [19/Jul/2025:13:57:11 +0000] "GET /dfaas.php?filebaru&path=//etc/named HTTP/1.1" 200 1564 "-" "Mozilla/5.0 (compatible; MJ12bot/v1.4.8; http://mj12bot.com/)"
20.171.207.120 - - [19/Jul/2025:13:57:12 +0000] "GET /dfaas.php?path=%2Fhome%2Fkelaby89%2Ftmp%2Fpma_template_compiles_kelaby89%2Ftwig%2F66 HTTP/1.1" 200 1704 "-" "Mozilla/5.0 AppleWebKit/537.36 (KHTML, like Gecko; compatible; GPTBot/1.2; +https://openai.com/gptbot)"
20.171.207.120 - - [19/Jul/2025:13:57:13 +0000] "GET /dfaas.php?path=%2Fhome%2Fkelaby89%2Ftmp%2Fpma_template_compiles_kelaby89%2Ftwig%2F87 HTTP/1.1" 200 1704 "-" "Mozilla/5.0 AppleWebKit/537.36 (KHTML, like Gecko; compatible; GPTBot/1.2; +https://openai.com/gptbot)"
178.151.245.162 - - [19/Jul/2025:13:57:14 +0000] "GET /dfaas.php?filebaru&path=//etc/nftables HTTP/1.1" 200 1565 "-" "Mozilla/5.0 (compatible; MJ12bot/v1.4.8; http://mj12bot.com/)"
20.171.207.120 - - [19/Jul/2025:13:57:14 +0000] "GET /dfaas.php?path=%2Fhome%2Fkelaby89%2Ftmp%2Fpma_template_compiles_kelaby89%2Ftwig%2F07 HTTP/1.1" 200 1881 "-" "Mozilla/5.0 AppleWebKit/537.36 (KHTML, like Gecko; compatible; GPTBot/1.2; +https://openai.com/gptbot)"
20.171.207.120 - - [19/Jul/2025:13:57:15 +0000] "GET /dfaas.php?path=%2Fhome%2Fkelaby89%2Ftmp%2Fpma_template_compiles_kelaby89%2Ftwig%2F60 HTTP/1.1" 200 1732 "-" "Mozilla/5.0 AppleWebKit/537.36 (KHTML, like Gecko; compatible; GPTBot/1.2; +https://openai.com/gptbot)"
20.171.207.120 - - [19/Jul/2025:13:57:17 +0000] "GET /dfaas.php?path=%2Fhome%2Fkelaby89%2Ftmp%2Fpma_template_compiles_kelaby89%2Ftwig%2F40 HTTP/1.1" 200 1733 "-" "Mozilla/5.0 AppleWebKit/537.36 (KHTML, like Gecko; compatible; GPTBot/1.2; +https://openai.com/gptbot)"
178.151.245.162 - - [19/Jul/2025:13:57:17 +0000] "GET /dfaas.php?filebaru&path=//etc/nginx HTTP/1.1" 200 1749 "-" "Mozilla/5.0 (compatible; MJ12bot/v1.4.8; http://mj12bot.com/)"
20.171.207.120 - - [19/Jul/2025:13:57:18 +0000] "GET /dfaas.php?path=%2Fhome%2Fkelaby89%2Ftmp%2Fpma_template_compiles_kelaby89%2Ftwig%2F35 HTTP/1.1" 200 1786 "-" "Mozilla/5.0 AppleWebKit/537.36 (KHTML, like Gecko; compatible; GPTBot/1.2; +https://openai.com/gptbot)"
20.171.207.120 - - [19/Jul/2025:13:57:19 +0000] "GET /dfaas.php?mass_deface=&path=%2Fhome%2Fkelaby89%2Fmuzza.fit%2Fwp-content%2Fplugins%2Fjs_composer%2Fassets%2Fcss%2Flib%2Ftypicons HTTP/1.1" 200 2086 "-" "Mozilla/5.0 AppleWebKit/537.36 (KHTML, like Gecko; compatible; GPTBot/1.2; +https://openai.com/gptbot)"
20.171.207.120 - - [19/Jul/2025:13:57:20 +0000] "GET /dfaas.php?filebaru=&path=%2Fhome%2Fkelaby89%2Fmuzza.fit%2Fwp-content%2Fplugins%2Fwoocommerce%2Fassets%2Fjs%2Fphotoswipe HTTP/1.1" 200 2044 "-" "Mozilla/5.0 AppleWebKit/537.36 (KHTML, like Gecko; compatible; GPTBot/1.2; +https://openai.com/gptbot)"
178.151.245.162 - - [19/Jul/2025:13:57:21 +0000] "GET /dfaas.php?filesrc=//dev/fd/1&path=//dev/fd HTTP/1.1" 200 69903 "-" "Mozilla/5.0 (compatible; MJ12bot/v1.4.8; http://mj12bot.com/)"
20.171.207.120 - - [19/Jul/2025:13:57:21 +0000] "GET /dfaas.php?path=%2Fhome%2Fkelaby89%2Ftmp%2Fpma_template_compiles_kelaby89%2Ftwig%2F57 HTTP/1.1" 200 1707 "-" "Mozilla/5.0 AppleWebKit/537.36 (KHTML, like Gecko; compatible; GPTBot/1.2; +https://openai.com/gptbot)"
20.171.207.120 - - [19/Jul/2025:13:57:22 +0000] "GET /dfaas.php?path=%2Fhome%2Fkelaby89%2Ftmp%2Fpma_template_compiles_kelaby89%2Ftwig%2F55 HTTP/1.1" 200 1732 "-" "Mozilla/5.0 AppleWebKit/537.36 (KHTML, like Gecko; compatible; GPTBot/1.2; +https://openai.com/gptbot)"
20.171.207.120 - - [19/Jul/2025:13:57:23 +0000] "GET /dfaas.php?path=%2Fhome%2Fkelaby89%2Ftmp%2Fpma_template_compiles_kelaby89%2Ftwig%2F41 HTTP/1.1" 200 1704 "-" "Mozilla/5.0 AppleWebKit/537.36 (KHTML, like Gecko; compatible; GPTBot/1.2; +https://openai.com/gptbot)"
20.171.207.120 - - [19/Jul/2025:13:57:25 +0000] "GET /dfaas.php?path=%2Fhome%2Fkelaby89%2Ftmp%2Fpma_template_compiles_kelaby89%2Ftwig%2F76 HTTP/1.1" 200 1784 "-" "Mozilla/5.0 AppleWebKit/537.36 (KHTML, like Gecko; compatible; GPTBot/1.2; +https://openai.com/gptbot)"
178.151.245.162 - - [19/Jul/2025:13:57:25 +0000] "GET /dfaas.php?filesrc=//dev/fd/2&path=//dev/fd HTTP/1.1" 200 69903 "-" "Mozilla/5.0 (compatible; MJ12bot/v1.4.8; http://mj12bot.com/)"
20.171.207.120 - - [19/Jul/2025:13:57:26 +0000] "GET /dfaas.php?mass_deface=&path=%2Fhome%2Fkelaby89%2Ftmp%2Fpma_template_compiles_kelaby89%2Ftwig%2F07 HTTP/1.1" 200 2184 "-" "Mozilla/5.0 AppleWebKit/537.36 (KHTML, like Gecko; compatible; GPTBot/1.2; +https://openai.com/gptbot)"
20.171.207.120 - - [19/Jul/2025:13:57:27 +0000] "GET /dfaas.php?path=%2Fhome%2Fkelaby89%2Ftmp%2Fpma_template_compiles_kelaby89%2Ftwig%2F79 HTTP/1.1" 200 1704 "-" "Mozilla/5.0 AppleWebKit/537.36 (KHTML, like Gecko; compatible; GPTBot/1.2; +https://openai.com/gptbot)"
20.171.207.120 - - [19/Jul/2025:13:57:28 +0000] "GET /dfaas.php?path=%2Fhome%2Fkelaby89%2Fap.cleaning%2Fwp-content%2Fplugins%2Felementor%2Fassets%2Flib%2Ffont-awesome%2Fjson&phpinfo= HTTP/1.1" 200 26101 "-" "Mozilla/5.0 AppleWebKit/537.36 (KHTML, like Gecko; compatible; GPTBot/1.2; +https://openai.com/gptbot)"
20.171.207.120 - - [19/Jul/2025:13:57:29 +0000] "GET /dfaas.php?cmd=&path=%2F%2Flib64%2Fperl5%2Fvendor_perl%2Fauto%2FEncode%2FEBCDIC HTTP/1.1" 200 1800 "-" "Mozilla/5.0 AppleWebKit/537.36 (KHTML, like Gecko; compatible; GPTBot/1.2; +https://openai.com/gptbot)"
20.171.207.120 - - [19/Jul/2025:13:57:30 +0000] "GET /dfaas.php?path=%2Fhome%2Fkelaby89%2Ftmp%2Fpma_template_compiles_kelaby89%2Ftwig%2F59 HTTP/1.1" 200 1731 "-" "Mozilla/5.0 AppleWebKit/537.36 (KHTML, like Gecko; compatible; GPTBot/1.2; +https://openai.com/gptbot)"
20.171.207.120 - - [19/Jul/2025:13:57:32 +0000] "GET /dfaas.php?path=%2Fhome%2Fkelaby89%2Ftmp%2Fpma_template_compiles_kelaby89%2Ftwig%2F81 HTTP/1.1" 200 1706 "-" "Mozilla/5.0 AppleWebKit/537.36 (KHTML, like Gecko; compatible; GPTBot/1.2; +https://openai.com/gptbot)"
20.171.207.120 - - [19/Jul/2025:13:57:33 +0000] "GET /dfaas.php?path=%2Fhome%2Fkelaby89%2Ftmp%2Fpma_template_compiles_kelaby89%2Ftwig%2F57 HTTP/1.1" 200 1707 "-" "Mozilla/5.0 AppleWebKit/537.36 (KHTML, like Gecko; compatible; GPTBot/1.2; +https://openai.com/gptbot)"
20.171.207.120 - - [19/Jul/2025:13:57:34 +0000] "GET /dfaas.php?path=%2Fhome%2Fkelaby89%2Ftmp%2Fpma_template_compiles_kelaby89%2Ftwig%2F47 HTTP/1.1" 200 1704 "-" "Mozilla/5.0 AppleWebKit/537.36 (KHTML, like Gecko; compatible; GPTBot/1.2; +https://openai.com/gptbot)"
20.171.207.120 - - [19/Jul/2025:13:57:35 +0000] "GET /dfaas.php?path=%2Fhome%2Fkelaby89%2Ftmp%2Fpma_template_compiles_kelaby89%2Ftwig%2F01 HTTP/1.1" 200 1705 "-" "Mozilla/5.0 AppleWebKit/537.36 (KHTML, like Gecko; compatible; GPTBot/1.2; +https://openai.com/gptbot)"
20.171.207.120 - - [19/Jul/2025:13:57:36 +0000] "GET /dfaas.php?path=%2Fhome%2Fkelaby89%2Ftmp%2Fpma_template_compiles_kelaby89%2Ftwig%2F70 HTTP/1.1" 200 1844 "-" "Mozilla/5.0 AppleWebKit/537.36 (KHTML, like Gecko; compatible; GPTBot/1.2; +https://openai.com/gptbot)"
178.151.245.162 - - [19/Jul/2025:13:57:37 +0000] "GET /dfaas.php?filesrc=//etc/X11/fontpath.d/xorg-x11-fonts-100dpi:unscaled:pri=30/UTBI__10-ISO8859-1.pcf.gz&path=//etc/X11/fontpath.d/xorg-x11-fonts-100dpi:unscaled:pri=30 HTTP/1.1" 200 1310 "-" "Mozilla/5.0 (compatible; MJ12bot/v1.4.8; http://mj12bot.com/)"
20.171.207.120 - - [19/Jul/2025:13:57:37 +0000] "GET /dfaas.php?path=%2Fhome%2Fkelaby89%2Ftmp%2Fpma_template_compiles_kelaby89%2Ftwig%2F94 HTTP/1.1" 200 1786 "-" "Mozilla/5.0 AppleWebKit/537.36 (KHTML, like Gecko; compatible; GPTBot/1.2; +https://openai.com/gptbot)"
178.151.245.162 - - [19/Jul/2025:13:57:38 +0000] "GET /dfaas.php?filesrc=//etc/X11/fontpath.d/xorg-x11-fonts-100dpi:unscaled:pri=30/UTBI__12-ISO8859-1.pcf.gz&path=//etc/X11/fontpath.d/xorg-x11-fonts-100dpi:unscaled:pri=30 HTTP/1.1" 200 1311 "-" "Mozilla/5.0 (compatible; MJ12bot/v1.4.8; http://mj12bot.com/)"
