66.249.73.128 - - [20/Jul/2025:02:14:49 +0000] "GET /item/3764120/ HTTP/1.1" 200 20670 "-" "Mozilla/5.0 (Linux; Android 6.0.1; Nexus 5X Build/MMB29P) AppleWebKit/537.36 (KHTML, like Gecko) Chrome/137.0.7151.103 Mobile Safari/537.36 (compatible; Googlebot/2.1; +http://www.google.com/bot.html)"
66.249.73.128 - - [20/Jul/2025:02:15:34 +0000] "GET /item/2069664/ HTTP/1.1" 200 20964 "-" "Mozilla/5.0 (Linux; Android 6.0.1; Nexus 5X Build/MMB29P) AppleWebKit/537.36 (KHTML, like Gecko) Chrome/137.0.7151.103 Mobile Safari/537.36 (compatible; Googlebot/2.1; +http://www.google.com/bot.html)"
20.171.207.191 - - [20/Jul/2025:02:15:39 +0000] "GET /good.php/p/IJHFR4126.html HTTP/1.1" 200 - "-" "Mozilla/5.0 AppleWebKit/537.36 (KHTML, like Gecko; compatible; GPTBot/1.2; +https://openai.com/gptbot)"
20.171.207.191 - - [20/Jul/2025:02:16:45 +0000] "GET /good.php/p/DOSGK4581.html HTTP/1.1" 200 - "-" "Mozilla/5.0 AppleWebKit/537.36 (KHTML, like Gecko; compatible; GPTBot/1.2; +https://openai.com/gptbot)"
66.249.73.132 - - [20/Jul/2025:02:16:57 +0000] "GET /item/4410880/ HTTP/1.1" 200 20100 "-" "Mozilla/5.0 (Linux; Android 6.0.1; Nexus 5X Build/MMB29P) AppleWebKit/537.36 (KHTML, like Gecko) Chrome/137.0.7151.103 Mobile Safari/537.36 (compatible; Googlebot/2.1; +http://www.google.com/bot.html)"
20.171.207.191 - - [20/Jul/2025:02:17:49 +0000] "GET /good.php/p/CWNDU4765.html HTTP/1.1" 200 - "-" "Mozilla/5.0 AppleWebKit/537.36 (KHTML, like Gecko; compatible; GPTBot/1.2; +https://openai.com/gptbot)"
20.171.207.191 - - [20/Jul/2025:02:18:54 +0000] "GET /good.php/p/HBTYS5149.html HTTP/1.1" 200 - "-" "Mozilla/5.0 AppleWebKit/537.36 (KHTML, like Gecko; compatible; GPTBot/1.2; +https://openai.com/gptbot)"
20.171.207.191 - - [20/Jul/2025:02:19:56 +0000] "GET /good.php/p/HABMQ5091.html HTTP/1.1" 200 - "-" "Mozilla/5.0 AppleWebKit/537.36 (KHTML, like Gecko; compatible; GPTBot/1.2; +https://openai.com/gptbot)"
20.171.207.191 - - [20/Jul/2025:02:20:59 +0000] "GET /good.php/p/IXPUM5983.html HTTP/1.1" 200 - "-" "Mozilla/5.0 AppleWebKit/537.36 (KHTML, like Gecko; compatible; GPTBot/1.2; +https://openai.com/gptbot)"
20.171.207.191 - - [20/Jul/2025:02:22:05 +0000] "GET /good.php/p/CVEQN1436.html HTTP/1.1" 200 - "-" "Mozilla/5.0 AppleWebKit/537.36 (KHTML, like Gecko; compatible; GPTBot/1.2; +https://openai.com/gptbot)"
20.171.207.191 - - [20/Jul/2025:02:23:06 +0000] "GET /good.php/p/FSXKD2314.html HTTP/1.1" 200 - "-" "Mozilla/5.0 AppleWebKit/537.36 (KHTML, like Gecko; compatible; GPTBot/1.2; +https://openai.com/gptbot)"
20.171.207.191 - - [20/Jul/2025:02:24:09 +0000] "GET /good.php/p/KOHFA5941.html HTTP/1.1" 200 - "-" "Mozilla/5.0 AppleWebKit/537.36 (KHTML, like Gecko; compatible; GPTBot/1.2; +https://openai.com/gptbot)"
20.171.207.191 - - [20/Jul/2025:02:25:11 +0000] "GET /good.php/p/HPOGB7348.html HTTP/1.1" 200 - "-" "Mozilla/5.0 AppleWebKit/537.36 (KHTML, like Gecko; compatible; GPTBot/1.2; +https://openai.com/gptbot)"
20.171.207.191 - - [20/Jul/2025:02:26:16 +0000] "GET /good.php/p/LDMQK3257.html HTTP/1.1" 200 - "-" "Mozilla/5.0 AppleWebKit/537.36 (KHTML, like Gecko; compatible; GPTBot/1.2; +https://openai.com/gptbot)"
20.171.207.191 - - [20/Jul/2025:02:27:18 +0000] "GET /good.php/p/INXLB5386.html HTTP/1.1" 200 - "-" "Mozilla/5.0 AppleWebKit/537.36 (KHTML, like Gecko; compatible; GPTBot/1.2; +https://openai.com/gptbot)"
20.171.207.191 - - [20/Jul/2025:02:28:23 +0000] "GET /good.php/p/HAEXB7390.html HTTP/1.1" 200 - "-" "Mozilla/5.0 AppleWebKit/537.36 (KHTML, like Gecko; compatible; GPTBot/1.2; +https://openai.com/gptbot)"
20.171.207.191 - - [20/Jul/2025:02:29:24 +0000] "GET /good.php/p/JFVUH0642.html HTTP/1.1" 200 - "-" "Mozilla/5.0 AppleWebKit/537.36 (KHTML, like Gecko; compatible; GPTBot/1.2; +https://openai.com/gptbot)"
66.249.73.131 - - [20/Jul/2025:02:29:37 +0000] "GET /item/4768348 HTTP/1.1" 200 20954 "-" "Mozilla/5.0 (Linux; Android 6.0.1; Nexus 5X Build/MMB29P) AppleWebKit/537.36 (KHTML, like Gecko) Chrome/137.0.7151.103 Mobile Safari/537.36 (compatible; Googlebot/2.1; +http://www.google.com/bot.html)"
20.171.207.191 - - [20/Jul/2025:02:30:25 +0000] "GET /good.php/p/DIPEO7049.html HTTP/1.1" 200 - "-" "Mozilla/5.0 AppleWebKit/537.36 (KHTML, like Gecko; compatible; GPTBot/1.2; +https://openai.com/gptbot)"
20.171.207.191 - - [20/Jul/2025:02:31:29 +0000] "GET /good.php/p/IXQZH6784.html HTTP/1.1" 200 - "-" "Mozilla/5.0 AppleWebKit/537.36 (KHTML, like Gecko; compatible; GPTBot/1.2; +https://openai.com/gptbot)"
20.171.207.191 - - [20/Jul/2025:02:32:33 +0000] "GET /good.php/p/HDVJB1246.html HTTP/1.1" 200 - "-" "Mozilla/5.0 AppleWebKit/537.36 (KHTML, like Gecko; compatible; GPTBot/1.2; +https://openai.com/gptbot)"
20.171.207.191 - - [20/Jul/2025:02:33:34 +0000] "GET /good.php/p/JRSBQ9041.html HTTP/1.1" 200 - "-" "Mozilla/5.0 AppleWebKit/537.36 (KHTML, like Gecko; compatible; GPTBot/1.2; +https://openai.com/gptbot)"
20.171.207.191 - - [20/Jul/2025:02:34:37 +0000] "GET /good.php/p/EWQLT0952.html HTTP/1.1" 200 - "-" "Mozilla/5.0 AppleWebKit/537.36 (KHTML, like Gecko; compatible; GPTBot/1.2; +https://openai.com/gptbot)"
20.171.207.191 - - [20/Jul/2025:02:35:41 +0000] "GET /good.php/p/EPYAS3041.html HTTP/1.1" 200 - "-" "Mozilla/5.0 AppleWebKit/537.36 (KHTML, like Gecko; compatible; GPTBot/1.2; +https://openai.com/gptbot)"
20.171.207.191 - - [20/Jul/2025:02:36:46 +0000] "GET /good.php/p/GQBAM9015.html HTTP/1.1" 200 - "-" "Mozilla/5.0 AppleWebKit/537.36 (KHTML, like Gecko; compatible; GPTBot/1.2; +https://openai.com/gptbot)"
20.171.207.191 - - [20/Jul/2025:02:37:48 +0000] "GET /good.php/p/EFZSA8407.html HTTP/1.1" 200 - "-" "Mozilla/5.0 AppleWebKit/537.36 (KHTML, like Gecko; compatible; GPTBot/1.2; +https://openai.com/gptbot)"
20.171.207.191 - - [20/Jul/2025:02:38:48 +0000] "GET /good.php/p/KFERA6041.html HTTP/1.1" 200 - "-" "Mozilla/5.0 AppleWebKit/537.36 (KHTML, like Gecko; compatible; GPTBot/1.2; +https://openai.com/gptbot)"
20.171.207.191 - - [20/Jul/2025:02:39:50 +0000] "GET /good.php/p/KBPFA2861.html HTTP/1.1" 200 - "-" "Mozilla/5.0 AppleWebKit/537.36 (KHTML, like Gecko; compatible; GPTBot/1.2; +https://openai.com/gptbot)"
20.171.207.191 - - [20/Jul/2025:02:40:53 +0000] "GET /good.php/p/GFKBM1789.html HTTP/1.1" 200 - "-" "Mozilla/5.0 AppleWebKit/537.36 (KHTML, like Gecko; compatible; GPTBot/1.2; +https://openai.com/gptbot)"
20.171.207.191 - - [20/Jul/2025:02:41:56 +0000] "GET /good.php/p/EHAPQ6597.html HTTP/1.1" 200 - "-" "Mozilla/5.0 AppleWebKit/537.36 (KHTML, like Gecko; compatible; GPTBot/1.2; +https://openai.com/gptbot)"
20.171.207.191 - - [20/Jul/2025:02:42:56 +0000] "GET /good.php/p/LNJOD6930.html HTTP/1.1" 200 - "-" "Mozilla/5.0 AppleWebKit/537.36 (KHTML, like Gecko; compatible; GPTBot/1.2; +https://openai.com/gptbot)"
20.171.207.191 - - [20/Jul/2025:02:43:57 +0000] "GET /good.php/p/KDMXF6458.html HTTP/1.1" 200 - "-" "Mozilla/5.0 AppleWebKit/537.36 (KHTML, like Gecko; compatible; GPTBot/1.2; +https://openai.com/gptbot)"
20.171.207.191 - - [20/Jul/2025:02:45:01 +0000] "GET /good.php/p/JKIQC9625.html HTTP/1.1" 200 - "-" "Mozilla/5.0 AppleWebKit/537.36 (KHTML, like Gecko; compatible; GPTBot/1.2; +https://openai.com/gptbot)"
20.171.207.191 - - [20/Jul/2025:02:46:06 +0000] "GET /good.php/p/JQACV9328.html HTTP/1.1" 200 - "-" "Mozilla/5.0 AppleWebKit/537.36 (KHTML, like Gecko; compatible; GPTBot/1.2; +https://openai.com/gptbot)"
20.171.207.191 - - [20/Jul/2025:02:47:09 +0000] "GET /good.php/p/JPKBE8469.html HTTP/1.1" 200 - "-" "Mozilla/5.0 AppleWebKit/537.36 (KHTML, like Gecko; compatible; GPTBot/1.2; +https://openai.com/gptbot)"
20.171.207.191 - - [20/Jul/2025:02:48:12 +0000] "GET /good.php/p/HKSGI2179.html HTTP/1.1" 200 - "-" "Mozilla/5.0 AppleWebKit/537.36 (KHTML, like Gecko; compatible; GPTBot/1.2; +https://openai.com/gptbot)"
20.171.207.191 - - [20/Jul/2025:02:49:12 +0000] "GET /good.php/p/FGKBT2396.html HTTP/1.1" 200 - "-" "Mozilla/5.0 AppleWebKit/537.36 (KHTML, like Gecko; compatible; GPTBot/1.2; +https://openai.com/gptbot)"
20.171.207.191 - - [20/Jul/2025:02:50:18 +0000] "GET /good.php/p/GMAPH8420.html HTTP/1.1" 200 - "-" "Mozilla/5.0 AppleWebKit/537.36 (KHTML, like Gecko; compatible; GPTBot/1.2; +https://openai.com/gptbot)"
20.171.207.191 - - [20/Jul/2025:02:51:19 +0000] "GET /good.php/p/LIXOP8526.html HTTP/1.1" 200 - "-" "Mozilla/5.0 AppleWebKit/537.36 (KHTML, like Gecko; compatible; GPTBot/1.2; +https://openai.com/gptbot)"
20.171.207.191 - - [20/Jul/2025:02:52:21 +0000] "GET /good.php/p/DAJYC2893.html HTTP/1.1" 200 - "-" "Mozilla/5.0 AppleWebKit/537.36 (KHTML, like Gecko; compatible; GPTBot/1.2; +https://openai.com/gptbot)"
20.171.207.191 - - [20/Jul/2025:02:53:22 +0000] "GET /good.php/p/JCEIZ6128.html HTTP/1.1" 200 - "-" "Mozilla/5.0 AppleWebKit/537.36 (KHTML, like Gecko; compatible; GPTBot/1.2; +https://openai.com/gptbot)"
20.171.207.191 - - [20/Jul/2025:02:54:22 +0000] "GET /good.php/p/LISPV5178.html HTTP/1.1" 200 - "-" "Mozilla/5.0 AppleWebKit/537.36 (KHTML, like Gecko; compatible; GPTBot/1.2; +https://openai.com/gptbot)"
20.171.207.191 - - [20/Jul/2025:02:55:27 +0000] "GET /good.php/p/DIHCM1587.html HTTP/1.1" 200 - "-" "Mozilla/5.0 AppleWebKit/537.36 (KHTML, like Gecko; compatible; GPTBot/1.2; +https://openai.com/gptbot)"
20.171.207.191 - - [20/Jul/2025:02:56:30 +0000] "GET /good.php/p/JKLIU1463.html HTTP/1.1" 200 - "-" "Mozilla/5.0 AppleWebKit/537.36 (KHTML, like Gecko; compatible; GPTBot/1.2; +https://openai.com/gptbot)"
20.171.207.191 - - [20/Jul/2025:02:57:35 +0000] "GET /good.php/p/GRSMU8403.html HTTP/1.1" 200 - "-" "Mozilla/5.0 AppleWebKit/537.36 (KHTML, like Gecko; compatible; GPTBot/1.2; +https://openai.com/gptbot)"
20.171.207.191 - - [20/Jul/2025:02:58:36 +0000] "GET /good.php/p/HFKGX8906.html HTTP/1.1" 200 - "-" "Mozilla/5.0 AppleWebKit/537.36 (KHTML, like Gecko; compatible; GPTBot/1.2; +https://openai.com/gptbot)"
20.171.207.191 - - [20/Jul/2025:02:59:40 +0000] "GET /good.php/p/EPZLA3985.html HTTP/1.1" 200 - "-" "Mozilla/5.0 AppleWebKit/537.36 (KHTML, like Gecko; compatible; GPTBot/1.2; +https://openai.com/gptbot)"
20.171.207.191 - - [20/Jul/2025:03:00:42 +0000] "GET /good.php/p/EXKPZ4582.html HTTP/1.1" 200 - "-" "Mozilla/5.0 AppleWebKit/537.36 (KHTML, like Gecko; compatible; GPTBot/1.2; +https://openai.com/gptbot)"
20.171.207.191 - - [20/Jul/2025:03:01:45 +0000] "GET /good.php/p/IKOTW6803.html HTTP/1.1" 200 - "-" "Mozilla/5.0 AppleWebKit/537.36 (KHTML, like Gecko; compatible; GPTBot/1.2; +https://openai.com/gptbot)"
20.171.207.191 - - [20/Jul/2025:03:02:46 +0000] "GET /good.php/p/JVGXQ1805.html HTTP/1.1" 200 - "-" "Mozilla/5.0 AppleWebKit/537.36 (KHTML, like Gecko; compatible; GPTBot/1.2; +https://openai.com/gptbot)"
20.171.207.191 - - [20/Jul/2025:03:03:49 +0000] "GET /good.php/p/JGSDX5764.html HTTP/1.1" 200 - "-" "Mozilla/5.0 AppleWebKit/537.36 (KHTML, like Gecko; compatible; GPTBot/1.2; +https://openai.com/gptbot)"
20.171.207.191 - - [20/Jul/2025:03:04:55 +0000] "GET /good.php/p/FOEHR9102.html HTTP/1.1" 200 - "-" "Mozilla/5.0 AppleWebKit/537.36 (KHTML, like Gecko; compatible; GPTBot/1.2; +https://openai.com/gptbot)"
20.171.207.191 - - [20/Jul/2025:03:06:00 +0000] "GET /good.php/p/KOILQ6789.html HTTP/1.1" 200 - "-" "Mozilla/5.0 AppleWebKit/537.36 (KHTML, like Gecko; compatible; GPTBot/1.2; +https://openai.com/gptbot)"
20.171.207.191 - - [20/Jul/2025:03:07:05 +0000] "GET /good.php/p/HAJPK0571.html HTTP/1.1" 200 - "-" "Mozilla/5.0 AppleWebKit/537.36 (KHTML, like Gecko; compatible; GPTBot/1.2; +https://openai.com/gptbot)"
20.171.207.191 - - [20/Jul/2025:03:08:06 +0000] "GET /good.php/p/GNWVS1035.html HTTP/1.1" 200 - "-" "Mozilla/5.0 AppleWebKit/537.36 (KHTML, like Gecko; compatible; GPTBot/1.2; +https://openai.com/gptbot)"
20.171.207.191 - - [20/Jul/2025:03:09:10 +0000] "GET /good.php/p/FNHQZ3796.html HTTP/1.1" 200 - "-" "Mozilla/5.0 AppleWebKit/537.36 (KHTML, like Gecko; compatible; GPTBot/1.2; +https://openai.com/gptbot)"
20.171.207.191 - - [20/Jul/2025:03:10:13 +0000] "GET /good.php/p/HZMSL2078.html HTTP/1.1" 200 - "-" "Mozilla/5.0 AppleWebKit/537.36 (KHTML, like Gecko; compatible; GPTBot/1.2; +https://openai.com/gptbot)"
20.171.207.191 - - [20/Jul/2025:03:11:16 +0000] "GET /good.php/p/KXAHF9450.html HTTP/1.1" 200 - "-" "Mozilla/5.0 AppleWebKit/537.36 (KHTML, like Gecko; compatible; GPTBot/1.2; +https://openai.com/gptbot)"
20.171.207.191 - - [20/Jul/2025:03:12:19 +0000] "GET /good.php/p/IKOTW6803.html HTTP/1.1" 200 - "-" "Mozilla/5.0 AppleWebKit/537.36 (KHTML, like Gecko; compatible; GPTBot/1.2; +https://openai.com/gptbot)"
20.171.207.191 - - [20/Jul/2025:03:13:19 +0000] "GET /good.php/p/GATYP0594.html HTTP/1.1" 200 - "-" "Mozilla/5.0 AppleWebKit/537.36 (KHTML, like Gecko; compatible; GPTBot/1.2; +https://openai.com/gptbot)"
20.171.207.191 - - [20/Jul/2025:03:14:24 +0000] "GET /good.php/p/IGFSW0389.html HTTP/1.1" 200 - "-" "Mozilla/5.0 AppleWebKit/537.36 (KHTML, like Gecko; compatible; GPTBot/1.2; +https://openai.com/gptbot)"
20.171.207.191 - - [20/Jul/2025:03:15:27 +0000] "GET /good.php/p/FLKRW0695.html HTTP/1.1" 200 - "-" "Mozilla/5.0 AppleWebKit/537.36 (KHTML, like Gecko; compatible; GPTBot/1.2; +https://openai.com/gptbot)"
20.171.207.191 - - [20/Jul/2025:03:16:29 +0000] "GET /good.php/p/KXCAR0632.html HTTP/1.1" 200 - "-" "Mozilla/5.0 AppleWebKit/537.36 (KHTML, like Gecko; compatible; GPTBot/1.2; +https://openai.com/gptbot)"
20.171.207.191 - - [20/Jul/2025:03:17:32 +0000] "GET /good.php/p/LONJG7083.html HTTP/1.1" 200 - "-" "Mozilla/5.0 AppleWebKit/537.36 (KHTML, like Gecko; compatible; GPTBot/1.2; +https://openai.com/gptbot)"
20.171.207.191 - - [20/Jul/2025:03:18:37 +0000] "GET /good.php/p/JMPIW9321.html HTTP/1.1" 200 - "-" "Mozilla/5.0 AppleWebKit/537.36 (KHTML, like Gecko; compatible; GPTBot/1.2; +https://openai.com/gptbot)"
20.171.207.191 - - [20/Jul/2025:03:19:43 +0000] "GET /good.php/p/JHVFW5419.html HTTP/1.1" 200 - "-" "Mozilla/5.0 AppleWebKit/537.36 (KHTML, like Gecko; compatible; GPTBot/1.2; +https://openai.com/gptbot)"
20.171.207.191 - - [20/Jul/2025:03:20:48 +0000] "GET /good.php/p/EKTJW2019.html HTTP/1.1" 200 - "-" "Mozilla/5.0 AppleWebKit/537.36 (KHTML, like Gecko; compatible; GPTBot/1.2; +https://openai.com/gptbot)"
4.227.36.53 - - [20/Jul/2025:03:20:49 +0000] "GET /robots.txt HTTP/1.1" 200 229 "-" "Mozilla/5.0 AppleWebKit/537.36 (KHTML, like Gecko; compatible; GPTBot/1.2; +https://openai.com/gptbot)"
20.171.207.191 - - [20/Jul/2025:03:21:52 +0000] "GET /good.php/p/GWVKE8243.html HTTP/1.1" 200 - "-" "Mozilla/5.0 AppleWebKit/537.36 (KHTML, like Gecko; compatible; GPTBot/1.2; +https://openai.com/gptbot)"
20.171.207.191 - - [20/Jul/2025:03:22:54 +0000] "GET /good.php/p/DIEMK9817.html HTTP/1.1" 200 - "-" "Mozilla/5.0 AppleWebKit/537.36 (KHTML, like Gecko; compatible; GPTBot/1.2; +https://openai.com/gptbot)"
20.171.207.191 - - [20/Jul/2025:03:23:57 +0000] "GET /good.php/p/ICVDZ0514.html HTTP/1.1" 200 - "-" "Mozilla/5.0 AppleWebKit/537.36 (KHTML, like Gecko; compatible; GPTBot/1.2; +https://openai.com/gptbot)"
20.171.207.191 - - [20/Jul/2025:03:24:57 +0000] "GET /good.php/p/FKQXJ7318.html HTTP/1.1" 200 - "-" "Mozilla/5.0 AppleWebKit/537.36 (KHTML, like Gecko; compatible; GPTBot/1.2; +https://openai.com/gptbot)"
20.171.207.191 - - [20/Jul/2025:03:26:02 +0000] "GET /good.php/p/DUGWQ2347.html HTTP/1.1" 200 - "-" "Mozilla/5.0 AppleWebKit/537.36 (KHTML, like Gecko; compatible; GPTBot/1.2; +https://openai.com/gptbot)"
20.171.207.191 - - [20/Jul/2025:03:27:08 +0000] "GET /good.php/p/GNSKE8031.html HTTP/1.1" 200 - "-" "Mozilla/5.0 AppleWebKit/537.36 (KHTML, like Gecko; compatible; GPTBot/1.2; +https://openai.com/gptbot)"
20.171.207.191 - - [20/Jul/2025:03:28:10 +0000] "GET /good.php/p/IXNAV4120.html HTTP/1.1" 200 - "-" "Mozilla/5.0 AppleWebKit/537.36 (KHTML, like Gecko; compatible; GPTBot/1.2; +https://openai.com/gptbot)"
20.171.207.191 - - [20/Jul/2025:03:29:11 +0000] "GET /good.php/p/IEPQR1940.html HTTP/1.1" 200 - "-" "Mozilla/5.0 AppleWebKit/537.36 (KHTML, like Gecko; compatible; GPTBot/1.2; +https://openai.com/gptbot)"
20.171.207.191 - - [20/Jul/2025:03:30:13 +0000] "GET /good.php/p/HFTDN4902.html HTTP/1.1" 200 - "-" "Mozilla/5.0 AppleWebKit/537.36 (KHTML, like Gecko; compatible; GPTBot/1.2; +https://openai.com/gptbot)"
20.171.207.191 - - [20/Jul/2025:03:31:18 +0000] "GET /good.php/p/EYGBL9076.html HTTP/1.1" 200 - "-" "Mozilla/5.0 AppleWebKit/537.36 (KHTML, like Gecko; compatible; GPTBot/1.2; +https://openai.com/gptbot)"
66.249.73.128 - - [20/Jul/2025:03:31:56 +0000] "GET /sitemap-12.xml HTTP/1.1" 200 13884 "-" "Mozilla/5.0 (compatible; Googlebot/2.1; +http://www.google.com/bot.html)"
20.171.207.191 - - [20/Jul/2025:03:32:21 +0000] "GET /good.php/p/GADIZ9372.html HTTP/1.1" 200 - "-" "Mozilla/5.0 AppleWebKit/537.36 (KHTML, like Gecko; compatible; GPTBot/1.2; +https://openai.com/gptbot)"
20.171.207.191 - - [20/Jul/2025:03:33:26 +0000] "GET /good.php/p/FNMAK6745.html HTTP/1.1" 200 - "-" "Mozilla/5.0 AppleWebKit/537.36 (KHTML, like Gecko; compatible; GPTBot/1.2; +https://openai.com/gptbot)"
20.171.207.191 - - [20/Jul/2025:03:34:29 +0000] "GET /good.php/p/GQVEU2647.html HTTP/1.1" 200 - "-" "Mozilla/5.0 AppleWebKit/537.36 (KHTML, like Gecko; compatible; GPTBot/1.2; +https://openai.com/gptbot)"
20.171.207.191 - - [20/Jul/2025:03:35:34 +0000] "GET /good.php/p/FXQTA5693.html HTTP/1.1" 200 - "-" "Mozilla/5.0 AppleWebKit/537.36 (KHTML, like Gecko; compatible; GPTBot/1.2; +https://openai.com/gptbot)"
20.171.207.191 - - [20/Jul/2025:03:36:35 +0000] "GET /good.php/p/FIHLV5782.html HTTP/1.1" 200 - "-" "Mozilla/5.0 AppleWebKit/537.36 (KHTML, like Gecko; compatible; GPTBot/1.2; +https://openai.com/gptbot)"
20.171.207.191 - - [20/Jul/2025:03:37:37 +0000] "GET /good.php/p/DQNJS6439.html HTTP/1.1" 200 - "-" "Mozilla/5.0 AppleWebKit/537.36 (KHTML, like Gecko; compatible; GPTBot/1.2; +https://openai.com/gptbot)"
20.171.207.191 - - [20/Jul/2025:03:38:43 +0000] "GET /good.php/p/GPUMZ4608.html HTTP/1.1" 200 - "-" "Mozilla/5.0 AppleWebKit/537.36 (KHTML, like Gecko; compatible; GPTBot/1.2; +https://openai.com/gptbot)"
20.171.207.191 - - [20/Jul/2025:03:39:44 +0000] "GET /good.php/p/LDFSA8567.html HTTP/1.1" 200 - "-" "Mozilla/5.0 AppleWebKit/537.36 (KHTML, like Gecko; compatible; GPTBot/1.2; +https://openai.com/gptbot)"
20.171.207.191 - - [20/Jul/2025:03:40:45 +0000] "GET /good.php/p/KSEAI4095.html HTTP/1.1" 200 - "-" "Mozilla/5.0 AppleWebKit/537.36 (KHTML, like Gecko; compatible; GPTBot/1.2; +https://openai.com/gptbot)"
20.171.207.191 - - [20/Jul/2025:03:41:45 +0000] "GET /good.php/p/FHZMR0396.html HTTP/1.1" 200 - "-" "Mozilla/5.0 AppleWebKit/537.36 (KHTML, like Gecko; compatible; GPTBot/1.2; +https://openai.com/gptbot)"
20.171.207.191 - - [20/Jul/2025:03:42:51 +0000] "GET /good.php/p/JZULT1264.html HTTP/1.1" 200 - "-" "Mozilla/5.0 AppleWebKit/537.36 (KHTML, like Gecko; compatible; GPTBot/1.2; +https://openai.com/gptbot)"
20.171.207.191 - - [20/Jul/2025:03:43:53 +0000] "GET /good.php/p/EJTCS4257.html HTTP/1.1" 200 - "-" "Mozilla/5.0 AppleWebKit/537.36 (KHTML, like Gecko; compatible; GPTBot/1.2; +https://openai.com/gptbot)"
20.171.207.191 - - [20/Jul/2025:03:44:55 +0000] "GET /good.php/p/IVULK3975.html HTTP/1.1" 200 - "-" "Mozilla/5.0 AppleWebKit/537.36 (KHTML, like Gecko; compatible; GPTBot/1.2; +https://openai.com/gptbot)"
20.171.207.191 - - [20/Jul/2025:03:45:58 +0000] "GET /good.php/p/EWFZN3874.html HTTP/1.1" 200 - "-" "Mozilla/5.0 AppleWebKit/537.36 (KHTML, like Gecko; compatible; GPTBot/1.2; +https://openai.com/gptbot)"
20.171.207.191 - - [20/Jul/2025:03:47:00 +0000] "GET /good.php/p/FTLQE1935.html HTTP/1.1" 200 - "-" "Mozilla/5.0 AppleWebKit/537.36 (KHTML, like Gecko; compatible; GPTBot/1.2; +https://openai.com/gptbot)"
20.171.207.191 - - [20/Jul/2025:03:48:04 +0000] "GET /good.php/p/CVHEX3162.html HTTP/1.1" 200 - "-" "Mozilla/5.0 AppleWebKit/537.36 (KHTML, like Gecko; compatible; GPTBot/1.2; +https://openai.com/gptbot)"
20.171.207.191 - - [20/Jul/2025:03:49:04 +0000] "GET /good.php/p/CYEIO3957.html HTTP/1.1" 200 - "-" "Mozilla/5.0 AppleWebKit/537.36 (KHTML, like Gecko; compatible; GPTBot/1.2; +https://openai.com/gptbot)"
20.171.207.191 - - [20/Jul/2025:03:50:07 +0000] "GET /good.php/p/JKPIN4160.html HTTP/1.1" 200 - "-" "Mozilla/5.0 AppleWebKit/537.36 (KHTML, like Gecko; compatible; GPTBot/1.2; +https://openai.com/gptbot)"
20.171.207.191 - - [20/Jul/2025:03:51:13 +0000] "GET /good.php/p/DXUIE4163.html HTTP/1.1" 200 - "-" "Mozilla/5.0 AppleWebKit/537.36 (KHTML, like Gecko; compatible; GPTBot/1.2; +https://openai.com/gptbot)"
66.249.73.131 - - [20/Jul/2025:03:52:14 +0000] "GET /item/2210830/ HTTP/1.1" 200 20514 "-" "Mozilla/5.0 (Linux; Android 6.0.1; Nexus 5X Build/MMB29P) AppleWebKit/537.36 (KHTML, like Gecko) Chrome/137.0.7151.103 Mobile Safari/537.36 (compatible; Googlebot/2.1; +http://www.google.com/bot.html)"
20.171.207.191 - - [20/Jul/2025:03:52:16 +0000] "GET /good.php/p/HFWVJ7394.html HTTP/1.1" 200 - "-" "Mozilla/5.0 AppleWebKit/537.36 (KHTML, like Gecko; compatible; GPTBot/1.2; +https://openai.com/gptbot)"
20.171.207.191 - - [20/Jul/2025:03:53:17 +0000] "GET /good.php/p/KMJUQ2547.html HTTP/1.1" 200 - "-" "Mozilla/5.0 AppleWebKit/537.36 (KHTML, like Gecko; compatible; GPTBot/1.2; +https://openai.com/gptbot)"
66.249.73.128 - - [20/Jul/2025:03:53:29 +0000] "GET /item/4538019/ HTTP/1.1" 200 20925 "-" "Mozilla/5.0 (Linux; Android 6.0.1; Nexus 5X Build/MMB29P) AppleWebKit/537.36 (KHTML, like Gecko) Chrome/137.0.7151.103 Mobile Safari/537.36 (compatible; Googlebot/2.1; +http://www.google.com/bot.html)"
66.249.73.132 - - [20/Jul/2025:03:53:33 +0000] "POST /get-message-notify HTTP/1.1" 200 20192 "https://omaura.clothing/item/4538019/" "Mozilla/5.0 (Linux; Android 6.0.1; Nexus 5X Build/MMB29P) AppleWebKit/537.36 (KHTML, like Gecko) Chrome/137.0.7151.119 Mobile Safari/537.36 (compatible; Googlebot/2.1; +http://www.google.com/bot.html)"
20.171.207.191 - - [20/Jul/2025:03:54:18 +0000] "GET /good.php/p/EXYCL3694.html HTTP/1.1" 200 - "-" "Mozilla/5.0 AppleWebKit/537.36 (KHTML, like Gecko; compatible; GPTBot/1.2; +https://openai.com/gptbot)"
66.249.73.132 - - [20/Jul/2025:03:54:28 +0000] "GET /item/3127994/ HTTP/1.1" 200 20527 "-" "Mozilla/5.0 (Linux; Android 6.0.1; Nexus 5X Build/MMB29P) AppleWebKit/537.36 (KHTML, like Gecko) Chrome/137.0.7151.103 Mobile Safari/537.36 (compatible; Googlebot/2.1; +http://www.google.com/bot.html)"
45.227.253.15 - - [20/Jul/2025:03:54:50 +0000] "GET /cgi-bin/cgi-bin/cgi-bin/index.php?ARRAY=7o2230223n313735323938373339382p2231223n22687474703n5p2s5p2s7n7334383176313373752r62757964792r70726s5p2s3s6p633q7068705s636s64655s6n6326743q313735323938333739382q3630333764666237646337383261366564616232363765366635303133303139222p2232223n226230363833303462396162623233653461656435626338333665326661386363222p2233223n223934356438666134663530376639383361656238376163666666646565326364222p2262696r675s70617373223n2231322q34392q35362q36392q37362q38312q3237227q HTTP/1.1" 200 102 "-" "Mozilla/5.0 (Macintosh; Intel Mac OS X 10.15; rv:103.0) Gecko/20100101 Firefox/102.0"
20.171.207.191 - - [20/Jul/2025:03:55:20 +0000] "GET /good.php/p/GFDRH7468.html HTTP/1.1" 200 - "-" "Mozilla/5.0 AppleWebKit/537.36 (KHTML, like Gecko; compatible; GPTBot/1.2; +https://openai.com/gptbot)"
66.249.73.132 - - [20/Jul/2025:03:55:57 +0000] "GET /item/4623064/ HTTP/1.1" 200 20212 "-" "Mozilla/5.0 (Linux; Android 6.0.1; Nexus 5X Build/MMB29P) AppleWebKit/537.36 (KHTML, like Gecko) Chrome/137.0.7151.103 Mobile Safari/537.36 (compatible; Googlebot/2.1; +http://www.google.com/bot.html)"
66.249.73.132 - - [20/Jul/2025:03:56:01 +0000] "POST /get-message-notify HTTP/1.1" 200 20181 "https://omaura.clothing/item/4623064/" "Mozilla/5.0 (Linux; Android 6.0.1; Nexus 5X Build/MMB29P) AppleWebKit/537.36 (KHTML, like Gecko) Chrome/137.0.7151.119 Mobile Safari/537.36 (compatible; Googlebot/2.1; +http://www.google.com/bot.html)"
20.171.207.191 - - [20/Jul/2025:03:56:22 +0000] "GET /good.php/p/GKHRW8067.html HTTP/1.1" 200 - "-" "Mozilla/5.0 AppleWebKit/537.36 (KHTML, like Gecko; compatible; GPTBot/1.2; +https://openai.com/gptbot)"
20.171.207.191 - - [20/Jul/2025:03:57:24 +0000] "GET /good.php/p/JVTRO0435.html HTTP/1.1" 200 - "-" "Mozilla/5.0 AppleWebKit/537.36 (KHTML, like Gecko; compatible; GPTBot/1.2; +https://openai.com/gptbot)"
66.249.73.131 - - [20/Jul/2025:03:57:25 +0000] "GET /item/1921633/ HTTP/1.1" 200 20821 "-" "Mozilla/5.0 (Linux; Android 6.0.1; Nexus 5X Build/MMB29P) AppleWebKit/537.36 (KHTML, like Gecko) Chrome/137.0.7151.103 Mobile Safari/537.36 (compatible; Googlebot/2.1; +http://www.google.com/bot.html)"
20.171.207.191 - - [20/Jul/2025:03:58:26 +0000] "GET /good.php/p/DJGTH8924.html HTTP/1.1" 200 - "-" "Mozilla/5.0 AppleWebKit/537.36 (KHTML, like Gecko; compatible; GPTBot/1.2; +https://openai.com/gptbot)"
66.249.73.131 - - [20/Jul/2025:03:59:27 +0000] "GET /item/3831366/ HTTP/1.1" 503 428 "-" "Mozilla/5.0 (Linux; Android 6.0.1; Nexus 5X Build/MMB29P) AppleWebKit/537.36 (KHTML, like Gecko) Chrome/137.0.7151.103 Mobile Safari/537.36 (compatible; Googlebot/2.1; +http://www.google.com/bot.html)"
66.249.73.128 - - [20/Jul/2025:04:04:48 +0000] "GET /item/2453946/ HTTP/1.1" 200 20334 "-" "Mozilla/5.0 (Linux; Android 6.0.1; Nexus 5X Build/MMB29P) AppleWebKit/537.36 (KHTML, like Gecko) Chrome/137.0.7151.103 Mobile Safari/537.36 (compatible; Googlebot/2.1; +http://www.google.com/bot.html)"
66.249.73.132 - - [20/Jul/2025:04:05:25 +0000] "GET /item/4163209/ HTTP/1.1" 200 20120 "-" "Mozilla/5.0 (Linux; Android 6.0.1; Nexus 5X Build/MMB29P) AppleWebKit/537.36 (KHTML, like Gecko) Chrome/137.0.7151.103 Mobile Safari/537.36 (compatible; GoogleOther)"
66.249.73.132 - - [20/Jul/2025:04:05:29 +0000] "POST /get-message-notify HTTP/1.1" 200 20212 "https://omaura.clothing/item/4163209/" "Mozilla/5.0 (Linux; Android 6.0.1; Nexus 5X Build/MMB29P) AppleWebKit/537.36 (KHTML, like Gecko) Chrome/137.0.7151.119 Mobile Safari/537.36 (compatible; Googlebot/2.1; +http://www.google.com/bot.html)"
66.249.73.131 - - [20/Jul/2025:04:05:48 +0000] "GET /item/2755329/ HTTP/1.1" 200 20815 "-" "Mozilla/5.0 (Linux; Android 6.0.1; Nexus 5X Build/MMB29P) AppleWebKit/537.36 (KHTML, like Gecko) Chrome/137.0.7151.103 Mobile Safari/537.36 (compatible; Googlebot/2.1; +http://www.google.com/bot.html)"
66.249.73.131 - - [20/Jul/2025:04:05:50 +0000] "POST /get-message-notify HTTP/1.1" 200 20195 "https://omaura.clothing/item/2755329/" "Mozilla/5.0 (Linux; Android 6.0.1; Nexus 5X Build/MMB29P) AppleWebKit/537.36 (KHTML, like Gecko) Chrome/137.0.7151.119 Mobile Safari/537.36 (compatible; Googlebot/2.1; +http://www.google.com/bot.html)"
66.249.73.128 - - [20/Jul/2025:04:07:16 +0000] "GET /item/2116859/ HTTP/1.1" 200 19785 "-" "Mozilla/5.0 (Linux; Android 6.0.1; Nexus 5X Build/MMB29P) AppleWebKit/537.36 (KHTML, like Gecko) Chrome/137.0.7151.103 Mobile Safari/537.36 (compatible; Googlebot/2.1; +http://www.google.com/bot.html)"
66.249.73.128 - - [20/Jul/2025:04:07:19 +0000] "POST /get-message-notify HTTP/1.1" 200 20195 "https://omaura.clothing/item/2116859/" "Mozilla/5.0 (Linux; Android 6.0.1; Nexus 5X Build/MMB29P) AppleWebKit/537.36 (KHTML, like Gecko) Chrome/137.0.7151.119 Mobile Safari/537.36 (compatible; Googlebot/2.1; +http://www.google.com/bot.html)"
66.249.73.132 - - [20/Jul/2025:04:07:20 +0000] "GET /item/3655040/ HTTP/1.1" 200 20479 "-" "Mozilla/5.0 (Linux; Android 6.0.1; Nexus 5X Build/MMB29P) AppleWebKit/537.36 (KHTML, like Gecko) Chrome/137.0.7151.103 Mobile Safari/537.36 (compatible; Googlebot/2.1; +http://www.google.com/bot.html)"
66.249.73.131 - - [20/Jul/2025:04:07:42 +0000] "GET /item/4078368/ HTTP/1.1" 200 20265 "-" "Mozilla/5.0 (Linux; Android 6.0.1; Nexus 5X Build/MMB29P) AppleWebKit/537.36 (KHTML, like Gecko) Chrome/137.0.7151.103 Mobile Safari/537.36 (compatible; Googlebot/2.1; +http://www.google.com/bot.html)"
66.249.73.131 - - [20/Jul/2025:04:07:45 +0000] "POST /get-message-notify HTTP/1.1" 200 20218 "https://omaura.clothing/item/4078368/" "Mozilla/5.0 (Linux; Android 6.0.1; Nexus 5X Build/MMB29P) AppleWebKit/537.36 (KHTML, like Gecko) Chrome/137.0.7151.119 Mobile Safari/537.36 (compatible; Googlebot/2.1; +http://www.google.com/bot.html)"
66.249.73.131 - - [20/Jul/2025:04:08:07 +0000] "GET /item/3134899/ HTTP/1.1" 200 21100 "-" "Mozilla/5.0 (Linux; Android 6.0.1; Nexus 5X Build/MMB29P) AppleWebKit/537.36 (KHTML, like Gecko) Chrome/137.0.7151.103 Mobile Safari/537.36 (compatible; Googlebot/2.1; +http://www.google.com/bot.html)"
66.249.73.132 - - [20/Jul/2025:04:08:35 +0000] "GET /item/2562175/ HTTP/1.1" 200 21195 "-" "Mozilla/5.0 (Linux; Android 6.0.1; Nexus 5X Build/MMB29P) AppleWebKit/537.36 (KHTML, like Gecko) Chrome/137.0.7151.103 Mobile Safari/537.36 (compatible; Googlebot/2.1; +http://www.google.com/bot.html)"
66.249.73.131 - - [20/Jul/2025:04:08:59 +0000] "GET /item/2772821/ HTTP/1.1" 200 20108 "-" "Mozilla/5.0 (Linux; Android 6.0.1; Nexus 5X Build/MMB29P) AppleWebKit/537.36 (KHTML, like Gecko) Chrome/137.0.7151.103 Mobile Safari/537.36 (compatible; Googlebot/2.1; +http://www.google.com/bot.html)"
66.249.73.131 - - [20/Jul/2025:04:09:00 +0000] "GET /item/3783151/ HTTP/1.1" 200 20971 "-" "Mozilla/5.0 (Linux; Android 6.0.1; Nexus 5X Build/MMB29P) AppleWebKit/537.36 (KHTML, like Gecko) Chrome/137.0.7151.103 Mobile Safari/537.36 (compatible; GoogleOther)"
66.249.73.131 - - [20/Jul/2025:04:09:02 +0000] "POST /get-message-notify HTTP/1.1" 200 20220 "https://omaura.clothing/item/2772821/" "Mozilla/5.0 (Linux; Android 6.0.1; Nexus 5X Build/MMB29P) AppleWebKit/537.36 (KHTML, like Gecko) Chrome/137.0.7151.119 Mobile Safari/537.36 (compatible; Googlebot/2.1; +http://www.google.com/bot.html)"
66.249.73.131 - - [20/Jul/2025:04:09:03 +0000] "POST /get-message-notify HTTP/1.1" 200 20223 "https://omaura.clothing/item/3783151/" "Mozilla/5.0 (Linux; Android 6.0.1; Nexus 5X Build/MMB29P) AppleWebKit/537.36 (KHTML, like Gecko) Chrome/137.0.7151.119 Mobile Safari/537.36 (compatible; Googlebot/2.1; +http://www.google.com/bot.html)"
66.249.73.131 - - [20/Jul/2025:04:09:03 +0000] "GET /item/4090428/ HTTP/1.1" 200 19979 "-" "Mozilla/5.0 (Linux; Android 6.0.1; Nexus 5X Build/MMB29P) AppleWebKit/537.36 (KHTML, like Gecko) Chrome/137.0.7151.103 Mobile Safari/537.36 (compatible; GoogleOther)"
66.249.73.131 - - [20/Jul/2025:04:09:06 +0000] "POST /get-message-notify HTTP/1.1" 200 20217 "https://omaura.clothing/item/4090428/" "Mozilla/5.0 (Linux; Android 6.0.1; Nexus 5X Build/MMB29P) AppleWebKit/537.36 (KHTML, like Gecko) Chrome/137.0.7151.119 Mobile Safari/537.36 (compatible; Googlebot/2.1; +http://www.google.com/bot.html)"
162.142.125.197 - - [20/Jul/2025:04:09:24 +0000] "GET / HTTP/1.1" 200 265 "-" "Mozilla/5.0 (compatible; CensysInspect/1.1; +https://about.censys.io/)"
162.142.125.197 - - [20/Jul/2025:04:09:27 +0000] "GET /favicon.ico HTTP/1.1" 200 265 "-" "Mozilla/5.0 (compatible; CensysInspect/1.1; +https://about.censys.io/)"
45.227.253.15 - - [20/Jul/2025:04:09:31 +0000] "GET /index.php/jk HTTP/1.1" 200 265 "-" "Mozilla/5.0 (Macintosh; Intel Mac OS X 10.11; rv:103.0) Gecko/20100101 Firefox/102.0"
162.142.125.197 - - [20/Jul/2025:04:09:54 +0000] "GET /favicon.ico HTTP/1.1" 200 265 "-" "Mozilla/5.0 (compatible; CensysInspect/1.1; +https://about.censys.io/)"
66.249.73.131 - - [20/Jul/2025:04:09:55 +0000] "GET /item/2343103/ HTTP/1.1" 200 20886 "-" "Mozilla/5.0 (Linux; Android 6.0.1; Nexus 5X Build/MMB29P) AppleWebKit/537.36 (KHTML, like Gecko) Chrome/137.0.7151.103 Mobile Safari/537.36 (compatible; Googlebot/2.1; +http://www.google.com/bot.html)"
162.142.125.197 - - [20/Jul/2025:04:10:08 +0000] "GET /robots.txt HTTP/1.1" 200 229 "-" "Mozilla/5.0 (compatible; CensysInspect/1.1; +https://about.censys.io/)"
66.249.73.131 - - [20/Jul/2025:04:12:19 +0000] "GET /item/3067178/ HTTP/1.1" 200 19953 "-" "Mozilla/5.0 (Linux; Android 6.0.1; Nexus 5X Build/MMB29P) AppleWebKit/537.36 (KHTML, like Gecko) Chrome/137.0.7151.103 Mobile Safari/537.36 (compatible; Googlebot/2.1; +http://www.google.com/bot.html)"
66.249.73.132 - - [20/Jul/2025:04:14:47 +0000] "GET /item/2789611/ HTTP/1.1" 200 20312 "-" "Mozilla/5.0 (Linux; Android 6.0.1; Nexus 5X Build/MMB29P) AppleWebKit/537.36 (KHTML, like Gecko) Chrome/137.0.7151.103 Mobile Safari/537.36 (compatible; Googlebot/2.1; +http://www.google.com/bot.html)"
66.249.73.131 - - [20/Jul/2025:04:15:41 +0000] "GET /sitemap-4.xml HTTP/1.1" 200 13849 "-" "Mozilla/5.0 (compatible; Googlebot/2.1; +http://www.google.com/bot.html)"
66.249.73.128 - - [20/Jul/2025:04:18:08 +0000] "GET /item/4672475/ HTTP/1.1" 200 20151 "-" "Mozilla/5.0 (Linux; Android 6.0.1; Nexus 5X Build/MMB29P) AppleWebKit/537.36 (KHTML, like Gecko) Chrome/137.0.7151.103 Mobile Safari/537.36 (compatible; Googlebot/2.1; +http://www.google.com/bot.html)"
66.249.73.132 - - [20/Jul/2025:04:18:13 +0000] "POST /get-message-notify HTTP/1.1" 200 20194 "https://omaura.clothing/item/4672475/" "Mozilla/5.0 (Linux; Android 6.0.1; Nexus 5X Build/MMB29P) AppleWebKit/537.36 (KHTML, like Gecko) Chrome/137.0.7151.119 Mobile Safari/537.36 (compatible; Googlebot/2.1; +http://www.google.com/bot.html)"
66.249.73.131 - - [20/Jul/2025:04:19:46 +0000] "GET /item/3512251/ HTTP/1.1" 200 19694 "-" "Mozilla/5.0 (Linux; Android 6.0.1; Nexus 5X Build/MMB29P) AppleWebKit/537.36 (KHTML, like Gecko) Chrome/137.0.7151.103 Mobile Safari/537.36 (compatible; Googlebot/2.1; +http://www.google.com/bot.html)"
66.249.73.131 - - [20/Jul/2025:04:20:12 +0000] "GET /item/3791264/ HTTP/1.1" 200 21035 "-" "Mozilla/5.0 (Linux; Android 6.0.1; Nexus 5X Build/MMB29P) AppleWebKit/537.36 (KHTML, like Gecko) Chrome/137.0.7151.103 Mobile Safari/537.36 (compatible; Googlebot/2.1; +http://www.google.com/bot.html)"
20.171.207.191 - - [20/Jul/2025:04:20:32 +0000] "GET /good.php/p/DGHOE6739.html HTTP/1.1" 200 - "-" "Mozilla/5.0 AppleWebKit/537.36 (KHTML, like Gecko; compatible; GPTBot/1.2; +https://openai.com/gptbot)"
66.249.73.131 - - [20/Jul/2025:04:21:09 +0000] "GET /item/3444043/ HTTP/1.1" 200 20243 "-" "Mozilla/5.0 (Linux; Android 6.0.1; Nexus 5X Build/MMB29P) AppleWebKit/537.36 (KHTML, like Gecko) Chrome/137.0.7151.103 Mobile Safari/537.36 (compatible; Googlebot/2.1; +http://www.google.com/bot.html)"
66.249.73.131 - - [20/Jul/2025:04:21:13 +0000] "POST /get-message-notify HTTP/1.1" 200 20221 "https://omaura.clothing/item/3444043/" "Mozilla/5.0 (Linux; Android 6.0.1; Nexus 5X Build/MMB29P) AppleWebKit/537.36 (KHTML, like Gecko) Chrome/137.0.7151.119 Mobile Safari/537.36 (compatible; Googlebot/2.1; +http://www.google.com/bot.html)"
66.249.73.131 - - [20/Jul/2025:04:21:19 +0000] "GET /item/3570380/ HTTP/1.1" 200 20414 "-" "Mozilla/5.0 (Linux; Android 6.0.1; Nexus 5X Build/MMB29P) AppleWebKit/537.36 (KHTML, like Gecko) Chrome/137.0.7151.103 Mobile Safari/537.36 (compatible; Googlebot/2.1; +http://www.google.com/bot.html)"
66.249.73.131 - - [20/Jul/2025:04:21:46 +0000] "GET /item/5683404/ HTTP/1.1" 200 20266 "-" "Mozilla/5.0 (Linux; Android 6.0.1; Nexus 5X Build/MMB29P) AppleWebKit/537.36 (KHTML, like Gecko) Chrome/137.0.7151.103 Mobile Safari/537.36 (compatible; Googlebot/2.1; +http://www.google.com/bot.html)"
66.249.73.132 - - [20/Jul/2025:04:22:32 +0000] "GET /item/3873802/ HTTP/1.1" 200 20670 "-" "Mozilla/5.0 (Linux; Android 6.0.1; Nexus 5X Build/MMB29P) AppleWebKit/537.36 (KHTML, like Gecko) Chrome/137.0.7151.103 Mobile Safari/537.36 (compatible; Googlebot/2.1; +http://www.google.com/bot.html)"
66.249.73.131 - - [20/Jul/2025:04:22:55 +0000] "GET /item/3951435/ HTTP/1.1" 200 20358 "-" "Mozilla/5.0 (Linux; Android 6.0.1; Nexus 5X Build/MMB29P) AppleWebKit/537.36 (KHTML, like Gecko) Chrome/137.0.7151.103 Mobile Safari/537.36 (compatible; Googlebot/2.1; +http://www.google.com/bot.html)"
66.249.73.131 - - [20/Jul/2025:04:22:59 +0000] "POST /get-message-notify HTTP/1.1" 200 20194 "https://omaura.clothing/item/3951435/" "Mozilla/5.0 (Linux; Android 6.0.1; Nexus 5X Build/MMB29P) AppleWebKit/537.36 (KHTML, like Gecko) Chrome/137.0.7151.119 Mobile Safari/537.36 (compatible; Googlebot/2.1; +http://www.google.com/bot.html)"
66.249.73.132 - - [20/Jul/2025:04:24:31 +0000] "GET /item/3003255/ HTTP/1.1" 200 19895 "-" "Mozilla/5.0 (Linux; Android 6.0.1; Nexus 5X Build/MMB29P) AppleWebKit/537.36 (KHTML, like Gecko) Chrome/137.0.7151.103 Mobile Safari/537.36 (compatible; Googlebot/2.1; +http://www.google.com/bot.html)"
66.249.73.132 - - [20/Jul/2025:04:24:36 +0000] "POST /get-message-notify HTTP/1.1" 200 20195 "https://omaura.clothing/item/3003255/" "Mozilla/5.0 (Linux; Android 6.0.1; Nexus 5X Build/MMB29P) AppleWebKit/537.36 (KHTML, like Gecko) Chrome/137.0.7151.119 Mobile Safari/537.36 (compatible; Googlebot/2.1; +http://www.google.com/bot.html)"
66.249.73.128 - - [20/Jul/2025:04:26:07 +0000] "GET /item/2426106/ HTTP/1.1" 200 20123 "-" "Mozilla/5.0 (Linux; Android 6.0.1; Nexus 5X Build/MMB29P) AppleWebKit/537.36 (KHTML, like Gecko) Chrome/137.0.7151.103 Mobile Safari/537.36 (compatible; Googlebot/2.1; +http://www.google.com/bot.html)"
66.249.73.132 - - [20/Jul/2025:04:27:14 +0000] "GET /item/5066193 HTTP/1.1" 200 19961 "-" "Mozilla/5.0 (Linux; Android 6.0.1; Nexus 5X Build/MMB29P) AppleWebKit/537.36 (KHTML, like Gecko) Chrome/137.0.7151.103 Mobile Safari/537.36 (compatible; Googlebot/2.1; +http://www.google.com/bot.html)"
162.142.125.198 - - [20/Jul/2025:04:28:13 +0000] "GET / HTTP/1.1" 200 265 "-" "Mozilla/5.0 (compatible; CensysInspect/1.1; +https://about.censys.io/)"
162.142.125.198 - - [20/Jul/2025:04:28:20 +0000] "GET /favicon.ico HTTP/1.1" 200 265 "-" "Mozilla/5.0 (compatible; CensysInspect/1.1; +https://about.censys.io/)"
162.142.125.198 - - [20/Jul/2025:04:28:59 +0000] "GET /favicon.ico HTTP/1.1" 200 265 "-" "Mozilla/5.0 (compatible; CensysInspect/1.1; +https://about.censys.io/)"
20.171.207.191 - - [20/Jul/2025:04:29:09 +0000] "GET /good.php/p/JRODT6392.html HTTP/1.1" 200 - "-" "Mozilla/5.0 AppleWebKit/537.36 (KHTML, like Gecko; compatible; GPTBot/1.2; +https://openai.com/gptbot)"
66.249.73.131 - - [20/Jul/2025:04:29:09 +0000] "GET /item/3974390/ HTTP/1.1" 200 21189 "-" "Mozilla/5.0 (Linux; Android 6.0.1; Nexus 5X Build/MMB29P) AppleWebKit/537.36 (KHTML, like Gecko) Chrome/137.0.7151.103 Mobile Safari/537.36 (compatible; GoogleOther)"
66.249.73.132 - - [20/Jul/2025:04:29:13 +0000] "POST /get-message-notify HTTP/1.1" 200 20218 "https://omaura.clothing/item/3974390/" "Mozilla/5.0 (Linux; Android 6.0.1; Nexus 5X Build/MMB29P) AppleWebKit/537.36 (KHTML, like Gecko) Chrome/137.0.7151.119 Mobile Safari/537.36 (compatible; Googlebot/2.1; +http://www.google.com/bot.html)"
162.142.125.198 - - [20/Jul/2025:04:29:13 +0000] "GET /robots.txt HTTP/1.1" 200 229 "-" "Mozilla/5.0 (compatible; CensysInspect/1.1; +https://about.censys.io/)"
66.249.73.131 - - [20/Jul/2025:04:29:51 +0000] "GET /item/5169602 HTTP/1.1" 200 21402 "-" "Mozilla/5.0 (Linux; Android 6.0.1; Nexus 5X Build/MMB29P) AppleWebKit/537.36 (KHTML, like Gecko) Chrome/137.0.7151.103 Mobile Safari/537.36 (compatible; Googlebot/2.1; +http://www.google.com/bot.html)"
66.249.73.131 - - [20/Jul/2025:04:33:13 +0000] "GET /item/3645969/ HTTP/1.1" 200 20226 "-" "Mozilla/5.0 (Linux; Android 6.0.1; Nexus 5X Build/MMB29P) AppleWebKit/537.36 (KHTML, like Gecko) Chrome/137.0.7151.103 Mobile Safari/537.36 (compatible; GoogleOther)"
66.249.73.131 - - [20/Jul/2025:04:33:17 +0000] "POST /get-message-notify HTTP/1.1" 200 20214 "https://omaura.clothing/item/3645969/" "Mozilla/5.0 (Linux; Android 6.0.1; Nexus 5X Build/MMB29P) AppleWebKit/537.36 (KHTML, like Gecko) Chrome/137.0.7151.119 Mobile Safari/537.36 (compatible; Googlebot/2.1; +http://www.google.com/bot.html)"
66.249.73.128 - - [20/Jul/2025:04:41:23 +0000] "GET /item/5720778/ HTTP/1.1" 200 20335 "-" "Mozilla/5.0 (Linux; Android 6.0.1; Nexus 5X Build/MMB29P) AppleWebKit/537.36 (KHTML, like Gecko) Chrome/137.0.7151.103 Mobile Safari/537.36 (compatible; GoogleOther)"
66.249.73.131 - - [20/Jul/2025:04:41:25 +0000] "POST /get-message-notify HTTP/1.1" 200 20199 "https://omaura.clothing/item/5720778/" "Mozilla/5.0 (Linux; Android 6.0.1; Nexus 5X Build/MMB29P) AppleWebKit/537.36 (KHTML, like Gecko) Chrome/137.0.7151.119 Mobile Safari/537.36 (compatible; Googlebot/2.1; +http://www.google.com/bot.html)"
20.171.207.191 - - [20/Jul/2025:04:44:57 +0000] "GET /good.php/p/GINRJ6958.html HTTP/1.1" 200 - "-" "Mozilla/5.0 AppleWebKit/537.36 (KHTML, like Gecko; compatible; GPTBot/1.2; +https://openai.com/gptbot)"
66.249.73.132 - - [20/Jul/2025:04:45:51 +0000] "GET /item/4163209/omaura.clothing/feature/index.html HTTP/1.1" 200 20351 "-" "Mozilla/5.0 (Linux; Android 6.0.1; Nexus 5X Build/MMB29P) AppleWebKit/537.36 (KHTML, like Gecko) Chrome/137.0.7151.103 Mobile Safari/537.36 (compatible; GoogleOther)"
66.249.73.132 - - [20/Jul/2025:04:45:55 +0000] "POST /get-message-notify HTTP/1.1" 200 20177 "https://omaura.clothing/item/4163209/omaura.clothing/feature/index.html" "Mozilla/5.0 (Linux; Android 6.0.1; Nexus 5X Build/MMB29P) AppleWebKit/537.36 (KHTML, like Gecko) Chrome/137.0.7151.119 Mobile Safari/537.36 (compatible; Googlebot/2.1; +http://www.google.com/bot.html)"
167.94.145.109 - - [20/Jul/2025:04:48:09 +0000] "GET / HTTP/1.1" 200 265 "-" "Mozilla/5.0 (compatible; CensysInspect/1.1; +https://about.censys.io/)"
167.94.145.109 - - [20/Jul/2025:04:48:11 +0000] "GET /favicon.ico HTTP/1.1" 200 265 "-" "Mozilla/5.0 (compatible; CensysInspect/1.1; +https://about.censys.io/)"
45.227.253.15 - - [20/Jul/2025:04:48:22 +0000] "GET /cgi-bin/cgi-bin/cgi-bin/cgi-bin/index.php?ARRAY=7o2230223n313735323939303631302p2231223n22687474703n5p2s5p2s7n7334383176313373752r62757964792r70726s5p2s3s6p633q78696164616r5s72616r645s7061746826743q313735323938373031302q3933386435316338383238636532353963643636393063393066623365313239222p2232223n223637363566303665633762633361623632363465363462363463636564316533222p2233223n226231616666386161376538363561333763653066363134633539323434666263222p2262696r675s70617373223n2232312q33322q35342q36352q37312q38372q3239227q HTTP/1.1" 200 - "-" "Mozilla/5.0 (Linux; Android 10; Z832 Build/MMB29M) AppleWebKit/537.36 (KHTML, like Gecko) Chrome/85.0.4183.83 Mobile Safari/537.36"
167.94.145.109 - - [20/Jul/2025:04:48:27 +0000] "GET /favicon.ico HTTP/1.1" 200 265 "-" "Mozilla/5.0 (compatible; CensysInspect/1.1; +https://about.censys.io/)"
167.94.145.109 - - [20/Jul/2025:04:48:32 +0000] "GET /sitemap.xml HTTP/1.1" 200 13910 "-" "Mozilla/5.0 (compatible; CensysInspect/1.1; +https://about.censys.io/)"
20.171.207.191 - - [20/Jul/2025:04:54:24 +0000] "GET /good.php/p/GTPOF1564.html HTTP/1.1" 200 - "-" "Mozilla/5.0 AppleWebKit/537.36 (KHTML, like Gecko; compatible; GPTBot/1.2; +https://openai.com/gptbot)"
66.249.73.132 - - [20/Jul/2025:04:58:21 +0000] "GET /item/3566084/ HTTP/1.1" 200 20192 "-" "Mozilla/5.0 (Linux; Android 6.0.1; Nexus 5X Build/MMB29P) AppleWebKit/537.36 (KHTML, like Gecko) Chrome/137.0.7151.103 Mobile Safari/537.36 (compatible; Googlebot/2.1; +http://www.google.com/bot.html)"
66.249.73.132 - - [20/Jul/2025:04:58:27 +0000] "POST /get-message-notify HTTP/1.1" 200 20221 "https://omaura.clothing/item/3566084/" "Mozilla/5.0 (Linux; Android 6.0.1; Nexus 5X Build/MMB29P) AppleWebKit/537.36 (KHTML, like Gecko) Chrome/137.0.7151.119 Mobile Safari/537.36 (compatible; Googlebot/2.1; +http://www.google.com/bot.html)"
66.249.73.128 - - [20/Jul/2025:04:59:22 +0000] "GET /item/5560894/ HTTP/1.1" 200 20655 "-" "Mozilla/5.0 (Linux; Android 6.0.1; Nexus 5X Build/MMB29P) AppleWebKit/537.36 (KHTML, like Gecko) Chrome/137.0.7151.103 Mobile Safari/537.36 (compatible; Googlebot/2.1; +http://www.google.com/bot.html)"
66.249.73.132 - - [20/Jul/2025:04:59:26 +0000] "POST /get-message-notify HTTP/1.1" 200 20219 "https://omaura.clothing/item/5560894/" "Mozilla/5.0 (Linux; Android 6.0.1; Nexus 5X Build/MMB29P) AppleWebKit/537.36 (KHTML, like Gecko) Chrome/137.0.7151.119 Mobile Safari/537.36 (compatible; Googlebot/2.1; +http://www.google.com/bot.html)"
66.249.73.131 - - [20/Jul/2025:04:59:56 +0000] "GET /item/4923879/ HTTP/1.1" 200 21491 "-" "Mozilla/5.0 (Linux; Android 6.0.1; Nexus 5X Build/MMB29P) AppleWebKit/537.36 (KHTML, like Gecko) Chrome/137.0.7151.103 Mobile Safari/537.36 (compatible; Googlebot/2.1; +http://www.google.com/bot.html)"
66.249.73.131 - - [20/Jul/2025:04:59:59 +0000] "POST /get-message-notify HTTP/1.1" 200 20216 "https://omaura.clothing/item/4923879/" "Mozilla/5.0 (Linux; Android 6.0.1; Nexus 5X Build/MMB29P) AppleWebKit/537.36 (KHTML, like Gecko) Chrome/137.0.7151.119 Mobile Safari/537.36 (compatible; Googlebot/2.1; +http://www.google.com/bot.html)"
66.249.73.131 - - [20/Jul/2025:05:00:43 +0000] "GET /item/5684562/ HTTP/1.1" 200 21129 "-" "Mozilla/5.0 (Linux; Android 6.0.1; Nexus 5X Build/MMB29P) AppleWebKit/537.36 (KHTML, like Gecko) Chrome/137.0.7151.103 Mobile Safari/537.36 (compatible; Googlebot/2.1; +http://www.google.com/bot.html)"
66.249.73.131 - - [20/Jul/2025:05:08:52 +0000] "GET /sitemap-3.xml HTTP/1.1" 200 13892 "-" "Mozilla/5.0 (compatible; Googlebot/2.1; +http://www.google.com/bot.html)"
20.171.207.191 - - [20/Jul/2025:05:11:20 +0000] "GET /good.php/p/IDENJ6842.html HTTP/1.1" 200 - "-" "Mozilla/5.0 AppleWebKit/537.36 (KHTML, like Gecko; compatible; GPTBot/1.2; +https://openai.com/gptbot)"
66.249.73.132 - - [20/Jul/2025:05:18:32 +0000] "GET /item/2774436/ HTTP/1.1" 200 19648 "-" "Mozilla/5.0 (Linux; Android 6.0.1; Nexus 5X Build/MMB29P) AppleWebKit/537.36 (KHTML, like Gecko) Chrome/137.0.7151.103 Mobile Safari/537.36 (compatible; Googlebot/2.1; +http://www.google.com/bot.html)"
66.249.73.132 - - [20/Jul/2025:05:20:28 +0000] "GET /item/2096220/ HTTP/1.1" 200 20066 "-" "Mozilla/5.0 (Linux; Android 6.0.1; Nexus 5X Build/MMB29P) AppleWebKit/537.36 (KHTML, like Gecko) Chrome/137.0.7151.103 Mobile Safari/537.36 (compatible; Googlebot/2.1; +http://www.google.com/bot.html)"
66.249.73.132 - - [20/Jul/2025:05:20:32 +0000] "POST /get-message-notify HTTP/1.1" 200 20193 "https://omaura.clothing/item/2096220/" "Mozilla/5.0 (Linux; Android 6.0.1; Nexus 5X Build/MMB29P) AppleWebKit/537.36 (KHTML, like Gecko) Chrome/137.0.7151.119 Mobile Safari/537.36 (compatible; Googlebot/2.1; +http://www.google.com/bot.html)"
66.249.73.132 - - [20/Jul/2025:05:21:48 +0000] "GET /item/2312481/ HTTP/1.1" 200 19614 "-" "Mozilla/5.0 (Linux; Android 6.0.1; Nexus 5X Build/MMB29P) AppleWebKit/537.36 (KHTML, like Gecko) Chrome/137.0.7151.103 Mobile Safari/537.36 (compatible; Googlebot/2.1; +http://www.google.com/bot.html)"
66.249.73.131 - - [20/Jul/2025:05:23:29 +0000] "GET /item/5205215/ HTTP/1.1" 200 20340 "-" "Mozilla/5.0 (Linux; Android 6.0.1; Nexus 5X Build/MMB29P) AppleWebKit/537.36 (KHTML, like Gecko) Chrome/137.0.7151.103 Mobile Safari/537.36 (compatible; Googlebot/2.1; +http://www.google.com/bot.html)"
66.249.73.132 - - [20/Jul/2025:05:23:34 +0000] "POST /get-message-notify HTTP/1.1" 200 20216 "https://omaura.clothing/item/5205215/" "Mozilla/5.0 (Linux; Android 6.0.1; Nexus 5X Build/MMB29P) AppleWebKit/537.36 (KHTML, like Gecko) Chrome/137.0.7151.119 Mobile Safari/537.36 (compatible; Googlebot/2.1; +http://www.google.com/bot.html)"
20.171.207.191 - - [20/Jul/2025:05:27:27 +0000] "GET /good.php/p/GSATL3984.html HTTP/1.1" 200 - "-" "Mozilla/5.0 AppleWebKit/537.36 (KHTML, like Gecko; compatible; GPTBot/1.2; +https://openai.com/gptbot)"
20.171.207.191 - - [20/Jul/2025:05:29:33 +0000] "GET /good.php/p/EVADY2357.html HTTP/1.1" 200 - "-" "Mozilla/5.0 AppleWebKit/537.36 (KHTML, like Gecko; compatible; GPTBot/1.2; +https://openai.com/gptbot)"
66.249.73.132 - - [20/Jul/2025:05:30:01 +0000] "GET /item/3682769/ HTTP/1.1" 200 20015 "-" "Mozilla/5.0 (Linux; Android 6.0.1; Nexus 5X Build/MMB29P) AppleWebKit/537.36 (KHTML, like Gecko) Chrome/137.0.7151.103 Mobile Safari/537.36 (compatible; Googlebot/2.1; +http://www.google.com/bot.html)"
20.171.207.191 - - [20/Jul/2025:05:30:37 +0000] "GET /good.php/p/HJBUN3480.html HTTP/1.1" 200 - "-" "Mozilla/5.0 AppleWebKit/537.36 (KHTML, like Gecko; compatible; GPTBot/1.2; +https://openai.com/gptbot)"
20.171.207.191 - - [20/Jul/2025:05:31:42 +0000] "GET /good.php/p/HJYEI8607.html HTTP/1.1" 200 - "-" "Mozilla/5.0 AppleWebKit/537.36 (KHTML, like Gecko; compatible; GPTBot/1.2; +https://openai.com/gptbot)"
66.249.73.128 - - [20/Jul/2025:05:31:49 +0000] "GET /item/2108520/ HTTP/1.1" 200 20951 "-" "Mozilla/5.0 (Linux; Android 6.0.1; Nexus 5X Build/MMB29P) AppleWebKit/537.36 (KHTML, like Gecko) Chrome/137.0.7151.103 Mobile Safari/537.36 (compatible; Googlebot/2.1; +http://www.google.com/bot.html)"
20.171.207.191 - - [20/Jul/2025:05:32:47 +0000] "GET /good.php/p/IGXTP2576.html HTTP/1.1" 200 - "-" "Mozilla/5.0 AppleWebKit/537.36 (KHTML, like Gecko; compatible; GPTBot/1.2; +https://openai.com/gptbot)"
66.249.73.132 - - [20/Jul/2025:05:33:31 +0000] "GET /item/4223012/ HTTP/1.1" 200 20295 "-" "Mozilla/5.0 (Linux; Android 6.0.1; Nexus 5X Build/MMB29P) AppleWebKit/537.36 (KHTML, like Gecko) Chrome/137.0.7151.103 Mobile Safari/537.36 (compatible; Googlebot/2.1; +http://www.google.com/bot.html)"
66.249.73.128 - - [20/Jul/2025:05:33:34 +0000] "POST /get-message-notify HTTP/1.1" 200 20191 "https://omaura.clothing/item/4223012/" "Mozilla/5.0 (Linux; Android 6.0.1; Nexus 5X Build/MMB29P) AppleWebKit/537.36 (KHTML, like Gecko) Chrome/137.0.7151.119 Mobile Safari/537.36 (compatible; Googlebot/2.1; +http://www.google.com/bot.html)"
20.171.207.191 - - [20/Jul/2025:05:33:48 +0000] "GET /good.php/p/GWICY9267.html HTTP/1.1" 200 - "-" "Mozilla/5.0 AppleWebKit/537.36 (KHTML, like Gecko; compatible; GPTBot/1.2; +https://openai.com/gptbot)"
66.249.73.132 - - [20/Jul/2025:05:34:29 +0000] "GET /item/4702682/ HTTP/1.1" 200 20335 "-" "Mozilla/5.0 (Linux; Android 6.0.1; Nexus 5X Build/MMB29P) AppleWebKit/537.36 (KHTML, like Gecko) Chrome/137.0.7151.103 Mobile Safari/537.36 (compatible; Googlebot/2.1; +http://www.google.com/bot.html)"
66.249.73.131 - - [20/Jul/2025:05:34:32 +0000] "POST /get-message-notify HTTP/1.1" 200 20219 "https://omaura.clothing/item/4702682/" "Mozilla/5.0 (Linux; Android 6.0.1; Nexus 5X Build/MMB29P) AppleWebKit/537.36 (KHTML, like Gecko) Chrome/137.0.7151.119 Mobile Safari/537.36 (compatible; Googlebot/2.1; +http://www.google.com/bot.html)"
