216.73.216.254 - - [20/Jul/2025:05:41:09 +0000] "GET /goods/940206548.shtml HTTP/1.1" 404 12924 "-" "Mozilla/5.0 AppleWebKit/537.36 (KHTML, like Gecko; compatible; ClaudeBot/1.0; [email protected])"
216.73.216.254 - - [20/Jul/2025:05:41:09 +0000] "GET /goods/940332272.shtml HTTP/1.1" 404 12924 "-" "Mozilla/5.0 AppleWebKit/537.36 (KHTML, like Gecko; compatible; ClaudeBot/1.0; [email protected])"
216.73.216.254 - - [20/Jul/2025:05:41:09 +0000] "GET /goods/940200320.shtml HTTP/1.1" 404 12924 "-" "Mozilla/5.0 AppleWebKit/537.36 (KHTML, like Gecko; compatible; ClaudeBot/1.0; [email protected])"
216.73.216.254 - - [20/Jul/2025:05:41:10 +0000] "GET /goods/940548212.shtml HTTP/1.1" 404 12924 "-" "Mozilla/5.0 AppleWebKit/537.36 (KHTML, like Gecko; compatible; ClaudeBot/1.0; [email protected])"
216.73.216.254 - - [20/Jul/2025:05:41:10 +0000] "GET /goods/940303952.shtml HTTP/1.1" 404 12924 "-" "Mozilla/5.0 AppleWebKit/537.36 (KHTML, like Gecko; compatible; ClaudeBot/1.0; [email protected])"
216.73.216.254 - - [20/Jul/2025:05:41:10 +0000] "GET /goods/940698822.shtml HTTP/1.1" 404 12924 "-" "Mozilla/5.0 AppleWebKit/537.36 (KHTML, like Gecko; compatible; ClaudeBot/1.0; [email protected])"
216.73.216.254 - - [20/Jul/2025:05:41:10 +0000] "GET /goods/940430422.shtml HTTP/1.1" 404 12924 "-" "Mozilla/5.0 AppleWebKit/537.36 (KHTML, like Gecko; compatible; ClaudeBot/1.0; [email protected])"
216.73.216.254 - - [20/Jul/2025:05:41:10 +0000] "GET /goods/940555468.shtml HTTP/1.1" 404 12924 "-" "Mozilla/5.0 AppleWebKit/537.36 (KHTML, like Gecko; compatible; ClaudeBot/1.0; [email protected])"
216.73.216.254 - - [20/Jul/2025:05:41:10 +0000] "GET /goods/940691242.shtml HTTP/1.1" 404 12924 "-" "Mozilla/5.0 AppleWebKit/537.36 (KHTML, like Gecko; compatible; ClaudeBot/1.0; [email protected])"
216.73.216.254 - - [20/Jul/2025:05:41:10 +0000] "GET /goods/940424190.shtml HTTP/1.1" 404 12924 "-" "Mozilla/5.0 AppleWebKit/537.36 (KHTML, like Gecko; compatible; ClaudeBot/1.0; [email protected])"
216.73.216.254 - - [20/Jul/2025:05:41:11 +0000] "GET /goods/940392406.shtml HTTP/1.1" 404 12924 "-" "Mozilla/5.0 AppleWebKit/537.36 (KHTML, like Gecko; compatible; ClaudeBot/1.0; [email protected])"
216.73.216.254 - - [20/Jul/2025:05:41:11 +0000] "GET /goods/940179644.shtml HTTP/1.1" 404 12924 "-" "Mozilla/5.0 AppleWebKit/537.36 (KHTML, like Gecko; compatible; ClaudeBot/1.0; [email protected])"
216.73.216.254 - - [20/Jul/2025:05:41:11 +0000] "GET /goods/940577978.shtml HTTP/1.1" 404 12924 "-" "Mozilla/5.0 AppleWebKit/537.36 (KHTML, like Gecko; compatible; ClaudeBot/1.0; [email protected])"
216.73.216.254 - - [20/Jul/2025:05:41:11 +0000] "GET /goods/940229404.shtml HTTP/1.1" 404 12924 "-" "Mozilla/5.0 AppleWebKit/537.36 (KHTML, like Gecko; compatible; ClaudeBot/1.0; [email protected])"
209.74.77.214 - - [20/Jul/2025:05:41:12 +0000] "POST /wp-cron.php?doing_wp_cron=1752990072.0420329570770263671875 HTTP/1.1" 200 - "-" "WordPress/6.8.2; https://sergio-cuchi.tattoo"
216.73.216.254 - - [20/Jul/2025:05:41:11 +0000] "GET /goods/940190364.shtml HTTP/1.1" 404 12924 "-" "Mozilla/5.0 AppleWebKit/537.36 (KHTML, like Gecko; compatible; ClaudeBot/1.0; [email protected])"
216.73.216.254 - - [20/Jul/2025:05:41:11 +0000] "GET /goods/940445536.shtml HTTP/1.1" 404 12924 "-" "Mozilla/5.0 AppleWebKit/537.36 (KHTML, like Gecko; compatible; ClaudeBot/1.0; [email protected])"
216.73.216.254 - - [20/Jul/2025:05:41:12 +0000] "GET /goods/940170972.shtml HTTP/1.1" 404 12924 "-" "Mozilla/5.0 AppleWebKit/537.36 (KHTML, like Gecko; compatible; ClaudeBot/1.0; [email protected])"
20.171.207.167 - - [20/Jul/2025:05:41:12 +0000] "GET /goods/356986226.shtml HTTP/1.1" 404 12924 "-" "Mozilla/5.0 AppleWebKit/537.36 (KHTML, like Gecko; compatible; GPTBot/1.2; +https://openai.com/gptbot)"
216.73.216.254 - - [20/Jul/2025:05:41:12 +0000] "GET /goods/940180928.shtml HTTP/1.1" 404 12924 "-" "Mozilla/5.0 AppleWebKit/537.36 (KHTML, like Gecko; compatible; ClaudeBot/1.0; [email protected])"
216.73.216.254 - - [20/Jul/2025:05:41:12 +0000] "GET /goods/940418286.shtml HTTP/1.1" 404 12924 "-" "Mozilla/5.0 AppleWebKit/537.36 (KHTML, like Gecko; compatible; ClaudeBot/1.0; [email protected])"
216.73.216.254 - - [20/Jul/2025:05:41:12 +0000] "GET /goods/940582372.shtml HTTP/1.1" 404 12924 "-" "Mozilla/5.0 AppleWebKit/537.36 (KHTML, like Gecko; compatible; ClaudeBot/1.0; [email protected])"
216.73.216.254 - - [20/Jul/2025:05:41:12 +0000] "GET /goods/940419378.shtml HTTP/1.1" 404 12924 "-" "Mozilla/5.0 AppleWebKit/537.36 (KHTML, like Gecko; compatible; ClaudeBot/1.0; [email protected])"
216.73.216.254 - - [20/Jul/2025:05:41:12 +0000] "GET /goods/940513250.shtml HTTP/1.1" 404 12924 "-" "Mozilla/5.0 AppleWebKit/537.36 (KHTML, like Gecko; compatible; ClaudeBot/1.0; [email protected])"
216.73.216.254 - - [20/Jul/2025:05:41:12 +0000] "GET /goods/940379246.shtml HTTP/1.1" 404 12924 "-" "Mozilla/5.0 AppleWebKit/537.36 (KHTML, like Gecko; compatible; ClaudeBot/1.0; [email protected])"
216.73.216.254 - - [20/Jul/2025:05:41:12 +0000] "GET /goods/940436586.shtml HTTP/1.1" 404 12924 "-" "Mozilla/5.0 AppleWebKit/537.36 (KHTML, like Gecko; compatible; ClaudeBot/1.0; [email protected])"
216.73.216.254 - - [20/Jul/2025:05:41:13 +0000] "GET /goods/940311954.shtml HTTP/1.1" 404 12924 "-" "Mozilla/5.0 AppleWebKit/537.36 (KHTML, like Gecko; compatible; ClaudeBot/1.0; [email protected])"
216.73.216.254 - - [20/Jul/2025:05:41:13 +0000] "GET /goods/940359530.shtml HTTP/1.1" 404 12924 "-" "Mozilla/5.0 AppleWebKit/537.36 (KHTML, like Gecko; compatible; ClaudeBot/1.0; [email protected])"
216.73.216.254 - - [20/Jul/2025:05:41:13 +0000] "GET /goods/940457672.shtml HTTP/1.1" 404 12924 "-" "Mozilla/5.0 AppleWebKit/537.36 (KHTML, like Gecko; compatible; ClaudeBot/1.0; [email protected])"
216.73.216.254 - - [20/Jul/2025:05:41:13 +0000] "GET /goods/940673266.shtml HTTP/1.1" 404 12924 "-" "Mozilla/5.0 AppleWebKit/537.36 (KHTML, like Gecko; compatible; ClaudeBot/1.0; [email protected])"
216.73.216.254 - - [20/Jul/2025:05:41:13 +0000] "GET /goods/940360946.shtml HTTP/1.1" 404 12924 "-" "Mozilla/5.0 AppleWebKit/537.36 (KHTML, like Gecko; compatible; ClaudeBot/1.0; [email protected])"
20.171.207.167 - - [20/Jul/2025:05:41:14 +0000] "GET /goods/195612164.shtml HTTP/1.1" 404 12924 "-" "Mozilla/5.0 AppleWebKit/537.36 (KHTML, like Gecko; compatible; GPTBot/1.2; +https://openai.com/gptbot)"
20.171.207.167 - - [20/Jul/2025:05:41:17 +0000] "GET /goods/357286756.shtml HTTP/1.1" 404 12924 "-" "Mozilla/5.0 AppleWebKit/537.36 (KHTML, like Gecko; compatible; GPTBot/1.2; +https://openai.com/gptbot)"
20.171.207.167 - - [20/Jul/2025:05:41:20 +0000] "GET /goods/357277482.shtml HTTP/1.1" 404 12924 "-" "Mozilla/5.0 AppleWebKit/537.36 (KHTML, like Gecko; compatible; GPTBot/1.2; +https://openai.com/gptbot)"
20.171.207.167 - - [20/Jul/2025:05:41:23 +0000] "GET /goods/357074002.shtml HTTP/1.1" 404 12924 "-" "Mozilla/5.0 AppleWebKit/537.36 (KHTML, like Gecko; compatible; GPTBot/1.2; +https://openai.com/gptbot)"
20.171.207.167 - - [20/Jul/2025:05:41:26 +0000] "GET /goods/195212392.shtml HTTP/1.1" 404 12924 "-" "Mozilla/5.0 AppleWebKit/537.36 (KHTML, like Gecko; compatible; GPTBot/1.2; +https://openai.com/gptbot)"
20.171.207.167 - - [20/Jul/2025:05:41:29 +0000] "GET /goods/356973834.shtml HTTP/1.1" 404 12924 "-" "Mozilla/5.0 AppleWebKit/537.36 (KHTML, like Gecko; compatible; GPTBot/1.2; +https://openai.com/gptbot)"
20.171.207.167 - - [20/Jul/2025:05:41:32 +0000] "GET /goods/357371132.shtml HTTP/1.1" 404 12924 "-" "Mozilla/5.0 AppleWebKit/537.36 (KHTML, like Gecko; compatible; GPTBot/1.2; +https://openai.com/gptbot)"
20.171.207.167 - - [20/Jul/2025:05:41:34 +0000] "GET /goods/357236672.shtml HTTP/1.1" 404 12924 "-" "Mozilla/5.0 AppleWebKit/537.36 (KHTML, like Gecko; compatible; GPTBot/1.2; +https://openai.com/gptbot)"
20.171.207.167 - - [20/Jul/2025:05:41:37 +0000] "GET /goods/195540990.shtml HTTP/1.1" 404 12924 "-" "Mozilla/5.0 AppleWebKit/537.36 (KHTML, like Gecko; compatible; GPTBot/1.2; +https://openai.com/gptbot)"
20.171.207.167 - - [20/Jul/2025:05:41:40 +0000] "GET /goods/195369576.shtml HTTP/1.1" 404 12924 "-" "Mozilla/5.0 AppleWebKit/537.36 (KHTML, like Gecko; compatible; GPTBot/1.2; +https://openai.com/gptbot)"
20.171.207.167 - - [20/Jul/2025:05:41:43 +0000] "GET /goods/357353860.shtml HTTP/1.1" 404 12924 "-" "Mozilla/5.0 AppleWebKit/537.36 (KHTML, like Gecko; compatible; GPTBot/1.2; +https://openai.com/gptbot)"
20.171.207.167 - - [20/Jul/2025:05:41:46 +0000] "GET /goods/357103760.shtml HTTP/1.1" 404 12924 "-" "Mozilla/5.0 AppleWebKit/537.36 (KHTML, like Gecko; compatible; GPTBot/1.2; +https://openai.com/gptbot)"
20.171.207.167 - - [20/Jul/2025:05:41:49 +0000] "GET /goods/195542342.shtml HTTP/1.1" 404 12924 "-" "Mozilla/5.0 AppleWebKit/537.36 (KHTML, like Gecko; compatible; GPTBot/1.2; +https://openai.com/gptbot)"
20.171.207.167 - - [20/Jul/2025:05:41:52 +0000] "GET /goods/357301400.shtml HTTP/1.1" 404 12924 "-" "Mozilla/5.0 AppleWebKit/537.36 (KHTML, like Gecko; compatible; GPTBot/1.2; +https://openai.com/gptbot)"
20.171.207.167 - - [20/Jul/2025:05:41:55 +0000] "GET /goods/356989690.shtml HTTP/1.1" 404 12924 "-" "Mozilla/5.0 AppleWebKit/537.36 (KHTML, like Gecko; compatible; GPTBot/1.2; +https://openai.com/gptbot)"
20.171.207.167 - - [20/Jul/2025:05:41:58 +0000] "GET /goods/195585938.shtml HTTP/1.1" 404 12924 "-" "Mozilla/5.0 AppleWebKit/537.36 (KHTML, like Gecko; compatible; GPTBot/1.2; +https://openai.com/gptbot)"
20.171.207.167 - - [20/Jul/2025:05:42:00 +0000] "GET /goods/357381852.shtml HTTP/1.1" 404 12924 "-" "Mozilla/5.0 AppleWebKit/537.36 (KHTML, like Gecko; compatible; GPTBot/1.2; +https://openai.com/gptbot)"
20.171.207.167 - - [20/Jul/2025:05:42:03 +0000] "GET /goods/195631812.shtml HTTP/1.1" 404 12924 "-" "Mozilla/5.0 AppleWebKit/537.36 (KHTML, like Gecko; compatible; GPTBot/1.2; +https://openai.com/gptbot)"
209.74.77.214 - - [20/Jul/2025:05:42:06 +0000] "POST /wp-cron.php?doing_wp_cron=1752990126.8364028930664062500000 HTTP/1.1" 200 - "-" "WordPress/6.8.2; https://sergio-cuchi.tattoo"
20.171.207.167 - - [20/Jul/2025:05:42:06 +0000] "GET /goods/356958998.shtml HTTP/1.1" 404 12924 "-" "Mozilla/5.0 AppleWebKit/537.36 (KHTML, like Gecko; compatible; GPTBot/1.2; +https://openai.com/gptbot)"
20.171.207.167 - - [20/Jul/2025:05:42:09 +0000] "GET /goods/195304310.shtml HTTP/1.1" 404 12924 "-" "Mozilla/5.0 AppleWebKit/537.36 (KHTML, like Gecko; compatible; GPTBot/1.2; +https://openai.com/gptbot)"
216.73.216.254 - - [20/Jul/2025:05:42:10 +0000] "GET /goods/940490872.shtml HTTP/1.1" 404 12924 "-" "Mozilla/5.0 AppleWebKit/537.36 (KHTML, like Gecko; compatible; ClaudeBot/1.0; [email protected])"
216.73.216.254 - - [20/Jul/2025:05:42:10 +0000] "GET /goods/940475972.shtml HTTP/1.1" 404 12924 "-" "Mozilla/5.0 AppleWebKit/537.36 (KHTML, like Gecko; compatible; ClaudeBot/1.0; [email protected])"
216.73.216.254 - - [20/Jul/2025:05:42:10 +0000] "GET /goods/940533312.shtml HTTP/1.1" 404 12924 "-" "Mozilla/5.0 AppleWebKit/537.36 (KHTML, like Gecko; compatible; ClaudeBot/1.0; [email protected])"
209.74.77.214 - - [20/Jul/2025:05:42:12 +0000] "POST /wp-cron.php?doing_wp_cron=1752990132.7229869365692138671875 HTTP/1.1" 200 - "-" "WordPress/6.8.2; https://sergio-cuchi.tattoo"
20.171.207.167 - - [20/Jul/2025:05:42:12 +0000] "GET /goods/195458098.shtml HTTP/1.1" 404 12924 "-" "Mozilla/5.0 AppleWebKit/537.36 (KHTML, like Gecko; compatible; GPTBot/1.2; +https://openai.com/gptbot)"
216.73.216.254 - - [20/Jul/2025:05:42:12 +0000] "GET /goods/940369964.shtml HTTP/1.1" 404 12924 "-" "Mozilla/5.0 AppleWebKit/537.36 (KHTML, like Gecko; compatible; ClaudeBot/1.0; [email protected])"
216.73.216.254 - - [20/Jul/2025:05:42:13 +0000] "GET /goods/940208664.shtml HTTP/1.1" 404 12924 "-" "Mozilla/5.0 AppleWebKit/537.36 (KHTML, like Gecko; compatible; ClaudeBot/1.0; [email protected])"
216.73.216.254 - - [20/Jul/2025:05:42:14 +0000] "GET /goods/940441142.shtml HTTP/1.1" 404 12924 "-" "Mozilla/5.0 AppleWebKit/537.36 (KHTML, like Gecko; compatible; ClaudeBot/1.0; [email protected])"
216.73.216.254 - - [20/Jul/2025:05:42:14 +0000] "GET /goods/940561632.shtml HTTP/1.1" 404 12924 "-" "Mozilla/5.0 AppleWebKit/537.36 (KHTML, like Gecko; compatible; ClaudeBot/1.0; [email protected])"
216.73.216.254 - - [20/Jul/2025:05:42:14 +0000] "GET /goods/940643176.shtml HTTP/1.1" 404 12924 "-" "Mozilla/5.0 AppleWebKit/537.36 (KHTML, like Gecko; compatible; ClaudeBot/1.0; [email protected])"
216.73.216.254 - - [20/Jul/2025:05:42:14 +0000] "GET /goods/940451162.shtml HTTP/1.1" 404 12924 "-" "Mozilla/5.0 AppleWebKit/537.36 (KHTML, like Gecko; compatible; ClaudeBot/1.0; [email protected])"
216.73.216.254 - - [20/Jul/2025:05:42:14 +0000] "GET /goods/940431514.shtml HTTP/1.1" 404 12924 "-" "Mozilla/5.0 AppleWebKit/537.36 (KHTML, like Gecko; compatible; ClaudeBot/1.0; [email protected])"
216.73.216.254 - - [20/Jul/2025:05:42:14 +0000] "GET /goods/940172324.shtml HTTP/1.1" 404 12924 "-" "Mozilla/5.0 AppleWebKit/537.36 (KHTML, like Gecko; compatible; ClaudeBot/1.0; [email protected])"
216.73.216.254 - - [20/Jul/2025:05:42:14 +0000] "GET /goods/940170562.shtml HTTP/1.1" 404 12924 "-" "Mozilla/5.0 AppleWebKit/537.36 (KHTML, like Gecko; compatible; ClaudeBot/1.0; [email protected])"
216.73.216.254 - - [20/Jul/2025:05:42:14 +0000] "GET /goods/940360622.shtml HTTP/1.1" 404 12924 "-" "Mozilla/5.0 AppleWebKit/537.36 (KHTML, like Gecko; compatible; ClaudeBot/1.0; [email protected])"
20.171.207.167 - - [20/Jul/2025:05:42:15 +0000] "GET /goods/195644694.shtml HTTP/1.1" 404 12924 "-" "Mozilla/5.0 AppleWebKit/537.36 (KHTML, like Gecko; compatible; GPTBot/1.2; +https://openai.com/gptbot)"
216.73.216.254 - - [20/Jul/2025:05:42:15 +0000] "GET /goods/940696860.shtml HTTP/1.1" 404 12924 "-" "Mozilla/5.0 AppleWebKit/537.36 (KHTML, like Gecko; compatible; ClaudeBot/1.0; [email protected])"
216.73.216.254 - - [20/Jul/2025:05:42:15 +0000] "GET /goods/940469808.shtml HTTP/1.1" 404 12924 "-" "Mozilla/5.0 AppleWebKit/537.36 (KHTML, like Gecko; compatible; ClaudeBot/1.0; [email protected])"
216.73.216.254 - - [20/Jul/2025:05:42:16 +0000] "GET /goods/940612808.shtml HTTP/1.1" 404 12924 "-" "Mozilla/5.0 AppleWebKit/537.36 (KHTML, like Gecko; compatible; ClaudeBot/1.0; [email protected])"
216.73.216.254 - - [20/Jul/2025:05:42:16 +0000] "GET /goods/940277726.shtml HTTP/1.1" 404 12924 "-" "Mozilla/5.0 AppleWebKit/537.36 (KHTML, like Gecko; compatible; ClaudeBot/1.0; [email protected])"
216.73.216.254 - - [20/Jul/2025:05:42:16 +0000] "GET /goods/940163306.shtml HTTP/1.1" 404 12924 "-" "Mozilla/5.0 AppleWebKit/537.36 (KHTML, like Gecko; compatible; ClaudeBot/1.0; [email protected])"
216.73.216.254 - - [20/Jul/2025:05:42:16 +0000] "GET /goods/940186900.shtml HTTP/1.1" 404 12924 "-" "Mozilla/5.0 AppleWebKit/537.36 (KHTML, like Gecko; compatible; ClaudeBot/1.0; [email protected])"
216.73.216.254 - - [20/Jul/2025:05:42:16 +0000] "GET /goods/940372404.shtml HTTP/1.1" 404 12924 "-" "Mozilla/5.0 AppleWebKit/537.36 (KHTML, like Gecko; compatible; ClaudeBot/1.0; [email protected])"
216.73.216.254 - - [20/Jul/2025:05:42:16 +0000] "GET /goods/940528496.shtml HTTP/1.1" 404 12924 "-" "Mozilla/5.0 AppleWebKit/537.36 (KHTML, like Gecko; compatible; ClaudeBot/1.0; [email protected])"
216.73.216.254 - - [20/Jul/2025:05:42:16 +0000] "GET /goods/940228312.shtml HTTP/1.1" 404 12924 "-" "Mozilla/5.0 AppleWebKit/537.36 (KHTML, like Gecko; compatible; ClaudeBot/1.0; [email protected])"
216.73.216.254 - - [20/Jul/2025:05:42:16 +0000] "GET /goods/940356066.shtml HTTP/1.1" 404 12924 "-" "Mozilla/5.0 AppleWebKit/537.36 (KHTML, like Gecko; compatible; ClaudeBot/1.0; [email protected])"
216.73.216.254 - - [20/Jul/2025:05:42:16 +0000] "GET /goods/940514666.shtml HTTP/1.1" 404 12924 "-" "Mozilla/5.0 AppleWebKit/537.36 (KHTML, like Gecko; compatible; ClaudeBot/1.0; [email protected])"
216.73.216.254 - - [20/Jul/2025:05:42:16 +0000] "GET /goods/940581024.shtml HTTP/1.1" 404 12924 "-" "Mozilla/5.0 AppleWebKit/537.36 (KHTML, like Gecko; compatible; ClaudeBot/1.0; [email protected])"
216.73.216.254 - - [20/Jul/2025:05:42:16 +0000] "GET /goods/940338112.shtml HTTP/1.1" 404 12924 "-" "Mozilla/5.0 AppleWebKit/537.36 (KHTML, like Gecko; compatible; ClaudeBot/1.0; [email protected])"
216.73.216.254 - - [20/Jul/2025:05:42:16 +0000] "GET /goods/940371312.shtml HTTP/1.1" 404 12924 "-" "Mozilla/5.0 AppleWebKit/537.36 (KHTML, like Gecko; compatible; ClaudeBot/1.0; [email protected])"
216.73.216.254 - - [20/Jul/2025:05:42:16 +0000] "GET /goods/940477064.shtml HTTP/1.1" 404 12924 "-" "Mozilla/5.0 AppleWebKit/537.36 (KHTML, like Gecko; compatible; ClaudeBot/1.0; [email protected])"
20.171.207.167 - - [20/Jul/2025:05:42:18 +0000] "GET /goods/357189774.shtml HTTP/1.1" 404 12924 "-" "Mozilla/5.0 AppleWebKit/537.36 (KHTML, like Gecko; compatible; GPTBot/1.2; +https://openai.com/gptbot)"
20.171.207.167 - - [20/Jul/2025:05:42:21 +0000] "GET /goods/195698178.shtml HTTP/1.1" 404 12924 "-" "Mozilla/5.0 AppleWebKit/537.36 (KHTML, like Gecko; compatible; GPTBot/1.2; +https://openai.com/gptbot)"
20.171.207.167 - - [20/Jul/2025:05:42:24 +0000] "GET /goods/357397780.shtml HTTP/1.1" 404 12924 "-" "Mozilla/5.0 AppleWebKit/537.36 (KHTML, like Gecko; compatible; GPTBot/1.2; +https://openai.com/gptbot)"
20.171.207.167 - - [20/Jul/2025:05:42:26 +0000] "GET /goods/195206228.shtml HTTP/1.1" 404 12924 "-" "Mozilla/5.0 AppleWebKit/537.36 (KHTML, like Gecko; compatible; GPTBot/1.2; +https://openai.com/gptbot)"
20.171.207.167 - - [20/Jul/2025:05:42:29 +0000] "GET /goods/357009082.shtml HTTP/1.1" 404 12924 "-" "Mozilla/5.0 AppleWebKit/537.36 (KHTML, like Gecko; compatible; GPTBot/1.2; +https://openai.com/gptbot)"
20.171.207.167 - - [20/Jul/2025:05:42:32 +0000] "GET /goods/357115828.shtml HTTP/1.1" 404 12924 "-" "Mozilla/5.0 AppleWebKit/537.36 (KHTML, like Gecko; compatible; GPTBot/1.2; +https://openai.com/gptbot)"
20.171.207.167 - - [20/Jul/2025:05:42:35 +0000] "GET /goods/195510968.shtml HTTP/1.1" 404 12924 "-" "Mozilla/5.0 AppleWebKit/537.36 (KHTML, like Gecko; compatible; GPTBot/1.2; +https://openai.com/gptbot)"
209.74.77.214 - - [20/Jul/2025:05:42:38 +0000] "POST /wp-cron.php?doing_wp_cron=1752990158.7813971042633056640625 HTTP/1.1" 200 - "-" "WordPress/6.8.2; https://sergio-cuchi.tattoo"
20.171.207.167 - - [20/Jul/2025:05:42:38 +0000] "GET /goods/356965162.shtml HTTP/1.1" 404 12924 "-" "Mozilla/5.0 AppleWebKit/537.36 (KHTML, like Gecko; compatible; GPTBot/1.2; +https://openai.com/gptbot)"
20.171.207.167 - - [20/Jul/2025:05:42:41 +0000] "GET /goods/357119552.shtml HTTP/1.1" 404 12924 "-" "Mozilla/5.0 AppleWebKit/537.36 (KHTML, like Gecko; compatible; GPTBot/1.2; +https://openai.com/gptbot)"
20.171.207.167 - - [20/Jul/2025:05:42:44 +0000] "GET /goods/356936488.shtml HTTP/1.1" 404 12924 "-" "Mozilla/5.0 AppleWebKit/537.36 (KHTML, like Gecko; compatible; GPTBot/1.2; +https://openai.com/gptbot)"
20.171.207.167 - - [20/Jul/2025:05:42:46 +0000] "GET /goods/195182310.shtml HTTP/1.1" 404 12924 "-" "Mozilla/5.0 AppleWebKit/537.36 (KHTML, like Gecko; compatible; GPTBot/1.2; +https://openai.com/gptbot)"
20.171.207.167 - - [20/Jul/2025:05:42:49 +0000] "GET /goods/357287848.shtml HTTP/1.1" 404 12924 "-" "Mozilla/5.0 AppleWebKit/537.36 (KHTML, like Gecko; compatible; GPTBot/1.2; +https://openai.com/gptbot)"
20.171.207.167 - - [20/Jul/2025:05:42:52 +0000] "GET /goods/195164010.shtml HTTP/1.1" 404 12924 "-" "Mozilla/5.0 AppleWebKit/537.36 (KHTML, like Gecko; compatible; GPTBot/1.2; +https://openai.com/gptbot)"
20.171.207.167 - - [20/Jul/2025:05:42:55 +0000] "GET /goods/357337586.shtml HTTP/1.1" 404 12924 "-" "Mozilla/5.0 AppleWebKit/537.36 (KHTML, like Gecko; compatible; GPTBot/1.2; +https://openai.com/gptbot)"
20.171.207.167 - - [20/Jul/2025:05:42:58 +0000] "GET /goods/357017754.shtml HTTP/1.1" 404 12924 "-" "Mozilla/5.0 AppleWebKit/537.36 (KHTML, like Gecko; compatible; GPTBot/1.2; +https://openai.com/gptbot)"
20.171.207.167 - - [20/Jul/2025:05:43:01 +0000] "GET /goods/357031174.shtml HTTP/1.1" 404 12924 "-" "Mozilla/5.0 AppleWebKit/537.36 (KHTML, like Gecko; compatible; GPTBot/1.2; +https://openai.com/gptbot)"
20.171.207.167 - - [20/Jul/2025:05:43:04 +0000] "GET /goods/195616020.shtml HTTP/1.1" 404 12924 "-" "Mozilla/5.0 AppleWebKit/537.36 (KHTML, like Gecko; compatible; GPTBot/1.2; +https://openai.com/gptbot)"
20.171.207.167 - - [20/Jul/2025:05:43:06 +0000] "GET /goods/356933024.shtml HTTP/1.1" 404 12924 "-" "Mozilla/5.0 AppleWebKit/537.36 (KHTML, like Gecko; compatible; GPTBot/1.2; +https://openai.com/gptbot)"
20.171.207.167 - - [20/Jul/2025:05:43:09 +0000] "GET /goods/195301192.shtml HTTP/1.1" 404 12924 "-" "Mozilla/5.0 AppleWebKit/537.36 (KHTML, like Gecko; compatible; GPTBot/1.2; +https://openai.com/gptbot)"
209.74.77.214 - - [20/Jul/2025:05:43:12 +0000] "POST /wp-cron.php?doing_wp_cron=1752990192.7370040416717529296875 HTTP/1.1" 200 - "-" "WordPress/6.8.2; https://sergio-cuchi.tattoo"
20.171.207.167 - - [20/Jul/2025:05:43:12 +0000] "GET /goods/357390878.shtml HTTP/1.1" 404 12924 "-" "Mozilla/5.0 AppleWebKit/537.36 (KHTML, like Gecko; compatible; GPTBot/1.2; +https://openai.com/gptbot)"
20.171.207.167 - - [20/Jul/2025:05:43:15 +0000] "GET /goods/357137506.shtml HTTP/1.1" 404 12924 "-" "Mozilla/5.0 AppleWebKit/537.36 (KHTML, like Gecko; compatible; GPTBot/1.2; +https://openai.com/gptbot)"
20.171.207.167 - - [20/Jul/2025:05:43:18 +0000] "GET /goods/195176146.shtml HTTP/1.1" 404 12924 "-" "Mozilla/5.0 AppleWebKit/537.36 (KHTML, like Gecko; compatible; GPTBot/1.2; +https://openai.com/gptbot)"
216.73.216.254 - - [20/Jul/2025:05:43:19 +0000] "GET /goods/940404802.shtml HTTP/1.1" 404 12924 "-" "Mozilla/5.0 AppleWebKit/537.36 (KHTML, like Gecko; compatible; ClaudeBot/1.0; [email protected])"
216.73.216.254 - - [20/Jul/2025:05:43:19 +0000] "GET /goods/940164744.shtml HTTP/1.1" 404 12924 "-" "Mozilla/5.0 AppleWebKit/537.36 (KHTML, like Gecko; compatible; ClaudeBot/1.0; [email protected])"
216.73.216.254 - - [20/Jul/2025:05:43:19 +0000] "GET /goods/940700516.shtml HTTP/1.1" 404 12924 "-" "Mozilla/5.0 AppleWebKit/537.36 (KHTML, like Gecko; compatible; ClaudeBot/1.0; [email protected])"
216.73.216.254 - - [20/Jul/2025:05:43:20 +0000] "GET /goods/940363732.shtml HTTP/1.1" 404 12924 "-" "Mozilla/5.0 AppleWebKit/537.36 (KHTML, like Gecko; compatible; ClaudeBot/1.0; [email protected])"
216.73.216.254 - - [20/Jul/2025:05:43:20 +0000] "GET /goods/940441880.shtml HTTP/1.1" 404 12924 "-" "Mozilla/5.0 AppleWebKit/537.36 (KHTML, like Gecko; compatible; ClaudeBot/1.0; [email protected])"
216.73.216.254 - - [20/Jul/2025:05:43:20 +0000] "GET /goods/940440464.shtml HTTP/1.1" 404 12924 "-" "Mozilla/5.0 AppleWebKit/537.36 (KHTML, like Gecko; compatible; ClaudeBot/1.0; [email protected])"
216.73.216.254 - - [20/Jul/2025:05:43:21 +0000] "GET /goods/940223432.shtml HTTP/1.1" 404 12924 "-" "Mozilla/5.0 AppleWebKit/537.36 (KHTML, like Gecko; compatible; ClaudeBot/1.0; [email protected])"
20.171.207.167 - - [20/Jul/2025:05:43:21 +0000] "GET /goods/195489882.shtml HTTP/1.1" 404 12924 "-" "Mozilla/5.0 AppleWebKit/537.36 (KHTML, like Gecko; compatible; GPTBot/1.2; +https://openai.com/gptbot)"
216.73.216.254 - - [20/Jul/2025:05:43:21 +0000] "GET /goods/940433208.shtml HTTP/1.1" 404 12924 "-" "Mozilla/5.0 AppleWebKit/537.36 (KHTML, like Gecko; compatible; ClaudeBot/1.0; [email protected])"
216.73.216.254 - - [20/Jul/2025:05:43:21 +0000] "GET /goods/940487762.shtml HTTP/1.1" 404 12924 "-" "Mozilla/5.0 AppleWebKit/537.36 (KHTML, like Gecko; compatible; ClaudeBot/1.0; [email protected])"
216.73.216.254 - - [20/Jul/2025:05:43:21 +0000] "GET /goods/940525032.shtml HTTP/1.1" 404 12924 "-" "Mozilla/5.0 AppleWebKit/537.36 (KHTML, like Gecko; compatible; ClaudeBot/1.0; [email protected])"
216.73.216.254 - - [20/Jul/2025:05:43:21 +0000] "GET /goods/940635664.shtml HTTP/1.1" 404 12924 "-" "Mozilla/5.0 AppleWebKit/537.36 (KHTML, like Gecko; compatible; ClaudeBot/1.0; [email protected])"
216.73.216.254 - - [20/Jul/2025:05:43:21 +0000] "GET /goods/940672942.shtml HTTP/1.1" 404 12924 "-" "Mozilla/5.0 AppleWebKit/537.36 (KHTML, like Gecko; compatible; ClaudeBot/1.0; [email protected])"
216.73.216.254 - - [20/Jul/2025:05:43:21 +0000] "GET /goods/940624274.shtml HTTP/1.1" 404 12924 "-" "Mozilla/5.0 AppleWebKit/537.36 (KHTML, like Gecko; compatible; ClaudeBot/1.0; [email protected])"
216.73.216.254 - - [20/Jul/2025:05:43:21 +0000] "GET /goods/940402840.shtml HTTP/1.1" 404 12924 "-" "Mozilla/5.0 AppleWebKit/537.36 (KHTML, like Gecko; compatible; ClaudeBot/1.0; [email protected])"
216.73.216.254 - - [20/Jul/2025:05:43:21 +0000] "GET /goods/940597972.shtml HTTP/1.1" 404 12924 "-" "Mozilla/5.0 AppleWebKit/537.36 (KHTML, like Gecko; compatible; ClaudeBot/1.0; [email protected])"
216.73.216.254 - - [20/Jul/2025:05:43:21 +0000] "GET /goods/940433532.shtml HTTP/1.1" 404 12924 "-" "Mozilla/5.0 AppleWebKit/537.36 (KHTML, like Gecko; compatible; ClaudeBot/1.0; [email protected])"
216.73.216.254 - - [20/Jul/2025:05:43:21 +0000] "GET /goods/940319880.shtml HTTP/1.1" 404 12924 "-" "Mozilla/5.0 AppleWebKit/537.36 (KHTML, like Gecko; compatible; ClaudeBot/1.0; [email protected])"
216.73.216.254 - - [20/Jul/2025:05:43:21 +0000] "GET /goods/940271498.shtml HTTP/1.1" 404 12924 "-" "Mozilla/5.0 AppleWebKit/537.36 (KHTML, like Gecko; compatible; ClaudeBot/1.0; [email protected])"
216.73.216.254 - - [20/Jul/2025:05:43:22 +0000] "GET /goods/940468046.shtml HTTP/1.1" 404 12924 "-" "Mozilla/5.0 AppleWebKit/537.36 (KHTML, like Gecko; compatible; ClaudeBot/1.0; [email protected])"
216.73.216.254 - - [20/Jul/2025:05:43:22 +0000] "GET /goods/940174026.shtml HTTP/1.1" 404 12924 "-" "Mozilla/5.0 AppleWebKit/537.36 (KHTML, like Gecko; compatible; ClaudeBot/1.0; [email protected])"
216.73.216.254 - - [20/Jul/2025:05:43:22 +0000] "GET /goods/940324692.shtml HTTP/1.1" 404 12924 "-" "Mozilla/5.0 AppleWebKit/537.36 (KHTML, like Gecko; compatible; ClaudeBot/1.0; [email protected])"
216.73.216.254 - - [20/Jul/2025:05:43:22 +0000] "GET /goods/940634226.shtml HTTP/1.1" 404 12924 "-" "Mozilla/5.0 AppleWebKit/537.36 (KHTML, like Gecko; compatible; ClaudeBot/1.0; [email protected])"
216.73.216.254 - - [20/Jul/2025:05:43:22 +0000] "GET /goods/940631108.shtml HTTP/1.1" 404 12924 "-" "Mozilla/5.0 AppleWebKit/537.36 (KHTML, like Gecko; compatible; ClaudeBot/1.0; [email protected])"
216.73.216.254 - - [20/Jul/2025:05:43:22 +0000] "GET /goods/940196528.shtml HTTP/1.1" 404 12924 "-" "Mozilla/5.0 AppleWebKit/537.36 (KHTML, like Gecko; compatible; ClaudeBot/1.0; [email protected])"
216.73.216.254 - - [20/Jul/2025:05:43:22 +0000] "GET /goods/940434560.shtml HTTP/1.1" 404 12924 "-" "Mozilla/5.0 AppleWebKit/537.36 (KHTML, like Gecko; compatible; ClaudeBot/1.0; [email protected])"
216.73.216.254 - - [20/Jul/2025:05:43:22 +0000] "GET /goods/940321906.shtml HTTP/1.1" 404 12924 "-" "Mozilla/5.0 AppleWebKit/537.36 (KHTML, like Gecko; compatible; ClaudeBot/1.0; [email protected])"
216.73.216.254 - - [20/Jul/2025:05:43:22 +0000] "GET /goods/940232458.shtml HTTP/1.1" 404 12924 "-" "Mozilla/5.0 AppleWebKit/537.36 (KHTML, like Gecko; compatible; ClaudeBot/1.0; [email protected])"
216.73.216.254 - - [20/Jul/2025:05:43:22 +0000] "GET /goods/940552704.shtml HTTP/1.1" 404 12924 "-" "Mozilla/5.0 AppleWebKit/537.36 (KHTML, like Gecko; compatible; ClaudeBot/1.0; [email protected])"
20.171.207.167 - - [20/Jul/2025:05:43:24 +0000] "GET /goods/357030082.shtml HTTP/1.1" 404 12924 "-" "Mozilla/5.0 AppleWebKit/537.36 (KHTML, like Gecko; compatible; GPTBot/1.2; +https://openai.com/gptbot)"
20.171.207.167 - - [20/Jul/2025:05:43:26 +0000] "GET /goods/357248808.shtml HTTP/1.1" 404 12924 "-" "Mozilla/5.0 AppleWebKit/537.36 (KHTML, like Gecko; compatible; GPTBot/1.2; +https://openai.com/gptbot)"
20.171.207.167 - - [20/Jul/2025:05:43:29 +0000] "GET /goods/195340300.shtml HTTP/1.1" 404 12924 "-" "Mozilla/5.0 AppleWebKit/537.36 (KHTML, like Gecko; compatible; GPTBot/1.2; +https://openai.com/gptbot)"
20.171.207.167 - - [20/Jul/2025:05:43:32 +0000] "GET /goods/357298892.shtml HTTP/1.1" 404 12924 "-" "Mozilla/5.0 AppleWebKit/537.36 (KHTML, like Gecko; compatible; GPTBot/1.2; +https://openai.com/gptbot)"
20.171.207.167 - - [20/Jul/2025:05:43:35 +0000] "GET /goods/356959322.shtml HTTP/1.1" 404 12924 "-" "Mozilla/5.0 AppleWebKit/537.36 (KHTML, like Gecko; compatible; GPTBot/1.2; +https://openai.com/gptbot)"
20.171.207.167 - - [20/Jul/2025:05:43:38 +0000] "GET /goods/195233132.shtml HTTP/1.1" 404 12924 "-" "Mozilla/5.0 AppleWebKit/537.36 (KHTML, like Gecko; compatible; GPTBot/1.2; +https://openai.com/gptbot)"
20.171.207.167 - - [20/Jul/2025:05:43:41 +0000] "GET /goods/357365258.shtml HTTP/1.1" 404 12924 "-" "Mozilla/5.0 AppleWebKit/537.36 (KHTML, like Gecko; compatible; GPTBot/1.2; +https://openai.com/gptbot)"
20.171.207.167 - - [20/Jul/2025:05:43:43 +0000] "GET /goods/357156638.shtml HTTP/1.1" 404 12924 "-" "Mozilla/5.0 AppleWebKit/537.36 (KHTML, like Gecko; compatible; GPTBot/1.2; +https://openai.com/gptbot)"
20.171.207.167 - - [20/Jul/2025:05:43:46 +0000] "GET /goods/357356978.shtml HTTP/1.1" 404 12924 "-" "Mozilla/5.0 AppleWebKit/537.36 (KHTML, like Gecko; compatible; GPTBot/1.2; +https://openai.com/gptbot)"
20.171.207.167 - - [20/Jul/2025:05:43:49 +0000] "GET /goods/195215186.shtml HTTP/1.1" 404 12924 "-" "Mozilla/5.0 AppleWebKit/537.36 (KHTML, like Gecko; compatible; GPTBot/1.2; +https://openai.com/gptbot)"
20.171.207.167 - - [20/Jul/2025:05:43:52 +0000] "GET /goods/195577590.shtml HTTP/1.1" 404 12924 "-" "Mozilla/5.0 AppleWebKit/537.36 (KHTML, like Gecko; compatible; GPTBot/1.2; +https://openai.com/gptbot)"
20.171.207.167 - - [20/Jul/2025:05:43:55 +0000] "GET /goods/195291564.shtml HTTP/1.1" 404 12924 "-" "Mozilla/5.0 AppleWebKit/537.36 (KHTML, like Gecko; compatible; GPTBot/1.2; +https://openai.com/gptbot)"
20.171.207.167 - - [20/Jul/2025:05:43:57 +0000] "GET /goods/195496046.shtml HTTP/1.1" 404 12924 "-" "Mozilla/5.0 AppleWebKit/537.36 (KHTML, like Gecko; compatible; GPTBot/1.2; +https://openai.com/gptbot)"
20.171.207.167 - - [20/Jul/2025:05:44:00 +0000] "GET /goods/195441146.shtml HTTP/1.1" 404 12924 "-" "Mozilla/5.0 AppleWebKit/537.36 (KHTML, like Gecko; compatible; GPTBot/1.2; +https://openai.com/gptbot)"
20.171.207.167 - - [20/Jul/2025:05:44:03 +0000] "GET /goods/195582052.shtml HTTP/1.1" 404 12924 "-" "Mozilla/5.0 AppleWebKit/537.36 (KHTML, like Gecko; compatible; GPTBot/1.2; +https://openai.com/gptbot)"
20.171.207.167 - - [20/Jul/2025:05:44:06 +0000] "GET /goods/195512320.shtml HTTP/1.1" 404 12924 "-" "Mozilla/5.0 AppleWebKit/537.36 (KHTML, like Gecko; compatible; GPTBot/1.2; +https://openai.com/gptbot)"
20.171.207.167 - - [20/Jul/2025:05:44:09 +0000] "GET /goods/356922658.shtml HTTP/1.1" 404 12924 "-" "Mozilla/5.0 AppleWebKit/537.36 (KHTML, like Gecko; compatible; GPTBot/1.2; +https://openai.com/gptbot)"
209.74.77.214 - - [20/Jul/2025:05:44:12 +0000] "POST /wp-cron.php?doing_wp_cron=1752990252.2396769523620605468750 HTTP/1.1" 200 - "-" "WordPress/6.8.2; https://sergio-cuchi.tattoo"
20.171.207.167 - - [20/Jul/2025:05:44:11 +0000] "GET /goods/357188358.shtml HTTP/1.1" 404 12924 "-" "Mozilla/5.0 AppleWebKit/537.36 (KHTML, like Gecko; compatible; GPTBot/1.2; +https://openai.com/gptbot)"
20.171.207.167 - - [20/Jul/2025:05:44:14 +0000] "GET /goods/357279244.shtml HTTP/1.1" 404 12924 "-" "Mozilla/5.0 AppleWebKit/537.36 (KHTML, like Gecko; compatible; GPTBot/1.2; +https://openai.com/gptbot)"
20.171.207.167 - - [20/Jul/2025:05:44:17 +0000] "GET /goods/357325796.shtml HTTP/1.1" 404 12924 "-" "Mozilla/5.0 AppleWebKit/537.36 (KHTML, like Gecko; compatible; GPTBot/1.2; +https://openai.com/gptbot)"
20.171.207.167 - - [20/Jul/2025:05:44:20 +0000] "GET /goods/195451934.shtml HTTP/1.1" 404 12924 "-" "Mozilla/5.0 AppleWebKit/537.36 (KHTML, like Gecko; compatible; GPTBot/1.2; +https://openai.com/gptbot)"
20.171.207.167 - - [20/Jul/2025:05:44:23 +0000] "GET /goods/357145172.shtml HTTP/1.1" 404 12924 "-" "Mozilla/5.0 AppleWebKit/537.36 (KHTML, like Gecko; compatible; GPTBot/1.2; +https://openai.com/gptbot)"
20.171.207.167 - - [20/Jul/2025:05:44:25 +0000] "GET /goods/195282892.shtml HTTP/1.1" 404 12924 "-" "Mozilla/5.0 AppleWebKit/537.36 (KHTML, like Gecko; compatible; GPTBot/1.2; +https://openai.com/gptbot)"
216.73.216.254 - - [20/Jul/2025:05:44:28 +0000] "GET /goods/940363800.shtml HTTP/1.1" 404 12924 "-" "Mozilla/5.0 AppleWebKit/537.36 (KHTML, like Gecko; compatible; ClaudeBot/1.0; [email protected])"
216.73.216.254 - - [20/Jul/2025:05:44:28 +0000] "GET /goods/940206902.shtml HTTP/1.1" 404 12924 "-" "Mozilla/5.0 AppleWebKit/537.36 (KHTML, like Gecko; compatible; ClaudeBot/1.0; [email protected])"
216.73.216.254 - - [20/Jul/2025:05:44:28 +0000] "GET /goods/940644946.shtml HTTP/1.1" 404 12924 "-" "Mozilla/5.0 AppleWebKit/537.36 (KHTML, like Gecko; compatible; ClaudeBot/1.0; [email protected])"
216.73.216.254 - - [20/Jul/2025:05:44:28 +0000] "GET /goods/940249312.shtml HTTP/1.1" 404 12924 "-" "Mozilla/5.0 AppleWebKit/537.36 (KHTML, like Gecko; compatible; ClaudeBot/1.0; [email protected])"
20.171.207.167 - - [20/Jul/2025:05:44:28 +0000] "GET /goods/195451866.shtml HTTP/1.1" 404 12924 "-" "Mozilla/5.0 AppleWebKit/537.36 (KHTML, like Gecko; compatible; GPTBot/1.2; +https://openai.com/gptbot)"
216.73.216.254 - - [20/Jul/2025:05:44:29 +0000] "GET /goods/940330254.shtml HTTP/1.1" 404 12924 "-" "Mozilla/5.0 AppleWebKit/537.36 (KHTML, like Gecko; compatible; ClaudeBot/1.0; [email protected])"
216.73.216.254 - - [20/Jul/2025:05:44:29 +0000] "GET /goods/940244850.shtml HTTP/1.1" 404 12924 "-" "Mozilla/5.0 AppleWebKit/537.36 (KHTML, like Gecko; compatible; ClaudeBot/1.0; [email protected])"
216.73.216.254 - - [20/Jul/2025:05:44:29 +0000] "GET /goods/940516104.shtml HTTP/1.1" 404 12924 "-" "Mozilla/5.0 AppleWebKit/537.36 (KHTML, like Gecko; compatible; ClaudeBot/1.0; [email protected])"
216.73.216.254 - - [20/Jul/2025:05:44:29 +0000] "GET /goods/940205810.shtml HTTP/1.1" 404 12924 "-" "Mozilla/5.0 AppleWebKit/537.36 (KHTML, like Gecko; compatible; ClaudeBot/1.0; [email protected])"
216.73.216.254 - - [20/Jul/2025:05:44:29 +0000] "GET /goods/940161890.shtml HTTP/1.1" 404 12924 "-" "Mozilla/5.0 AppleWebKit/537.36 (KHTML, like Gecko; compatible; ClaudeBot/1.0; [email protected])"
216.73.216.254 - - [20/Jul/2025:05:44:29 +0000] "GET /goods/940357828.shtml HTTP/1.1" 404 12924 "-" "Mozilla/5.0 AppleWebKit/537.36 (KHTML, like Gecko; compatible; ClaudeBot/1.0; [email protected])"
216.73.216.254 - - [20/Jul/2025:05:44:30 +0000] "GET /goods/940558932.shtml HTTP/1.1" 404 12924 "-" "Mozilla/5.0 AppleWebKit/537.36 (KHTML, like Gecko; compatible; ClaudeBot/1.0; [email protected])"
216.73.216.254 - - [20/Jul/2025:05:44:30 +0000] "GET /goods/940193064.shtml HTTP/1.1" 404 12924 "-" "Mozilla/5.0 AppleWebKit/537.36 (KHTML, like Gecko; compatible; ClaudeBot/1.0; [email protected])"
216.73.216.254 - - [20/Jul/2025:05:44:30 +0000] "GET /goods/940272914.shtml HTTP/1.1" 404 12924 "-" "Mozilla/5.0 AppleWebKit/537.36 (KHTML, like Gecko; compatible; ClaudeBot/1.0; [email protected])"
216.73.216.254 - - [20/Jul/2025:05:44:30 +0000] "GET /goods/940652940.shtml HTTP/1.1" 404 12924 "-" "Mozilla/5.0 AppleWebKit/537.36 (KHTML, like Gecko; compatible; ClaudeBot/1.0; [email protected])"
216.73.216.254 - - [20/Jul/2025:05:44:30 +0000] "GET /goods/940638428.shtml HTTP/1.1" 404 12924 "-" "Mozilla/5.0 AppleWebKit/537.36 (KHTML, like Gecko; compatible; ClaudeBot/1.0; [email protected])"
216.73.216.254 - - [20/Jul/2025:05:44:30 +0000] "GET /goods/940507756.shtml HTTP/1.1" 404 12924 "-" "Mozilla/5.0 AppleWebKit/537.36 (KHTML, like Gecko; compatible; ClaudeBot/1.0; [email protected])"
216.73.216.254 - - [20/Jul/2025:05:44:30 +0000] "GET /goods/940601764.shtml HTTP/1.1" 404 12924 "-" "Mozilla/5.0 AppleWebKit/537.36 (KHTML, like Gecko; compatible; ClaudeBot/1.0; [email protected])"
216.73.216.254 - - [20/Jul/2025:05:44:30 +0000] "GET /goods/940659458.shtml HTTP/1.1" 404 12924 "-" "Mozilla/5.0 AppleWebKit/537.36 (KHTML, like Gecko; compatible; ClaudeBot/1.0; [email protected])"
216.73.216.254 - - [20/Jul/2025:05:44:30 +0000] "GET /goods/940403450.shtml HTTP/1.1" 404 12924 "-" "Mozilla/5.0 AppleWebKit/537.36 (KHTML, like Gecko; compatible; ClaudeBot/1.0; [email protected])"
216.73.216.254 - - [20/Jul/2025:05:44:30 +0000] "GET /goods/940455978.shtml HTTP/1.1" 404 12924 "-" "Mozilla/5.0 AppleWebKit/537.36 (KHTML, like Gecko; compatible; ClaudeBot/1.0; [email protected])"
216.73.216.254 - - [20/Jul/2025:05:44:31 +0000] "GET /goods/940620064.shtml HTTP/1.1" 404 12924 "-" "Mozilla/5.0 AppleWebKit/537.36 (KHTML, like Gecko; compatible; ClaudeBot/1.0; [email protected])"
216.73.216.254 - - [20/Jul/2025:05:44:31 +0000] "GET /goods/940482882.shtml HTTP/1.1" 404 12924 "-" "Mozilla/5.0 AppleWebKit/537.36 (KHTML, like Gecko; compatible; ClaudeBot/1.0; [email protected])"
216.73.216.254 - - [20/Jul/2025:05:44:31 +0000] "GET /goods/940703024.shtml HTTP/1.1" 404 12924 "-" "Mozilla/5.0 AppleWebKit/537.36 (KHTML, like Gecko; compatible; ClaudeBot/1.0; [email protected])"
216.73.216.254 - - [20/Jul/2025:05:44:31 +0000] "GET /goods/940184392.shtml HTTP/1.1" 404 12924 "-" "Mozilla/5.0 AppleWebKit/537.36 (KHTML, like Gecko; compatible; ClaudeBot/1.0; [email protected])"
216.73.216.254 - - [20/Jul/2025:05:44:31 +0000] "GET /goods/940173672.shtml HTTP/1.1" 404 12924 "-" "Mozilla/5.0 AppleWebKit/537.36 (KHTML, like Gecko; compatible; ClaudeBot/1.0; [email protected])"
216.73.216.254 - - [20/Jul/2025:05:44:31 +0000] "GET /goods/940464928.shtml HTTP/1.1" 404 12924 "-" "Mozilla/5.0 AppleWebKit/537.36 (KHTML, like Gecko; compatible; ClaudeBot/1.0; [email protected])"
216.73.216.254 - - [20/Jul/2025:05:44:31 +0000] "GET /goods/940250404.shtml HTTP/1.1" 404 12924 "-" "Mozilla/5.0 AppleWebKit/537.36 (KHTML, like Gecko; compatible; ClaudeBot/1.0; [email protected])"
216.73.216.254 - - [20/Jul/2025:05:44:31 +0000] "GET /goods/940452856.shtml HTTP/1.1" 404 12924 "-" "Mozilla/5.0 AppleWebKit/537.36 (KHTML, like Gecko; compatible; ClaudeBot/1.0; [email protected])"
20.171.207.167 - - [20/Jul/2025:05:44:31 +0000] "GET /goods/195205904.shtml HTTP/1.1" 404 12924 "-" "Mozilla/5.0 AppleWebKit/537.36 (KHTML, like Gecko; compatible; GPTBot/1.2; +https://openai.com/gptbot)"
20.171.207.167 - - [20/Jul/2025:05:44:34 +0000] "GET /goods/195310218.shtml HTTP/1.1" 404 12924 "-" "Mozilla/5.0 AppleWebKit/537.36 (KHTML, like Gecko; compatible; GPTBot/1.2; +https://openai.com/gptbot)"
20.171.207.167 - - [20/Jul/2025:05:44:37 +0000] "GET /goods/195258688.shtml HTTP/1.1" 404 12924 "-" "Mozilla/5.0 AppleWebKit/537.36 (KHTML, like Gecko; compatible; GPTBot/1.2; +https://openai.com/gptbot)"
20.171.207.167 - - [20/Jul/2025:05:44:40 +0000] "GET /goods/195650858.shtml HTTP/1.1" 404 12924 "-" "Mozilla/5.0 AppleWebKit/537.36 (KHTML, like Gecko; compatible; GPTBot/1.2; +https://openai.com/gptbot)"
20.171.207.167 - - [20/Jul/2025:05:44:43 +0000] "GET /goods/195159262.shtml HTTP/1.1" 404 12924 "-" "Mozilla/5.0 AppleWebKit/537.36 (KHTML, like Gecko; compatible; GPTBot/1.2; +https://openai.com/gptbot)"
20.171.207.167 - - [20/Jul/2025:05:44:45 +0000] "GET /goods/195639392.shtml HTTP/1.1" 404 12924 "-" "Mozilla/5.0 AppleWebKit/537.36 (KHTML, like Gecko; compatible; GPTBot/1.2; +https://openai.com/gptbot)"
20.171.207.167 - - [20/Jul/2025:05:44:48 +0000] "GET /goods/195589048.shtml HTTP/1.1" 404 12924 "-" "Mozilla/5.0 AppleWebKit/537.36 (KHTML, like Gecko; compatible; GPTBot/1.2; +https://openai.com/gptbot)"
20.171.207.167 - - [20/Jul/2025:05:44:51 +0000] "GET /goods/357121992.shtml HTTP/1.1" 404 12924 "-" "Mozilla/5.0 AppleWebKit/537.36 (KHTML, like Gecko; compatible; GPTBot/1.2; +https://openai.com/gptbot)"
20.171.207.167 - - [20/Jul/2025:05:44:54 +0000] "GET /goods/357193238.shtml HTTP/1.1" 404 12924 "-" "Mozilla/5.0 AppleWebKit/537.36 (KHTML, like Gecko; compatible; GPTBot/1.2; +https://openai.com/gptbot)"
20.171.207.167 - - [20/Jul/2025:05:44:57 +0000] "GET /goods/195426916.shtml HTTP/1.1" 404 12924 "-" "Mozilla/5.0 AppleWebKit/537.36 (KHTML, like Gecko; compatible; GPTBot/1.2; +https://openai.com/gptbot)"
20.171.207.167 - - [20/Jul/2025:05:44:59 +0000] "GET /goods/357221558.shtml HTTP/1.1" 404 12924 "-" "Mozilla/5.0 AppleWebKit/537.36 (KHTML, like Gecko; compatible; GPTBot/1.2; +https://openai.com/gptbot)"
20.171.207.167 - - [20/Jul/2025:05:45:03 +0000] "GET /goods/357262360.shtml HTTP/1.1" 404 12924 "-" "Mozilla/5.0 AppleWebKit/537.36 (KHTML, like Gecko; compatible; GPTBot/1.2; +https://openai.com/gptbot)"
20.171.207.167 - - [20/Jul/2025:05:45:05 +0000] "GET /goods/195377578.shtml HTTP/1.1" 404 12924 "-" "Mozilla/5.0 AppleWebKit/537.36 (KHTML, like Gecko; compatible; GPTBot/1.2; +https://openai.com/gptbot)"
20.171.207.167 - - [20/Jul/2025:05:45:08 +0000] "GET /goods/195223858.shtml HTTP/1.1" 404 12924 "-" "Mozilla/5.0 AppleWebKit/537.36 (KHTML, like Gecko; compatible; GPTBot/1.2; +https://openai.com/gptbot)"
209.74.77.214 - - [20/Jul/2025:05:45:12 +0000] "POST /wp-cron.php?doing_wp_cron=1752990312.3353650569915771484375 HTTP/1.1" 200 - "-" "WordPress/6.8.2; https://sergio-cuchi.tattoo"
20.171.207.167 - - [20/Jul/2025:05:45:11 +0000] "GET /goods/195298082.shtml HTTP/1.1" 404 12924 "-" "Mozilla/5.0 AppleWebKit/537.36 (KHTML, like Gecko; compatible; GPTBot/1.2; +https://openai.com/gptbot)"
20.171.207.167 - - [20/Jul/2025:05:45:14 +0000] "GET /goods/195593518.shtml HTTP/1.1" 404 12924 "-" "Mozilla/5.0 AppleWebKit/537.36 (KHTML, like Gecko; compatible; GPTBot/1.2; +https://openai.com/gptbot)"
195.2.78.89 - - [20/Jul/2025:05:45:15 +0000] "GET / HTTP/1.1" 301 - "-" "Mozilla/5.0 (Macintosh; Intel Mac OS X 10_15_7) AppleWebKit/537.36 (KHTML, like Gecko) Chrome/133.0.0.0 Safari/537.36"
195.2.78.89 - - [20/Jul/2025:05:45:17 +0000] "GET / HTTP/1.1" 200 16284 "https://SERGIO-CUCHI.TATTOO" "Mozilla/5.0 (Macintosh; Intel Mac OS X 10_15_7) AppleWebKit/537.36 (KHTML, like Gecko) Chrome/133.0.0.0 Safari/537.36"
20.171.207.167 - - [20/Jul/2025:05:45:17 +0000] "GET /goods/195254226.shtml HTTP/1.1" 404 12924 "-" "Mozilla/5.0 AppleWebKit/537.36 (KHTML, like Gecko; compatible; GPTBot/1.2; +https://openai.com/gptbot)"
195.2.78.89 - - [20/Jul/2025:05:45:18 +0000] "GET /comments/feed/ HTTP/1.1" 200 1606 "-" "Mozilla/5.0 (Macintosh; Intel Mac OS X 10_15_7) AppleWebKit/537.36 (KHTML, like Gecko) Chrome/133.0.0.0 Safari/537.36"
20.171.207.167 - - [20/Jul/2025:05:45:20 +0000] "GET /goods/195352022.shtml HTTP/1.1" 404 12924 "-" "Mozilla/5.0 AppleWebKit/537.36 (KHTML, like Gecko; compatible; GPTBot/1.2; +https://openai.com/gptbot)"
195.2.78.89 - - [20/Jul/2025:05:45:20 +0000] "GET /contact/ HTTP/1.1" 200 15034 "-" "Mozilla/5.0 (Macintosh; Intel Mac OS X 10_15_7) AppleWebKit/537.36 (KHTML, like Gecko) Chrome/133.0.0.0 Safari/537.36"
20.171.207.167 - - [20/Jul/2025:05:45:22 +0000] "GET /goods/195317730.shtml HTTP/1.1" 404 12924 "-" "Mozilla/5.0 AppleWebKit/537.36 (KHTML, like Gecko; compatible; GPTBot/1.2; +https://openai.com/gptbot)"
103.245.206.250 - - [20/Jul/2025:05:45:24 +0000] "POST /contact/ HTTP/1.1" 200 15057 "-" "Mozilla/5.0 (Macintosh; Intel Mac OS X 10_15_7) AppleWebKit/537.36 (KHTML, like Gecko) Chrome/133.0.0.0 Safari/537.36"
20.171.207.167 - - [20/Jul/2025:05:45:25 +0000] "GET /goods/195158938.shtml HTTP/1.1" 404 12924 "-" "Mozilla/5.0 AppleWebKit/537.36 (KHTML, like Gecko; compatible; GPTBot/1.2; +https://openai.com/gptbot)"
103.245.206.250 - - [20/Jul/2025:05:45:28 +0000] "POST /contact/ HTTP/1.1" 200 15034 "-" "Mozilla/5.0 (Windows NT 10.0; Win64; x64) AppleWebKit/537.36 (KHTML, like Gecko) Chrome/120.0.0.0 Safari/537.36"
20.171.207.167 - - [20/Jul/2025:05:45:28 +0000] "GET /goods/357093394.shtml HTTP/1.1" 404 12924 "-" "Mozilla/5.0 AppleWebKit/537.36 (KHTML, like Gecko; compatible; GPTBot/1.2; +https://openai.com/gptbot)"
195.2.78.89 - - [20/Jul/2025:05:45:30 +0000] "GET /my-account/ HTTP/1.1" 200 13562 "-" "Mozilla/5.0 (Macintosh; Intel Mac OS X 10_15_7) AppleWebKit/537.36 (KHTML, like Gecko) Chrome/133.0.0.0 Safari/537.36"
20.171.207.167 - - [20/Jul/2025:05:45:31 +0000] "GET /goods/357010430.shtml HTTP/1.1" 404 12924 "-" "Mozilla/5.0 AppleWebKit/537.36 (KHTML, like Gecko; compatible; GPTBot/1.2; +https://openai.com/gptbot)"
195.2.78.89 - - [20/Jul/2025:05:45:31 +0000] "GET /my-account/lost-password/ HTTP/1.1" 200 13789 "-" "Mozilla/5.0 (Macintosh; Intel Mac OS X 10_15_7) AppleWebKit/537.36 (KHTML, like Gecko) Chrome/133.0.0.0 Safari/537.36"
103.245.206.250 - - [20/Jul/2025:05:45:33 +0000] "POST /my-account/lost-password/ HTTP/1.1" 200 13824 "-" "Mozilla/5.0 (Macintosh; Intel Mac OS X 10_15_7) AppleWebKit/537.36 (KHTML, like Gecko) Chrome/133.0.0.0 Safari/537.36"
20.171.207.167 - - [20/Jul/2025:05:45:34 +0000] "GET /goods/356895754.shtml HTTP/1.1" 404 12924 "-" "Mozilla/5.0 AppleWebKit/537.36 (KHTML, like Gecko; compatible; GPTBot/1.2; +https://openai.com/gptbot)"
103.245.206.250 - - [20/Jul/2025:05:45:36 +0000] "POST /my-account/lost-password/ HTTP/1.1" 200 13789 "-" "Mozilla/5.0 (Windows NT 10.0; Win64; x64) AppleWebKit/537.36 (KHTML, like Gecko) Chrome/120.0.0.0 Safari/537.36"
20.171.207.167 - - [20/Jul/2025:05:45:36 +0000] "GET /goods/357363142.shtml HTTP/1.1" 404 12924 "-" "Mozilla/5.0 AppleWebKit/537.36 (KHTML, like Gecko; compatible; GPTBot/1.2; +https://openai.com/gptbot)"
195.2.78.89 - - [20/Jul/2025:05:45:37 +0000] "GET /hello-world/ HTTP/1.1" 200 17128 "-" "Mozilla/5.0 (Macintosh; Intel Mac OS X 10_15_7) AppleWebKit/537.36 (KHTML, like Gecko) Chrome/133.0.0.0 Safari/537.36"
20.171.207.167 - - [20/Jul/2025:05:45:39 +0000] "GET /goods/357317938.shtml HTTP/1.1" 404 12924 "-" "Mozilla/5.0 AppleWebKit/537.36 (KHTML, like Gecko; compatible; GPTBot/1.2; +https://openai.com/gptbot)"
103.245.206.250 - - [20/Jul/2025:05:45:40 +0000] "POST /wp-comments-post.php HTTP/1.1" 200 1106 "-" "Mozilla/5.0 (Macintosh; Intel Mac OS X 10_15_7) AppleWebKit/537.36 (KHTML, like Gecko) Chrome/133.0.0.0 Safari/537.36"
103.245.206.250 - - [20/Jul/2025:05:45:42 +0000] "POST /wp-comments-post.php HTTP/1.1" 200 - "-" "Mozilla/5.0 (Windows NT 10.0; Win64; x64) AppleWebKit/537.36 (KHTML, like Gecko) Chrome/120.0.0.0 Safari/537.36"
20.171.207.167 - - [20/Jul/2025:05:45:42 +0000] "GET /goods/195226968.shtml HTTP/1.1" 404 12924 "-" "Mozilla/5.0 AppleWebKit/537.36 (KHTML, like Gecko; compatible; GPTBot/1.2; +https://openai.com/gptbot)"
195.2.78.89 - - [20/Jul/2025:05:45:44 +0000] "GET /hello-world/?replytocom=1 HTTP/1.1" 200 17145 "-" "Mozilla/5.0 (Macintosh; Intel Mac OS X 10_15_7) AppleWebKit/537.36 (KHTML, like Gecko) Chrome/133.0.0.0 Safari/537.36"
20.171.207.167 - - [20/Jul/2025:05:45:45 +0000] "GET /goods/357125178.shtml HTTP/1.1" 404 12924 "-" "Mozilla/5.0 AppleWebKit/537.36 (KHTML, like Gecko; compatible; GPTBot/1.2; +https://openai.com/gptbot)"
103.245.206.250 - - [20/Jul/2025:05:45:46 +0000] "POST /wp-comments-post.php HTTP/1.1" 200 1106 "-" "Mozilla/5.0 (Macintosh; Intel Mac OS X 10_15_7) AppleWebKit/537.36 (KHTML, like Gecko) Chrome/133.0.0.0 Safari/537.36"
103.245.206.250 - - [20/Jul/2025:05:45:48 +0000] "POST /wp-comments-post.php HTTP/1.1" 200 - "-" "Mozilla/5.0 (Windows NT 10.0; Win64; x64) AppleWebKit/537.36 (KHTML, like Gecko) Chrome/120.0.0.0 Safari/537.36"
20.171.207.167 - - [20/Jul/2025:05:45:48 +0000] "GET /goods/195450164.shtml HTTP/1.1" 404 12924 "-" "Mozilla/5.0 AppleWebKit/537.36 (KHTML, like Gecko; compatible; GPTBot/1.2; +https://openai.com/gptbot)"
195.2.78.89 - - [20/Jul/2025:05:45:49 +0000] "GET /tattoo-model-michael-rea/ HTTP/1.1" 200 18861 "-" "Mozilla/5.0 (Macintosh; Intel Mac OS X 10_15_7) AppleWebKit/537.36 (KHTML, like Gecko) Chrome/133.0.0.0 Safari/537.36"
20.171.207.167 - - [20/Jul/2025:05:45:51 +0000] "GET /goods/357143410.shtml HTTP/1.1" 404 12924 "-" "Mozilla/5.0 AppleWebKit/537.36 (KHTML, like Gecko; compatible; GPTBot/1.2; +https://openai.com/gptbot)"
195.2.78.89 - - [20/Jul/2025:05:45:51 +0000] "GET /tattoo-model-michael-rea/?replytocom=2 HTTP/1.1" 200 18879 "-" "Mozilla/5.0 (Macintosh; Intel Mac OS X 10_15_7) AppleWebKit/537.36 (KHTML, like Gecko) Chrome/133.0.0.0 Safari/537.36"
195.2.78.89 - - [20/Jul/2025:05:45:53 +0000] "GET /tattoo-model-michael-rea/?replytocom=3 HTTP/1.1" 200 18878 "-" "Mozilla/5.0 (Macintosh; Intel Mac OS X 10_15_7) AppleWebKit/537.36 (KHTML, like Gecko) Chrome/133.0.0.0 Safari/537.36"
20.171.207.167 - - [20/Jul/2025:05:45:54 +0000] "GET /goods/357322750.shtml HTTP/1.1" 404 12924 "-" "Mozilla/5.0 AppleWebKit/537.36 (KHTML, like Gecko; compatible; GPTBot/1.2; +https://openai.com/gptbot)"
195.2.78.89 - - [20/Jul/2025:05:45:54 +0000] "GET /tattoo-model-michael-rea/?replytocom=4 HTTP/1.1" 200 18878 "-" "Mozilla/5.0 (Macintosh; Intel Mac OS X 10_15_7) AppleWebKit/537.36 (KHTML, like Gecko) Chrome/133.0.0.0 Safari/537.36"
195.2.78.89 - - [20/Jul/2025:05:45:55 +0000] "GET /tattoo-model-michael-rea/ HTTP/1.1" 200 18861 "-" "Mozilla/5.0 (Macintosh; Intel Mac OS X 10_15_7) AppleWebKit/537.36 (KHTML, like Gecko) Chrome/133.0.0.0 Safari/537.36"
20.171.207.167 - - [20/Jul/2025:05:45:56 +0000] "GET /goods/357348306.shtml HTTP/1.1" 404 12924 "-" "Mozilla/5.0 AppleWebKit/537.36 (KHTML, like Gecko; compatible; GPTBot/1.2; +https://openai.com/gptbot)"
195.2.78.89 - - [20/Jul/2025:05:45:57 +0000] "GET /tattoo-model-michael-rea/ HTTP/1.1" 200 18861 "-" "Mozilla/5.0 (Macintosh; Intel Mac OS X 10_15_7) AppleWebKit/537.36 (KHTML, like Gecko) Chrome/133.0.0.0 Safari/537.36"
20.171.207.167 - - [20/Jul/2025:05:45:59 +0000] "GET /goods/195658114.shtml HTTP/1.1" 404 12924 "-" "Mozilla/5.0 AppleWebKit/537.36 (KHTML, like Gecko; compatible; GPTBot/1.2; +https://openai.com/gptbot)"
20.171.207.167 - - [20/Jul/2025:05:46:02 +0000] "GET /goods/195540994.shtml HTTP/1.1" 404 12924 "-" "Mozilla/5.0 AppleWebKit/537.36 (KHTML, like Gecko; compatible; GPTBot/1.2; +https://openai.com/gptbot)"
20.171.207.167 - - [20/Jul/2025:05:46:05 +0000] "GET /goods/357233694.shtml HTTP/1.1" 404 12924 "-" "Mozilla/5.0 AppleWebKit/537.36 (KHTML, like Gecko; compatible; GPTBot/1.2; +https://openai.com/gptbot)"
