66.249.79.171 - - [20/Jul/2025:01:06:07 +0000] "GET /?h=4706029001600&mod=75df6360&uri=news.php%3Fid%3D157068-33%26name%3Dbmw+x5+row+suv HTTP/1.1" 200 18359 "-" "Mozilla/5.0 (Linux; Android 6.0.1; Nexus 5X Build/MMB29P) AppleWebKit/537.36 (KHTML, like Gecko) Chrome/137.0.7151.103 Mobile Safari/537.36 (compatible; Googlebot/2.1; +http://www.google.com/bot.html)"
209.74.77.214 - - [20/Jul/2025:01:07:15 +0000] "POST /wp-cron.php?doing_wp_cron=1752973635.3137099742889404296875 HTTP/1.1" 200 - "-" "WordPress/6.8.2; https://sergio-cuchi.tattoo"
57.141.2.30 - - [20/Jul/2025:01:07:13 +0000] "GET /?h=26745505051600& HTTP/1.1" 301 - "-" "meta-externalagent/1.1 (+https://developers.facebook.com/docs/sharing/webmasters/crawler)"
57.141.2.27 - - [20/Jul/2025:01:07:26 +0000] "GET /?h=26745505051600 HTTP/1.1" 200 97956 "-" "meta-externalagent/1.1 (+https://developers.facebook.com/docs/sharing/webmasters/crawler)"
216.73.216.254 - - [20/Jul/2025:01:10:14 +0000] "GET /sitemap.xml HTTP/1.1" 200 4188 "-" "Mozilla/5.0 AppleWebKit/537.36 (KHTML, like Gecko; compatible; ClaudeBot/1.0; [email protected])"
209.74.77.214 - - [20/Jul/2025:01:11:04 +0000] "POST /wp-cron.php?doing_wp_cron=1752973864.0889790058135986328125 HTTP/1.1" 200 - "-" "WordPress/6.8.2; https://sergio-cuchi.tattoo"
57.141.2.11 - - [20/Jul/2025:01:11:01 +0000] "GET /?h=11523096051600& HTTP/1.1" 301 - "-" "meta-externalagent/1.1 (+https://developers.facebook.com/docs/sharing/webmasters/crawler)"
209.74.77.214 - - [20/Jul/2025:01:15:30 +0000] "POST /wp-cron.php?doing_wp_cron=1752974130.5142199993133544921875 HTTP/1.1" 200 - "-" "WordPress/6.8.2; https://sergio-cuchi.tattoo"
57.141.2.29 - - [20/Jul/2025:01:15:28 +0000] "GET /?h=103257064011600& HTTP/1.1" 301 - "-" "meta-externalagent/1.1 (+https://developers.facebook.com/docs/sharing/webmasters/crawler)"
209.74.77.214 - - [20/Jul/2025:01:18:21 +0000] "POST /wp-cron.php?doing_wp_cron=1752974301.0206511020660400390625 HTTP/1.1" 200 - "-" "WordPress/6.8.2; https://sergio-cuchi.tattoo"
57.141.2.19 - - [20/Jul/2025:01:18:19 +0000] "GET /?h=42192467081600& HTTP/1.1" 301 - "-" "meta-externalagent/1.1 (+https://developers.facebook.com/docs/sharing/webmasters/crawler)"
66.249.79.172 - - [20/Jul/2025:01:19:45 +0000] "GET /?h=6349930011600&mod=f6a539e9&uri=us.php? HTTP/1.1" 200 19331 "-" "Mozilla/5.0 (Linux; Android 6.0.1; Nexus 5X Build/MMB29P) AppleWebKit/537.36 (KHTML, like Gecko) Chrome/137.0.7151.103 Mobile Safari/537.36 (compatible; Googlebot/2.1; +http://www.google.com/bot.html)"
66.249.79.170 - - [20/Jul/2025:01:19:48 +0000] "POST /get-message-notify HTTP/1.1" 200 18154 "https://sergio-cuchi.tattoo/?h=6349930011600&mod=f6a539e9&uri=us.php?" "Mozilla/5.0 (Linux; Android 6.0.1; Nexus 5X Build/MMB29P) AppleWebKit/537.36 (KHTML, like Gecko) Chrome/137.0.7151.119 Mobile Safari/537.36 (compatible; Googlebot/2.1; +http://www.google.com/bot.html)"
209.74.77.214 - - [20/Jul/2025:01:20:07 +0000] "POST /wp-cron.php?doing_wp_cron=1752974407.4295339584350585937500 HTTP/1.1" 200 - "-" "WordPress/6.8.2; https://sergio-cuchi.tattoo"
162.142.125.197 - - [20/Jul/2025:01:20:05 +0000] "GET / HTTP/1.1" 301 - "-" "Mozilla/5.0 (compatible; CensysInspect/1.1; +https://about.censys.io/)"
209.74.77.214 - - [20/Jul/2025:01:20:32 +0000] "POST /wp-cron.php?doing_wp_cron=1752974432.1760909557342529296875 HTTP/1.1" 200 - "-" "WordPress/6.8.2; https://sergio-cuchi.tattoo"
57.141.2.28 - - [20/Jul/2025:01:20:31 +0000] "GET /?h=90763873111600& HTTP/1.1" 301 - "-" "meta-externalagent/1.1 (+https://developers.facebook.com/docs/sharing/webmasters/crawler)"
162.142.125.197 - - [20/Jul/2025:01:20:38 +0000] "GET / HTTP/1.1" 200 16281 "-" "Mozilla/5.0 (compatible; CensysInspect/1.1; +https://about.censys.io/)"
162.142.125.197 - - [20/Jul/2025:01:20:57 +0000] "GET /wp-content/uploads/2025/01/cropped-android-chrome-512x512-1-32x32.png HTTP/1.1" 200 1294 "-" "Mozilla/5.0 (compatible; CensysInspect/1.1; +https://about.censys.io/)"
162.142.125.197 - - [20/Jul/2025:01:21:01 +0000] "GET /wp-content/uploads/2025/01/cropped-android-chrome-512x512-1-192x192.png HTTP/1.1" 200 21632 "-" "Mozilla/5.0 (compatible; CensysInspect/1.1; +https://about.censys.io/)"
162.142.125.197 - - [20/Jul/2025:01:21:05 +0000] "GET /wp-content/uploads/2025/01/cropped-android-chrome-512x512-1-180x180.png HTTP/1.1" 200 19964 "-" "Mozilla/5.0 (compatible; CensysInspect/1.1; +https://about.censys.io/)"
209.74.77.214 - - [20/Jul/2025:01:21:12 +0000] "POST /wp-cron.php?doing_wp_cron=1752974472.7686109542846679687500 HTTP/1.1" 200 - "-" "WordPress/6.8.2; https://sergio-cuchi.tattoo"
162.142.125.197 - - [20/Jul/2025:01:21:11 +0000] "GET /favicon.ico HTTP/1.1" 302 - "-" "Mozilla/5.0 (compatible; CensysInspect/1.1; +https://about.censys.io/)"
162.142.125.197 - - [20/Jul/2025:01:21:14 +0000] "GET /wp-content/uploads/2025/01/cropped-android-chrome-512x512-1-32x32.png HTTP/1.1" 200 1294 "https://sergio-cuchi.tattoo/favicon.ico" "Mozilla/5.0 (compatible; CensysInspect/1.1; +https://about.censys.io/)"
162.142.125.197 - - [20/Jul/2025:01:21:53 +0000] "GET /wiki HTTP/1.1" 404 12924 "-" "Mozilla/5.0 (compatible; CensysInspect/1.1; +https://about.censys.io/)"
209.74.77.214 - - [20/Jul/2025:01:22:45 +0000] "POST /wp-cron.php?doing_wp_cron=1752974565.5092260837554931640625 HTTP/1.1" 200 - "-" "WordPress/6.8.2; https://sergio-cuchi.tattoo"
57.141.2.20 - - [20/Jul/2025:01:22:43 +0000] "GET /?h=74343139051600& HTTP/1.1" 301 - "-" "meta-externalagent/1.1 (+https://developers.facebook.com/docs/sharing/webmasters/crawler)"
209.74.77.214 - - [20/Jul/2025:01:28:17 +0000] "POST /wp-cron.php?doing_wp_cron=1752974897.6723339557647705078125 HTTP/1.1" 200 - "-" "WordPress/6.8.2; https://sergio-cuchi.tattoo"
57.141.2.28 - - [20/Jul/2025:01:28:15 +0000] "GET /?h=118311598021600& HTTP/1.1" 301 - "-" "meta-externalagent/1.1 (+https://developers.facebook.com/docs/sharing/webmasters/crawler)"
57.141.2.3 - - [20/Jul/2025:01:28:22 +0000] "GET /?h=118311598021600 HTTP/1.1" 200 97960 "-" "meta-externalagent/1.1 (+https://developers.facebook.com/docs/sharing/webmasters/crawler)"
209.74.77.214 - - [20/Jul/2025:01:30:36 +0000] "POST /wp-cron.php?doing_wp_cron=1752975036.8541870117187500000000 HTTP/1.1" 200 - "-" "WordPress/6.8.2; https://sergio-cuchi.tattoo"
125.24.145.30 - - [20/Jul/2025:01:30:34 +0000] "POST /wp-comments-post.php HTTP/1.1" 302 - "-" "Mozilla/5.0 (Windows NT 10.0; Win64; x64) AppleWebKit/537.36 (KHTML, like Gecko) Chrome/120.0.0.0 Safari/537.36"
125.24.145.30 - - [20/Jul/2025:01:30:53 +0000] "POST /wp-comments-post.php HTTP/1.1" 302 - "-" "Mozilla/5.0 (Windows NT 10.0; Win64; x64) AppleWebKit/537.36 (KHTML, like Gecko) Chrome/120.0.0.0 Safari/537.36"
209.74.77.214 - - [20/Jul/2025:01:32:36 +0000] "POST /wp-cron.php?doing_wp_cron=1752975156.6914250850677490234375 HTTP/1.1" 200 - "-" "WordPress/6.8.2; https://sergio-cuchi.tattoo"
57.141.2.14 - - [20/Jul/2025:01:32:34 +0000] "GET /?h=71739809041600& HTTP/1.1" 301 - "-" "meta-externalagent/1.1 (+https://developers.facebook.com/docs/sharing/webmasters/crawler)"
209.74.77.214 - - [20/Jul/2025:01:37:02 +0000] "POST /wp-cron.php?doing_wp_cron=1752975422.1725211143493652343750 HTTP/1.1" 200 - "-" "WordPress/6.8.2; https://sergio-cuchi.tattoo"
57.141.2.19 - - [20/Jul/2025:01:37:00 +0000] "GET /?h=14449394031600& HTTP/1.1" 301 - "-" "meta-externalagent/1.1 (+https://developers.facebook.com/docs/sharing/webmasters/crawler)"
209.74.77.214 - - [20/Jul/2025:01:37:12 +0000] "POST /wp-cron.php?doing_wp_cron=1752975432.1168909072875976562500 HTTP/1.1" 200 - "-" "WordPress/6.8.2; https://sergio-cuchi.tattoo"
57.141.2.19 - - [20/Jul/2025:01:37:11 +0000] "GET /?h=14449394031600 HTTP/1.1" 200 97957 "-" "meta-externalagent/1.1 (+https://developers.facebook.com/docs/sharing/webmasters/crawler)"
209.74.77.214 - - [20/Jul/2025:01:38:39 +0000] "POST /wp-cron.php?doing_wp_cron=1752975519.0745689868927001953125 HTTP/1.1" 200 - "-" "WordPress/6.8.2; https://sergio-cuchi.tattoo"
57.141.2.27 - - [20/Jul/2025:01:38:37 +0000] "GET /?h=22484362011600& HTTP/1.1" 301 - "-" "meta-externalagent/1.1 (+https://developers.facebook.com/docs/sharing/webmasters/crawler)"
57.141.2.21 - - [20/Jul/2025:01:38:41 +0000] "GET /?h=19641241041600& HTTP/1.1" 301 - "-" "meta-externalagent/1.1 (+https://developers.facebook.com/docs/sharing/webmasters/crawler)"
209.74.77.214 - - [20/Jul/2025:01:40:46 +0000] "POST /wp-cron.php?doing_wp_cron=1752975646.9343369007110595703125 HTTP/1.1" 200 - "-" "WordPress/6.8.2; https://sergio-cuchi.tattoo"
57.141.2.20 - - [20/Jul/2025:01:40:45 +0000] "GET /?h=8165278001600& HTTP/1.1" 301 - "-" "meta-externalagent/1.1 (+https://developers.facebook.com/docs/sharing/webmasters/crawler)"
209.74.77.214 - - [20/Jul/2025:01:41:19 +0000] "POST /wp-cron.php?doing_wp_cron=1752975679.4193730354309082031250 HTTP/1.1" 200 - "-" "WordPress/6.8.2; https://sergio-cuchi.tattoo"
57.141.2.21 - - [20/Jul/2025:01:41:18 +0000] "GET /?h=58829103051600& HTTP/1.1" 301 - "-" "meta-externalagent/1.1 (+https://developers.facebook.com/docs/sharing/webmasters/crawler)"
57.141.2.23 - - [20/Jul/2025:01:41:37 +0000] "GET /?h=58829103051600 HTTP/1.1" 200 97956 "-" "meta-externalagent/1.1 (+https://developers.facebook.com/docs/sharing/webmasters/crawler)"
209.74.77.214 - - [20/Jul/2025:01:43:37 +0000] "POST /wp-cron.php?doing_wp_cron=1752975817.4254629611968994140625 HTTP/1.1" 200 - "-" "WordPress/6.8.2; https://sergio-cuchi.tattoo"
57.141.2.5 - - [20/Jul/2025:01:43:35 +0000] "GET /?h=44614566001600& HTTP/1.1" 301 - "-" "meta-externalagent/1.1 (+https://developers.facebook.com/docs/sharing/webmasters/crawler)"
199.45.155.78 - - [20/Jul/2025:01:43:38 +0000] "GET / HTTP/1.1" 301 - "-" "Mozilla/5.0 (compatible; CensysInspect/1.1; +https://about.censys.io/)"
199.45.155.78 - - [20/Jul/2025:01:43:53 +0000] "GET / HTTP/1.1" 200 16283 "-" "Mozilla/5.0 (compatible; CensysInspect/1.1; +https://about.censys.io/)"
199.45.155.78 - - [20/Jul/2025:01:43:55 +0000] "GET /wp-content/uploads/2025/01/cropped-android-chrome-512x512-1-32x32.png HTTP/1.1" 200 1294 "-" "Mozilla/5.0 (compatible; CensysInspect/1.1; +https://about.censys.io/)"
199.45.155.78 - - [20/Jul/2025:01:43:56 +0000] "GET /wp-content/uploads/2025/01/cropped-android-chrome-512x512-1-192x192.png HTTP/1.1" 200 21632 "-" "Mozilla/5.0 (compatible; CensysInspect/1.1; +https://about.censys.io/)"
199.45.155.78 - - [20/Jul/2025:01:43:57 +0000] "GET /wp-content/uploads/2025/01/cropped-android-chrome-512x512-1-180x180.png HTTP/1.1" 200 19964 "-" "Mozilla/5.0 (compatible; CensysInspect/1.1; +https://about.censys.io/)"
199.45.155.78 - - [20/Jul/2025:01:43:58 +0000] "GET /favicon.ico HTTP/1.1" 302 - "-" "Mozilla/5.0 (compatible; CensysInspect/1.1; +https://about.censys.io/)"
199.45.155.78 - - [20/Jul/2025:01:43:59 +0000] "GET /wp-content/uploads/2025/01/cropped-android-chrome-512x512-1-32x32.png HTTP/1.1" 200 1294 "https://sergio-cuchi.tattoo/favicon.ico" "Mozilla/5.0 (compatible; CensysInspect/1.1; +https://about.censys.io/)"
199.45.155.78 - - [20/Jul/2025:01:44:20 +0000] "GET /robots.txt HTTP/1.1" 200 209 "-" "Mozilla/5.0 (compatible; CensysInspect/1.1; +https://about.censys.io/)"
209.74.77.214 - - [20/Jul/2025:01:45:05 +0000] "POST /wp-cron.php?doing_wp_cron=1752975905.7605860233306884765625 HTTP/1.1" 200 - "-" "WordPress/6.8.2; https://sergio-cuchi.tattoo"
57.141.2.15 - - [20/Jul/2025:01:45:03 +0000] "GET /?h=83332599001600& HTTP/1.1" 301 - "-" "meta-externalagent/1.1 (+https://developers.facebook.com/docs/sharing/webmasters/crawler)"
209.74.77.214 - - [20/Jul/2025:01:46:14 +0000] "POST /wp-cron.php?doing_wp_cron=1752975974.8788690567016601562500 HTTP/1.1" 200 - "-" "WordPress/6.8.2; https://sergio-cuchi.tattoo"
85.215.154.81 - - [20/Jul/2025:01:46:14 +0000] "GET /style.php HTTP/1.1" 404 12830 "www.google.com" "Mozlila/5.0 (Linux; Android 7.0; SM-G892A Bulid/NRD90M; wv) AppleWebKit/537.36 (KHTML, like Gecko) Version/4.0 Chrome/60.0.3112.107 Moblie Safari/537.36"
209.74.77.214 - - [20/Jul/2025:01:50:52 +0000] "POST /wp-cron.php?doing_wp_cron=1752976252.0095880031585693359375 HTTP/1.1" 200 - "-" "WordPress/6.8.2; https://sergio-cuchi.tattoo"
57.141.2.24 - - [20/Jul/2025:01:50:50 +0000] "GET /?h=88573355051600& HTTP/1.1" 301 - "-" "meta-externalagent/1.1 (+https://developers.facebook.com/docs/sharing/webmasters/crawler)"
57.141.2.25 - - [20/Jul/2025:01:51:06 +0000] "GET /?h=88573355051600 HTTP/1.1" 200 97957 "-" "meta-externalagent/1.1 (+https://developers.facebook.com/docs/sharing/webmasters/crawler)"
209.74.77.214 - - [20/Jul/2025:01:53:12 +0000] "POST /wp-cron.php?doing_wp_cron=1752976392.6024000644683837890625 HTTP/1.1" 200 - "-" "WordPress/6.8.2; https://sergio-cuchi.tattoo"
57.141.2.24 - - [20/Jul/2025:01:53:10 +0000] "GET /?h=57818946031600& HTTP/1.1" 301 - "-" "meta-externalagent/1.1 (+https://developers.facebook.com/docs/sharing/webmasters/crawler)"
57.141.2.19 - - [20/Jul/2025:01:53:35 +0000] "GET /?h=57818946031600 HTTP/1.1" 200 97950 "-" "meta-externalagent/1.1 (+https://developers.facebook.com/docs/sharing/webmasters/crawler)"
209.74.77.214 - - [20/Jul/2025:01:54:49 +0000] "POST /wp-cron.php?doing_wp_cron=1752976489.4815719127655029296875 HTTP/1.1" 200 - "-" "WordPress/6.8.2; https://sergio-cuchi.tattoo"
167.94.145.97 - - [20/Jul/2025:01:54:47 +0000] "GET / HTTP/1.1" 301 - "-" "Mozilla/5.0 (compatible; CensysInspect/1.1; +https://about.censys.io/)"
167.94.145.97 - - [20/Jul/2025:01:55:04 +0000] "GET / HTTP/1.1" 200 16280 "-" "Mozilla/5.0 (compatible; CensysInspect/1.1; +https://about.censys.io/)"
167.94.145.97 - - [20/Jul/2025:01:55:06 +0000] "GET /wp-content/uploads/2025/01/cropped-android-chrome-512x512-1-32x32.png HTTP/1.1" 200 1294 "-" "Mozilla/5.0 (compatible; CensysInspect/1.1; +https://about.censys.io/)"
167.94.145.97 - - [20/Jul/2025:01:55:07 +0000] "GET /wp-content/uploads/2025/01/cropped-android-chrome-512x512-1-192x192.png HTTP/1.1" 200 21632 "-" "Mozilla/5.0 (compatible; CensysInspect/1.1; +https://about.censys.io/)"
167.94.145.97 - - [20/Jul/2025:01:55:08 +0000] "GET /wp-content/uploads/2025/01/cropped-android-chrome-512x512-1-180x180.png HTTP/1.1" 200 19964 "-" "Mozilla/5.0 (compatible; CensysInspect/1.1; +https://about.censys.io/)"
167.94.145.97 - - [20/Jul/2025:01:55:08 +0000] "GET /favicon.ico HTTP/1.1" 302 - "-" "Mozilla/5.0 (compatible; CensysInspect/1.1; +https://about.censys.io/)"
167.94.145.97 - - [20/Jul/2025:01:55:09 +0000] "GET /wp-content/uploads/2025/01/cropped-android-chrome-512x512-1-32x32.png HTTP/1.1" 200 1294 "https://sergio-cuchi.tattoo/favicon.ico" "Mozilla/5.0 (compatible; CensysInspect/1.1; +https://about.censys.io/)"
167.94.145.97 - - [20/Jul/2025:01:55:27 +0000] "GET /sitemap.xml HTTP/1.1" 200 4210 "-" "Mozilla/5.0 (compatible; CensysInspect/1.1; +https://about.censys.io/)"
66.249.73.72 - - [20/Jul/2025:01:59:41 +0000] "GET /goods/808685604.shtml HTTP/1.1" 200 18898 "-" "Mozilla/5.0 (Linux; Android 6.0.1; Nexus 5X Build/MMB29P) AppleWebKit/537.36 (KHTML, like Gecko) Chrome/137.0.7151.103 Mobile Safari/537.36 (compatible; Googlebot/2.1; +http://www.google.com/bot.html)"
185.191.171.11 - - [20/Jul/2025:02:00:10 +0000] "GET /robots.txt HTTP/1.1" 200 209 "-" "Mozilla/5.0 (compatible; SemrushBot/7~bl; +http://www.semrush.com/bot.html)"
209.74.77.214 - - [20/Jul/2025:02:00:12 +0000] "POST /wp-cron.php?doing_wp_cron=1752976812.5904929637908935546875 HTTP/1.1" 200 - "-" "WordPress/6.8.2; https://sergio-cuchi.tattoo"
85.208.96.207 - - [20/Jul/2025:02:00:10 +0000] "GET /faq/what-is-the-pain-level-for-a-piercing/ HTTP/1.1" 200 15843 "-" "Mozilla/5.0 (compatible; SemrushBot/7~bl; +http://www.semrush.com/bot.html)"
209.74.77.214 - - [20/Jul/2025:02:04:02 +0000] "POST /wp-cron.php?doing_wp_cron=1752977042.1698160171508789062500 HTTP/1.1" 200 - "-" "WordPress/6.8.2; https://sergio-cuchi.tattoo"
57.141.2.9 - - [20/Jul/2025:02:03:59 +0000] "GET /?h=23098110051600& HTTP/1.1" 301 - "-" "meta-externalagent/1.1 (+https://developers.facebook.com/docs/sharing/webmasters/crawler)"
209.74.77.214 - - [20/Jul/2025:02:06:28 +0000] "POST /wp-cron.php?doing_wp_cron=1752977188.6371250152587890625000 HTTP/1.1" 200 - "-" "WordPress/6.8.2; https://sergio-cuchi.tattoo"
57.141.2.13 - - [20/Jul/2025:02:06:26 +0000] "GET /?h=4362212021600& HTTP/1.1" 301 - "-" "meta-externalagent/1.1 (+https://developers.facebook.com/docs/sharing/webmasters/crawler)"
57.141.2.30 - - [20/Jul/2025:02:06:35 +0000] "GET /?h=4362212021600 HTTP/1.1" 200 97953 "-" "meta-externalagent/1.1 (+https://developers.facebook.com/docs/sharing/webmasters/crawler)"
216.73.216.254 - - [20/Jul/2025:02:06:47 +0000] "GET /robots.txt HTTP/1.1" 200 209 "-" "Mozilla/5.0 AppleWebKit/537.36 (KHTML, like Gecko; compatible; ClaudeBot/1.0; [email protected])"
216.73.216.254 - - [20/Jul/2025:02:06:47 +0000] "GET /goods/708702402.shtml HTTP/1.1" 404 12924 "-" "Mozilla/5.0 AppleWebKit/537.36 (KHTML, like Gecko; compatible; ClaudeBot/1.0; [email protected])"
216.73.216.254 - - [20/Jul/2025:02:06:48 +0000] "GET /goods/708996768.shtml HTTP/1.1" 404 12924 "-" "Mozilla/5.0 AppleWebKit/537.36 (KHTML, like Gecko; compatible; ClaudeBot/1.0; [email protected])"
216.73.216.254 - - [20/Jul/2025:02:06:48 +0000] "GET /goods/708794380.shtml HTTP/1.1" 404 12924 "-" "Mozilla/5.0 AppleWebKit/537.36 (KHTML, like Gecko; compatible; ClaudeBot/1.0; [email protected])"
216.73.216.254 - - [20/Jul/2025:02:06:48 +0000] "GET /goods/708551468.shtml HTTP/1.1" 404 12924 "-" "Mozilla/5.0 AppleWebKit/537.36 (KHTML, like Gecko; compatible; ClaudeBot/1.0; [email protected])"
216.73.216.254 - - [20/Jul/2025:02:06:48 +0000] "GET /goods/708693730.shtml HTTP/1.1" 404 12924 "-" "Mozilla/5.0 AppleWebKit/537.36 (KHTML, like Gecko; compatible; ClaudeBot/1.0; [email protected])"
216.73.216.254 - - [20/Jul/2025:02:06:48 +0000] "GET /goods/708777782.shtml HTTP/1.1" 404 12924 "-" "Mozilla/5.0 AppleWebKit/537.36 (KHTML, like Gecko; compatible; ClaudeBot/1.0; [email protected])"
216.73.216.254 - - [20/Jul/2025:02:06:49 +0000] "GET /goods/709040018.shtml HTTP/1.1" 404 12924 "-" "Mozilla/5.0 AppleWebKit/537.36 (KHTML, like Gecko; compatible; ClaudeBot/1.0; [email protected])"
216.73.216.254 - - [20/Jul/2025:02:06:49 +0000] "GET /goods/708539400.shtml HTTP/1.1" 404 12924 "-" "Mozilla/5.0 AppleWebKit/537.36 (KHTML, like Gecko; compatible; ClaudeBot/1.0; [email protected])"
216.73.216.254 - - [20/Jul/2025:02:06:49 +0000] "GET /goods/708771878.shtml HTTP/1.1" 404 12924 "-" "Mozilla/5.0 AppleWebKit/537.36 (KHTML, like Gecko; compatible; ClaudeBot/1.0; [email protected])"
216.73.216.254 - - [20/Jul/2025:02:06:49 +0000] "GET /goods/708923892.shtml HTTP/1.1" 404 12924 "-" "Mozilla/5.0 AppleWebKit/537.36 (KHTML, like Gecko; compatible; ClaudeBot/1.0; [email protected])"
216.73.216.254 - - [20/Jul/2025:02:06:49 +0000] "GET /goods/708532076.shtml HTTP/1.1" 404 12924 "-" "Mozilla/5.0 AppleWebKit/537.36 (KHTML, like Gecko; compatible; ClaudeBot/1.0; [email protected])"
216.73.216.254 - - [20/Jul/2025:02:06:49 +0000] "GET /goods/708794312.shtml HTTP/1.1" 404 12924 "-" "Mozilla/5.0 AppleWebKit/537.36 (KHTML, like Gecko; compatible; ClaudeBot/1.0; [email protected])"
216.73.216.254 - - [20/Jul/2025:02:06:50 +0000] "GET /goods/708640246.shtml HTTP/1.1" 404 12924 "-" "Mozilla/5.0 AppleWebKit/537.36 (KHTML, like Gecko; compatible; ClaudeBot/1.0; [email protected])"
216.73.216.254 - - [20/Jul/2025:02:06:50 +0000] "GET /goods/708577024.shtml HTTP/1.1" 404 12924 "-" "Mozilla/5.0 AppleWebKit/537.36 (KHTML, like Gecko; compatible; ClaudeBot/1.0; [email protected])"
216.73.216.254 - - [20/Jul/2025:02:06:50 +0000] "GET /goods/708540010.shtml HTTP/1.1" 404 12924 "-" "Mozilla/5.0 AppleWebKit/537.36 (KHTML, like Gecko; compatible; ClaudeBot/1.0; [email protected])"
216.73.216.254 - - [20/Jul/2025:02:06:50 +0000] "GET /goods/708658546.shtml HTTP/1.1" 404 12924 "-" "Mozilla/5.0 AppleWebKit/537.36 (KHTML, like Gecko; compatible; ClaudeBot/1.0; [email protected])"
216.73.216.254 - - [20/Jul/2025:02:06:50 +0000] "GET /goods/709067592.shtml HTTP/1.1" 404 12924 "-" "Mozilla/5.0 AppleWebKit/537.36 (KHTML, like Gecko; compatible; ClaudeBot/1.0; [email protected])"
216.73.216.254 - - [20/Jul/2025:02:06:50 +0000] "GET /goods/708740090.shtml HTTP/1.1" 404 12924 "-" "Mozilla/5.0 AppleWebKit/537.36 (KHTML, like Gecko; compatible; ClaudeBot/1.0; [email protected])"
216.73.216.254 - - [20/Jul/2025:02:06:50 +0000] "GET /goods/708797430.shtml HTTP/1.1" 404 12924 "-" "Mozilla/5.0 AppleWebKit/537.36 (KHTML, like Gecko; compatible; ClaudeBot/1.0; [email protected])"
216.73.216.254 - - [20/Jul/2025:02:06:51 +0000] "GET /goods/708977376.shtml HTTP/1.1" 404 12924 "-" "Mozilla/5.0 AppleWebKit/537.36 (KHTML, like Gecko; compatible; ClaudeBot/1.0; [email protected])"
216.73.216.254 - - [20/Jul/2025:02:06:51 +0000] "GET /goods/708959076.shtml HTTP/1.1" 404 12924 "-" "Mozilla/5.0 AppleWebKit/537.36 (KHTML, like Gecko; compatible; ClaudeBot/1.0; [email protected])"
216.73.216.254 - - [20/Jul/2025:02:06:51 +0000] "GET /goods/708687566.shtml HTTP/1.1" 404 12924 "-" "Mozilla/5.0 AppleWebKit/537.36 (KHTML, like Gecko; compatible; ClaudeBot/1.0; [email protected])"
216.73.216.254 - - [20/Jul/2025:02:06:51 +0000] "GET /goods/708771200.shtml HTTP/1.1" 404 12924 "-" "Mozilla/5.0 AppleWebKit/537.36 (KHTML, like Gecko; compatible; ClaudeBot/1.0; [email protected])"
216.73.216.254 - - [20/Jul/2025:02:06:51 +0000] "GET /goods/708924246.shtml HTTP/1.1" 404 12924 "-" "Mozilla/5.0 AppleWebKit/537.36 (KHTML, like Gecko; compatible; ClaudeBot/1.0; [email protected])"
216.73.216.254 - - [20/Jul/2025:02:06:51 +0000] "GET /goods/708657130.shtml HTTP/1.1" 404 12924 "-" "Mozilla/5.0 AppleWebKit/537.36 (KHTML, like Gecko; compatible; ClaudeBot/1.0; [email protected])"
216.73.216.254 - - [20/Jul/2025:02:06:51 +0000] "GET /goods/708808218.shtml HTTP/1.1" 404 12924 "-" "Mozilla/5.0 AppleWebKit/537.36 (KHTML, like Gecko; compatible; ClaudeBot/1.0; [email protected])"
216.73.216.254 - - [20/Jul/2025:02:06:51 +0000] "GET /goods/708954328.shtml HTTP/1.1" 404 12924 "-" "Mozilla/5.0 AppleWebKit/537.36 (KHTML, like Gecko; compatible; ClaudeBot/1.0; [email protected])"
216.73.216.254 - - [20/Jul/2025:02:06:51 +0000] "GET /goods/708889668.shtml HTTP/1.1" 404 12924 "-" "Mozilla/5.0 AppleWebKit/537.36 (KHTML, like Gecko; compatible; ClaudeBot/1.0; [email protected])"
216.73.216.254 - - [20/Jul/2025:02:06:52 +0000] "GET /goods/708654080.shtml HTTP/1.1" 404 12924 "-" "Mozilla/5.0 AppleWebKit/537.36 (KHTML, like Gecko; compatible; ClaudeBot/1.0; [email protected])"
216.73.216.254 - - [20/Jul/2025:02:06:52 +0000] "GET /goods/709014722.shtml HTTP/1.1" 404 12924 "-" "Mozilla/5.0 AppleWebKit/537.36 (KHTML, like Gecko; compatible; ClaudeBot/1.0; [email protected])"
216.73.216.254 - - [20/Jul/2025:02:06:52 +0000] "GET /goods/708952912.shtml HTTP/1.1" 404 12924 "-" "Mozilla/5.0 AppleWebKit/537.36 (KHTML, like Gecko; compatible; ClaudeBot/1.0; [email protected])"
216.73.216.254 - - [20/Jul/2025:02:06:52 +0000] "GET /goods/708889344.shtml HTTP/1.1" 404 12924 "-" "Mozilla/5.0 AppleWebKit/537.36 (KHTML, like Gecko; compatible; ClaudeBot/1.0; [email protected])"
209.74.77.214 - - [20/Jul/2025:02:07:38 +0000] "POST /wp-cron.php?doing_wp_cron=1752977258.4535100460052490234375 HTTP/1.1" 200 - "-" "WordPress/6.8.2; https://sergio-cuchi.tattoo"
57.141.2.13 - - [20/Jul/2025:02:07:36 +0000] "GET /?h=64526416021600& HTTP/1.1" 301 - "-" "meta-externalagent/1.1 (+https://developers.facebook.com/docs/sharing/webmasters/crawler)"
57.141.2.26 - - [20/Jul/2025:02:07:41 +0000] "GET /?h=15652755061600& HTTP/1.1" 301 - "-" "meta-externalagent/1.1 (+https://developers.facebook.com/docs/sharing/webmasters/crawler)"
216.73.216.254 - - [20/Jul/2025:02:07:47 +0000] "GET /goods/708803338.shtml HTTP/1.1" 404 12924 "-" "Mozilla/5.0 AppleWebKit/537.36 (KHTML, like Gecko; compatible; ClaudeBot/1.0; [email protected])"
216.73.216.254 - - [20/Jul/2025:02:07:47 +0000] "GET /goods/709017832.shtml HTTP/1.1" 404 12924 "-" "Mozilla/5.0 AppleWebKit/537.36 (KHTML, like Gecko; compatible; ClaudeBot/1.0; [email protected])"
216.73.216.254 - - [20/Jul/2025:02:07:47 +0000] "GET /goods/708557632.shtml HTTP/1.1" 404 12924 "-" "Mozilla/5.0 AppleWebKit/537.36 (KHTML, like Gecko; compatible; ClaudeBot/1.0; [email protected])"
216.73.216.254 - - [20/Jul/2025:02:07:48 +0000] "GET /goods/708589416.shtml HTTP/1.1" 404 12924 "-" "Mozilla/5.0 AppleWebKit/537.36 (KHTML, like Gecko; compatible; ClaudeBot/1.0; [email protected])"
216.73.216.254 - - [20/Jul/2025:02:07:48 +0000] "GET /goods/708696584.shtml HTTP/1.1" 404 12924 "-" "Mozilla/5.0 AppleWebKit/537.36 (KHTML, like Gecko; compatible; ClaudeBot/1.0; [email protected])"
216.73.216.254 - - [20/Jul/2025:02:07:48 +0000] "GET /goods/708669266.shtml HTTP/1.1" 404 12924 "-" "Mozilla/5.0 AppleWebKit/537.36 (KHTML, like Gecko; compatible; ClaudeBot/1.0; [email protected])"
216.73.216.254 - - [20/Jul/2025:02:07:48 +0000] "GET /goods/708587722.shtml HTTP/1.1" 404 12924 "-" "Mozilla/5.0 AppleWebKit/537.36 (KHTML, like Gecko; compatible; ClaudeBot/1.0; [email protected])"
216.73.216.254 - - [20/Jul/2025:02:07:48 +0000] "GET /goods/708802246.shtml HTTP/1.1" 404 12924 "-" "Mozilla/5.0 AppleWebKit/537.36 (KHTML, like Gecko; compatible; ClaudeBot/1.0; [email protected])"
216.73.216.254 - - [20/Jul/2025:02:07:48 +0000] "GET /goods/708659984.shtml HTTP/1.1" 404 12924 "-" "Mozilla/5.0 AppleWebKit/537.36 (KHTML, like Gecko; compatible; ClaudeBot/1.0; [email protected])"
216.73.216.254 - - [20/Jul/2025:02:07:48 +0000] "GET /goods/708685864.shtml HTTP/1.1" 404 12924 "-" "Mozilla/5.0 AppleWebKit/537.36 (KHTML, like Gecko; compatible; ClaudeBot/1.0; [email protected])"
216.73.216.254 - - [20/Jul/2025:02:07:48 +0000] "GET /goods/708651636.shtml HTTP/1.1" 404 12924 "-" "Mozilla/5.0 AppleWebKit/537.36 (KHTML, like Gecko; compatible; ClaudeBot/1.0; [email protected])"
216.73.216.254 - - [20/Jul/2025:02:07:48 +0000] "GET /goods/709034114.shtml HTTP/1.1" 404 12924 "-" "Mozilla/5.0 AppleWebKit/537.36 (KHTML, like Gecko; compatible; ClaudeBot/1.0; [email protected])"
216.73.216.254 - - [20/Jul/2025:02:07:48 +0000] "GET /goods/708573624.shtml HTTP/1.1" 404 12924 "-" "Mozilla/5.0 AppleWebKit/537.36 (KHTML, like Gecko; compatible; ClaudeBot/1.0; [email protected])"
216.73.216.254 - - [20/Jul/2025:02:07:48 +0000] "GET /goods/708652382.shtml HTTP/1.1" 404 12924 "-" "Mozilla/5.0 AppleWebKit/537.36 (KHTML, like Gecko; compatible; ClaudeBot/1.0; [email protected])"
216.73.216.254 - - [20/Jul/2025:02:07:48 +0000] "GET /goods/708794990.shtml HTTP/1.1" 404 12924 "-" "Mozilla/5.0 AppleWebKit/537.36 (KHTML, like Gecko; compatible; ClaudeBot/1.0; [email protected])"
216.73.216.254 - - [20/Jul/2025:02:07:48 +0000] "GET /goods/708676846.shtml HTTP/1.1" 404 12924 "-" "Mozilla/5.0 AppleWebKit/537.36 (KHTML, like Gecko; compatible; ClaudeBot/1.0; [email protected])"
216.73.216.254 - - [20/Jul/2025:02:07:48 +0000] "GET /goods/708547266.shtml HTTP/1.1" 404 12924 "-" "Mozilla/5.0 AppleWebKit/537.36 (KHTML, like Gecko; compatible; ClaudeBot/1.0; [email protected])"
216.73.216.254 - - [20/Jul/2025:02:07:49 +0000] "GET /goods/708993722.shtml HTTP/1.1" 404 12924 "-" "Mozilla/5.0 AppleWebKit/537.36 (KHTML, like Gecko; compatible; ClaudeBot/1.0; [email protected])"
216.73.216.254 - - [20/Jul/2025:02:07:49 +0000] "GET /goods/708792964.shtml HTTP/1.1" 404 12924 "-" "Mozilla/5.0 AppleWebKit/537.36 (KHTML, like Gecko; compatible; ClaudeBot/1.0; [email protected])"
216.73.216.254 - - [20/Jul/2025:02:07:49 +0000] "GET /goods/709073564.shtml HTTP/1.1" 404 12924 "-" "Mozilla/5.0 AppleWebKit/537.36 (KHTML, like Gecko; compatible; ClaudeBot/1.0; [email protected])"
216.73.216.254 - - [20/Jul/2025:02:07:49 +0000] "GET /goods/708656520.shtml HTTP/1.1" 404 12924 "-" "Mozilla/5.0 AppleWebKit/537.36 (KHTML, like Gecko; compatible; ClaudeBot/1.0; [email protected])"
216.73.216.254 - - [20/Jul/2025:02:07:49 +0000] "GET /goods/708972628.shtml HTTP/1.1" 404 12924 "-" "Mozilla/5.0 AppleWebKit/537.36 (KHTML, like Gecko; compatible; ClaudeBot/1.0; [email protected])"
216.73.216.254 - - [20/Jul/2025:02:07:49 +0000] "GET /goods/708996422.shtml HTTP/1.1" 404 12924 "-" "Mozilla/5.0 AppleWebKit/537.36 (KHTML, like Gecko; compatible; ClaudeBot/1.0; [email protected])"
216.73.216.254 - - [20/Jul/2025:02:07:49 +0000] "GET /goods/708684448.shtml HTTP/1.1" 404 12924 "-" "Mozilla/5.0 AppleWebKit/537.36 (KHTML, like Gecko; compatible; ClaudeBot/1.0; [email protected])"
216.73.216.254 - - [20/Jul/2025:02:07:49 +0000] "GET /goods/708798846.shtml HTTP/1.1" 404 12924 "-" "Mozilla/5.0 AppleWebKit/537.36 (KHTML, like Gecko; compatible; ClaudeBot/1.0; [email protected])"
216.73.216.254 - - [20/Jul/2025:02:07:49 +0000] "GET /goods/708546912.shtml HTTP/1.1" 404 12924 "-" "Mozilla/5.0 AppleWebKit/537.36 (KHTML, like Gecko; compatible; ClaudeBot/1.0; [email protected])"
216.73.216.254 - - [20/Jul/2025:02:07:49 +0000] "GET /goods/708974330.shtml HTTP/1.1" 404 12924 "-" "Mozilla/5.0 AppleWebKit/537.36 (KHTML, like Gecko; compatible; ClaudeBot/1.0; [email protected])"
216.73.216.254 - - [20/Jul/2025:02:07:50 +0000] "GET /goods/708607114.shtml HTTP/1.1" 404 12924 "-" "Mozilla/5.0 AppleWebKit/537.36 (KHTML, like Gecko; compatible; ClaudeBot/1.0; [email protected])"
216.73.216.254 - - [20/Jul/2025:02:07:50 +0000] "GET /goods/708744552.shtml HTTP/1.1" 404 12924 "-" "Mozilla/5.0 AppleWebKit/537.36 (KHTML, like Gecko; compatible; ClaudeBot/1.0; [email protected])"
216.73.216.254 - - [20/Jul/2025:02:07:50 +0000] "GET /goods/708563604.shtml HTTP/1.1" 404 12924 "-" "Mozilla/5.0 AppleWebKit/537.36 (KHTML, like Gecko; compatible; ClaudeBot/1.0; [email protected])"
216.73.216.254 - - [20/Jul/2025:02:07:50 +0000] "GET /goods/708763944.shtml HTTP/1.1" 404 12924 "-" "Mozilla/5.0 AppleWebKit/537.36 (KHTML, like Gecko; compatible; ClaudeBot/1.0; [email protected])"
216.73.216.254 - - [20/Jul/2025:02:07:50 +0000] "GET /goods/708651034.shtml HTTP/1.1" 404 12924 "-" "Mozilla/5.0 AppleWebKit/537.36 (KHTML, like Gecko; compatible; ClaudeBot/1.0; [email protected])"
209.74.77.214 - - [20/Jul/2025:02:09:04 +0000] "POST /wp-cron.php?doing_wp_cron=1752977344.4604210853576660156250 HTTP/1.1" 200 - "-" "WordPress/6.8.2; https://sergio-cuchi.tattoo"
216.73.216.254 - - [20/Jul/2025:02:09:03 +0000] "GET /goods/708997514.shtml HTTP/1.1" 404 12924 "-" "Mozilla/5.0 AppleWebKit/537.36 (KHTML, like Gecko; compatible; ClaudeBot/1.0; [email protected])"
216.73.216.254 - - [20/Jul/2025:02:09:02 +0000] "GET /goods/708846166.shtml HTTP/1.1" 404 12924 "-" "Mozilla/5.0 AppleWebKit/537.36 (KHTML, like Gecko; compatible; ClaudeBot/1.0; [email protected])"
216.73.216.254 - - [20/Jul/2025:02:09:02 +0000] "GET /goods/709003742.shtml HTTP/1.1" 404 12924 "-" "Mozilla/5.0 AppleWebKit/537.36 (KHTML, like Gecko; compatible; ClaudeBot/1.0; [email protected])"
216.73.216.254 - - [20/Jul/2025:02:09:03 +0000] "GET /goods/708602968.shtml HTTP/1.1" 404 12924 "-" "Mozilla/5.0 AppleWebKit/537.36 (KHTML, like Gecko; compatible; ClaudeBot/1.0; [email protected])"
216.73.216.254 - - [20/Jul/2025:02:09:03 +0000] "GET /goods/708751808.shtml HTTP/1.1" 404 12924 "-" "Mozilla/5.0 AppleWebKit/537.36 (KHTML, like Gecko; compatible; ClaudeBot/1.0; [email protected])"
216.73.216.254 - - [20/Jul/2025:02:09:02 +0000] "GET /goods/708569768.shtml HTTP/1.1" 404 12924 "-" "Mozilla/5.0 AppleWebKit/537.36 (KHTML, like Gecko; compatible; ClaudeBot/1.0; [email protected])"
216.73.216.254 - - [20/Jul/2025:02:09:03 +0000] "GET /goods/708681402.shtml HTTP/1.1" 404 12924 "-" "Mozilla/5.0 AppleWebKit/537.36 (KHTML, like Gecko; compatible; ClaudeBot/1.0; [email protected])"
216.73.216.254 - - [20/Jul/2025:02:09:03 +0000] "GET /goods/708947008.shtml HTTP/1.1" 404 12924 "-" "Mozilla/5.0 AppleWebKit/537.36 (KHTML, like Gecko; compatible; ClaudeBot/1.0; [email protected])"
216.73.216.254 - - [20/Jul/2025:02:09:03 +0000] "GET /goods/708771810.shtml HTTP/1.1" 404 12924 "-" "Mozilla/5.0 AppleWebKit/537.36 (KHTML, like Gecko; compatible; ClaudeBot/1.0; [email protected])"
216.73.216.254 - - [20/Jul/2025:02:09:03 +0000] "GET /goods/709045090.shtml HTTP/1.1" 404 12924 "-" "Mozilla/5.0 AppleWebKit/537.36 (KHTML, like Gecko; compatible; ClaudeBot/1.0; [email protected])"
216.73.216.254 - - [20/Jul/2025:02:09:04 +0000] "GET /goods/708702142.shtml HTTP/1.1" 404 12924 "-" "Mozilla/5.0 AppleWebKit/537.36 (KHTML, like Gecko; compatible; ClaudeBot/1.0; [email protected])"
216.73.216.254 - - [20/Jul/2025:02:09:04 +0000] "GET /goods/708682754.shtml HTTP/1.1" 404 12924 "-" "Mozilla/5.0 AppleWebKit/537.36 (KHTML, like Gecko; compatible; ClaudeBot/1.0; [email protected])"
216.73.216.254 - - [20/Jul/2025:02:09:05 +0000] "GET /goods/708783946.shtml HTTP/1.1" 404 12924 "-" "Mozilla/5.0 AppleWebKit/537.36 (KHTML, like Gecko; compatible; ClaudeBot/1.0; [email protected])"
216.73.216.254 - - [20/Jul/2025:02:09:05 +0000] "GET /goods/708685796.shtml HTTP/1.1" 404 12924 "-" "Mozilla/5.0 AppleWebKit/537.36 (KHTML, like Gecko; compatible; ClaudeBot/1.0; [email protected])"
216.73.216.254 - - [20/Jul/2025:02:09:05 +0000] "GET /goods/708791872.shtml HTTP/1.1" 404 12924 "-" "Mozilla/5.0 AppleWebKit/537.36 (KHTML, like Gecko; compatible; ClaudeBot/1.0; [email protected])"
216.73.216.254 - - [20/Jul/2025:02:09:05 +0000] "GET /goods/709046852.shtml HTTP/1.1" 404 12924 "-" "Mozilla/5.0 AppleWebKit/537.36 (KHTML, like Gecko; compatible; ClaudeBot/1.0; [email protected])"
216.73.216.254 - - [20/Jul/2025:02:09:05 +0000] "GET /goods/708779544.shtml HTTP/1.1" 404 12924 "-" "Mozilla/5.0 AppleWebKit/537.36 (KHTML, like Gecko; compatible; ClaudeBot/1.0; [email protected])"
216.73.216.254 - - [20/Jul/2025:02:09:05 +0000] "GET /goods/708796820.shtml HTTP/1.1" 404 12924 "-" "Mozilla/5.0 AppleWebKit/537.36 (KHTML, like Gecko; compatible; ClaudeBot/1.0; [email protected])"
216.73.216.254 - - [20/Jul/2025:02:09:05 +0000] "GET /goods/709005440.shtml HTTP/1.1" 404 12924 "-" "Mozilla/5.0 AppleWebKit/537.36 (KHTML, like Gecko; compatible; ClaudeBot/1.0; [email protected])"
216.73.216.254 - - [20/Jul/2025:02:09:06 +0000] "GET /sitemap.xml HTTP/1.1" 200 4205 "-" "Mozilla/5.0 AppleWebKit/537.36 (KHTML, like Gecko; compatible; ClaudeBot/1.0; [email protected])"
216.73.216.254 - - [20/Jul/2025:02:09:05 +0000] "GET /goods/708692092.shtml HTTP/1.1" 404 12924 "-" "Mozilla/5.0 AppleWebKit/537.36 (KHTML, like Gecko; compatible; ClaudeBot/1.0; [email protected])"
216.73.216.254 - - [20/Jul/2025:02:09:05 +0000] "GET /goods/708667564.shtml HTTP/1.1" 404 12924 "-" "Mozilla/5.0 AppleWebKit/537.36 (KHTML, like Gecko; compatible; ClaudeBot/1.0; [email protected])"
216.73.216.254 - - [20/Jul/2025:02:09:05 +0000] "GET /goods/709012022.shtml HTTP/1.1" 404 12924 "-" "Mozilla/5.0 AppleWebKit/537.36 (KHTML, like Gecko; compatible; ClaudeBot/1.0; [email protected])"
216.73.216.254 - - [20/Jul/2025:02:09:06 +0000] "GET /goods/708575586.shtml HTTP/1.1" 404 12924 "-" "Mozilla/5.0 AppleWebKit/537.36 (KHTML, like Gecko; compatible; ClaudeBot/1.0; [email protected])"
216.73.216.254 - - [20/Jul/2025:02:09:06 +0000] "GET /goods/708654076.shtml HTTP/1.1" 404 12924 "-" "Mozilla/5.0 AppleWebKit/537.36 (KHTML, like Gecko; compatible; ClaudeBot/1.0; [email protected])"
216.73.216.254 - - [20/Jul/2025:02:09:06 +0000] "GET /goods/708774664.shtml HTTP/1.1" 404 12924 "-" "Mozilla/5.0 AppleWebKit/537.36 (KHTML, like Gecko; compatible; ClaudeBot/1.0; [email protected])"
216.73.216.254 - - [20/Jul/2025:02:09:06 +0000] "GET /goods/708949802.shtml HTTP/1.1" 404 12924 "-" "Mozilla/5.0 AppleWebKit/537.36 (KHTML, like Gecko; compatible; ClaudeBot/1.0; [email protected])"
216.73.216.254 - - [20/Jul/2025:02:09:06 +0000] "GET /goods/708912110.shtml HTTP/1.1" 404 12924 "-" "Mozilla/5.0 AppleWebKit/537.36 (KHTML, like Gecko; compatible; ClaudeBot/1.0; [email protected])"
216.73.216.254 - - [20/Jul/2025:02:09:06 +0000] "GET /goods/708705512.shtml HTTP/1.1" 404 12924 "-" "Mozilla/5.0 AppleWebKit/537.36 (KHTML, like Gecko; compatible; ClaudeBot/1.0; [email protected])"
216.73.216.254 - - [20/Jul/2025:02:09:06 +0000] "GET /goods/708676522.shtml HTTP/1.1" 404 12924 "-" "Mozilla/5.0 AppleWebKit/537.36 (KHTML, like Gecko; compatible; ClaudeBot/1.0; [email protected])"
216.73.216.254 - - [20/Jul/2025:02:09:06 +0000] "GET /goods/708658892.shtml HTTP/1.1" 404 12924 "-" "Mozilla/5.0 AppleWebKit/537.36 (KHTML, like Gecko; compatible; ClaudeBot/1.0; [email protected])"
216.73.216.254 - - [20/Jul/2025:02:09:06 +0000] "GET /goods/709067246.shtml HTTP/1.1" 404 12924 "-" "Mozilla/5.0 AppleWebKit/537.36 (KHTML, like Gecko; compatible; ClaudeBot/1.0; [email protected])"
209.74.77.214 - - [20/Jul/2025:02:09:38 +0000] "POST /wp-cron.php?doing_wp_cron=1752977378.2030689716339111328125 HTTP/1.1" 200 - "-" "WordPress/6.8.2; https://sergio-cuchi.tattoo"
57.141.2.26 - - [20/Jul/2025:02:09:37 +0000] "GET /?h=99013660041600& HTTP/1.1" 301 - "-" "meta-externalagent/1.1 (+https://developers.facebook.com/docs/sharing/webmasters/crawler)"
209.74.77.214 - - [20/Jul/2025:02:10:25 +0000] "POST /wp-cron.php?doing_wp_cron=1752977425.1574900150299072265625 HTTP/1.1" 200 - "-" "WordPress/6.8.2; https://sergio-cuchi.tattoo"
216.73.216.254 - - [20/Jul/2025:02:10:23 +0000] "GET /goods/708545304.shtml HTTP/1.1" 404 12924 "-" "Mozilla/5.0 AppleWebKit/537.36 (KHTML, like Gecko; compatible; ClaudeBot/1.0; [email protected])"
216.73.216.254 - - [20/Jul/2025:02:10:23 +0000] "GET /goods/708585952.shtml HTTP/1.1" 404 12924 "-" "Mozilla/5.0 AppleWebKit/537.36 (KHTML, like Gecko; compatible; ClaudeBot/1.0; [email protected])"
216.73.216.254 - - [20/Jul/2025:02:10:24 +0000] "GET /goods/708785038.shtml HTTP/1.1" 404 12924 "-" "Mozilla/5.0 AppleWebKit/537.36 (KHTML, like Gecko; compatible; ClaudeBot/1.0; [email protected])"
216.73.216.254 - - [20/Jul/2025:02:10:24 +0000] "GET /goods/708967010.shtml HTTP/1.1" 404 12924 "-" "Mozilla/5.0 AppleWebKit/537.36 (KHTML, like Gecko; compatible; ClaudeBot/1.0; [email protected])"
216.73.216.254 - - [20/Jul/2025:02:10:24 +0000] "GET /goods/708609132.shtml HTTP/1.1" 404 12924 "-" "Mozilla/5.0 AppleWebKit/537.36 (KHTML, like Gecko; compatible; ClaudeBot/1.0; [email protected])"
216.73.216.254 - - [20/Jul/2025:02:10:24 +0000] "GET /goods/709012760.shtml HTTP/1.1" 404 12924 "-" "Mozilla/5.0 AppleWebKit/537.36 (KHTML, like Gecko; compatible; ClaudeBot/1.0; [email protected])"
216.73.216.254 - - [20/Jul/2025:02:10:24 +0000] "GET /goods/708551792.shtml HTTP/1.1" 404 12924 "-" "Mozilla/5.0 AppleWebKit/537.36 (KHTML, like Gecko; compatible; ClaudeBot/1.0; [email protected])"
216.73.216.254 - - [20/Jul/2025:02:10:24 +0000] "GET /goods/708761244.shtml HTTP/1.1" 404 12924 "-" "Mozilla/5.0 AppleWebKit/537.36 (KHTML, like Gecko; compatible; ClaudeBot/1.0; [email protected])"
216.73.216.254 - - [20/Jul/2025:02:10:23 +0000] "GET /goods/708624062.shtml HTTP/1.1" 404 12924 "-" "Mozilla/5.0 AppleWebKit/537.36 (KHTML, like Gecko; compatible; ClaudeBot/1.0; [email protected])"
216.73.216.254 - - [20/Jul/2025:02:10:24 +0000] "GET /goods/709007466.shtml HTTP/1.1" 404 12924 "-" "Mozilla/5.0 AppleWebKit/537.36 (KHTML, like Gecko; compatible; ClaudeBot/1.0; [email protected])"
216.73.216.254 - - [20/Jul/2025:02:10:25 +0000] "GET /goods/708731486.shtml HTTP/1.1" 404 12924 "-" "Mozilla/5.0 AppleWebKit/537.36 (KHTML, like Gecko; compatible; ClaudeBot/1.0; [email protected])"
216.73.216.254 - - [20/Jul/2025:02:10:25 +0000] "GET /goods/709043452.shtml HTTP/1.1" 404 12924 "-" "Mozilla/5.0 AppleWebKit/537.36 (KHTML, like Gecko; compatible; ClaudeBot/1.0; [email protected])"
216.73.216.254 - - [20/Jul/2025:02:10:25 +0000] "GET /goods/708834768.shtml HTTP/1.1" 404 12924 "-" "Mozilla/5.0 AppleWebKit/537.36 (KHTML, like Gecko; compatible; ClaudeBot/1.0; [email protected])"
216.73.216.254 - - [20/Jul/2025:02:10:25 +0000] "GET /goods/708643710.shtml HTTP/1.1" 404 12924 "-" "Mozilla/5.0 AppleWebKit/537.36 (KHTML, like Gecko; compatible; ClaudeBot/1.0; [email protected])"
216.73.216.254 - - [20/Jul/2025:02:10:25 +0000] "GET /goods/708968102.shtml HTTP/1.1" 404 12924 "-" "Mozilla/5.0 AppleWebKit/537.36 (KHTML, like Gecko; compatible; ClaudeBot/1.0; [email protected])"
216.73.216.254 - - [20/Jul/2025:02:10:26 +0000] "GET /goods/708562512.shtml HTTP/1.1" 404 12924 "-" "Mozilla/5.0 AppleWebKit/537.36 (KHTML, like Gecko; compatible; ClaudeBot/1.0; [email protected])"
216.73.216.254 - - [20/Jul/2025:02:10:26 +0000] "GET /goods/708954682.shtml HTTP/1.1" 404 12924 "-" "Mozilla/5.0 AppleWebKit/537.36 (KHTML, like Gecko; compatible; ClaudeBot/1.0; [email protected])"
216.73.216.254 - - [20/Jul/2025:02:10:26 +0000] "GET /goods/708560140.shtml HTTP/1.1" 404 12924 "-" "Mozilla/5.0 AppleWebKit/537.36 (KHTML, like Gecko; compatible; ClaudeBot/1.0; [email protected])"
216.73.216.254 - - [20/Jul/2025:02:10:26 +0000] "GET /goods/708839584.shtml HTTP/1.1" 404 12924 "-" "Mozilla/5.0 AppleWebKit/537.36 (KHTML, like Gecko; compatible; ClaudeBot/1.0; [email protected])"
216.73.216.254 - - [20/Jul/2025:02:10:26 +0000] "GET /goods/708928384.shtml HTTP/1.1" 404 12924 "-" "Mozilla/5.0 AppleWebKit/537.36 (KHTML, like Gecko; compatible; ClaudeBot/1.0; [email protected])"
216.73.216.254 - - [20/Jul/2025:02:10:26 +0000] "GET /goods/708927356.shtml HTTP/1.1" 404 12924 "-" "Mozilla/5.0 AppleWebKit/537.36 (KHTML, like Gecko; compatible; ClaudeBot/1.0; [email protected])"
216.73.216.254 - - [20/Jul/2025:02:10:26 +0000] "GET /goods/708659638.shtml HTTP/1.1" 404 12924 "-" "Mozilla/5.0 AppleWebKit/537.36 (KHTML, like Gecko; compatible; ClaudeBot/1.0; [email protected])"
216.73.216.254 - - [20/Jul/2025:02:10:26 +0000] "GET /goods/708591924.shtml HTTP/1.1" 404 12924 "-" "Mozilla/5.0 AppleWebKit/537.36 (KHTML, like Gecko; compatible; ClaudeBot/1.0; [email protected])"
216.73.216.254 - - [20/Jul/2025:02:10:26 +0000] "GET /goods/708892786.shtml HTTP/1.1" 404 12924 "-" "Mozilla/5.0 AppleWebKit/537.36 (KHTML, like Gecko; compatible; ClaudeBot/1.0; [email protected])"
216.73.216.254 - - [20/Jul/2025:02:10:26 +0000] "GET /goods/708963286.shtml HTTP/1.1" 404 12924 "-" "Mozilla/5.0 AppleWebKit/537.36 (KHTML, like Gecko; compatible; ClaudeBot/1.0; [email protected])"
216.73.216.254 - - [20/Jul/2025:02:10:27 +0000] "GET /goods/708687212.shtml HTTP/1.1" 404 12924 "-" "Mozilla/5.0 AppleWebKit/537.36 (KHTML, like Gecko; compatible; ClaudeBot/1.0; [email protected])"
216.73.216.254 - - [20/Jul/2025:02:10:27 +0000] "GET /goods/708762528.shtml HTTP/1.1" 404 12924 "-" "Mozilla/5.0 AppleWebKit/537.36 (KHTML, like Gecko; compatible; ClaudeBot/1.0; [email protected])"
216.73.216.254 - - [20/Jul/2025:02:10:27 +0000] "GET /goods/708590508.shtml HTTP/1.1" 404 12924 "-" "Mozilla/5.0 AppleWebKit/537.36 (KHTML, like Gecko; compatible; ClaudeBot/1.0; [email protected])"
216.73.216.254 - - [20/Jul/2025:02:10:27 +0000] "GET /goods/708907708.shtml HTTP/1.1" 404 12924 "-" "Mozilla/5.0 AppleWebKit/537.36 (KHTML, like Gecko; compatible; ClaudeBot/1.0; [email protected])"
216.73.216.254 - - [20/Jul/2025:02:10:27 +0000] "GET /goods/708957382.shtml HTTP/1.1" 404 12924 "-" "Mozilla/5.0 AppleWebKit/537.36 (KHTML, like Gecko; compatible; ClaudeBot/1.0; [email protected])"
216.73.216.254 - - [20/Jul/2025:02:10:27 +0000] "GET /goods/708682750.shtml HTTP/1.1" 404 12924 "-" "Mozilla/5.0 AppleWebKit/537.36 (KHTML, like Gecko; compatible; ClaudeBot/1.0; [email protected])"
199.45.155.73 - - [20/Jul/2025:02:11:28 +0000] "GET / HTTP/1.1" 200 16282 "-" "Mozilla/5.0 (compatible; CensysInspect/1.1; +https://about.censys.io/)"
199.45.155.73 - - [20/Jul/2025:02:11:30 +0000] "GET /wp-content/uploads/2025/01/cropped-android-chrome-512x512-1-32x32.png HTTP/1.1" 200 1294 "-" "Mozilla/5.0 (compatible; CensysInspect/1.1; +https://about.censys.io/)"
199.45.155.73 - - [20/Jul/2025:02:11:37 +0000] "GET /wp-content/uploads/2025/01/cropped-android-chrome-512x512-1-192x192.png HTTP/1.1" 200 21632 "-" "Mozilla/5.0 (compatible; CensysInspect/1.1; +https://about.censys.io/)"
199.45.155.73 - - [20/Jul/2025:02:11:39 +0000] "GET /wp-content/uploads/2025/01/cropped-android-chrome-512x512-1-180x180.png HTTP/1.1" 200 19964 "-" "Mozilla/5.0 (compatible; CensysInspect/1.1; +https://about.censys.io/)"
199.45.155.73 - - [20/Jul/2025:02:11:41 +0000] "GET /favicon.ico HTTP/1.1" 302 - "-" "Mozilla/5.0 (compatible; CensysInspect/1.1; +https://about.censys.io/)"
216.73.216.254 - - [20/Jul/2025:02:11:44 +0000] "GET /goods/708989166.shtml HTTP/1.1" 404 12924 "-" "Mozilla/5.0 AppleWebKit/537.36 (KHTML, like Gecko; compatible; ClaudeBot/1.0; [email protected])"
216.73.216.254 - - [20/Jul/2025:02:11:44 +0000] "GET /goods/708791202.shtml HTTP/1.1" 404 12924 "-" "Mozilla/5.0 AppleWebKit/537.36 (KHTML, like Gecko; compatible; ClaudeBot/1.0; [email protected])"
216.73.216.254 - - [20/Jul/2025:02:11:44 +0000] "GET /goods/708596672.shtml HTTP/1.1" 404 12924 "-" "Mozilla/5.0 AppleWebKit/537.36 (KHTML, like Gecko; compatible; ClaudeBot/1.0; [email protected])"
216.73.216.254 - - [20/Jul/2025:02:11:44 +0000] "GET /goods/708562166.shtml HTTP/1.1" 404 12924 "-" "Mozilla/5.0 AppleWebKit/537.36 (KHTML, like Gecko; compatible; ClaudeBot/1.0; [email protected])"
216.73.216.254 - - [20/Jul/2025:02:11:45 +0000] "GET /goods/708762852.shtml HTTP/1.1" 404 12924 "-" "Mozilla/5.0 AppleWebKit/537.36 (KHTML, like Gecko; compatible; ClaudeBot/1.0; [email protected])"
216.73.216.254 - - [20/Jul/2025:02:11:45 +0000] "GET /goods/708588814.shtml HTTP/1.1" 404 12924 "-" "Mozilla/5.0 AppleWebKit/537.36 (KHTML, like Gecko; compatible; ClaudeBot/1.0; [email protected])"
216.73.216.254 - - [20/Jul/2025:02:11:45 +0000] "GET /goods/708806448.shtml HTTP/1.1" 404 12924 "-" "Mozilla/5.0 AppleWebKit/537.36 (KHTML, like Gecko; compatible; ClaudeBot/1.0; [email protected])"
216.73.216.254 - - [20/Jul/2025:02:11:45 +0000] "GET /goods/708677938.shtml HTTP/1.1" 404 12924 "-" "Mozilla/5.0 AppleWebKit/537.36 (KHTML, like Gecko; compatible; ClaudeBot/1.0; [email protected])"
199.45.155.73 - - [20/Jul/2025:02:11:45 +0000] "GET /wp-content/uploads/2025/01/cropped-android-chrome-512x512-1-32x32.png HTTP/1.1" 200 1294 "https://sergio-cuchi.tattoo/favicon.ico" "Mozilla/5.0 (compatible; CensysInspect/1.1; +https://about.censys.io/)"
216.73.216.254 - - [20/Jul/2025:02:11:45 +0000] "GET /goods/708905946.shtml HTTP/1.1" 404 12924 "-" "Mozilla/5.0 AppleWebKit/537.36 (KHTML, like Gecko; compatible; ClaudeBot/1.0; [email protected])"
216.73.216.254 - - [20/Jul/2025:02:11:45 +0000] "GET /goods/708555938.shtml HTTP/1.1" 404 12924 "-" "Mozilla/5.0 AppleWebKit/537.36 (KHTML, like Gecko; compatible; ClaudeBot/1.0; [email protected])"
216.73.216.254 - - [20/Jul/2025:02:11:45 +0000] "GET /goods/709076618.shtml HTTP/1.1" 404 12924 "-" "Mozilla/5.0 AppleWebKit/537.36 (KHTML, like Gecko; compatible; ClaudeBot/1.0; [email protected])"
216.73.216.254 - - [20/Jul/2025:02:11:45 +0000] "GET /goods/708795728.shtml HTTP/1.1" 404 12924 "-" "Mozilla/5.0 AppleWebKit/537.36 (KHTML, like Gecko; compatible; ClaudeBot/1.0; [email protected])"
216.73.216.254 - - [20/Jul/2025:02:11:45 +0000] "GET /goods/708541840.shtml HTTP/1.1" 404 12924 "-" "Mozilla/5.0 AppleWebKit/537.36 (KHTML, like Gecko; compatible; ClaudeBot/1.0; [email protected])"
216.73.216.254 - - [20/Jul/2025:02:11:45 +0000] "GET /goods/708581904.shtml HTTP/1.1" 404 12924 "-" "Mozilla/5.0 AppleWebKit/537.36 (KHTML, like Gecko; compatible; ClaudeBot/1.0; [email protected])"
216.73.216.254 - - [20/Jul/2025:02:11:45 +0000] "GET /goods/709070710.shtml HTTP/1.1" 404 12924 "-" "Mozilla/5.0 AppleWebKit/537.36 (KHTML, like Gecko; compatible; ClaudeBot/1.0; [email protected])"
216.73.216.254 - - [20/Jul/2025:02:11:45 +0000] "GET /goods/708989512.shtml HTTP/1.1" 404 12924 "-" "Mozilla/5.0 AppleWebKit/537.36 (KHTML, like Gecko; compatible; ClaudeBot/1.0; [email protected])"
216.73.216.254 - - [20/Jul/2025:02:11:45 +0000] "GET /goods/708593694.shtml HTTP/1.1" 404 12924 "-" "Mozilla/5.0 AppleWebKit/537.36 (KHTML, like Gecko; compatible; ClaudeBot/1.0; [email protected])"
216.73.216.254 - - [20/Jul/2025:02:11:46 +0000] "GET /goods/708972304.shtml HTTP/1.1" 404 12924 "-" "Mozilla/5.0 AppleWebKit/537.36 (KHTML, like Gecko; compatible; ClaudeBot/1.0; [email protected])"
216.73.216.254 - - [20/Jul/2025:02:11:46 +0000] "GET /goods/708605344.shtml HTTP/1.1" 404 12924 "-" "Mozilla/5.0 AppleWebKit/537.36 (KHTML, like Gecko; compatible; ClaudeBot/1.0; [email protected])"
216.73.216.254 - - [20/Jul/2025:02:11:46 +0000] "GET /goods/708663362.shtml HTTP/1.1" 404 12924 "-" "Mozilla/5.0 AppleWebKit/537.36 (KHTML, like Gecko; compatible; ClaudeBot/1.0; [email protected])"
216.73.216.254 - - [20/Jul/2025:02:11:46 +0000] "GET /goods/708709722.shtml HTTP/1.1" 404 12924 "-" "Mozilla/5.0 AppleWebKit/537.36 (KHTML, like Gecko; compatible; ClaudeBot/1.0; [email protected])"
216.73.216.254 - - [20/Jul/2025:02:11:46 +0000] "GET /goods/708833420.shtml HTTP/1.1" 404 12924 "-" "Mozilla/5.0 AppleWebKit/537.36 (KHTML, like Gecko; compatible; ClaudeBot/1.0; [email protected])"
216.73.216.254 - - [20/Jul/2025:02:11:46 +0000] "GET /goods/708763206.shtml HTTP/1.1" 404 12924 "-" "Mozilla/5.0 AppleWebKit/537.36 (KHTML, like Gecko; compatible; ClaudeBot/1.0; [email protected])"
216.73.216.254 - - [20/Jul/2025:02:11:46 +0000] "GET /goods/708809212.shtml HTTP/1.1" 404 12924 "-" "Mozilla/5.0 AppleWebKit/537.36 (KHTML, like Gecko; compatible; ClaudeBot/1.0; [email protected])"
216.73.216.254 - - [20/Jul/2025:02:11:46 +0000] "GET /goods/708734532.shtml HTTP/1.1" 404 12924 "-" "Mozilla/5.0 AppleWebKit/537.36 (KHTML, like Gecko; compatible; ClaudeBot/1.0; [email protected])"
216.73.216.254 - - [20/Jul/2025:02:11:46 +0000] "GET /goods/708887906.shtml HTTP/1.1" 404 12924 "-" "Mozilla/5.0 AppleWebKit/537.36 (KHTML, like Gecko; compatible; ClaudeBot/1.0; [email protected])"
216.73.216.254 - - [20/Jul/2025:02:11:46 +0000] "GET /goods/708807864.shtml HTTP/1.1" 404 12924 "-" "Mozilla/5.0 AppleWebKit/537.36 (KHTML, like Gecko; compatible; ClaudeBot/1.0; [email protected])"
216.73.216.254 - - [20/Jul/2025:02:11:47 +0000] "GET /goods/708928708.shtml HTTP/1.1" 404 12924 "-" "Mozilla/5.0 AppleWebKit/537.36 (KHTML, like Gecko; compatible; ClaudeBot/1.0; [email protected])"
