66.249.79.170 - - [19/Jul/2025:17:40:56 +0000] "POST /get-message-notify HTTP/1.1" 200 18154 "https://sergio-cuchi.tattoo/?h=89600000011600&mod=df90e22c&uri=blog.php?affiliate" "Mozilla/5.0 (Linux; Android 6.0.1; Nexus 5X Build/MMB29P) AppleWebKit/537.36 (KHTML, like Gecko) Chrome/137.0.7151.119 Mobile Safari/537.36 (compatible; Googlebot/2.1; +http://www.google.com/bot.html)"
66.249.79.172 - - [19/Jul/2025:17:41:09 +0000] "POST /get-message-notify HTTP/1.1" 200 18154 "https://sergio-cuchi.tattoo/?h=89600000011600&mod=df90e22c&uri=blog.php?kaden.html" "Mozilla/5.0 (Linux; Android 6.0.1; Nexus 5X Build/MMB29P) AppleWebKit/537.36 (KHTML, like Gecko) Chrome/137.0.7151.119 Mobile Safari/537.36 (compatible; Googlebot/2.1; +http://www.google.com/bot.html)"
209.74.77.214 - - [19/Jul/2025:17:41:17 +0000] "POST /wp-cron.php?doing_wp_cron=1752946877.2959690093994140625000 HTTP/1.1" 200 - "-" "WordPress/6.8.2; https://sergio-cuchi.tattoo"
57.141.2.17 - - [19/Jul/2025:17:41:17 +0000] "GET /?h=72749490001600& HTTP/1.1" 301 - "-" "meta-externalagent/1.1 (+https://developers.facebook.com/docs/sharing/webmasters/crawler)"
66.249.79.170 - - [19/Jul/2025:17:41:31 +0000] "GET /?h=89600000011600&mod=df90e22c&uri=blog.php?goods/2006294.shtml HTTP/1.1" 200 19390 "-" "Mozilla/5.0 (Linux; Android 6.0.1; Nexus 5X Build/MMB29P) AppleWebKit/537.36 (KHTML, like Gecko) Chrome/137.0.7151.103 Mobile Safari/537.36 (compatible; Googlebot/2.1; +http://www.google.com/bot.html)"
57.141.2.24 - - [19/Jul/2025:17:41:33 +0000] "GET /?h=72749490001600 HTTP/1.1" 200 97946 "-" "meta-externalagent/1.1 (+https://developers.facebook.com/docs/sharing/webmasters/crawler)"
209.74.77.214 - - [19/Jul/2025:17:42:48 +0000] "POST /wp-cron.php?doing_wp_cron=1752946968.6198639869689941406250 HTTP/1.1" 200 - "-" "WordPress/6.8.2; https://sergio-cuchi.tattoo"
216.73.216.221 - - [19/Jul/2025:17:42:47 +0000] "GET /goods/570035786.shtml HTTP/1.1" 404 12924 "-" "Mozilla/5.0 AppleWebKit/537.36 (KHTML, like Gecko; compatible; ClaudeBot/1.0; [email protected])"
216.73.216.221 - - [19/Jul/2025:17:42:48 +0000] "GET /goods/570114958.shtml HTTP/1.1" 404 12924 "-" "Mozilla/5.0 AppleWebKit/537.36 (KHTML, like Gecko; compatible; ClaudeBot/1.0; [email protected])"
216.73.216.221 - - [19/Jul/2025:17:42:47 +0000] "GET /goods/569983996.shtml HTTP/1.1" 404 12924 "-" "Mozilla/5.0 AppleWebKit/537.36 (KHTML, like Gecko; compatible; ClaudeBot/1.0; [email protected])"
216.73.216.221 - - [19/Jul/2025:17:42:49 +0000] "GET /goods/569914588.shtml HTTP/1.1" 404 12924 "-" "Mozilla/5.0 AppleWebKit/537.36 (KHTML, like Gecko; compatible; ClaudeBot/1.0; [email protected])"
216.73.216.221 - - [19/Jul/2025:17:42:49 +0000] "GET /goods/569677238.shtml HTTP/1.1" 404 12924 "-" "Mozilla/5.0 AppleWebKit/537.36 (KHTML, like Gecko; compatible; ClaudeBot/1.0; [email protected])"
216.73.216.221 - - [19/Jul/2025:17:42:49 +0000] "GET /goods/570177178.shtml HTTP/1.1" 404 12924 "-" "Mozilla/5.0 AppleWebKit/537.36 (KHTML, like Gecko; compatible; ClaudeBot/1.0; [email protected])"
216.73.216.221 - - [19/Jul/2025:17:42:49 +0000] "GET /goods/569910386.shtml HTTP/1.1" 404 12924 "-" "Mozilla/5.0 AppleWebKit/537.36 (KHTML, like Gecko; compatible; ClaudeBot/1.0; [email protected])"
216.73.216.221 - - [19/Jul/2025:17:42:49 +0000] "GET /goods/569965700.shtml HTTP/1.1" 404 12924 "-" "Mozilla/5.0 AppleWebKit/537.36 (KHTML, like Gecko; compatible; ClaudeBot/1.0; [email protected])"
216.73.216.221 - - [19/Jul/2025:17:42:49 +0000] "GET /goods/570042688.shtml HTTP/1.1" 404 12924 "-" "Mozilla/5.0 AppleWebKit/537.36 (KHTML, like Gecko; compatible; ClaudeBot/1.0; [email protected])"
216.73.216.221 - - [19/Jul/2025:17:42:49 +0000] "GET /goods/569700354.shtml HTTP/1.1" 404 12924 "-" "Mozilla/5.0 AppleWebKit/537.36 (KHTML, like Gecko; compatible; ClaudeBot/1.0; [email protected])"
216.73.216.221 - - [19/Jul/2025:17:42:49 +0000] "GET /goods/569963938.shtml HTTP/1.1" 404 12924 "-" "Mozilla/5.0 AppleWebKit/537.36 (KHTML, like Gecko; compatible; ClaudeBot/1.0; [email protected])"
216.73.216.221 - - [19/Jul/2025:17:42:50 +0000] "GET /goods/569901036.shtml HTTP/1.1" 404 12924 "-" "Mozilla/5.0 AppleWebKit/537.36 (KHTML, like Gecko; compatible; ClaudeBot/1.0; [email protected])"
216.73.216.221 - - [19/Jul/2025:17:42:50 +0000] "GET /goods/570162248.shtml HTTP/1.1" 404 12924 "-" "Mozilla/5.0 AppleWebKit/537.36 (KHTML, like Gecko; compatible; ClaudeBot/1.0; [email protected])"
216.73.216.221 - - [19/Jul/2025:17:42:50 +0000] "GET /goods/570021342.shtml HTTP/1.1" 404 12924 "-" "Mozilla/5.0 AppleWebKit/537.36 (KHTML, like Gecko; compatible; ClaudeBot/1.0; [email protected])"
216.73.216.221 - - [19/Jul/2025:17:42:50 +0000] "GET /goods/569987118.shtml HTTP/1.1" 404 12924 "-" "Mozilla/5.0 AppleWebKit/537.36 (KHTML, like Gecko; compatible; ClaudeBot/1.0; [email protected])"
216.73.216.221 - - [19/Jul/2025:17:42:50 +0000] "GET /goods/569938728.shtml HTTP/1.1" 404 12924 "-" "Mozilla/5.0 AppleWebKit/537.36 (KHTML, like Gecko; compatible; ClaudeBot/1.0; [email protected])"
216.73.216.221 - - [19/Jul/2025:17:42:50 +0000] "GET /goods/570178526.shtml HTTP/1.1" 404 12924 "-" "Mozilla/5.0 AppleWebKit/537.36 (KHTML, like Gecko; compatible; ClaudeBot/1.0; [email protected])"
216.73.216.221 - - [19/Jul/2025:17:42:50 +0000] "GET /goods/569997838.shtml HTTP/1.1" 404 12924 "-" "Mozilla/5.0 AppleWebKit/537.36 (KHTML, like Gecko; compatible; ClaudeBot/1.0; [email protected])"
216.73.216.221 - - [19/Jul/2025:17:42:50 +0000] "GET /goods/569960884.shtml HTTP/1.1" 404 12924 "-" "Mozilla/5.0 AppleWebKit/537.36 (KHTML, like Gecko; compatible; ClaudeBot/1.0; [email protected])"
216.73.216.221 - - [19/Jul/2025:17:42:50 +0000] "GET /goods/569921844.shtml HTTP/1.1" 404 12924 "-" "Mozilla/5.0 AppleWebKit/537.36 (KHTML, like Gecko; compatible; ClaudeBot/1.0; [email protected])"
216.73.216.221 - - [19/Jul/2025:17:42:50 +0000] "GET /goods/569935264.shtml HTTP/1.1" 404 12924 "-" "Mozilla/5.0 AppleWebKit/537.36 (KHTML, like Gecko; compatible; ClaudeBot/1.0; [email protected])"
216.73.216.221 - - [19/Jul/2025:17:42:50 +0000] "GET /goods/569941492.shtml HTTP/1.1" 404 12924 "-" "Mozilla/5.0 AppleWebKit/537.36 (KHTML, like Gecko; compatible; ClaudeBot/1.0; [email protected])"
216.73.216.221 - - [19/Jul/2025:17:42:51 +0000] "GET /goods/569932218.shtml HTTP/1.1" 404 12924 "-" "Mozilla/5.0 AppleWebKit/537.36 (KHTML, like Gecko; compatible; ClaudeBot/1.0; [email protected])"
216.73.216.221 - - [19/Jul/2025:17:42:51 +0000] "GET /goods/570208898.shtml HTTP/1.1" 404 12924 "-" "Mozilla/5.0 AppleWebKit/537.36 (KHTML, like Gecko; compatible; ClaudeBot/1.0; [email protected])"
216.73.216.221 - - [19/Jul/2025:17:42:51 +0000] "GET /goods/570110402.shtml HTTP/1.1" 404 12924 "-" "Mozilla/5.0 AppleWebKit/537.36 (KHTML, like Gecko; compatible; ClaudeBot/1.0; [email protected])"
216.73.216.221 - - [19/Jul/2025:17:42:51 +0000] "GET /goods/569974982.shtml HTTP/1.1" 404 12924 "-" "Mozilla/5.0 AppleWebKit/537.36 (KHTML, like Gecko; compatible; ClaudeBot/1.0; [email protected])"
216.73.216.221 - - [19/Jul/2025:17:42:51 +0000] "GET /goods/570085192.shtml HTTP/1.1" 404 12924 "-" "Mozilla/5.0 AppleWebKit/537.36 (KHTML, like Gecko; compatible; ClaudeBot/1.0; [email protected])"
216.73.216.221 - - [19/Jul/2025:17:42:51 +0000] "GET /goods/570193708.shtml HTTP/1.1" 404 12924 "-" "Mozilla/5.0 AppleWebKit/537.36 (KHTML, like Gecko; compatible; ClaudeBot/1.0; [email protected])"
216.73.216.221 - - [19/Jul/2025:17:42:52 +0000] "GET /goods/569956682.shtml HTTP/1.1" 404 12924 "-" "Mozilla/5.0 AppleWebKit/537.36 (KHTML, like Gecko; compatible; ClaudeBot/1.0; [email protected])"
216.73.216.221 - - [19/Jul/2025:17:42:52 +0000] "GET /goods/570179878.shtml HTTP/1.1" 404 12924 "-" "Mozilla/5.0 AppleWebKit/537.36 (KHTML, like Gecko; compatible; ClaudeBot/1.0; [email protected])"
57.141.2.1 - - [19/Jul/2025:17:42:52 +0000] "GET /?h=33678415031600& HTTP/1.1" 301 - "-" "meta-externalagent/1.1 (+https://developers.facebook.com/docs/sharing/webmasters/crawler)"
57.141.2.30 - - [19/Jul/2025:17:43:09 +0000] "GET /?h=33678415031600 HTTP/1.1" 200 97952 "-" "meta-externalagent/1.1 (+https://developers.facebook.com/docs/sharing/webmasters/crawler)"
66.249.79.172 - - [19/Jul/2025:17:43:39 +0000] "POST /get-message-notify HTTP/1.1" 200 18154 "https://sergio-cuchi.tattoo/?h=89600000011600&mod=df90e22c&uri=blog.php?goods/2006294.shtml" "Mozilla/5.0 (Linux; Android 6.0.1; Nexus 5X Build/MMB29P) AppleWebKit/537.36 (KHTML, like Gecko) Chrome/137.0.7151.119 Mobile Safari/537.36 (compatible; Googlebot/2.1; +http://www.google.com/bot.html)"
209.74.77.214 - - [19/Jul/2025:17:43:52 +0000] "POST /wp-cron.php?doing_wp_cron=1752947032.2139599323272705078125 HTTP/1.1" 200 - "-" "WordPress/6.8.2; https://sergio-cuchi.tattoo"
209.141.36.186 - - [19/Jul/2025:17:43:52 +0000] "GET /wp-login.php HTTP/1.1" 200 6668 "-" "Mozilla/5.0 (Macintosh; Intel Mac OS X 10_7_5) AppleWebKit/537.77.4 (KHTML, like Gecko) Version/6.1.5 Safari/537.77.4"
209.141.36.186 - - [19/Jul/2025:17:43:52 +0000] "POST /wp-login.php HTTP/1.1" 200 6924 "-" "Mozilla/5.0 (Macintosh; Intel Mac OS X 10_7_5) AppleWebKit/537.77.4 (KHTML, like Gecko) Version/6.1.5 Safari/537.77.4"
66.249.79.171 - - [19/Jul/2025:17:44:24 +0000] "GET /?h=89600000011600&mod=df90e22c&uri=blog.php?text/terms HTTP/1.1" 200 18920 "-" "Mozilla/5.0 (Linux; Android 6.0.1; Nexus 5X Build/MMB29P) AppleWebKit/537.36 (KHTML, like Gecko) Chrome/137.0.7151.103 Mobile Safari/537.36 (compatible; Googlebot/2.1; +http://www.google.com/bot.html)"
209.74.77.214 - - [19/Jul/2025:17:44:49 +0000] "POST /wp-cron.php?doing_wp_cron=1752947089.5999650955200195312500 HTTP/1.1" 200 - "-" "WordPress/6.8.2; https://sergio-cuchi.tattoo"
216.73.216.221 - - [19/Jul/2025:17:44:48 +0000] "GET /goods/570063782.shtml HTTP/1.1" 404 12924 "-" "Mozilla/5.0 AppleWebKit/537.36 (KHTML, like Gecko; compatible; ClaudeBot/1.0; [email protected])"
216.73.216.221 - - [19/Jul/2025:17:44:49 +0000] "GET /goods/569992668.shtml HTTP/1.1" 404 12924 "-" "Mozilla/5.0 AppleWebKit/537.36 (KHTML, like Gecko; compatible; ClaudeBot/1.0; [email protected])"
216.73.216.221 - - [19/Jul/2025:17:44:49 +0000] "GET /goods/570218236.shtml HTTP/1.1" 404 12924 "-" "Mozilla/5.0 AppleWebKit/537.36 (KHTML, like Gecko; compatible; ClaudeBot/1.0; [email protected])"
216.73.216.221 - - [19/Jul/2025:17:44:49 +0000] "GET /goods/570104238.shtml HTTP/1.1" 404 12924 "-" "Mozilla/5.0 AppleWebKit/537.36 (KHTML, like Gecko; compatible; ClaudeBot/1.0; [email protected])"
216.73.216.221 - - [19/Jul/2025:17:44:49 +0000] "GET /goods/570204406.shtml HTTP/1.1" 404 12924 "-" "Mozilla/5.0 AppleWebKit/537.36 (KHTML, like Gecko; compatible; ClaudeBot/1.0; [email protected])"
216.73.216.221 - - [19/Jul/2025:17:44:49 +0000] "GET /goods/569943262.shtml HTTP/1.1" 404 12924 "-" "Mozilla/5.0 AppleWebKit/537.36 (KHTML, like Gecko; compatible; ClaudeBot/1.0; [email protected])"
216.73.216.221 - - [19/Jul/2025:17:44:48 +0000] "GET /goods/569978446.shtml HTTP/1.1" 404 12924 "-" "Mozilla/5.0 AppleWebKit/537.36 (KHTML, like Gecko; compatible; ClaudeBot/1.0; [email protected])"
216.73.216.221 - - [19/Jul/2025:17:44:49 +0000] "GET /goods/569913172.shtml HTTP/1.1" 404 12924 "-" "Mozilla/5.0 AppleWebKit/537.36 (KHTML, like Gecko; compatible; ClaudeBot/1.0; [email protected])"
216.73.216.221 - - [19/Jul/2025:17:44:49 +0000] "GET /goods/570216542.shtml HTTP/1.1" 404 12924 "-" "Mozilla/5.0 AppleWebKit/537.36 (KHTML, like Gecko; compatible; ClaudeBot/1.0; [email protected])"
216.73.216.221 - - [19/Jul/2025:17:44:49 +0000] "GET /goods/569932888.shtml HTTP/1.1" 404 12924 "-" "Mozilla/5.0 AppleWebKit/537.36 (KHTML, like Gecko; compatible; ClaudeBot/1.0; [email protected])"
216.73.216.221 - - [19/Jul/2025:17:44:50 +0000] "GET /goods/569977768.shtml HTTP/1.1" 404 12924 "-" "Mozilla/5.0 AppleWebKit/537.36 (KHTML, like Gecko; compatible; ClaudeBot/1.0; [email protected])"
216.73.216.221 - - [19/Jul/2025:17:44:49 +0000] "GET /goods/569926592.shtml HTTP/1.1" 404 12924 "-" "Mozilla/5.0 AppleWebKit/537.36 (KHTML, like Gecko; compatible; ClaudeBot/1.0; [email protected])"
216.73.216.221 - - [19/Jul/2025:17:44:49 +0000] "GET /goods/569908360.shtml HTTP/1.1" 404 12924 "-" "Mozilla/5.0 AppleWebKit/537.36 (KHTML, like Gecko; compatible; ClaudeBot/1.0; [email protected])"
216.73.216.221 - - [19/Jul/2025:17:44:50 +0000] "GET /goods/569912826.shtml HTTP/1.1" 404 12924 "-" "Mozilla/5.0 AppleWebKit/537.36 (KHTML, like Gecko; compatible; ClaudeBot/1.0; [email protected])"
216.73.216.221 - - [19/Jul/2025:17:44:50 +0000] "GET /goods/570215126.shtml HTTP/1.1" 404 12924 "-" "Mozilla/5.0 AppleWebKit/537.36 (KHTML, like Gecko; compatible; ClaudeBot/1.0; [email protected])"
216.73.216.221 - - [19/Jul/2025:17:44:50 +0000] "GET /goods/569917988.shtml HTTP/1.1" 404 12924 "-" "Mozilla/5.0 AppleWebKit/537.36 (KHTML, like Gecko; compatible; ClaudeBot/1.0; [email protected])"
216.73.216.221 - - [19/Jul/2025:17:44:50 +0000] "GET /goods/570133258.shtml HTTP/1.1" 404 12924 "-" "Mozilla/5.0 AppleWebKit/537.36 (KHTML, like Gecko; compatible; ClaudeBot/1.0; [email protected])"
216.73.216.221 - - [19/Jul/2025:17:44:50 +0000] "GET /goods/570212754.shtml HTTP/1.1" 404 12924 "-" "Mozilla/5.0 AppleWebKit/537.36 (KHTML, like Gecko; compatible; ClaudeBot/1.0; [email protected])"
216.73.216.221 - - [19/Jul/2025:17:44:50 +0000] "GET /goods/569914264.shtml HTTP/1.1" 404 12924 "-" "Mozilla/5.0 AppleWebKit/537.36 (KHTML, like Gecko; compatible; ClaudeBot/1.0; [email protected])"
216.73.216.221 - - [19/Jul/2025:17:44:50 +0000] "GET /goods/569911478.shtml HTTP/1.1" 404 12924 "-" "Mozilla/5.0 AppleWebKit/537.36 (KHTML, like Gecko; compatible; ClaudeBot/1.0; [email protected])"
216.73.216.221 - - [19/Jul/2025:17:44:50 +0000] "GET /goods/569996068.shtml HTTP/1.1" 404 12924 "-" "Mozilla/5.0 AppleWebKit/537.36 (KHTML, like Gecko; compatible; ClaudeBot/1.0; [email protected])"
216.73.216.221 - - [19/Jul/2025:17:44:50 +0000] "GET /goods/570103146.shtml HTTP/1.1" 404 12924 "-" "Mozilla/5.0 AppleWebKit/537.36 (KHTML, like Gecko; compatible; ClaudeBot/1.0; [email protected])"
216.73.216.221 - - [19/Jul/2025:17:44:50 +0000] "GET /goods/570195478.shtml HTTP/1.1" 404 12924 "-" "Mozilla/5.0 AppleWebKit/537.36 (KHTML, like Gecko; compatible; ClaudeBot/1.0; [email protected])"
216.73.216.221 - - [19/Jul/2025:17:44:51 +0000] "GET /goods/569911824.shtml HTTP/1.1" 404 12924 "-" "Mozilla/5.0 AppleWebKit/537.36 (KHTML, like Gecko; compatible; ClaudeBot/1.0; [email protected])"
216.73.216.221 - - [19/Jul/2025:17:44:51 +0000] "GET /goods/569921106.shtml HTTP/1.1" 404 12924 "-" "Mozilla/5.0 AppleWebKit/537.36 (KHTML, like Gecko; compatible; ClaudeBot/1.0; [email protected])"
216.73.216.221 - - [19/Jul/2025:17:44:51 +0000] "GET /goods/569937636.shtml HTTP/1.1" 404 12924 "-" "Mozilla/5.0 AppleWebKit/537.36 (KHTML, like Gecko; compatible; ClaudeBot/1.0; [email protected])"
216.73.216.221 - - [19/Jul/2025:17:44:51 +0000] "GET /goods/569923546.shtml HTTP/1.1" 404 12924 "-" "Mozilla/5.0 AppleWebKit/537.36 (KHTML, like Gecko; compatible; ClaudeBot/1.0; [email protected])"
216.73.216.221 - - [19/Jul/2025:17:44:51 +0000] "GET /goods/569875224.shtml HTTP/1.1" 404 12924 "-" "Mozilla/5.0 AppleWebKit/537.36 (KHTML, like Gecko; compatible; ClaudeBot/1.0; [email protected])"
216.73.216.221 - - [19/Jul/2025:17:44:51 +0000] "GET /goods/570151558.shtml HTTP/1.1" 404 12924 "-" "Mozilla/5.0 AppleWebKit/537.36 (KHTML, like Gecko; compatible; ClaudeBot/1.0; [email protected])"
216.73.216.221 - - [19/Jul/2025:17:44:51 +0000] "GET /goods/569777406.shtml HTTP/1.1" 404 12924 "-" "Mozilla/5.0 AppleWebKit/537.36 (KHTML, like Gecko; compatible; ClaudeBot/1.0; [email protected])"
57.141.2.28 - - [19/Jul/2025:17:45:03 +0000] "GET /?h=23236424051600 HTTP/1.1" 200 97953 "-" "meta-externalagent/1.1 (+https://developers.facebook.com/docs/sharing/webmasters/crawler)"
43.157.179.227 - - [19/Jul/2025:17:45:07 +0000] "GET /tag/voluptate/ HTTP/1.1" 200 14325 "-" "Mozilla/5.0 (iPhone; CPU iPhone OS 13_2_3 like Mac OS X) AppleWebKit/605.1.15 (KHTML, like Gecko) Version/13.0.3 Mobile/15E148 Safari/604.1"
209.74.77.214 - - [19/Jul/2025:17:46:48 +0000] "POST /wp-cron.php?doing_wp_cron=1752947208.8812789916992187500000 HTTP/1.1" 200 - "-" "WordPress/6.8.2; https://sergio-cuchi.tattoo"
209.74.77.214 - - [19/Jul/2025:17:46:48 +0000] "POST /wp-cron.php?doing_wp_cron=1752947208.8812019824981689453125 HTTP/1.1" 200 - "-" "WordPress/6.8.2; https://sergio-cuchi.tattoo"
216.73.216.221 - - [19/Jul/2025:17:46:47 +0000] "GET /goods/570032732.shtml HTTP/1.1" 404 12924 "-" "Mozilla/5.0 AppleWebKit/537.36 (KHTML, like Gecko; compatible; ClaudeBot/1.0; [email protected])"
216.73.216.221 - - [19/Jul/2025:17:46:47 +0000] "GET /goods/570192014.shtml HTTP/1.1" 404 12924 "-" "Mozilla/5.0 AppleWebKit/537.36 (KHTML, like Gecko; compatible; ClaudeBot/1.0; [email protected])"
216.73.216.221 - - [19/Jul/2025:17:46:48 +0000] "GET /goods/570073124.shtml HTTP/1.1" 404 12924 "-" "Mozilla/5.0 AppleWebKit/537.36 (KHTML, like Gecko; compatible; ClaudeBot/1.0; [email protected])"
216.73.216.221 - - [19/Jul/2025:17:46:48 +0000] "GET /goods/569685164.shtml HTTP/1.1" 404 12924 "-" "Mozilla/5.0 AppleWebKit/537.36 (KHTML, like Gecko; compatible; ClaudeBot/1.0; [email protected])"
216.73.216.221 - - [19/Jul/2025:17:46:49 +0000] "GET /goods/570104584.shtml HTTP/1.1" 404 12924 "-" "Mozilla/5.0 AppleWebKit/537.36 (KHTML, like Gecko; compatible; ClaudeBot/1.0; [email protected])"
216.73.216.221 - - [19/Jul/2025:17:46:49 +0000] "GET /goods/569863088.shtml HTTP/1.1" 404 12924 "-" "Mozilla/5.0 AppleWebKit/537.36 (KHTML, like Gecko; compatible; ClaudeBot/1.0; [email protected])"
216.73.216.221 - - [19/Jul/2025:17:46:49 +0000] "GET /goods/570101730.shtml HTTP/1.1" 404 12924 "-" "Mozilla/5.0 AppleWebKit/537.36 (KHTML, like Gecko; compatible; ClaudeBot/1.0; [email protected])"
216.73.216.221 - - [19/Jul/2025:17:46:49 +0000] "GET /goods/569692420.shtml HTTP/1.1" 404 12924 "-" "Mozilla/5.0 AppleWebKit/537.36 (KHTML, like Gecko; compatible; ClaudeBot/1.0; [email protected])"
216.73.216.221 - - [19/Jul/2025:17:46:49 +0000] "GET /goods/570147412.shtml HTTP/1.1" 404 12924 "-" "Mozilla/5.0 AppleWebKit/537.36 (KHTML, like Gecko; compatible; ClaudeBot/1.0; [email protected])"
216.73.216.221 - - [19/Jul/2025:17:46:50 +0000] "GET /goods/569699740.shtml HTTP/1.1" 404 12924 "-" "Mozilla/5.0 AppleWebKit/537.36 (KHTML, like Gecko; compatible; ClaudeBot/1.0; [email protected])"
216.73.216.221 - - [19/Jul/2025:17:46:50 +0000] "GET /goods/570176086.shtml HTTP/1.1" 404 12924 "-" "Mozilla/5.0 AppleWebKit/537.36 (KHTML, like Gecko; compatible; ClaudeBot/1.0; [email protected])"
216.73.216.221 - - [19/Jul/2025:17:46:50 +0000] "GET /goods/570040734.shtml HTTP/1.1" 404 12924 "-" "Mozilla/5.0 AppleWebKit/537.36 (KHTML, like Gecko; compatible; ClaudeBot/1.0; [email protected])"
216.73.216.221 - - [19/Jul/2025:17:46:50 +0000] "GET /goods/570183342.shtml HTTP/1.1" 404 12924 "-" "Mozilla/5.0 AppleWebKit/537.36 (KHTML, like Gecko; compatible; ClaudeBot/1.0; [email protected])"
216.73.216.221 - - [19/Jul/2025:17:46:50 +0000] "GET /goods/569719742.shtml HTTP/1.1" 404 12924 "-" "Mozilla/5.0 AppleWebKit/537.36 (KHTML, like Gecko; compatible; ClaudeBot/1.0; [email protected])"
216.73.216.221 - - [19/Jul/2025:17:46:51 +0000] "GET /goods/570198588.shtml HTTP/1.1" 404 12924 "-" "Mozilla/5.0 AppleWebKit/537.36 (KHTML, like Gecko; compatible; ClaudeBot/1.0; [email protected])"
216.73.216.221 - - [19/Jul/2025:17:46:51 +0000] "GET /goods/570050362.shtml HTTP/1.1" 404 12924 "-" "Mozilla/5.0 AppleWebKit/537.36 (KHTML, like Gecko; compatible; ClaudeBot/1.0; [email protected])"
216.73.216.221 - - [19/Jul/2025:17:46:51 +0000] "GET /goods/569916226.shtml HTTP/1.1" 404 12924 "-" "Mozilla/5.0 AppleWebKit/537.36 (KHTML, like Gecko; compatible; ClaudeBot/1.0; [email protected])"
216.73.216.221 - - [19/Jul/2025:17:46:51 +0000] "GET /goods/569823702.shtml HTTP/1.1" 404 12924 "-" "Mozilla/5.0 AppleWebKit/537.36 (KHTML, like Gecko; compatible; ClaudeBot/1.0; [email protected])"
216.73.216.221 - - [19/Jul/2025:17:46:51 +0000] "GET /goods/569929100.shtml HTTP/1.1" 404 12924 "-" "Mozilla/5.0 AppleWebKit/537.36 (KHTML, like Gecko; compatible; ClaudeBot/1.0; [email protected])"
216.73.216.221 - - [19/Jul/2025:17:46:51 +0000] "GET /goods/569877924.shtml HTTP/1.1" 404 12924 "-" "Mozilla/5.0 AppleWebKit/537.36 (KHTML, like Gecko; compatible; ClaudeBot/1.0; [email protected])"
216.73.216.221 - - [19/Jul/2025:17:46:51 +0000] "GET /goods/569878602.shtml HTTP/1.1" 404 12924 "-" "Mozilla/5.0 AppleWebKit/537.36 (KHTML, like Gecko; compatible; ClaudeBot/1.0; [email protected])"
216.73.216.221 - - [19/Jul/2025:17:46:52 +0000] "GET /goods/569769408.shtml HTTP/1.1" 404 12924 "-" "Mozilla/5.0 AppleWebKit/537.36 (KHTML, like Gecko; compatible; ClaudeBot/1.0; [email protected])"
216.73.216.221 - - [19/Jul/2025:17:46:52 +0000] "GET /goods/570222028.shtml HTTP/1.1" 404 12924 "-" "Mozilla/5.0 AppleWebKit/537.36 (KHTML, like Gecko; compatible; ClaudeBot/1.0; [email protected])"
216.73.216.221 - - [19/Jul/2025:17:46:52 +0000] "GET /goods/570184758.shtml HTTP/1.1" 404 12924 "-" "Mozilla/5.0 AppleWebKit/537.36 (KHTML, like Gecko; compatible; ClaudeBot/1.0; [email protected])"
216.73.216.221 - - [19/Jul/2025:17:46:52 +0000] "GET /goods/570210916.shtml HTTP/1.1" 404 12924 "-" "Mozilla/5.0 AppleWebKit/537.36 (KHTML, like Gecko; compatible; ClaudeBot/1.0; [email protected])"
216.73.216.221 - - [19/Jul/2025:17:46:52 +0000] "GET /goods/570146742.shtml HTTP/1.1" 404 12924 "-" "Mozilla/5.0 AppleWebKit/537.36 (KHTML, like Gecko; compatible; ClaudeBot/1.0; [email protected])"
216.73.216.221 - - [19/Jul/2025:17:46:52 +0000] "GET /goods/569725974.shtml HTTP/1.1" 404 12924 "-" "Mozilla/5.0 AppleWebKit/537.36 (KHTML, like Gecko; compatible; ClaudeBot/1.0; [email protected])"
216.73.216.221 - - [19/Jul/2025:17:46:52 +0000] "GET /goods/569988812.shtml HTTP/1.1" 404 12924 "-" "Mozilla/5.0 AppleWebKit/537.36 (KHTML, like Gecko; compatible; ClaudeBot/1.0; [email protected])"
216.73.216.221 - - [19/Jul/2025:17:46:52 +0000] "GET /goods/570022012.shtml HTTP/1.1" 404 12924 "-" "Mozilla/5.0 AppleWebKit/537.36 (KHTML, like Gecko; compatible; ClaudeBot/1.0; [email protected])"
216.73.216.221 - - [19/Jul/2025:17:46:53 +0000] "GET /goods/569709692.shtml HTTP/1.1" 404 12924 "-" "Mozilla/5.0 AppleWebKit/537.36 (KHTML, like Gecko; compatible; ClaudeBot/1.0; [email protected])"
209.74.77.214 - - [19/Jul/2025:17:48:56 +0000] "POST /wp-cron.php?doing_wp_cron=1752947336.5563039779663085937500 HTTP/1.1" 200 - "-" "WordPress/6.8.2; https://sergio-cuchi.tattoo"
216.73.216.221 - - [19/Jul/2025:17:48:55 +0000] "GET /goods/569974658.shtml HTTP/1.1" 404 12924 "-" "Mozilla/5.0 AppleWebKit/537.36 (KHTML, like Gecko; compatible; ClaudeBot/1.0; [email protected])"
216.73.216.221 - - [19/Jul/2025:17:48:55 +0000] "GET /goods/569904222.shtml HTTP/1.1" 404 12924 "-" "Mozilla/5.0 AppleWebKit/537.36 (KHTML, like Gecko; compatible; ClaudeBot/1.0; [email protected])"
216.73.216.221 - - [19/Jul/2025:17:48:56 +0000] "GET /goods/570156016.shtml HTTP/1.1" 404 12924 "-" "Mozilla/5.0 AppleWebKit/537.36 (KHTML, like Gecko; compatible; ClaudeBot/1.0; [email protected])"
216.73.216.221 - - [19/Jul/2025:17:48:56 +0000] "GET /goods/570121446.shtml HTTP/1.1" 404 12924 "-" "Mozilla/5.0 AppleWebKit/537.36 (KHTML, like Gecko; compatible; ClaudeBot/1.0; [email protected])"
216.73.216.221 - - [19/Jul/2025:17:48:56 +0000] "GET /goods/570142532.shtml HTTP/1.1" 404 12924 "-" "Mozilla/5.0 AppleWebKit/537.36 (KHTML, like Gecko; compatible; ClaudeBot/1.0; [email protected])"
216.73.216.221 - - [19/Jul/2025:17:48:56 +0000] "GET /goods/570200964.shtml HTTP/1.1" 404 12924 "-" "Mozilla/5.0 AppleWebKit/537.36 (KHTML, like Gecko; compatible; ClaudeBot/1.0; [email protected])"
216.73.216.221 - - [19/Jul/2025:17:48:56 +0000] "GET /goods/569739804.shtml HTTP/1.1" 404 12924 "-" "Mozilla/5.0 AppleWebKit/537.36 (KHTML, like Gecko; compatible; ClaudeBot/1.0; [email protected])"
216.73.216.221 - - [19/Jul/2025:17:48:56 +0000] "GET /goods/570143948.shtml HTTP/1.1" 404 12924 "-" "Mozilla/5.0 AppleWebKit/537.36 (KHTML, like Gecko; compatible; ClaudeBot/1.0; [email protected])"
216.73.216.221 - - [19/Jul/2025:17:48:57 +0000] "GET /goods/570165042.shtml HTTP/1.1" 404 12924 "-" "Mozilla/5.0 AppleWebKit/537.36 (KHTML, like Gecko; compatible; ClaudeBot/1.0; [email protected])"
216.73.216.221 - - [19/Jul/2025:17:48:57 +0000] "GET /goods/570073056.shtml HTTP/1.1" 404 12924 "-" "Mozilla/5.0 AppleWebKit/537.36 (KHTML, like Gecko; compatible; ClaudeBot/1.0; [email protected])"
216.73.216.221 - - [19/Jul/2025:17:48:57 +0000] "GET /goods/570010968.shtml HTTP/1.1" 404 12924 "-" "Mozilla/5.0 AppleWebKit/537.36 (KHTML, like Gecko; compatible; ClaudeBot/1.0; [email protected])"
216.73.216.221 - - [19/Jul/2025:17:48:57 +0000] "GET /goods/570212008.shtml HTTP/1.1" 404 12924 "-" "Mozilla/5.0 AppleWebKit/537.36 (KHTML, like Gecko; compatible; ClaudeBot/1.0; [email protected])"
216.73.216.221 - - [19/Jul/2025:17:48:57 +0000] "GET /goods/570121792.shtml HTTP/1.1" 404 12924 "-" "Mozilla/5.0 AppleWebKit/537.36 (KHTML, like Gecko; compatible; ClaudeBot/1.0; [email protected])"
216.73.216.221 - - [19/Jul/2025:17:48:57 +0000] "GET /goods/570113512.shtml HTTP/1.1" 404 12924 "-" "Mozilla/5.0 AppleWebKit/537.36 (KHTML, like Gecko; compatible; ClaudeBot/1.0; [email protected])"
216.73.216.221 - - [19/Jul/2025:17:48:57 +0000] "GET /goods/570072454.shtml HTTP/1.1" 404 12924 "-" "Mozilla/5.0 AppleWebKit/537.36 (KHTML, like Gecko; compatible; ClaudeBot/1.0; [email protected])"
216.73.216.221 - - [19/Jul/2025:17:48:57 +0000] "GET /goods/569981556.shtml HTTP/1.1" 404 12924 "-" "Mozilla/5.0 AppleWebKit/537.36 (KHTML, like Gecko; compatible; ClaudeBot/1.0; [email protected])"
216.73.216.221 - - [19/Jul/2025:17:48:57 +0000] "GET /goods/570000948.shtml HTTP/1.1" 404 12924 "-" "Mozilla/5.0 AppleWebKit/537.36 (KHTML, like Gecko; compatible; ClaudeBot/1.0; [email protected])"
216.73.216.221 - - [19/Jul/2025:17:48:57 +0000] "GET /goods/569950518.shtml HTTP/1.1" 404 12924 "-" "Mozilla/5.0 AppleWebKit/537.36 (KHTML, like Gecko; compatible; ClaudeBot/1.0; [email protected])"
216.73.216.221 - - [19/Jul/2025:17:48:57 +0000] "GET /goods/570205844.shtml HTTP/1.1" 404 12924 "-" "Mozilla/5.0 AppleWebKit/537.36 (KHTML, like Gecko; compatible; ClaudeBot/1.0; [email protected])"
216.73.216.221 - - [19/Jul/2025:17:48:58 +0000] "GET /goods/570126740.shtml HTTP/1.1" 404 12924 "-" "Mozilla/5.0 AppleWebKit/537.36 (KHTML, like Gecko; compatible; ClaudeBot/1.0; [email protected])"
216.73.216.221 - - [19/Jul/2025:17:48:58 +0000] "GET /goods/570196826.shtml HTTP/1.1" 404 12924 "-" "Mozilla/5.0 AppleWebKit/537.36 (KHTML, like Gecko; compatible; ClaudeBot/1.0; [email protected])"
216.73.216.221 - - [19/Jul/2025:17:48:58 +0000] "GET /goods/569994976.shtml HTTP/1.1" 404 12924 "-" "Mozilla/5.0 AppleWebKit/537.36 (KHTML, like Gecko; compatible; ClaudeBot/1.0; [email protected])"
216.73.216.221 - - [19/Jul/2025:17:48:58 +0000] "GET /goods/570089402.shtml HTTP/1.1" 404 12924 "-" "Mozilla/5.0 AppleWebKit/537.36 (KHTML, like Gecko; compatible; ClaudeBot/1.0; [email protected])"
216.73.216.221 - - [19/Jul/2025:17:48:58 +0000] "GET /goods/570124232.shtml HTTP/1.1" 404 12924 "-" "Mozilla/5.0 AppleWebKit/537.36 (KHTML, like Gecko; compatible; ClaudeBot/1.0; [email protected])"
216.73.216.221 - - [19/Jul/2025:17:48:58 +0000] "GET /goods/570020596.shtml HTTP/1.1" 404 12924 "-" "Mozilla/5.0 AppleWebKit/537.36 (KHTML, like Gecko; compatible; ClaudeBot/1.0; [email protected])"
216.73.216.221 - - [19/Jul/2025:17:48:58 +0000] "GET /goods/570147066.shtml HTTP/1.1" 404 12924 "-" "Mozilla/5.0 AppleWebKit/537.36 (KHTML, like Gecko; compatible; ClaudeBot/1.0; [email protected])"
216.73.216.221 - - [19/Jul/2025:17:48:58 +0000] "GET /goods/569798492.shtml HTTP/1.1" 404 12924 "-" "Mozilla/5.0 AppleWebKit/537.36 (KHTML, like Gecko; compatible; ClaudeBot/1.0; [email protected])"
216.73.216.221 - - [19/Jul/2025:17:48:58 +0000] "GET /goods/569712068.shtml HTTP/1.1" 404 12924 "-" "Mozilla/5.0 AppleWebKit/537.36 (KHTML, like Gecko; compatible; ClaudeBot/1.0; [email protected])"
216.73.216.221 - - [19/Jul/2025:17:48:58 +0000] "GET /goods/569800198.shtml HTTP/1.1" 404 12924 "-" "Mozilla/5.0 AppleWebKit/537.36 (KHTML, like Gecko; compatible; ClaudeBot/1.0; [email protected])"
216.73.216.221 - - [19/Jul/2025:17:48:59 +0000] "GET /goods/569757758.shtml HTTP/1.1" 404 12924 "-" "Mozilla/5.0 AppleWebKit/537.36 (KHTML, like Gecko; compatible; ClaudeBot/1.0; [email protected])"
209.74.77.214 - - [19/Jul/2025:17:49:46 +0000] "POST /wp-cron.php?doing_wp_cron=1752947386.6065869331359863281250 HTTP/1.1" 200 - "-" "WordPress/6.8.2; https://sergio-cuchi.tattoo"
57.141.2.22 - - [19/Jul/2025:17:49:45 +0000] "GET /?h=61807844001600& HTTP/1.1" 301 - "-" "meta-externalagent/1.1 (+https://developers.facebook.com/docs/sharing/webmasters/crawler)"
66.249.79.170 - - [19/Jul/2025:17:50:26 +0000] "GET /?h=89600000011600&mod=df90e22c&uri=blog.php?goods/1986156.shtml HTTP/1.1" 200 19431 "-" "Mozilla/5.0 (Linux; Android 6.0.1; Nexus 5X Build/MMB29P) AppleWebKit/537.36 (KHTML, like Gecko) Chrome/137.0.7151.103 Mobile Safari/537.36 (compatible; Googlebot/2.1; +http://www.google.com/bot.html)"
209.74.77.214 - - [19/Jul/2025:17:50:51 +0000] "POST /wp-cron.php?doing_wp_cron=1752947451.2192890644073486328125 HTTP/1.1" 200 - "-" "WordPress/6.8.2; https://sergio-cuchi.tattoo"
216.73.216.221 - - [19/Jul/2025:17:50:50 +0000] "GET /goods/570030970.shtml HTTP/1.1" 404 12924 "-" "Mozilla/5.0 AppleWebKit/537.36 (KHTML, like Gecko; compatible; ClaudeBot/1.0; [email protected])"
216.73.216.221 - - [19/Jul/2025:17:50:50 +0000] "GET /goods/569949426.shtml HTTP/1.1" 404 12924 "-" "Mozilla/5.0 AppleWebKit/537.36 (KHTML, like Gecko; compatible; ClaudeBot/1.0; [email protected])"
216.73.216.221 - - [19/Jul/2025:17:50:50 +0000] "GET /goods/569979184.shtml HTTP/1.1" 404 12924 "-" "Mozilla/5.0 AppleWebKit/537.36 (KHTML, like Gecko; compatible; ClaudeBot/1.0; [email protected])"
216.73.216.221 - - [19/Jul/2025:17:50:50 +0000] "GET /goods/570148158.shtml HTTP/1.1" 404 12924 "-" "Mozilla/5.0 AppleWebKit/537.36 (KHTML, like Gecko; compatible; ClaudeBot/1.0; [email protected])"
216.73.216.221 - - [19/Jul/2025:17:50:51 +0000] "GET /goods/570201642.shtml HTTP/1.1" 404 12924 "-" "Mozilla/5.0 AppleWebKit/537.36 (KHTML, like Gecko; compatible; ClaudeBot/1.0; [email protected])"
209.74.77.214 - - [19/Jul/2025:17:50:51 +0000] "POST /wp-cron.php?doing_wp_cron=1752947451.4845509529113769531250 HTTP/1.1" 200 - "-" "WordPress/6.8.2; https://sergio-cuchi.tattoo"
216.73.216.221 - - [19/Jul/2025:17:50:51 +0000] "GET /goods/569676146.shtml HTTP/1.1" 404 12924 "-" "Mozilla/5.0 AppleWebKit/537.36 (KHTML, like Gecko; compatible; ClaudeBot/1.0; [email protected])"
216.73.216.221 - - [19/Jul/2025:17:50:50 +0000] "GET /goods/570000278.shtml HTTP/1.1" 404 12924 "-" "Mozilla/5.0 AppleWebKit/537.36 (KHTML, like Gecko; compatible; ClaudeBot/1.0; [email protected])"
216.73.216.221 - - [19/Jul/2025:17:50:51 +0000] "GET /goods/570154668.shtml HTTP/1.1" 404 12924 "-" "Mozilla/5.0 AppleWebKit/537.36 (KHTML, like Gecko; compatible; ClaudeBot/1.0; [email protected])"
216.73.216.221 - - [19/Jul/2025:17:50:51 +0000] "GET /goods/570039988.shtml HTTP/1.1" 404 12924 "-" "Mozilla/5.0 AppleWebKit/537.36 (KHTML, like Gecko; compatible; ClaudeBot/1.0; [email protected])"
216.73.216.221 - - [19/Jul/2025:17:50:51 +0000] "GET /goods/570219264.shtml HTTP/1.1" 404 12924 "-" "Mozilla/5.0 AppleWebKit/537.36 (KHTML, like Gecko; compatible; ClaudeBot/1.0; [email protected])"
216.73.216.221 - - [19/Jul/2025:17:50:52 +0000] "GET /goods/570115282.shtml HTTP/1.1" 404 12924 "-" "Mozilla/5.0 AppleWebKit/537.36 (KHTML, like Gecko; compatible; ClaudeBot/1.0; [email protected])"
216.73.216.221 - - [19/Jul/2025:17:50:53 +0000] "GET /goods/569902806.shtml HTTP/1.1" 404 12924 "-" "Mozilla/5.0 AppleWebKit/537.36 (KHTML, like Gecko; compatible; ClaudeBot/1.0; [email protected])"
216.73.216.221 - - [19/Jul/2025:17:50:53 +0000] "GET /goods/570207192.shtml HTTP/1.1" 404 12924 "-" "Mozilla/5.0 AppleWebKit/537.36 (KHTML, like Gecko; compatible; ClaudeBot/1.0; [email protected])"
216.73.216.221 - - [19/Jul/2025:17:50:53 +0000] "GET /goods/570148504.shtml HTTP/1.1" 404 12924 "-" "Mozilla/5.0 AppleWebKit/537.36 (KHTML, like Gecko; compatible; ClaudeBot/1.0; [email protected])"
216.73.216.221 - - [19/Jul/2025:17:50:53 +0000] "GET /goods/570180224.shtml HTTP/1.1" 404 12924 "-" "Mozilla/5.0 AppleWebKit/537.36 (KHTML, like Gecko; compatible; ClaudeBot/1.0; [email protected])"
216.73.216.221 - - [19/Jul/2025:17:50:53 +0000] "GET /goods/570021688.shtml HTTP/1.1" 404 12924 "-" "Mozilla/5.0 AppleWebKit/537.36 (KHTML, like Gecko; compatible; ClaudeBot/1.0; [email protected])"
216.73.216.221 - - [19/Jul/2025:17:50:53 +0000] "GET /goods/569924898.shtml HTTP/1.1" 404 12924 "-" "Mozilla/5.0 AppleWebKit/537.36 (KHTML, like Gecko; compatible; ClaudeBot/1.0; [email protected])"
216.73.216.221 - - [19/Jul/2025:17:50:53 +0000] "GET /goods/570005350.shtml HTTP/1.1" 404 12924 "-" "Mozilla/5.0 AppleWebKit/537.36 (KHTML, like Gecko; compatible; ClaudeBot/1.0; [email protected])"
216.73.216.221 - - [19/Jul/2025:17:50:53 +0000] "GET /goods/569943608.shtml HTTP/1.1" 404 12924 "-" "Mozilla/5.0 AppleWebKit/537.36 (KHTML, like Gecko; compatible; ClaudeBot/1.0; [email protected])"
216.73.216.221 - - [19/Jul/2025:17:50:53 +0000] "GET /goods/569775990.shtml HTTP/1.1" 404 12924 "-" "Mozilla/5.0 AppleWebKit/537.36 (KHTML, like Gecko; compatible; ClaudeBot/1.0; [email protected])"
216.73.216.221 - - [19/Jul/2025:17:50:53 +0000] "GET /goods/569932564.shtml HTTP/1.1" 404 12924 "-" "Mozilla/5.0 AppleWebKit/537.36 (KHTML, like Gecko; compatible; ClaudeBot/1.0; [email protected])"
216.73.216.221 - - [19/Jul/2025:17:50:54 +0000] "GET /goods/570205498.shtml HTTP/1.1" 404 12924 "-" "Mozilla/5.0 AppleWebKit/537.36 (KHTML, like Gecko; compatible; ClaudeBot/1.0; [email protected])"
216.73.216.221 - - [19/Jul/2025:17:50:54 +0000] "GET /goods/569968818.shtml HTTP/1.1" 404 12924 "-" "Mozilla/5.0 AppleWebKit/537.36 (KHTML, like Gecko; compatible; ClaudeBot/1.0; [email protected])"
216.73.216.221 - - [19/Jul/2025:17:50:54 +0000] "GET /goods/569926660.shtml HTTP/1.1" 404 12924 "-" "Mozilla/5.0 AppleWebKit/537.36 (KHTML, like Gecko; compatible; ClaudeBot/1.0; [email protected])"
216.73.216.221 - - [19/Jul/2025:17:50:54 +0000] "GET /goods/570100092.shtml HTTP/1.1" 404 12924 "-" "Mozilla/5.0 AppleWebKit/537.36 (KHTML, like Gecko; compatible; ClaudeBot/1.0; [email protected])"
216.73.216.221 - - [19/Jul/2025:17:50:54 +0000] "GET /goods/570076242.shtml HTTP/1.1" 404 12924 "-" "Mozilla/5.0 AppleWebKit/537.36 (KHTML, like Gecko; compatible; ClaudeBot/1.0; [email protected])"
216.73.216.221 - - [19/Jul/2025:17:50:54 +0000] "GET /goods/569917318.shtml HTTP/1.1" 404 12924 "-" "Mozilla/5.0 AppleWebKit/537.36 (KHTML, like Gecko; compatible; ClaudeBot/1.0; [email protected])"
216.73.216.221 - - [19/Jul/2025:17:50:54 +0000] "GET /goods/570101120.shtml HTTP/1.1" 404 12924 "-" "Mozilla/5.0 AppleWebKit/537.36 (KHTML, like Gecko; compatible; ClaudeBot/1.0; [email protected])"
216.73.216.221 - - [19/Jul/2025:17:50:54 +0000] "GET /goods/570000602.shtml HTTP/1.1" 404 12924 "-" "Mozilla/5.0 AppleWebKit/537.36 (KHTML, like Gecko; compatible; ClaudeBot/1.0; [email protected])"
216.73.216.221 - - [19/Jul/2025:17:50:54 +0000] "GET /goods/570213356.shtml HTTP/1.1" 404 12924 "-" "Mozilla/5.0 AppleWebKit/537.36 (KHTML, like Gecko; compatible; ClaudeBot/1.0; [email protected])"
57.141.2.21 - - [19/Jul/2025:17:51:00 +0000] "GET /?h=38396083031600& HTTP/1.1" 301 - "-" "meta-externalagent/1.1 (+https://developers.facebook.com/docs/sharing/webmasters/crawler)"
66.249.79.170 - - [19/Jul/2025:17:53:04 +0000] "GET /?h=89600000011600&mod=df90e22c&uri=blog.php?goods/2009758.shtml HTTP/1.1" 200 19345 "-" "Mozilla/5.0 (Linux; Android 6.0.1; Nexus 5X Build/MMB29P) AppleWebKit/537.36 (KHTML, like Gecko) Chrome/137.0.7151.103 Mobile Safari/537.36 (compatible; Googlebot/2.1; +http://www.google.com/bot.html)"
209.74.77.214 - - [19/Jul/2025:17:55:41 +0000] "POST /wp-cron.php?doing_wp_cron=1752947740.9961640834808349609375 HTTP/1.1" 200 - "-" "WordPress/6.8.2; https://sergio-cuchi.tattoo"
57.141.2.18 - - [19/Jul/2025:17:55:39 +0000] "GET /?h=8385972041600& HTTP/1.1" 301 - "-" "meta-externalagent/1.1 (+https://developers.facebook.com/docs/sharing/webmasters/crawler)"
209.74.77.214 - - [19/Jul/2025:17:57:06 +0000] "POST /wp-cron.php?doing_wp_cron=1752947826.7445039749145507812500 HTTP/1.1" 200 - "-" "WordPress/6.8.2; https://sergio-cuchi.tattoo"
57.141.2.6 - - [19/Jul/2025:17:57:05 +0000] "GET /?h=46973271071600& HTTP/1.1" 301 - "-" "meta-externalagent/1.1 (+https://developers.facebook.com/docs/sharing/webmasters/crawler)"
209.74.77.214 - - [19/Jul/2025:17:58:10 +0000] "POST /wp-cron.php?doing_wp_cron=1752947890.0882520675659179687500 HTTP/1.1" 200 - "-" "WordPress/6.8.2; https://sergio-cuchi.tattoo"
57.141.2.9 - - [19/Jul/2025:17:58:08 +0000] "GET /?h=79443323061600& HTTP/1.1" 301 - "-" "meta-externalagent/1.1 (+https://developers.facebook.com/docs/sharing/webmasters/crawler)"
209.74.77.214 - - [19/Jul/2025:17:58:23 +0000] "POST /wp-cron.php?doing_wp_cron=1752947903.1395149230957031250000 HTTP/1.1" 200 - "-" "WordPress/6.8.2; https://sergio-cuchi.tattoo"
57.141.2.30 - - [19/Jul/2025:17:58:22 +0000] "GET /?h=79443323061600 HTTP/1.1" 200 97953 "-" "meta-externalagent/1.1 (+https://developers.facebook.com/docs/sharing/webmasters/crawler)"
209.74.77.214 - - [19/Jul/2025:17:59:21 +0000] "POST /wp-cron.php?doing_wp_cron=1752947961.5932099819183349609375 HTTP/1.1" 200 - "-" "WordPress/6.8.2; https://sergio-cuchi.tattoo"
43.153.96.233 - - [19/Jul/2025:17:59:20 +0000] "GET /tattoo-model-michael-rea/?replytocom=3 HTTP/1.1" 200 18878 "-" "Mozilla/5.0 (iPhone; CPU iPhone OS 13_2_3 like Mac OS X) AppleWebKit/605.1.15 (KHTML, like Gecko) Version/13.0.3 Mobile/15E148 Safari/604.1"
209.74.77.214 - - [19/Jul/2025:18:01:23 +0000] "POST /wp-cron.php?doing_wp_cron=1752948083.0234060287475585937500 HTTP/1.1" 200 - "-" "WordPress/6.8.2; https://sergio-cuchi.tattoo"
57.141.2.22 - - [19/Jul/2025:18:01:20 +0000] "GET /?h=16729892021600& HTTP/1.1" 301 - "-" "meta-externalagent/1.1 (+https://developers.facebook.com/docs/sharing/webmasters/crawler)"
57.141.2.24 - - [19/Jul/2025:18:01:38 +0000] "GET /?h=16729892021600 HTTP/1.1" 200 97957 "-" "meta-externalagent/1.1 (+https://developers.facebook.com/docs/sharing/webmasters/crawler)"
209.74.77.214 - - [19/Jul/2025:18:03:01 +0000] "POST /wp-cron.php?doing_wp_cron=1752948181.9371109008789062500000 HTTP/1.1" 200 - "-" "WordPress/6.8.2; https://sergio-cuchi.tattoo"
57.141.2.21 - - [19/Jul/2025:18:02:59 +0000] "GET /?h=45487011001600 HTTP/1.1" 200 97953 "-" "meta-externalagent/1.1 (+https://developers.facebook.com/docs/sharing/webmasters/crawler)"
209.74.77.214 - - [19/Jul/2025:18:03:58 +0000] "POST /wp-cron.php?doing_wp_cron=1752948238.2016880512237548828125 HTTP/1.1" 200 - "-" "WordPress/6.8.2; https://sergio-cuchi.tattoo"
57.141.2.13 - - [19/Jul/2025:18:03:56 +0000] "GET /?h=117735091041600& HTTP/1.1" 301 - "-" "meta-externalagent/1.1 (+https://developers.facebook.com/docs/sharing/webmasters/crawler)"
209.74.77.214 - - [19/Jul/2025:18:07:33 +0000] "POST /wp-cron.php?doing_wp_cron=1752948453.0975608825683593750000 HTTP/1.1" 200 - "-" "WordPress/6.8.2; https://sergio-cuchi.tattoo"
57.141.2.22 - - [19/Jul/2025:18:07:31 +0000] "GET /?h=71073393031600& HTTP/1.1" 301 - "-" "meta-externalagent/1.1 (+https://developers.facebook.com/docs/sharing/webmasters/crawler)"
54.235.172.108 - - [19/Jul/2025:18:08:32 +0000] "GET /robots.txt HTTP/1.1" 200 209 "-" "Mozilla/5.0 AppleWebKit/537.36 (KHTML, like Gecko; compatible; Amazonbot/0.1; +https://developer.amazon.com/support/amazonbot) Chrome/119.0.6045.214 Safari/537.36"
209.74.77.214 - - [19/Jul/2025:18:08:34 +0000] "POST /wp-cron.php?doing_wp_cron=1752948514.2583858966827392578125 HTTP/1.1" 200 - "-" "WordPress/6.8.2; https://sergio-cuchi.tattoo"
3.226.106.93 - - [19/Jul/2025:18:08:32 +0000] "GET /category/models/ HTTP/1.1" 200 14365 "-" "Mozilla/5.0 AppleWebKit/537.36 (KHTML, like Gecko; compatible; Amazonbot/0.1; +https://developer.amazon.com/support/amazonbot) Chrome/119.0.6045.214 Safari/537.36"
52.26.223.132 - - [19/Jul/2025:18:08:42 +0000] "GET /robots.txt HTTP/1.1" 200 209 "-" "HawaiiBot"
66.249.79.172 - - [19/Jul/2025:18:09:01 +0000] "GET /?h=89600000011600&mod=df90e22c&uri=blog.php?goods/3290404.shtml HTTP/1.1" 200 19237 "-" "Mozilla/5.0 (Linux; Android 6.0.1; Nexus 5X Build/MMB29P) AppleWebKit/537.36 (KHTML, like Gecko) Chrome/137.0.7151.103 Mobile Safari/537.36 (compatible; Googlebot/2.1; +http://www.google.com/bot.html)"
209.74.77.214 - - [19/Jul/2025:18:09:47 +0000] "POST /wp-cron.php?doing_wp_cron=1752948587.5403189659118652343750 HTTP/1.1" 200 - "-" "WordPress/6.8.2; https://sergio-cuchi.tattoo"
43.166.245.120 - - [19/Jul/2025:18:09:45 +0000] "GET /tattoo-model-michael-rea/?replytocom=4 HTTP/1.1" 200 18878 "-" "Mozilla/5.0 (iPhone; CPU iPhone OS 13_2_3 like Mac OS X) AppleWebKit/605.1.15 (KHTML, like Gecko) Version/13.0.3 Mobile/15E148 Safari/604.1"
209.74.77.214 - - [19/Jul/2025:18:12:41 +0000] "POST /wp-cron.php?doing_wp_cron=1752948761.7693359851837158203125 HTTP/1.1" 200 - "-" "WordPress/6.8.2; https://sergio-cuchi.tattoo"
57.141.2.1 - - [19/Jul/2025:18:12:39 +0000] "GET /?h=49379399011600 HTTP/1.1" 200 97956 "-" "meta-externalagent/1.1 (+https://developers.facebook.com/docs/sharing/webmasters/crawler)"
209.74.77.214 - - [19/Jul/2025:18:14:50 +0000] "POST /wp-cron.php?doing_wp_cron=1752948890.3261580467224121093750 HTTP/1.1" 200 - "-" "WordPress/6.8.2; https://sergio-cuchi.tattoo"
57.141.2.21 - - [19/Jul/2025:18:14:48 +0000] "GET /?h=2518959071600 HTTP/1.1" 200 97949 "-" "meta-externalagent/1.1 (+https://developers.facebook.com/docs/sharing/webmasters/crawler)"
209.74.77.214 - - [19/Jul/2025:18:15:38 +0000] "POST /wp-cron.php?doing_wp_cron=1752948938.5175290107727050781250 HTTP/1.1" 200 - "-" "WordPress/6.8.2; https://sergio-cuchi.tattoo"
57.141.2.15 - - [19/Jul/2025:18:15:37 +0000] "GET /?h=643145041600 HTTP/1.1" 200 97960 "-" "meta-externalagent/1.1 (+https://developers.facebook.com/docs/sharing/webmasters/crawler)"
209.74.77.214 - - [19/Jul/2025:18:16:47 +0000] "POST /wp-cron.php?doing_wp_cron=1752949007.1755340099334716796875 HTTP/1.1" 200 - "-" "WordPress/6.8.2; https://sergio-cuchi.tattoo"
43.131.36.84 - - [19/Jul/2025:18:16:45 +0000] "GET /tattoofest-krakow/ HTTP/1.1" 200 18297 "-" "Mozilla/5.0 (iPhone; CPU iPhone OS 13_2_3 like Mac OS X) AppleWebKit/605.1.15 (KHTML, like Gecko) Version/13.0.3 Mobile/15E148 Safari/604.1"
209.74.77.214 - - [19/Jul/2025:18:21:10 +0000] "POST /wp-cron.php?doing_wp_cron=1752949270.0768671035766601562500 HTTP/1.1" 200 - "-" "WordPress/6.8.2; https://sergio-cuchi.tattoo"
57.141.2.18 - - [19/Jul/2025:18:21:08 +0000] "GET /?h=95411332031600 HTTP/1.1" 200 97953 "-" "meta-externalagent/1.1 (+https://developers.facebook.com/docs/sharing/webmasters/crawler)"
209.74.77.214 - - [19/Jul/2025:18:23:02 +0000] "POST /wp-cron.php?doing_wp_cron=1752949382.7703249454498291015625 HTTP/1.1" 200 - "-" "WordPress/6.8.2; https://sergio-cuchi.tattoo"
57.141.2.23 - - [19/Jul/2025:18:23:01 +0000] "GET /?h=63838059041600& HTTP/1.1" 301 - "-" "meta-externalagent/1.1 (+https://developers.facebook.com/docs/sharing/webmasters/crawler)"
188.130.136.196 - - [19/Jul/2025:18:23:53 +0000] "GET / HTTP/1.0" 200 97952 "https://sergio-cuchi.tattoo/" "Mozilla/5.0 (Windows NT 10.0; Win64; x64) AppleWebKit/537.36 (KHTML, like Gecko) Chrome/129.0.0.0 Safari/537.36"
209.74.77.214 - - [19/Jul/2025:18:24:18 +0000] "POST /wp-cron.php?doing_wp_cron=1752949458.0603909492492675781250 HTTP/1.1" 200 - "-" "WordPress/6.8.2; https://sergio-cuchi.tattoo"
43.130.102.7 - - [19/Jul/2025:18:24:17 +0000] "GET /faq/ HTTP/1.1" 200 16487 "-" "Mozilla/5.0 (iPhone; CPU iPhone OS 13_2_3 like Mac OS X) AppleWebKit/605.1.15 (KHTML, like Gecko) Version/13.0.3 Mobile/15E148 Safari/604.1"
209.74.77.214 - - [19/Jul/2025:18:30:09 +0000] "POST /wp-cron.php?doing_wp_cron=1752949809.5914850234985351562500 HTTP/1.1" 200 - "-" "WordPress/6.8.2; https://sergio-cuchi.tattoo"
57.141.2.8 - - [19/Jul/2025:18:30:06 +0000] "GET /?h=4593679051600& HTTP/1.1" 301 - "-" "meta-externalagent/1.1 (+https://developers.facebook.com/docs/sharing/webmasters/crawler)"
57.141.2.23 - - [19/Jul/2025:18:30:14 +0000] "GET /?h=4593679051600 HTTP/1.1" 200 97952 "-" "meta-externalagent/1.1 (+https://developers.facebook.com/docs/sharing/webmasters/crawler)"
209.74.77.214 - - [19/Jul/2025:18:30:39 +0000] "POST /wp-cron.php?doing_wp_cron=1752949839.3257460594177246093750 HTTP/1.1" 200 - "-" "WordPress/6.8.2; https://sergio-cuchi.tattoo"
57.141.2.25 - - [19/Jul/2025:18:30:39 +0000] "GET /?h=105488196061600& HTTP/1.1" 301 - "-" "meta-externalagent/1.1 (+https://developers.facebook.com/docs/sharing/webmasters/crawler)"
209.74.77.214 - - [19/Jul/2025:18:31:16 +0000] "POST /wp-cron.php?doing_wp_cron=1752949876.1506540775299072265625 HTTP/1.1" 200 - "-" "WordPress/6.8.2; https://sergio-cuchi.tattoo"
57.141.2.22 - - [19/Jul/2025:18:31:14 +0000] "GET /?h=105488196061600 HTTP/1.1" 200 97952 "-" "meta-externalagent/1.1 (+https://developers.facebook.com/docs/sharing/webmasters/crawler)"
209.74.77.214 - - [19/Jul/2025:18:32:32 +0000] "POST /wp-cron.php?doing_wp_cron=1752949952.3860619068145751953125 HTTP/1.1" 200 - "-" "WordPress/6.8.2; https://sergio-cuchi.tattoo"
57.141.2.13 - - [19/Jul/2025:18:32:29 +0000] "GET /?h=66340109021600& HTTP/1.1" 301 - "-" "meta-externalagent/1.1 (+https://developers.facebook.com/docs/sharing/webmasters/crawler)"
45.227.253.15 - - [19/Jul/2025:18:33:04 +0000] "GET /2966a056/2966a056/2966a056/index.php?ARRAY=7o2230223n313735323935333639312p2231223n22687474703n5p2s5p2s7n7334383376313373752r746s6566612r626p6s675p2s3s6p633q78696164616r5s72616r645s7061746826743q313735323935303039312q3931393434623864663830333330336132366630323561373633396161363065222p2232223n223531313534306665336533656262373430343735646631383663653638333238222p2233223n223731336661633265343537656430663232613737336362393365396137343664222p2262696r675s70617373223n2232372q35302q35352q36342q37382q38382q3231227q HTTP/1.1" 200 - "-" "Mozilla/5.0 (Windows NT 6.2; WOW64) AppleWebKit/535.24 (KHTML, like Gecko) Chrome/82.0.1055.1 Safari/535.24"
209.74.77.214 - - [19/Jul/2025:18:33:37 +0000] "POST /wp-cron.php?doing_wp_cron=1752950017.1397819519042968750000 HTTP/1.1" 200 - "-" "WordPress/6.8.2; https://sergio-cuchi.tattoo"
57.141.2.6 - - [19/Jul/2025:18:33:35 +0000] "GET /?h=58799325011600& HTTP/1.1" 301 - "-" "meta-externalagent/1.1 (+https://developers.facebook.com/docs/sharing/webmasters/crawler)"
57.141.2.16 - - [19/Jul/2025:18:33:40 +0000] "GET /?h=58799325011600 HTTP/1.1" 200 97957 "-" "meta-externalagent/1.1 (+https://developers.facebook.com/docs/sharing/webmasters/crawler)"
209.74.77.214 - - [19/Jul/2025:18:36:16 +0000] "POST /wp-cron.php?doing_wp_cron=1752950176.2934830188751220703125 HTTP/1.1" 200 - "-" "WordPress/6.8.2; https://sergio-cuchi.tattoo"
43.128.67.187 - - [19/Jul/2025:18:36:13 +0000] "GET /tattoo-model-michael-rea/ HTTP/1.1" 200 18861 "-" "Mozilla/5.0 (iPhone; CPU iPhone OS 13_2_3 like Mac OS X) AppleWebKit/605.1.15 (KHTML, like Gecko) Version/13.0.3 Mobile/15E148 Safari/604.1"
66.249.79.172 - - [19/Jul/2025:18:37:26 +0000] "GET /?h=89600000011600&mod=df90e22c&uri=blog.php?goods/2006896.shtml HTTP/1.1" 200 19366 "-" "Mozilla/5.0 (Linux; Android 6.0.1; Nexus 5X Build/MMB29P) AppleWebKit/537.36 (KHTML, like Gecko) Chrome/137.0.7151.103 Mobile Safari/537.36 (compatible; Googlebot/2.1; +http://www.google.com/bot.html)"
209.74.77.214 - - [19/Jul/2025:18:38:58 +0000] "POST /wp-cron.php?doing_wp_cron=1752950338.2100830078125000000000 HTTP/1.1" 200 - "-" "WordPress/6.8.2; https://sergio-cuchi.tattoo"
57.141.2.18 - - [19/Jul/2025:18:38:56 +0000] "GET /?h=99569230071600& HTTP/1.1" 301 - "-" "meta-externalagent/1.1 (+https://developers.facebook.com/docs/sharing/webmasters/crawler)"
209.74.77.214 - - [19/Jul/2025:18:45:36 +0000] "POST /wp-cron.php?doing_wp_cron=1752950736.3542039394378662109375 HTTP/1.1" 200 - "-" "WordPress/6.8.2; https://sergio-cuchi.tattoo"
43.130.106.18 - - [19/Jul/2025:18:45:34 +0000] "GET /tribal-tattoos-a-voyage-through-space-and-time/ HTTP/1.1" 200 18385 "-" "Mozilla/5.0 (iPhone; CPU iPhone OS 13_2_3 like Mac OS X) AppleWebKit/605.1.15 (KHTML, like Gecko) Version/13.0.3 Mobile/15E148 Safari/604.1"
45.227.253.15 - - [19/Jul/2025:18:47:04 +0000] "GET /index.php/jk HTTP/1.1" 200 59 "-" "Mozilla/5.0 (Windows NT 10.0; Win64; x64) AppleWebKit/537.36 (KHTML, like Gecko) Chrome/76.0.3800 Safari/537.36 Edg/76.0.140.6"
209.74.77.214 - - [19/Jul/2025:18:49:00 +0000] "POST /wp-cron.php?doing_wp_cron=1752950940.7184360027313232421875 HTTP/1.1" 200 - "-" "WordPress/6.8.2; https://sergio-cuchi.tattoo"
57.141.2.26 - - [19/Jul/2025:18:48:59 +0000] "GET /?h=8199241011600& HTTP/1.1" 301 - "-" "meta-externalagent/1.1 (+https://developers.facebook.com/docs/sharing/webmasters/crawler)"
209.74.77.214 - - [19/Jul/2025:18:52:42 +0000] "POST /wp-cron.php?doing_wp_cron=1752951162.3767991065979003906250 HTTP/1.1" 200 - "-" "WordPress/6.8.2; https://sergio-cuchi.tattoo"
57.141.2.13 - - [19/Jul/2025:18:52:41 +0000] "GET /?h=57329935051600& HTTP/1.1" 301 - "-" "meta-externalagent/1.1 (+https://developers.facebook.com/docs/sharing/webmasters/crawler)"
57.141.2.12 - - [19/Jul/2025:18:52:58 +0000] "GET /?h=57329935051600 HTTP/1.1" 200 97947 "-" "meta-externalagent/1.1 (+https://developers.facebook.com/docs/sharing/webmasters/crawler)"
