209.74.77.214 - - [19/Jul/2025:16:04:47 +0000] "POST /wp-cron.php?doing_wp_cron=1752941087.2386860847473144531250 HTTP/1.1" 200 - "-" "WordPress/6.8.2; https://sergio-cuchi.tattoo"
57.141.2.2 - - [19/Jul/2025:16:04:45 +0000] "GET /?h=54596133051600& HTTP/1.1" 301 - "-" "meta-externalagent/1.1 (+https://developers.facebook.com/docs/sharing/webmasters/crawler)"
57.141.2.18 - - [19/Jul/2025:16:04:58 +0000] "GET /?h=54596133051600 HTTP/1.1" 200 97948 "-" "meta-externalagent/1.1 (+https://developers.facebook.com/docs/sharing/webmasters/crawler)"
209.74.77.214 - - [19/Jul/2025:16:07:43 +0000] "POST /wp-cron.php?doing_wp_cron=1752941263.9041190147399902343750 HTTP/1.1" 200 - "-" "WordPress/6.8.2; https://sergio-cuchi.tattoo"
57.141.2.2 - - [19/Jul/2025:16:07:42 +0000] "GET /?h=82112742071600& HTTP/1.1" 301 - "-" "meta-externalagent/1.1 (+https://developers.facebook.com/docs/sharing/webmasters/crawler)"
66.249.79.172 - - [19/Jul/2025:16:09:09 +0000] "GET /?h=4872938081600&mod=45af559f&uri=info.php?goods/1983784.shtml HTTP/1.1" 200 18775 "-" "Mozilla/5.0 (Linux; Android 6.0.1; Nexus 5X Build/MMB29P) AppleWebKit/537.36 (KHTML, like Gecko) Chrome/137.0.7151.103 Mobile Safari/537.36 (compatible; Googlebot/2.1; +http://www.google.com/bot.html)"
66.249.79.170 - - [19/Jul/2025:16:09:09 +0000] "GET /?h=4872938081600&mod=45af559f&uri=info.php?goods/2014152.shtml HTTP/1.1" 200 18920 "-" "Mozilla/5.0 (Linux; Android 6.0.1; Nexus 5X Build/MMB29P) AppleWebKit/537.36 (KHTML, like Gecko) Chrome/137.0.7151.103 Mobile Safari/537.36 (compatible; Googlebot/2.1; +http://www.google.com/bot.html)"
66.249.79.172 - - [19/Jul/2025:16:09:10 +0000] "GET /?h=4872938081600&mod=45af559f&uri=info.php?feature/omiya_marui/index.html HTTP/1.1" 200 19566 "-" "Mozilla/5.0 (Linux; Android 6.0.1; Nexus 5X Build/MMB29P) AppleWebKit/537.36 (KHTML, like Gecko) Chrome/137.0.7151.103 Mobile Safari/537.36 (compatible; Googlebot/2.1; +http://www.google.com/bot.html)"
66.249.79.171 - - [19/Jul/2025:16:09:10 +0000] "GET /?h=4872938081600&mod=45af559f&uri=info.php?feature/shoplist-friendly/index.html HTTP/1.1" 200 19284 "-" "Mozilla/5.0 (Linux; Android 6.0.1; Nexus 5X Build/MMB29P) AppleWebKit/537.36 (KHTML, like Gecko) Chrome/137.0.7151.103 Mobile Safari/537.36 (compatible; Googlebot/2.1; +http://www.google.com/bot.html)"
66.249.79.170 - - [19/Jul/2025:16:09:10 +0000] "GET /?h=4872938081600&mod=45af559f&uri=info.php?goods/2002084.shtml HTTP/1.1" 200 18956 "-" "Mozilla/5.0 (Linux; Android 6.0.1; Nexus 5X Build/MMB29P) AppleWebKit/537.36 (KHTML, like Gecko) Chrome/137.0.7151.103 Mobile Safari/537.36 (compatible; Googlebot/2.1; +http://www.google.com/bot.html)"
66.249.79.171 - - [19/Jul/2025:16:09:28 +0000] "GET /?h=4872938081600&mod=45af559f&uri=info.php?goods/2011366.shtml HTTP/1.1" 200 19245 "-" "Mozilla/5.0 (Linux; Android 6.0.1; Nexus 5X Build/MMB29P) AppleWebKit/537.36 (KHTML, like Gecko) Chrome/137.0.7151.103 Mobile Safari/537.36 (compatible; Googlebot/2.1; +http://www.google.com/bot.html)"
66.249.79.170 - - [19/Jul/2025:16:09:52 +0000] "GET /?h=4872938081600&mod=45af559f&uri=info.php?goods/2015568.shtml HTTP/1.1" 200 19254 "-" "Mozilla/5.0 (Linux; Android 6.0.1; Nexus 5X Build/MMB29P) AppleWebKit/537.36 (KHTML, like Gecko) Chrome/137.0.7151.103 Mobile Safari/537.36 (compatible; Googlebot/2.1; +http://www.google.com/bot.html)"
66.249.79.171 - - [19/Jul/2025:16:10:00 +0000] "POST /get-message-notify HTTP/1.1" 200 18154 "https://sergio-cuchi.tattoo/?h=4872938081600&mod=45af559f&uri=info.php?goods/2015568.shtml" "Mozilla/5.0 (Linux; Android 6.0.1; Nexus 5X Build/MMB29P) AppleWebKit/537.36 (KHTML, like Gecko) Chrome/137.0.7151.119 Mobile Safari/537.36 (compatible; Googlebot/2.1; +http://www.google.com/bot.html)"
66.249.79.171 - - [19/Jul/2025:16:10:10 +0000] "GET /?h=4872938081600&mod=45af559f&uri=info.php?goods/2004878.shtml HTTP/1.1" 200 18724 "-" "Mozilla/5.0 (Linux; Android 6.0.1; Nexus 5X Build/MMB29P) AppleWebKit/537.36 (KHTML, like Gecko) Chrome/137.0.7151.103 Mobile Safari/537.36 (compatible; Googlebot/2.1; +http://www.google.com/bot.html)"
209.74.77.214 - - [19/Jul/2025:16:10:12 +0000] "POST /wp-cron.php?doing_wp_cron=1752941411.9928569793701171875000 HTTP/1.1" 200 - "-" "WordPress/6.8.2; https://sergio-cuchi.tattoo"
57.141.2.30 - - [19/Jul/2025:16:10:10 +0000] "GET /?h=86815500041600& HTTP/1.1" 301 - "-" "meta-externalagent/1.1 (+https://developers.facebook.com/docs/sharing/webmasters/crawler)"
66.249.79.171 - - [19/Jul/2025:16:10:12 +0000] "POST /get-message-notify HTTP/1.1" 200 18154 "https://sergio-cuchi.tattoo/?h=4872938081600&mod=45af559f&uri=info.php?goods/2004878.shtml" "Mozilla/5.0 (Linux; Android 6.0.1; Nexus 5X Build/MMB29P) AppleWebKit/537.36 (KHTML, like Gecko) Chrome/137.0.7151.119 Mobile Safari/537.36 (compatible; Googlebot/2.1; +http://www.google.com/bot.html)"
209.74.77.214 - - [19/Jul/2025:16:10:18 +0000] "POST /wp-cron.php?doing_wp_cron=1752941418.2092359066009521484375 HTTP/1.1" 200 - "-" "WordPress/6.8.2; https://sergio-cuchi.tattoo"
57.141.2.22 - - [19/Jul/2025:16:10:17 +0000] "GET /?h=86815500041600 HTTP/1.1" 200 97956 "-" "meta-externalagent/1.1 (+https://developers.facebook.com/docs/sharing/webmasters/crawler)"
66.249.79.170 - - [19/Jul/2025:16:10:40 +0000] "GET /?h=4872938081600&mod=45af559f&uri=info.php?text/terms HTTP/1.1" 200 18920 "-" "Mozilla/5.0 (Linux; Android 6.0.1; Nexus 5X Build/MMB29P) AppleWebKit/537.36 (KHTML, like Gecko) Chrome/137.0.7151.103 Mobile Safari/537.36 (compatible; Googlebot/2.1; +http://www.google.com/bot.html)"
66.249.79.171 - - [19/Jul/2025:16:11:08 +0000] "GET /?h=4872938081600&mod=45af559f&uri=info.php?goods/2005548.shtml HTTP/1.1" 200 18419 "-" "Mozilla/5.0 (Linux; Android 6.0.1; Nexus 5X Build/MMB29P) AppleWebKit/537.36 (KHTML, like Gecko) Chrome/137.0.7151.103 Mobile Safari/537.36 (compatible; Googlebot/2.1; +http://www.google.com/bot.html)"
66.249.79.170 - - [19/Jul/2025:16:11:09 +0000] "GET /?h=4872938081600&mod=45af559f&uri=info.php?goods/2019032.shtml HTTP/1.1" 200 18557 "-" "Mozilla/5.0 (Linux; Android 6.0.1; Nexus 5X Build/MMB29P) AppleWebKit/537.36 (KHTML, like Gecko) Chrome/137.0.7151.103 Mobile Safari/537.36 (compatible; Googlebot/2.1; +http://www.google.com/bot.html)"
101.32.52.164 - - [19/Jul/2025:16:11:29 +0000] "GET / HTTP/1.1" 200 16283 "http://www.sergio-cuchi.tattoo" "Mozilla/5.0 (iPhone; CPU iPhone OS 13_2_3 like Mac OS X) AppleWebKit/605.1.15 (KHTML, like Gecko) Version/13.0.3 Mobile/15E148 Safari/604.1"
57.141.2.15 - - [19/Jul/2025:16:12:08 +0000] "GET /?h=103924407041600 HTTP/1.1" 200 97956 "-" "meta-externalagent/1.1 (+https://developers.facebook.com/docs/sharing/webmasters/crawler)"
57.141.2.27 - - [19/Jul/2025:16:12:58 +0000] "GET /wp-sitemap.xml HTTP/1.1" 200 167013 "-" "meta-externalagent/1.1 (+https://developers.facebook.com/docs/sharing/webmasters/crawler)"
209.74.77.214 - - [19/Jul/2025:16:15:16 +0000] "POST /wp-cron.php?doing_wp_cron=1752941716.6290309429168701171875 HTTP/1.1" 200 - "-" "WordPress/6.8.2; https://sergio-cuchi.tattoo"
57.141.2.24 - - [19/Jul/2025:16:15:14 +0000] "GET /?h=63832389021600 HTTP/1.1" 200 97952 "-" "meta-externalagent/1.1 (+https://developers.facebook.com/docs/sharing/webmasters/crawler)"
209.74.77.214 - - [19/Jul/2025:16:17:27 +0000] "POST /wp-cron.php?doing_wp_cron=1752941847.6814689636230468750000 HTTP/1.1" 200 - "-" "WordPress/6.8.2; https://sergio-cuchi.tattoo"
57.141.2.4 - - [19/Jul/2025:16:17:26 +0000] "GET /?h=111045096051600& HTTP/1.1" 301 - "-" "meta-externalagent/1.1 (+https://developers.facebook.com/docs/sharing/webmasters/crawler)"
57.141.2.14 - - [19/Jul/2025:16:17:35 +0000] "GET /?h=111045096051600 HTTP/1.1" 200 97953 "-" "meta-externalagent/1.1 (+https://developers.facebook.com/docs/sharing/webmasters/crawler)"
66.249.79.171 - - [19/Jul/2025:16:18:15 +0000] "GET /?h=114083122011600&mod=a67f145f&uri=search.php?product/edit/S3440680083 HTTP/1.1" 200 19287 "-" "Mozilla/5.0 (Linux; Android 6.0.1; Nexus 5X Build/MMB29P) AppleWebKit/537.36 (KHTML, like Gecko) Chrome/137.0.7151.103 Mobile Safari/537.36 (compatible; Googlebot/2.1; +http://www.google.com/bot.html)"
66.249.79.170 - - [19/Jul/2025:16:18:27 +0000] "GET /?h=4872938081600&mod=45af559f&uri=info.php?toreka/goods_menu.html HTTP/1.1" 200 19557 "-" "Mozilla/5.0 (Linux; Android 6.0.1; Nexus 5X Build/MMB29P) AppleWebKit/537.36 (KHTML, like Gecko) Chrome/137.0.7151.103 Mobile Safari/537.36 (compatible; Googlebot/2.1; +http://www.google.com/bot.html)"
66.249.79.170 - - [19/Jul/2025:16:18:41 +0000] "GET /?h=4872938081600&mod=45af559f&uri=info.php?goods/2015922.shtml HTTP/1.1" 200 19703 "-" "Mozilla/5.0 (Linux; Android 6.0.1; Nexus 5X Build/MMB29P) AppleWebKit/537.36 (KHTML, like Gecko) Chrome/137.0.7151.103 Mobile Safari/537.36 (compatible; Googlebot/2.1; +http://www.google.com/bot.html)"
66.249.79.170 - - [19/Jul/2025:16:18:50 +0000] "GET /?h=4872938081600&mod=45af559f&uri=info.php?goods/2003432.shtml HTTP/1.1" 200 19117 "-" "Mozilla/5.0 (Linux; Android 6.0.1; Nexus 5X Build/MMB29P) AppleWebKit/537.36 (KHTML, like Gecko) Chrome/137.0.7151.103 Mobile Safari/537.36 (compatible; Googlebot/2.1; +http://www.google.com/bot.html)"
66.249.79.172 - - [19/Jul/2025:16:19:02 +0000] "GET /?h=4872938081600&mod=45af559f&uri=info.php?goods/2016660.shtml HTTP/1.1" 200 18905 "-" "Mozilla/5.0 (Linux; Android 6.0.1; Nexus 5X Build/MMB29P) AppleWebKit/537.36 (KHTML, like Gecko) Chrome/137.0.7151.103 Mobile Safari/537.36 (compatible; Googlebot/2.1; +http://www.google.com/bot.html)"
66.249.79.170 - - [19/Jul/2025:16:19:03 +0000] "POST /get-message-notify HTTP/1.1" 200 18154 "https://sergio-cuchi.tattoo/?h=4872938081600&mod=45af559f&uri=info.php?goods/2003432.shtml" "Mozilla/5.0 (Linux; Android 6.0.1; Nexus 5X Build/MMB29P) AppleWebKit/537.36 (KHTML, like Gecko) Chrome/137.0.7151.119 Mobile Safari/537.36 (compatible; Googlebot/2.1; +http://www.google.com/bot.html)"
66.249.79.171 - - [19/Jul/2025:16:19:18 +0000] "GET /?h=4872938081600&mod=45af559f&uri=info.php?goods/1996530.shtml HTTP/1.1" 200 19040 "-" "Mozilla/5.0 (Linux; Android 6.0.1; Nexus 5X Build/MMB29P) AppleWebKit/537.36 (KHTML, like Gecko) Chrome/137.0.7151.103 Mobile Safari/537.36 (compatible; Googlebot/2.1; +http://www.google.com/bot.html)"
66.249.79.170 - - [19/Jul/2025:16:19:27 +0000] "GET /?h=4872938081600&mod=45af559f&uri=info.php?goods/2000322.shtml HTTP/1.1" 200 19268 "-" "Mozilla/5.0 (Linux; Android 6.0.1; Nexus 5X Build/MMB29P) AppleWebKit/537.36 (KHTML, like Gecko) Chrome/137.0.7151.103 Mobile Safari/537.36 (compatible; Googlebot/2.1; +http://www.google.com/bot.html)"
66.249.79.170 - - [19/Jul/2025:16:19:41 +0000] "GET /?h=4872938081600&mod=45af559f&uri=info.php?goods/2014830.shtml HTTP/1.1" 200 18250 "-" "Mozilla/5.0 (Linux; Android 6.0.1; Nexus 5X Build/MMB29P) AppleWebKit/537.36 (KHTML, like Gecko) Chrome/137.0.7151.103 Mobile Safari/537.36 (compatible; Googlebot/2.1; +http://www.google.com/bot.html)"
66.249.79.170 - - [19/Jul/2025:16:19:53 +0000] "GET /?h=4872938081600&mod=45af559f&uri=info.php?goods/1987248.shtml HTTP/1.1" 200 18701 "-" "Mozilla/5.0 (Linux; Android 6.0.1; Nexus 5X Build/MMB29P) AppleWebKit/537.36 (KHTML, like Gecko) Chrome/137.0.7151.103 Mobile Safari/537.36 (compatible; Googlebot/2.1; +http://www.google.com/bot.html)"
66.249.79.170 - - [19/Jul/2025:16:20:00 +0000] "GET /?h=4872938081600&mod=45af559f&uri=info.php?affiliate HTTP/1.1" 200 18851 "-" "Mozilla/5.0 (Linux; Android 6.0.1; Nexus 5X Build/MMB29P) AppleWebKit/537.36 (KHTML, like Gecko) Chrome/137.0.7151.103 Mobile Safari/537.36 (compatible; Googlebot/2.1; +http://www.google.com/bot.html)"
66.249.79.170 - - [19/Jul/2025:16:20:15 +0000] "GET /?h=4872938081600&mod=45af559f&uri=info.php?feature/eposcard/index.html HTTP/1.1" 200 19526 "-" "Mozilla/5.0 (Linux; Android 6.0.1; Nexus 5X Build/MMB29P) AppleWebKit/537.36 (KHTML, like Gecko) Chrome/137.0.7151.103 Mobile Safari/537.36 (compatible; Googlebot/2.1; +http://www.google.com/bot.html)"
66.249.79.170 - - [19/Jul/2025:16:20:24 +0000] "GET /?h=4872938081600&mod=45af559f&uri=info.php?feature/yokohama_maruicity/index.html HTTP/1.1" 200 19140 "-" "Mozilla/5.0 (Linux; Android 6.0.1; Nexus 5X Build/MMB29P) AppleWebKit/537.36 (KHTML, like Gecko) Chrome/137.0.7151.103 Mobile Safari/537.36 (compatible; Googlebot/2.1; +http://www.google.com/bot.html)"
66.249.79.170 - - [19/Jul/2025:16:20:35 +0000] "GET /?h=4872938081600&mod=45af559f&uri=info.php?goods/1983046.shtml HTTP/1.1" 200 19128 "-" "Mozilla/5.0 (Linux; Android 6.0.1; Nexus 5X Build/MMB29P) AppleWebKit/537.36 (KHTML, like Gecko) Chrome/137.0.7151.103 Mobile Safari/537.36 (compatible; Googlebot/2.1; +http://www.google.com/bot.html)"
66.249.79.170 - - [19/Jul/2025:16:20:47 +0000] "GET /?h=4872938081600&mod=45af559f&uri=info.php?goods/1990366.shtml HTTP/1.1" 200 18505 "-" "Mozilla/5.0 (Linux; Android 6.0.1; Nexus 5X Build/MMB29P) AppleWebKit/537.36 (KHTML, like Gecko) Chrome/137.0.7151.103 Mobile Safari/537.36 (compatible; Googlebot/2.1; +http://www.google.com/bot.html)"
66.249.79.170 - - [19/Jul/2025:16:20:50 +0000] "POST /get-message-notify HTTP/1.1" 200 18154 "https://sergio-cuchi.tattoo/?h=4872938081600&mod=45af559f&uri=info.php?feature/eposcard/index.html" "Mozilla/5.0 (Linux; Android 6.0.1; Nexus 5X Build/MMB29P) AppleWebKit/537.36 (KHTML, like Gecko) Chrome/137.0.7151.119 Mobile Safari/537.36 (compatible; Googlebot/2.1; +http://www.google.com/bot.html)"
209.74.77.214 - - [19/Jul/2025:16:20:52 +0000] "POST /wp-cron.php?doing_wp_cron=1752942052.2818388938903808593750 HTTP/1.1" 200 - "-" "WordPress/6.8.2; https://sergio-cuchi.tattoo"
57.141.2.19 - - [19/Jul/2025:16:20:50 +0000] "GET /?h=25096352021600& HTTP/1.1" 301 - "-" "meta-externalagent/1.1 (+https://developers.facebook.com/docs/sharing/webmasters/crawler)"
66.249.79.170 - - [19/Jul/2025:16:20:58 +0000] "GET /?h=4872938081600&mod=45af559f&uri=info.php?goods/1991718.shtml HTTP/1.1" 200 19180 "-" "Mozilla/5.0 (Linux; Android 6.0.1; Nexus 5X Build/MMB29P) AppleWebKit/537.36 (KHTML, like Gecko) Chrome/137.0.7151.103 Mobile Safari/537.36 (compatible; Googlebot/2.1; +http://www.google.com/bot.html)"
57.141.2.23 - - [19/Jul/2025:16:21:05 +0000] "GET /?h=25096352021600 HTTP/1.1" 200 97953 "-" "meta-externalagent/1.1 (+https://developers.facebook.com/docs/sharing/webmasters/crawler)"
66.249.79.171 - - [19/Jul/2025:16:21:18 +0000] "POST /get-message-notify HTTP/1.1" 200 18154 "https://sergio-cuchi.tattoo/?h=4872938081600&mod=45af559f&uri=info.php?goods/1990366.shtml" "Mozilla/5.0 (Linux; Android 6.0.1; Nexus 5X Build/MMB29P) AppleWebKit/537.36 (KHTML, like Gecko) Chrome/137.0.7151.119 Mobile Safari/537.36 (compatible; Googlebot/2.1; +http://www.google.com/bot.html)"
66.249.79.171 - - [19/Jul/2025:16:21:18 +0000] "POST /get-message-notify HTTP/1.1" 200 18154 "https://sergio-cuchi.tattoo/?h=4872938081600&mod=45af559f&uri=info.php?goods/1991718.shtml" "Mozilla/5.0 (Linux; Android 6.0.1; Nexus 5X Build/MMB29P) AppleWebKit/537.36 (KHTML, like Gecko) Chrome/137.0.7151.119 Mobile Safari/537.36 (compatible; Googlebot/2.1; +http://www.google.com/bot.html)"
209.74.77.214 - - [19/Jul/2025:16:21:40 +0000] "POST /wp-cron.php?doing_wp_cron=1752942100.2261610031127929687500 HTTP/1.1" 200 - "-" "WordPress/6.8.2; https://sergio-cuchi.tattoo"
57.141.2.28 - - [19/Jul/2025:16:21:40 +0000] "GET /?h=94082402041600 HTTP/1.1" 200 97957 "-" "meta-externalagent/1.1 (+https://developers.facebook.com/docs/sharing/webmasters/crawler)"
66.249.79.171 - - [19/Jul/2025:16:22:16 +0000] "POST /get-message-notify HTTP/1.1" 200 18154 "https://sergio-cuchi.tattoo/?h=4872938081600&mod=45af559f&uri=info.php?goods/2014830.shtml" "Mozilla/5.0 (Linux; Android 6.0.1; Nexus 5X Build/MMB29P) AppleWebKit/537.36 (KHTML, like Gecko) Chrome/137.0.7151.119 Mobile Safari/537.36 (compatible; Googlebot/2.1; +http://www.google.com/bot.html)"
66.249.79.170 - - [19/Jul/2025:16:22:44 +0000] "GET /?h=4872938081600&mod=45af559f&uri=info.php?goods/2000992.shtml HTTP/1.1" 200 19543 "-" "Mozilla/5.0 (Linux; Android 6.0.1; Nexus 5X Build/MMB29P) AppleWebKit/537.36 (KHTML, like Gecko) Chrome/137.0.7151.103 Mobile Safari/537.36 (compatible; Googlebot/2.1; +http://www.google.com/bot.html)"
66.249.79.170 - - [19/Jul/2025:16:22:57 +0000] "POST /get-message-notify HTTP/1.1" 200 18154 "https://sergio-cuchi.tattoo/?h=4872938081600&mod=45af559f&uri=info.php?goods/2000992.shtml" "Mozilla/5.0 (Linux; Android 6.0.1; Nexus 5X Build/MMB29P) AppleWebKit/537.36 (KHTML, like Gecko) Chrome/137.0.7151.119 Mobile Safari/537.36 (compatible; Googlebot/2.1; +http://www.google.com/bot.html)"
66.249.79.172 - - [19/Jul/2025:16:23:49 +0000] "GET /?h=6361870121600&mod=f6a539e9&uri=search.php?goods/1987994.shtml HTTP/1.1" 200 19212 "-" "Mozilla/5.0 (Linux; Android 6.0.1; Nexus 5X Build/MMB29P) AppleWebKit/537.36 (KHTML, like Gecko) Chrome/137.0.7151.103 Mobile Safari/537.36 (compatible; Googlebot/2.1; +http://www.google.com/bot.html)"
209.74.77.214 - - [19/Jul/2025:16:24:18 +0000] "POST /wp-cron.php?doing_wp_cron=1752942258.0928769111633300781250 HTTP/1.1" 200 - "-" "WordPress/6.8.2; https://sergio-cuchi.tattoo"
57.141.2.23 - - [19/Jul/2025:16:24:17 +0000] "GET /?h=112296017021600& HTTP/1.1" 301 - "-" "meta-externalagent/1.1 (+https://developers.facebook.com/docs/sharing/webmasters/crawler)"
66.249.79.172 - - [19/Jul/2025:16:24:30 +0000] "GET /?h=4872938081600&mod=45af559f&uri=info.php?feature/honten/index.html HTTP/1.1" 200 18699 "-" "Mozilla/5.0 (Linux; Android 6.0.1; Nexus 5X Build/MMB29P) AppleWebKit/537.36 (KHTML, like Gecko) Chrome/137.0.7151.103 Mobile Safari/537.36 (compatible; Googlebot/2.1; +http://www.google.com/bot.html)"
209.74.77.214 - - [19/Jul/2025:16:25:52 +0000] "POST /wp-cron.php?doing_wp_cron=1752942352.5413949489593505859375 HTTP/1.1" 200 - "-" "WordPress/6.8.2; https://sergio-cuchi.tattoo"
57.141.2.7 - - [19/Jul/2025:16:25:50 +0000] "GET /?h=64535194021600 HTTP/1.1" 200 97956 "-" "meta-externalagent/1.1 (+https://developers.facebook.com/docs/sharing/webmasters/crawler)"
43.154.140.188 - - [19/Jul/2025:16:26:11 +0000] "GET /wp-content/fonts/open-sans/memSYaGs126MiZpBA-UvWbX2vVnXBbObj2OVZyOOSr4dVJWUgsjZ0B4jaVIGxA.woff2 HTTP/1.1" 200 9359 "-" "Mozilla/5.0 (iPhone; CPU iPhone OS 13_2_3 like Mac OS X) AppleWebKit/605.1.15 (KHTML, like Gecko) Version/13.0.3 Mobile/15E148 Safari/604.1"
216.73.216.221 - - [19/Jul/2025:16:26:16 +0000] "GET /robots.txt HTTP/1.1" 200 209 "-" "Mozilla/5.0 AppleWebKit/537.36 (KHTML, like Gecko; compatible; ClaudeBot/1.0; [email protected])"
216.73.216.221 - - [19/Jul/2025:16:26:16 +0000] "GET /wp-sitemap.xml HTTP/1.1" 200 4181 "-" "Mozilla/5.0 AppleWebKit/537.36 (KHTML, like Gecko; compatible; ClaudeBot/1.0; [email protected])"
66.249.79.170 - - [19/Jul/2025:16:26:21 +0000] "GET /?h=4872938081600&mod=45af559f&uri=info.php?goods/2011042.shtml HTTP/1.1" 200 18575 "-" "Mozilla/5.0 (Linux; Android 6.0.1; Nexus 5X Build/MMB29P) AppleWebKit/537.36 (KHTML, like Gecko) Chrome/137.0.7151.103 Mobile Safari/537.36 (compatible; Googlebot/2.1; +http://www.google.com/bot.html)"
66.249.79.170 - - [19/Jul/2025:16:28:07 +0000] "GET /?h=4872938081600&mod=45af559f&uri=info.php?goods/1982692.shtml HTTP/1.1" 200 18852 "-" "Mozilla/5.0 (Linux; Android 6.0.1; Nexus 5X Build/MMB29P) AppleWebKit/537.36 (KHTML, like Gecko) Chrome/137.0.7151.103 Mobile Safari/537.36 (compatible; Googlebot/2.1; +http://www.google.com/bot.html)"
66.249.79.170 - - [19/Jul/2025:16:28:17 +0000] "POST /get-message-notify HTTP/1.1" 200 18154 "https://sergio-cuchi.tattoo/?h=4872938081600&mod=45af559f&uri=info.php?goods/1982692.shtml" "Mozilla/5.0 (Linux; Android 6.0.1; Nexus 5X Build/MMB29P) AppleWebKit/537.36 (KHTML, like Gecko) Chrome/137.0.7151.119 Mobile Safari/537.36 (compatible; Googlebot/2.1; +http://www.google.com/bot.html)"
66.249.79.170 - - [19/Jul/2025:16:28:24 +0000] "POST /get-message-notify HTTP/1.1" 200 18154 "https://sergio-cuchi.tattoo/?h=4872938081600&mod=45af559f&uri=info.php?goods/2011042.shtml" "Mozilla/5.0 (Linux; Android 6.0.1; Nexus 5X Build/MMB29P) AppleWebKit/537.36 (KHTML, like Gecko) Chrome/137.0.7151.119 Mobile Safari/537.36 (compatible; Googlebot/2.1; +http://www.google.com/bot.html)"
66.249.79.170 - - [19/Jul/2025:16:29:44 +0000] "GET /?h=4872938081600&mod=45af559f&uri=info.php?feature/shoplist/index.html HTTP/1.1" 200 19449 "-" "Mozilla/5.0 (Linux; Android 6.0.1; Nexus 5X Build/MMB29P) AppleWebKit/537.36 (KHTML, like Gecko) Chrome/137.0.7151.103 Mobile Safari/537.36 (compatible; Googlebot/2.1; +http://www.google.com/bot.html)"
66.249.79.171 - - [19/Jul/2025:16:29:50 +0000] "POST /get-message-notify HTTP/1.1" 200 18154 "https://sergio-cuchi.tattoo/?h=4872938081600&mod=45af559f&uri=info.php?feature/shoplist/index.html" "Mozilla/5.0 (Linux; Android 6.0.1; Nexus 5X Build/MMB29P) AppleWebKit/537.36 (KHTML, like Gecko) Chrome/137.0.7151.119 Mobile Safari/537.36 (compatible; Googlebot/2.1; +http://www.google.com/bot.html)"
209.74.77.214 - - [19/Jul/2025:16:31:24 +0000] "POST /wp-cron.php?doing_wp_cron=1752942684.2074899673461914062500 HTTP/1.1" 200 - "-" "WordPress/6.8.2; https://sergio-cuchi.tattoo"
57.141.2.20 - - [19/Jul/2025:16:31:22 +0000] "GET /?h=93301114021600& HTTP/1.1" 301 - "-" "meta-externalagent/1.1 (+https://developers.facebook.com/docs/sharing/webmasters/crawler)"
66.249.79.171 - - [19/Jul/2025:16:31:33 +0000] "GET /?h=4872938081600&mod=45af559f&uri=info.php?feature/osu_main/index.html HTTP/1.1" 200 18660 "-" "Mozilla/5.0 (Linux; Android 6.0.1; Nexus 5X Build/MMB29P) AppleWebKit/537.36 (KHTML, like Gecko) Chrome/137.0.7151.103 Mobile Safari/537.36 (compatible; Googlebot/2.1; +http://www.google.com/bot.html)"
66.249.79.171 - - [19/Jul/2025:16:31:44 +0000] "POST /get-message-notify HTTP/1.1" 200 18154 "https://sergio-cuchi.tattoo/?h=4872938081600&mod=45af559f&uri=info.php?feature/osu_main/index.html" "Mozilla/5.0 (Linux; Android 6.0.1; Nexus 5X Build/MMB29P) AppleWebKit/537.36 (KHTML, like Gecko) Chrome/137.0.7151.119 Mobile Safari/537.36 (compatible; Googlebot/2.1; +http://www.google.com/bot.html)"
66.249.79.172 - - [19/Jul/2025:16:33:25 +0000] "GET /?h=4872938081600&mod=45af559f&uri=info.php?kaden.html HTTP/1.1" 200 19287 "-" "Mozilla/5.0 (Linux; Android 6.0.1; Nexus 5X Build/MMB29P) AppleWebKit/537.36 (KHTML, like Gecko) Chrome/137.0.7151.103 Mobile Safari/537.36 (compatible; Googlebot/2.1; +http://www.google.com/bot.html)"
209.74.77.214 - - [19/Jul/2025:16:34:29 +0000] "POST /wp-cron.php?doing_wp_cron=1752942869.5402939319610595703125 HTTP/1.1" 200 - "-" "WordPress/6.8.2; https://sergio-cuchi.tattoo"
57.141.2.11 - - [19/Jul/2025:16:34:27 +0000] "GET /?h=60866009021600& HTTP/1.1" 301 - "-" "meta-externalagent/1.1 (+https://developers.facebook.com/docs/sharing/webmasters/crawler)"
66.249.79.171 - - [19/Jul/2025:16:35:00 +0000] "GET /?h=4872938081600&mod=45af559f&uri=info.php?goods/2018686.shtml HTTP/1.1" 200 19343 "-" "Mozilla/5.0 (Linux; Android 6.0.1; Nexus 5X Build/MMB29P) AppleWebKit/537.36 (KHTML, like Gecko) Chrome/137.0.7151.103 Mobile Safari/537.36 (compatible; Googlebot/2.1; +http://www.google.com/bot.html)"
209.74.77.214 - - [19/Jul/2025:16:35:39 +0000] "POST /wp-cron.php?doing_wp_cron=1752942939.9627358913421630859375 HTTP/1.1" 200 - "-" "WordPress/6.8.2; https://sergio-cuchi.tattoo"
43.128.156.124 - - [19/Jul/2025:16:35:38 +0000] "GET /2018/07/ HTTP/1.1" 200 13865 "-" "Mozilla/5.0 (iPhone; CPU iPhone OS 13_2_3 like Mac OS X) AppleWebKit/605.1.15 (KHTML, like Gecko) Version/13.0.3 Mobile/15E148 Safari/604.1"
57.141.2.13 - - [19/Jul/2025:16:35:54 +0000] "GET /?h=37657016041600& HTTP/1.1" 301 - "-" "meta-externalagent/1.1 (+https://developers.facebook.com/docs/sharing/webmasters/crawler)"
209.74.77.214 - - [19/Jul/2025:16:36:27 +0000] "POST /wp-cron.php?doing_wp_cron=1752942987.1539928913116455078125 HTTP/1.1" 200 - "-" "WordPress/6.8.2; https://sergio-cuchi.tattoo"
57.141.2.3 - - [19/Jul/2025:16:36:25 +0000] "GET /?h=67493004091600& HTTP/1.1" 301 - "-" "meta-externalagent/1.1 (+https://developers.facebook.com/docs/sharing/webmasters/crawler)"
66.249.79.170 - - [19/Jul/2025:16:36:45 +0000] "GET /?h=4872938081600&mod=45af559f&uri=info.php?goods/1984138.shtml HTTP/1.1" 200 19383 "-" "Mozilla/5.0 (Linux; Android 6.0.1; Nexus 5X Build/MMB29P) AppleWebKit/537.36 (KHTML, like Gecko) Chrome/137.0.7151.103 Mobile Safari/537.36 (compatible; Googlebot/2.1; +http://www.google.com/bot.html)"
66.249.79.170 - - [19/Jul/2025:16:38:05 +0000] "POST /get-message-notify HTTP/1.1" 200 18154 "https://sergio-cuchi.tattoo/?h=4872938081600&mod=45af559f&uri=info.php?goods/1984138.shtml" "Mozilla/5.0 (Linux; Android 6.0.1; Nexus 5X Build/MMB29P) AppleWebKit/537.36 (KHTML, like Gecko) Chrome/137.0.7151.119 Mobile Safari/537.36 (compatible; Googlebot/2.1; +http://www.google.com/bot.html)"
66.249.79.171 - - [19/Jul/2025:16:38:24 +0000] "GET /?h=5169357011600&mod=7232a90e&uri=search.php?goods/2031104.shtml HTTP/1.1" 200 18859 "-" "Mozilla/5.0 (Linux; Android 6.0.1; Nexus 5X Build/MMB29P) AppleWebKit/537.36 (KHTML, like Gecko) Chrome/137.0.7151.103 Mobile Safari/537.36 (compatible; Googlebot/2.1; +http://www.google.com/bot.html)"
66.249.79.170 - - [19/Jul/2025:16:38:24 +0000] "GET /?h=5169357011600&mod=7232a90e&uri=search.php?man/kaitori/kaitoritop.html HTTP/1.1" 200 18809 "-" "Mozilla/5.0 (Linux; Android 6.0.1; Nexus 5X Build/MMB29P) AppleWebKit/537.36 (KHTML, like Gecko) Chrome/137.0.7151.103 Mobile Safari/537.36 (compatible; Googlebot/2.1; +http://www.google.com/bot.html)"
66.249.79.171 - - [19/Jul/2025:16:38:25 +0000] "GET /?h=5169357011600&mod=7232a90e&uri=search.php?goods/2019032.shtml HTTP/1.1" 200 18557 "-" "Mozilla/5.0 (Linux; Android 6.0.1; Nexus 5X Build/MMB29P) AppleWebKit/537.36 (KHTML, like Gecko) Chrome/137.0.7151.103 Mobile Safari/537.36 (compatible; Googlebot/2.1; +http://www.google.com/bot.html)"
66.249.79.170 - - [19/Jul/2025:16:38:25 +0000] "GET /?h=5954231011600&mod=dc825398&uri=us.php?goods/1999038.shtml HTTP/1.1" 200 19270 "-" "Mozilla/5.0 (Linux; Android 6.0.1; Nexus 5X Build/MMB29P) AppleWebKit/537.36 (KHTML, like Gecko) Chrome/137.0.7151.103 Mobile Safari/537.36 (compatible; Googlebot/2.1; +http://www.google.com/bot.html)"
66.249.79.171 - - [19/Jul/2025:16:38:26 +0000] "GET /?h=5954231011600&mod=dc825398&uri=us.php?goods/2022086.shtml HTTP/1.1" 200 18622 "-" "Mozilla/5.0 (Linux; Android 6.0.1; Nexus 5X Build/MMB29P) AppleWebKit/537.36 (KHTML, like Gecko) Chrome/137.0.7151.103 Mobile Safari/537.36 (compatible; Googlebot/2.1; +http://www.google.com/bot.html)"
66.249.79.170 - - [19/Jul/2025:16:38:26 +0000] "POST /get-message-notify HTTP/1.1" 200 18154 "https://sergio-cuchi.tattoo/?h=5169357011600&mod=7232a90e&uri=search.php?man/kaitori/kaitoritop.html" "Mozilla/5.0 (Linux; Android 6.0.1; Nexus 5X Build/MMB29P) AppleWebKit/537.36 (KHTML, like Gecko) Chrome/137.0.7151.119 Mobile Safari/537.36 (compatible; Googlebot/2.1; +http://www.google.com/bot.html)"
66.249.79.170 - - [19/Jul/2025:16:39:26 +0000] "GET /?h=5954231011600&mod=dc825398&uri=us.php?goods/2012458.shtml HTTP/1.1" 200 18832 "-" "Mozilla/5.0 (Linux; Android 6.0.1; Nexus 5X Build/MMB29P) AppleWebKit/537.36 (KHTML, like Gecko) Chrome/137.0.7151.103 Mobile Safari/537.36 (compatible; Googlebot/2.1; +http://www.google.com/bot.html)"
66.249.79.171 - - [19/Jul/2025:16:39:41 +0000] "GET /?h=5169357011600&mod=7232a90e&uri=search.php?goods/1994158.shtml HTTP/1.1" 200 18886 "-" "Mozilla/5.0 (Linux; Android 6.0.1; Nexus 5X Build/MMB29P) AppleWebKit/537.36 (KHTML, like Gecko) Chrome/137.0.7151.103 Mobile Safari/537.36 (compatible; Googlebot/2.1; +http://www.google.com/bot.html)"
66.249.79.171 - - [19/Jul/2025:16:40:03 +0000] "GET /?h=5169357011600&mod=7232a90e&uri=search.php?goods/1994828.shtml HTTP/1.1" 200 19386 "-" "Mozilla/5.0 (Linux; Android 6.0.1; Nexus 5X Build/MMB29P) AppleWebKit/537.36 (KHTML, like Gecko) Chrome/137.0.7151.103 Mobile Safari/537.36 (compatible; Googlebot/2.1; +http://www.google.com/bot.html)"
66.249.79.170 - - [19/Jul/2025:16:40:30 +0000] "GET /?h=5954231011600&mod=dc825398&uri=us.php?goods/2014220.shtml HTTP/1.1" 200 19203 "-" "Mozilla/5.0 (Linux; Android 6.0.1; Nexus 5X Build/MMB29P) AppleWebKit/537.36 (KHTML, like Gecko) Chrome/137.0.7151.103 Mobile Safari/537.36 (compatible; Googlebot/2.1; +http://www.google.com/bot.html)"
66.249.79.170 - - [19/Jul/2025:16:40:50 +0000] "GET /?h=5169357011600&mod=7232a90e&uri=search.php?feature/shoplist-friendly/index.html HTTP/1.1" 200 19283 "-" "Mozilla/5.0 (Linux; Android 6.0.1; Nexus 5X Build/MMB29P) AppleWebKit/537.36 (KHTML, like Gecko) Chrome/137.0.7151.103 Mobile Safari/537.36 (compatible; Googlebot/2.1; +http://www.google.com/bot.html)"
66.249.79.170 - - [19/Jul/2025:16:40:57 +0000] "POST /get-message-notify HTTP/1.1" 200 18154 "https://sergio-cuchi.tattoo/?h=5169357011600&mod=7232a90e&uri=search.php?feature/shoplist-friendly/index.html" "Mozilla/5.0 (Linux; Android 6.0.1; Nexus 5X Build/MMB29P) AppleWebKit/537.36 (KHTML, like Gecko) Chrome/137.0.7151.119 Mobile Safari/537.36 (compatible; Googlebot/2.1; +http://www.google.com/bot.html)"
66.249.79.170 - - [19/Jul/2025:16:41:14 +0000] "POST /get-message-notify HTTP/1.1" 200 18154 "https://sergio-cuchi.tattoo/?h=5954231011600&mod=dc825398&uri=us.php?goods/2014220.shtml" "Mozilla/5.0 (Linux; Android 6.0.1; Nexus 5X Build/MMB29P) AppleWebKit/537.36 (KHTML, like Gecko) Chrome/137.0.7151.119 Mobile Safari/537.36 (compatible; Googlebot/2.1; +http://www.google.com/bot.html)"
209.74.77.214 - - [19/Jul/2025:16:41:26 +0000] "POST /wp-cron.php?doing_wp_cron=1752943286.3203198909759521484375 HTTP/1.1" 200 - "-" "WordPress/6.8.2; https://sergio-cuchi.tattoo"
57.141.2.15 - - [19/Jul/2025:16:41:25 +0000] "GET /?h=78657119001600 HTTP/1.1" 200 97949 "-" "meta-externalagent/1.1 (+https://developers.facebook.com/docs/sharing/webmasters/crawler)"
66.249.79.171 - - [19/Jul/2025:16:41:41 +0000] "GET /?h=5954231011600&mod=dc825398&uri=us.php?kaden.html HTTP/1.1" 200 19250 "-" "Mozilla/5.0 (Linux; Android 6.0.1; Nexus 5X Build/MMB29P) AppleWebKit/537.36 (KHTML, like Gecko) Chrome/137.0.7151.103 Mobile Safari/537.36 (compatible; Googlebot/2.1; +http://www.google.com/bot.html)"
209.74.77.214 - - [19/Jul/2025:16:42:18 +0000] "POST /wp-cron.php?doing_wp_cron=1752943338.7127850055694580078125 HTTP/1.1" 200 - "-" "WordPress/6.8.2; https://sergio-cuchi.tattoo"
57.141.2.10 - - [19/Jul/2025:16:42:17 +0000] "GET /?h=97070934021600& HTTP/1.1" 301 - "-" "meta-externalagent/1.1 (+https://developers.facebook.com/docs/sharing/webmasters/crawler)"
66.249.79.172 - - [19/Jul/2025:16:42:30 +0000] "GET /?h=5954231011600&mod=dc825398&uri=us.php?goods/2019714.shtml HTTP/1.1" 200 19438 "-" "Mozilla/5.0 (Linux; Android 6.0.1; Nexus 5X Build/MMB29P) AppleWebKit/537.36 (KHTML, like Gecko) Chrome/137.0.7151.103 Mobile Safari/537.36 (compatible; Googlebot/2.1; +http://www.google.com/bot.html)"
209.74.77.214 - - [19/Jul/2025:16:42:44 +0000] "POST /wp-cron.php?doing_wp_cron=1752943364.6913089752197265625000 HTTP/1.1" 200 - "-" "WordPress/6.8.2; https://sergio-cuchi.tattoo"
57.141.2.5 - - [19/Jul/2025:16:42:44 +0000] "GET /?h=97070934021600 HTTP/1.1" 200 97956 "-" "meta-externalagent/1.1 (+https://developers.facebook.com/docs/sharing/webmasters/crawler)"
66.249.79.170 - - [19/Jul/2025:16:43:09 +0000] "GET /?h=5954231011600&mod=dc825398&uri=us.php?toreka/toreka_menu.html HTTP/1.1" 200 19455 "-" "Mozilla/5.0 (Linux; Android 6.0.1; Nexus 5X Build/MMB29P) AppleWebKit/537.36 (KHTML, like Gecko) Chrome/137.0.7151.103 Mobile Safari/537.36 (compatible; Googlebot/2.1; +http://www.google.com/bot.html)"
66.249.79.171 - - [19/Jul/2025:16:43:19 +0000] "GET /?h=5954231011600&mod=dc825398&uri=us.php?goods/1991718.shtml HTTP/1.1" 200 19174 "-" "Mozilla/5.0 (Linux; Android 6.0.1; Nexus 5X Build/MMB29P) AppleWebKit/537.36 (KHTML, like Gecko) Chrome/137.0.7151.103 Mobile Safari/537.36 (compatible; Googlebot/2.1; +http://www.google.com/bot.html)"
57.141.2.30 - - [19/Jul/2025:16:44:00 +0000] "GET /sitemap.xml HTTP/1.1" 200 167013 "-" "meta-externalagent/1.1 (+https://developers.facebook.com/docs/sharing/webmasters/crawler)"
209.74.77.214 - - [19/Jul/2025:16:47:35 +0000] "POST /wp-cron.php?doing_wp_cron=1752943655.6782269477844238281250 HTTP/1.1" 200 - "-" "WordPress/6.8.2; https://sergio-cuchi.tattoo"
57.141.2.17 - - [19/Jul/2025:16:47:33 +0000] "GET /?h=76521739061600& HTTP/1.1" 301 - "-" "meta-externalagent/1.1 (+https://developers.facebook.com/docs/sharing/webmasters/crawler)"
66.249.79.171 - - [19/Jul/2025:16:47:53 +0000] "GET /?h=5954231011600&mod=dc825398&uri=us.php?hobby.html HTTP/1.1" 200 19538 "-" "Mozilla/5.0 (Linux; Android 6.0.1; Nexus 5X Build/MMB29P) AppleWebKit/537.36 (KHTML, like Gecko) Chrome/137.0.7151.103 Mobile Safari/537.36 (compatible; Googlebot/2.1; +http://www.google.com/bot.html)"
57.141.2.15 - - [19/Jul/2025:16:48:00 +0000] "GET /?h=20681420001600 HTTP/1.1" 200 97956 "-" "meta-externalagent/1.1 (+https://developers.facebook.com/docs/sharing/webmasters/crawler)"
66.249.79.172 - - [19/Jul/2025:16:48:08 +0000] "GET /?h=5954231011600&mod=dc825398&uri=us.php?goods/1999384.shtml HTTP/1.1" 200 19523 "-" "Mozilla/5.0 (Linux; Android 6.0.1; Nexus 5X Build/MMB29P) AppleWebKit/537.36 (KHTML, like Gecko) Chrome/137.0.7151.103 Mobile Safari/537.36 (compatible; Googlebot/2.1; +http://www.google.com/bot.html)"
57.141.2.6 - - [19/Jul/2025:16:48:14 +0000] "GET /?h=99001412021600 HTTP/1.1" 200 97956 "-" "meta-externalagent/1.1 (+https://developers.facebook.com/docs/sharing/webmasters/crawler)"
209.74.77.214 - - [19/Jul/2025:16:48:32 +0000] "POST /wp-cron.php?doing_wp_cron=1752943712.0053920745849609375000 HTTP/1.1" 200 - "-" "WordPress/6.8.2; https://sergio-cuchi.tattoo"
49.51.132.100 - - [19/Jul/2025:16:48:31 +0000] "GET /contact/ HTTP/1.1" 200 15034 "-" "Mozilla/5.0 (iPhone; CPU iPhone OS 13_2_3 like Mac OS X) AppleWebKit/605.1.15 (KHTML, like Gecko) Version/13.0.3 Mobile/15E148 Safari/604.1"
43.157.67.70 - - [19/Jul/2025:16:48:37 +0000] "GET / HTTP/1.1" 200 16281 "http://sergio-cuchi.tattoo" "Mozilla/5.0 (iPhone; CPU iPhone OS 13_2_3 like Mac OS X) AppleWebKit/605.1.15 (KHTML, like Gecko) Version/13.0.3 Mobile/15E148 Safari/604.1"
209.74.77.214 - - [19/Jul/2025:16:49:26 +0000] "POST /wp-cron.php?doing_wp_cron=1752943766.5048720836639404296875 HTTP/1.1" 200 - "-" "WordPress/6.8.2; https://sergio-cuchi.tattoo"
216.73.216.221 - - [19/Jul/2025:16:49:26 +0000] "GET /goods/569853046.shtml HTTP/1.1" 404 12924 "-" "Mozilla/5.0 AppleWebKit/537.36 (KHTML, like Gecko; compatible; ClaudeBot/1.0; [email protected])"
216.73.216.221 - - [19/Jul/2025:16:49:25 +0000] "GET /goods/569759452.shtml HTTP/1.1" 404 12924 "-" "Mozilla/5.0 AppleWebKit/537.36 (KHTML, like Gecko; compatible; ClaudeBot/1.0; [email protected])"
216.73.216.221 - - [19/Jul/2025:16:49:26 +0000] "GET /goods/569854484.shtml HTTP/1.1" 404 12924 "-" "Mozilla/5.0 AppleWebKit/537.36 (KHTML, like Gecko; compatible; ClaudeBot/1.0; [email protected])"
216.73.216.221 - - [19/Jul/2025:16:49:25 +0000] "GET /goods/570014368.shtml HTTP/1.1" 404 12924 "-" "Mozilla/5.0 AppleWebKit/537.36 (KHTML, like Gecko; compatible; ClaudeBot/1.0; [email protected])"
216.73.216.221 - - [19/Jul/2025:16:49:26 +0000] "GET /goods/569848512.shtml HTTP/1.1" 404 12924 "-" "Mozilla/5.0 AppleWebKit/537.36 (KHTML, like Gecko; compatible; ClaudeBot/1.0; [email protected])"
216.73.216.221 - - [19/Jul/2025:16:49:26 +0000] "GET /goods/569721696.shtml HTTP/1.1" 404 12924 "-" "Mozilla/5.0 AppleWebKit/537.36 (KHTML, like Gecko; compatible; ClaudeBot/1.0; [email protected])"
216.73.216.221 - - [19/Jul/2025:16:49:26 +0000] "GET /goods/569890670.shtml HTTP/1.1" 404 12924 "-" "Mozilla/5.0 AppleWebKit/537.36 (KHTML, like Gecko; compatible; ClaudeBot/1.0; [email protected])"
216.73.216.221 - - [19/Jul/2025:16:49:27 +0000] "GET /goods/569705904.shtml HTTP/1.1" 404 12924 "-" "Mozilla/5.0 AppleWebKit/537.36 (KHTML, like Gecko; compatible; ClaudeBot/1.0; [email protected])"
216.73.216.221 - - [19/Jul/2025:16:49:27 +0000] "GET /goods/569842002.shtml HTTP/1.1" 404 12924 "-" "Mozilla/5.0 AppleWebKit/537.36 (KHTML, like Gecko; compatible; ClaudeBot/1.0; [email protected])"
216.73.216.221 - - [19/Jul/2025:16:49:27 +0000] "GET /goods/570132904.shtml HTTP/1.1" 404 12924 "-" "Mozilla/5.0 AppleWebKit/537.36 (KHTML, like Gecko; compatible; ClaudeBot/1.0; [email protected])"
216.73.216.221 - - [19/Jul/2025:16:49:27 +0000] "GET /goods/569896578.shtml HTTP/1.1" 404 12924 "-" "Mozilla/5.0 AppleWebKit/537.36 (KHTML, like Gecko; compatible; ClaudeBot/1.0; [email protected])"
216.73.216.221 - - [19/Jul/2025:16:49:27 +0000] "GET /goods/569852722.shtml HTTP/1.1" 404 12924 "-" "Mozilla/5.0 AppleWebKit/537.36 (KHTML, like Gecko; compatible; ClaudeBot/1.0; [email protected])"
216.73.216.221 - - [19/Jul/2025:16:49:28 +0000] "GET /goods/569873786.shtml HTTP/1.1" 404 12924 "-" "Mozilla/5.0 AppleWebKit/537.36 (KHTML, like Gecko; compatible; ClaudeBot/1.0; [email protected])"
216.73.216.221 - - [19/Jul/2025:16:49:28 +0000] "GET /goods/569851020.shtml HTTP/1.1" 404 12924 "-" "Mozilla/5.0 AppleWebKit/537.36 (KHTML, like Gecko; compatible; ClaudeBot/1.0; [email protected])"
216.73.216.221 - - [19/Jul/2025:16:49:28 +0000] "GET /goods/569897994.shtml HTTP/1.1" 404 12924 "-" "Mozilla/5.0 AppleWebKit/537.36 (KHTML, like Gecko; compatible; ClaudeBot/1.0; [email protected])"
216.73.216.221 - - [19/Jul/2025:16:49:28 +0000] "GET /goods/570015114.shtml HTTP/1.1" 404 12924 "-" "Mozilla/5.0 AppleWebKit/537.36 (KHTML, like Gecko; compatible; ClaudeBot/1.0; [email protected])"
216.73.216.221 - - [19/Jul/2025:16:49:28 +0000] "GET /goods/569794290.shtml HTTP/1.1" 404 12924 "-" "Mozilla/5.0 AppleWebKit/537.36 (KHTML, like Gecko; compatible; ClaudeBot/1.0; [email protected])"
216.73.216.221 - - [19/Jul/2025:16:49:28 +0000] "GET /goods/569720002.shtml HTTP/1.1" 404 12924 "-" "Mozilla/5.0 AppleWebKit/537.36 (KHTML, like Gecko; compatible; ClaudeBot/1.0; [email protected])"
216.73.216.221 - - [19/Jul/2025:16:49:29 +0000] "GET /goods/569897926.shtml HTTP/1.1" 404 12924 "-" "Mozilla/5.0 AppleWebKit/537.36 (KHTML, like Gecko; compatible; ClaudeBot/1.0; [email protected])"
216.73.216.221 - - [19/Jul/2025:16:49:29 +0000] "GET /goods/569893524.shtml HTTP/1.1" 404 12924 "-" "Mozilla/5.0 AppleWebKit/537.36 (KHTML, like Gecko; compatible; ClaudeBot/1.0; [email protected])"
216.73.216.221 - - [19/Jul/2025:16:49:29 +0000] "GET /goods/569871760.shtml HTTP/1.1" 404 12924 "-" "Mozilla/5.0 AppleWebKit/537.36 (KHTML, like Gecko; compatible; ClaudeBot/1.0; [email protected])"
216.73.216.221 - - [19/Jul/2025:16:49:29 +0000] "GET /goods/570069400.shtml HTTP/1.1" 404 12924 "-" "Mozilla/5.0 AppleWebKit/537.36 (KHTML, like Gecko; compatible; ClaudeBot/1.0; [email protected])"
216.73.216.221 - - [19/Jul/2025:16:49:29 +0000] "GET /goods/569851630.shtml HTTP/1.1" 404 12924 "-" "Mozilla/5.0 AppleWebKit/537.36 (KHTML, like Gecko; compatible; ClaudeBot/1.0; [email protected])"
216.73.216.221 - - [19/Jul/2025:16:49:29 +0000] "GET /goods/569759042.shtml HTTP/1.1" 404 12924 "-" "Mozilla/5.0 AppleWebKit/537.36 (KHTML, like Gecko; compatible; ClaudeBot/1.0; [email protected])"
216.73.216.221 - - [19/Jul/2025:16:49:29 +0000] "GET /goods/569778844.shtml HTTP/1.1" 404 12924 "-" "Mozilla/5.0 AppleWebKit/537.36 (KHTML, like Gecko; compatible; ClaudeBot/1.0; [email protected])"
216.73.216.221 - - [19/Jul/2025:16:49:29 +0000] "GET /goods/569857538.shtml HTTP/1.1" 404 12924 "-" "Mozilla/5.0 AppleWebKit/537.36 (KHTML, like Gecko; compatible; ClaudeBot/1.0; [email protected])"
216.73.216.221 - - [19/Jul/2025:16:49:30 +0000] "GET /goods/569884152.shtml HTTP/1.1" 404 12924 "-" "Mozilla/5.0 AppleWebKit/537.36 (KHTML, like Gecko; compatible; ClaudeBot/1.0; [email protected])"
216.73.216.221 - - [19/Jul/2025:16:49:30 +0000] "GET /goods/569798082.shtml HTTP/1.1" 404 12924 "-" "Mozilla/5.0 AppleWebKit/537.36 (KHTML, like Gecko; compatible; ClaudeBot/1.0; [email protected])"
216.73.216.221 - - [19/Jul/2025:16:49:30 +0000] "GET /goods/569890060.shtml HTTP/1.1" 404 12924 "-" "Mozilla/5.0 AppleWebKit/537.36 (KHTML, like Gecko; compatible; ClaudeBot/1.0; [email protected])"
216.73.216.221 - - [19/Jul/2025:16:49:30 +0000] "GET /goods/569894940.shtml HTTP/1.1" 404 12924 "-" "Mozilla/5.0 AppleWebKit/537.36 (KHTML, like Gecko; compatible; ClaudeBot/1.0; [email protected])"
216.73.216.221 - - [19/Jul/2025:16:49:30 +0000] "GET /goods/569888968.shtml HTTP/1.1" 404 12924 "-" "Mozilla/5.0 AppleWebKit/537.36 (KHTML, like Gecko; compatible; ClaudeBot/1.0; [email protected])"
66.249.79.171 - - [19/Jul/2025:16:49:35 +0000] "GET /index.php?items/travel-supplies/rods/2019711 HTTP/1.1" 200 19156 "-" "Mozilla/5.0 (Linux; Android 6.0.1; Nexus 5X Build/MMB29P) AppleWebKit/537.36 (KHTML, like Gecko) Chrome/137.0.7151.103 Mobile Safari/537.36 (compatible; Googlebot/2.1; +http://www.google.com/bot.html)"
66.249.79.171 - - [19/Jul/2025:16:49:38 +0000] "POST /get-message-notify HTTP/1.1" 200 18154 "https://sergio-cuchi.tattoo/index.php?items/travel-supplies/rods/2019711" "Mozilla/5.0 (Linux; Android 6.0.1; Nexus 5X Build/MMB29P) AppleWebKit/537.36 (KHTML, like Gecko) Chrome/137.0.7151.119 Mobile Safari/537.36 (compatible; Googlebot/2.1; +http://www.google.com/bot.html)"
57.141.2.14 - - [19/Jul/2025:16:49:50 +0000] "GET /?h=110399401131600 HTTP/1.1" 200 97956 "-" "meta-externalagent/1.1 (+https://developers.facebook.com/docs/sharing/webmasters/crawler)"
209.74.77.214 - - [19/Jul/2025:16:50:53 +0000] "POST /wp-cron.php?doing_wp_cron=1752943853.6473898887634277343750 HTTP/1.1" 200 - "-" "WordPress/6.8.2; https://sergio-cuchi.tattoo"
216.73.216.221 - - [19/Jul/2025:16:50:52 +0000] "GET /goods/569751462.shtml HTTP/1.1" 404 12924 "-" "Mozilla/5.0 AppleWebKit/537.36 (KHTML, like Gecko; compatible; ClaudeBot/1.0; [email protected])"
216.73.216.221 - - [19/Jul/2025:16:50:52 +0000] "GET /goods/569677908.shtml HTTP/1.1" 404 12924 "-" "Mozilla/5.0 AppleWebKit/537.36 (KHTML, like Gecko; compatible; ClaudeBot/1.0; [email protected])"
216.73.216.221 - - [19/Jul/2025:16:50:53 +0000] "GET /goods/569703464.shtml HTTP/1.1" 404 12924 "-" "Mozilla/5.0 AppleWebKit/537.36 (KHTML, like Gecko; compatible; ClaudeBot/1.0; [email protected])"
216.73.216.221 - - [19/Jul/2025:16:50:53 +0000] "GET /goods/569863766.shtml HTTP/1.1" 404 12924 "-" "Mozilla/5.0 AppleWebKit/537.36 (KHTML, like Gecko; compatible; ClaudeBot/1.0; [email protected])"
216.73.216.221 - - [19/Jul/2025:16:50:53 +0000] "GET /goods/569709022.shtml HTTP/1.1" 404 12924 "-" "Mozilla/5.0 AppleWebKit/537.36 (KHTML, like Gecko; compatible; ClaudeBot/1.0; [email protected])"
216.73.216.221 - - [19/Jul/2025:16:50:53 +0000] "GET /goods/569771524.shtml HTTP/1.1" 404 12924 "-" "Mozilla/5.0 AppleWebKit/537.36 (KHTML, like Gecko; compatible; ClaudeBot/1.0; [email protected])"
216.73.216.221 - - [19/Jul/2025:16:50:54 +0000] "GET /goods/569699002.shtml HTTP/1.1" 404 12924 "-" "Mozilla/5.0 AppleWebKit/537.36 (KHTML, like Gecko; compatible; ClaudeBot/1.0; [email protected])"
216.73.216.221 - - [19/Jul/2025:16:50:54 +0000] "GET /goods/570181572.shtml HTTP/1.1" 404 12924 "-" "Mozilla/5.0 AppleWebKit/537.36 (KHTML, like Gecko; compatible; ClaudeBot/1.0; [email protected])"
216.73.216.221 - - [19/Jul/2025:16:50:54 +0000] "GET /goods/569881712.shtml HTTP/1.1" 404 12924 "-" "Mozilla/5.0 AppleWebKit/537.36 (KHTML, like Gecko; compatible; ClaudeBot/1.0; [email protected])"
216.73.216.221 - - [19/Jul/2025:16:50:54 +0000] "GET /goods/570041336.shtml HTTP/1.1" 404 12924 "-" "Mozilla/5.0 AppleWebKit/537.36 (KHTML, like Gecko; compatible; ClaudeBot/1.0; [email protected])"
216.73.216.221 - - [19/Jul/2025:16:50:54 +0000] "GET /goods/569711330.shtml HTTP/1.1" 404 12924 "-" "Mozilla/5.0 AppleWebKit/537.36 (KHTML, like Gecko; compatible; ClaudeBot/1.0; [email protected])"
216.73.216.221 - - [19/Jul/2025:16:50:54 +0000] "GET /goods/569892086.shtml HTTP/1.1" 404 12924 "-" "Mozilla/5.0 AppleWebKit/537.36 (KHTML, like Gecko; compatible; ClaudeBot/1.0; [email protected])"
216.73.216.221 - - [19/Jul/2025:16:50:54 +0000] "GET /goods/569863412.shtml HTTP/1.1" 404 12924 "-" "Mozilla/5.0 AppleWebKit/537.36 (KHTML, like Gecko; compatible; ClaudeBot/1.0; [email protected])"
216.73.216.221 - - [19/Jul/2025:16:50:54 +0000] "GET /goods/569716948.shtml HTTP/1.1" 404 12924 "-" "Mozilla/5.0 AppleWebKit/537.36 (KHTML, like Gecko; compatible; ClaudeBot/1.0; [email protected])"
216.73.216.221 - - [19/Jul/2025:16:50:55 +0000] "GET /goods/569827166.shtml HTTP/1.1" 404 12924 "-" "Mozilla/5.0 AppleWebKit/537.36 (KHTML, like Gecko; compatible; ClaudeBot/1.0; [email protected])"
216.73.216.221 - - [19/Jul/2025:16:50:54 +0000] "GET /goods/569778434.shtml HTTP/1.1" 404 12924 "-" "Mozilla/5.0 AppleWebKit/537.36 (KHTML, like Gecko; compatible; ClaudeBot/1.0; [email protected])"
216.73.216.221 - - [19/Jul/2025:16:50:54 +0000] "GET /goods/569848166.shtml HTTP/1.1" 404 12924 "-" "Mozilla/5.0 AppleWebKit/537.36 (KHTML, like Gecko; compatible; ClaudeBot/1.0; [email protected])"
216.73.216.221 - - [19/Jul/2025:16:50:55 +0000] "GET /goods/569705166.shtml HTTP/1.1" 404 12924 "-" "Mozilla/5.0 AppleWebKit/537.36 (KHTML, like Gecko; compatible; ClaudeBot/1.0; [email protected])"
216.73.216.221 - - [19/Jul/2025:16:50:55 +0000] "GET /goods/569698648.shtml HTTP/1.1" 404 12924 "-" "Mozilla/5.0 AppleWebKit/537.36 (KHTML, like Gecko; compatible; ClaudeBot/1.0; [email protected])"
216.73.216.221 - - [19/Jul/2025:16:50:55 +0000] "GET /goods/569869320.shtml HTTP/1.1" 404 12924 "-" "Mozilla/5.0 AppleWebKit/537.36 (KHTML, like Gecko; compatible; ClaudeBot/1.0; [email protected])"
216.73.216.221 - - [19/Jul/2025:16:50:55 +0000] "GET /goods/569872370.shtml HTTP/1.1" 404 12924 "-" "Mozilla/5.0 AppleWebKit/537.36 (KHTML, like Gecko; compatible; ClaudeBot/1.0; [email protected])"
216.73.216.221 - - [19/Jul/2025:16:50:55 +0000] "GET /goods/569830212.shtml HTTP/1.1" 404 12924 "-" "Mozilla/5.0 AppleWebKit/537.36 (KHTML, like Gecko; compatible; ClaudeBot/1.0; [email protected])"
216.73.216.221 - - [19/Jul/2025:16:50:55 +0000] "GET /goods/570181640.shtml HTTP/1.1" 404 12924 "-" "Mozilla/5.0 AppleWebKit/537.36 (KHTML, like Gecko; compatible; ClaudeBot/1.0; [email protected])"
216.73.216.221 - - [19/Jul/2025:16:50:55 +0000] "GET /goods/569796798.shtml HTTP/1.1" 404 12924 "-" "Mozilla/5.0 AppleWebKit/537.36 (KHTML, like Gecko; compatible; ClaudeBot/1.0; [email protected])"
216.73.216.221 - - [19/Jul/2025:16:50:55 +0000] "GET /goods/569688628.shtml HTTP/1.1" 404 12924 "-" "Mozilla/5.0 AppleWebKit/537.36 (KHTML, like Gecko; compatible; ClaudeBot/1.0; [email protected])"
216.73.216.221 - - [19/Jul/2025:16:50:55 +0000] "GET /goods/569852368.shtml HTTP/1.1" 404 12924 "-" "Mozilla/5.0 AppleWebKit/537.36 (KHTML, like Gecko; compatible; ClaudeBot/1.0; [email protected])"
216.73.216.221 - - [19/Jul/2025:16:50:55 +0000] "GET /goods/569781544.shtml HTTP/1.1" 404 12924 "-" "Mozilla/5.0 AppleWebKit/537.36 (KHTML, like Gecko; compatible; ClaudeBot/1.0; [email protected])"
216.73.216.221 - - [19/Jul/2025:16:50:55 +0000] "GET /goods/569832720.shtml HTTP/1.1" 404 12924 "-" "Mozilla/5.0 AppleWebKit/537.36 (KHTML, like Gecko; compatible; ClaudeBot/1.0; [email protected])"
216.73.216.221 - - [19/Jul/2025:16:50:56 +0000] "GET /goods/569783246.shtml HTTP/1.1" 404 12924 "-" "Mozilla/5.0 AppleWebKit/537.36 (KHTML, like Gecko; compatible; ClaudeBot/1.0; [email protected])"
216.73.216.221 - - [19/Jul/2025:16:50:56 +0000] "GET /goods/570089726.shtml HTTP/1.1" 404 12924 "-" "Mozilla/5.0 AppleWebKit/537.36 (KHTML, like Gecko; compatible; ClaudeBot/1.0; [email protected])"
209.74.77.214 - - [19/Jul/2025:16:52:04 +0000] "POST /wp-cron.php?doing_wp_cron=1752943924.9052979946136474609375 HTTP/1.1" 200 - "-" "WordPress/6.8.2; https://sergio-cuchi.tattoo"
57.141.2.28 - - [19/Jul/2025:16:52:03 +0000] "GET /?h=74839344011600& HTTP/1.1" 301 - "-" "meta-externalagent/1.1 (+https://developers.facebook.com/docs/sharing/webmasters/crawler)"
209.74.77.214 - - [19/Jul/2025:16:52:28 +0000] "POST /wp-cron.php?doing_wp_cron=1752943948.9390060901641845703125 HTTP/1.1" 200 - "-" "WordPress/6.8.2; https://sergio-cuchi.tattoo"
57.141.2.14 - - [19/Jul/2025:16:52:28 +0000] "GET /?h=74839344011600 HTTP/1.1" 200 97948 "-" "meta-externalagent/1.1 (+https://developers.facebook.com/docs/sharing/webmasters/crawler)"
216.73.216.221 - - [19/Jul/2025:16:52:55 +0000] "GET /goods/569882804.shtml HTTP/1.1" 404 12924 "-" "Mozilla/5.0 AppleWebKit/537.36 (KHTML, like Gecko; compatible; ClaudeBot/1.0; [email protected])"
216.73.216.221 - - [19/Jul/2025:16:52:55 +0000] "GET /goods/569806072.shtml HTTP/1.1" 404 12924 "-" "Mozilla/5.0 AppleWebKit/537.36 (KHTML, like Gecko; compatible; ClaudeBot/1.0; [email protected])"
216.73.216.221 - - [19/Jul/2025:16:52:56 +0000] "GET /goods/569689976.shtml HTTP/1.1" 404 12924 "-" "Mozilla/5.0 AppleWebKit/537.36 (KHTML, like Gecko; compatible; ClaudeBot/1.0; [email protected])"
216.73.216.221 - - [19/Jul/2025:16:52:56 +0000] "GET /goods/569703396.shtml HTTP/1.1" 404 12924 "-" "Mozilla/5.0 AppleWebKit/537.36 (KHTML, like Gecko; compatible; ClaudeBot/1.0; [email protected])"
216.73.216.221 - - [19/Jul/2025:16:52:56 +0000] "GET /goods/569895550.shtml HTTP/1.1" 404 12924 "-" "Mozilla/5.0 AppleWebKit/537.36 (KHTML, like Gecko; compatible; ClaudeBot/1.0; [email protected])"
216.73.216.221 - - [19/Jul/2025:16:52:57 +0000] "GET /goods/569785754.shtml HTTP/1.1" 404 12924 "-" "Mozilla/5.0 AppleWebKit/537.36 (KHTML, like Gecko; compatible; ClaudeBot/1.0; [email protected])"
216.73.216.221 - - [19/Jul/2025:16:52:57 +0000] "GET /goods/570165366.shtml HTTP/1.1" 404 12924 "-" "Mozilla/5.0 AppleWebKit/537.36 (KHTML, like Gecko; compatible; ClaudeBot/1.0; [email protected])"
216.73.216.221 - - [19/Jul/2025:16:52:57 +0000] "GET /goods/569772526.shtml HTTP/1.1" 404 12924 "-" "Mozilla/5.0 AppleWebKit/537.36 (KHTML, like Gecko; compatible; ClaudeBot/1.0; [email protected])"
216.73.216.221 - - [19/Jul/2025:16:52:57 +0000] "GET /goods/569826812.shtml HTTP/1.1" 404 12924 "-" "Mozilla/5.0 AppleWebKit/537.36 (KHTML, like Gecko; compatible; ClaudeBot/1.0; [email protected])"
