216.73.216.254 - - [19/Jul/2025:23:54:25 +0000] "GET /goods/1590411520.shtml HTTP/1.1" 404 12924 "-" "Mozilla/5.0 AppleWebKit/537.36 (KHTML, like Gecko; compatible; ClaudeBot/1.0; [email protected])"
216.73.216.254 - - [19/Jul/2025:23:54:25 +0000] "GET /goods/1590376946.shtml HTTP/1.1" 404 12924 "-" "Mozilla/5.0 AppleWebKit/537.36 (KHTML, like Gecko; compatible; ClaudeBot/1.0; [email protected])"
216.73.216.254 - - [19/Jul/2025:23:54:26 +0000] "GET /goods/1590499906.shtml HTTP/1.1" 404 12924 "-" "Mozilla/5.0 AppleWebKit/537.36 (KHTML, like Gecko; compatible; ClaudeBot/1.0; [email protected])"
216.73.216.254 - - [19/Jul/2025:23:54:26 +0000] "GET /goods/1590613972.shtml HTTP/1.1" 404 12924 "-" "Mozilla/5.0 AppleWebKit/537.36 (KHTML, like Gecko; compatible; ClaudeBot/1.0; [email protected])"
216.73.216.254 - - [19/Jul/2025:23:54:26 +0000] "GET /goods/1590404264.shtml HTTP/1.1" 404 12924 "-" "Mozilla/5.0 AppleWebKit/537.36 (KHTML, like Gecko; compatible; ClaudeBot/1.0; [email protected])"
216.73.216.254 - - [19/Jul/2025:23:54:26 +0000] "GET /goods/1590611186.shtml HTTP/1.1" 404 12924 "-" "Mozilla/5.0 AppleWebKit/537.36 (KHTML, like Gecko; compatible; ClaudeBot/1.0; [email protected])"
216.73.216.254 - - [19/Jul/2025:23:54:26 +0000] "GET /goods/1590817174.shtml HTTP/1.1" 404 12924 "-" "Mozilla/5.0 AppleWebKit/537.36 (KHTML, like Gecko; compatible; ClaudeBot/1.0; [email protected])"
216.73.216.254 - - [19/Jul/2025:23:54:26 +0000] "GET /goods/1590617026.shtml HTTP/1.1" 404 12924 "-" "Mozilla/5.0 AppleWebKit/537.36 (KHTML, like Gecko; compatible; ClaudeBot/1.0; [email protected])"
216.73.216.254 - - [19/Jul/2025:23:54:26 +0000] "GET /goods/1590789178.shtml HTTP/1.1" 404 12924 "-" "Mozilla/5.0 AppleWebKit/537.36 (KHTML, like Gecko; compatible; ClaudeBot/1.0; [email protected])"
216.73.216.254 - - [19/Jul/2025:23:54:26 +0000] "GET /goods/1590612278.shtml HTTP/1.1" 404 12924 "-" "Mozilla/5.0 AppleWebKit/537.36 (KHTML, like Gecko; compatible; ClaudeBot/1.0; [email protected])"
216.73.216.254 - - [19/Jul/2025:23:54:26 +0000] "GET /goods/1590715168.shtml HTTP/1.1" 404 12924 "-" "Mozilla/5.0 AppleWebKit/537.36 (KHTML, like Gecko; compatible; ClaudeBot/1.0; [email protected])"
216.73.216.254 - - [19/Jul/2025:23:54:26 +0000] "GET /goods/1590717932.shtml HTTP/1.1" 404 12924 "-" "Mozilla/5.0 AppleWebKit/537.36 (KHTML, like Gecko; compatible; ClaudeBot/1.0; [email protected])"
216.73.216.254 - - [19/Jul/2025:23:54:27 +0000] "GET /goods/1590357298.shtml HTTP/1.1" 404 12924 "-" "Mozilla/5.0 AppleWebKit/537.36 (KHTML, like Gecko; compatible; ClaudeBot/1.0; [email protected])"
216.73.216.254 - - [19/Jul/2025:23:54:27 +0000] "GET /goods/1590338252.shtml HTTP/1.1" 404 12924 "-" "Mozilla/5.0 AppleWebKit/537.36 (KHTML, like Gecko; compatible; ClaudeBot/1.0; [email protected])"
216.73.216.254 - - [19/Jul/2025:23:54:27 +0000] "GET /goods/1590579748.shtml HTTP/1.1" 404 12924 "-" "Mozilla/5.0 AppleWebKit/537.36 (KHTML, like Gecko; compatible; ClaudeBot/1.0; [email protected])"
216.73.216.254 - - [19/Jul/2025:23:54:27 +0000] "GET /goods/1590740442.shtml HTTP/1.1" 404 12924 "-" "Mozilla/5.0 AppleWebKit/537.36 (KHTML, like Gecko; compatible; ClaudeBot/1.0; [email protected])"
216.73.216.254 - - [19/Jul/2025:23:54:27 +0000] "GET /goods/1590371128.shtml HTTP/1.1" 404 12924 "-" "Mozilla/5.0 AppleWebKit/537.36 (KHTML, like Gecko; compatible; ClaudeBot/1.0; [email protected])"
216.73.216.254 - - [19/Jul/2025:23:54:27 +0000] "GET /goods/1590852682.shtml HTTP/1.1" 404 12924 "-" "Mozilla/5.0 AppleWebKit/537.36 (KHTML, like Gecko; compatible; ClaudeBot/1.0; [email protected])"
216.73.216.254 - - [19/Jul/2025:23:54:27 +0000] "GET /goods/1590466416.shtml HTTP/1.1" 404 12924 "-" "Mozilla/5.0 AppleWebKit/537.36 (KHTML, like Gecko; compatible; ClaudeBot/1.0; [email protected])"
216.73.216.254 - - [19/Jul/2025:23:54:27 +0000] "GET /goods/1590698284.shtml HTTP/1.1" 404 12924 "-" "Mozilla/5.0 AppleWebKit/537.36 (KHTML, like Gecko; compatible; ClaudeBot/1.0; [email protected])"
216.73.216.254 - - [19/Jul/2025:23:54:27 +0000] "GET /goods/1590637834.shtml HTTP/1.1" 404 12924 "-" "Mozilla/5.0 AppleWebKit/537.36 (KHTML, like Gecko; compatible; ClaudeBot/1.0; [email protected])"
216.73.216.254 - - [19/Jul/2025:23:54:27 +0000] "GET /goods/1590528226.shtml HTTP/1.1" 404 12924 "-" "Mozilla/5.0 AppleWebKit/537.36 (KHTML, like Gecko; compatible; ClaudeBot/1.0; [email protected])"
209.74.77.214 - - [19/Jul/2025:23:56:12 +0000] "POST /wp-cron.php?doing_wp_cron=1752969372.4775600433349609375000 HTTP/1.1" 200 - "-" "WordPress/6.8.2; https://sergio-cuchi.tattoo"
209.74.77.214 - - [19/Jul/2025:23:56:12 +0000] "POST /wp-cron.php?doing_wp_cron=1752969372.4775600433349609375000 HTTP/1.1" 200 - "-" "WordPress/6.8.2; https://sergio-cuchi.tattoo"
216.73.216.254 - - [19/Jul/2025:23:56:11 +0000] "GET /goods/1590556632.shtml HTTP/1.1" 404 12924 "-" "Mozilla/5.0 AppleWebKit/537.36 (KHTML, like Gecko; compatible; ClaudeBot/1.0; [email protected])"
216.73.216.254 - - [19/Jul/2025:23:56:12 +0000] "GET /goods/1590556700.shtml HTTP/1.1" 404 12924 "-" "Mozilla/5.0 AppleWebKit/537.36 (KHTML, like Gecko; compatible; ClaudeBot/1.0; [email protected])"
216.73.216.254 - - [19/Jul/2025:23:56:11 +0000] "GET /goods/1590403172.shtml HTTP/1.1" 404 12924 "-" "Mozilla/5.0 AppleWebKit/537.36 (KHTML, like Gecko; compatible; ClaudeBot/1.0; [email protected])"
209.74.77.214 - - [19/Jul/2025:23:56:12 +0000] "POST /wp-cron.php?doing_wp_cron=1752969372.9664490222930908203125 HTTP/1.1" 200 - "-" "WordPress/6.8.2; https://sergio-cuchi.tattoo"
216.73.216.254 - - [19/Jul/2025:23:56:12 +0000] "GET /goods/1590863048.shtml HTTP/1.1" 404 12924 "-" "Mozilla/5.0 AppleWebKit/537.36 (KHTML, like Gecko; compatible; ClaudeBot/1.0; [email protected])"
216.73.216.254 - - [19/Jul/2025:23:56:12 +0000] "GET /goods/1590688264.shtml HTTP/1.1" 404 12924 "-" "Mozilla/5.0 AppleWebKit/537.36 (KHTML, like Gecko; compatible; ClaudeBot/1.0; [email protected])"
216.73.216.254 - - [19/Jul/2025:23:56:12 +0000] "GET /goods/1590677476.shtml HTTP/1.1" 404 12924 "-" "Mozilla/5.0 AppleWebKit/537.36 (KHTML, like Gecko; compatible; ClaudeBot/1.0; [email protected])"
216.73.216.254 - - [19/Jul/2025:23:56:13 +0000] "GET /goods/1590786060.shtml HTTP/1.1" 404 12924 "-" "Mozilla/5.0 AppleWebKit/537.36 (KHTML, like Gecko; compatible; ClaudeBot/1.0; [email protected])"
216.73.216.254 - - [19/Jul/2025:23:56:13 +0000] "GET /goods/1590431522.shtml HTTP/1.1" 404 12924 "-" "Mozilla/5.0 AppleWebKit/537.36 (KHTML, like Gecko; compatible; ClaudeBot/1.0; [email protected])"
216.73.216.254 - - [19/Jul/2025:23:56:13 +0000] "GET /goods/1590762206.shtml HTTP/1.1" 404 12924 "-" "Mozilla/5.0 AppleWebKit/537.36 (KHTML, like Gecko; compatible; ClaudeBot/1.0; [email protected])"
216.73.216.254 - - [19/Jul/2025:23:56:13 +0000] "GET /goods/1590554938.shtml HTTP/1.1" 404 12924 "-" "Mozilla/5.0 AppleWebKit/537.36 (KHTML, like Gecko; compatible; ClaudeBot/1.0; [email protected])"
216.73.216.254 - - [19/Jul/2025:23:56:13 +0000] "GET /goods/1590822592.shtml HTTP/1.1" 404 12924 "-" "Mozilla/5.0 AppleWebKit/537.36 (KHTML, like Gecko; compatible; ClaudeBot/1.0; [email protected])"
216.73.216.254 - - [19/Jul/2025:23:56:13 +0000] "GET /goods/1590528636.shtml HTTP/1.1" 404 12924 "-" "Mozilla/5.0 AppleWebKit/537.36 (KHTML, like Gecko; compatible; ClaudeBot/1.0; [email protected])"
216.73.216.254 - - [19/Jul/2025:23:56:13 +0000] "GET /goods/1590618442.shtml HTTP/1.1" 404 12924 "-" "Mozilla/5.0 AppleWebKit/537.36 (KHTML, like Gecko; compatible; ClaudeBot/1.0; [email protected])"
216.73.216.254 - - [19/Jul/2025:23:56:13 +0000] "GET /goods/1590393830.shtml HTTP/1.1" 404 12924 "-" "Mozilla/5.0 AppleWebKit/537.36 (KHTML, like Gecko; compatible; ClaudeBot/1.0; [email protected])"
216.73.216.254 - - [19/Jul/2025:23:56:13 +0000] "GET /goods/1590448184.shtml HTTP/1.1" 404 12924 "-" "Mozilla/5.0 AppleWebKit/537.36 (KHTML, like Gecko; compatible; ClaudeBot/1.0; [email protected])"
216.73.216.254 - - [19/Jul/2025:23:56:13 +0000] "GET /goods/1590852358.shtml HTTP/1.1" 404 12924 "-" "Mozilla/5.0 AppleWebKit/537.36 (KHTML, like Gecko; compatible; ClaudeBot/1.0; [email protected])"
216.73.216.254 - - [19/Jul/2025:23:56:13 +0000] "GET /goods/1590511688.shtml HTTP/1.1" 404 12924 "-" "Mozilla/5.0 AppleWebKit/537.36 (KHTML, like Gecko; compatible; ClaudeBot/1.0; [email protected])"
216.73.216.254 - - [19/Jul/2025:23:56:13 +0000] "GET /goods/1590581096.shtml HTTP/1.1" 404 12924 "-" "Mozilla/5.0 AppleWebKit/537.36 (KHTML, like Gecko; compatible; ClaudeBot/1.0; [email protected])"
216.73.216.254 - - [19/Jul/2025:23:56:13 +0000] "GET /goods/1590819192.shtml HTTP/1.1" 404 12924 "-" "Mozilla/5.0 AppleWebKit/537.36 (KHTML, like Gecko; compatible; ClaudeBot/1.0; [email protected])"
216.73.216.254 - - [19/Jul/2025:23:56:13 +0000] "GET /goods/1590419518.shtml HTTP/1.1" 404 12924 "-" "Mozilla/5.0 AppleWebKit/537.36 (KHTML, like Gecko; compatible; ClaudeBot/1.0; [email protected])"
216.73.216.254 - - [19/Jul/2025:23:56:13 +0000] "GET /goods/1590387734.shtml HTTP/1.1" 404 12924 "-" "Mozilla/5.0 AppleWebKit/537.36 (KHTML, like Gecko; compatible; ClaudeBot/1.0; [email protected])"
216.73.216.254 - - [19/Jul/2025:23:56:14 +0000] "GET /goods/1590445676.shtml HTTP/1.1" 404 12924 "-" "Mozilla/5.0 AppleWebKit/537.36 (KHTML, like Gecko; compatible; ClaudeBot/1.0; [email protected])"
216.73.216.254 - - [19/Jul/2025:23:56:14 +0000] "GET /goods/1590716938.shtml HTTP/1.1" 404 12924 "-" "Mozilla/5.0 AppleWebKit/537.36 (KHTML, like Gecko; compatible; ClaudeBot/1.0; [email protected])"
216.73.216.254 - - [19/Jul/2025:23:56:14 +0000] "GET /goods/1590582512.shtml HTTP/1.1" 404 12924 "-" "Mozilla/5.0 AppleWebKit/537.36 (KHTML, like Gecko; compatible; ClaudeBot/1.0; [email protected])"
216.73.216.254 - - [19/Jul/2025:23:56:14 +0000] "GET /goods/1590788500.shtml HTTP/1.1" 404 12924 "-" "Mozilla/5.0 AppleWebKit/537.36 (KHTML, like Gecko; compatible; ClaudeBot/1.0; [email protected])"
216.73.216.254 - - [19/Jul/2025:23:56:14 +0000] "GET /goods/1590651988.shtml HTTP/1.1" 404 12924 "-" "Mozilla/5.0 AppleWebKit/537.36 (KHTML, like Gecko; compatible; ClaudeBot/1.0; [email protected])"
216.73.216.254 - - [19/Jul/2025:23:56:14 +0000] "GET /goods/1590544918.shtml HTTP/1.1" 404 12924 "-" "Mozilla/5.0 AppleWebKit/537.36 (KHTML, like Gecko; compatible; ClaudeBot/1.0; [email protected])"
216.73.216.254 - - [19/Jul/2025:23:56:14 +0000] "GET /goods/1590360762.shtml HTTP/1.1" 404 12924 "-" "Mozilla/5.0 AppleWebKit/537.36 (KHTML, like Gecko; compatible; ClaudeBot/1.0; [email protected])"
216.73.216.254 - - [19/Jul/2025:23:56:14 +0000] "GET /goods/1590431846.shtml HTTP/1.1" 404 12924 "-" "Mozilla/5.0 AppleWebKit/537.36 (KHTML, like Gecko; compatible; ClaudeBot/1.0; [email protected])"
216.73.216.254 - - [19/Jul/2025:23:56:14 +0000] "GET /goods/1590532428.shtml HTTP/1.1" 404 12924 "-" "Mozilla/5.0 AppleWebKit/537.36 (KHTML, like Gecko; compatible; ClaudeBot/1.0; [email protected])"
216.73.216.254 - - [19/Jul/2025:23:56:14 +0000] "GET /goods/1590585976.shtml HTTP/1.1" 404 12924 "-" "Mozilla/5.0 AppleWebKit/537.36 (KHTML, like Gecko; compatible; ClaudeBot/1.0; [email protected])"
57.141.2.21 - - [19/Jul/2025:23:56:45 +0000] "GET /?h=73673591051600& HTTP/1.1" 301 - "-" "meta-externalagent/1.1 (+https://developers.facebook.com/docs/sharing/webmasters/crawler)"
209.74.77.214 - - [19/Jul/2025:23:57:53 +0000] "POST /wp-cron.php?doing_wp_cron=1752969473.7263369560241699218750 HTTP/1.1" 200 - "-" "WordPress/6.8.2; https://sergio-cuchi.tattoo"
88.210.11.43 - - [19/Jul/2025:23:57:52 +0000] "GET / HTTP/1.1" 301 - "-" "Mozilla/5.0 (Macintosh; Intel Mac OS X 10_15_7) AppleWebKit/537.36 (KHTML, like Gecko) Chrome/133.0.0.0 Safari/537.36"
88.210.11.43 - - [19/Jul/2025:23:57:54 +0000] "GET / HTTP/1.1" 200 16280 "https://SERGIO-CUCHI.TATTOO" "Mozilla/5.0 (Macintosh; Intel Mac OS X 10_15_7) AppleWebKit/537.36 (KHTML, like Gecko) Chrome/133.0.0.0 Safari/537.36"
88.210.11.43 - - [19/Jul/2025:23:57:55 +0000] "GET /comments/feed/ HTTP/1.1" 200 1606 "-" "Mozilla/5.0 (Macintosh; Intel Mac OS X 10_15_7) AppleWebKit/537.36 (KHTML, like Gecko) Chrome/133.0.0.0 Safari/537.36"
88.210.11.43 - - [19/Jul/2025:23:57:56 +0000] "GET /contact/ HTTP/1.1" 200 15034 "-" "Mozilla/5.0 (Macintosh; Intel Mac OS X 10_15_7) AppleWebKit/537.36 (KHTML, like Gecko) Chrome/133.0.0.0 Safari/537.36"
103.127.66.220 - - [19/Jul/2025:23:57:59 +0000] "POST /contact/ HTTP/1.1" 200 15057 "-" "Mozilla/5.0 (Macintosh; Intel Mac OS X 10_15_7) AppleWebKit/537.36 (KHTML, like Gecko) Chrome/133.0.0.0 Safari/537.36"
88.210.11.43 - - [19/Jul/2025:23:58:10 +0000] "GET /my-account/ HTTP/1.1" 200 13562 "-" "Mozilla/5.0 (Macintosh; Intel Mac OS X 10_15_7) AppleWebKit/537.36 (KHTML, like Gecko) Chrome/133.0.0.0 Safari/537.36"
209.74.77.214 - - [19/Jul/2025:23:58:12 +0000] "POST /wp-cron.php?doing_wp_cron=1752969492.1934471130371093750000 HTTP/1.1" 200 - "-" "WordPress/6.8.2; https://sergio-cuchi.tattoo"
88.210.11.43 - - [19/Jul/2025:23:58:11 +0000] "GET /my-account/lost-password/ HTTP/1.1" 200 13788 "-" "Mozilla/5.0 (Macintosh; Intel Mac OS X 10_15_7) AppleWebKit/537.36 (KHTML, like Gecko) Chrome/133.0.0.0 Safari/537.36"
216.73.216.254 - - [19/Jul/2025:23:58:13 +0000] "GET /goods/1590775626.shtml HTTP/1.1" 404 12924 "-" "Mozilla/5.0 AppleWebKit/537.36 (KHTML, like Gecko; compatible; ClaudeBot/1.0; [email protected])"
103.127.66.220 - - [19/Jul/2025:23:58:13 +0000] "POST /my-account/lost-password/ HTTP/1.1" 200 13823 "-" "Mozilla/5.0 (Macintosh; Intel Mac OS X 10_15_7) AppleWebKit/537.36 (KHTML, like Gecko) Chrome/133.0.0.0 Safari/537.36"
216.73.216.254 - - [19/Jul/2025:23:58:13 +0000] "GET /goods/1590540038.shtml HTTP/1.1" 404 12924 "-" "Mozilla/5.0 AppleWebKit/537.36 (KHTML, like Gecko; compatible; ClaudeBot/1.0; [email protected])"
216.73.216.254 - - [19/Jul/2025:23:58:14 +0000] "GET /goods/1590388336.shtml HTTP/1.1" 404 12924 "-" "Mozilla/5.0 AppleWebKit/537.36 (KHTML, like Gecko; compatible; ClaudeBot/1.0; [email protected])"
216.73.216.254 - - [19/Jul/2025:23:58:14 +0000] "GET /goods/1590553522.shtml HTTP/1.1" 404 12924 "-" "Mozilla/5.0 AppleWebKit/537.36 (KHTML, like Gecko; compatible; ClaudeBot/1.0; [email protected])"
216.73.216.254 - - [19/Jul/2025:23:58:14 +0000] "GET /goods/1590493388.shtml HTTP/1.1" 404 12924 "-" "Mozilla/5.0 AppleWebKit/537.36 (KHTML, like Gecko; compatible; ClaudeBot/1.0; [email protected])"
216.73.216.254 - - [19/Jul/2025:23:58:14 +0000] "GET /goods/1590505456.shtml HTTP/1.1" 404 12924 "-" "Mozilla/5.0 AppleWebKit/537.36 (KHTML, like Gecko; compatible; ClaudeBot/1.0; [email protected])"
216.73.216.254 - - [19/Jul/2025:23:58:14 +0000] "GET /goods/1590390776.shtml HTTP/1.1" 404 12924 "-" "Mozilla/5.0 AppleWebKit/537.36 (KHTML, like Gecko; compatible; ClaudeBot/1.0; [email protected])"
216.73.216.254 - - [19/Jul/2025:23:58:14 +0000] "GET /goods/1590723840.shtml HTTP/1.1" 404 12924 "-" "Mozilla/5.0 AppleWebKit/537.36 (KHTML, like Gecko; compatible; ClaudeBot/1.0; [email protected])"
216.73.216.254 - - [19/Jul/2025:23:58:14 +0000] "GET /goods/1590809172.shtml HTTP/1.1" 404 12924 "-" "Mozilla/5.0 AppleWebKit/537.36 (KHTML, like Gecko; compatible; ClaudeBot/1.0; [email protected])"
216.73.216.254 - - [19/Jul/2025:23:58:14 +0000] "GET /goods/1590597702.shtml HTTP/1.1" 404 12924 "-" "Mozilla/5.0 AppleWebKit/537.36 (KHTML, like Gecko; compatible; ClaudeBot/1.0; [email protected])"
216.73.216.254 - - [19/Jul/2025:23:58:14 +0000] "GET /goods/1590585306.shtml HTTP/1.1" 404 12924 "-" "Mozilla/5.0 AppleWebKit/537.36 (KHTML, like Gecko; compatible; ClaudeBot/1.0; [email protected])"
216.73.216.254 - - [19/Jul/2025:23:58:14 +0000] "GET /goods/1590527966.shtml HTTP/1.1" 404 12924 "-" "Mozilla/5.0 AppleWebKit/537.36 (KHTML, like Gecko; compatible; ClaudeBot/1.0; [email protected])"
216.73.216.254 - - [19/Jul/2025:23:58:14 +0000] "GET /goods/1590371452.shtml HTTP/1.1" 404 12924 "-" "Mozilla/5.0 AppleWebKit/537.36 (KHTML, like Gecko; compatible; ClaudeBot/1.0; [email protected])"
216.73.216.254 - - [19/Jul/2025:23:58:15 +0000] "GET /goods/1590496506.shtml HTTP/1.1" 404 12924 "-" "Mozilla/5.0 AppleWebKit/537.36 (KHTML, like Gecko; compatible; ClaudeBot/1.0; [email protected])"
216.73.216.254 - - [19/Jul/2025:23:58:15 +0000] "GET /goods/1590390174.shtml HTTP/1.1" 404 12924 "-" "Mozilla/5.0 AppleWebKit/537.36 (KHTML, like Gecko; compatible; ClaudeBot/1.0; [email protected])"
216.73.216.254 - - [19/Jul/2025:23:58:15 +0000] "GET /goods/1590621552.shtml HTTP/1.1" 404 12924 "-" "Mozilla/5.0 AppleWebKit/537.36 (KHTML, like Gecko; compatible; ClaudeBot/1.0; [email protected])"
216.73.216.254 - - [19/Jul/2025:23:58:15 +0000] "GET /goods/1590347278.shtml HTTP/1.1" 404 12924 "-" "Mozilla/5.0 AppleWebKit/537.36 (KHTML, like Gecko; compatible; ClaudeBot/1.0; [email protected])"
216.73.216.254 - - [19/Jul/2025:23:58:15 +0000] "GET /goods/1590873768.shtml HTTP/1.1" 404 12924 "-" "Mozilla/5.0 AppleWebKit/537.36 (KHTML, like Gecko; compatible; ClaudeBot/1.0; [email protected])"
216.73.216.254 - - [19/Jul/2025:23:58:15 +0000] "GET /goods/1590465068.shtml HTTP/1.1" 404 12924 "-" "Mozilla/5.0 AppleWebKit/537.36 (KHTML, like Gecko; compatible; ClaudeBot/1.0; [email protected])"
216.73.216.254 - - [19/Jul/2025:23:58:15 +0000] "GET /goods/1590694082.shtml HTTP/1.1" 404 12924 "-" "Mozilla/5.0 AppleWebKit/537.36 (KHTML, like Gecko; compatible; ClaudeBot/1.0; [email protected])"
216.73.216.254 - - [19/Jul/2025:23:58:15 +0000] "GET /goods/1590692120.shtml HTTP/1.1" 404 12924 "-" "Mozilla/5.0 AppleWebKit/537.36 (KHTML, like Gecko; compatible; ClaudeBot/1.0; [email protected])"
216.73.216.254 - - [19/Jul/2025:23:58:16 +0000] "GET /goods/1590625016.shtml HTTP/1.1" 404 12924 "-" "Mozilla/5.0 AppleWebKit/537.36 (KHTML, like Gecko; compatible; ClaudeBot/1.0; [email protected])"
216.73.216.254 - - [19/Jul/2025:23:58:16 +0000] "GET /goods/1590673082.shtml HTTP/1.1" 404 12924 "-" "Mozilla/5.0 AppleWebKit/537.36 (KHTML, like Gecko; compatible; ClaudeBot/1.0; [email protected])"
216.73.216.254 - - [19/Jul/2025:23:58:16 +0000] "GET /goods/1590463306.shtml HTTP/1.1" 404 12924 "-" "Mozilla/5.0 AppleWebKit/537.36 (KHTML, like Gecko; compatible; ClaudeBot/1.0; [email protected])"
216.73.216.254 - - [19/Jul/2025:23:58:16 +0000] "GET /goods/1590859678.shtml HTTP/1.1" 404 12924 "-" "Mozilla/5.0 AppleWebKit/537.36 (KHTML, like Gecko; compatible; ClaudeBot/1.0; [email protected])"
216.73.216.254 - - [19/Jul/2025:23:58:16 +0000] "GET /goods/1590726958.shtml HTTP/1.1" 404 12924 "-" "Mozilla/5.0 AppleWebKit/537.36 (KHTML, like Gecko; compatible; ClaudeBot/1.0; [email protected])"
216.73.216.254 - - [19/Jul/2025:23:58:16 +0000] "GET /goods/1590357644.shtml HTTP/1.1" 404 12924 "-" "Mozilla/5.0 AppleWebKit/537.36 (KHTML, like Gecko; compatible; ClaudeBot/1.0; [email protected])"
216.73.216.254 - - [19/Jul/2025:23:58:16 +0000] "GET /goods/1590588420.shtml HTTP/1.1" 404 12924 "-" "Mozilla/5.0 AppleWebKit/537.36 (KHTML, like Gecko; compatible; ClaudeBot/1.0; [email protected])"
216.73.216.254 - - [19/Jul/2025:23:58:16 +0000] "GET /goods/1590609770.shtml HTTP/1.1" 404 12924 "-" "Mozilla/5.0 AppleWebKit/537.36 (KHTML, like Gecko; compatible; ClaudeBot/1.0; [email protected])"
216.73.216.254 - - [19/Jul/2025:23:58:16 +0000] "GET /goods/1590548966.shtml HTTP/1.1" 404 12924 "-" "Mozilla/5.0 AppleWebKit/537.36 (KHTML, like Gecko; compatible; ClaudeBot/1.0; [email protected])"
216.73.216.254 - - [19/Jul/2025:23:58:16 +0000] "GET /goods/1590605022.shtml HTTP/1.1" 404 12924 "-" "Mozilla/5.0 AppleWebKit/537.36 (KHTML, like Gecko; compatible; ClaudeBot/1.0; [email protected])"
103.127.66.220 - - [19/Jul/2025:23:58:20 +0000] "POST /my-account/lost-password/ HTTP/1.1" 200 13788 "-" "Mozilla/5.0 (Windows NT 10.0; Win64; x64) AppleWebKit/537.36 (KHTML, like Gecko) Chrome/120.0.0.0 Safari/537.36"
88.210.11.43 - - [19/Jul/2025:23:58:22 +0000] "GET /hello-world/ HTTP/1.1" 200 17128 "-" "Mozilla/5.0 (Macintosh; Intel Mac OS X 10_15_7) AppleWebKit/537.36 (KHTML, like Gecko) Chrome/133.0.0.0 Safari/537.36"
103.127.66.220 - - [19/Jul/2025:23:58:26 +0000] "POST /wp-comments-post.php HTTP/1.1" 200 1106 "-" "Mozilla/5.0 (Macintosh; Intel Mac OS X 10_15_7) AppleWebKit/537.36 (KHTML, like Gecko) Chrome/133.0.0.0 Safari/537.36"
103.127.66.220 - - [19/Jul/2025:23:58:28 +0000] "POST /wp-comments-post.php HTTP/1.1" 200 - "-" "Mozilla/5.0 (Windows NT 10.0; Win64; x64) AppleWebKit/537.36 (KHTML, like Gecko) Chrome/120.0.0.0 Safari/537.36"
88.210.11.43 - - [19/Jul/2025:23:58:29 +0000] "GET /hello-world/?replytocom=1 HTTP/1.1" 200 17145 "-" "Mozilla/5.0 (Macintosh; Intel Mac OS X 10_15_7) AppleWebKit/537.36 (KHTML, like Gecko) Chrome/133.0.0.0 Safari/537.36"
103.127.66.220 - - [19/Jul/2025:23:58:31 +0000] "POST /wp-comments-post.php HTTP/1.1" 200 1106 "-" "Mozilla/5.0 (Macintosh; Intel Mac OS X 10_15_7) AppleWebKit/537.36 (KHTML, like Gecko) Chrome/133.0.0.0 Safari/537.36"
103.127.66.220 - - [19/Jul/2025:23:58:33 +0000] "POST /wp-comments-post.php HTTP/1.1" 200 - "-" "Mozilla/5.0 (Windows NT 10.0; Win64; x64) AppleWebKit/537.36 (KHTML, like Gecko) Chrome/120.0.0.0 Safari/537.36"
88.210.11.43 - - [19/Jul/2025:23:58:34 +0000] "GET /tattoo-model-michael-rea/ HTTP/1.1" 200 18861 "-" "Mozilla/5.0 (Macintosh; Intel Mac OS X 10_15_7) AppleWebKit/537.36 (KHTML, like Gecko) Chrome/133.0.0.0 Safari/537.36"
88.210.11.43 - - [19/Jul/2025:23:58:36 +0000] "GET /tattoo-model-michael-rea/?replytocom=2 HTTP/1.1" 200 18879 "-" "Mozilla/5.0 (Macintosh; Intel Mac OS X 10_15_7) AppleWebKit/537.36 (KHTML, like Gecko) Chrome/133.0.0.0 Safari/537.36"
88.210.11.43 - - [19/Jul/2025:23:58:37 +0000] "GET /tattoo-model-michael-rea/?replytocom=3 HTTP/1.1" 200 18878 "-" "Mozilla/5.0 (Macintosh; Intel Mac OS X 10_15_7) AppleWebKit/537.36 (KHTML, like Gecko) Chrome/133.0.0.0 Safari/537.36"
88.210.11.43 - - [19/Jul/2025:23:58:38 +0000] "GET /tattoo-model-michael-rea/?replytocom=4 HTTP/1.1" 200 18878 "-" "Mozilla/5.0 (Macintosh; Intel Mac OS X 10_15_7) AppleWebKit/537.36 (KHTML, like Gecko) Chrome/133.0.0.0 Safari/537.36"
88.210.11.43 - - [19/Jul/2025:23:58:39 +0000] "GET /tattoo-model-michael-rea/ HTTP/1.1" 200 18861 "-" "Mozilla/5.0 (Macintosh; Intel Mac OS X 10_15_7) AppleWebKit/537.36 (KHTML, like Gecko) Chrome/133.0.0.0 Safari/537.36"
88.210.11.43 - - [19/Jul/2025:23:58:40 +0000] "GET /tattoo-model-michael-rea/ HTTP/1.1" 200 18861 "-" "Mozilla/5.0 (Macintosh; Intel Mac OS X 10_15_7) AppleWebKit/537.36 (KHTML, like Gecko) Chrome/133.0.0.0 Safari/537.36"
216.73.216.254 - - [20/Jul/2025:00:00:13 +0000] "GET /goods/1590550728.shtml HTTP/1.1" 404 12924 "-" "Mozilla/5.0 AppleWebKit/537.36 (KHTML, like Gecko; compatible; ClaudeBot/1.0; [email protected])"
209.74.77.214 - - [20/Jul/2025:00:00:16 +0000] "POST /wp-cron.php?doing_wp_cron=1752969615.9116749763488769531250 HTTP/1.1" 200 - "-" "WordPress/6.8.2; https://sergio-cuchi.tattoo"
216.73.216.254 - - [20/Jul/2025:00:00:13 +0000] "GET /goods/1590721396.shtml HTTP/1.1" 404 12924 "-" "Mozilla/5.0 AppleWebKit/537.36 (KHTML, like Gecko; compatible; ClaudeBot/1.0; [email protected])"
216.73.216.254 - - [20/Jul/2025:00:00:13 +0000] "GET /goods/1590639528.shtml HTTP/1.1" 404 12924 "-" "Mozilla/5.0 AppleWebKit/537.36 (KHTML, like Gecko; compatible; ClaudeBot/1.0; [email protected])"
216.73.216.254 - - [20/Jul/2025:00:00:13 +0000] "GET /goods/1590817776.shtml HTTP/1.1" 404 12924 "-" "Mozilla/5.0 AppleWebKit/537.36 (KHTML, like Gecko; compatible; ClaudeBot/1.0; [email protected])"
216.73.216.254 - - [20/Jul/2025:00:00:13 +0000] "GET /goods/1590645760.shtml HTTP/1.1" 404 12924 "-" "Mozilla/5.0 AppleWebKit/537.36 (KHTML, like Gecko; compatible; ClaudeBot/1.0; [email protected])"
216.73.216.254 - - [20/Jul/2025:00:00:16 +0000] "GET /goods/1590757996.shtml HTTP/1.1" 404 12924 "-" "Mozilla/5.0 AppleWebKit/537.36 (KHTML, like Gecko; compatible; ClaudeBot/1.0; [email protected])"
216.73.216.254 - - [20/Jul/2025:00:00:16 +0000] "GET /goods/1590518944.shtml HTTP/1.1" 404 12924 "-" "Mozilla/5.0 AppleWebKit/537.36 (KHTML, like Gecko; compatible; ClaudeBot/1.0; [email protected])"
216.73.216.254 - - [20/Jul/2025:00:00:16 +0000] "GET /goods/1590569028.shtml HTTP/1.1" 404 12924 "-" "Mozilla/5.0 AppleWebKit/537.36 (KHTML, like Gecko; compatible; ClaudeBot/1.0; [email protected])"
216.73.216.254 - - [20/Jul/2025:00:00:16 +0000] "GET /goods/1590776718.shtml HTTP/1.1" 404 12924 "-" "Mozilla/5.0 AppleWebKit/537.36 (KHTML, like Gecko; compatible; ClaudeBot/1.0; [email protected])"
216.73.216.254 - - [20/Jul/2025:00:00:17 +0000] "GET /goods/1590397008.shtml HTTP/1.1" 404 12924 "-" "Mozilla/5.0 AppleWebKit/537.36 (KHTML, like Gecko; compatible; ClaudeBot/1.0; [email protected])"
216.73.216.254 - - [20/Jul/2025:00:00:17 +0000] "GET /goods/1590739094.shtml HTTP/1.1" 404 12924 "-" "Mozilla/5.0 AppleWebKit/537.36 (KHTML, like Gecko; compatible; ClaudeBot/1.0; [email protected])"
216.73.216.254 - - [20/Jul/2025:00:00:17 +0000] "GET /goods/1590547618.shtml HTTP/1.1" 404 12924 "-" "Mozilla/5.0 AppleWebKit/537.36 (KHTML, like Gecko; compatible; ClaudeBot/1.0; [email protected])"
216.73.216.254 - - [20/Jul/2025:00:00:17 +0000] "GET /goods/1590396684.shtml HTTP/1.1" 404 12924 "-" "Mozilla/5.0 AppleWebKit/537.36 (KHTML, like Gecko; compatible; ClaudeBot/1.0; [email protected])"
216.73.216.254 - - [20/Jul/2025:00:00:18 +0000] "GET /goods/1590760504.shtml HTTP/1.1" 404 12924 "-" "Mozilla/5.0 AppleWebKit/537.36 (KHTML, like Gecko; compatible; ClaudeBot/1.0; [email protected])"
216.73.216.254 - - [20/Jul/2025:00:00:18 +0000] "GET /goods/1590772572.shtml HTTP/1.1" 404 12924 "-" "Mozilla/5.0 AppleWebKit/537.36 (KHTML, like Gecko; compatible; ClaudeBot/1.0; [email protected])"
216.73.216.254 - - [20/Jul/2025:00:00:18 +0000] "GET /goods/1590441888.shtml HTTP/1.1" 404 12924 "-" "Mozilla/5.0 AppleWebKit/537.36 (KHTML, like Gecko; compatible; ClaudeBot/1.0; [email protected])"
216.73.216.254 - - [20/Jul/2025:00:00:18 +0000] "GET /goods/1590731770.shtml HTTP/1.1" 404 12924 "-" "Mozilla/5.0 AppleWebKit/537.36 (KHTML, like Gecko; compatible; ClaudeBot/1.0; [email protected])"
216.73.216.254 - - [20/Jul/2025:00:00:18 +0000] "GET /goods/1590561448.shtml HTTP/1.1" 404 12924 "-" "Mozilla/5.0 AppleWebKit/537.36 (KHTML, like Gecko; compatible; ClaudeBot/1.0; [email protected])"
216.73.216.254 - - [20/Jul/2025:00:00:18 +0000] "GET /goods/1590680338.shtml HTTP/1.1" 404 12924 "-" "Mozilla/5.0 AppleWebKit/537.36 (KHTML, like Gecko; compatible; ClaudeBot/1.0; [email protected])"
216.73.216.254 - - [20/Jul/2025:00:00:19 +0000] "GET /goods/1590631926.shtml HTTP/1.1" 404 12924 "-" "Mozilla/5.0 AppleWebKit/537.36 (KHTML, like Gecko; compatible; ClaudeBot/1.0; [email protected])"
216.73.216.254 - - [20/Jul/2025:00:00:19 +0000] "GET /goods/1590523756.shtml HTTP/1.1" 404 12924 "-" "Mozilla/5.0 AppleWebKit/537.36 (KHTML, like Gecko; compatible; ClaudeBot/1.0; [email protected])"
216.73.216.254 - - [20/Jul/2025:00:00:19 +0000] "GET /goods/1590636418.shtml HTTP/1.1" 404 12924 "-" "Mozilla/5.0 AppleWebKit/537.36 (KHTML, like Gecko; compatible; ClaudeBot/1.0; [email protected])"
216.73.216.254 - - [20/Jul/2025:00:00:19 +0000] "GET /goods/1590772162.shtml HTTP/1.1" 404 12924 "-" "Mozilla/5.0 AppleWebKit/537.36 (KHTML, like Gecko; compatible; ClaudeBot/1.0; [email protected])"
216.73.216.254 - - [20/Jul/2025:00:00:19 +0000] "GET /goods/1590512780.shtml HTTP/1.1" 404 12924 "-" "Mozilla/5.0 AppleWebKit/537.36 (KHTML, like Gecko; compatible; ClaudeBot/1.0; [email protected])"
216.73.216.254 - - [20/Jul/2025:00:00:19 +0000] "GET /goods/1590855468.shtml HTTP/1.1" 404 12924 "-" "Mozilla/5.0 AppleWebKit/537.36 (KHTML, like Gecko; compatible; ClaudeBot/1.0; [email protected])"
216.73.216.254 - - [20/Jul/2025:00:00:20 +0000] "GET /goods/1590786670.shtml HTTP/1.1" 404 12924 "-" "Mozilla/5.0 AppleWebKit/537.36 (KHTML, like Gecko; compatible; ClaudeBot/1.0; [email protected])"
216.73.216.254 - - [20/Jul/2025:00:00:20 +0000] "GET /goods/1590449532.shtml HTTP/1.1" 404 12924 "-" "Mozilla/5.0 AppleWebKit/537.36 (KHTML, like Gecko; compatible; ClaudeBot/1.0; [email protected])"
216.73.216.254 - - [20/Jul/2025:00:00:20 +0000] "GET /goods/1590526264.shtml HTTP/1.1" 404 12924 "-" "Mozilla/5.0 AppleWebKit/537.36 (KHTML, like Gecko; compatible; ClaudeBot/1.0; [email protected])"
216.73.216.254 - - [20/Jul/2025:00:00:20 +0000] "GET /goods/1590799898.shtml HTTP/1.1" 404 12924 "-" "Mozilla/5.0 AppleWebKit/537.36 (KHTML, like Gecko; compatible; ClaudeBot/1.0; [email protected])"
216.73.216.254 - - [20/Jul/2025:00:00:20 +0000] "GET /goods/1590582188.shtml HTTP/1.1" 404 12924 "-" "Mozilla/5.0 AppleWebKit/537.36 (KHTML, like Gecko; compatible; ClaudeBot/1.0; [email protected])"
216.73.216.254 - - [20/Jul/2025:00:00:20 +0000] "GET /goods/1590683448.shtml HTTP/1.1" 404 12924 "-" "Mozilla/5.0 AppleWebKit/537.36 (KHTML, like Gecko; compatible; ClaudeBot/1.0; [email protected])"
205.185.118.101 - - [20/Jul/2025:00:00:43 +0000] "GET /wp-login.php HTTP/1.1" 200 6668 "-" "Mozilla/5.0 (iPhone; CPU iPhone OS 7_1_2 like Mac OS X) AppleWebKit/537.51.2 (KHTML, like Gecko) Version/7.0 Mobile/11D257 Safari/9537.53"
205.185.118.101 - - [20/Jul/2025:00:00:43 +0000] "POST /wp-login.php HTTP/1.1" 200 6924 "-" "Mozilla/5.0 (iPhone; CPU iPhone OS 7_1_2 like Mac OS X) AppleWebKit/537.51.2 (KHTML, like Gecko) Version/7.0 Mobile/11D257 Safari/9537.53"
57.141.2.22 - - [20/Jul/2025:00:00:57 +0000] "GET /?h=60880070011600& HTTP/1.1" 301 - "-" "meta-externalagent/1.1 (+https://developers.facebook.com/docs/sharing/webmasters/crawler)"
209.74.77.214 - - [20/Jul/2025:00:01:18 +0000] "POST /wp-cron.php?doing_wp_cron=1752969678.2964189052581787109375 HTTP/1.1" 200 - "-" "WordPress/6.8.2; https://sergio-cuchi.tattoo"
57.141.2.30 - - [20/Jul/2025:00:01:18 +0000] "GET /?h=60880070011600 HTTP/1.1" 200 97957 "-" "meta-externalagent/1.1 (+https://developers.facebook.com/docs/sharing/webmasters/crawler)"
209.74.77.214 - - [20/Jul/2025:00:02:31 +0000] "POST /wp-cron.php?doing_wp_cron=1752969751.0730600357055664062500 HTTP/1.1" 200 - "-" "WordPress/6.8.2; https://sergio-cuchi.tattoo"
216.73.216.254 - - [20/Jul/2025:00:02:30 +0000] "GET /goods/1590731838.shtml HTTP/1.1" 404 12924 "-" "Mozilla/5.0 AppleWebKit/537.36 (KHTML, like Gecko; compatible; ClaudeBot/1.0; [email protected])"
216.73.216.254 - - [20/Jul/2025:00:02:29 +0000] "GET /goods/1590557984.shtml HTTP/1.1" 404 12924 "-" "Mozilla/5.0 AppleWebKit/537.36 (KHTML, like Gecko; compatible; ClaudeBot/1.0; [email protected])"
216.73.216.254 - - [20/Jul/2025:00:02:30 +0000] "GET /goods/1590685410.shtml HTTP/1.1" 404 12924 "-" "Mozilla/5.0 AppleWebKit/537.36 (KHTML, like Gecko; compatible; ClaudeBot/1.0; [email protected])"
216.73.216.254 - - [20/Jul/2025:00:02:30 +0000] "GET /goods/1590396338.shtml HTTP/1.1" 404 12924 "-" "Mozilla/5.0 AppleWebKit/537.36 (KHTML, like Gecko; compatible; ClaudeBot/1.0; [email protected])"
216.73.216.254 - - [20/Jul/2025:00:02:29 +0000] "GET /goods/1590562796.shtml HTTP/1.1" 404 12924 "-" "Mozilla/5.0 AppleWebKit/537.36 (KHTML, like Gecko; compatible; ClaudeBot/1.0; [email protected])"
216.73.216.254 - - [20/Jul/2025:00:02:30 +0000] "GET /goods/1590746952.shtml HTTP/1.1" 404 12924 "-" "Mozilla/5.0 AppleWebKit/537.36 (KHTML, like Gecko; compatible; ClaudeBot/1.0; [email protected])"
216.73.216.254 - - [20/Jul/2025:00:02:30 +0000] "GET /goods/1590643316.shtml HTTP/1.1" 404 12924 "-" "Mozilla/5.0 AppleWebKit/537.36 (KHTML, like Gecko; compatible; ClaudeBot/1.0; [email protected])"
216.73.216.254 - - [20/Jul/2025:00:02:31 +0000] "GET /goods/1590608068.shtml HTTP/1.1" 404 12924 "-" "Mozilla/5.0 AppleWebKit/537.36 (KHTML, like Gecko; compatible; ClaudeBot/1.0; [email protected])"
216.73.216.254 - - [20/Jul/2025:00:02:31 +0000] "GET /goods/1590715492.shtml HTTP/1.1" 404 12924 "-" "Mozilla/5.0 AppleWebKit/537.36 (KHTML, like Gecko; compatible; ClaudeBot/1.0; [email protected])"
216.73.216.254 - - [20/Jul/2025:00:02:31 +0000] "GET /goods/1590676128.shtml HTTP/1.1" 404 12924 "-" "Mozilla/5.0 AppleWebKit/537.36 (KHTML, like Gecko; compatible; ClaudeBot/1.0; [email protected])"
216.73.216.254 - - [20/Jul/2025:00:02:31 +0000] "GET /goods/1590520646.shtml HTTP/1.1" 404 12924 "-" "Mozilla/5.0 AppleWebKit/537.36 (KHTML, like Gecko; compatible; ClaudeBot/1.0; [email protected])"
216.73.216.254 - - [20/Jul/2025:00:02:31 +0000] "GET /goods/1590615388.shtml HTTP/1.1" 404 12924 "-" "Mozilla/5.0 AppleWebKit/537.36 (KHTML, like Gecko; compatible; ClaudeBot/1.0; [email protected])"
216.73.216.254 - - [20/Jul/2025:00:02:31 +0000] "GET /goods/1590461958.shtml HTTP/1.1" 404 12924 "-" "Mozilla/5.0 AppleWebKit/537.36 (KHTML, like Gecko; compatible; ClaudeBot/1.0; [email protected])"
216.73.216.254 - - [20/Jul/2025:00:02:32 +0000] "GET /goods/1590398100.shtml HTTP/1.1" 404 12924 "-" "Mozilla/5.0 AppleWebKit/537.36 (KHTML, like Gecko; compatible; ClaudeBot/1.0; [email protected])"
216.73.216.254 - - [20/Jul/2025:00:02:32 +0000] "GET /goods/1590627460.shtml HTTP/1.1" 404 12924 "-" "Mozilla/5.0 AppleWebKit/537.36 (KHTML, like Gecko; compatible; ClaudeBot/1.0; [email protected])"
216.73.216.254 - - [20/Jul/2025:00:02:32 +0000] "GET /goods/1590519298.shtml HTTP/1.1" 404 12924 "-" "Mozilla/5.0 AppleWebKit/537.36 (KHTML, like Gecko; compatible; ClaudeBot/1.0; [email protected])"
216.73.216.254 - - [20/Jul/2025:00:02:32 +0000] "GET /goods/1590754208.shtml HTTP/1.1" 404 12924 "-" "Mozilla/5.0 AppleWebKit/537.36 (KHTML, like Gecko; compatible; ClaudeBot/1.0; [email protected])"
216.73.216.254 - - [20/Jul/2025:00:02:32 +0000] "GET /goods/1590521738.shtml HTTP/1.1" 404 12924 "-" "Mozilla/5.0 AppleWebKit/537.36 (KHTML, like Gecko; compatible; ClaudeBot/1.0; [email protected])"
216.73.216.254 - - [20/Jul/2025:00:02:32 +0000] "GET /goods/1590742558.shtml HTTP/1.1" 404 12924 "-" "Mozilla/5.0 AppleWebKit/537.36 (KHTML, like Gecko; compatible; ClaudeBot/1.0; [email protected])"
216.73.216.254 - - [20/Jul/2025:00:02:32 +0000] "GET /goods/1590712446.shtml HTTP/1.1" 404 12924 "-" "Mozilla/5.0 AppleWebKit/537.36 (KHTML, like Gecko; compatible; ClaudeBot/1.0; [email protected])"
216.73.216.254 - - [20/Jul/2025:00:02:32 +0000] "GET /goods/1590674434.shtml HTTP/1.1" 404 12924 "-" "Mozilla/5.0 AppleWebKit/537.36 (KHTML, like Gecko; compatible; ClaudeBot/1.0; [email protected])"
216.73.216.254 - - [20/Jul/2025:00:02:33 +0000] "GET /goods/1590805708.shtml HTTP/1.1" 404 12924 "-" "Mozilla/5.0 AppleWebKit/537.36 (KHTML, like Gecko; compatible; ClaudeBot/1.0; [email protected])"
216.73.216.254 - - [20/Jul/2025:00:02:33 +0000] "GET /goods/1590540362.shtml HTTP/1.1" 404 12924 "-" "Mozilla/5.0 AppleWebKit/537.36 (KHTML, like Gecko; compatible; ClaudeBot/1.0; [email protected])"
216.73.216.254 - - [20/Jul/2025:00:02:33 +0000] "GET /goods/1590620204.shtml HTTP/1.1" 404 12924 "-" "Mozilla/5.0 AppleWebKit/537.36 (KHTML, like Gecko; compatible; ClaudeBot/1.0; [email protected])"
216.73.216.254 - - [20/Jul/2025:00:02:33 +0000] "GET /goods/1590780152.shtml HTTP/1.1" 404 12924 "-" "Mozilla/5.0 AppleWebKit/537.36 (KHTML, like Gecko; compatible; ClaudeBot/1.0; [email protected])"
216.73.216.254 - - [20/Jul/2025:00:02:33 +0000] "GET /goods/1590369434.shtml HTTP/1.1" 404 12924 "-" "Mozilla/5.0 AppleWebKit/537.36 (KHTML, like Gecko; compatible; ClaudeBot/1.0; [email protected])"
216.73.216.254 - - [20/Jul/2025:00:02:33 +0000] "GET /goods/1590559754.shtml HTTP/1.1" 404 12924 "-" "Mozilla/5.0 AppleWebKit/537.36 (KHTML, like Gecko; compatible; ClaudeBot/1.0; [email protected])"
216.73.216.254 - - [20/Jul/2025:00:02:33 +0000] "GET /goods/1590538946.shtml HTTP/1.1" 404 12924 "-" "Mozilla/5.0 AppleWebKit/537.36 (KHTML, like Gecko; compatible; ClaudeBot/1.0; [email protected])"
216.73.216.254 - - [20/Jul/2025:00:02:33 +0000] "GET /goods/1590606306.shtml HTTP/1.1" 404 12924 "-" "Mozilla/5.0 AppleWebKit/537.36 (KHTML, like Gecko; compatible; ClaudeBot/1.0; [email protected])"
216.73.216.254 - - [20/Jul/2025:00:02:33 +0000] "GET /goods/1590810264.shtml HTTP/1.1" 404 12924 "-" "Mozilla/5.0 AppleWebKit/537.36 (KHTML, like Gecko; compatible; ClaudeBot/1.0; [email protected])"
216.73.216.254 - - [20/Jul/2025:00:02:33 +0000] "GET /goods/1590645756.shtml HTTP/1.1" 404 12924 "-" "Mozilla/5.0 AppleWebKit/537.36 (KHTML, like Gecko; compatible; ClaudeBot/1.0; [email protected])"
45.227.253.15 - - [20/Jul/2025:00:03:04 +0000] "GET /index.php/jk HTTP/1.1" 200 59 "-" "Mozilla/5.0 (Macintosh; Intel Mac OS X 10.12; rv:103.0) Gecko/20100101 Firefox/101.0"
209.74.77.214 - - [20/Jul/2025:00:04:27 +0000] "POST /wp-cron.php?doing_wp_cron=1752969867.1731150150299072265625 HTTP/1.1" 200 - "-" "WordPress/6.8.2; https://sergio-cuchi.tattoo"
216.73.216.254 - - [20/Jul/2025:00:04:25 +0000] "GET /goods/1590564566.shtml HTTP/1.1" 404 12924 "-" "Mozilla/5.0 AppleWebKit/537.36 (KHTML, like Gecko; compatible; ClaudeBot/1.0; [email protected])"
216.73.216.254 - - [20/Jul/2025:00:04:26 +0000] "GET /goods/1590686826.shtml HTTP/1.1" 404 12924 "-" "Mozilla/5.0 AppleWebKit/537.36 (KHTML, like Gecko; compatible; ClaudeBot/1.0; [email protected])"
216.73.216.254 - - [20/Jul/2025:00:04:25 +0000] "GET /goods/1590864750.shtml HTTP/1.1" 404 12924 "-" "Mozilla/5.0 AppleWebKit/537.36 (KHTML, like Gecko; compatible; ClaudeBot/1.0; [email protected])"
216.73.216.254 - - [20/Jul/2025:00:04:26 +0000] "GET /goods/1590648810.shtml HTTP/1.1" 404 12924 "-" "Mozilla/5.0 AppleWebKit/537.36 (KHTML, like Gecko; compatible; ClaudeBot/1.0; [email protected])"
216.73.216.254 - - [20/Jul/2025:00:04:26 +0000] "GET /goods/1590856884.shtml HTTP/1.1" 404 12924 "-" "Mozilla/5.0 AppleWebKit/537.36 (KHTML, like Gecko; compatible; ClaudeBot/1.0; [email protected])"
216.73.216.254 - - [20/Jul/2025:00:04:26 +0000] "GET /goods/1590644062.shtml HTTP/1.1" 404 12924 "-" "Mozilla/5.0 AppleWebKit/537.36 (KHTML, like Gecko; compatible; ClaudeBot/1.0; [email protected])"
216.73.216.254 - - [20/Jul/2025:00:04:25 +0000] "GET /goods/1590481252.shtml HTTP/1.1" 404 12924 "-" "Mozilla/5.0 AppleWebKit/537.36 (KHTML, like Gecko; compatible; ClaudeBot/1.0; [email protected])"
216.73.216.254 - - [20/Jul/2025:00:04:26 +0000] "GET /goods/1590522062.shtml HTTP/1.1" 404 12924 "-" "Mozilla/5.0 AppleWebKit/537.36 (KHTML, like Gecko; compatible; ClaudeBot/1.0; [email protected])"
216.73.216.254 - - [20/Jul/2025:00:04:25 +0000] "GET /goods/1590827126.shtml HTTP/1.1" 404 12924 "-" "Mozilla/5.0 AppleWebKit/537.36 (KHTML, like Gecko; compatible; ClaudeBot/1.0; [email protected])"
216.73.216.254 - - [20/Jul/2025:00:04:26 +0000] "GET /goods/1590525526.shtml HTTP/1.1" 404 12924 "-" "Mozilla/5.0 AppleWebKit/537.36 (KHTML, like Gecko; compatible; ClaudeBot/1.0; [email protected])"
216.73.216.254 - - [20/Jul/2025:00:04:26 +0000] "GET /goods/1590629486.shtml HTTP/1.1" 404 12924 "-" "Mozilla/5.0 AppleWebKit/537.36 (KHTML, like Gecko; compatible; ClaudeBot/1.0; [email protected])"
216.73.216.254 - - [20/Jul/2025:00:04:28 +0000] "GET /goods/1590729330.shtml HTTP/1.1" 404 12924 "-" "Mozilla/5.0 AppleWebKit/537.36 (KHTML, like Gecko; compatible; ClaudeBot/1.0; [email protected])"
216.73.216.254 - - [20/Jul/2025:00:04:28 +0000] "GET /goods/1590823338.shtml HTTP/1.1" 404 12924 "-" "Mozilla/5.0 AppleWebKit/537.36 (KHTML, like Gecko; compatible; ClaudeBot/1.0; [email protected])"
216.73.216.254 - - [20/Jul/2025:00:04:28 +0000] "GET /goods/1590557310.shtml HTTP/1.1" 404 12924 "-" "Mozilla/5.0 AppleWebKit/537.36 (KHTML, like Gecko; compatible; ClaudeBot/1.0; [email protected])"
216.73.216.254 - - [20/Jul/2025:00:04:27 +0000] "GET /goods/1590711768.shtml HTTP/1.1" 404 12924 "-" "Mozilla/5.0 AppleWebKit/537.36 (KHTML, like Gecko; compatible; ClaudeBot/1.0; [email protected])"
216.73.216.254 - - [20/Jul/2025:00:04:28 +0000] "GET /goods/1590757394.shtml HTTP/1.1" 404 12924 "-" "Mozilla/5.0 AppleWebKit/537.36 (KHTML, like Gecko; compatible; ClaudeBot/1.0; [email protected])"
216.73.216.254 - - [20/Jul/2025:00:04:28 +0000] "GET /goods/1590361500.shtml HTTP/1.1" 404 12924 "-" "Mozilla/5.0 AppleWebKit/537.36 (KHTML, like Gecko; compatible; ClaudeBot/1.0; [email protected])"
216.73.216.254 - - [20/Jul/2025:00:04:28 +0000] "GET /goods/1590534130.shtml HTTP/1.1" 404 12924 "-" "Mozilla/5.0 AppleWebKit/537.36 (KHTML, like Gecko; compatible; ClaudeBot/1.0; [email protected])"
216.73.216.254 - - [20/Jul/2025:00:04:28 +0000] "GET /goods/1590838938.shtml HTTP/1.1" 404 12924 "-" "Mozilla/5.0 AppleWebKit/537.36 (KHTML, like Gecko; compatible; ClaudeBot/1.0; [email protected])"
216.73.216.254 - - [20/Jul/2025:00:04:28 +0000] "GET /goods/1590381762.shtml HTTP/1.1" 404 12924 "-" "Mozilla/5.0 AppleWebKit/537.36 (KHTML, like Gecko; compatible; ClaudeBot/1.0; [email protected])"
216.73.216.254 - - [20/Jul/2025:00:04:28 +0000] "GET /goods/1590517592.shtml HTTP/1.1" 404 12924 "-" "Mozilla/5.0 AppleWebKit/537.36 (KHTML, like Gecko; compatible; ClaudeBot/1.0; [email protected])"
216.73.216.254 - - [20/Jul/2025:00:04:28 +0000] "GET /goods/1590731160.shtml HTTP/1.1" 404 12924 "-" "Mozilla/5.0 AppleWebKit/537.36 (KHTML, like Gecko; compatible; ClaudeBot/1.0; [email protected])"
216.73.216.254 - - [20/Jul/2025:00:04:29 +0000] "GET /goods/1590373828.shtml HTTP/1.1" 404 12924 "-" "Mozilla/5.0 AppleWebKit/537.36 (KHTML, like Gecko; compatible; ClaudeBot/1.0; [email protected])"
216.73.216.254 - - [20/Jul/2025:00:04:28 +0000] "GET /goods/1590487578.shtml HTTP/1.1" 404 12924 "-" "Mozilla/5.0 AppleWebKit/537.36 (KHTML, like Gecko; compatible; ClaudeBot/1.0; [email protected])"
216.73.216.254 - - [20/Jul/2025:00:04:29 +0000] "GET /goods/1590700054.shtml HTTP/1.1" 404 12924 "-" "Mozilla/5.0 AppleWebKit/537.36 (KHTML, like Gecko; compatible; ClaudeBot/1.0; [email protected])"
216.73.216.254 - - [20/Jul/2025:00:04:29 +0000] "GET /goods/1590334050.shtml HTTP/1.1" 404 12924 "-" "Mozilla/5.0 AppleWebKit/537.36 (KHTML, like Gecko; compatible; ClaudeBot/1.0; [email protected])"
216.73.216.254 - - [20/Jul/2025:00:04:29 +0000] "GET /goods/1590442566.shtml HTTP/1.1" 404 12924 "-" "Mozilla/5.0 AppleWebKit/537.36 (KHTML, like Gecko; compatible; ClaudeBot/1.0; [email protected])"
216.73.216.254 - - [20/Jul/2025:00:04:29 +0000] "GET /goods/1590524848.shtml HTTP/1.1" 404 12924 "-" "Mozilla/5.0 AppleWebKit/537.36 (KHTML, like Gecko; compatible; ClaudeBot/1.0; [email protected])"
216.73.216.254 - - [20/Jul/2025:00:04:29 +0000] "GET /goods/1590647462.shtml HTTP/1.1" 404 12924 "-" "Mozilla/5.0 AppleWebKit/537.36 (KHTML, like Gecko; compatible; ClaudeBot/1.0; [email protected])"
216.73.216.254 - - [20/Jul/2025:00:04:29 +0000] "GET /goods/1590657482.shtml HTTP/1.1" 404 12924 "-" "Mozilla/5.0 AppleWebKit/537.36 (KHTML, like Gecko; compatible; ClaudeBot/1.0; [email protected])"
216.73.216.254 - - [20/Jul/2025:00:04:29 +0000] "GET /goods/1590763558.shtml HTTP/1.1" 404 12924 "-" "Mozilla/5.0 AppleWebKit/537.36 (KHTML, like Gecko; compatible; ClaudeBot/1.0; [email protected])"
209.74.77.214 - - [20/Jul/2025:00:05:40 +0000] "POST /wp-cron.php?doing_wp_cron=1752969940.9028100967407226562500 HTTP/1.1" 200 - "-" "WordPress/6.8.2; https://sergio-cuchi.tattoo"
57.141.2.7 - - [20/Jul/2025:00:05:39 +0000] "GET /?h=97031365021600& HTTP/1.1" 301 - "-" "meta-externalagent/1.1 (+https://developers.facebook.com/docs/sharing/webmasters/crawler)"
209.74.77.214 - - [20/Jul/2025:00:06:14 +0000] "POST /wp-cron.php?doing_wp_cron=1752969974.1996541023254394531250 HTTP/1.1" 200 - "-" "WordPress/6.8.2; https://sergio-cuchi.tattoo"
57.141.2.28 - - [20/Jul/2025:00:06:12 +0000] "GET /?h=97031365021600 HTTP/1.1" 200 97957 "-" "meta-externalagent/1.1 (+https://developers.facebook.com/docs/sharing/webmasters/crawler)"
216.73.216.254 - - [20/Jul/2025:00:06:17 +0000] "GET /goods/1590701402.shtml HTTP/1.1" 404 12924 "-" "Mozilla/5.0 AppleWebKit/537.36 (KHTML, like Gecko; compatible; ClaudeBot/1.0; [email protected])"
216.73.216.254 - - [20/Jul/2025:00:06:17 +0000] "GET /goods/1590377292.shtml HTTP/1.1" 404 12924 "-" "Mozilla/5.0 AppleWebKit/537.36 (KHTML, like Gecko; compatible; ClaudeBot/1.0; [email protected])"
216.73.216.254 - - [20/Jul/2025:00:06:17 +0000] "GET /goods/1590791554.shtml HTTP/1.1" 404 12924 "-" "Mozilla/5.0 AppleWebKit/537.36 (KHTML, like Gecko; compatible; ClaudeBot/1.0; [email protected])"
216.73.216.254 - - [20/Jul/2025:00:06:18 +0000] "GET /goods/1590526618.shtml HTTP/1.1" 404 12924 "-" "Mozilla/5.0 AppleWebKit/537.36 (KHTML, like Gecko; compatible; ClaudeBot/1.0; [email protected])"
216.73.216.254 - - [20/Jul/2025:00:06:18 +0000] "GET /goods/1590577632.shtml HTTP/1.1" 404 12924 "-" "Mozilla/5.0 AppleWebKit/537.36 (KHTML, like Gecko; compatible; ClaudeBot/1.0; [email protected])"
216.73.216.254 - - [20/Jul/2025:00:06:18 +0000] "GET /goods/1590542056.shtml HTTP/1.1" 404 12924 "-" "Mozilla/5.0 AppleWebKit/537.36 (KHTML, like Gecko; compatible; ClaudeBot/1.0; [email protected])"
216.73.216.254 - - [20/Jul/2025:00:06:18 +0000] "GET /goods/1590567676.shtml HTTP/1.1" 404 12924 "-" "Mozilla/5.0 AppleWebKit/537.36 (KHTML, like Gecko; compatible; ClaudeBot/1.0; [email protected])"
216.73.216.254 - - [20/Jul/2025:00:06:18 +0000] "GET /goods/1590485462.shtml HTTP/1.1" 404 12924 "-" "Mozilla/5.0 AppleWebKit/537.36 (KHTML, like Gecko; compatible; ClaudeBot/1.0; [email protected])"
216.73.216.254 - - [20/Jul/2025:00:06:18 +0000] "GET /goods/1590508578.shtml HTTP/1.1" 404 12924 "-" "Mozilla/5.0 AppleWebKit/537.36 (KHTML, like Gecko; compatible; ClaudeBot/1.0; [email protected])"
216.73.216.254 - - [20/Jul/2025:00:06:18 +0000] "GET /goods/1590500644.shtml HTTP/1.1" 404 12924 "-" "Mozilla/5.0 AppleWebKit/537.36 (KHTML, like Gecko; compatible; ClaudeBot/1.0; [email protected])"
216.73.216.254 - - [20/Jul/2025:00:06:18 +0000] "GET /goods/1590740788.shtml HTTP/1.1" 404 12924 "-" "Mozilla/5.0 AppleWebKit/537.36 (KHTML, like Gecko; compatible; ClaudeBot/1.0; [email protected])"
216.73.216.254 - - [20/Jul/2025:00:06:18 +0000] "GET /goods/1590374506.shtml HTTP/1.1" 404 12924 "-" "Mozilla/5.0 AppleWebKit/537.36 (KHTML, like Gecko; compatible; ClaudeBot/1.0; [email protected])"
216.73.216.254 - - [20/Jul/2025:00:06:18 +0000] "GET /goods/1590831618.shtml HTTP/1.1" 404 12924 "-" "Mozilla/5.0 AppleWebKit/537.36 (KHTML, like Gecko; compatible; ClaudeBot/1.0; [email protected])"
216.73.216.254 - - [20/Jul/2025:00:06:18 +0000] "GET /goods/1590650572.shtml HTTP/1.1" 404 12924 "-" "Mozilla/5.0 AppleWebKit/537.36 (KHTML, like Gecko; compatible; ClaudeBot/1.0; [email protected])"
216.73.216.254 - - [20/Jul/2025:00:06:18 +0000] "GET /goods/1590586658.shtml HTTP/1.1" 404 12924 "-" "Mozilla/5.0 AppleWebKit/537.36 (KHTML, like Gecko; compatible; ClaudeBot/1.0; [email protected])"
216.73.216.254 - - [20/Jul/2025:00:06:18 +0000] "GET /goods/1590479644.shtml HTTP/1.1" 404 12924 "-" "Mozilla/5.0 AppleWebKit/537.36 (KHTML, like Gecko; compatible; ClaudeBot/1.0; [email protected])"
216.73.216.254 - - [20/Jul/2025:00:06:18 +0000] "GET /goods/1590734214.shtml HTTP/1.1" 404 12924 "-" "Mozilla/5.0 AppleWebKit/537.36 (KHTML, like Gecko; compatible; ClaudeBot/1.0; [email protected])"
216.73.216.254 - - [20/Jul/2025:00:06:18 +0000] "GET /goods/1590431168.shtml HTTP/1.1" 404 12924 "-" "Mozilla/5.0 AppleWebKit/537.36 (KHTML, like Gecko; compatible; ClaudeBot/1.0; [email protected])"
216.73.216.254 - - [20/Jul/2025:00:06:18 +0000] "GET /goods/1590514128.shtml HTTP/1.1" 404 12924 "-" "Mozilla/5.0 AppleWebKit/537.36 (KHTML, like Gecko; compatible; ClaudeBot/1.0; [email protected])"
216.73.216.254 - - [20/Jul/2025:00:06:19 +0000] "GET /goods/1590560356.shtml HTTP/1.1" 404 12924 "-" "Mozilla/5.0 AppleWebKit/537.36 (KHTML, like Gecko; compatible; ClaudeBot/1.0; [email protected])"
216.73.216.254 - - [20/Jul/2025:00:06:19 +0000] "GET /goods/1590724450.shtml HTTP/1.1" 404 12924 "-" "Mozilla/5.0 AppleWebKit/537.36 (KHTML, like Gecko; compatible; ClaudeBot/1.0; [email protected])"
216.73.216.254 - - [20/Jul/2025:00:06:19 +0000] "GET /goods/1590576024.shtml HTTP/1.1" 404 12924 "-" "Mozilla/5.0 AppleWebKit/537.36 (KHTML, like Gecko; compatible; ClaudeBot/1.0; [email protected])"
216.73.216.254 - - [20/Jul/2025:00:06:19 +0000] "GET /goods/1590336558.shtml HTTP/1.1" 404 12924 "-" "Mozilla/5.0 AppleWebKit/537.36 (KHTML, like Gecko; compatible; ClaudeBot/1.0; [email protected])"
216.73.216.254 - - [20/Jul/2025:00:06:19 +0000] "GET /goods/1590520292.shtml HTTP/1.1" 404 12924 "-" "Mozilla/5.0 AppleWebKit/537.36 (KHTML, like Gecko; compatible; ClaudeBot/1.0; [email protected])"
216.73.216.254 - - [20/Jul/2025:00:06:19 +0000] "GET /goods/1590737678.shtml HTTP/1.1" 404 12924 "-" "Mozilla/5.0 AppleWebKit/537.36 (KHTML, like Gecko; compatible; ClaudeBot/1.0; [email protected])"
216.73.216.254 - - [20/Jul/2025:00:06:19 +0000] "GET /goods/1590612624.shtml HTTP/1.1" 404 12924 "-" "Mozilla/5.0 AppleWebKit/537.36 (KHTML, like Gecko; compatible; ClaudeBot/1.0; [email protected])"
216.73.216.254 - - [20/Jul/2025:00:06:19 +0000] "GET /goods/1590720048.shtml HTTP/1.1" 404 12924 "-" "Mozilla/5.0 AppleWebKit/537.36 (KHTML, like Gecko; compatible; ClaudeBot/1.0; [email protected])"
216.73.216.254 - - [20/Jul/2025:00:06:19 +0000] "GET /goods/1590538592.shtml HTTP/1.1" 404 12924 "-" "Mozilla/5.0 AppleWebKit/537.36 (KHTML, like Gecko; compatible; ClaudeBot/1.0; [email protected])"
216.73.216.254 - - [20/Jul/2025:00:06:19 +0000] "GET /goods/1590619534.shtml HTTP/1.1" 404 12924 "-" "Mozilla/5.0 AppleWebKit/537.36 (KHTML, like Gecko; compatible; ClaudeBot/1.0; [email protected])"
216.73.216.254 - - [20/Jul/2025:00:06:19 +0000] "GET /goods/1590490278.shtml HTTP/1.1" 404 12924 "-" "Mozilla/5.0 AppleWebKit/537.36 (KHTML, like Gecko; compatible; ClaudeBot/1.0; [email protected])"
216.73.216.254 - - [20/Jul/2025:00:06:20 +0000] "GET /goods/1590551820.shtml HTTP/1.1" 404 12924 "-" "Mozilla/5.0 AppleWebKit/537.36 (KHTML, like Gecko; compatible; ClaudeBot/1.0; [email protected])"
209.74.77.214 - - [20/Jul/2025:00:08:12 +0000] "POST /wp-cron.php?doing_wp_cron=1752970092.6556859016418457031250 HTTP/1.1" 200 - "-" "WordPress/6.8.2; https://sergio-cuchi.tattoo"
