47.128.116.231 - - [19/Jul/2025:18:03:20 +0000] "GET /wp-content/plugins/elementor/assets/css/widget-social-icons.min.css?ver=3.29.1 HTTP/1.1" 200 1170 "https://time2cut.com/" "Mozilla/5.0 (Linux; Android 5.0) AppleWebKit/537.36 (KHTML, like Gecko) Mobile Safari/537.36 (compatible; Bytespider; [email protected])"
47.128.116.231 - - [19/Jul/2025:18:03:21 +0000] "GET /wp-content/themes/hello-elementor/theme.min.css?ver=3.4.0 HTTP/1.1" 200 1311 "https://time2cut.com/" "Mozilla/5.0 (Linux; Android 5.0) AppleWebKit/537.36 (KHTML, like Gecko) Mobile Safari/537.36 (compatible; Bytespider; [email protected])"
47.128.116.231 - - [19/Jul/2025:18:03:21 +0000] "GET /wp-content/themes/hello-elementor/header-footer.min.css?ver=3.4.0 HTTP/1.1" 200 1479 "https://time2cut.com/" "Mozilla/5.0 (Linux; Android 5.0) AppleWebKit/537.36 (KHTML, like Gecko) Mobile Safari/537.36 (compatible; Bytespider; [email protected])"
47.128.116.231 - - [19/Jul/2025:18:03:21 +0000] "GET /wp-content/plugins/elementor/assets/lib/eicons/css/elementor-icons.min.css?ver=5.34.0 HTTP/1.1" 200 4342 "https://time2cut.com/" "Mozilla/5.0 (Linux; Android 5.0) AppleWebKit/537.36 (KHTML, like Gecko) Mobile Safari/537.36 (compatible; Bytespider; [email protected])"
47.128.116.231 - - [19/Jul/2025:18:03:21 +0000] "GET /wp-content/uploads/elementor/css/post-74.css?ver=1748531283 HTTP/1.1" 200 1579 "https://time2cut.com/" "Mozilla/5.0 (Linux; Android 5.0) AppleWebKit/537.36 (KHTML, like Gecko) Mobile Safari/537.36 (compatible; Bytespider; [email protected])"
47.128.116.231 - - [19/Jul/2025:18:03:21 +0000] "GET /wp-content/plugins/elementor/assets/lib/font-awesome/css/fontawesome.css?ver=5.15.3 HTTP/1.1" 200 13124 "https://time2cut.com/" "Mozilla/5.0 (Linux; Android 5.0) AppleWebKit/537.36 (KHTML, like Gecko) Mobile Safari/537.36 (compatible; Bytespider; [email protected])"
47.128.116.231 - - [19/Jul/2025:18:03:21 +0000] "GET /wp-content/uploads/elementor/css/post-90.css?ver=1748531283 HTTP/1.1" 200 1951 "https://time2cut.com/" "Mozilla/5.0 (Linux; Android 5.0) AppleWebKit/537.36 (KHTML, like Gecko) Mobile Safari/537.36 (compatible; Bytespider; [email protected])"
47.128.116.231 - - [19/Jul/2025:18:03:21 +0000] "GET /wp-content/plugins/elementor/assets/css/widget-icon-list.min.css?ver=3.24.3 HTTP/1.1" 200 1069 "https://time2cut.com/" "Mozilla/5.0 (Linux; Android 5.0) AppleWebKit/537.36 (KHTML, like Gecko) Mobile Safari/537.36 (compatible; Bytespider; [email protected])"
47.128.116.231 - - [19/Jul/2025:18:03:21 +0000] "GET /wp-content/plugins/elementor/assets/lib/font-awesome/css/brands.css?ver=5.15.3 HTTP/1.1" 200 322 "https://time2cut.com/" "Mozilla/5.0 (Linux; Android 5.0) AppleWebKit/537.36 (KHTML, like Gecko) Mobile Safari/537.36 (compatible; Bytespider; [email protected])"
47.128.116.231 - - [19/Jul/2025:18:03:21 +0000] "GET /wp-content/plugins/elementor/assets/css/widget-social-icons.min.css?ver=3.24.0 HTTP/1.1" 200 1170 "https://time2cut.com/" "Mozilla/5.0 (Linux; Android 5.0) AppleWebKit/537.36 (KHTML, like Gecko) Mobile Safari/537.36 (compatible; Bytespider; [email protected])"
47.128.116.231 - - [19/Jul/2025:18:03:21 +0000] "GET /wp-content/plugins/elementor-pro/assets/css/widget-blockquote.min.css?ver=3.25.0 HTTP/1.1" 200 1112 "https://time2cut.com/" "Mozilla/5.0 (Linux; Android 5.0) AppleWebKit/537.36 (KHTML, like Gecko) Mobile Safari/537.36 (compatible; Bytespider; [email protected])"
47.128.116.231 - - [19/Jul/2025:18:03:21 +0000] "GET /wp-content/plugins/elementor-pro/assets/css/widget-nav-menu.min.css?ver=3.26.0 HTTP/1.1" 200 3369 "https://time2cut.com/" "Mozilla/5.0 (Linux; Android 5.0) AppleWebKit/537.36 (KHTML, like Gecko) Mobile Safari/537.36 (compatible; Bytespider; [email protected])"
47.128.116.231 - - [19/Jul/2025:18:03:21 +0000] "GET /wp-content/plugins/elementor-pro/assets/css/widget-mega-menu.min.css?ver=3.26.2 HTTP/1.1" 200 2853 "https://time2cut.com/" "Mozilla/5.0 (Linux; Android 5.0) AppleWebKit/537.36 (KHTML, like Gecko) Mobile Safari/537.36 (compatible; Bytespider; [email protected])"
47.128.116.231 - - [19/Jul/2025:18:03:21 +0000] "GET /wp-content/plugins/elementor/assets/lib/font-awesome/css/solid.css?ver=5.15.3 HTTP/1.1" 200 325 "https://time2cut.com/" "Mozilla/5.0 (Linux; Android 5.0) AppleWebKit/537.36 (KHTML, like Gecko) Mobile Safari/537.36 (compatible; Bytespider; [email protected])"
47.128.116.231 - - [19/Jul/2025:18:03:21 +0000] "GET /wp-content/uploads/elementor/google-fonts/css/jost.css?ver=1746515287 HTTP/1.1" 200 732 "https://time2cut.com/" "Mozilla/5.0 (Linux; Android 5.0) AppleWebKit/537.36 (KHTML, like Gecko) Mobile Safari/537.36 (compatible; Bytespider; [email protected])"
47.128.116.231 - - [19/Jul/2025:18:03:22 +0000] "GET /wp-content/plugins/elementskit-lite/widgets/init/assets/css/responsive.css?ver=3.5.2 HTTP/1.1" 200 3161 "https://time2cut.com/" "Mozilla/5.0 (Linux; Android 5.0) AppleWebKit/537.36 (KHTML, like Gecko) Mobile Safari/537.36 (compatible; Bytespider; [email protected])"
216.73.216.203 - - [19/Jul/2025:18:03:21 +0000] "GET /special/987538888.phtml HTTP/1.1" 404 13249 "-" "Mozilla/5.0 AppleWebKit/537.36 (KHTML, like Gecko; compatible; ClaudeBot/1.0; [email protected])"
47.128.116.231 - - [19/Jul/2025:18:03:22 +0000] "GET /wp-content/plugins/elementskit-lite/widgets/init/assets/css/widget-styles.css?ver=3.5.2 HTTP/1.1" 200 51547 "https://time2cut.com/" "Mozilla/5.0 (Linux; Android 5.0) AppleWebKit/537.36 (KHTML, like Gecko) Mobile Safari/537.36 (compatible; Bytespider; [email protected])"
47.128.116.231 - - [19/Jul/2025:18:03:22 +0000] "GET /wp-content/plugins/jeg-elementor-kit/assets/fonts/jkiticon/jkiticon.css?ver=2.6.13 HTTP/1.1" 200 21477 "https://time2cut.com/" "Mozilla/5.0 (Linux; Android 5.0) AppleWebKit/537.36 (KHTML, like Gecko) Mobile Safari/537.36 (compatible; Bytespider; [email protected])"
47.128.116.231 - - [19/Jul/2025:18:03:22 +0000] "GET /wp-content/plugins/elementskit-lite/modules/elementskit-icon-pack/assets/css/ekiticons.css?ver=3.5.2 HTTP/1.1" 200 13134 "https://time2cut.com/" "Mozilla/5.0 (Linux; Android 5.0) AppleWebKit/537.36 (KHTML, like Gecko) Mobile Safari/537.36 (compatible; Bytespider; [email protected])"
47.128.116.231 - - [19/Jul/2025:18:03:22 +0000] "GET /wp-content/uploads/elementor/google-fonts/css/roboto.css?ver=1746514088 HTTP/1.1" 200 2862 "https://time2cut.com/" "Mozilla/5.0 (Linux; Android 5.0) AppleWebKit/537.36 (KHTML, like Gecko) Mobile Safari/537.36 (compatible; Bytespider; [email protected])"
47.128.116.231 - - [19/Jul/2025:18:03:22 +0000] "GET /wp-content/uploads/2025/05/logo-time2cut-1-768x178.png HTTP/1.1" 206 500 "https://time2cut.com/" "Mozilla/5.0 (Linux; Android 5.0) AppleWebKit/537.36 (KHTML, like Gecko) Mobile Safari/537.36 (compatible; Bytespider; [email protected])"
20.171.207.13 - - [19/Jul/2025:18:03:22 +0000] "GET /special/2287752330.phtml HTTP/1.1" 404 13249 "-" "Mozilla/5.0 AppleWebKit/537.36 (KHTML, like Gecko; compatible; GPTBot/1.2; +https://openai.com/gptbot)"
47.128.116.231 - - [19/Jul/2025:18:03:22 +0000] "GET /wp-content/plugins/jeg-elementor-kit/lib/jeg-framework/assets/css/jeg-dynamic-styles.css?ver=1.3.0 HTTP/1.1" 200 - "https://time2cut.com/" "Mozilla/5.0 (Linux; Android 5.0) AppleWebKit/537.36 (KHTML, like Gecko) Mobile Safari/537.36 (compatible; Bytespider; [email protected])"
47.128.116.231 - - [19/Jul/2025:18:03:23 +0000] "GET /wp-content/plugins/elementor/assets/lib/font-awesome/css/all.min.css?ver=3.29.1 HTTP/1.1" 200 12869 "https://time2cut.com/" "Mozilla/5.0 (Linux; Android 5.0) AppleWebKit/537.36 (KHTML, like Gecko) Mobile Safari/537.36 (compatible; Bytespider; [email protected])"
47.128.116.231 - - [19/Jul/2025:18:03:23 +0000] "GET /wp-content/plugins/elementor/assets/lib/font-awesome/css/v4-shims.min.css?ver=3.29.1 HTTP/1.1" 200 4229 "https://time2cut.com/" "Mozilla/5.0 (Linux; Android 5.0) AppleWebKit/537.36 (KHTML, like Gecko) Mobile Safari/537.36 (compatible; Bytespider; [email protected])"
47.128.116.231 - - [19/Jul/2025:18:03:23 +0000] "GET /wp-content/uploads/2025/05/Accent12.png HTTP/1.1" 206 500 "https://time2cut.com/" "Mozilla/5.0 (Linux; Android 5.0) AppleWebKit/537.36 (KHTML, like Gecko) Mobile Safari/537.36 (compatible; Bytespider; [email protected])"
47.128.116.231 - - [19/Jul/2025:18:03:23 +0000] "GET /wp-content/uploads/2025/05/Time2Cut-1-768x511.jpg HTTP/1.1" 206 500 "https://time2cut.com/" "Mozilla/5.0 (Linux; Android 5.0) AppleWebKit/537.36 (KHTML, like Gecko) Mobile Safari/537.36 (compatible; Bytespider; [email protected])"
47.128.116.231 - - [19/Jul/2025:18:03:23 +0000] "GET /wp-content/uploads/2025/05/Accent5-01.png HTTP/1.1" 206 500 "https://time2cut.com/wp-content/uploads/elementor/css/post-62.css?ver=1748531283" "Mozilla/5.0 (Linux; Android 5.0) AppleWebKit/537.36 (KHTML, like Gecko) Mobile Safari/537.36 (compatible; Bytespider; [email protected])"
47.128.116.231 - - [19/Jul/2025:18:03:23 +0000] "GET /wp-content/uploads/2025/05/imagetime2cut-768x512.png HTTP/1.1" 206 500 "https://time2cut.com/" "Mozilla/5.0 (Linux; Android 5.0) AppleWebKit/537.36 (KHTML, like Gecko) Mobile Safari/537.36 (compatible; Bytespider; [email protected])"
47.128.116.231 - - [19/Jul/2025:18:03:23 +0000] "GET /wp-content/plugins/elementor/assets/mask-shapes/custom.svg HTTP/1.1" 404 65172 "https://time2cut.com/wp-content/uploads/elementor/css/post-62.css?ver=1748531283" "Mozilla/5.0 (Linux; Android 5.0) AppleWebKit/537.36 (KHTML, like Gecko) Mobile Safari/537.36 (compatible; Bytespider; [email protected])"
216.73.216.203 - - [19/Jul/2025:18:03:24 +0000] "GET /special/987479326.phtml HTTP/1.1" 404 13249 "-" "Mozilla/5.0 AppleWebKit/537.36 (KHTML, like Gecko; compatible; ClaudeBot/1.0; [email protected])"
20.171.207.13 - - [19/Jul/2025:18:03:25 +0000] "GET /special/2287360826.phtml HTTP/1.1" 404 13249 "-" "Mozilla/5.0 AppleWebKit/537.36 (KHTML, like Gecko; compatible; GPTBot/1.2; +https://openai.com/gptbot)"
20.171.207.13 - - [19/Jul/2025:18:03:27 +0000] "GET /special/2287726410.phtml HTTP/1.1" 404 13249 "-" "Mozilla/5.0 AppleWebKit/537.36 (KHTML, like Gecko; compatible; GPTBot/1.2; +https://openai.com/gptbot)"
216.73.216.203 - - [19/Jul/2025:18:03:28 +0000] "GET /special/988184160.phtml HTTP/1.1" 404 13249 "-" "Mozilla/5.0 AppleWebKit/537.36 (KHTML, like Gecko; compatible; ClaudeBot/1.0; [email protected])"
20.171.207.13 - - [19/Jul/2025:18:03:30 +0000] "GET /special/2287120300.phtml HTTP/1.1" 404 13249 "-" "Mozilla/5.0 AppleWebKit/537.36 (KHTML, like Gecko; compatible; GPTBot/1.2; +https://openai.com/gptbot)"
216.73.216.203 - - [19/Jul/2025:18:03:30 +0000] "GET /special/988145382.phtml HTTP/1.1" 404 13249 "-" "Mozilla/5.0 AppleWebKit/537.36 (KHTML, like Gecko; compatible; ClaudeBot/1.0; [email protected])"
20.171.207.13 - - [19/Jul/2025:18:03:33 +0000] "GET /special/2287356338.phtml HTTP/1.1" 404 13249 "-" "Mozilla/5.0 AppleWebKit/537.36 (KHTML, like Gecko; compatible; GPTBot/1.2; +https://openai.com/gptbot)"
216.73.216.203 - - [19/Jul/2025:18:03:33 +0000] "GET /special/987844044.phtml HTTP/1.1" 404 13249 "-" "Mozilla/5.0 AppleWebKit/537.36 (KHTML, like Gecko; compatible; ClaudeBot/1.0; [email protected])"
20.171.207.13 - - [19/Jul/2025:18:03:36 +0000] "GET /special/2287148012.phtml HTTP/1.1" 404 13249 "-" "Mozilla/5.0 AppleWebKit/537.36 (KHTML, like Gecko; compatible; GPTBot/1.2; +https://openai.com/gptbot)"
216.73.216.203 - - [19/Jul/2025:18:03:36 +0000] "GET /special/988181980.phtml HTTP/1.1" 404 13249 "-" "Mozilla/5.0 AppleWebKit/537.36 (KHTML, like Gecko; compatible; ClaudeBot/1.0; [email protected])"
20.171.207.13 - - [19/Jul/2025:18:03:39 +0000] "GET /special/2287656426.phtml HTTP/1.1" 404 13249 "-" "Mozilla/5.0 AppleWebKit/537.36 (KHTML, like Gecko; compatible; GPTBot/1.2; +https://openai.com/gptbot)"
216.73.216.203 - - [19/Jul/2025:18:03:39 +0000] "GET /special/988071802.phtml HTTP/1.1" 404 13249 "-" "Mozilla/5.0 AppleWebKit/537.36 (KHTML, like Gecko; compatible; ClaudeBot/1.0; [email protected])"
20.171.207.13 - - [19/Jul/2025:18:03:42 +0000] "GET /special/2287479954.phtml HTTP/1.1" 404 13249 "-" "Mozilla/5.0 AppleWebKit/537.36 (KHTML, like Gecko; compatible; GPTBot/1.2; +https://openai.com/gptbot)"
216.73.216.203 - - [19/Jul/2025:18:03:42 +0000] "GET /special/988137298.phtml HTTP/1.1" 404 13249 "-" "Mozilla/5.0 AppleWebKit/537.36 (KHTML, like Gecko; compatible; ClaudeBot/1.0; [email protected])"
20.171.207.13 - - [19/Jul/2025:18:03:45 +0000] "GET /special/2287097400.phtml HTTP/1.1" 404 13249 "-" "Mozilla/5.0 AppleWebKit/537.36 (KHTML, like Gecko; compatible; GPTBot/1.2; +https://openai.com/gptbot)"
216.73.216.203 - - [19/Jul/2025:18:03:45 +0000] "GET /special/987809822.phtml HTTP/1.1" 404 13249 "-" "Mozilla/5.0 AppleWebKit/537.36 (KHTML, like Gecko; compatible; ClaudeBot/1.0; [email protected])"
20.171.207.13 - - [19/Jul/2025:18:03:47 +0000] "GET /special/2287191858.phtml HTTP/1.1" 404 13249 "-" "Mozilla/5.0 AppleWebKit/537.36 (KHTML, like Gecko; compatible; GPTBot/1.2; +https://openai.com/gptbot)"
20.171.207.13 - - [19/Jul/2025:18:03:50 +0000] "GET /special/2287053554.phtml HTTP/1.1" 404 13249 "-" "Mozilla/5.0 AppleWebKit/537.36 (KHTML, like Gecko; compatible; GPTBot/1.2; +https://openai.com/gptbot)"
216.73.216.203 - - [19/Jul/2025:18:03:52 +0000] "GET /special/987845294.phtml HTTP/1.1" 404 13249 "-" "Mozilla/5.0 AppleWebKit/537.36 (KHTML, like Gecko; compatible; ClaudeBot/1.0; [email protected])"
20.171.207.13 - - [19/Jul/2025:18:03:53 +0000] "GET /special/2287285066.phtml HTTP/1.1" 404 13249 "-" "Mozilla/5.0 AppleWebKit/537.36 (KHTML, like Gecko; compatible; GPTBot/1.2; +https://openai.com/gptbot)"
216.73.216.203 - - [19/Jul/2025:18:03:55 +0000] "GET /special/987754654.phtml HTTP/1.1" 404 13249 "-" "Mozilla/5.0 AppleWebKit/537.36 (KHTML, like Gecko; compatible; ClaudeBot/1.0; [email protected])"
20.171.207.13 - - [19/Jul/2025:18:03:56 +0000] "GET /special/2287256488.phtml HTTP/1.1" 404 13249 "-" "Mozilla/5.0 AppleWebKit/537.36 (KHTML, like Gecko; compatible; GPTBot/1.2; +https://openai.com/gptbot)"
216.73.216.203 - - [19/Jul/2025:18:03:58 +0000] "GET /special/987808376.phtml HTTP/1.1" 404 13249 "-" "Mozilla/5.0 AppleWebKit/537.36 (KHTML, like Gecko; compatible; ClaudeBot/1.0; [email protected])"
20.171.207.13 - - [19/Jul/2025:18:03:59 +0000] "GET /special/2287338698.phtml HTTP/1.1" 404 13249 "-" "Mozilla/5.0 AppleWebKit/537.36 (KHTML, like Gecko; compatible; GPTBot/1.2; +https://openai.com/gptbot)"
216.73.216.203 - - [19/Jul/2025:18:04:01 +0000] "GET /special/988248726.phtml HTTP/1.1" 404 13249 "-" "Mozilla/5.0 AppleWebKit/537.36 (KHTML, like Gecko; compatible; ClaudeBot/1.0; [email protected])"
20.171.207.13 - - [19/Jul/2025:18:04:02 +0000] "GET /special/2287181658.phtml HTTP/1.1" 404 13249 "-" "Mozilla/5.0 AppleWebKit/537.36 (KHTML, like Gecko; compatible; GPTBot/1.2; +https://openai.com/gptbot)"
216.73.216.203 - - [19/Jul/2025:18:04:05 +0000] "GET /special/988115042.phtml HTTP/1.1" 404 13249 "-" "Mozilla/5.0 AppleWebKit/537.36 (KHTML, like Gecko; compatible; ClaudeBot/1.0; [email protected])"
20.171.207.13 - - [19/Jul/2025:18:04:05 +0000] "GET /special/2287180860.phtml HTTP/1.1" 404 13249 "-" "Mozilla/5.0 AppleWebKit/537.36 (KHTML, like Gecko; compatible; GPTBot/1.2; +https://openai.com/gptbot)"
216.73.216.203 - - [19/Jul/2025:18:04:07 +0000] "GET /special/2178039214.phtml HTTP/1.1" 404 13249 "-" "Mozilla/5.0 AppleWebKit/537.36 (KHTML, like Gecko; compatible; ClaudeBot/1.0; [email protected])"
20.171.207.13 - - [19/Jul/2025:18:04:08 +0000] "GET /special/2287576784.phtml HTTP/1.1" 404 13249 "-" "Mozilla/5.0 AppleWebKit/537.36 (KHTML, like Gecko; compatible; GPTBot/1.2; +https://openai.com/gptbot)"
216.73.216.203 - - [19/Jul/2025:18:04:10 +0000] "GET /special/987488208.phtml HTTP/1.1" 404 13249 "-" "Mozilla/5.0 AppleWebKit/537.36 (KHTML, like Gecko; compatible; ClaudeBot/1.0; [email protected])"
20.171.207.13 - - [19/Jul/2025:18:04:10 +0000] "GET /special/2287055670.phtml HTTP/1.1" 404 13249 "-" "Mozilla/5.0 AppleWebKit/537.36 (KHTML, like Gecko; compatible; GPTBot/1.2; +https://openai.com/gptbot)"
216.73.216.203 - - [19/Jul/2025:18:04:13 +0000] "GET /special/987809754.phtml HTTP/1.1" 404 13249 "-" "Mozilla/5.0 AppleWebKit/537.36 (KHTML, like Gecko; compatible; ClaudeBot/1.0; [email protected])"
20.171.207.13 - - [19/Jul/2025:18:04:13 +0000] "GET /special/2287462118.phtml HTTP/1.1" 404 13249 "-" "Mozilla/5.0 AppleWebKit/537.36 (KHTML, like Gecko; compatible; GPTBot/1.2; +https://openai.com/gptbot)"
216.73.216.203 - - [19/Jul/2025:18:04:16 +0000] "GET /special/988029402.phtml HTTP/1.1" 404 13249 "-" "Mozilla/5.0 AppleWebKit/537.36 (KHTML, like Gecko; compatible; ClaudeBot/1.0; [email protected])"
20.171.207.13 - - [19/Jul/2025:18:04:16 +0000] "GET /special/2287540446.phtml HTTP/1.1" 404 13249 "-" "Mozilla/5.0 AppleWebKit/537.36 (KHTML, like Gecko; compatible; GPTBot/1.2; +https://openai.com/gptbot)"
20.171.207.13 - - [19/Jul/2025:18:04:19 +0000] "GET /special/2287095284.phtml HTTP/1.1" 404 13249 "-" "Mozilla/5.0 AppleWebKit/537.36 (KHTML, like Gecko; compatible; GPTBot/1.2; +https://openai.com/gptbot)"
216.73.216.203 - - [19/Jul/2025:18:04:19 +0000] "GET /special/987562718.phtml HTTP/1.1" 404 13249 "-" "Mozilla/5.0 AppleWebKit/537.36 (KHTML, like Gecko; compatible; ClaudeBot/1.0; [email protected])"
20.171.207.13 - - [19/Jul/2025:18:04:22 +0000] "GET /special/2287544004.phtml HTTP/1.1" 404 13249 "-" "Mozilla/5.0 AppleWebKit/537.36 (KHTML, like Gecko; compatible; GPTBot/1.2; +https://openai.com/gptbot)"
216.73.216.203 - - [19/Jul/2025:18:04:22 +0000] "GET /special/987484458.phtml HTTP/1.1" 404 13249 "-" "Mozilla/5.0 AppleWebKit/537.36 (KHTML, like Gecko; compatible; ClaudeBot/1.0; [email protected])"
20.171.207.13 - - [19/Jul/2025:18:04:25 +0000] "GET /special/2287677304.phtml HTTP/1.1" 404 13249 "-" "Mozilla/5.0 AppleWebKit/537.36 (KHTML, like Gecko; compatible; GPTBot/1.2; +https://openai.com/gptbot)"
216.73.216.203 - - [19/Jul/2025:18:04:26 +0000] "GET /special/2177983466.phtml HTTP/1.1" 404 13249 "-" "Mozilla/5.0 AppleWebKit/537.36 (KHTML, like Gecko; compatible; ClaudeBot/1.0; [email protected])"
20.171.207.13 - - [19/Jul/2025:18:04:27 +0000] "GET /special/2287006824.phtml HTTP/1.1" 404 13249 "-" "Mozilla/5.0 AppleWebKit/537.36 (KHTML, like Gecko; compatible; GPTBot/1.2; +https://openai.com/gptbot)"
216.73.216.203 - - [19/Jul/2025:18:04:29 +0000] "GET /special/988141760.phtml HTTP/1.1" 404 13249 "-" "Mozilla/5.0 AppleWebKit/537.36 (KHTML, like Gecko; compatible; ClaudeBot/1.0; [email protected])"
20.171.207.13 - - [19/Jul/2025:18:04:30 +0000] "GET /special/2287181658.phtml HTTP/1.1" 404 13249 "-" "Mozilla/5.0 AppleWebKit/537.36 (KHTML, like Gecko; compatible; GPTBot/1.2; +https://openai.com/gptbot)"
216.73.216.203 - - [19/Jul/2025:18:04:33 +0000] "GET /special/987794938.phtml HTTP/1.1" 404 13249 "-" "Mozilla/5.0 AppleWebKit/537.36 (KHTML, like Gecko; compatible; ClaudeBot/1.0; [email protected])"
20.171.207.13 - - [19/Jul/2025:18:04:33 +0000] "GET /special/2287059552.phtml HTTP/1.1" 404 13249 "-" "Mozilla/5.0 AppleWebKit/537.36 (KHTML, like Gecko; compatible; GPTBot/1.2; +https://openai.com/gptbot)"
216.73.216.203 - - [19/Jul/2025:18:04:34 +0000] "GET /special/988109910.phtml HTTP/1.1" 404 13249 "-" "Mozilla/5.0 AppleWebKit/537.36 (KHTML, like Gecko; compatible; ClaudeBot/1.0; [email protected])"
20.171.207.13 - - [19/Jul/2025:18:04:36 +0000] "GET /special/2287589424.phtml HTTP/1.1" 404 13249 "-" "Mozilla/5.0 AppleWebKit/537.36 (KHTML, like Gecko; compatible; GPTBot/1.2; +https://openai.com/gptbot)"
216.73.216.203 - - [19/Jul/2025:18:04:38 +0000] "GET /special/2178092266.phtml HTTP/1.1" 404 13249 "-" "Mozilla/5.0 AppleWebKit/537.36 (KHTML, like Gecko; compatible; ClaudeBot/1.0; [email protected])"
20.171.207.13 - - [19/Jul/2025:18:04:38 +0000] "GET /special/2287764902.phtml HTTP/1.1" 404 13249 "-" "Mozilla/5.0 AppleWebKit/537.36 (KHTML, like Gecko; compatible; GPTBot/1.2; +https://openai.com/gptbot)"
216.73.216.203 - - [19/Jul/2025:18:04:40 +0000] "GET /special/988098520.phtml HTTP/1.1" 404 13249 "-" "Mozilla/5.0 AppleWebKit/537.36 (KHTML, like Gecko; compatible; ClaudeBot/1.0; [email protected])"
20.171.207.13 - - [19/Jul/2025:18:04:41 +0000] "GET /special/2287730612.phtml HTTP/1.1" 404 13249 "-" "Mozilla/5.0 AppleWebKit/537.36 (KHTML, like Gecko; compatible; GPTBot/1.2; +https://openai.com/gptbot)"
216.73.216.203 - - [19/Jul/2025:18:04:43 +0000] "GET /special/988198178.phtml HTTP/1.1" 404 13249 "-" "Mozilla/5.0 AppleWebKit/537.36 (KHTML, like Gecko; compatible; ClaudeBot/1.0; [email protected])"
20.171.207.13 - - [19/Jul/2025:18:04:44 +0000] "GET /special/2287329748.phtml HTTP/1.1" 404 13249 "-" "Mozilla/5.0 AppleWebKit/537.36 (KHTML, like Gecko; compatible; GPTBot/1.2; +https://openai.com/gptbot)"
216.73.216.203 - - [19/Jul/2025:18:04:46 +0000] "GET /special/987818704.phtml HTTP/1.1" 404 13249 "-" "Mozilla/5.0 AppleWebKit/537.36 (KHTML, like Gecko; compatible; ClaudeBot/1.0; [email protected])"
20.171.207.13 - - [19/Jul/2025:18:04:47 +0000] "GET /special/2287023214.phtml HTTP/1.1" 404 13249 "-" "Mozilla/5.0 AppleWebKit/537.36 (KHTML, like Gecko; compatible; GPTBot/1.2; +https://openai.com/gptbot)"
216.73.216.203 - - [19/Jul/2025:18:04:49 +0000] "GET /special/987885450.phtml HTTP/1.1" 404 13249 "-" "Mozilla/5.0 AppleWebKit/537.36 (KHTML, like Gecko; compatible; ClaudeBot/1.0; [email protected])"
40.77.167.53 - - [19/Jul/2025:18:04:50 +0000] "GET /special/1768547290.phtml HTTP/1.1" 200 18222 "-" "Mozilla/5.0 AppleWebKit/537.36 (KHTML, like Gecko; compatible; bingbot/2.0; +http://www.bing.com/bingbot.htm) Chrome/116.0.1938.76 Safari/537.36"
20.171.207.13 - - [19/Jul/2025:18:04:50 +0000] "GET /special/2287697832.phtml HTTP/1.1" 404 13249 "-" "Mozilla/5.0 AppleWebKit/537.36 (KHTML, like Gecko; compatible; GPTBot/1.2; +https://openai.com/gptbot)"
216.73.216.203 - - [19/Jul/2025:18:04:52 +0000] "GET /special/2178372082.phtml HTTP/1.1" 404 13249 "-" "Mozilla/5.0 AppleWebKit/537.36 (KHTML, like Gecko; compatible; ClaudeBot/1.0; [email protected])"
20.171.207.13 - - [19/Jul/2025:18:04:53 +0000] "GET /special/2287186120.phtml HTTP/1.1" 404 13249 "-" "Mozilla/5.0 AppleWebKit/537.36 (KHTML, like Gecko; compatible; GPTBot/1.2; +https://openai.com/gptbot)"
20.171.207.13 - - [19/Jul/2025:18:04:56 +0000] "GET /special/2287060930.phtml HTTP/1.1" 404 13249 "-" "Mozilla/5.0 AppleWebKit/537.36 (KHTML, like Gecko; compatible; GPTBot/1.2; +https://openai.com/gptbot)"
216.73.216.203 - - [19/Jul/2025:18:04:57 +0000] "GET /special/988151316.phtml HTTP/1.1" 404 13249 "-" "Mozilla/5.0 AppleWebKit/537.36 (KHTML, like Gecko; compatible; ClaudeBot/1.0; [email protected])"
20.171.207.13 - - [19/Jul/2025:18:04:58 +0000] "GET /special/2287093778.phtml HTTP/1.1" 404 13249 "-" "Mozilla/5.0 AppleWebKit/537.36 (KHTML, like Gecko; compatible; GPTBot/1.2; +https://openai.com/gptbot)"
216.73.216.203 - - [19/Jul/2025:18:05:00 +0000] "GET /special/987474258.phtml HTTP/1.1" 404 13249 "-" "Mozilla/5.0 AppleWebKit/537.36 (KHTML, like Gecko; compatible; ClaudeBot/1.0; [email protected])"
20.171.207.13 - - [19/Jul/2025:18:05:01 +0000] "GET /special/2287368526.phtml HTTP/1.1" 404 13249 "-" "Mozilla/5.0 AppleWebKit/537.36 (KHTML, like Gecko; compatible; GPTBot/1.2; +https://openai.com/gptbot)"
216.73.216.203 - - [19/Jul/2025:18:05:03 +0000] "GET /special/987495780.phtml HTTP/1.1" 404 13249 "-" "Mozilla/5.0 AppleWebKit/537.36 (KHTML, like Gecko; compatible; ClaudeBot/1.0; [email protected])"
20.171.207.13 - - [19/Jul/2025:18:05:04 +0000] "GET /special/2287449546.phtml HTTP/1.1" 404 13249 "-" "Mozilla/5.0 AppleWebKit/537.36 (KHTML, like Gecko; compatible; GPTBot/1.2; +https://openai.com/gptbot)"
20.171.207.13 - - [19/Jul/2025:18:05:07 +0000] "GET /special/2287480948.phtml HTTP/1.1" 404 13249 "-" "Mozilla/5.0 AppleWebKit/537.36 (KHTML, like Gecko; compatible; GPTBot/1.2; +https://openai.com/gptbot)"
216.73.216.203 - - [19/Jul/2025:18:05:07 +0000] "GET /special/988158150.phtml HTTP/1.1" 404 13249 "-" "Mozilla/5.0 AppleWebKit/537.36 (KHTML, like Gecko; compatible; ClaudeBot/1.0; [email protected])"
216.73.216.203 - - [19/Jul/2025:18:05:09 +0000] "GET /special/987806004.phtml HTTP/1.1" 404 13249 "-" "Mozilla/5.0 AppleWebKit/537.36 (KHTML, like Gecko; compatible; ClaudeBot/1.0; [email protected])"
20.171.207.13 - - [19/Jul/2025:18:05:10 +0000] "GET /special/2287509782.phtml HTTP/1.1" 404 13249 "-" "Mozilla/5.0 AppleWebKit/537.36 (KHTML, like Gecko; compatible; GPTBot/1.2; +https://openai.com/gptbot)"
216.73.216.203 - - [19/Jul/2025:18:05:12 +0000] "GET /special/987503220.phtml HTTP/1.1" 404 13249 "-" "Mozilla/5.0 AppleWebKit/537.36 (KHTML, like Gecko; compatible; ClaudeBot/1.0; [email protected])"
20.171.207.13 - - [19/Jul/2025:18:05:13 +0000] "GET /special/2287251488.phtml HTTP/1.1" 404 13249 "-" "Mozilla/5.0 AppleWebKit/537.36 (KHTML, like Gecko; compatible; GPTBot/1.2; +https://openai.com/gptbot)"
216.73.216.203 - - [19/Jul/2025:18:05:15 +0000] "GET /special/987515988.phtml HTTP/1.1" 404 13249 "-" "Mozilla/5.0 AppleWebKit/537.36 (KHTML, like Gecko; compatible; ClaudeBot/1.0; [email protected])"
20.171.207.13 - - [19/Jul/2025:18:05:16 +0000] "GET /special/2287016892.phtml HTTP/1.1" 404 13249 "-" "Mozilla/5.0 AppleWebKit/537.36 (KHTML, like Gecko; compatible; GPTBot/1.2; +https://openai.com/gptbot)"
20.171.207.13 - - [19/Jul/2025:18:05:18 +0000] "GET /special/2287300590.phtml HTTP/1.1" 404 13249 "-" "Mozilla/5.0 AppleWebKit/537.36 (KHTML, like Gecko; compatible; GPTBot/1.2; +https://openai.com/gptbot)"
216.73.216.203 - - [19/Jul/2025:18:05:18 +0000] "GET /special/987551460.phtml HTTP/1.1" 404 13249 "-" "Mozilla/5.0 AppleWebKit/537.36 (KHTML, like Gecko; compatible; ClaudeBot/1.0; [email protected])"
20.171.207.13 - - [19/Jul/2025:18:05:21 +0000] "GET /special/2287491276.phtml HTTP/1.1" 404 13249 "-" "Mozilla/5.0 AppleWebKit/537.36 (KHTML, like Gecko; compatible; GPTBot/1.2; +https://openai.com/gptbot)"
216.73.216.203 - - [19/Jul/2025:18:05:21 +0000] "GET /special/987502226.phtml HTTP/1.1" 404 13249 "-" "Mozilla/5.0 AppleWebKit/537.36 (KHTML, like Gecko; compatible; ClaudeBot/1.0; [email protected])"
20.171.207.13 - - [19/Jul/2025:18:05:24 +0000] "GET /special/2287286640.phtml HTTP/1.1" 404 13249 "-" "Mozilla/5.0 AppleWebKit/537.36 (KHTML, like Gecko; compatible; GPTBot/1.2; +https://openai.com/gptbot)"
216.73.216.203 - - [19/Jul/2025:18:05:24 +0000] "GET /special/987507038.phtml HTTP/1.1" 404 13249 "-" "Mozilla/5.0 AppleWebKit/537.36 (KHTML, like Gecko; compatible; ClaudeBot/1.0; [email protected])"
20.171.207.13 - - [19/Jul/2025:18:05:27 +0000] "GET /special/2287277690.phtml HTTP/1.1" 404 13249 "-" "Mozilla/5.0 AppleWebKit/537.36 (KHTML, like Gecko; compatible; GPTBot/1.2; +https://openai.com/gptbot)"
216.73.216.203 - - [19/Jul/2025:18:05:27 +0000] "GET /special/987506172.phtml HTTP/1.1" 404 13249 "-" "Mozilla/5.0 AppleWebKit/537.36 (KHTML, like Gecko; compatible; ClaudeBot/1.0; [email protected])"
20.171.207.13 - - [19/Jul/2025:18:05:30 +0000] "GET /special/2287325930.phtml HTTP/1.1" 404 13249 "-" "Mozilla/5.0 AppleWebKit/537.36 (KHTML, like Gecko; compatible; GPTBot/1.2; +https://openai.com/gptbot)"
216.73.216.203 - - [19/Jul/2025:18:05:30 +0000] "GET /special/987649736.phtml HTTP/1.1" 404 13249 "-" "Mozilla/5.0 AppleWebKit/537.36 (KHTML, like Gecko; compatible; ClaudeBot/1.0; [email protected])"
20.171.207.13 - - [19/Jul/2025:18:05:32 +0000] "GET /special/2287696582.phtml HTTP/1.1" 404 13249 "-" "Mozilla/5.0 AppleWebKit/537.36 (KHTML, like Gecko; compatible; GPTBot/1.2; +https://openai.com/gptbot)"
216.73.216.203 - - [19/Jul/2025:18:05:33 +0000] "GET /special/988242280.phtml HTTP/1.1" 404 13249 "-" "Mozilla/5.0 AppleWebKit/537.36 (KHTML, like Gecko; compatible; ClaudeBot/1.0; [email protected])"
20.171.207.13 - - [19/Jul/2025:18:05:35 +0000] "GET /special/2287206998.phtml HTTP/1.1" 404 13249 "-" "Mozilla/5.0 AppleWebKit/537.36 (KHTML, like Gecko; compatible; GPTBot/1.2; +https://openai.com/gptbot)"
216.73.216.203 - - [19/Jul/2025:18:05:36 +0000] "GET /special/988102146.phtml HTTP/1.1" 404 13249 "-" "Mozilla/5.0 AppleWebKit/537.36 (KHTML, like Gecko; compatible; ClaudeBot/1.0; [email protected])"
20.171.207.13 - - [19/Jul/2025:18:05:38 +0000] "GET /special/2287485952.phtml HTTP/1.1" 404 13249 "-" "Mozilla/5.0 AppleWebKit/537.36 (KHTML, like Gecko; compatible; GPTBot/1.2; +https://openai.com/gptbot)"
45.227.253.15 - - [19/Jul/2025:18:05:39 +0000] "GET /index.php/jk HTTP/1.1" 200 59 "-" "Mozilla/5.0 (Windows NT 6.3; WOW64; rv:74.0) Gecko/20100101 Firefox/74.0"
216.73.216.203 - - [19/Jul/2025:18:05:39 +0000] "GET /special/987706154.phtml HTTP/1.1" 404 13249 "-" "Mozilla/5.0 AppleWebKit/537.36 (KHTML, like Gecko; compatible; ClaudeBot/1.0; [email protected])"
20.171.207.13 - - [19/Jul/2025:18:05:41 +0000] "GET /special/2287607192.phtml HTTP/1.1" 404 13249 "-" "Mozilla/5.0 AppleWebKit/537.36 (KHTML, like Gecko; compatible; GPTBot/1.2; +https://openai.com/gptbot)"
216.73.216.203 - - [19/Jul/2025:18:05:42 +0000] "GET /special/987864056.phtml HTTP/1.1" 404 13249 "-" "Mozilla/5.0 AppleWebKit/537.36 (KHTML, like Gecko; compatible; ClaudeBot/1.0; [email protected])"
20.171.207.13 - - [19/Jul/2025:18:05:44 +0000] "GET /special/2287638526.phtml HTTP/1.1" 404 13249 "-" "Mozilla/5.0 AppleWebKit/537.36 (KHTML, like Gecko; compatible; GPTBot/1.2; +https://openai.com/gptbot)"
216.73.216.203 - - [19/Jul/2025:18:05:45 +0000] "GET /special/987591616.phtml HTTP/1.1" 404 13249 "-" "Mozilla/5.0 AppleWebKit/537.36 (KHTML, like Gecko; compatible; ClaudeBot/1.0; [email protected])"
20.171.207.13 - - [19/Jul/2025:18:05:46 +0000] "GET /special/2287218900.phtml HTTP/1.1" 404 13249 "-" "Mozilla/5.0 AppleWebKit/537.36 (KHTML, like Gecko; compatible; GPTBot/1.2; +https://openai.com/gptbot)"
216.73.216.203 - - [19/Jul/2025:18:05:48 +0000] "GET /special/988027700.phtml HTTP/1.1" 404 13249 "-" "Mozilla/5.0 AppleWebKit/537.36 (KHTML, like Gecko; compatible; ClaudeBot/1.0; [email protected])"
20.171.207.13 - - [19/Jul/2025:18:05:49 +0000] "GET /special/2287528864.phtml HTTP/1.1" 404 13249 "-" "Mozilla/5.0 AppleWebKit/537.36 (KHTML, like Gecko; compatible; GPTBot/1.2; +https://openai.com/gptbot)"
216.73.216.203 - - [19/Jul/2025:18:05:52 +0000] "GET /special/988157826.phtml HTTP/1.1" 404 13249 "-" "Mozilla/5.0 AppleWebKit/537.36 (KHTML, like Gecko; compatible; ClaudeBot/1.0; [email protected])"
20.171.207.13 - - [19/Jul/2025:18:05:52 +0000] "GET /special/2287257354.phtml HTTP/1.1" 404 13249 "-" "Mozilla/5.0 AppleWebKit/537.36 (KHTML, like Gecko; compatible; GPTBot/1.2; +https://openai.com/gptbot)"
20.171.207.13 - - [19/Jul/2025:18:05:55 +0000] "GET /special/2287540122.phtml HTTP/1.1" 404 13249 "-" "Mozilla/5.0 AppleWebKit/537.36 (KHTML, like Gecko; compatible; GPTBot/1.2; +https://openai.com/gptbot)"
57.141.2.12 - - [19/Jul/2025:18:05:55 +0000] "GET /special/2447606806.phtml HTTP/1.1" 404 65172 "-" "meta-externalagent/1.1 (+https://developers.facebook.com/docs/sharing/webmasters/crawler)"
216.73.216.203 - - [19/Jul/2025:18:05:56 +0000] "GET /special/988241286.phtml HTTP/1.1" 404 13249 "-" "Mozilla/5.0 AppleWebKit/537.36 (KHTML, like Gecko; compatible; ClaudeBot/1.0; [email protected])"
20.171.207.13 - - [19/Jul/2025:18:05:58 +0000] "GET /special/2287067572.phtml HTTP/1.1" 404 13249 "-" "Mozilla/5.0 AppleWebKit/537.36 (KHTML, like Gecko; compatible; GPTBot/1.2; +https://openai.com/gptbot)"
216.73.216.203 - - [19/Jul/2025:18:05:59 +0000] "GET /special/987490648.phtml HTTP/1.1" 404 13249 "-" "Mozilla/5.0 AppleWebKit/537.36 (KHTML, like Gecko; compatible; ClaudeBot/1.0; [email protected])"
20.171.207.13 - - [19/Jul/2025:18:06:01 +0000] "GET /special/2287696582.phtml HTTP/1.1" 404 13249 "-" "Mozilla/5.0 AppleWebKit/537.36 (KHTML, like Gecko; compatible; GPTBot/1.2; +https://openai.com/gptbot)"
216.73.216.203 - - [19/Jul/2025:18:06:02 +0000] "GET /special/987668242.phtml HTTP/1.1" 404 13249 "-" "Mozilla/5.0 AppleWebKit/537.36 (KHTML, like Gecko; compatible; ClaudeBot/1.0; [email protected])"
20.171.207.13 - - [19/Jul/2025:18:06:04 +0000] "GET /special/2287586984.phtml HTTP/1.1" 404 13249 "-" "Mozilla/5.0 AppleWebKit/537.36 (KHTML, like Gecko; compatible; GPTBot/1.2; +https://openai.com/gptbot)"
216.73.216.203 - - [19/Jul/2025:18:06:05 +0000] "GET /special/987803888.phtml HTTP/1.1" 404 13249 "-" "Mozilla/5.0 AppleWebKit/537.36 (KHTML, like Gecko; compatible; ClaudeBot/1.0; [email protected])"
20.171.207.13 - - [19/Jul/2025:18:06:06 +0000] "GET /special/2287213576.phtml HTTP/1.1" 404 13249 "-" "Mozilla/5.0 AppleWebKit/537.36 (KHTML, like Gecko; compatible; GPTBot/1.2; +https://openai.com/gptbot)"
216.73.216.203 - - [19/Jul/2025:18:06:08 +0000] "GET /special/988080752.phtml HTTP/1.1" 404 13249 "-" "Mozilla/5.0 AppleWebKit/537.36 (KHTML, like Gecko; compatible; ClaudeBot/1.0; [email protected])"
57.141.2.23 - - [19/Jul/2025:18:06:09 +0000] "GET /special/2447753450.phtml HTTP/1.1" 404 65172 "-" "meta-externalagent/1.1 (+https://developers.facebook.com/docs/sharing/webmasters/crawler)"
20.171.207.13 - - [19/Jul/2025:18:06:09 +0000] "GET /special/2287089960.phtml HTTP/1.1" 404 13249 "-" "Mozilla/5.0 AppleWebKit/537.36 (KHTML, like Gecko; compatible; GPTBot/1.2; +https://openai.com/gptbot)"
216.73.216.203 - - [19/Jul/2025:18:06:12 +0000] "GET /special/988153688.phtml HTTP/1.1" 404 13249 "-" "Mozilla/5.0 AppleWebKit/537.36 (KHTML, like Gecko; compatible; ClaudeBot/1.0; [email protected])"
20.171.207.13 - - [19/Jul/2025:18:06:12 +0000] "GET /special/2287769714.phtml HTTP/1.1" 404 13249 "-" "Mozilla/5.0 AppleWebKit/537.36 (KHTML, like Gecko; compatible; GPTBot/1.2; +https://openai.com/gptbot)"
216.73.216.203 - - [19/Jul/2025:18:06:14 +0000] "GET /special/987662376.phtml HTTP/1.1" 404 13249 "-" "Mozilla/5.0 AppleWebKit/537.36 (KHTML, like Gecko; compatible; ClaudeBot/1.0; [email protected])"
20.171.207.13 - - [19/Jul/2025:18:06:15 +0000] "GET /special/2287689206.phtml HTTP/1.1" 404 13249 "-" "Mozilla/5.0 AppleWebKit/537.36 (KHTML, like Gecko; compatible; GPTBot/1.2; +https://openai.com/gptbot)"
216.73.216.203 - - [19/Jul/2025:18:06:17 +0000] "GET /special/987807382.phtml HTTP/1.1" 404 13249 "-" "Mozilla/5.0 AppleWebKit/537.36 (KHTML, like Gecko; compatible; ClaudeBot/1.0; [email protected])"
20.171.207.13 - - [19/Jul/2025:18:06:18 +0000] "GET /special/2287392676.phtml HTTP/1.1" 404 13249 "-" "Mozilla/5.0 AppleWebKit/537.36 (KHTML, like Gecko; compatible; GPTBot/1.2; +https://openai.com/gptbot)"
216.73.216.203 - - [19/Jul/2025:18:06:20 +0000] "GET /special/987581288.phtml HTTP/1.1" 404 13249 "-" "Mozilla/5.0 AppleWebKit/537.36 (KHTML, like Gecko; compatible; ClaudeBot/1.0; [email protected])"
20.171.207.13 - - [19/Jul/2025:18:06:21 +0000] "GET /special/2287034792.phtml HTTP/1.1" 404 13249 "-" "Mozilla/5.0 AppleWebKit/537.36 (KHTML, like Gecko; compatible; GPTBot/1.2; +https://openai.com/gptbot)"
216.73.216.203 - - [19/Jul/2025:18:06:23 +0000] "GET /special/988158820.phtml HTTP/1.1" 404 13249 "-" "Mozilla/5.0 AppleWebKit/537.36 (KHTML, like Gecko; compatible; ClaudeBot/1.0; [email protected])"
20.171.207.13 - - [19/Jul/2025:18:06:23 +0000] "GET /special/2287748512.phtml HTTP/1.1" 404 13249 "-" "Mozilla/5.0 AppleWebKit/537.36 (KHTML, like Gecko; compatible; GPTBot/1.2; +https://openai.com/gptbot)"
216.73.216.203 - - [19/Jul/2025:18:06:26 +0000] "GET /special/988171588.phtml HTTP/1.1" 404 13249 "-" "Mozilla/5.0 AppleWebKit/537.36 (KHTML, like Gecko; compatible; ClaudeBot/1.0; [email protected])"
20.171.207.13 - - [19/Jul/2025:18:06:26 +0000] "GET /special/2287540122.phtml HTTP/1.1" 404 13249 "-" "Mozilla/5.0 AppleWebKit/537.36 (KHTML, like Gecko; compatible; GPTBot/1.2; +https://openai.com/gptbot)"
216.73.216.203 - - [19/Jul/2025:18:06:29 +0000] "GET /special/987889396.phtml HTTP/1.1" 404 13249 "-" "Mozilla/5.0 AppleWebKit/537.36 (KHTML, like Gecko; compatible; ClaudeBot/1.0; [email protected])"
20.171.207.13 - - [19/Jul/2025:18:06:29 +0000] "GET /special/2287017758.phtml HTTP/1.1" 404 13249 "-" "Mozilla/5.0 AppleWebKit/537.36 (KHTML, like Gecko; compatible; GPTBot/1.2; +https://openai.com/gptbot)"
216.73.216.203 - - [19/Jul/2025:18:06:32 +0000] "GET /special/988205618.phtml HTTP/1.1" 404 13249 "-" "Mozilla/5.0 AppleWebKit/537.36 (KHTML, like Gecko; compatible; ClaudeBot/1.0; [email protected])"
20.171.207.13 - - [19/Jul/2025:18:06:32 +0000] "GET /special/2287567902.phtml HTTP/1.1" 404 13249 "-" "Mozilla/5.0 AppleWebKit/537.36 (KHTML, like Gecko; compatible; GPTBot/1.2; +https://openai.com/gptbot)"
216.73.216.203 - - [19/Jul/2025:18:06:35 +0000] "GET /special/987695088.phtml HTTP/1.1" 404 13249 "-" "Mozilla/5.0 AppleWebKit/537.36 (KHTML, like Gecko; compatible; ClaudeBot/1.0; [email protected])"
20.171.207.13 - - [19/Jul/2025:18:06:35 +0000] "GET /special/2287743380.phtml HTTP/1.1" 404 13249 "-" "Mozilla/5.0 AppleWebKit/537.36 (KHTML, like Gecko; compatible; GPTBot/1.2; +https://openai.com/gptbot)"
216.73.216.203 - - [19/Jul/2025:18:06:38 +0000] "GET /special/987509798.phtml HTTP/1.1" 404 13249 "-" "Mozilla/5.0 AppleWebKit/537.36 (KHTML, like Gecko; compatible; ClaudeBot/1.0; [email protected])"
20.171.207.13 - - [19/Jul/2025:18:06:38 +0000] "GET /special/2287685260.phtml HTTP/1.1" 404 13249 "-" "Mozilla/5.0 AppleWebKit/537.36 (KHTML, like Gecko; compatible; GPTBot/1.2; +https://openai.com/gptbot)"
20.171.207.13 - - [19/Jul/2025:18:06:41 +0000] "GET /special/2287503848.phtml HTTP/1.1" 404 13249 "-" "Mozilla/5.0 AppleWebKit/537.36 (KHTML, like Gecko; compatible; GPTBot/1.2; +https://openai.com/gptbot)"
216.73.216.203 - - [19/Jul/2025:18:06:41 +0000] "GET /special/987827654.phtml HTTP/1.1" 404 13249 "-" "Mozilla/5.0 AppleWebKit/537.36 (KHTML, like Gecko; compatible; ClaudeBot/1.0; [email protected])"
20.171.207.13 - - [19/Jul/2025:18:06:44 +0000] "GET /special/2287763652.phtml HTTP/1.1" 404 13249 "-" "Mozilla/5.0 AppleWebKit/537.36 (KHTML, like Gecko; compatible; GPTBot/1.2; +https://openai.com/gptbot)"
216.73.216.203 - - [19/Jul/2025:18:06:44 +0000] "GET /special/987882822.phtml HTTP/1.1" 404 13249 "-" "Mozilla/5.0 AppleWebKit/537.36 (KHTML, like Gecko; compatible; ClaudeBot/1.0; [email protected])"
20.171.207.13 - - [19/Jul/2025:18:06:47 +0000] "GET /special/2287351270.phtml HTTP/1.1" 404 13249 "-" "Mozilla/5.0 AppleWebKit/537.36 (KHTML, like Gecko; compatible; GPTBot/1.2; +https://openai.com/gptbot)"
216.73.216.203 - - [19/Jul/2025:18:06:47 +0000] "GET /special/987857482.phtml HTTP/1.1" 404 13249 "-" "Mozilla/5.0 AppleWebKit/537.36 (KHTML, like Gecko; compatible; ClaudeBot/1.0; [email protected])"
20.171.207.13 - - [19/Jul/2025:18:06:49 +0000] "GET /special/2287104776.phtml HTTP/1.1" 404 13249 "-" "Mozilla/5.0 AppleWebKit/537.36 (KHTML, like Gecko; compatible; GPTBot/1.2; +https://openai.com/gptbot)"
216.73.216.203 - - [19/Jul/2025:18:06:50 +0000] "GET /special/988156448.phtml HTTP/1.1" 404 13249 "-" "Mozilla/5.0 AppleWebKit/537.36 (KHTML, like Gecko; compatible; ClaudeBot/1.0; [email protected])"
20.171.207.13 - - [19/Jul/2025:18:06:52 +0000] "GET /special/2287034792.phtml HTTP/1.1" 404 13249 "-" "Mozilla/5.0 AppleWebKit/537.36 (KHTML, like Gecko; compatible; GPTBot/1.2; +https://openai.com/gptbot)"
20.171.207.13 - - [19/Jul/2025:18:06:55 +0000] "GET /special/2287129250.phtml HTTP/1.1" 404 13249 "-" "Mozilla/5.0 AppleWebKit/537.36 (KHTML, like Gecko; compatible; GPTBot/1.2; +https://openai.com/gptbot)"
20.171.207.13 - - [19/Jul/2025:18:06:58 +0000] "GET /special/2287017152.phtml HTTP/1.1" 404 13249 "-" "Mozilla/5.0 AppleWebKit/537.36 (KHTML, like Gecko; compatible; GPTBot/1.2; +https://openai.com/gptbot)"
20.171.207.13 - - [19/Jul/2025:18:07:01 +0000] "GET /special/2287060132.phtml HTTP/1.1" 404 13249 "-" "Mozilla/5.0 AppleWebKit/537.36 (KHTML, like Gecko; compatible; GPTBot/1.2; +https://openai.com/gptbot)"
20.171.207.13 - - [19/Jul/2025:18:07:04 +0000] "GET /special/2287274068.phtml HTTP/1.1" 404 13249 "-" "Mozilla/5.0 AppleWebKit/537.36 (KHTML, like Gecko; compatible; GPTBot/1.2; +https://openai.com/gptbot)"
20.171.207.13 - - [19/Jul/2025:18:07:07 +0000] "GET /special/2287733052.phtml HTTP/1.1" 404 13249 "-" "Mozilla/5.0 AppleWebKit/537.36 (KHTML, like Gecko; compatible; GPTBot/1.2; +https://openai.com/gptbot)"
20.171.207.13 - - [19/Jul/2025:18:07:10 +0000] "GET /special/2287078894.phtml HTTP/1.1" 404 13249 "-" "Mozilla/5.0 AppleWebKit/537.36 (KHTML, like Gecko; compatible; GPTBot/1.2; +https://openai.com/gptbot)"
20.171.207.13 - - [19/Jul/2025:18:07:12 +0000] "GET /special/2287189742.phtml HTTP/1.1" 404 13249 "-" "Mozilla/5.0 AppleWebKit/537.36 (KHTML, like Gecko; compatible; GPTBot/1.2; +https://openai.com/gptbot)"
20.171.207.13 - - [19/Jul/2025:18:07:15 +0000] "GET /special/2287517866.phtml HTTP/1.1" 404 13249 "-" "Mozilla/5.0 AppleWebKit/537.36 (KHTML, like Gecko; compatible; GPTBot/1.2; +https://openai.com/gptbot)"
47.128.47.208 - - [19/Jul/2025:18:07:17 +0000] "GET /http:/www.time2cut.eu/kontakt/ HTTP/1.1" 404 13249 "-" "Mozilla/5.0 (Linux; Android 5.0) AppleWebKit/537.36 (KHTML, like Gecko) Mobile Safari/537.36 (compatible; Bytespider; [email protected])"
47.128.47.208 - - [19/Jul/2025:18:07:17 +0000] "GET /wp-content/plugins/jeg-elementor-kit/assets/css/elements/main.css?ver=2.6.13 HTTP/1.1" 200 24960 "https://time2cut.com/http:/www.time2cut.eu/kontakt/" "Mozilla/5.0 (Linux; Android 5.0) AppleWebKit/537.36 (KHTML, like Gecko) Mobile Safari/537.36 (compatible; Bytespider; [email protected])"
47.128.47.208 - - [19/Jul/2025:18:07:18 +0000] "GET /wp-content/plugins/header-footer-elementor/inc/widgets-css/frontend.css?ver=2.3.2 HTTP/1.1" 200 8558 "https://time2cut.com/http:/www.time2cut.eu/kontakt/" "Mozilla/5.0 (Linux; Android 5.0) AppleWebKit/537.36 (KHTML, like Gecko) Mobile Safari/537.36 (compatible; Bytespider; [email protected])"
47.128.47.208 - - [19/Jul/2025:18:07:18 +0000] "GET /wp-content/plugins/leadconnector/public/css/lc-public.css?ver=3.0.8 HTTP/1.1" 200 106 "https://time2cut.com/http:/www.time2cut.eu/kontakt/" "Mozilla/5.0 (Linux; Android 5.0) AppleWebKit/537.36 (KHTML, like Gecko) Mobile Safari/537.36 (compatible; Bytespider; [email protected])"
47.128.47.208 - - [19/Jul/2025:18:07:18 +0000] "GET /wp-content/uploads/elementor/css/post-17.css?ver=1748531282 HTTP/1.1" 200 1051 "https://time2cut.com/http:/www.time2cut.eu/kontakt/" "Mozilla/5.0 (Linux; Android 5.0) AppleWebKit/537.36 (KHTML, like Gecko) Mobile Safari/537.36 (compatible; Bytespider; [email protected])"
47.128.47.208 - - [19/Jul/2025:18:07:18 +0000] "GET /wp-includes/css/dist/block-library/style.min.css?ver=6.8.2 HTTP/1.1" 200 15315 "https://time2cut.com/http:/www.time2cut.eu/kontakt/" "Mozilla/5.0 (Linux; Android 5.0) AppleWebKit/537.36 (KHTML, like Gecko) Mobile Safari/537.36 (compatible; Bytespider; [email protected])"
47.128.47.208 - - [19/Jul/2025:18:07:18 +0000] "GET /wp-content/plugins/elementor/assets/css/frontend.min.css?ver=3.29.1 HTTP/1.1" 200 7106 "https://time2cut.com/http:/www.time2cut.eu/kontakt/" "Mozilla/5.0 (Linux; Android 5.0) AppleWebKit/537.36 (KHTML, like Gecko) Mobile Safari/537.36 (compatible; Bytespider; [email protected])"
47.128.47.208 - - [19/Jul/2025:18:07:18 +0000] "GET /wp-content/plugins/header-footer-elementor/assets/css/header-footer-elementor.css?ver=2.3.2 HTTP/1.1" 200 323 "https://time2cut.com/http:/www.time2cut.eu/kontakt/" "Mozilla/5.0 (Linux; Android 5.0) AppleWebKit/537.36 (KHTML, like Gecko) Mobile Safari/537.36 (compatible; Bytespider; [email protected])"
47.128.47.208 - - [19/Jul/2025:18:07:18 +0000] "GET /wp-content/plugins/metform/public/assets/lib/cute-alert/style.css?ver=3.9.9 HTTP/1.1" 200 1225 "https://time2cut.com/http:/www.time2cut.eu/kontakt/" "Mozilla/5.0 (Linux; Android 5.0) AppleWebKit/537.36 (KHTML, like Gecko) Mobile Safari/537.36 (compatible; Bytespider; [email protected])"
20.171.207.13 - - [19/Jul/2025:18:07:18 +0000] "GET /special/2287492526.phtml HTTP/1.1" 404 13249 "-" "Mozilla/5.0 AppleWebKit/537.36 (KHTML, like Gecko; compatible; GPTBot/1.2; +https://openai.com/gptbot)"
47.128.47.208 - - [19/Jul/2025:18:07:18 +0000] "GET /wp-content/themes/hello-elementor/style.min.css?ver=3.4.0 HTTP/1.1" 200 1808 "https://time2cut.com/http:/www.time2cut.eu/kontakt/" "Mozilla/5.0 (Linux; Android 5.0) AppleWebKit/537.36 (KHTML, like Gecko) Mobile Safari/537.36 (compatible; Bytespider; [email protected])"
47.128.47.208 - - [19/Jul/2025:18:07:18 +0000] "GET /wp-content/plugins/metform/public/assets/css/text-editor.css?ver=3.9.9 HTTP/1.1" 200 3545 "https://time2cut.com/http:/www.time2cut.eu/kontakt/" "Mozilla/5.0 (Linux; Android 5.0) AppleWebKit/537.36 (KHTML, like Gecko) Mobile Safari/537.36 (compatible; Bytespider; [email protected])"
47.128.47.208 - - [19/Jul/2025:18:07:19 +0000] "GET /wp-content/themes/hello-elementor/theme.min.css?ver=3.4.0 HTTP/1.1" 200 1311 "https://time2cut.com/http:/www.time2cut.eu/kontakt/" "Mozilla/5.0 (Linux; Android 5.0) AppleWebKit/537.36 (KHTML, like Gecko) Mobile Safari/537.36 (compatible; Bytespider; [email protected])"
47.128.47.208 - - [19/Jul/2025:18:07:19 +0000] "GET /wp-content/plugins/elementor/assets/css/widget-icon-list.min.css?ver=3.29.1 HTTP/1.1" 200 1069 "https://time2cut.com/http:/www.time2cut.eu/kontakt/" "Mozilla/5.0 (Linux; Android 5.0) AppleWebKit/537.36 (KHTML, like Gecko) Mobile Safari/537.36 (compatible; Bytespider; [email protected])"
47.128.47.208 - - [19/Jul/2025:18:07:19 +0000] "GET /wp-content/themes/hello-elementor/header-footer.min.css?ver=3.4.0 HTTP/1.1" 200 1479 "https://time2cut.com/http:/www.time2cut.eu/kontakt/" "Mozilla/5.0 (Linux; Android 5.0) AppleWebKit/537.36 (KHTML, like Gecko) Mobile Safari/537.36 (compatible; Bytespider; [email protected])"
47.128.47.208 - - [19/Jul/2025:18:07:19 +0000] "GET /wp-content/plugins/elementor/assets/css/conditionals/apple-webkit.min.css?ver=3.29.1 HTTP/1.1" 200 557 "https://time2cut.com/http:/www.time2cut.eu/kontakt/" "Mozilla/5.0 (Linux; Android 5.0) AppleWebKit/537.36 (KHTML, like Gecko) Mobile Safari/537.36 (compatible; Bytespider; [email protected])"
47.128.47.208 - - [19/Jul/2025:18:07:19 +0000] "GET /wp-content/plugins/elementor/assets/css/widget-social-icons.min.css?ver=3.29.1 HTTP/1.1" 200 1170 "https://time2cut.com/http:/www.time2cut.eu/kontakt/" "Mozilla/5.0 (Linux; Android 5.0) AppleWebKit/537.36 (KHTML, like Gecko) Mobile Safari/537.36 (compatible; Bytespider; [email protected])"
47.128.47.208 - - [19/Jul/2025:18:07:19 +0000] "GET /wp-content/plugins/elementor/assets/css/widget-icon-box.min.css?ver=3.29.1 HTTP/1.1" 200 736 "https://time2cut.com/http:/www.time2cut.eu/kontakt/" "Mozilla/5.0 (Linux; Android 5.0) AppleWebKit/537.36 (KHTML, like Gecko) Mobile Safari/537.36 (compatible; Bytespider; [email protected])"
47.128.47.208 - - [19/Jul/2025:18:07:19 +0000] "GET /wp-content/plugins/elementor/assets/css/widget-image.min.css?ver=3.29.1 HTTP/1.1" 200 164 "https://time2cut.com/http:/www.time2cut.eu/kontakt/" "Mozilla/5.0 (Linux; Android 5.0) AppleWebKit/537.36 (KHTML, like Gecko) Mobile Safari/537.36 (compatible; Bytespider; [email protected])"
47.128.47.208 - - [19/Jul/2025:18:07:19 +0000] "GET /wp-content/plugins/elementor/assets/css/widget-heading.min.css?ver=3.29.1 HTTP/1.1" 200 188 "https://time2cut.com/http:/www.time2cut.eu/kontakt/" "Mozilla/5.0 (Linux; Android 5.0) AppleWebKit/537.36 (KHTML, like Gecko) Mobile Safari/537.36 (compatible; Bytespider; [email protected])"
47.128.47.208 - - [19/Jul/2025:18:07:19 +0000] "GET /wp-content/plugins/elementor/assets/css/widget-divider.min.css?ver=3.29.1 HTTP/1.1" 200 771 "https://time2cut.com/http:/www.time2cut.eu/kontakt/" "Mozilla/5.0 (Linux; Android 5.0) AppleWebKit/537.36 (KHTML, like Gecko) Mobile Safari/537.36 (compatible; Bytespider; [email protected])"
47.128.47.208 - - [19/Jul/2025:18:07:19 +0000] "GET /wp-content/uploads/elementor/css/post-90.css?ver=1748531283 HTTP/1.1" 200 1951 "https://time2cut.com/http:/www.time2cut.eu/kontakt/" "Mozilla/5.0 (Linux; Android 5.0) AppleWebKit/537.36 (KHTML, like Gecko) Mobile Safari/537.36 (compatible; Bytespider; [email protected])"
47.128.47.208 - - [19/Jul/2025:18:07:19 +0000] "GET /wp-content/uploads/elementor/css/post-74.css?ver=1748531283 HTTP/1.1" 200 1579 "https://time2cut.com/http:/www.time2cut.eu/kontakt/" "Mozilla/5.0 (Linux; Android 5.0) AppleWebKit/537.36 (KHTML, like Gecko) Mobile Safari/537.36 (compatible; Bytespider; [email protected])"
47.128.47.208 - - [19/Jul/2025:18:07:19 +0000] "GET /wp-content/plugins/elementor/assets/css/widget-icon-list.min.css?ver=3.24.3 HTTP/1.1" 200 1069 "https://time2cut.com/http:/www.time2cut.eu/kontakt/" "Mozilla/5.0 (Linux; Android 5.0) AppleWebKit/537.36 (KHTML, like Gecko) Mobile Safari/537.36 (compatible; Bytespider; [email protected])"
47.128.47.208 - - [19/Jul/2025:18:07:19 +0000] "GET /wp-content/plugins/elementor/assets/lib/eicons/css/elementor-icons.min.css?ver=5.34.0 HTTP/1.1" 200 4342 "https://time2cut.com/http:/www.time2cut.eu/kontakt/" "Mozilla/5.0 (Linux; Android 5.0) AppleWebKit/537.36 (KHTML, like Gecko) Mobile Safari/537.36 (compatible; Bytespider; [email protected])"
47.128.47.208 - - [19/Jul/2025:18:07:19 +0000] "GET /wp-content/plugins/elementor/assets/lib/font-awesome/css/brands.css?ver=5.15.3 HTTP/1.1" 200 322 "https://time2cut.com/http:/www.time2cut.eu/kontakt/" "Mozilla/5.0 (Linux; Android 5.0) AppleWebKit/537.36 (KHTML, like Gecko) Mobile Safari/537.36 (compatible; Bytespider; [email protected])"
47.128.47.208 - - [19/Jul/2025:18:07:19 +0000] "GET /wp-content/plugins/elementor/assets/css/widget-social-icons.min.css?ver=3.24.0 HTTP/1.1" 200 1170 "https://time2cut.com/http:/www.time2cut.eu/kontakt/" "Mozilla/5.0 (Linux; Android 5.0) AppleWebKit/537.36 (KHTML, like Gecko) Mobile Safari/537.36 (compatible; Bytespider; [email protected])"
47.128.47.208 - - [19/Jul/2025:18:07:19 +0000] "GET /wp-content/plugins/elementor/assets/lib/font-awesome/css/solid.css?ver=5.15.3 HTTP/1.1" 200 325 "https://time2cut.com/http:/www.time2cut.eu/kontakt/" "Mozilla/5.0 (Linux; Android 5.0) AppleWebKit/537.36 (KHTML, like Gecko) Mobile Safari/537.36 (compatible; Bytespider; [email protected])"
