216.73.216.203 - - [19/Jul/2025:18:47:25 +0000] "GET /special/1444463744.phtml HTTP/1.1" 404 13249 "-" "Mozilla/5.0 AppleWebKit/537.36 (KHTML, like Gecko; compatible; ClaudeBot/1.0; [email protected])"
216.73.216.203 - - [19/Jul/2025:18:47:28 +0000] "GET /special/1444366330.phtml HTTP/1.1" 404 13249 "-" "Mozilla/5.0 AppleWebKit/537.36 (KHTML, like Gecko; compatible; ClaudeBot/1.0; [email protected])"
52.167.144.17 - - [19/Jul/2025:18:47:45 +0000] "GET /special/2156469904.phtml HTTP/1.1" 200 21463 "-" "Mozilla/5.0 AppleWebKit/537.36 (KHTML, like Gecko; compatible; bingbot/2.0; +http://www.bing.com/bingbot.htm) Chrome/116.0.1938.76 Safari/537.36"
57.141.2.30 - - [19/Jul/2025:18:48:11 +0000] "GET / HTTP/1.1" 301 - "-" "meta-externalagent/1.1 (+https://developers.facebook.com/docs/sharing/webmasters/crawler)"
57.141.2.23 - - [19/Jul/2025:18:48:16 +0000] "GET /index.html HTTP/1.1" 301 - "-" "meta-externalagent/1.1 (+https://developers.facebook.com/docs/sharing/webmasters/crawler)"
207.46.13.141 - - [19/Jul/2025:18:48:24 +0000] "GET /special/1351634920.phtml HTTP/1.1" 200 19754 "-" "Mozilla/5.0 AppleWebKit/537.36 (KHTML, like Gecko; compatible; bingbot/2.0; +http://www.bing.com/bingbot.htm) Chrome/116.0.1938.76 Safari/537.36"
216.73.216.203 - - [19/Jul/2025:18:48:57 +0000] "GET /special/1444442892.phtml HTTP/1.1" 404 13249 "-" "Mozilla/5.0 AppleWebKit/537.36 (KHTML, like Gecko; compatible; ClaudeBot/1.0; [email protected])"
216.73.216.203 - - [19/Jul/2025:18:49:00 +0000] "GET /special/1444651474.phtml HTTP/1.1" 404 13249 "-" "Mozilla/5.0 AppleWebKit/537.36 (KHTML, like Gecko; compatible; ClaudeBot/1.0; [email protected])"
216.73.216.203 - - [19/Jul/2025:18:49:03 +0000] "GET /special/1445058336.phtml HTTP/1.1" 404 13249 "-" "Mozilla/5.0 AppleWebKit/537.36 (KHTML, like Gecko; compatible; ClaudeBot/1.0; [email protected])"
20.15.133.174 - - [19/Jul/2025:18:49:04 +0000] "GET /special/1379825256.phtml HTTP/1.1" 200 19163 "-" "Mozilla/5.0 AppleWebKit/537.36 (KHTML, like Gecko; compatible; bingbot/2.0; +http://www.bing.com/bingbot.htm) Chrome/116.0.1938.76 Safari/537.36"
216.73.216.203 - - [19/Jul/2025:18:49:06 +0000] "GET /special/1444600794.phtml HTTP/1.1" 404 13249 "-" "Mozilla/5.0 AppleWebKit/537.36 (KHTML, like Gecko; compatible; ClaudeBot/1.0; [email protected])"
52.167.144.163 - - [19/Jul/2025:18:50:00 +0000] "GET /special/2041145304.phtml HTTP/1.1" 200 21434 "-" "Mozilla/5.0 AppleWebKit/537.36 (KHTML, like Gecko; compatible; bingbot/2.0; +http://www.bing.com/bingbot.htm) Chrome/116.0.1938.76 Safari/537.36"
216.73.216.203 - - [19/Jul/2025:18:50:23 +0000] "GET /special/1444648522.phtml HTTP/1.1" 404 13249 "-" "Mozilla/5.0 AppleWebKit/537.36 (KHTML, like Gecko; compatible; ClaudeBot/1.0; [email protected])"
216.73.216.203 - - [19/Jul/2025:18:50:26 +0000] "GET /special/1444853030.phtml HTTP/1.1" 404 13249 "-" "Mozilla/5.0 AppleWebKit/537.36 (KHTML, like Gecko; compatible; ClaudeBot/1.0; [email protected])"
216.73.216.203 - - [19/Jul/2025:18:50:29 +0000] "GET /special/1444384230.phtml HTTP/1.1" 404 13249 "-" "Mozilla/5.0 AppleWebKit/537.36 (KHTML, like Gecko; compatible; ClaudeBot/1.0; [email protected])"
216.73.216.203 - - [19/Jul/2025:18:50:32 +0000] "GET /special/1445053528.phtml HTTP/1.1" 404 13249 "-" "Mozilla/5.0 AppleWebKit/537.36 (KHTML, like Gecko; compatible; ClaudeBot/1.0; [email protected])"
57.141.2.7 - - [19/Jul/2025:18:51:17 +0000] "GET / HTTP/1.1" 200 171361 "-" "meta-externalagent/1.1 (+https://developers.facebook.com/docs/sharing/webmasters/crawler)"
52.167.144.163 - - [19/Jul/2025:18:51:30 +0000] "GET /special/C_ZA27 HTTP/1.1" 200 18711 "-" "Mozilla/5.0 AppleWebKit/537.36 (KHTML, like Gecko; compatible; bingbot/2.0; +http://www.bing.com/bingbot.htm) Chrome/116.0.1938.76 Safari/537.36"
207.46.13.141 - - [19/Jul/2025:18:51:34 +0000] "GET /special/1055243688.phtml HTTP/1.1" 200 20911 "-" "Mozilla/5.0 AppleWebKit/537.36 (KHTML, like Gecko; compatible; bingbot/2.0; +http://www.bing.com/bingbot.htm) Chrome/116.0.1938.76 Safari/537.36"
216.73.216.203 - - [19/Jul/2025:18:52:51 +0000] "GET /special/1444920032.phtml HTTP/1.1" 404 13249 "-" "Mozilla/5.0 AppleWebKit/537.36 (KHTML, like Gecko; compatible; ClaudeBot/1.0; [email protected])"
216.73.216.203 - - [19/Jul/2025:18:52:54 +0000] "GET /special/1444348434.phtml HTTP/1.1" 404 13249 "-" "Mozilla/5.0 AppleWebKit/537.36 (KHTML, like Gecko; compatible; ClaudeBot/1.0; [email protected])"
216.73.216.203 - - [19/Jul/2025:18:52:57 +0000] "GET /special/1444995408.phtml HTTP/1.1" 404 13249 "-" "Mozilla/5.0 AppleWebKit/537.36 (KHTML, like Gecko; compatible; ClaudeBot/1.0; [email protected])"
216.73.216.203 - - [19/Jul/2025:18:53:00 +0000] "GET /special/1444777334.phtml HTTP/1.1" 404 13249 "-" "Mozilla/5.0 AppleWebKit/537.36 (KHTML, like Gecko; compatible; ClaudeBot/1.0; [email protected])"
52.167.144.17 - - [19/Jul/2025:18:53:56 +0000] "GET /special/50302150.phtml HTTP/1.1" 200 18527 "-" "Mozilla/5.0 AppleWebKit/537.36 (KHTML, like Gecko; compatible; bingbot/2.0; +http://www.bing.com/bingbot.htm) Chrome/116.0.1938.76 Safari/537.36"
216.73.216.203 - - [19/Jul/2025:18:54:09 +0000] "GET /special/1444686434.phtml HTTP/1.1" 404 13249 "-" "Mozilla/5.0 AppleWebKit/537.36 (KHTML, like Gecko; compatible; ClaudeBot/1.0; [email protected])"
216.73.216.203 - - [19/Jul/2025:18:54:12 +0000] "GET /special/1444891134.phtml HTTP/1.1" 404 13249 "-" "Mozilla/5.0 AppleWebKit/537.36 (KHTML, like Gecko; compatible; ClaudeBot/1.0; [email protected])"
216.73.216.203 - - [19/Jul/2025:18:54:14 +0000] "GET /special/1444768320.phtml HTTP/1.1" 404 13249 "-" "Mozilla/5.0 AppleWebKit/537.36 (KHTML, like Gecko; compatible; ClaudeBot/1.0; [email protected])"
52.167.144.17 - - [19/Jul/2025:18:54:16 +0000] "GET /special/1236516274.phtml HTTP/1.1" 200 18469 "-" "Mozilla/5.0 AppleWebKit/537.36 (KHTML, like Gecko; compatible; bingbot/2.0; +http://www.bing.com/bingbot.htm) Chrome/116.0.1938.76 Safari/537.36"
40.77.167.25 - - [19/Jul/2025:18:55:46 +0000] "GET /special/2542453170.phtml HTTP/1.1" 200 20032 "-" "Mozilla/5.0 AppleWebKit/537.36 (KHTML, like Gecko; compatible; bingbot/2.0; +http://www.bing.com/bingbot.htm) Chrome/116.0.1938.76 Safari/537.36"
40.77.167.25 - - [19/Jul/2025:18:55:56 +0000] "GET /special/1232270228.phtml HTTP/1.1" 200 22789 "-" "Mozilla/5.0 AppleWebKit/537.36 (KHTML, like Gecko; compatible; bingbot/2.0; +http://www.bing.com/bingbot.htm) Chrome/116.0.1938.76 Safari/537.36"
216.73.216.203 - - [19/Jul/2025:18:56:12 +0000] "GET /special/1444687812.phtml HTTP/1.1" 404 13249 "-" "Mozilla/5.0 AppleWebKit/537.36 (KHTML, like Gecko; compatible; ClaudeBot/1.0; [email protected])"
216.73.216.203 - - [19/Jul/2025:18:56:15 +0000] "GET /special/1445036272.phtml HTTP/1.1" 404 13249 "-" "Mozilla/5.0 AppleWebKit/537.36 (KHTML, like Gecko; compatible; ClaudeBot/1.0; [email protected])"
216.73.216.203 - - [19/Jul/2025:18:56:18 +0000] "GET /special/1444558266.phtml HTTP/1.1" 404 13249 "-" "Mozilla/5.0 AppleWebKit/537.36 (KHTML, like Gecko; compatible; ClaudeBot/1.0; [email protected])"
20.15.133.174 - - [19/Jul/2025:18:56:34 +0000] "GET /special/1864231728.phtml HTTP/1.1" 200 18531 "-" "Mozilla/5.0 AppleWebKit/537.36 (KHTML, like Gecko; compatible; bingbot/2.0; +http://www.bing.com/bingbot.htm) Chrome/116.0.1938.76 Safari/537.36"
216.73.216.203 - - [19/Jul/2025:18:57:47 +0000] "GET /special/1444385096.phtml HTTP/1.1" 404 13249 "-" "Mozilla/5.0 AppleWebKit/537.36 (KHTML, like Gecko; compatible; ClaudeBot/1.0; [email protected])"
216.73.216.203 - - [19/Jul/2025:18:57:50 +0000] "GET /special/1444957880.phtml HTTP/1.1" 404 13249 "-" "Mozilla/5.0 AppleWebKit/537.36 (KHTML, like Gecko; compatible; ClaudeBot/1.0; [email protected])"
216.73.216.203 - - [19/Jul/2025:18:57:53 +0000] "GET /special/1444355268.phtml HTTP/1.1" 404 13249 "-" "Mozilla/5.0 AppleWebKit/537.36 (KHTML, like Gecko; compatible; ClaudeBot/1.0; [email protected])"
216.73.216.203 - - [19/Jul/2025:18:59:08 +0000] "GET /special/1444371334.phtml HTTP/1.1" 404 13249 "-" "Mozilla/5.0 AppleWebKit/537.36 (KHTML, like Gecko; compatible; ClaudeBot/1.0; [email protected])"
216.73.216.203 - - [19/Jul/2025:18:59:11 +0000] "GET /special/1444882120.phtml HTTP/1.1" 404 13249 "-" "Mozilla/5.0 AppleWebKit/537.36 (KHTML, like Gecko; compatible; ClaudeBot/1.0; [email protected])"
216.73.216.203 - - [19/Jul/2025:18:59:14 +0000] "GET /special/1444905950.phtml HTTP/1.1" 404 13249 "-" "Mozilla/5.0 AppleWebKit/537.36 (KHTML, like Gecko; compatible; ClaudeBot/1.0; [email protected])"
52.167.144.191 - - [19/Jul/2025:18:59:21 +0000] "GET /special/1148713578.phtml HTTP/1.1" 200 20078 "-" "Mozilla/5.0 AppleWebKit/537.36 (KHTML, like Gecko; compatible; bingbot/2.0; +http://www.bing.com/bingbot.htm) Chrome/116.0.1938.76 Safari/537.36"
52.167.144.191 - - [19/Jul/2025:18:59:24 +0000] "GET /special/1769808202.phtml HTTP/1.1" 200 18143 "-" "Mozilla/5.0 AppleWebKit/537.36 (KHTML, like Gecko; compatible; bingbot/2.0; +http://www.bing.com/bingbot.htm) Chrome/116.0.1938.76 Safari/537.36"
157.55.39.51 - - [19/Jul/2025:19:00:07 +0000] "GET /special/1378629908.phtml HTTP/1.1" 200 19350 "-" "Mozilla/5.0 AppleWebKit/537.36 (KHTML, like Gecko; compatible; bingbot/2.0; +http://www.bing.com/bingbot.htm) Chrome/116.0.1938.76 Safari/537.36"
216.73.216.203 - - [19/Jul/2025:19:00:28 +0000] "GET /special/1444428076.phtml HTTP/1.1" 404 13249 "-" "Mozilla/5.0 AppleWebKit/537.36 (KHTML, like Gecko; compatible; ClaudeBot/1.0; [email protected])"
216.73.216.203 - - [19/Jul/2025:19:00:31 +0000] "GET /special/1445096440.phtml HTTP/1.1" 404 13249 "-" "Mozilla/5.0 AppleWebKit/537.36 (KHTML, like Gecko; compatible; ClaudeBot/1.0; [email protected])"
216.73.216.203 - - [19/Jul/2025:19:00:34 +0000] "GET /special/1445020748.phtml HTTP/1.1" 404 13249 "-" "Mozilla/5.0 AppleWebKit/537.36 (KHTML, like Gecko; compatible; ClaudeBot/1.0; [email protected])"
216.73.216.203 - - [19/Jul/2025:19:01:40 +0000] "GET /special/1444640152.phtml HTTP/1.1" 404 13249 "-" "Mozilla/5.0 AppleWebKit/537.36 (KHTML, like Gecko; compatible; ClaudeBot/1.0; [email protected])"
216.73.216.203 - - [19/Jul/2025:19:01:44 +0000] "GET /special/1444681882.phtml HTTP/1.1" 404 13249 "-" "Mozilla/5.0 AppleWebKit/537.36 (KHTML, like Gecko; compatible; ClaudeBot/1.0; [email protected])"
216.73.216.203 - - [19/Jul/2025:19:01:46 +0000] "GET /special/1444753504.phtml HTTP/1.1" 404 13249 "-" "Mozilla/5.0 AppleWebKit/537.36 (KHTML, like Gecko; compatible; ClaudeBot/1.0; [email protected])"
20.15.133.162 - - [19/Jul/2025:19:01:54 +0000] "GET /special/1395264792.phtml HTTP/1.1" 200 19571 "-" "Mozilla/5.0 AppleWebKit/537.36 (KHTML, like Gecko; compatible; bingbot/2.0; +http://www.bing.com/bingbot.htm) Chrome/116.0.1938.76 Safari/537.36"
216.73.216.203 - - [19/Jul/2025:19:02:54 +0000] "GET /special/1444769894.phtml HTTP/1.1" 404 13249 "-" "Mozilla/5.0 AppleWebKit/537.36 (KHTML, like Gecko; compatible; ClaudeBot/1.0; [email protected])"
216.73.216.203 - - [19/Jul/2025:19:02:57 +0000] "GET /special/1444454214.phtml HTTP/1.1" 404 13249 "-" "Mozilla/5.0 AppleWebKit/537.36 (KHTML, like Gecko; compatible; ClaudeBot/1.0; [email protected])"
216.73.216.203 - - [19/Jul/2025:19:03:00 +0000] "GET /special/1444379098.phtml HTTP/1.1" 404 13249 "-" "Mozilla/5.0 AppleWebKit/537.36 (KHTML, like Gecko; compatible; ClaudeBot/1.0; [email protected])"
216.73.216.203 - - [19/Jul/2025:19:04:53 +0000] "GET /special/1444442350.phtml HTTP/1.1" 404 13249 "-" "Mozilla/5.0 AppleWebKit/537.36 (KHTML, like Gecko; compatible; ClaudeBot/1.0; [email protected])"
216.73.216.203 - - [19/Jul/2025:19:04:56 +0000] "GET /special/1444600862.phtml HTTP/1.1" 404 13249 "-" "Mozilla/5.0 AppleWebKit/537.36 (KHTML, like Gecko; compatible; ClaudeBot/1.0; [email protected])"
216.73.216.203 - - [19/Jul/2025:19:04:59 +0000] "GET /special/1444579080.phtml HTTP/1.1" 404 13249 "-" "Mozilla/5.0 AppleWebKit/537.36 (KHTML, like Gecko; compatible; ClaudeBot/1.0; [email protected])"
40.77.167.25 - - [19/Jul/2025:19:05:58 +0000] "GET /special/1600961568.phtml HTTP/1.1" 200 20602 "-" "Mozilla/5.0 AppleWebKit/537.36 (KHTML, like Gecko; compatible; bingbot/2.0; +http://www.bing.com/bingbot.htm) Chrome/116.0.1938.76 Safari/537.36"
52.167.144.191 - - [19/Jul/2025:19:06:03 +0000] "GET /special/1595137876.phtml HTTP/1.1" 200 18612 "-" "Mozilla/5.0 AppleWebKit/537.36 (KHTML, like Gecko; compatible; bingbot/2.0; +http://www.bing.com/bingbot.htm) Chrome/116.0.1938.76 Safari/537.36"
157.55.39.195 - - [19/Jul/2025:19:06:07 +0000] "GET /special/2237348278.phtml HTTP/1.1" 200 22362 "-" "Mozilla/5.0 AppleWebKit/537.36 (KHTML, like Gecko; compatible; bingbot/2.0; +http://www.bing.com/bingbot.htm) Chrome/116.0.1938.76 Safari/537.36"
216.73.216.203 - - [19/Jul/2025:19:06:45 +0000] "GET /special/1445080916.phtml HTTP/1.1" 404 13249 "-" "Mozilla/5.0 AppleWebKit/537.36 (KHTML, like Gecko; compatible; ClaudeBot/1.0; [email protected])"
216.73.216.203 - - [19/Jul/2025:19:06:47 +0000] "GET /special/1444918590.phtml HTTP/1.1" 404 13249 "-" "Mozilla/5.0 AppleWebKit/537.36 (KHTML, like Gecko; compatible; ClaudeBot/1.0; [email protected])"
216.73.216.203 - - [19/Jul/2025:19:06:50 +0000] "GET /special/1444680436.phtml HTTP/1.1" 404 13249 "-" "Mozilla/5.0 AppleWebKit/537.36 (KHTML, like Gecko; compatible; ClaudeBot/1.0; [email protected])"
52.167.144.161 - - [19/Jul/2025:19:08:18 +0000] "GET /special/dpr_2 HTTP/1.1" 200 18706 "-" "Mozilla/5.0 AppleWebKit/537.36 (KHTML, like Gecko; compatible; bingbot/2.0; +http://www.bing.com/bingbot.htm) Chrome/116.0.1938.76 Safari/537.36"
216.73.216.203 - - [19/Jul/2025:19:09:07 +0000] "GET /special/1445019882.phtml HTTP/1.1" 404 13249 "-" "Mozilla/5.0 AppleWebKit/537.36 (KHTML, like Gecko; compatible; ClaudeBot/1.0; [email protected])"
216.73.216.203 - - [19/Jul/2025:19:09:12 +0000] "GET /special/1444455788.phtml HTTP/1.1" 404 13249 "-" "Mozilla/5.0 AppleWebKit/537.36 (KHTML, like Gecko; compatible; ClaudeBot/1.0; [email protected])"
216.73.216.203 - - [19/Jul/2025:19:09:15 +0000] "GET /special/1444785290.phtml HTTP/1.1" 404 13249 "-" "Mozilla/5.0 AppleWebKit/537.36 (KHTML, like Gecko; compatible; ClaudeBot/1.0; [email protected])"
216.73.216.203 - - [19/Jul/2025:19:10:57 +0000] "GET /special/1445030880.phtml HTTP/1.1" 404 13249 "-" "Mozilla/5.0 AppleWebKit/537.36 (KHTML, like Gecko; compatible; ClaudeBot/1.0; [email protected])"
216.73.216.203 - - [19/Jul/2025:19:11:00 +0000] "GET /special/1445074056.phtml HTTP/1.1" 404 13249 "-" "Mozilla/5.0 AppleWebKit/537.36 (KHTML, like Gecko; compatible; ClaudeBot/1.0; [email protected])"
216.73.216.203 - - [19/Jul/2025:19:11:03 +0000] "GET /special/1444472178.phtml HTTP/1.1" 404 13249 "-" "Mozilla/5.0 AppleWebKit/537.36 (KHTML, like Gecko; compatible; ClaudeBot/1.0; [email protected])"
216.73.216.203 - - [19/Jul/2025:19:12:23 +0000] "GET /special/1444687880.phtml HTTP/1.1" 404 13249 "-" "Mozilla/5.0 AppleWebKit/537.36 (KHTML, like Gecko; compatible; ClaudeBot/1.0; [email protected])"
216.73.216.203 - - [19/Jul/2025:19:12:26 +0000] "GET /special/1445098816.phtml HTTP/1.1" 404 13249 "-" "Mozilla/5.0 AppleWebKit/537.36 (KHTML, like Gecko; compatible; ClaudeBot/1.0; [email protected])"
216.73.216.203 - - [19/Jul/2025:19:12:29 +0000] "GET /special/1444752574.phtml HTTP/1.1" 404 13249 "-" "Mozilla/5.0 AppleWebKit/537.36 (KHTML, like Gecko; compatible; ClaudeBot/1.0; [email protected])"
40.77.167.26 - - [19/Jul/2025:19:12:52 +0000] "GET /special/1084422428.phtml HTTP/1.1" 200 19434 "-" "Mozilla/5.0 AppleWebKit/537.36 (KHTML, like Gecko; compatible; bingbot/2.0; +http://www.bing.com/bingbot.htm) Chrome/116.0.1938.76 Safari/537.36"
157.55.39.195 - - [19/Jul/2025:19:13:59 +0000] "GET /special/1769920300.phtml HTTP/1.1" 200 18304 "-" "Mozilla/5.0 AppleWebKit/537.36 (KHTML, like Gecko; compatible; bingbot/2.0; +http://www.bing.com/bingbot.htm) Chrome/116.0.1938.76 Safari/537.36"
216.73.216.203 - - [19/Jul/2025:19:14:11 +0000] "GET /special/1445111968.phtml HTTP/1.1" 404 13249 "-" "Mozilla/5.0 AppleWebKit/537.36 (KHTML, like Gecko; compatible; ClaudeBot/1.0; [email protected])"
216.73.216.203 - - [19/Jul/2025:19:14:14 +0000] "GET /special/1445085118.phtml HTTP/1.1" 404 13249 "-" "Mozilla/5.0 AppleWebKit/537.36 (KHTML, like Gecko; compatible; ClaudeBot/1.0; [email protected])"
216.73.216.203 - - [19/Jul/2025:19:14:17 +0000] "GET /special/1445063660.phtml HTTP/1.1" 404 13249 "-" "Mozilla/5.0 AppleWebKit/537.36 (KHTML, like Gecko; compatible; ClaudeBot/1.0; [email protected])"
40.77.167.26 - - [19/Jul/2025:19:15:22 +0000] "GET /special/1084543732.phtml HTTP/1.1" 200 20212 "-" "Mozilla/5.0 AppleWebKit/537.36 (KHTML, like Gecko; compatible; bingbot/2.0; +http://www.bing.com/bingbot.htm) Chrome/116.0.1938.76 Safari/537.36"
216.73.216.203 - - [19/Jul/2025:19:15:32 +0000] "GET /special/1444734610.phtml HTTP/1.1" 404 13249 "-" "Mozilla/5.0 AppleWebKit/537.36 (KHTML, like Gecko; compatible; ClaudeBot/1.0; [email protected])"
216.73.216.203 - - [19/Jul/2025:19:15:36 +0000] "GET /special/1444809184.phtml HTTP/1.1" 404 13249 "-" "Mozilla/5.0 AppleWebKit/537.36 (KHTML, like Gecko; compatible; ClaudeBot/1.0; [email protected])"
216.73.216.203 - - [19/Jul/2025:19:15:39 +0000] "GET /special/1444829392.phtml HTTP/1.1" 404 13249 "-" "Mozilla/5.0 AppleWebKit/537.36 (KHTML, like Gecko; compatible; ClaudeBot/1.0; [email protected])"
209.74.77.214 - - [19/Jul/2025:19:16:39 +0000] "POST /wp-cron.php?doing_wp_cron=1752952599.3183369636535644531250 HTTP/1.1" 200 - "-" "WordPress/6.8.2; https://time2cut.com"
216.73.216.203 - - [19/Jul/2025:19:16:38 +0000] "GET /special/1444480804.phtml HTTP/1.1" 404 13249 "-" "Mozilla/5.0 AppleWebKit/537.36 (KHTML, like Gecko; compatible; ClaudeBot/1.0; [email protected])"
216.73.216.203 - - [19/Jul/2025:19:16:41 +0000] "GET /special/1444887188.phtml HTTP/1.1" 404 13249 "-" "Mozilla/5.0 AppleWebKit/537.36 (KHTML, like Gecko; compatible; ClaudeBot/1.0; [email protected])"
216.73.216.203 - - [19/Jul/2025:19:16:44 +0000] "GET /special/1444738556.phtml HTTP/1.1" 404 13249 "-" "Mozilla/5.0 AppleWebKit/537.36 (KHTML, like Gecko; compatible; ClaudeBot/1.0; [email protected])"
57.141.2.21 - - [19/Jul/2025:19:17:33 +0000] "GET /index.html HTTP/1.1" 404 65172 "-" "meta-externalagent/1.1 (+https://developers.facebook.com/docs/sharing/webmasters/crawler)"
207.46.13.14 - - [19/Jul/2025:19:17:50 +0000] "GET /special/1593905064.phtml HTTP/1.1" 200 18503 "-" "Mozilla/5.0 AppleWebKit/537.36 (KHTML, like Gecko; compatible; bingbot/2.0; +http://www.bing.com/bingbot.htm) Chrome/116.0.1938.76 Safari/537.36"
52.167.144.177 - - [19/Jul/2025:19:17:54 +0000] "GET /special/1769143972.phtml HTTP/1.1" 200 18690 "-" "Mozilla/5.0 AppleWebKit/537.36 (KHTML, like Gecko; compatible; bingbot/2.0; +http://www.bing.com/bingbot.htm) Chrome/116.0.1938.76 Safari/537.36"
57.141.2.4 - - [19/Jul/2025:19:18:16 +0000] "GET /special/2447288882.phtml HTTP/1.1" 404 65172 "-" "meta-externalagent/1.1 (+https://developers.facebook.com/docs/sharing/webmasters/crawler)"
57.141.2.10 - - [19/Jul/2025:19:18:27 +0000] "GET /special/2447600548.phtml HTTP/1.1" 404 65172 "-" "meta-externalagent/1.1 (+https://developers.facebook.com/docs/sharing/webmasters/crawler)"
216.73.216.203 - - [19/Jul/2025:19:18:54 +0000] "GET /special/1445029438.phtml HTTP/1.1" 404 13249 "-" "Mozilla/5.0 AppleWebKit/537.36 (KHTML, like Gecko; compatible; ClaudeBot/1.0; [email protected])"
216.73.216.203 - - [19/Jul/2025:19:18:57 +0000] "GET /special/1444992170.phtml HTTP/1.1" 404 13249 "-" "Mozilla/5.0 AppleWebKit/537.36 (KHTML, like Gecko; compatible; ClaudeBot/1.0; [email protected])"
216.73.216.203 - - [19/Jul/2025:19:19:00 +0000] "GET /special/1444410436.phtml HTTP/1.1" 404 13249 "-" "Mozilla/5.0 AppleWebKit/537.36 (KHTML, like Gecko; compatible; ClaudeBot/1.0; [email protected])"
52.167.144.19 - - [19/Jul/2025:19:19:23 +0000] "GET /special/1595159978.phtml HTTP/1.1" 200 18364 "-" "Mozilla/5.0 AppleWebKit/537.36 (KHTML, like Gecko; compatible; bingbot/2.0; +http://www.bing.com/bingbot.htm) Chrome/116.0.1938.76 Safari/537.36"
78.153.140.222 - - [19/Jul/2025:19:20:53 +0000] "GET /.env HTTP/1.1" 404 65172 "-" "Mozilla/5.0 (X11; U; Linux i686; fr-FR; rv:1.8.1.6) Gecko/20080208 Ubuntu/7.10 (gutsy) Firefox/2.0.0.12"
78.153.140.222 - - [19/Jul/2025:19:20:59 +0000] "GET / HTTP/1.1" 200 171361 "-" "Mozilla/5.0 (iPad; CPU OS 10_0 like Mac OS X) AppleWebKit/602.1.32 (KHTML, like Gecko) Version/10.0 Mobile/14A5261v Safari/602.1"
78.153.140.222 - - [19/Jul/2025:19:21:01 +0000] "GET / HTTP/1.1" 200 171361 "-" "SonyEricssonZ800/R1Y Browser/SEMC-Browser/4.1 Profile/MIDP-2.0 Configuration/CLDC-1.1 UP.Link/6.3.0.0.0"
216.73.216.203 - - [19/Jul/2025:19:21:09 +0000] "GET /sitemap.xml HTTP/1.1" 200 4375 "-" "Mozilla/5.0 AppleWebKit/537.36 (KHTML, like Gecko; compatible; ClaudeBot/1.0; [email protected])"
216.73.216.203 - - [19/Jul/2025:19:21:12 +0000] "GET /special/1444867304.phtml HTTP/1.1" 404 13249 "-" "Mozilla/5.0 AppleWebKit/537.36 (KHTML, like Gecko; compatible; ClaudeBot/1.0; [email protected])"
216.73.216.203 - - [19/Jul/2025:19:21:15 +0000] "GET /special/1444404438.phtml HTTP/1.1" 404 13249 "-" "Mozilla/5.0 AppleWebKit/537.36 (KHTML, like Gecko; compatible; ClaudeBot/1.0; [email protected])"
78.153.140.222 - - [19/Jul/2025:19:21:17 +0000] "GET /sendgrid.env HTTP/1.1" 404 65172 "-" "Mozilla/5.0 (Windows NT 5.1) AppleWebKit/537.36 (KHTML, like Gecko) Chrome/44.0.2403.157 Safari/537.36"
78.153.140.222 - - [19/Jul/2025:19:21:23 +0000] "GET /twilio.env HTTP/1.1" 404 65172 "-" "Opera/9.80 (X11; Linux x86_64) Presto/2.12.388 Version/12.11"
78.153.140.222 - - [19/Jul/2025:19:21:29 +0000] "GET /api/.env HTTP/1.1" 404 65172 "-" "Mozilla/5.0 (Linux; U; Android 4.2.2; nl-nl; GT-P3110 Build/JDQ39) AppleWebKit/534.30 (KHTML, like Gecko) Version/4.0 Safari/534.30"
78.153.140.222 - - [19/Jul/2025:19:21:39 +0000] "GET /phpinfo/ HTTP/1.1" 404 65172 "-" "Mozilla/5.0 (Linux; Android 4.4.2; SM-T210R Build/KOT49H) AppleWebKit/537.36 (KHTML, like Gecko) Chrome/45.0.2454.84 Safari/537.36"
207.46.13.14 - - [19/Jul/2025:19:21:50 +0000] "GET /special/53083514.phtml HTTP/1.1" 200 19674 "-" "Mozilla/5.0 AppleWebKit/537.36 (KHTML, like Gecko; compatible; bingbot/2.0; +http://www.bing.com/bingbot.htm) Chrome/116.0.1938.76 Safari/537.36"
78.153.140.222 - - [19/Jul/2025:19:21:50 +0000] "GET /dev/.env HTTP/1.1" 404 65172 "-" "Mozilla/5.0 (Windows NT 6.3; WOW64) AppleWebKit/537.36 (KHTML, like Gecko) Chrome/40.0.2214.45 Safari/537.36"
78.153.140.222 - - [19/Jul/2025:19:22:02 +0000] "GET /app_dev.php/_profiler/phpinfo HTTP/1.1" 404 65172 "-" "Mozilla/5.0 (Macintosh; Intel Mac OS X 10_10_5) AppleWebKit/537.36 (KHTML, like Gecko) Chrome/61.0.3163.100 Safari/537.36"
78.153.140.222 - - [19/Jul/2025:19:22:07 +0000] "GET /admin/.env HTTP/1.1" 404 65172 "-" "Mozilla/5.0 (Macintosh; Intel Mac OS X 10_12_1) AppleWebKit/602.2.11 (KHTML, like Gecko) Version/10.0.1 Safari/602.2.11"
207.46.13.14 - - [19/Jul/2025:19:22:11 +0000] "GET /special/1593862084.phtml HTTP/1.1" 200 19855 "-" "Mozilla/5.0 AppleWebKit/537.36 (KHTML, like Gecko; compatible; bingbot/2.0; +http://www.bing.com/bingbot.htm) Chrome/116.0.1938.76 Safari/537.36"
78.153.140.222 - - [19/Jul/2025:19:22:11 +0000] "GET /laravel/.env HTTP/1.1" 404 65172 "-" "Dalvik/1.6.0 (Linux; U; Android 4.2.2; GT-P5210 Build/JDQ39)"
216.73.216.203 - - [19/Jul/2025:19:23:04 +0000] "GET /special/1444638706.phtml HTTP/1.1" 404 13249 "-" "Mozilla/5.0 AppleWebKit/537.36 (KHTML, like Gecko; compatible; ClaudeBot/1.0; [email protected])"
216.73.216.203 - - [19/Jul/2025:19:23:07 +0000] "GET /special/1444364824.phtml HTTP/1.1" 404 13249 "-" "Mozilla/5.0 AppleWebKit/537.36 (KHTML, like Gecko; compatible; ClaudeBot/1.0; [email protected])"
20.15.133.163 - - [19/Jul/2025:19:23:07 +0000] "GET /special/1396378126.phtml HTTP/1.1" 200 18536 "-" "Mozilla/5.0 AppleWebKit/537.36 (KHTML, like Gecko; compatible; bingbot/2.0; +http://www.bing.com/bingbot.htm) Chrome/116.0.1938.76 Safari/537.36"
216.73.216.203 - - [19/Jul/2025:19:23:10 +0000] "GET /special/1444971318.phtml HTTP/1.1" 404 13249 "-" "Mozilla/5.0 AppleWebKit/537.36 (KHTML, like Gecko; compatible; ClaudeBot/1.0; [email protected])"
216.73.216.203 - - [19/Jul/2025:19:24:19 +0000] "GET /special/1444856848.phtml HTTP/1.1" 404 13249 "-" "Mozilla/5.0 AppleWebKit/537.36 (KHTML, like Gecko; compatible; ClaudeBot/1.0; [email protected])"
216.73.216.203 - - [19/Jul/2025:19:24:22 +0000] "GET /special/1444999030.phtml HTTP/1.1" 404 13249 "-" "Mozilla/5.0 AppleWebKit/537.36 (KHTML, like Gecko; compatible; ClaudeBot/1.0; [email protected])"
216.73.216.203 - - [19/Jul/2025:19:24:25 +0000] "GET /special/1444584404.phtml HTTP/1.1" 404 13249 "-" "Mozilla/5.0 AppleWebKit/537.36 (KHTML, like Gecko; compatible; ClaudeBot/1.0; [email protected])"
216.73.216.203 - - [19/Jul/2025:19:24:28 +0000] "GET /special/1444691502.phtml HTTP/1.1" 404 13249 "-" "Mozilla/5.0 AppleWebKit/537.36 (KHTML, like Gecko; compatible; ClaudeBot/1.0; [email protected])"
216.73.216.203 - - [19/Jul/2025:19:25:37 +0000] "GET /special/968973350.phtml HTTP/1.1" 404 13249 "-" "Mozilla/5.0 AppleWebKit/537.36 (KHTML, like Gecko; compatible; ClaudeBot/1.0; [email protected])"
216.73.216.203 - - [19/Jul/2025:19:25:40 +0000] "GET /special/968974728.phtml HTTP/1.1" 404 13249 "-" "Mozilla/5.0 AppleWebKit/537.36 (KHTML, like Gecko; compatible; ClaudeBot/1.0; [email protected])"
216.73.216.203 - - [19/Jul/2025:19:25:43 +0000] "GET /special/961540998.phtml HTTP/1.1" 404 13249 "-" "Mozilla/5.0 AppleWebKit/537.36 (KHTML, like Gecko; compatible; ClaudeBot/1.0; [email protected])"
216.73.216.203 - - [19/Jul/2025:19:25:48 +0000] "GET /special/961254672.phtml HTTP/1.1" 404 13249 "-" "Mozilla/5.0 AppleWebKit/537.36 (KHTML, like Gecko; compatible; ClaudeBot/1.0; [email protected])"
216.73.216.203 - - [19/Jul/2025:19:25:49 +0000] "GET /special/968989672.phtml HTTP/1.1" 404 13249 "-" "Mozilla/5.0 AppleWebKit/537.36 (KHTML, like Gecko; compatible; ClaudeBot/1.0; [email protected])"
216.73.216.203 - - [19/Jul/2025:19:25:52 +0000] "GET /special/961557712.phtml HTTP/1.1" 404 13249 "-" "Mozilla/5.0 AppleWebKit/537.36 (KHTML, like Gecko; compatible; ClaudeBot/1.0; [email protected])"
216.73.216.203 - - [19/Jul/2025:19:25:55 +0000] "GET /special/961416200.phtml HTTP/1.1" 404 13249 "-" "Mozilla/5.0 AppleWebKit/537.36 (KHTML, like Gecko; compatible; ClaudeBot/1.0; [email protected])"
216.73.216.203 - - [19/Jul/2025:19:25:58 +0000] "GET /special/961497890.phtml HTTP/1.1" 404 13249 "-" "Mozilla/5.0 AppleWebKit/537.36 (KHTML, like Gecko; compatible; ClaudeBot/1.0; [email protected])"
216.73.216.203 - - [19/Jul/2025:19:26:01 +0000] "GET /special/961570284.phtml HTTP/1.1" 404 13249 "-" "Mozilla/5.0 AppleWebKit/537.36 (KHTML, like Gecko; compatible; ClaudeBot/1.0; [email protected])"
216.73.216.203 - - [19/Jul/2025:19:26:04 +0000] "GET /special/961566338.phtml HTTP/1.1" 404 13249 "-" "Mozilla/5.0 AppleWebKit/537.36 (KHTML, like Gecko; compatible; ClaudeBot/1.0; [email protected])"
216.73.216.203 - - [19/Jul/2025:19:26:07 +0000] "GET /special/961302912.phtml HTTP/1.1" 404 13249 "-" "Mozilla/5.0 AppleWebKit/537.36 (KHTML, like Gecko; compatible; ClaudeBot/1.0; [email protected])"
216.73.216.203 - - [19/Jul/2025:19:26:10 +0000] "GET /special/961567332.phtml HTTP/1.1" 404 13249 "-" "Mozilla/5.0 AppleWebKit/537.36 (KHTML, like Gecko; compatible; ClaudeBot/1.0; [email protected])"
216.73.216.203 - - [19/Jul/2025:19:26:13 +0000] "GET /special/961036598.phtml HTTP/1.1" 404 13249 "-" "Mozilla/5.0 AppleWebKit/537.36 (KHTML, like Gecko; compatible; ClaudeBot/1.0; [email protected])"
216.73.216.203 - - [19/Jul/2025:19:27:00 +0000] "GET /special/1445009358.phtml HTTP/1.1" 404 13249 "-" "Mozilla/5.0 AppleWebKit/537.36 (KHTML, like Gecko; compatible; ClaudeBot/1.0; [email protected])"
216.73.216.203 - - [19/Jul/2025:19:27:03 +0000] "GET /special/1444748048.phtml HTTP/1.1" 404 13249 "-" "Mozilla/5.0 AppleWebKit/537.36 (KHTML, like Gecko; compatible; ClaudeBot/1.0; [email protected])"
216.73.216.203 - - [19/Jul/2025:19:27:06 +0000] "GET /special/961551522.phtml HTTP/1.1" 404 13249 "-" "Mozilla/5.0 AppleWebKit/537.36 (KHTML, like Gecko; compatible; ClaudeBot/1.0; [email protected])"
216.73.216.203 - - [19/Jul/2025:19:27:09 +0000] "GET /special/961040348.phtml HTTP/1.1" 404 13249 "-" "Mozilla/5.0 AppleWebKit/537.36 (KHTML, like Gecko; compatible; ClaudeBot/1.0; [email protected])"
216.73.216.203 - - [19/Jul/2025:19:27:12 +0000] "GET /special/960947400.phtml HTTP/1.1" 404 13249 "-" "Mozilla/5.0 AppleWebKit/537.36 (KHTML, like Gecko; compatible; ClaudeBot/1.0; [email protected])"
216.73.216.203 - - [19/Jul/2025:19:27:15 +0000] "GET /special/961415334.phtml HTTP/1.1" 404 13249 "-" "Mozilla/5.0 AppleWebKit/537.36 (KHTML, like Gecko; compatible; ClaudeBot/1.0; [email protected])"
216.73.216.203 - - [19/Jul/2025:19:27:18 +0000] "GET /special/961070820.phtml HTTP/1.1" 404 13249 "-" "Mozilla/5.0 AppleWebKit/537.36 (KHTML, like Gecko; compatible; ClaudeBot/1.0; [email protected])"
216.73.216.203 - - [19/Jul/2025:19:27:21 +0000] "GET /special/961583722.phtml HTTP/1.1" 404 13249 "-" "Mozilla/5.0 AppleWebKit/537.36 (KHTML, like Gecko; compatible; ClaudeBot/1.0; [email protected])"
216.73.216.203 - - [19/Jul/2025:19:27:24 +0000] "GET /special/961065688.phtml HTTP/1.1" 404 13249 "-" "Mozilla/5.0 AppleWebKit/537.36 (KHTML, like Gecko; compatible; ClaudeBot/1.0; [email protected])"
216.73.216.203 - - [19/Jul/2025:19:27:28 +0000] "GET /special/960965906.phtml HTTP/1.1" 404 13249 "-" "Mozilla/5.0 AppleWebKit/537.36 (KHTML, like Gecko; compatible; ClaudeBot/1.0; [email protected])"
216.73.216.203 - - [19/Jul/2025:19:27:30 +0000] "GET /special/961480314.phtml HTTP/1.1" 404 13249 "-" "Mozilla/5.0 AppleWebKit/537.36 (KHTML, like Gecko; compatible; ClaudeBot/1.0; [email protected])"
216.73.216.203 - - [19/Jul/2025:19:27:33 +0000] "GET /special/961576218.phtml HTTP/1.1" 404 13249 "-" "Mozilla/5.0 AppleWebKit/537.36 (KHTML, like Gecko; compatible; ClaudeBot/1.0; [email protected])"
216.73.216.203 - - [19/Jul/2025:19:27:37 +0000] "GET /special/961334246.phtml HTTP/1.1" 404 13249 "-" "Mozilla/5.0 AppleWebKit/537.36 (KHTML, like Gecko; compatible; ClaudeBot/1.0; [email protected])"
216.73.216.203 - - [19/Jul/2025:19:28:11 +0000] "GET /special/961574772.phtml HTTP/1.1" 404 13249 "-" "Mozilla/5.0 AppleWebKit/537.36 (KHTML, like Gecko; compatible; ClaudeBot/1.0; [email protected])"
216.73.216.203 - - [19/Jul/2025:19:28:14 +0000] "GET /special/961095516.phtml HTTP/1.1" 404 13249 "-" "Mozilla/5.0 AppleWebKit/537.36 (KHTML, like Gecko; compatible; ClaudeBot/1.0; [email protected])"
216.73.216.203 - - [19/Jul/2025:19:28:17 +0000] "GET /special/961185486.phtml HTTP/1.1" 404 13249 "-" "Mozilla/5.0 AppleWebKit/537.36 (KHTML, like Gecko; compatible; ClaudeBot/1.0; [email protected])"
216.73.216.203 - - [19/Jul/2025:19:28:20 +0000] "GET /special/961379794.phtml HTTP/1.1" 404 13249 "-" "Mozilla/5.0 AppleWebKit/537.36 (KHTML, like Gecko; compatible; ClaudeBot/1.0; [email protected])"
216.73.216.203 - - [19/Jul/2025:19:28:23 +0000] "GET /special/968993490.phtml HTTP/1.1" 404 13249 "-" "Mozilla/5.0 AppleWebKit/537.36 (KHTML, like Gecko; compatible; ClaudeBot/1.0; [email protected])"
216.73.216.203 - - [19/Jul/2025:19:28:26 +0000] "GET /special/961308974.phtml HTTP/1.1" 404 13249 "-" "Mozilla/5.0 AppleWebKit/537.36 (KHTML, like Gecko; compatible; ClaudeBot/1.0; [email protected])"
216.73.216.203 - - [19/Jul/2025:19:28:30 +0000] "GET /special/960945698.phtml HTTP/1.1" 404 13249 "-" "Mozilla/5.0 AppleWebKit/537.36 (KHTML, like Gecko; compatible; ClaudeBot/1.0; [email protected])"
216.73.216.203 - - [19/Jul/2025:19:28:32 +0000] "GET /special/960936748.phtml HTTP/1.1" 404 13249 "-" "Mozilla/5.0 AppleWebKit/537.36 (KHTML, like Gecko; compatible; ClaudeBot/1.0; [email protected])"
216.73.216.203 - - [19/Jul/2025:19:28:35 +0000] "GET /special/961040480.phtml HTTP/1.1" 404 13249 "-" "Mozilla/5.0 AppleWebKit/537.36 (KHTML, like Gecko; compatible; ClaudeBot/1.0; [email protected])"
216.73.216.203 - - [19/Jul/2025:19:28:39 +0000] "GET /special/961241904.phtml HTTP/1.1" 404 13249 "-" "Mozilla/5.0 AppleWebKit/537.36 (KHTML, like Gecko; compatible; ClaudeBot/1.0; [email protected])"
216.73.216.203 - - [19/Jul/2025:19:28:41 +0000] "GET /special/1444938862.phtml HTTP/1.1" 404 13249 "-" "Mozilla/5.0 AppleWebKit/537.36 (KHTML, like Gecko; compatible; ClaudeBot/1.0; [email protected])"
216.73.216.203 - - [19/Jul/2025:19:28:45 +0000] "GET /special/1444802350.phtml HTTP/1.1" 404 13249 "-" "Mozilla/5.0 AppleWebKit/537.36 (KHTML, like Gecko; compatible; ClaudeBot/1.0; [email protected])"
216.73.216.203 - - [19/Jul/2025:19:28:48 +0000] "GET /special/1444408060.phtml HTTP/1.1" 404 13249 "-" "Mozilla/5.0 AppleWebKit/537.36 (KHTML, like Gecko; compatible; ClaudeBot/1.0; [email protected])"
52.167.144.162 - - [19/Jul/2025:19:28:52 +0000] "GET /special/1084287682.phtml HTTP/1.1" 200 20007 "-" "Mozilla/5.0 AppleWebKit/537.36 (KHTML, like Gecko; compatible; bingbot/2.0; +http://www.bing.com/bingbot.htm) Chrome/116.0.1938.76 Safari/537.36"
57.141.2.4 - - [19/Jul/2025:19:29:11 +0000] "GET /special/1825064662.phtml HTTP/1.1" 404 65172 "-" "meta-externalagent/1.1 (+https://developers.facebook.com/docs/sharing/webmasters/crawler)"
216.73.216.203 - - [19/Jul/2025:19:29:12 +0000] "GET /special/961323248.phtml HTTP/1.1" 404 13249 "-" "Mozilla/5.0 AppleWebKit/537.36 (KHTML, like Gecko; compatible; ClaudeBot/1.0; [email protected])"
216.73.216.203 - - [19/Jul/2025:19:29:15 +0000] "GET /special/961409622.phtml HTTP/1.1" 404 13249 "-" "Mozilla/5.0 AppleWebKit/537.36 (KHTML, like Gecko; compatible; ClaudeBot/1.0; [email protected])"
57.141.2.30 - - [19/Jul/2025:19:29:16 +0000] "GET /special/1825202100.phtml HTTP/1.1" 404 65172 "-" "meta-externalagent/1.1 (+https://developers.facebook.com/docs/sharing/webmasters/crawler)"
216.73.216.203 - - [19/Jul/2025:19:29:18 +0000] "GET /special/961054366.phtml HTTP/1.1" 404 13249 "-" "Mozilla/5.0 AppleWebKit/537.36 (KHTML, like Gecko; compatible; ClaudeBot/1.0; [email protected])"
216.73.216.203 - - [19/Jul/2025:19:29:21 +0000] "GET /special/961296334.phtml HTTP/1.1" 404 13249 "-" "Mozilla/5.0 AppleWebKit/537.36 (KHTML, like Gecko; compatible; ClaudeBot/1.0; [email protected])"
216.73.216.203 - - [19/Jul/2025:19:29:24 +0000] "GET /special/960991246.phtml HTTP/1.1" 404 13249 "-" "Mozilla/5.0 AppleWebKit/537.36 (KHTML, like Gecko; compatible; ClaudeBot/1.0; [email protected])"
216.73.216.203 - - [19/Jul/2025:19:29:30 +0000] "GET /special/960928122.phtml HTTP/1.1" 404 13249 "-" "Mozilla/5.0 AppleWebKit/537.36 (KHTML, like Gecko; compatible; ClaudeBot/1.0; [email protected])"
216.73.216.203 - - [19/Jul/2025:19:29:33 +0000] "GET /special/961171212.phtml HTTP/1.1" 404 13249 "-" "Mozilla/5.0 AppleWebKit/537.36 (KHTML, like Gecko; compatible; ClaudeBot/1.0; [email protected])"
216.73.216.203 - - [19/Jul/2025:19:29:36 +0000] "GET /special/961114666.phtml HTTP/1.1" 404 13249 "-" "Mozilla/5.0 AppleWebKit/537.36 (KHTML, like Gecko; compatible; ClaudeBot/1.0; [email protected])"
216.73.216.203 - - [19/Jul/2025:19:29:39 +0000] "GET /special/960920682.phtml HTTP/1.1" 404 13249 "-" "Mozilla/5.0 AppleWebKit/537.36 (KHTML, like Gecko; compatible; ClaudeBot/1.0; [email protected])"
216.73.216.203 - - [19/Jul/2025:19:29:42 +0000] "GET /special/960968278.phtml HTTP/1.1" 404 13249 "-" "Mozilla/5.0 AppleWebKit/537.36 (KHTML, like Gecko; compatible; ClaudeBot/1.0; [email protected])"
216.73.216.203 - - [19/Jul/2025:19:29:45 +0000] "GET /special/961000128.phtml HTTP/1.1" 404 13249 "-" "Mozilla/5.0 AppleWebKit/537.36 (KHTML, like Gecko; compatible; ClaudeBot/1.0; [email protected])"
216.73.216.203 - - [19/Jul/2025:19:29:48 +0000] "GET /special/961402182.phtml HTTP/1.1" 404 13249 "-" "Mozilla/5.0 AppleWebKit/537.36 (KHTML, like Gecko; compatible; ClaudeBot/1.0; [email protected])"
216.73.216.203 - - [19/Jul/2025:19:29:51 +0000] "GET /special/961189176.phtml HTTP/1.1" 404 13249 "-" "Mozilla/5.0 AppleWebKit/537.36 (KHTML, like Gecko; compatible; ClaudeBot/1.0; [email protected])"
216.73.216.203 - - [19/Jul/2025:19:30:27 +0000] "GET /robots.txt HTTP/1.1" 200 92 "-" "Mozilla/5.0 AppleWebKit/537.36 (KHTML, like Gecko; compatible; ClaudeBot/1.0; [email protected])"
216.73.216.203 - - [19/Jul/2025:19:30:27 +0000] "GET /special/960924176.phtml HTTP/1.1" 404 13249 "-" "Mozilla/5.0 AppleWebKit/537.36 (KHTML, like Gecko; compatible; ClaudeBot/1.0; [email protected])"
216.73.216.203 - - [19/Jul/2025:19:30:30 +0000] "GET /special/968994740.phtml HTTP/1.1" 404 13249 "-" "Mozilla/5.0 AppleWebKit/537.36 (KHTML, like Gecko; compatible; ClaudeBot/1.0; [email protected])"
216.73.216.203 - - [19/Jul/2025:19:30:33 +0000] "GET /special/961543438.phtml HTTP/1.1" 404 13249 "-" "Mozilla/5.0 AppleWebKit/537.36 (KHTML, like Gecko; compatible; ClaudeBot/1.0; [email protected])"
216.73.216.203 - - [19/Jul/2025:19:30:36 +0000] "GET /special/961388420.phtml HTTP/1.1" 404 13249 "-" "Mozilla/5.0 AppleWebKit/537.36 (KHTML, like Gecko; compatible; ClaudeBot/1.0; [email protected])"
216.73.216.203 - - [19/Jul/2025:19:30:39 +0000] "GET /special/961176604.phtml HTTP/1.1" 404 13249 "-" "Mozilla/5.0 AppleWebKit/537.36 (KHTML, like Gecko; compatible; ClaudeBot/1.0; [email protected])"
216.73.216.203 - - [19/Jul/2025:19:30:42 +0000] "GET /special/961291010.phtml HTTP/1.1" 404 13249 "-" "Mozilla/5.0 AppleWebKit/537.36 (KHTML, like Gecko; compatible; ClaudeBot/1.0; [email protected])"
216.73.216.203 - - [19/Jul/2025:19:30:45 +0000] "GET /special/961440030.phtml HTTP/1.1" 404 13249 "-" "Mozilla/5.0 AppleWebKit/537.36 (KHTML, like Gecko; compatible; ClaudeBot/1.0; [email protected])"
216.73.216.203 - - [19/Jul/2025:19:30:48 +0000] "GET /special/961443046.phtml HTTP/1.1" 404 13249 "-" "Mozilla/5.0 AppleWebKit/537.36 (KHTML, like Gecko; compatible; ClaudeBot/1.0; [email protected])"
216.73.216.203 - - [19/Jul/2025:19:30:51 +0000] "GET /special/961279944.phtml HTTP/1.1" 404 13249 "-" "Mozilla/5.0 AppleWebKit/537.36 (KHTML, like Gecko; compatible; ClaudeBot/1.0; [email protected])"
216.73.216.203 - - [19/Jul/2025:19:30:54 +0000] "GET /special/968979216.phtml HTTP/1.1" 404 13249 "-" "Mozilla/5.0 AppleWebKit/537.36 (KHTML, like Gecko; compatible; ClaudeBot/1.0; [email protected])"
216.73.216.203 - - [19/Jul/2025:19:30:57 +0000] "GET /special/968984540.phtml HTTP/1.1" 404 13249 "-" "Mozilla/5.0 AppleWebKit/537.36 (KHTML, like Gecko; compatible; ClaudeBot/1.0; [email protected])"
216.73.216.203 - - [19/Jul/2025:19:31:00 +0000] "GET /special/961628080.phtml HTTP/1.1" 404 13249 "-" "Mozilla/5.0 AppleWebKit/537.36 (KHTML, like Gecko; compatible; ClaudeBot/1.0; [email protected])"
216.73.216.203 - - [19/Jul/2025:19:31:03 +0000] "GET /special/961035348.phtml HTTP/1.1" 404 13249 "-" "Mozilla/5.0 AppleWebKit/537.36 (KHTML, like Gecko; compatible; ClaudeBot/1.0; [email protected])"
207.46.13.151 - - [19/Jul/2025:19:32:02 +0000] "GET /special/1769860064.phtml HTTP/1.1" 200 20179 "-" "Mozilla/5.0 AppleWebKit/537.36 (KHTML, like Gecko; compatible; bingbot/2.0; +http://www.bing.com/bingbot.htm) Chrome/116.0.1938.76 Safari/537.36"
216.73.216.203 - - [19/Jul/2025:19:32:13 +0000] "GET /special/968984672.phtml HTTP/1.1" 404 13249 "-" "Mozilla/5.0 AppleWebKit/537.36 (KHTML, like Gecko; compatible; ClaudeBot/1.0; [email protected])"
216.73.216.203 - - [19/Jul/2025:19:32:18 +0000] "GET /special/961307724.phtml HTTP/1.1" 404 13249 "-" "Mozilla/5.0 AppleWebKit/537.36 (KHTML, like Gecko; compatible; ClaudeBot/1.0; [email protected])"
216.73.216.203 - - [19/Jul/2025:19:32:22 +0000] "GET /special/1444352380.phtml HTTP/1.1" 404 13249 "-" "Mozilla/5.0 AppleWebKit/537.36 (KHTML, like Gecko; compatible; ClaudeBot/1.0; [email protected])"
216.73.216.203 - - [19/Jul/2025:19:32:26 +0000] "GET /special/1444737050.phtml HTTP/1.1" 404 13249 "-" "Mozilla/5.0 AppleWebKit/537.36 (KHTML, like Gecko; compatible; ClaudeBot/1.0; [email protected])"
216.73.216.203 - - [19/Jul/2025:19:32:28 +0000] "GET /special/961243606.phtml HTTP/1.1" 404 13249 "-" "Mozilla/5.0 AppleWebKit/537.36 (KHTML, like Gecko; compatible; ClaudeBot/1.0; [email protected])"
216.73.216.203 - - [19/Jul/2025:19:32:31 +0000] "GET /special/961158768.phtml HTTP/1.1" 404 13249 "-" "Mozilla/5.0 AppleWebKit/537.36 (KHTML, like Gecko; compatible; ClaudeBot/1.0; [email protected])"
216.73.216.203 - - [19/Jul/2025:19:32:34 +0000] "GET /special/961283634.phtml HTTP/1.1" 404 13249 "-" "Mozilla/5.0 AppleWebKit/537.36 (KHTML, like Gecko; compatible; ClaudeBot/1.0; [email protected])"
216.73.216.203 - - [19/Jul/2025:19:32:37 +0000] "GET /special/961509792.phtml HTTP/1.1" 404 13249 "-" "Mozilla/5.0 AppleWebKit/537.36 (KHTML, like Gecko; compatible; ClaudeBot/1.0; [email protected])"
216.73.216.203 - - [19/Jul/2025:19:32:40 +0000] "GET /special/961605180.phtml HTTP/1.1" 404 13249 "-" "Mozilla/5.0 AppleWebKit/537.36 (KHTML, like Gecko; compatible; ClaudeBot/1.0; [email protected])"
216.73.216.203 - - [19/Jul/2025:19:32:43 +0000] "GET /special/968986050.phtml HTTP/1.1" 404 13249 "-" "Mozilla/5.0 AppleWebKit/537.36 (KHTML, like Gecko; compatible; ClaudeBot/1.0; [email protected])"
216.73.216.203 - - [19/Jul/2025:19:32:46 +0000] "GET /special/961501708.phtml HTTP/1.1" 404 13249 "-" "Mozilla/5.0 AppleWebKit/537.36 (KHTML, like Gecko; compatible; ClaudeBot/1.0; [email protected])"
216.73.216.203 - - [19/Jul/2025:19:32:49 +0000] "GET /special/961416132.phtml HTTP/1.1" 404 13249 "-" "Mozilla/5.0 AppleWebKit/537.36 (KHTML, like Gecko; compatible; ClaudeBot/1.0; [email protected])"
216.73.216.203 - - [19/Jul/2025:19:32:52 +0000] "GET /special/961641842.phtml HTTP/1.1" 404 13249 "-" "Mozilla/5.0 AppleWebKit/537.36 (KHTML, like Gecko; compatible; ClaudeBot/1.0; [email protected])"
216.73.216.203 - - [19/Jul/2025:19:33:25 +0000] "GET /special/961055876.phtml HTTP/1.1" 404 13249 "-" "Mozilla/5.0 AppleWebKit/537.36 (KHTML, like Gecko; compatible; ClaudeBot/1.0; [email protected])"
216.73.216.203 - - [19/Jul/2025:19:33:28 +0000] "GET /special/968987300.phtml HTTP/1.1" 404 13249 "-" "Mozilla/5.0 AppleWebKit/537.36 (KHTML, like Gecko; compatible; ClaudeBot/1.0; [email protected])"
216.73.216.203 - - [19/Jul/2025:19:33:31 +0000] "GET /special/961404810.phtml HTTP/1.1" 404 13249 "-" "Mozilla/5.0 AppleWebKit/537.36 (KHTML, like Gecko; compatible; ClaudeBot/1.0; [email protected])"
216.73.216.203 - - [19/Jul/2025:19:33:34 +0000] "GET /special/961620640.phtml HTTP/1.1" 404 13249 "-" "Mozilla/5.0 AppleWebKit/537.36 (KHTML, like Gecko; compatible; ClaudeBot/1.0; [email protected])"
216.73.216.203 - - [19/Jul/2025:19:33:38 +0000] "GET /special/961626830.phtml HTTP/1.1" 404 13249 "-" "Mozilla/5.0 AppleWebKit/537.36 (KHTML, like Gecko; compatible; ClaudeBot/1.0; [email protected])"
216.73.216.203 - - [19/Jul/2025:19:33:40 +0000] "GET /special/961305284.phtml HTTP/1.1" 404 13249 "-" "Mozilla/5.0 AppleWebKit/537.36 (KHTML, like Gecko; compatible; ClaudeBot/1.0; [email protected])"
216.73.216.203 - - [19/Jul/2025:19:33:43 +0000] "GET /special/961128940.phtml HTTP/1.1" 404 13249 "-" "Mozilla/5.0 AppleWebKit/537.36 (KHTML, like Gecko; compatible; ClaudeBot/1.0; [email protected])"
216.73.216.203 - - [19/Jul/2025:19:33:46 +0000] "GET /special/960919108.phtml HTTP/1.1" 404 13249 "-" "Mozilla/5.0 AppleWebKit/537.36 (KHTML, like Gecko; compatible; ClaudeBot/1.0; [email protected])"
216.73.216.203 - - [19/Jul/2025:19:33:49 +0000] "GET /special/969020946.phtml HTTP/1.1" 404 13249 "-" "Mozilla/5.0 AppleWebKit/537.36 (KHTML, like Gecko; compatible; ClaudeBot/1.0; [email protected])"
216.73.216.203 - - [19/Jul/2025:19:33:52 +0000] "GET /special/961484452.phtml HTTP/1.1" 404 13249 "-" "Mozilla/5.0 AppleWebKit/537.36 (KHTML, like Gecko; compatible; ClaudeBot/1.0; [email protected])"
216.73.216.203 - - [19/Jul/2025:19:33:55 +0000] "GET /special/961103600.phtml HTTP/1.1" 404 13249 "-" "Mozilla/5.0 AppleWebKit/537.36 (KHTML, like Gecko; compatible; ClaudeBot/1.0; [email protected])"
216.73.216.203 - - [19/Jul/2025:19:33:58 +0000] "GET /special/960934632.phtml HTTP/1.1" 404 13249 "-" "Mozilla/5.0 AppleWebKit/537.36 (KHTML, like Gecko; compatible; ClaudeBot/1.0; [email protected])"
216.73.216.203 - - [19/Jul/2025:19:34:01 +0000] "GET /special/961467742.phtml HTTP/1.1" 404 13249 "-" "Mozilla/5.0 AppleWebKit/537.36 (KHTML, like Gecko; compatible; ClaudeBot/1.0; [email protected])"
216.73.216.203 - - [19/Jul/2025:19:35:19 +0000] "GET /special/961532372.phtml HTTP/1.1" 404 13249 "-" "Mozilla/5.0 AppleWebKit/537.36 (KHTML, like Gecko; compatible; ClaudeBot/1.0; [email protected])"
216.73.216.203 - - [19/Jul/2025:19:35:23 +0000] "GET /special/961056546.phtml HTTP/1.1" 404 13249 "-" "Mozilla/5.0 AppleWebKit/537.36 (KHTML, like Gecko; compatible; ClaudeBot/1.0; [email protected])"
216.73.216.203 - - [19/Jul/2025:19:35:25 +0000] "GET /special/961085704.phtml HTTP/1.1" 404 13249 "-" "Mozilla/5.0 AppleWebKit/537.36 (KHTML, like Gecko; compatible; ClaudeBot/1.0; [email protected])"
216.73.216.203 - - [19/Jul/2025:19:35:28 +0000] "GET /special/961377422.phtml HTTP/1.1" 404 13249 "-" "Mozilla/5.0 AppleWebKit/537.36 (KHTML, like Gecko; compatible; ClaudeBot/1.0; [email protected])"
216.73.216.203 - - [19/Jul/2025:19:35:31 +0000] "GET /special/961387042.phtml HTTP/1.1" 404 13249 "-" "Mozilla/5.0 AppleWebKit/537.36 (KHTML, like Gecko; compatible; ClaudeBot/1.0; [email protected])"
216.73.216.203 - - [19/Jul/2025:19:35:34 +0000] "GET /special/961596166.phtml HTTP/1.1" 404 13249 "-" "Mozilla/5.0 AppleWebKit/537.36 (KHTML, like Gecko; compatible; ClaudeBot/1.0; [email protected])"
216.73.216.203 - - [19/Jul/2025:19:35:37 +0000] "GET /special/961456484.phtml HTTP/1.1" 404 13249 "-" "Mozilla/5.0 AppleWebKit/537.36 (KHTML, like Gecko; compatible; ClaudeBot/1.0; [email protected])"
216.73.216.203 - - [19/Jul/2025:19:35:42 +0000] "GET /special/961639470.phtml HTTP/1.1" 404 13249 "-" "Mozilla/5.0 AppleWebKit/537.36 (KHTML, like Gecko; compatible; ClaudeBot/1.0; [email protected])"
216.73.216.203 - - [19/Jul/2025:19:35:45 +0000] "GET /special/961556010.phtml HTTP/1.1" 404 13249 "-" "Mozilla/5.0 AppleWebKit/537.36 (KHTML, like Gecko; compatible; ClaudeBot/1.0; [email protected])"
216.73.216.203 - - [19/Jul/2025:19:35:46 +0000] "GET /special/961227216.phtml HTTP/1.1" 404 13249 "-" "Mozilla/5.0 AppleWebKit/537.36 (KHTML, like Gecko; compatible; ClaudeBot/1.0; [email protected])"
216.73.216.203 - - [19/Jul/2025:19:35:49 +0000] "GET /special/961282384.phtml HTTP/1.1" 404 13249 "-" "Mozilla/5.0 AppleWebKit/537.36 (KHTML, like Gecko; compatible; ClaudeBot/1.0; [email protected])"
216.73.216.203 - - [19/Jul/2025:19:35:52 +0000] "GET /special/961230906.phtml HTTP/1.1" 404 13249 "-" "Mozilla/5.0 AppleWebKit/537.36 (KHTML, like Gecko; compatible; ClaudeBot/1.0; [email protected])"
216.73.216.203 - - [19/Jul/2025:19:35:55 +0000] "GET /special/960903298.phtml HTTP/1.1" 404 13249 "-" "Mozilla/5.0 AppleWebKit/537.36 (KHTML, like Gecko; compatible; ClaudeBot/1.0; [email protected])"
52.167.144.191 - - [19/Jul/2025:19:36:25 +0000] "GET /special/2094334858.phtml HTTP/1.1" 200 20475 "-" "Mozilla/5.0 AppleWebKit/537.36 (KHTML, like Gecko; compatible; bingbot/2.0; +http://www.bing.com/bingbot.htm) Chrome/116.0.1938.76 Safari/537.36"
216.73.216.203 - - [19/Jul/2025:19:37:11 +0000] "GET /special/960910738.phtml HTTP/1.1" 404 13249 "-" "Mozilla/5.0 AppleWebKit/537.36 (KHTML, like Gecko; compatible; ClaudeBot/1.0; [email protected])"
216.73.216.203 - - [19/Jul/2025:19:37:14 +0000] "GET /special/961595300.phtml HTTP/1.1" 404 13249 "-" "Mozilla/5.0 AppleWebKit/537.36 (KHTML, like Gecko; compatible; ClaudeBot/1.0; [email protected])"
216.73.216.203 - - [19/Jul/2025:19:37:17 +0000] "GET /special/961267244.phtml HTTP/1.1" 404 13249 "-" "Mozilla/5.0 AppleWebKit/537.36 (KHTML, like Gecko; compatible; ClaudeBot/1.0; [email protected])"
216.73.216.203 - - [19/Jul/2025:19:37:20 +0000] "GET /special/961454112.phtml HTTP/1.1" 404 13249 "-" "Mozilla/5.0 AppleWebKit/537.36 (KHTML, like Gecko; compatible; ClaudeBot/1.0; [email protected])"
216.73.216.203 - - [19/Jul/2025:19:37:23 +0000] "GET /special/961552320.phtml HTTP/1.1" 404 13249 "-" "Mozilla/5.0 AppleWebKit/537.36 (KHTML, like Gecko; compatible; ClaudeBot/1.0; [email protected])"
52.167.144.191 - - [19/Jul/2025:19:37:25 +0000] "GET /special/1595154846.phtml HTTP/1.1" 200 18376 "-" "Mozilla/5.0 AppleWebKit/537.36 (KHTML, like Gecko; compatible; bingbot/2.0; +http://www.bing.com/bingbot.htm) Chrome/116.0.1938.76 Safari/537.36"
216.73.216.203 - - [19/Jul/2025:19:37:26 +0000] "GET /special/960958466.phtml HTTP/1.1" 404 13249 "-" "Mozilla/5.0 AppleWebKit/537.36 (KHTML, like Gecko; compatible; ClaudeBot/1.0; [email protected])"
216.73.216.203 - - [19/Jul/2025:19:37:29 +0000] "GET /special/961448912.phtml HTTP/1.1" 404 13249 "-" "Mozilla/5.0 AppleWebKit/537.36 (KHTML, like Gecko; compatible; ClaudeBot/1.0; [email protected])"
216.73.216.203 - - [19/Jul/2025:19:37:32 +0000] "GET /special/961310352.phtml HTTP/1.1" 404 13249 "-" "Mozilla/5.0 AppleWebKit/537.36 (KHTML, like Gecko; compatible; ClaudeBot/1.0; [email protected])"
216.73.216.203 - - [19/Jul/2025:19:37:35 +0000] "GET /special/961262176.phtml HTTP/1.1" 404 13249 "-" "Mozilla/5.0 AppleWebKit/537.36 (KHTML, like Gecko; compatible; ClaudeBot/1.0; [email protected])"
216.73.216.203 - - [19/Jul/2025:19:37:38 +0000] "GET /special/961624458.phtml HTTP/1.1" 404 13249 "-" "Mozilla/5.0 AppleWebKit/537.36 (KHTML, like Gecko; compatible; ClaudeBot/1.0; [email protected])"
216.73.216.203 - - [19/Jul/2025:19:37:41 +0000] "GET /special/960927128.phtml HTTP/1.1" 404 13249 "-" "Mozilla/5.0 AppleWebKit/537.36 (KHTML, like Gecko; compatible; ClaudeBot/1.0; [email protected])"
216.73.216.203 - - [19/Jul/2025:19:37:44 +0000] "GET /special/968990538.phtml HTTP/1.1" 404 13249 "-" "Mozilla/5.0 AppleWebKit/537.36 (KHTML, like Gecko; compatible; ClaudeBot/1.0; [email protected])"
216.73.216.203 - - [19/Jul/2025:19:37:47 +0000] "GET /special/968989740.phtml HTTP/1.1" 404 13249 "-" "Mozilla/5.0 AppleWebKit/537.36 (KHTML, like Gecko; compatible; ClaudeBot/1.0; [email protected])"
