216.73.216.203 - - [19/Jul/2025:17:54:11 +0000] "GET /special/987526188.phtml HTTP/1.1" 404 13249 "-" "Mozilla/5.0 AppleWebKit/537.36 (KHTML, like Gecko; compatible; ClaudeBot/1.0; [email protected])"
20.171.207.13 - - [19/Jul/2025:17:54:12 +0000] "GET /special/2287771092.phtml HTTP/1.1" 404 13249 "-" "Mozilla/5.0 AppleWebKit/537.36 (KHTML, like Gecko; compatible; GPTBot/1.2; +https://openai.com/gptbot)"
216.73.216.203 - - [19/Jul/2025:17:54:14 +0000] "GET /special/2178316078.phtml HTTP/1.1" 404 13249 "-" "Mozilla/5.0 AppleWebKit/537.36 (KHTML, like Gecko; compatible; ClaudeBot/1.0; [email protected])"
20.171.207.13 - - [19/Jul/2025:17:54:15 +0000] "GET /special/2287670444.phtml HTTP/1.1" 404 13249 "-" "Mozilla/5.0 AppleWebKit/537.36 (KHTML, like Gecko; compatible; GPTBot/1.2; +https://openai.com/gptbot)"
216.73.216.203 - - [19/Jul/2025:17:54:17 +0000] "GET /special/987871500.phtml HTTP/1.1" 404 13249 "-" "Mozilla/5.0 AppleWebKit/537.36 (KHTML, like Gecko; compatible; ClaudeBot/1.0; [email protected])"
20.171.207.13 - - [19/Jul/2025:17:54:18 +0000] "GET /special/2287753000.phtml HTTP/1.1" 404 13249 "-" "Mozilla/5.0 AppleWebKit/537.36 (KHTML, like Gecko; compatible; GPTBot/1.2; +https://openai.com/gptbot)"
216.73.216.203 - - [19/Jul/2025:17:54:20 +0000] "GET /special/2178113144.phtml HTTP/1.1" 404 13249 "-" "Mozilla/5.0 AppleWebKit/537.36 (KHTML, like Gecko; compatible; ClaudeBot/1.0; [email protected])"
20.171.207.13 - - [19/Jul/2025:17:54:21 +0000] "GET /special/2287000502.phtml HTTP/1.1" 404 13249 "-" "Mozilla/5.0 AppleWebKit/537.36 (KHTML, like Gecko; compatible; GPTBot/1.2; +https://openai.com/gptbot)"
216.73.216.203 - - [19/Jul/2025:17:54:23 +0000] "GET /special/2178583646.phtml HTTP/1.1" 404 13249 "-" "Mozilla/5.0 AppleWebKit/537.36 (KHTML, like Gecko; compatible; ClaudeBot/1.0; [email protected])"
20.171.207.13 - - [19/Jul/2025:17:54:24 +0000] "GET /special/2287418882.phtml HTTP/1.1" 404 13249 "-" "Mozilla/5.0 AppleWebKit/537.36 (KHTML, like Gecko; compatible; GPTBot/1.2; +https://openai.com/gptbot)"
216.73.216.203 - - [19/Jul/2025:17:54:26 +0000] "GET /special/1057496626.phtml HTTP/1.1" 404 13249 "-" "Mozilla/5.0 AppleWebKit/537.36 (KHTML, like Gecko; compatible; ClaudeBot/1.0; [email protected])"
20.171.207.13 - - [19/Jul/2025:17:54:27 +0000] "GET /special/2287444286.phtml HTTP/1.1" 404 13249 "-" "Mozilla/5.0 AppleWebKit/537.36 (KHTML, like Gecko; compatible; GPTBot/1.2; +https://openai.com/gptbot)"
216.73.216.203 - - [19/Jul/2025:17:54:29 +0000] "GET /special/987540138.phtml HTTP/1.1" 404 13249 "-" "Mozilla/5.0 AppleWebKit/537.36 (KHTML, like Gecko; compatible; ClaudeBot/1.0; [email protected])"
20.171.207.13 - - [19/Jul/2025:17:54:29 +0000] "GET /special/2287775580.phtml HTTP/1.1" 404 13249 "-" "Mozilla/5.0 AppleWebKit/537.36 (KHTML, like Gecko; compatible; GPTBot/1.2; +https://openai.com/gptbot)"
216.73.216.203 - - [19/Jul/2025:17:54:32 +0000] "GET /special/1057525716.phtml HTTP/1.1" 404 13249 "-" "Mozilla/5.0 AppleWebKit/537.36 (KHTML, like Gecko; compatible; ClaudeBot/1.0; [email protected])"
20.171.207.13 - - [19/Jul/2025:17:54:32 +0000] "GET /special/2287333438.phtml HTTP/1.1" 404 13249 "-" "Mozilla/5.0 AppleWebKit/537.36 (KHTML, like Gecko; compatible; GPTBot/1.2; +https://openai.com/gptbot)"
216.73.216.203 - - [19/Jul/2025:17:54:35 +0000] "GET /special/988022632.phtml HTTP/1.1" 404 13249 "-" "Mozilla/5.0 AppleWebKit/537.36 (KHTML, like Gecko; compatible; ClaudeBot/1.0; [email protected])"
20.171.207.13 - - [19/Jul/2025:17:54:35 +0000] "GET /special/2287774782.phtml HTTP/1.1" 404 13249 "-" "Mozilla/5.0 AppleWebKit/537.36 (KHTML, like Gecko; compatible; GPTBot/1.2; +https://openai.com/gptbot)"
20.171.207.13 - - [19/Jul/2025:17:54:38 +0000] "GET /special/2287000826.phtml HTTP/1.1" 404 13249 "-" "Mozilla/5.0 AppleWebKit/537.36 (KHTML, like Gecko; compatible; GPTBot/1.2; +https://openai.com/gptbot)"
216.73.216.203 - - [19/Jul/2025:17:54:38 +0000] "GET /special/2178119654.phtml HTTP/1.1" 404 13249 "-" "Mozilla/5.0 AppleWebKit/537.36 (KHTML, like Gecko; compatible; ClaudeBot/1.0; [email protected])"
20.171.207.13 - - [19/Jul/2025:17:54:41 +0000] "GET /special/2287484442.phtml HTTP/1.1" 404 13249 "-" "Mozilla/5.0 AppleWebKit/537.36 (KHTML, like Gecko; compatible; GPTBot/1.2; +https://openai.com/gptbot)"
216.73.216.203 - - [19/Jul/2025:17:54:41 +0000] "GET /special/987676326.phtml HTTP/1.1" 404 13249 "-" "Mozilla/5.0 AppleWebKit/537.36 (KHTML, like Gecko; compatible; ClaudeBot/1.0; [email protected])"
20.171.207.13 - - [19/Jul/2025:17:54:43 +0000] "GET /special/2287622204.phtml HTTP/1.1" 404 13249 "-" "Mozilla/5.0 AppleWebKit/537.36 (KHTML, like Gecko; compatible; GPTBot/1.2; +https://openai.com/gptbot)"
207.46.13.7 - - [19/Jul/2025:17:54:46 +0000] "GET /special/1091288758.phtml HTTP/1.1" 200 20275 "-" "Mozilla/5.0 AppleWebKit/537.36 (KHTML, like Gecko; compatible; bingbot/2.0; +http://www.bing.com/bingbot.htm) Chrome/116.0.1938.76 Safari/537.36"
20.171.207.13 - - [19/Jul/2025:17:54:46 +0000] "GET /special/2287753000.phtml HTTP/1.1" 404 13249 "-" "Mozilla/5.0 AppleWebKit/537.36 (KHTML, like Gecko; compatible; GPTBot/1.2; +https://openai.com/gptbot)"
216.73.216.203 - - [19/Jul/2025:17:54:47 +0000] "GET /special/987707856.phtml HTTP/1.1" 404 13249 "-" "Mozilla/5.0 AppleWebKit/537.36 (KHTML, like Gecko; compatible; ClaudeBot/1.0; [email protected])"
20.171.207.13 - - [19/Jul/2025:17:54:49 +0000] "GET /special/2287772342.phtml HTTP/1.1" 404 13249 "-" "Mozilla/5.0 AppleWebKit/537.36 (KHTML, like Gecko; compatible; GPTBot/1.2; +https://openai.com/gptbot)"
20.171.207.13 - - [19/Jul/2025:17:54:52 +0000] "GET /special/2287405444.phtml HTTP/1.1" 404 13249 "-" "Mozilla/5.0 AppleWebKit/537.36 (KHTML, like Gecko; compatible; GPTBot/1.2; +https://openai.com/gptbot)"
20.171.207.13 - - [19/Jul/2025:17:54:55 +0000] "GET /special/2287055000.phtml HTTP/1.1" 404 13249 "-" "Mozilla/5.0 AppleWebKit/537.36 (KHTML, like Gecko; compatible; GPTBot/1.2; +https://openai.com/gptbot)"
216.73.216.203 - - [19/Jul/2025:17:54:55 +0000] "GET /special/1057197660.phtml HTTP/1.1" 404 13249 "-" "Mozilla/5.0 AppleWebKit/537.36 (KHTML, like Gecko; compatible; ClaudeBot/1.0; [email protected])"
20.171.207.13 - - [19/Jul/2025:17:54:58 +0000] "GET /special/2287590222.phtml HTTP/1.1" 404 13249 "-" "Mozilla/5.0 AppleWebKit/537.36 (KHTML, like Gecko; compatible; GPTBot/1.2; +https://openai.com/gptbot)"
216.73.216.203 - - [19/Jul/2025:17:54:58 +0000] "GET /special/1057694684.phtml HTTP/1.1" 404 13249 "-" "Mozilla/5.0 AppleWebKit/537.36 (KHTML, like Gecko; compatible; ClaudeBot/1.0; [email protected])"
20.171.207.13 - - [19/Jul/2025:17:55:00 +0000] "GET /special/2287775580.phtml HTTP/1.1" 404 13249 "-" "Mozilla/5.0 AppleWebKit/537.36 (KHTML, like Gecko; compatible; GPTBot/1.2; +https://openai.com/gptbot)"
57.141.2.29 - - [19/Jul/2025:17:55:01 +0000] "GET /special/2447770382.phtml HTTP/1.1" 404 65172 "-" "meta-externalagent/1.1 (+https://developers.facebook.com/docs/sharing/webmasters/crawler)"
216.73.216.203 - - [19/Jul/2025:17:55:01 +0000] "GET /special/987828904.phtml HTTP/1.1" 404 13249 "-" "Mozilla/5.0 AppleWebKit/537.36 (KHTML, like Gecko; compatible; ClaudeBot/1.0; [email protected])"
20.171.207.13 - - [19/Jul/2025:17:55:03 +0000] "GET /special/2287714222.phtml HTTP/1.1" 404 13249 "-" "Mozilla/5.0 AppleWebKit/537.36 (KHTML, like Gecko; compatible; GPTBot/1.2; +https://openai.com/gptbot)"
216.73.216.203 - - [19/Jul/2025:17:55:04 +0000] "GET /special/987870054.phtml HTTP/1.1" 404 13249 "-" "Mozilla/5.0 AppleWebKit/537.36 (KHTML, like Gecko; compatible; ClaudeBot/1.0; [email protected])"
20.171.207.13 - - [19/Jul/2025:17:55:06 +0000] "GET /special/2287709222.phtml HTTP/1.1" 404 13249 "-" "Mozilla/5.0 AppleWebKit/537.36 (KHTML, like Gecko; compatible; GPTBot/1.2; +https://openai.com/gptbot)"
216.73.216.203 - - [19/Jul/2025:17:55:07 +0000] "GET /special/1057326408.phtml HTTP/1.1" 404 13249 "-" "Mozilla/5.0 AppleWebKit/537.36 (KHTML, like Gecko; compatible; ClaudeBot/1.0; [email protected])"
20.171.207.13 - - [19/Jul/2025:17:55:09 +0000] "GET /special/2287774782.phtml HTTP/1.1" 404 13249 "-" "Mozilla/5.0 AppleWebKit/537.36 (KHTML, like Gecko; compatible; GPTBot/1.2; +https://openai.com/gptbot)"
216.73.216.203 - - [19/Jul/2025:17:55:10 +0000] "GET /special/1057484054.phtml HTTP/1.1" 404 13249 "-" "Mozilla/5.0 AppleWebKit/537.36 (KHTML, like Gecko; compatible; ClaudeBot/1.0; [email protected])"
20.171.207.13 - - [19/Jul/2025:17:55:12 +0000] "GET /special/2287128000.phtml HTTP/1.1" 404 13249 "-" "Mozilla/5.0 AppleWebKit/537.36 (KHTML, like Gecko; compatible; GPTBot/1.2; +https://openai.com/gptbot)"
216.73.216.203 - - [19/Jul/2025:17:55:13 +0000] "GET /special/1057062982.phtml HTTP/1.1" 404 13249 "-" "Mozilla/5.0 AppleWebKit/537.36 (KHTML, like Gecko; compatible; ClaudeBot/1.0; [email protected])"
20.171.207.13 - - [19/Jul/2025:17:55:15 +0000] "GET /special/2287716662.phtml HTTP/1.1" 404 13249 "-" "Mozilla/5.0 AppleWebKit/537.36 (KHTML, like Gecko; compatible; GPTBot/1.2; +https://openai.com/gptbot)"
216.73.216.203 - - [19/Jul/2025:17:55:16 +0000] "GET /special/988201996.phtml HTTP/1.1" 404 13249 "-" "Mozilla/5.0 AppleWebKit/537.36 (KHTML, like Gecko; compatible; ClaudeBot/1.0; [email protected])"
20.171.207.13 - - [19/Jul/2025:17:55:18 +0000] "GET /special/2287666242.phtml HTTP/1.1" 404 13249 "-" "Mozilla/5.0 AppleWebKit/537.36 (KHTML, like Gecko; compatible; GPTBot/1.2; +https://openai.com/gptbot)"
216.73.216.203 - - [19/Jul/2025:17:55:19 +0000] "GET /special/1057324036.phtml HTTP/1.1" 404 13249 "-" "Mozilla/5.0 AppleWebKit/537.36 (KHTML, like Gecko; compatible; ClaudeBot/1.0; [email protected])"
20.171.207.13 - - [19/Jul/2025:17:55:21 +0000] "GET /special/2287546444.phtml HTTP/1.1" 404 13249 "-" "Mozilla/5.0 AppleWebKit/537.36 (KHTML, like Gecko; compatible; GPTBot/1.2; +https://openai.com/gptbot)"
216.73.216.203 - - [19/Jul/2025:17:55:22 +0000] "GET /special/1057249590.phtml HTTP/1.1" 404 13249 "-" "Mozilla/5.0 AppleWebKit/537.36 (KHTML, like Gecko; compatible; ClaudeBot/1.0; [email protected])"
20.171.207.13 - - [19/Jul/2025:17:55:23 +0000] "GET /special/2287774714.phtml HTTP/1.1" 404 13249 "-" "Mozilla/5.0 AppleWebKit/537.36 (KHTML, like Gecko; compatible; GPTBot/1.2; +https://openai.com/gptbot)"
216.73.216.203 - - [19/Jul/2025:17:55:25 +0000] "GET /special/1057520716.phtml HTTP/1.1" 404 13249 "-" "Mozilla/5.0 AppleWebKit/537.36 (KHTML, like Gecko; compatible; ClaudeBot/1.0; [email protected])"
20.171.207.13 - - [19/Jul/2025:17:55:26 +0000] "GET /special/2287405444.phtml HTTP/1.1" 404 13249 "-" "Mozilla/5.0 AppleWebKit/537.36 (KHTML, like Gecko; compatible; GPTBot/1.2; +https://openai.com/gptbot)"
216.73.216.203 - - [19/Jul/2025:17:55:28 +0000] "GET /special/988034534.phtml HTTP/1.1" 404 13249 "-" "Mozilla/5.0 AppleWebKit/537.36 (KHTML, like Gecko; compatible; ClaudeBot/1.0; [email protected])"
20.171.207.13 - - [19/Jul/2025:17:55:29 +0000] "GET /special/2287222522.phtml HTTP/1.1" 404 13249 "-" "Mozilla/5.0 AppleWebKit/537.36 (KHTML, like Gecko; compatible; GPTBot/1.2; +https://openai.com/gptbot)"
20.171.207.13 - - [19/Jul/2025:17:55:32 +0000] "GET /special/2287617136.phtml HTTP/1.1" 404 13249 "-" "Mozilla/5.0 AppleWebKit/537.36 (KHTML, like Gecko; compatible; GPTBot/1.2; +https://openai.com/gptbot)"
216.73.216.203 - - [19/Jul/2025:17:55:32 +0000] "GET /special/1057666972.phtml HTTP/1.1" 404 13249 "-" "Mozilla/5.0 AppleWebKit/537.36 (KHTML, like Gecko; compatible; ClaudeBot/1.0; [email protected])"
216.73.216.203 - - [19/Jul/2025:17:55:34 +0000] "GET /special/1057501950.phtml HTTP/1.1" 404 13249 "-" "Mozilla/5.0 AppleWebKit/537.36 (KHTML, like Gecko; compatible; ClaudeBot/1.0; [email protected])"
20.171.207.13 - - [19/Jul/2025:17:55:35 +0000] "GET /special/2287142688.phtml HTTP/1.1" 404 13249 "-" "Mozilla/5.0 AppleWebKit/537.36 (KHTML, like Gecko; compatible; GPTBot/1.2; +https://openai.com/gptbot)"
216.73.216.203 - - [19/Jul/2025:17:55:37 +0000] "GET /special/988016702.phtml HTTP/1.1" 404 13249 "-" "Mozilla/5.0 AppleWebKit/537.36 (KHTML, like Gecko; compatible; ClaudeBot/1.0; [email protected])"
20.171.207.13 - - [19/Jul/2025:17:55:37 +0000] "GET /special/2287253860.phtml HTTP/1.1" 404 13249 "-" "Mozilla/5.0 AppleWebKit/537.36 (KHTML, like Gecko; compatible; GPTBot/1.2; +https://openai.com/gptbot)"
216.73.216.203 - - [19/Jul/2025:17:55:40 +0000] "GET /special/987623018.phtml HTTP/1.1" 404 13249 "-" "Mozilla/5.0 AppleWebKit/537.36 (KHTML, like Gecko; compatible; ClaudeBot/1.0; [email protected])"
20.171.207.13 - - [19/Jul/2025:17:55:40 +0000] "GET /special/2287267810.phtml HTTP/1.1" 404 13249 "-" "Mozilla/5.0 AppleWebKit/537.36 (KHTML, like Gecko; compatible; GPTBot/1.2; +https://openai.com/gptbot)"
216.73.216.203 - - [19/Jul/2025:17:55:43 +0000] "GET /special/1057045662.phtml HTTP/1.1" 404 13249 "-" "Mozilla/5.0 AppleWebKit/537.36 (KHTML, like Gecko; compatible; ClaudeBot/1.0; [email protected])"
20.171.207.13 - - [19/Jul/2025:17:55:43 +0000] "GET /special/2287409932.phtml HTTP/1.1" 404 13249 "-" "Mozilla/5.0 AppleWebKit/537.36 (KHTML, like Gecko; compatible; GPTBot/1.2; +https://openai.com/gptbot)"
216.73.216.203 - - [19/Jul/2025:17:55:46 +0000] "GET /special/2178632556.phtml HTTP/1.1" 404 13249 "-" "Mozilla/5.0 AppleWebKit/537.36 (KHTML, like Gecko; compatible; ClaudeBot/1.0; [email protected])"
20.171.207.13 - - [19/Jul/2025:17:55:46 +0000] "GET /special/2287686254.phtml HTTP/1.1" 404 13249 "-" "Mozilla/5.0 AppleWebKit/537.36 (KHTML, like Gecko; compatible; GPTBot/1.2; +https://openai.com/gptbot)"
20.171.207.13 - - [19/Jul/2025:17:55:49 +0000] "GET /special/2287666242.phtml HTTP/1.1" 404 13249 "-" "Mozilla/5.0 AppleWebKit/537.36 (KHTML, like Gecko; compatible; GPTBot/1.2; +https://openai.com/gptbot)"
216.73.216.203 - - [19/Jul/2025:17:55:49 +0000] "GET /sitemap-12.xml HTTP/1.1" 200 4380 "-" "Mozilla/5.0 AppleWebKit/537.36 (KHTML, like Gecko; compatible; ClaudeBot/1.0; [email protected])"
20.171.207.13 - - [19/Jul/2025:17:55:52 +0000] "GET /special/2287436846.phtml HTTP/1.1" 404 13249 "-" "Mozilla/5.0 AppleWebKit/537.36 (KHTML, like Gecko; compatible; GPTBot/1.2; +https://openai.com/gptbot)"
216.73.216.203 - - [19/Jul/2025:17:55:52 +0000] "GET /special/987858732.phtml HTTP/1.1" 404 13249 "-" "Mozilla/5.0 AppleWebKit/537.36 (KHTML, like Gecko; compatible; ClaudeBot/1.0; [email protected])"
20.171.207.13 - - [19/Jul/2025:17:55:54 +0000] "GET /special/2287366086.phtml HTTP/1.1" 404 13249 "-" "Mozilla/5.0 AppleWebKit/537.36 (KHTML, like Gecko; compatible; GPTBot/1.2; +https://openai.com/gptbot)"
216.73.216.203 - - [19/Jul/2025:17:55:55 +0000] "GET /special/1057259918.phtml HTTP/1.1" 404 13249 "-" "Mozilla/5.0 AppleWebKit/537.36 (KHTML, like Gecko; compatible; ClaudeBot/1.0; [email protected])"
20.171.207.13 - - [19/Jul/2025:17:55:57 +0000] "GET /special/2287682308.phtml HTTP/1.1" 404 13249 "-" "Mozilla/5.0 AppleWebKit/537.36 (KHTML, like Gecko; compatible; GPTBot/1.2; +https://openai.com/gptbot)"
216.73.216.203 - - [19/Jul/2025:17:55:58 +0000] "GET /special/988039022.phtml HTTP/1.1" 404 13249 "-" "Mozilla/5.0 AppleWebKit/537.36 (KHTML, like Gecko; compatible; ClaudeBot/1.0; [email protected])"
20.171.207.13 - - [19/Jul/2025:17:56:00 +0000] "GET /special/2287404066.phtml HTTP/1.1" 404 13249 "-" "Mozilla/5.0 AppleWebKit/537.36 (KHTML, like Gecko; compatible; GPTBot/1.2; +https://openai.com/gptbot)"
20.171.207.13 - - [19/Jul/2025:17:56:03 +0000] "GET /special/2287279068.phtml HTTP/1.1" 404 13249 "-" "Mozilla/5.0 AppleWebKit/537.36 (KHTML, like Gecko; compatible; GPTBot/1.2; +https://openai.com/gptbot)"
216.73.216.203 - - [19/Jul/2025:17:56:05 +0000] "GET /special/987547578.phtml HTTP/1.1" 404 13249 "-" "Mozilla/5.0 AppleWebKit/537.36 (KHTML, like Gecko; compatible; ClaudeBot/1.0; [email protected])"
20.171.207.13 - - [19/Jul/2025:17:56:06 +0000] "GET /special/2287142688.phtml HTTP/1.1" 404 13249 "-" "Mozilla/5.0 AppleWebKit/537.36 (KHTML, like Gecko; compatible; GPTBot/1.2; +https://openai.com/gptbot)"
207.46.13.7 - - [19/Jul/2025:17:56:06 +0000] "GET /special/1914684950.phtml HTTP/1.1" 200 22650 "-" "Mozilla/5.0 AppleWebKit/537.36 (KHTML, like Gecko; compatible; bingbot/2.0; +http://www.bing.com/bingbot.htm) Chrome/116.0.1938.76 Safari/537.36"
216.73.216.203 - - [19/Jul/2025:17:56:08 +0000] "GET /special/987973398.phtml HTTP/1.1" 404 13249 "-" "Mozilla/5.0 AppleWebKit/537.36 (KHTML, like Gecko; compatible; ClaudeBot/1.0; [email protected])"
20.171.207.13 - - [19/Jul/2025:17:56:09 +0000] "GET /special/2287074948.phtml HTTP/1.1" 404 13249 "-" "Mozilla/5.0 AppleWebKit/537.36 (KHTML, like Gecko; compatible; GPTBot/1.2; +https://openai.com/gptbot)"
40.77.167.241 - - [19/Jul/2025:17:56:11 +0000] "GET /special/2237477892.phtml HTTP/1.1" 200 20126 "-" "Mozilla/5.0 AppleWebKit/537.36 (KHTML, like Gecko; compatible; bingbot/2.0; +http://www.bing.com/bingbot.htm) Chrome/116.0.1938.76 Safari/537.36"
216.73.216.203 - - [19/Jul/2025:17:56:11 +0000] "GET /special/987673698.phtml HTTP/1.1" 404 13249 "-" "Mozilla/5.0 AppleWebKit/537.36 (KHTML, like Gecko; compatible; ClaudeBot/1.0; [email protected])"
20.171.207.13 - - [19/Jul/2025:17:56:11 +0000] "GET /special/2287060998.phtml HTTP/1.1" 404 13249 "-" "Mozilla/5.0 AppleWebKit/537.36 (KHTML, like Gecko; compatible; GPTBot/1.2; +https://openai.com/gptbot)"
40.77.167.241 - - [19/Jul/2025:17:56:14 +0000] "GET /special/1863085614.phtml HTTP/1.1" 200 18415 "-" "Mozilla/5.0 AppleWebKit/537.36 (KHTML, like Gecko; compatible; bingbot/2.0; +http://www.bing.com/bingbot.htm) Chrome/116.0.1938.76 Safari/537.36"
216.73.216.203 - - [19/Jul/2025:17:56:14 +0000] "GET /special/988251098.phtml HTTP/1.1" 404 13249 "-" "Mozilla/5.0 AppleWebKit/537.36 (KHTML, like Gecko; compatible; ClaudeBot/1.0; [email protected])"
20.171.207.13 - - [19/Jul/2025:17:56:14 +0000] "GET /special/2287629580.phtml HTTP/1.1" 404 13249 "-" "Mozilla/5.0 AppleWebKit/537.36 (KHTML, like Gecko; compatible; GPTBot/1.2; +https://openai.com/gptbot)"
216.73.216.203 - - [19/Jul/2025:17:56:17 +0000] "GET /special/987635462.phtml HTTP/1.1" 404 13249 "-" "Mozilla/5.0 AppleWebKit/537.36 (KHTML, like Gecko; compatible; ClaudeBot/1.0; [email protected])"
20.171.207.13 - - [19/Jul/2025:17:56:17 +0000] "GET /special/2287566456.phtml HTTP/1.1" 404 13249 "-" "Mozilla/5.0 AppleWebKit/537.36 (KHTML, like Gecko; compatible; GPTBot/1.2; +https://openai.com/gptbot)"
20.171.207.13 - - [19/Jul/2025:17:56:20 +0000] "GET /special/2287154270.phtml HTTP/1.1" 404 13249 "-" "Mozilla/5.0 AppleWebKit/537.36 (KHTML, like Gecko; compatible; GPTBot/1.2; +https://openai.com/gptbot)"
216.73.216.203 - - [19/Jul/2025:17:56:20 +0000] "GET /special/988155262.phtml HTTP/1.1" 404 13249 "-" "Mozilla/5.0 AppleWebKit/537.36 (KHTML, like Gecko; compatible; ClaudeBot/1.0; [email protected])"
20.171.207.13 - - [19/Jul/2025:17:56:23 +0000] "GET /special/2287436846.phtml HTTP/1.1" 404 13249 "-" "Mozilla/5.0 AppleWebKit/537.36 (KHTML, like Gecko; compatible; GPTBot/1.2; +https://openai.com/gptbot)"
216.73.216.203 - - [19/Jul/2025:17:56:23 +0000] "GET /special/2178221620.phtml HTTP/1.1" 404 13249 "-" "Mozilla/5.0 AppleWebKit/537.36 (KHTML, like Gecko; compatible; ClaudeBot/1.0; [email protected])"
20.171.207.13 - - [19/Jul/2025:17:56:26 +0000] "GET /special/2287756818.phtml HTTP/1.1" 404 13249 "-" "Mozilla/5.0 AppleWebKit/537.36 (KHTML, like Gecko; compatible; GPTBot/1.2; +https://openai.com/gptbot)"
216.73.216.203 - - [19/Jul/2025:17:56:26 +0000] "GET /special/2178558626.phtml HTTP/1.1" 404 13249 "-" "Mozilla/5.0 AppleWebKit/537.36 (KHTML, like Gecko; compatible; ClaudeBot/1.0; [email protected])"
20.171.207.13 - - [19/Jul/2025:17:56:29 +0000] "GET /special/2287430268.phtml HTTP/1.1" 404 13249 "-" "Mozilla/5.0 AppleWebKit/537.36 (KHTML, like Gecko; compatible; GPTBot/1.2; +https://openai.com/gptbot)"
216.73.216.203 - - [19/Jul/2025:17:56:29 +0000] "GET /special/987919804.phtml HTTP/1.1" 404 13249 "-" "Mozilla/5.0 AppleWebKit/537.36 (KHTML, like Gecko; compatible; ClaudeBot/1.0; [email protected])"
20.171.207.13 - - [19/Jul/2025:17:56:31 +0000] "GET /special/2287479374.phtml HTTP/1.1" 404 13249 "-" "Mozilla/5.0 AppleWebKit/537.36 (KHTML, like Gecko; compatible; GPTBot/1.2; +https://openai.com/gptbot)"
216.73.216.203 - - [19/Jul/2025:17:56:32 +0000] "GET /special/2178684614.phtml HTTP/1.1" 404 13249 "-" "Mozilla/5.0 AppleWebKit/537.36 (KHTML, like Gecko; compatible; ClaudeBot/1.0; [email protected])"
20.171.207.13 - - [19/Jul/2025:17:56:34 +0000] "GET /special/2287246356.phtml HTTP/1.1" 404 13249 "-" "Mozilla/5.0 AppleWebKit/537.36 (KHTML, like Gecko; compatible; GPTBot/1.2; +https://openai.com/gptbot)"
216.73.216.203 - - [19/Jul/2025:17:56:35 +0000] "GET /special/987814886.phtml HTTP/1.1" 404 13249 "-" "Mozilla/5.0 AppleWebKit/537.36 (KHTML, like Gecko; compatible; ClaudeBot/1.0; [email protected])"
20.171.207.13 - - [19/Jul/2025:17:56:37 +0000] "GET /special/2287608186.phtml HTTP/1.1" 404 13249 "-" "Mozilla/5.0 AppleWebKit/537.36 (KHTML, like Gecko; compatible; GPTBot/1.2; +https://openai.com/gptbot)"
216.73.216.203 - - [19/Jul/2025:17:56:38 +0000] "GET /special/2178328846.phtml HTTP/1.1" 404 13249 "-" "Mozilla/5.0 AppleWebKit/537.36 (KHTML, like Gecko; compatible; ClaudeBot/1.0; [email protected])"
20.171.207.13 - - [19/Jul/2025:17:56:40 +0000] "GET /special/2287019268.phtml HTTP/1.1" 404 13249 "-" "Mozilla/5.0 AppleWebKit/537.36 (KHTML, like Gecko; compatible; GPTBot/1.2; +https://openai.com/gptbot)"
216.73.216.203 - - [19/Jul/2025:17:56:41 +0000] "GET /special/987571668.phtml HTTP/1.1" 404 13249 "-" "Mozilla/5.0 AppleWebKit/537.36 (KHTML, like Gecko; compatible; ClaudeBot/1.0; [email protected])"
20.171.207.13 - - [19/Jul/2025:17:56:43 +0000] "GET /special/2287334236.phtml HTTP/1.1" 404 13249 "-" "Mozilla/5.0 AppleWebKit/537.36 (KHTML, like Gecko; compatible; GPTBot/1.2; +https://openai.com/gptbot)"
216.73.216.203 - - [19/Jul/2025:17:56:44 +0000] "GET /special/2178505898.phtml HTTP/1.1" 404 13249 "-" "Mozilla/5.0 AppleWebKit/537.36 (KHTML, like Gecko; compatible; ClaudeBot/1.0; [email protected])"
20.171.207.13 - - [19/Jul/2025:17:56:45 +0000] "GET /special/2287034212.phtml HTTP/1.1" 404 13249 "-" "Mozilla/5.0 AppleWebKit/537.36 (KHTML, like Gecko; compatible; GPTBot/1.2; +https://openai.com/gptbot)"
216.73.216.203 - - [19/Jul/2025:17:56:47 +0000] "GET /special/2177922654.phtml HTTP/1.1" 404 13249 "-" "Mozilla/5.0 AppleWebKit/537.36 (KHTML, like Gecko; compatible; ClaudeBot/1.0; [email protected])"
20.171.207.13 - - [19/Jul/2025:17:56:48 +0000] "GET /special/2287180792.phtml HTTP/1.1" 404 13249 "-" "Mozilla/5.0 AppleWebKit/537.36 (KHTML, like Gecko; compatible; GPTBot/1.2; +https://openai.com/gptbot)"
216.73.216.203 - - [19/Jul/2025:17:56:50 +0000] "GET /special/987475508.phtml HTTP/1.1" 404 13249 "-" "Mozilla/5.0 AppleWebKit/537.36 (KHTML, like Gecko; compatible; ClaudeBot/1.0; [email protected])"
20.171.207.13 - - [19/Jul/2025:17:56:51 +0000] "GET /special/2287640902.phtml HTTP/1.1" 404 13249 "-" "Mozilla/5.0 AppleWebKit/537.36 (KHTML, like Gecko; compatible; GPTBot/1.2; +https://openai.com/gptbot)"
216.73.216.203 - - [19/Jul/2025:17:56:53 +0000] "GET /special/987575290.phtml HTTP/1.1" 404 13249 "-" "Mozilla/5.0 AppleWebKit/537.36 (KHTML, like Gecko; compatible; ClaudeBot/1.0; [email protected])"
20.171.207.13 - - [19/Jul/2025:17:56:54 +0000] "GET /special/2287150452.phtml HTTP/1.1" 404 13249 "-" "Mozilla/5.0 AppleWebKit/537.36 (KHTML, like Gecko; compatible; GPTBot/1.2; +https://openai.com/gptbot)"
216.73.216.203 - - [19/Jul/2025:17:56:56 +0000] "GET /special/988093520.phtml HTTP/1.1" 404 13249 "-" "Mozilla/5.0 AppleWebKit/537.36 (KHTML, like Gecko; compatible; ClaudeBot/1.0; [email protected])"
20.171.207.13 - - [19/Jul/2025:17:56:56 +0000] "GET /special/2287045470.phtml HTTP/1.1" 404 13249 "-" "Mozilla/5.0 AppleWebKit/537.36 (KHTML, like Gecko; compatible; GPTBot/1.2; +https://openai.com/gptbot)"
216.73.216.203 - - [19/Jul/2025:17:56:59 +0000] "GET /special/987648358.phtml HTTP/1.1" 404 13249 "-" "Mozilla/5.0 AppleWebKit/537.36 (KHTML, like Gecko; compatible; ClaudeBot/1.0; [email protected])"
20.171.207.13 - - [19/Jul/2025:17:56:59 +0000] "GET /special/2287479374.phtml HTTP/1.1" 404 13249 "-" "Mozilla/5.0 AppleWebKit/537.36 (KHTML, like Gecko; compatible; GPTBot/1.2; +https://openai.com/gptbot)"
20.171.207.13 - - [19/Jul/2025:17:57:02 +0000] "GET /special/2287614696.phtml HTTP/1.1" 404 13249 "-" "Mozilla/5.0 AppleWebKit/537.36 (KHTML, like Gecko; compatible; GPTBot/1.2; +https://openai.com/gptbot)"
20.171.207.13 - - [19/Jul/2025:17:57:05 +0000] "GET /special/2287707648.phtml HTTP/1.1" 404 13249 "-" "Mozilla/5.0 AppleWebKit/537.36 (KHTML, like Gecko; compatible; GPTBot/1.2; +https://openai.com/gptbot)"
216.73.216.203 - - [19/Jul/2025:17:57:06 +0000] "GET /special/987832142.phtml HTTP/1.1" 404 13249 "-" "Mozilla/5.0 AppleWebKit/537.36 (KHTML, like Gecko; compatible; ClaudeBot/1.0; [email protected])"
20.171.207.13 - - [19/Jul/2025:17:57:08 +0000] "GET /special/2287489574.phtml HTTP/1.1" 404 13249 "-" "Mozilla/5.0 AppleWebKit/537.36 (KHTML, like Gecko; compatible; GPTBot/1.2; +https://openai.com/gptbot)"
216.73.216.203 - - [19/Jul/2025:17:57:09 +0000] "GET /special/987609580.phtml HTTP/1.1" 404 13249 "-" "Mozilla/5.0 AppleWebKit/537.36 (KHTML, like Gecko; compatible; ClaudeBot/1.0; [email protected])"
20.171.207.13 - - [19/Jul/2025:17:57:11 +0000] "GET /special/2287460612.phtml HTTP/1.1" 404 13249 "-" "Mozilla/5.0 AppleWebKit/537.36 (KHTML, like Gecko; compatible; GPTBot/1.2; +https://openai.com/gptbot)"
216.73.216.203 - - [19/Jul/2025:17:57:12 +0000] "GET /special/987678698.phtml HTTP/1.1" 404 13249 "-" "Mozilla/5.0 AppleWebKit/537.36 (KHTML, like Gecko; compatible; ClaudeBot/1.0; [email protected])"
20.171.207.13 - - [19/Jul/2025:17:57:14 +0000] "GET /special/2287386166.phtml HTTP/1.1" 404 13249 "-" "Mozilla/5.0 AppleWebKit/537.36 (KHTML, like Gecko; compatible; GPTBot/1.2; +https://openai.com/gptbot)"
216.73.216.203 - - [19/Jul/2025:17:57:15 +0000] "GET /special/988220758.phtml HTTP/1.1" 404 13249 "-" "Mozilla/5.0 AppleWebKit/537.36 (KHTML, like Gecko; compatible; ClaudeBot/1.0; [email protected])"
20.171.207.13 - - [19/Jul/2025:17:57:16 +0000] "GET /special/2287166842.phtml HTTP/1.1" 404 13249 "-" "Mozilla/5.0 AppleWebKit/537.36 (KHTML, like Gecko; compatible; GPTBot/1.2; +https://openai.com/gptbot)"
216.73.216.203 - - [19/Jul/2025:17:57:18 +0000] "GET /special/987967532.phtml HTTP/1.1" 404 13249 "-" "Mozilla/5.0 AppleWebKit/537.36 (KHTML, like Gecko; compatible; ClaudeBot/1.0; [email protected])"
20.171.207.13 - - [19/Jul/2025:17:57:19 +0000] "GET /special/2287753324.phtml HTTP/1.1" 404 13249 "-" "Mozilla/5.0 AppleWebKit/537.36 (KHTML, like Gecko; compatible; GPTBot/1.2; +https://openai.com/gptbot)"
216.73.216.203 - - [19/Jul/2025:17:57:21 +0000] "GET /special/987716482.phtml HTTP/1.1" 404 13249 "-" "Mozilla/5.0 AppleWebKit/537.36 (KHTML, like Gecko; compatible; ClaudeBot/1.0; [email protected])"
20.171.207.13 - - [19/Jul/2025:17:57:22 +0000] "GET /special/2287446594.phtml HTTP/1.1" 404 13249 "-" "Mozilla/5.0 AppleWebKit/537.36 (KHTML, like Gecko; compatible; GPTBot/1.2; +https://openai.com/gptbot)"
57.141.2.17 - - [19/Jul/2025:17:57:22 +0000] "GET /special/2447984096.phtml HTTP/1.1" 404 65172 "-" "meta-externalagent/1.1 (+https://developers.facebook.com/docs/sharing/webmasters/crawler)"
216.73.216.203 - - [19/Jul/2025:17:57:24 +0000] "GET /special/987520988.phtml HTTP/1.1" 404 13249 "-" "Mozilla/5.0 AppleWebKit/537.36 (KHTML, like Gecko; compatible; ClaudeBot/1.0; [email protected])"
20.171.207.13 - - [19/Jul/2025:17:57:25 +0000] "GET /special/2287066992.phtml HTTP/1.1" 404 13249 "-" "Mozilla/5.0 AppleWebKit/537.36 (KHTML, like Gecko; compatible; GPTBot/1.2; +https://openai.com/gptbot)"
216.73.216.203 - - [19/Jul/2025:17:57:27 +0000] "GET /special/987675076.phtml HTTP/1.1" 404 13249 "-" "Mozilla/5.0 AppleWebKit/537.36 (KHTML, like Gecko; compatible; ClaudeBot/1.0; [email protected])"
20.171.207.13 - - [19/Jul/2025:17:57:28 +0000] "GET /special/2287062504.phtml HTTP/1.1" 404 13249 "-" "Mozilla/5.0 AppleWebKit/537.36 (KHTML, like Gecko; compatible; GPTBot/1.2; +https://openai.com/gptbot)"
216.73.216.203 - - [19/Jul/2025:17:57:30 +0000] "GET /special/987700156.phtml HTTP/1.1" 404 13249 "-" "Mozilla/5.0 AppleWebKit/537.36 (KHTML, like Gecko; compatible; ClaudeBot/1.0; [email protected])"
20.171.207.13 - - [19/Jul/2025:17:57:31 +0000] "GET /special/2287285646.phtml HTTP/1.1" 404 13249 "-" "Mozilla/5.0 AppleWebKit/537.36 (KHTML, like Gecko; compatible; GPTBot/1.2; +https://openai.com/gptbot)"
216.73.216.203 - - [19/Jul/2025:17:57:33 +0000] "GET /special/987891836.phtml HTTP/1.1" 404 13249 "-" "Mozilla/5.0 AppleWebKit/537.36 (KHTML, like Gecko; compatible; ClaudeBot/1.0; [email protected])"
20.171.207.13 - - [19/Jul/2025:17:57:34 +0000] "GET /special/2287707648.phtml HTTP/1.1" 404 13249 "-" "Mozilla/5.0 AppleWebKit/537.36 (KHTML, like Gecko; compatible; GPTBot/1.2; +https://openai.com/gptbot)"
216.73.216.203 - - [19/Jul/2025:17:57:36 +0000] "GET /special/988046978.phtml HTTP/1.1" 404 13249 "-" "Mozilla/5.0 AppleWebKit/537.36 (KHTML, like Gecko; compatible; ClaudeBot/1.0; [email protected])"
20.171.207.13 - - [19/Jul/2025:17:57:37 +0000] "GET /special/2287203760.phtml HTTP/1.1" 404 13249 "-" "Mozilla/5.0 AppleWebKit/537.36 (KHTML, like Gecko; compatible; GPTBot/1.2; +https://openai.com/gptbot)"
216.73.216.203 - - [19/Jul/2025:17:57:39 +0000] "GET /special/988204368.phtml HTTP/1.1" 404 13249 "-" "Mozilla/5.0 AppleWebKit/537.36 (KHTML, like Gecko; compatible; ClaudeBot/1.0; [email protected])"
20.171.207.13 - - [19/Jul/2025:17:57:39 +0000] "GET /special/2287702644.phtml HTTP/1.1" 404 13249 "-" "Mozilla/5.0 AppleWebKit/537.36 (KHTML, like Gecko; compatible; GPTBot/1.2; +https://openai.com/gptbot)"
216.73.216.203 - - [19/Jul/2025:17:57:42 +0000] "GET /special/988026450.phtml HTTP/1.1" 404 13249 "-" "Mozilla/5.0 AppleWebKit/537.36 (KHTML, like Gecko; compatible; ClaudeBot/1.0; [email protected])"
20.171.207.13 - - [19/Jul/2025:17:57:42 +0000] "GET /special/2287493392.phtml HTTP/1.1" 404 13249 "-" "Mozilla/5.0 AppleWebKit/537.36 (KHTML, like Gecko; compatible; GPTBot/1.2; +https://openai.com/gptbot)"
216.73.216.203 - - [19/Jul/2025:17:57:45 +0000] "GET /special/987837534.phtml HTTP/1.1" 404 13249 "-" "Mozilla/5.0 AppleWebKit/537.36 (KHTML, like Gecko; compatible; ClaudeBot/1.0; [email protected])"
20.171.207.13 - - [19/Jul/2025:17:57:45 +0000] "GET /special/2287343766.phtml HTTP/1.1" 404 13249 "-" "Mozilla/5.0 AppleWebKit/537.36 (KHTML, like Gecko; compatible; GPTBot/1.2; +https://openai.com/gptbot)"
207.46.13.150 - - [19/Jul/2025:17:57:46 +0000] "GET /special/1768911752.phtml HTTP/1.1" 200 17926 "-" "Mozilla/5.0 AppleWebKit/537.36 (KHTML, like Gecko; compatible; bingbot/2.0; +http://www.bing.com/bingbot.htm) Chrome/116.0.1938.76 Safari/537.36"
216.73.216.203 - - [19/Jul/2025:17:57:48 +0000] "GET /special/988123860.phtml HTTP/1.1" 404 13249 "-" "Mozilla/5.0 AppleWebKit/537.36 (KHTML, like Gecko; compatible; ClaudeBot/1.0; [email protected])"
20.171.207.13 - - [19/Jul/2025:17:57:48 +0000] "GET /special/2287599172.phtml HTTP/1.1" 404 13249 "-" "Mozilla/5.0 AppleWebKit/537.36 (KHTML, like Gecko; compatible; GPTBot/1.2; +https://openai.com/gptbot)"
216.73.216.203 - - [19/Jul/2025:17:57:51 +0000] "GET /special/987793432.phtml HTTP/1.1" 404 13249 "-" "Mozilla/5.0 AppleWebKit/537.36 (KHTML, like Gecko; compatible; ClaudeBot/1.0; [email protected])"
20.171.207.13 - - [19/Jul/2025:17:57:51 +0000] "GET /special/2287170400.phtml HTTP/1.1" 404 13249 "-" "Mozilla/5.0 AppleWebKit/537.36 (KHTML, like Gecko; compatible; GPTBot/1.2; +https://openai.com/gptbot)"
20.171.207.13 - - [19/Jul/2025:17:57:54 +0000] "GET /special/2287304408.phtml HTTP/1.1" 404 13249 "-" "Mozilla/5.0 AppleWebKit/537.36 (KHTML, like Gecko; compatible; GPTBot/1.2; +https://openai.com/gptbot)"
216.73.216.203 - - [19/Jul/2025:17:57:54 +0000] "GET /special/2177983534.phtml HTTP/1.1" 404 13249 "-" "Mozilla/5.0 AppleWebKit/537.36 (KHTML, like Gecko; compatible; ClaudeBot/1.0; [email protected])"
20.171.207.13 - - [19/Jul/2025:17:57:56 +0000] "GET /special/2287434406.phtml HTTP/1.1" 404 13249 "-" "Mozilla/5.0 AppleWebKit/537.36 (KHTML, like Gecko; compatible; GPTBot/1.2; +https://openai.com/gptbot)"
216.73.216.203 - - [19/Jul/2025:17:57:57 +0000] "GET /special/987962332.phtml HTTP/1.1" 404 13249 "-" "Mozilla/5.0 AppleWebKit/537.36 (KHTML, like Gecko; compatible; ClaudeBot/1.0; [email protected])"
20.171.207.13 - - [19/Jul/2025:17:57:59 +0000] "GET /special/2287203180.phtml HTTP/1.1" 404 13249 "-" "Mozilla/5.0 AppleWebKit/537.36 (KHTML, like Gecko; compatible; GPTBot/1.2; +https://openai.com/gptbot)"
216.73.216.203 - - [19/Jul/2025:17:58:00 +0000] "GET /special/987742816.phtml HTTP/1.1" 404 13249 "-" "Mozilla/5.0 AppleWebKit/537.36 (KHTML, like Gecko; compatible; ClaudeBot/1.0; [email protected])"
20.171.207.13 - - [19/Jul/2025:17:58:02 +0000] "GET /special/2287012690.phtml HTTP/1.1" 404 13249 "-" "Mozilla/5.0 AppleWebKit/537.36 (KHTML, like Gecko; compatible; GPTBot/1.2; +https://openai.com/gptbot)"
216.73.216.203 - - [19/Jul/2025:17:58:03 +0000] "GET /special/988076264.phtml HTTP/1.1" 404 13249 "-" "Mozilla/5.0 AppleWebKit/537.36 (KHTML, like Gecko; compatible; ClaudeBot/1.0; [email protected])"
20.171.207.13 - - [19/Jul/2025:17:58:05 +0000] "GET /special/2287654852.phtml HTTP/1.1" 404 13249 "-" "Mozilla/5.0 AppleWebKit/537.36 (KHTML, like Gecko; compatible; GPTBot/1.2; +https://openai.com/gptbot)"
20.171.207.13 - - [19/Jul/2025:17:58:08 +0000] "GET /special/2287702644.phtml HTTP/1.1" 404 13249 "-" "Mozilla/5.0 AppleWebKit/537.36 (KHTML, like Gecko; compatible; GPTBot/1.2; +https://openai.com/gptbot)"
216.73.216.203 - - [19/Jul/2025:17:58:08 +0000] "GET /special/987706478.phtml HTTP/1.1" 404 13249 "-" "Mozilla/5.0 AppleWebKit/537.36 (KHTML, like Gecko; compatible; ClaudeBot/1.0; [email protected])"
20.171.207.13 - - [19/Jul/2025:17:58:11 +0000] "GET /special/2287620630.phtml HTTP/1.1" 404 13249 "-" "Mozilla/5.0 AppleWebKit/537.36 (KHTML, like Gecko; compatible; GPTBot/1.2; +https://openai.com/gptbot)"
216.73.216.203 - - [19/Jul/2025:17:58:11 +0000] "GET /special/987773224.phtml HTTP/1.1" 404 13249 "-" "Mozilla/5.0 AppleWebKit/537.36 (KHTML, like Gecko; compatible; ClaudeBot/1.0; [email protected])"
20.171.207.13 - - [19/Jul/2025:17:58:13 +0000] "GET /special/2287054420.phtml HTTP/1.1" 404 13249 "-" "Mozilla/5.0 AppleWebKit/537.36 (KHTML, like Gecko; compatible; GPTBot/1.2; +https://openai.com/gptbot)"
216.73.216.203 - - [19/Jul/2025:17:58:14 +0000] "GET /special/988064362.phtml HTTP/1.1" 404 13249 "-" "Mozilla/5.0 AppleWebKit/537.36 (KHTML, like Gecko; compatible; ClaudeBot/1.0; [email protected])"
20.171.207.13 - - [19/Jul/2025:17:58:16 +0000] "GET /special/2287393866.phtml HTTP/1.1" 404 13249 "-" "Mozilla/5.0 AppleWebKit/537.36 (KHTML, like Gecko; compatible; GPTBot/1.2; +https://openai.com/gptbot)"
216.73.216.203 - - [19/Jul/2025:17:58:17 +0000] "GET /special/988027030.phtml HTTP/1.1" 404 13249 "-" "Mozilla/5.0 AppleWebKit/537.36 (KHTML, like Gecko; compatible; ClaudeBot/1.0; [email protected])"
20.171.207.13 - - [19/Jul/2025:17:58:19 +0000] "GET /special/2287398934.phtml HTTP/1.1" 404 13249 "-" "Mozilla/5.0 AppleWebKit/537.36 (KHTML, like Gecko; compatible; GPTBot/1.2; +https://openai.com/gptbot)"
216.73.216.203 - - [19/Jul/2025:17:58:20 +0000] "GET /special/2178072860.phtml HTTP/1.1" 404 13249 "-" "Mozilla/5.0 AppleWebKit/537.36 (KHTML, like Gecko; compatible; ClaudeBot/1.0; [email protected])"
20.171.207.13 - - [19/Jul/2025:17:58:22 +0000] "GET /special/2287299084.phtml HTTP/1.1" 404 13249 "-" "Mozilla/5.0 AppleWebKit/537.36 (KHTML, like Gecko; compatible; GPTBot/1.2; +https://openai.com/gptbot)"
216.73.216.203 - - [19/Jul/2025:17:58:23 +0000] "GET /special/988146248.phtml HTTP/1.1" 404 13249 "-" "Mozilla/5.0 AppleWebKit/537.36 (KHTML, like Gecko; compatible; ClaudeBot/1.0; [email protected])"
20.171.207.13 - - [19/Jul/2025:17:58:25 +0000] "GET /special/2287529188.phtml HTTP/1.1" 404 13249 "-" "Mozilla/5.0 AppleWebKit/537.36 (KHTML, like Gecko; compatible; GPTBot/1.2; +https://openai.com/gptbot)"
216.73.216.203 - - [19/Jul/2025:17:58:26 +0000] "GET /special/2178057976.phtml HTTP/1.1" 404 13249 "-" "Mozilla/5.0 AppleWebKit/537.36 (KHTML, like Gecko; compatible; ClaudeBot/1.0; [email protected])"
20.171.207.13 - - [19/Jul/2025:17:58:27 +0000] "GET /special/2287434406.phtml HTTP/1.1" 404 13249 "-" "Mozilla/5.0 AppleWebKit/537.36 (KHTML, like Gecko; compatible; GPTBot/1.2; +https://openai.com/gptbot)"
216.73.216.203 - - [19/Jul/2025:17:58:29 +0000] "GET /special/987478460.phtml HTTP/1.1" 404 13249 "-" "Mozilla/5.0 AppleWebKit/537.36 (KHTML, like Gecko; compatible; ClaudeBot/1.0; [email protected])"
20.171.207.13 - - [19/Jul/2025:17:58:30 +0000] "GET /special/2287175792.phtml HTTP/1.1" 404 13249 "-" "Mozilla/5.0 AppleWebKit/537.36 (KHTML, like Gecko; compatible; GPTBot/1.2; +https://openai.com/gptbot)"
216.73.216.203 - - [19/Jul/2025:17:58:32 +0000] "GET /special/987533628.phtml HTTP/1.1" 404 13249 "-" "Mozilla/5.0 AppleWebKit/537.36 (KHTML, like Gecko; compatible; ClaudeBot/1.0; [email protected])"
20.171.207.13 - - [19/Jul/2025:17:58:33 +0000] "GET /special/2287033542.phtml HTTP/1.1" 404 13249 "-" "Mozilla/5.0 AppleWebKit/537.36 (KHTML, like Gecko; compatible; GPTBot/1.2; +https://openai.com/gptbot)"
216.73.216.203 - - [19/Jul/2025:17:58:35 +0000] "GET /special/987804430.phtml HTTP/1.1" 404 13249 "-" "Mozilla/5.0 AppleWebKit/537.36 (KHTML, like Gecko; compatible; ClaudeBot/1.0; [email protected])"
20.171.207.13 - - [19/Jul/2025:17:58:36 +0000] "GET /special/2287451662.phtml HTTP/1.1" 404 13249 "-" "Mozilla/5.0 AppleWebKit/537.36 (KHTML, like Gecko; compatible; GPTBot/1.2; +https://openai.com/gptbot)"
216.73.216.203 - - [19/Jul/2025:17:58:39 +0000] "GET /special/987753208.phtml HTTP/1.1" 404 13249 "-" "Mozilla/5.0 AppleWebKit/537.36 (KHTML, like Gecko; compatible; ClaudeBot/1.0; [email protected])"
20.171.207.13 - - [19/Jul/2025:17:58:39 +0000] "GET /special/2287372148.phtml HTTP/1.1" 404 13249 "-" "Mozilla/5.0 AppleWebKit/537.36 (KHTML, like Gecko; compatible; GPTBot/1.2; +https://openai.com/gptbot)"
216.73.216.203 - - [19/Jul/2025:17:58:41 +0000] "GET /special/2177997484.phtml HTTP/1.1" 404 13249 "-" "Mozilla/5.0 AppleWebKit/537.36 (KHTML, like Gecko; compatible; ClaudeBot/1.0; [email protected])"
20.171.207.13 - - [19/Jul/2025:17:58:42 +0000] "GET /special/2287266304.phtml HTTP/1.1" 404 13249 "-" "Mozilla/5.0 AppleWebKit/537.36 (KHTML, like Gecko; compatible; GPTBot/1.2; +https://openai.com/gptbot)"
216.73.216.203 - - [19/Jul/2025:17:58:44 +0000] "GET /special/988059874.phtml HTTP/1.1" 404 13249 "-" "Mozilla/5.0 AppleWebKit/537.36 (KHTML, like Gecko; compatible; ClaudeBot/1.0; [email protected])"
20.171.207.13 - - [19/Jul/2025:17:58:44 +0000] "GET /special/2287049932.phtml HTTP/1.1" 404 13249 "-" "Mozilla/5.0 AppleWebKit/537.36 (KHTML, like Gecko; compatible; GPTBot/1.2; +https://openai.com/gptbot)"
216.73.216.203 - - [19/Jul/2025:17:58:47 +0000] "GET /special/988100094.phtml HTTP/1.1" 404 13249 "-" "Mozilla/5.0 AppleWebKit/537.36 (KHTML, like Gecko; compatible; ClaudeBot/1.0; [email protected])"
20.171.207.13 - - [19/Jul/2025:17:58:47 +0000] "GET /special/2287174798.phtml HTTP/1.1" 404 13249 "-" "Mozilla/5.0 AppleWebKit/537.36 (KHTML, like Gecko; compatible; GPTBot/1.2; +https://openai.com/gptbot)"
216.73.216.203 - - [19/Jul/2025:17:58:50 +0000] "GET /special/987824766.phtml HTTP/1.1" 404 13249 "-" "Mozilla/5.0 AppleWebKit/537.36 (KHTML, like Gecko; compatible; ClaudeBot/1.0; [email protected])"
20.171.207.13 - - [19/Jul/2025:17:58:50 +0000] "GET /special/2287718040.phtml HTTP/1.1" 404 13249 "-" "Mozilla/5.0 AppleWebKit/537.36 (KHTML, like Gecko; compatible; GPTBot/1.2; +https://openai.com/gptbot)"
216.73.216.203 - - [19/Jul/2025:17:58:53 +0000] "GET /special/2178631562.phtml HTTP/1.1" 404 13249 "-" "Mozilla/5.0 AppleWebKit/537.36 (KHTML, like Gecko; compatible; ClaudeBot/1.0; [email protected])"
20.171.207.13 - - [19/Jul/2025:17:58:53 +0000] "GET /special/2287318426.phtml HTTP/1.1" 404 13249 "-" "Mozilla/5.0 AppleWebKit/537.36 (KHTML, like Gecko; compatible; GPTBot/1.2; +https://openai.com/gptbot)"
57.141.2.7 - - [19/Jul/2025:17:58:56 +0000] "GET /special/2447510902.phtml HTTP/1.1" 404 65172 "-" "meta-externalagent/1.1 (+https://developers.facebook.com/docs/sharing/webmasters/crawler)"
20.171.207.13 - - [19/Jul/2025:17:58:56 +0000] "GET /special/2287642152.phtml HTTP/1.1" 404 13249 "-" "Mozilla/5.0 AppleWebKit/537.36 (KHTML, like Gecko; compatible; GPTBot/1.2; +https://openai.com/gptbot)"
216.73.216.203 - - [19/Jul/2025:17:58:56 +0000] "GET /special/2178085432.phtml HTTP/1.1" 404 13249 "-" "Mozilla/5.0 AppleWebKit/537.36 (KHTML, like Gecko; compatible; ClaudeBot/1.0; [email protected])"
20.171.207.13 - - [19/Jul/2025:17:58:59 +0000] "GET /special/2287352136.phtml HTTP/1.1" 404 13249 "-" "Mozilla/5.0 AppleWebKit/537.36 (KHTML, like Gecko; compatible; GPTBot/1.2; +https://openai.com/gptbot)"
216.73.216.203 - - [19/Jul/2025:17:58:59 +0000] "GET /special/2178479308.phtml HTTP/1.1" 404 13249 "-" "Mozilla/5.0 AppleWebKit/537.36 (KHTML, like Gecko; compatible; ClaudeBot/1.0; [email protected])"
20.171.207.13 - - [19/Jul/2025:17:59:02 +0000] "GET /special/2287536628.phtml HTTP/1.1" 404 13249 "-" "Mozilla/5.0 AppleWebKit/537.36 (KHTML, like Gecko; compatible; GPTBot/1.2; +https://openai.com/gptbot)"
216.73.216.203 - - [19/Jul/2025:17:59:02 +0000] "GET /special/2178230570.phtml HTTP/1.1" 404 13249 "-" "Mozilla/5.0 AppleWebKit/537.36 (KHTML, like Gecko; compatible; ClaudeBot/1.0; [email protected])"
20.171.207.13 - - [19/Jul/2025:17:59:04 +0000] "GET /special/2287451662.phtml HTTP/1.1" 404 13249 "-" "Mozilla/5.0 AppleWebKit/537.36 (KHTML, like Gecko; compatible; GPTBot/1.2; +https://openai.com/gptbot)"
20.171.207.13 - - [19/Jul/2025:17:59:07 +0000] "GET /special/2287170980.phtml HTTP/1.1" 404 13249 "-" "Mozilla/5.0 AppleWebKit/537.36 (KHTML, like Gecko; compatible; GPTBot/1.2; +https://openai.com/gptbot)"
20.171.207.13 - - [19/Jul/2025:17:59:10 +0000] "GET /special/2287715088.phtml HTTP/1.1" 404 13249 "-" "Mozilla/5.0 AppleWebKit/537.36 (KHTML, like Gecko; compatible; GPTBot/1.2; +https://openai.com/gptbot)"
20.171.207.13 - - [19/Jul/2025:17:59:13 +0000] "GET /special/2287126558.phtml HTTP/1.1" 404 13249 "-" "Mozilla/5.0 AppleWebKit/537.36 (KHTML, like Gecko; compatible; GPTBot/1.2; +https://openai.com/gptbot)"
20.171.207.13 - - [19/Jul/2025:17:59:16 +0000] "GET /special/2287415256.phtml HTTP/1.1" 404 13249 "-" "Mozilla/5.0 AppleWebKit/537.36 (KHTML, like Gecko; compatible; GPTBot/1.2; +https://openai.com/gptbot)"
47.128.54.118 - - [19/Jul/2025:17:59:16 +0000] "GET / HTTP/1.1" 200 25966 "-" "Mozilla/5.0 (Linux; Android 5.0) AppleWebKit/537.36 (KHTML, like Gecko) Mobile Safari/537.36 (compatible; Bytespider; [email protected])"
47.128.54.118 - - [19/Jul/2025:17:59:17 +0000] "GET /wp-content/plugins/leadconnector/public/css/lc-public.css?ver=3.0.8 HTTP/1.1" 200 106 "https://time2cut.com/" "Mozilla/5.0 (Linux; Android 5.0) AppleWebKit/537.36 (KHTML, like Gecko) Mobile Safari/537.36 (compatible; Bytespider; [email protected])"
47.128.54.118 - - [19/Jul/2025:17:59:17 +0000] "GET /wp-content/plugins/jeg-elementor-kit/assets/css/elements/main.css?ver=2.6.13 HTTP/1.1" 200 24960 "https://time2cut.com/" "Mozilla/5.0 (Linux; Android 5.0) AppleWebKit/537.36 (KHTML, like Gecko) Mobile Safari/537.36 (compatible; Bytespider; [email protected])"
47.128.54.118 - - [19/Jul/2025:17:59:18 +0000] "GET /wp-content/plugins/elementor/assets/css/widget-heading.min.css?ver=3.29.1 HTTP/1.1" 200 188 "https://time2cut.com/" "Mozilla/5.0 (Linux; Android 5.0) AppleWebKit/537.36 (KHTML, like Gecko) Mobile Safari/537.36 (compatible; Bytespider; [email protected])"
47.128.54.118 - - [19/Jul/2025:17:59:18 +0000] "GET /wp-content/plugins/elementor/assets/css/frontend.min.css?ver=3.29.1 HTTP/1.1" 200 7106 "https://time2cut.com/" "Mozilla/5.0 (Linux; Android 5.0) AppleWebKit/537.36 (KHTML, like Gecko) Mobile Safari/537.36 (compatible; Bytespider; [email protected])"
47.128.54.118 - - [19/Jul/2025:17:59:18 +0000] "GET /wp-content/plugins/header-footer-elementor/inc/widgets-css/frontend.css?ver=2.3.2 HTTP/1.1" 200 8558 "https://time2cut.com/" "Mozilla/5.0 (Linux; Android 5.0) AppleWebKit/537.36 (KHTML, like Gecko) Mobile Safari/537.36 (compatible; Bytespider; [email protected])"
47.128.54.118 - - [19/Jul/2025:17:59:18 +0000] "GET /wp-content/plugins/header-footer-elementor/assets/css/header-footer-elementor.css?ver=2.3.2 HTTP/1.1" 200 323 "https://time2cut.com/" "Mozilla/5.0 (Linux; Android 5.0) AppleWebKit/537.36 (KHTML, like Gecko) Mobile Safari/537.36 (compatible; Bytespider; [email protected])"
47.128.54.118 - - [19/Jul/2025:17:59:18 +0000] "GET /wp-content/plugins/elementor/assets/lib/animations/styles/e-animation-grow.min.css?ver=3.29.1 HTTP/1.1" 200 118 "https://time2cut.com/" "Mozilla/5.0 (Linux; Android 5.0) AppleWebKit/537.36 (KHTML, like Gecko) Mobile Safari/537.36 (compatible; Bytespider; [email protected])"
47.128.54.118 - - [19/Jul/2025:17:59:18 +0000] "GET /wp-content/plugins/elementor/assets/lib/animations/styles/fadeIn.min.css?ver=3.29.1 HTTP/1.1" 200 79 "https://time2cut.com/" "Mozilla/5.0 (Linux; Android 5.0) AppleWebKit/537.36 (KHTML, like Gecko) Mobile Safari/537.36 (compatible; Bytespider; [email protected])"
47.128.54.118 - - [19/Jul/2025:17:59:18 +0000] "GET /wp-content/uploads/elementor/css/post-17.css?ver=1748531282 HTTP/1.1" 200 1051 "https://time2cut.com/" "Mozilla/5.0 (Linux; Android 5.0) AppleWebKit/537.36 (KHTML, like Gecko) Mobile Safari/537.36 (compatible; Bytespider; [email protected])"
47.128.54.118 - - [19/Jul/2025:17:59:18 +0000] "GET /wp-content/plugins/metform/public/assets/css/text-editor.css?ver=3.9.9 HTTP/1.1" 200 3545 "https://time2cut.com/" "Mozilla/5.0 (Linux; Android 5.0) AppleWebKit/537.36 (KHTML, like Gecko) Mobile Safari/537.36 (compatible; Bytespider; [email protected])"
47.128.54.118 - - [19/Jul/2025:17:59:18 +0000] "GET /wp-content/plugins/elementor/assets/css/widget-spacer.min.css?ver=3.29.1 HTTP/1.1" 200 369 "https://time2cut.com/" "Mozilla/5.0 (Linux; Android 5.0) AppleWebKit/537.36 (KHTML, like Gecko) Mobile Safari/537.36 (compatible; Bytespider; [email protected])"
47.128.54.118 - - [19/Jul/2025:17:59:18 +0000] "GET /wp-content/plugins/elementor/assets/css/widget-icon-box.min.css?ver=3.29.1 HTTP/1.1" 200 736 "https://time2cut.com/" "Mozilla/5.0 (Linux; Android 5.0) AppleWebKit/537.36 (KHTML, like Gecko) Mobile Safari/537.36 (compatible; Bytespider; [email protected])"
47.128.54.118 - - [19/Jul/2025:17:59:18 +0000] "GET /wp-content/plugins/elementor/assets/css/widget-divider.min.css?ver=3.29.1 HTTP/1.1" 200 771 "https://time2cut.com/" "Mozilla/5.0 (Linux; Android 5.0) AppleWebKit/537.36 (KHTML, like Gecko) Mobile Safari/537.36 (compatible; Bytespider; [email protected])"
47.128.54.118 - - [19/Jul/2025:17:59:18 +0000] "GET /wp-content/plugins/elementor/assets/css/widget-image.min.css?ver=3.29.1 HTTP/1.1" 200 164 "https://time2cut.com/" "Mozilla/5.0 (Linux; Android 5.0) AppleWebKit/537.36 (KHTML, like Gecko) Mobile Safari/537.36 (compatible; Bytespider; [email protected])"
47.128.54.118 - - [19/Jul/2025:17:59:18 +0000] "GET /wp-content/plugins/metform/public/assets/lib/cute-alert/style.css?ver=3.9.9 HTTP/1.1" 200 1225 "https://time2cut.com/" "Mozilla/5.0 (Linux; Android 5.0) AppleWebKit/537.36 (KHTML, like Gecko) Mobile Safari/537.36 (compatible; Bytespider; [email protected])"
47.128.54.118 - - [19/Jul/2025:17:59:18 +0000] "GET /wp-content/plugins/elementor/assets/lib/swiper/v8/css/swiper.min.css?ver=8.4.5 HTTP/1.1" 200 4583 "https://time2cut.com/" "Mozilla/5.0 (Linux; Android 5.0) AppleWebKit/537.36 (KHTML, like Gecko) Mobile Safari/537.36 (compatible; Bytespider; [email protected])"
47.128.54.118 - - [19/Jul/2025:17:59:18 +0000] "GET /wp-content/themes/hello-elementor/style.min.css?ver=3.4.0 HTTP/1.1" 200 1808 "https://time2cut.com/" "Mozilla/5.0 (Linux; Android 5.0) AppleWebKit/537.36 (KHTML, like Gecko) Mobile Safari/537.36 (compatible; Bytespider; [email protected])"
47.128.54.118 - - [19/Jul/2025:17:59:18 +0000] "GET /wp-includes/js/mediaelement/wp-mediaelement.min.css?ver=6.8.2 HTTP/1.1" 200 1156 "https://time2cut.com/" "Mozilla/5.0 (Linux; Android 5.0) AppleWebKit/537.36 (KHTML, like Gecko) Mobile Safari/537.36 (compatible; Bytespider; [email protected])"
47.128.54.118 - - [19/Jul/2025:17:59:18 +0000] "GET /wp-content/plugins/elementor/assets/css/conditionals/e-swiper.min.css?ver=3.29.1 HTTP/1.1" 200 799 "https://time2cut.com/" "Mozilla/5.0 (Linux; Android 5.0) AppleWebKit/537.36 (KHTML, like Gecko) Mobile Safari/537.36 (compatible; Bytespider; [email protected])"
47.128.54.118 - - [19/Jul/2025:17:59:18 +0000] "GET /wp-content/uploads/elementor/css/post-62.css?ver=1748531283 HTTP/1.1" 200 8396 "https://time2cut.com/" "Mozilla/5.0 (Linux; Android 5.0) AppleWebKit/537.36 (KHTML, like Gecko) Mobile Safari/537.36 (compatible; Bytespider; [email protected])"
47.128.54.118 - - [19/Jul/2025:17:59:19 +0000] "GET /wp-content/plugins/elementor/assets/css/widget-icon-list.min.css?ver=3.29.1 HTTP/1.1" 200 1069 "https://time2cut.com/" "Mozilla/5.0 (Linux; Android 5.0) AppleWebKit/537.36 (KHTML, like Gecko) Mobile Safari/537.36 (compatible; Bytespider; [email protected])"
47.128.54.118 - - [19/Jul/2025:17:59:19 +0000] "GET /wp-includes/js/mediaelement/mediaelementplayer-legacy.min.css?ver=4.2.17 HTTP/1.1" 200 2592 "https://time2cut.com/" "Mozilla/5.0 (Linux; Android 5.0) AppleWebKit/537.36 (KHTML, like Gecko) Mobile Safari/537.36 (compatible; Bytespider; [email protected])"
47.128.54.118 - - [19/Jul/2025:17:59:19 +0000] "GET /wp-content/themes/hello-elementor/header-footer.min.css?ver=3.4.0 HTTP/1.1" 200 1479 "https://time2cut.com/" "Mozilla/5.0 (Linux; Android 5.0) AppleWebKit/537.36 (KHTML, like Gecko) Mobile Safari/537.36 (compatible; Bytespider; [email protected])"
