155.94.155.60 - - [21/Jul/2025:16:46:44 +0000] "POST /wp-login.php?action=register HTTP/1.1" 302 - "-" "-"
155.94.155.60 - - [21/Jul/2025:16:46:45 +0000] "POST /wp-login.php?action=register HTTP/1.1" 302 - "-" "-"
155.94.155.60 - - [21/Jul/2025:16:46:46 +0000] "POST /wp-login.php?action=register HTTP/1.1" 302 - "-" "-"
155.94.155.60 - - [21/Jul/2025:16:46:46 +0000] "POST /wp-login.php?action=register HTTP/1.1" 302 - "-" "-"
155.94.155.60 - - [21/Jul/2025:16:46:47 +0000] "POST /wp-login.php?action=register HTTP/1.1" 302 - "-" "-"
155.94.155.60 - - [21/Jul/2025:16:46:48 +0000] "POST /wp-login.php?action=register HTTP/1.1" 302 - "-" "-"
155.94.155.60 - - [21/Jul/2025:16:46:49 +0000] "POST /wp-login.php?action=register HTTP/1.1" 302 - "-" "-"
155.94.155.60 - - [21/Jul/2025:16:46:50 +0000] "POST /wp-login.php?action=register HTTP/1.1" 302 - "-" "-"
155.94.155.60 - - [21/Jul/2025:16:46:51 +0000] "POST /wp-login.php?action=register HTTP/1.1" 302 - "-" "-"
155.94.155.60 - - [21/Jul/2025:16:46:52 +0000] "POST /wp-login.php?action=register HTTP/1.1" 302 - "-" "-"
155.94.155.60 - - [21/Jul/2025:16:46:53 +0000] "POST /wp-login.php?action=register HTTP/1.1" 302 - "-" "-"
155.94.155.60 - - [21/Jul/2025:16:46:54 +0000] "POST /wp-login.php?action=register HTTP/1.1" 302 - "-" "-"
155.94.155.60 - - [21/Jul/2025:16:46:55 +0000] "POST /wp-login.php?action=register HTTP/1.1" 302 - "-" "-"
155.94.155.60 - - [21/Jul/2025:16:46:56 +0000] "POST /wp-login.php?action=register HTTP/1.1" 302 - "-" "-"
155.94.155.60 - - [21/Jul/2025:16:46:57 +0000] "POST /wp-login.php?action=register HTTP/1.1" 302 - "-" "-"
155.94.155.60 - - [21/Jul/2025:16:46:57 +0000] "POST /wp-login.php?action=register HTTP/1.1" 302 - "-" "-"
155.94.155.60 - - [21/Jul/2025:16:46:58 +0000] "POST /wp-login.php?action=register HTTP/1.1" 302 - "-" "-"
155.94.155.60 - - [21/Jul/2025:16:46:59 +0000] "POST /wp-login.php?action=register HTTP/1.1" 302 - "-" "-"
155.94.155.60 - - [21/Jul/2025:16:47:00 +0000] "POST /wp-login.php?action=register HTTP/1.1" 302 - "-" "-"
155.94.155.60 - - [21/Jul/2025:16:47:01 +0000] "POST /wp-login.php?action=register HTTP/1.1" 302 - "-" "-"
155.94.155.60 - - [21/Jul/2025:16:47:02 +0000] "POST /wp-login.php?action=register HTTP/1.1" 302 - "-" "-"
155.94.155.60 - - [21/Jul/2025:16:47:03 +0000] "POST /wp-login.php?action=register HTTP/1.1" 302 - "-" "-"
155.94.155.60 - - [21/Jul/2025:16:47:04 +0000] "POST /wp-login.php?action=register HTTP/1.1" 302 - "-" "-"
155.94.155.60 - - [21/Jul/2025:16:47:05 +0000] "POST /wp-login.php?action=register HTTP/1.1" 302 - "-" "-"
155.94.155.60 - - [21/Jul/2025:16:47:06 +0000] "POST /wp-login.php?action=register HTTP/1.1" 302 - "-" "-"
155.94.155.60 - - [21/Jul/2025:16:47:07 +0000] "POST /wp-login.php?action=register HTTP/1.1" 302 - "-" "-"
155.94.155.60 - - [21/Jul/2025:16:47:08 +0000] "POST /wp-login.php?action=register HTTP/1.1" 302 - "-" "-"
155.94.155.60 - - [21/Jul/2025:16:47:09 +0000] "POST /wp-login.php?action=register HTTP/1.1" 302 - "-" "-"
155.94.155.60 - - [21/Jul/2025:16:47:10 +0000] "POST /wp-login.php?action=register HTTP/1.1" 302 - "-" "-"
155.94.155.60 - - [21/Jul/2025:16:47:11 +0000] "POST /wp-login.php?action=register HTTP/1.1" 302 - "-" "-"
209.74.77.214 - - [21/Jul/2025:16:47:12 +0000] "POST /wp-cron.php?doing_wp_cron=1753116432.6506578922271728515625 HTTP/1.1" 200 - "-" "WordPress/6.8.2; https://abl.academy"
155.94.155.60 - - [21/Jul/2025:16:47:12 +0000] "POST /wp-login.php?action=register HTTP/1.1" 302 - "-" "-"
155.94.155.60 - - [21/Jul/2025:16:47:13 +0000] "POST /wp-login.php?action=register HTTP/1.1" 302 - "-" "-"
155.94.155.60 - - [21/Jul/2025:16:47:14 +0000] "POST /wp-login.php?action=register HTTP/1.1" 302 - "-" "-"
155.94.155.60 - - [21/Jul/2025:16:47:15 +0000] "POST /wp-login.php?action=register HTTP/1.1" 302 - "-" "-"
155.94.155.60 - - [21/Jul/2025:16:47:16 +0000] "POST /wp-login.php?action=register HTTP/1.1" 302 - "-" "-"
155.94.155.60 - - [21/Jul/2025:16:47:17 +0000] "POST /wp-login.php?action=register HTTP/1.1" 302 - "-" "-"
155.94.155.60 - - [21/Jul/2025:16:47:18 +0000] "POST /wp-login.php?action=register HTTP/1.1" 302 - "-" "-"
155.94.155.60 - - [21/Jul/2025:16:47:19 +0000] "POST /wp-login.php?action=register HTTP/1.1" 302 - "-" "-"
155.94.155.60 - - [21/Jul/2025:16:47:20 +0000] "POST /wp-login.php?action=register HTTP/1.1" 302 - "-" "-"
155.94.155.60 - - [21/Jul/2025:16:47:21 +0000] "POST /wp-login.php?action=register HTTP/1.1" 302 - "-" "-"
155.94.155.60 - - [21/Jul/2025:16:47:22 +0000] "POST /wp-login.php?action=register HTTP/1.1" 302 - "-" "-"
155.94.155.60 - - [21/Jul/2025:16:47:23 +0000] "POST /wp-login.php?action=register HTTP/1.1" 302 - "-" "-"
155.94.155.60 - - [21/Jul/2025:16:47:24 +0000] "POST /wp-login.php?action=register HTTP/1.1" 302 - "-" "-"
155.94.155.60 - - [21/Jul/2025:16:47:25 +0000] "POST /wp-login.php?action=register HTTP/1.1" 302 - "-" "-"
155.94.155.60 - - [21/Jul/2025:16:47:26 +0000] "POST /wp-login.php?action=register HTTP/1.1" 302 - "-" "-"
155.94.155.60 - - [21/Jul/2025:16:47:26 +0000] "POST /wp-login.php?action=register HTTP/1.1" 302 - "-" "-"
155.94.155.60 - - [21/Jul/2025:16:47:27 +0000] "POST /wp-login.php?action=register HTTP/1.1" 302 - "-" "-"
155.94.155.60 - - [21/Jul/2025:16:47:28 +0000] "POST /wp-login.php?action=register HTTP/1.1" 302 - "-" "-"
155.94.155.60 - - [21/Jul/2025:16:47:29 +0000] "POST /wp-login.php?action=register HTTP/1.1" 302 - "-" "-"
155.94.155.60 - - [21/Jul/2025:16:47:30 +0000] "POST /wp-login.php?action=register HTTP/1.1" 302 - "-" "-"
209.74.77.214 - - [21/Jul/2025:16:47:31 +0000] "POST /wp-cron.php?doing_wp_cron=1753116451.3806829452514648437500 HTTP/1.1" 200 - "-" "WordPress/6.8.2; https://abl.academy"
155.94.155.60 - - [21/Jul/2025:16:47:31 +0000] "POST /wp-login.php?action=register HTTP/1.1" 302 - "-" "-"
155.94.155.60 - - [21/Jul/2025:16:47:32 +0000] "POST /wp-login.php?action=register HTTP/1.1" 302 - "-" "-"
155.94.155.60 - - [21/Jul/2025:16:47:33 +0000] "POST /wp-login.php?action=register HTTP/1.1" 302 - "-" "-"
155.94.155.60 - - [21/Jul/2025:16:47:34 +0000] "POST /wp-login.php?action=register HTTP/1.1" 302 - "-" "-"
155.94.155.60 - - [21/Jul/2025:16:47:35 +0000] "POST /wp-login.php?action=register HTTP/1.1" 302 - "-" "-"
155.94.155.60 - - [21/Jul/2025:16:47:36 +0000] "POST /wp-login.php?action=register HTTP/1.1" 302 - "-" "-"
209.74.77.214 - - [21/Jul/2025:16:48:28 +0000] "POST /wp-cron.php?doing_wp_cron=1753116508.3287949562072753906250 HTTP/1.1" 200 - "-" "WordPress/6.8.2; https://abl.academy"
185.121.235.184 - - [21/Jul/2025:16:48:26 +0000] "GET /lms-wordpress-plugin/ HTTP/1.0" 200 69394 "https://abl.academy/lms-wordpress-plugin/" "Mozilla/5.0 (Windows NT 10.0; Win64; x64) AppleWebKit/537.36 (KHTML, like Gecko) Chrome/130.0.0.0 Safari/537.36 CCleaner/130.0.0.0"
185.121.235.184 - - [21/Jul/2025:16:48:29 +0000] "POST /wp-comments-post.php HTTP/1.0" 302 - "https://abl.academy/lms-wordpress-plugin/" "Mozilla/5.0 (Windows NT 10.0; Win64; x64) AppleWebKit/537.36 (KHTML, like Gecko) Chrome/130.0.0.0 Safari/537.36 CCleaner/130.0.0.0"
185.121.235.184 - - [21/Jul/2025:16:48:30 +0000] "GET /lms-wordpress-plugin/?unapproved=6343&moderation-hash=2772d845d965153821a9e8ddc065f570 HTTP/1.0" 200 69483 "https://abl.academy/lms-wordpress-plugin/?unapproved=6343&moderation-hash=2772d845d965153821a9e8ddc065f570#comment-6343" "Mozilla/5.0 (Windows NT 10.0; Win64; x64) AppleWebKit/537.36 (KHTML, like Gecko) Chrome/130.0.0.0 Safari/537.36 CCleaner/130.0.0.0"
45.227.253.15 - - [21/Jul/2025:16:49:58 +0000] "GET /wp-content/plugins/woocommerce/src/Internal/EmailEditor/WCTransactionalEmails/WCTransactionalEmails/index.php?ARRAY=7o2230223n313735333132303330362p2231223n22687474703n5p2s5p2s6p776n39302r67756172652r77696o695p2s3s6p633q78696164616r5s72616r645s7061746826743q313735333131363730362q3931333166306665346433356465313733653565396362643530656162613638222p2232223n226437656435306562663736383264663063313063346231303061623233653861222p2233223n226434626232353337323331663838336165383538363561663665363532323133222p2262696r675s70617373223n2232342q34332q35342q36332q37352q38312q3138227q HTTP/1.1" 200 495 "-" "Mozilla/5.0 (Macintosh; Intel Mac OS X 10.15; rv:80.0) Gecko/20100101 Firefox/80.0"
66.249.65.197 - - [21/Jul/2025:17:05:55 +0000] "GET /sitemapl.xml HTTP/1.1" 200 15264 "-" "Mozilla/5.0 (compatible; Googlebot/2.1; +http://www.google.com/bot.html)"
209.74.77.214 - - [21/Jul/2025:17:13:21 +0000] "POST /wp-cron.php?doing_wp_cron=1753118001.2967789173126220703125 HTTP/1.1" 200 - "-" "WordPress/6.8.2; https://abl.academy"
87.250.224.55 - - [21/Jul/2025:17:13:19 +0000] "GET /item/ticke32157186/ HTTP/1.1" 404 9551 "-" "Mozilla/5.0 (compatible; YandexBot/3.0; +http://yandex.com/bots)"
66.249.65.197 - - [21/Jul/2025:17:20:45 +0000] "GET /item/cord72111198/ HTTP/1.1" 200 39827 "-" "Mozilla/5.0 (Linux; Android 6.0.1; Nexus 5X Build/MMB29P) AppleWebKit/537.36 (KHTML, like Gecko) Chrome/137.0.7151.103 Mobile Safari/537.36 (compatible; Googlebot/2.1; +http://www.google.com/bot.html)"
209.74.77.214 - - [21/Jul/2025:17:24:06 +0000] "POST /wp-cron.php?doing_wp_cron=1753118646.8275470733642578125000 HTTP/1.1" 200 - "-" "WordPress/6.8.2; https://abl.academy"
209.74.77.214 - - [21/Jul/2025:17:24:06 +0000] "POST /wp-cron.php?doing_wp_cron=1753118646.8275470733642578125000 HTTP/1.1" 200 - "-" "WordPress/6.8.2; https://abl.academy"
195.200.28.152 - - [21/Jul/2025:17:24:05 +0000] "GET /lms-wordpress-plugin/ HTTP/1.0" 200 69394 "https://abl.academy/lms-wordpress-plugin/" "Mozilla/5.0 (Windows NT 10.0; Win64; x64) AppleWebKit/537.36 (KHTML, like Gecko) Chrome/131.0.0.0 Safari/537.36 Avast/131.0.0.0"
195.200.28.152 - - [21/Jul/2025:17:24:05 +0000] "GET /lms-wordpress-plugin/ HTTP/1.0" 200 69394 "https://abl.academy/lms-wordpress-plugin/" "Mozilla/5.0 (Windows NT 10.0; Win64; x64) AppleWebKit/537.36 (KHTML, like Gecko) Chrome/130.0.0.0 Safari/537.36 CCleaner/130.0.0.0"
209.74.77.214 - - [21/Jul/2025:17:24:07 +0000] "POST /wp-cron.php?doing_wp_cron=1753118647.9680800437927246093750 HTTP/1.1" 200 - "-" "WordPress/6.8.2; https://abl.academy"
195.200.28.152 - - [21/Jul/2025:17:24:07 +0000] "POST /wp-comments-post.php HTTP/1.0" 302 - "https://abl.academy/lms-wordpress-plugin/" "Mozilla/5.0 (Windows NT 10.0; Win64; x64) AppleWebKit/537.36 (KHTML, like Gecko) Chrome/131.0.0.0 Safari/537.36 Avast/131.0.0.0"
195.200.28.152 - - [21/Jul/2025:17:24:07 +0000] "POST /wp-comments-post.php HTTP/1.0" 302 - "https://abl.academy/lms-wordpress-plugin/" "Mozilla/5.0 (Windows NT 10.0; Win64; x64) AppleWebKit/537.36 (KHTML, like Gecko) Chrome/130.0.0.0 Safari/537.36 CCleaner/130.0.0.0"
195.200.28.152 - - [21/Jul/2025:17:24:08 +0000] "GET /lms-wordpress-plugin/?unapproved=6344&moderation-hash=0ee5a1b0bdf486a7479bada4bd2b068d HTTP/1.0" 200 69483 "https://abl.academy/lms-wordpress-plugin/?unapproved=6344&moderation-hash=0ee5a1b0bdf486a7479bada4bd2b068d#comment-6344" "Mozilla/5.0 (Windows NT 10.0; Win64; x64) AppleWebKit/537.36 (KHTML, like Gecko) Chrome/131.0.0.0 Safari/537.36 Avast/131.0.0.0"
195.200.28.152 - - [21/Jul/2025:17:24:08 +0000] "GET /lms-wordpress-plugin/?unapproved=6345&moderation-hash=0ee5a1b0bdf486a7479bada4bd2b068d HTTP/1.0" 200 69483 "https://abl.academy/lms-wordpress-plugin/?unapproved=6345&moderation-hash=0ee5a1b0bdf486a7479bada4bd2b068d#comment-6345" "Mozilla/5.0 (Windows NT 10.0; Win64; x64) AppleWebKit/537.36 (KHTML, like Gecko) Chrome/130.0.0.0 Safari/537.36 CCleaner/130.0.0.0"
66.249.65.199 - - [21/Jul/2025:17:24:26 +0000] "GET /item/teena42785755/ HTTP/1.1" 200 39948 "-" "Mozilla/5.0 (Linux; Android 6.0.1; Nexus 5X Build/MMB29P) AppleWebKit/537.36 (KHTML, like Gecko) Chrome/137.0.7151.103 Mobile Safari/537.36 (compatible; Googlebot/2.1; +http://www.google.com/bot.html)"
209.74.77.214 - - [21/Jul/2025:17:30:39 +0000] "POST /wp-cron.php?doing_wp_cron=1753119039.0582139492034912109375 HTTP/1.1" 200 - "-" "WordPress/6.8.2; https://abl.academy"
185.231.153.163 - - [21/Jul/2025:17:30:37 +0000] "GET /lms-wordpress-plugin/?unapproved=6287&moderation-hash=8392cb520e6394c66cbdee3c1df5f935 HTTP/1.0" 200 69483 "-" "Mozilla/5.0 (Windows NT 6.3; Win64; x64) AppleWebKit/537.36 (KHTML, like Gecko) Chrome/75.0.3770.100 Safari/537.36"
45.227.253.15 - - [21/Jul/2025:17:35:17 +0000] "GET /images/images/images/index.php?ARRAY=7o2230223n313735333132333032362p2231223n22687474703n5p2s5p2s6p776n39302r67756172652r77696o695p2s3s6p633q7068705s636s64655s6n6326743q313735333131393432362q3663396164616233303865356430653462643961393165333831626139353663222p2232223n226235396464653532373565346537633733386166626464383264343839363437222p2233223n223731336661633265343537656430663232613737336362393365396137343664222p2262696r675s70617373223n2232302q34392q35322q36322q37382q38372q3231227q HTTP/1.1" 200 - "-" "Mozilla/5.0 (Windows NT 10.0; Win64; x64; rv:82.0) Gecko/20100101 Firefox/82.0"
66.249.65.198 - - [21/Jul/2025:17:41:32 +0000] "GET /courses/online-course-creation-secrets/ HTTP/1.1" 200 40020 "-" "Mozilla/5.0 (Linux; Android 6.0.1; Nexus 5X Build/MMB29P) AppleWebKit/537.36 (KHTML, like Gecko) Chrome/137.0.7151.103 Mobile Safari/537.36 (compatible; Googlebot/2.1; +http://www.google.com/bot.html)"
66.249.65.197 - - [21/Jul/2025:17:41:37 +0000] "POST /get-message-notify HTTP/1.1" 200 40372 "https://abl.academy/courses/online-course-creation-secrets/" "Mozilla/5.0 (Linux; Android 6.0.1; Nexus 5X Build/MMB29P) AppleWebKit/537.36 (KHTML, like Gecko) Chrome/137.0.7151.119 Mobile Safari/537.36 (compatible; Googlebot/2.1; +http://www.google.com/bot.html)"
209.74.77.214 - - [21/Jul/2025:17:41:55 +0000] "POST /wp-cron.php?doing_wp_cron=1753119715.8644928932189941406250 HTTP/1.1" 200 - "-" "WordPress/6.8.2; https://abl.academy"
185.157.213.215 - - [21/Jul/2025:17:41:52 +0000] "GET /lms-wordpress-plugin/ HTTP/1.0" 200 69394 "https://abl.academy/lms-wordpress-plugin/" "Mozilla/5.0 (Windows NT 10.0; Win64; x64) AppleWebKit/537.36 (KHTML, like Gecko) Chrome/130.0.0.0 Safari/537.36 CCleaner/130.0.0.0"
185.157.213.215 - - [21/Jul/2025:17:41:56 +0000] "POST /wp-comments-post.php HTTP/1.0" 302 - "https://abl.academy/lms-wordpress-plugin/" "Mozilla/5.0 (Windows NT 10.0; Win64; x64) AppleWebKit/537.36 (KHTML, like Gecko) Chrome/130.0.0.0 Safari/537.36 CCleaner/130.0.0.0"
185.157.213.215 - - [21/Jul/2025:17:41:57 +0000] "GET /lms-wordpress-plugin/?unapproved=6346&moderation-hash=15d7041132bbb9afc6c50a44b78ce6cf HTTP/1.0" 200 69483 "https://abl.academy/lms-wordpress-plugin/?unapproved=6346&moderation-hash=15d7041132bbb9afc6c50a44b78ce6cf#comment-6346" "Mozilla/5.0 (Windows NT 10.0; Win64; x64) AppleWebKit/537.36 (KHTML, like Gecko) Chrome/130.0.0.0 Safari/537.36 CCleaner/130.0.0.0"
209.74.77.214 - - [21/Jul/2025:17:42:41 +0000] "POST /wp-cron.php?doing_wp_cron=1753119761.8108530044555664062500 HTTP/1.1" 200 - "-" "WordPress/6.8.2; https://abl.academy"
95.108.213.181 - - [21/Jul/2025:17:42:40 +0000] "GET /item/trip42344643/ HTTP/1.1" 404 9551 "-" "Mozilla/5.0 (compatible; YandexBot/3.0; +http://yandex.com/bots)"
66.249.65.197 - - [21/Jul/2025:17:52:14 +0000] "GET /sitemapf.xml HTTP/1.1" 200 13332 "-" "Mozilla/5.0 (compatible; Googlebot/2.1; +http://www.google.com/bot.html)"
66.249.65.199 - - [21/Jul/2025:17:56:30 +0000] "GET /sitemapn.xml HTTP/1.1" 200 15843 "-" "Mozilla/5.0 (compatible; Googlebot/2.1; +http://www.google.com/bot.html)"
54.157.84.74 - - [21/Jul/2025:18:10:26 +0000] "GET /robots.txt HTTP/1.1" 200 114 "-" "Mozilla/5.0 AppleWebKit/537.36 (KHTML, like Gecko; compatible; Amazonbot/0.1; +https://developer.amazon.com/support/amazonbot) Chrome/119.0.6045.214 Safari/537.36"
209.74.77.214 - - [21/Jul/2025:18:10:32 +0000] "POST /wp-cron.php?doing_wp_cron=1753121432.2382910251617431640625 HTTP/1.1" 200 - "-" "WordPress/6.8.2; https://abl.academy"
50.16.216.166 - - [21/Jul/2025:18:10:27 +0000] "GET /courses/test/lessons/lesson-72/ HTTP/1.1" 200 32738 "-" "Mozilla/5.0 AppleWebKit/537.36 (KHTML, like Gecko; compatible; Amazonbot/0.1; +https://developer.amazon.com/support/amazonbot) Chrome/119.0.6045.214 Safari/537.36"
209.74.77.214 - - [21/Jul/2025:18:16:11 +0000] "POST /wp-cron.php?doing_wp_cron=1753121771.6074171066284179687500 HTTP/1.1" 200 - "-" "WordPress/6.8.2; https://abl.academy"
213.180.203.161 - - [21/Jul/2025:18:16:09 +0000] "GET /courses/50-tips-on-making-a-great-online-course/ HTTP/1.1" 200 33001 "-" "Mozilla/5.0 (compatible; YandexBot/3.0; +http://yandex.com/bots)"
209.74.77.214 - - [21/Jul/2025:18:18:43 +0000] "POST /wp-cron.php?doing_wp_cron=1753121923.6648340225219726562500 HTTP/1.1" 200 - "-" "WordPress/6.8.2; https://abl.academy"
216.81.248.38 - - [21/Jul/2025:18:18:42 +0000] "GET /.git/config HTTP/1.1" 404 9551 "-" "Mozilla/5.0 (Macintosh; Intel Mac OS X 10_14_0) AppleWebKit/537.36 (KHTML, like Gecko) Chrome/76.0.3809.100 Safari/537.36"
209.74.77.214 - - [21/Jul/2025:18:23:54 +0000] "POST /wp-cron.php?doing_wp_cron=1753122234.2063798904418945312500 HTTP/1.1" 200 - "-" "WordPress/6.8.2; https://abl.academy"
195.200.31.16 - - [21/Jul/2025:18:23:52 +0000] "GET /lms-wordpress-plugin/ HTTP/1.0" 200 69394 "https://abl.academy/lms-wordpress-plugin/" "Mozilla/5.0 (Windows NT 10.0; Win64; x64) AppleWebKit/537.36 (KHTML, like Gecko) Chrome/131.0.0.0 Safari/537.36"
195.200.31.16 - - [21/Jul/2025:18:23:52 +0000] "GET /lms-wordpress-plugin/ HTTP/1.0" 200 69394 "https://abl.academy/lms-wordpress-plugin/" "Mozilla/5.0 (Windows NT 10.0; Win64; x64) AppleWebKit/537.36 (KHTML, like Gecko) Chrome/131.0.0.0 Safari/537.36 Avast/131.0.0.0"
195.200.31.16 - - [21/Jul/2025:18:23:55 +0000] "POST /wp-comments-post.php HTTP/1.0" 302 - "https://abl.academy/lms-wordpress-plugin/" "Mozilla/5.0 (Windows NT 10.0; Win64; x64) AppleWebKit/537.36 (KHTML, like Gecko) Chrome/131.0.0.0 Safari/537.36"
195.200.31.16 - - [21/Jul/2025:18:23:55 +0000] "POST /wp-comments-post.php HTTP/1.0" 302 - "https://abl.academy/lms-wordpress-plugin/" "Mozilla/5.0 (Windows NT 10.0; Win64; x64) AppleWebKit/537.36 (KHTML, like Gecko) Chrome/131.0.0.0 Safari/537.36 Avast/131.0.0.0"
195.200.31.16 - - [21/Jul/2025:18:23:56 +0000] "GET /lms-wordpress-plugin/?unapproved=6348&moderation-hash=4b33bf22aa1163e27b7eb5c262fe9322 HTTP/1.0" 200 69483 "https://abl.academy/lms-wordpress-plugin/?unapproved=6348&moderation-hash=4b33bf22aa1163e27b7eb5c262fe9322#comment-6348" "Mozilla/5.0 (Windows NT 10.0; Win64; x64) AppleWebKit/537.36 (KHTML, like Gecko) Chrome/131.0.0.0 Safari/537.36"
195.200.31.16 - - [21/Jul/2025:18:23:56 +0000] "GET /lms-wordpress-plugin/?unapproved=6347&moderation-hash=4b33bf22aa1163e27b7eb5c262fe9322 HTTP/1.0" 200 69483 "https://abl.academy/lms-wordpress-plugin/?unapproved=6347&moderation-hash=4b33bf22aa1163e27b7eb5c262fe9322#comment-6347" "Mozilla/5.0 (Windows NT 10.0; Win64; x64) AppleWebKit/537.36 (KHTML, like Gecko) Chrome/131.0.0.0 Safari/537.36 Avast/131.0.0.0"
209.74.77.214 - - [21/Jul/2025:18:32:05 +0000] "POST /wp-cron.php?doing_wp_cron=1753122725.1457509994506835937500 HTTP/1.1" 200 - "-" "WordPress/6.8.2; https://abl.academy"
5.255.231.149 - - [21/Jul/2025:18:32:02 +0000] "GET /item/virus40654243/ HTTP/1.1" 404 9551 "-" "Mozilla/5.0 (compatible; YandexBot/3.0; +http://yandex.com/bots)"
45.227.253.15 - - [21/Jul/2025:19:02:18 +0000] "GET /index.php/jk HTTP/1.1" 200 59 "-" "Mozilla/5.0 (Macintosh; Intel Mac OS X 10.12; rv:103.0) Gecko/20100101 Firefox/102.0"
87.250.224.252 - - [21/Jul/2025:19:03:09 +0000] "GET /robots.txt HTTP/1.1" 200 285 "-" "Mozilla/5.0 (compatible; YandexBot/3.0; +http://yandex.com/bots)"
209.74.77.214 - - [21/Jul/2025:19:03:12 +0000] "POST /wp-cron.php?doing_wp_cron=1753124592.9444630146026611328125 HTTP/1.1" 200 - "-" "WordPress/6.8.2; https://abl.academy"
213.180.203.28 - - [21/Jul/2025:19:03:11 +0000] "GET /item/again11204488/ HTTP/1.1" 404 9550 "-" "Mozilla/5.0 (compatible; YandexBot/3.0; +http://yandex.com/bots)"
209.74.77.214 - - [21/Jul/2025:19:11:24 +0000] "POST /wp-cron.php?doing_wp_cron=1753125084.4730670452117919921875 HTTP/1.1" 200 - "-" "WordPress/6.8.2; https://abl.academy"
47.82.11.67 - - [21/Jul/2025:19:11:22 +0000] "GET /shopdetail/301839149 HTTP/1.1" 404 9551 "https://abl.academy/shopdetail/301839149" "Mozilla/5.0 (Windows NT 10.0; Win64; x64) AppleWebKit/537.36 (KHTML, like Gecko) Chrome/114.0.0.0 Safari/537.36 Edg/114.0.1823.43"
115.72.1.85 - - [21/Jul/2025:19:16:47 +0000] "POST /wp-comments-post.php HTTP/1.1" 302 - "-" "Mozilla/5.0 (Windows NT 10.0; Win64; x64) AppleWebKit/537.36 (KHTML, like Gecko) Chrome/120.0.0.0 Safari/537.36"
115.72.1.85 - - [21/Jul/2025:19:16:52 +0000] "POST /wp-comments-post.php HTTP/1.1" 429 1107 "-" "Mozilla/5.0 (Windows NT 10.0; Win64; x64) AppleWebKit/537.36 (KHTML, like Gecko) Chrome/120.0.0.0 Safari/537.36"
115.72.1.85 - - [21/Jul/2025:19:16:54 +0000] "POST /wp-comments-post.php HTTP/1.1" 429 1107 "-" "Mozilla/5.0 (Windows NT 10.0; Win64; x64) AppleWebKit/537.36 (KHTML, like Gecko) Chrome/120.0.0.0 Safari/537.36"
115.72.1.85 - - [21/Jul/2025:19:16:56 +0000] "POST /wp-comments-post.php HTTP/1.1" 429 1107 "-" "Mozilla/5.0 (Windows NT 10.0; Win64; x64) AppleWebKit/537.36 (KHTML, like Gecko) Chrome/120.0.0.0 Safari/537.36"
115.72.1.85 - - [21/Jul/2025:19:16:58 +0000] "POST /wp-comments-post.php HTTP/1.1" 429 1107 "-" "Mozilla/5.0 (Windows NT 10.0; Win64; x64) AppleWebKit/537.36 (KHTML, like Gecko) Chrome/120.0.0.0 Safari/537.36"
115.72.1.85 - - [21/Jul/2025:19:17:00 +0000] "POST /wp-comments-post.php HTTP/1.1" 429 1107 "-" "Mozilla/5.0 (Windows NT 10.0; Win64; x64) AppleWebKit/537.36 (KHTML, like Gecko) Chrome/120.0.0.0 Safari/537.36"
115.72.1.85 - - [21/Jul/2025:19:17:02 +0000] "POST /wp-comments-post.php HTTP/1.1" 302 - "-" "Mozilla/5.0 (Windows NT 10.0; Win64; x64) AppleWebKit/537.36 (KHTML, like Gecko) Chrome/120.0.0.0 Safari/537.36"
115.72.1.85 - - [21/Jul/2025:19:17:07 +0000] "POST /wp-comments-post.php HTTP/1.1" 429 1107 "-" "Mozilla/5.0 (Windows NT 10.0; Win64; x64) AppleWebKit/537.36 (KHTML, like Gecko) Chrome/120.0.0.0 Safari/537.36"
209.74.77.214 - - [21/Jul/2025:19:18:38 +0000] "POST /wp-cron.php?doing_wp_cron=1753125518.9431560039520263671875 HTTP/1.1" 200 - "-" "WordPress/6.8.2; https://abl.academy"
213.180.203.19 - - [21/Jul/2025:19:18:37 +0000] "GET /item/waft82647911/ HTTP/1.1" 404 9551 "-" "Mozilla/5.0 (compatible; YandexBot/3.0; +http://yandex.com/bots)"
209.74.77.214 - - [21/Jul/2025:19:21:42 +0000] "POST /wp-cron.php?doing_wp_cron=1753125702.1305780410766601562500 HTTP/1.1" 200 - "-" "WordPress/6.8.2; https://abl.academy"
209.74.77.214 - - [21/Jul/2025:19:21:42 +0000] "POST /wp-cron.php?doing_wp_cron=1753125702.1307361125946044921875 HTTP/1.1" 200 - "-" "WordPress/6.8.2; https://abl.academy"
212.34.137.118 - - [21/Jul/2025:19:21:40 +0000] "GET /lms-wordpress-plugin/ HTTP/1.0" 200 69394 "https://abl.academy/lms-wordpress-plugin/" "Mozilla/5.0 (Windows NT 10.0; Win64; x64) AppleWebKit/537.36 (KHTML, like Gecko) Chrome/131.0.0.0 Safari/537.36"
212.34.137.118 - - [21/Jul/2025:19:21:41 +0000] "GET /lms-wordpress-plugin/ HTTP/1.0" 200 69394 "https://abl.academy/lms-wordpress-plugin/" "Mozilla/5.0 (Windows NT 10.0; Win64; x64) AppleWebKit/537.36 (KHTML, like Gecko) Chrome/130.0.0.0 Safari/537.36"
212.34.137.118 - - [21/Jul/2025:19:21:43 +0000] "POST /wp-comments-post.php HTTP/1.0" 429 2586 "https://abl.academy/lms-wordpress-plugin/" "Mozilla/5.0 (Windows NT 10.0; Win64; x64) AppleWebKit/537.36 (KHTML, like Gecko) Chrome/130.0.0.0 Safari/537.36"
212.34.137.118 - - [21/Jul/2025:19:21:43 +0000] "POST /wp-comments-post.php HTTP/1.0" 302 - "https://abl.academy/lms-wordpress-plugin/" "Mozilla/5.0 (Windows NT 10.0; Win64; x64) AppleWebKit/537.36 (KHTML, like Gecko) Chrome/131.0.0.0 Safari/537.36"
212.34.137.118 - - [21/Jul/2025:19:21:44 +0000] "GET /lms-wordpress-plugin/?unapproved=6351&moderation-hash=fc9c3cbc77762ff52bd90ab547ebdfcb HTTP/1.0" 200 69483 "https://abl.academy/lms-wordpress-plugin/?unapproved=6351&moderation-hash=fc9c3cbc77762ff52bd90ab547ebdfcb#comment-6351" "Mozilla/5.0 (Windows NT 10.0; Win64; x64) AppleWebKit/537.36 (KHTML, like Gecko) Chrome/131.0.0.0 Safari/537.36"
85.208.96.211 - - [21/Jul/2025:19:22:33 +0000] "GET /robots.txt HTTP/1.1" 200 114 "-" "Mozilla/5.0 (compatible; SemrushBot/7~bl; +http://www.semrush.com/bot.html)"
209.74.77.214 - - [21/Jul/2025:19:22:35 +0000] "POST /wp-cron.php?doing_wp_cron=1753125755.8457438945770263671875 HTTP/1.1" 200 - "-" "WordPress/6.8.2; https://abl.academy"
85.208.96.208 - - [21/Jul/2025:19:22:34 +0000] "GET /type/video/ HTTP/1.1" 200 12353 "-" "Mozilla/5.0 (compatible; SemrushBot/7~bl; +http://www.semrush.com/bot.html)"
209.74.77.214 - - [21/Jul/2025:19:23:23 +0000] "POST /wp-cron.php?doing_wp_cron=1753125803.3237740993499755859375 HTTP/1.1" 200 - "-" "WordPress/6.8.2; https://abl.academy"
87.250.224.126 - - [21/Jul/2025:19:23:22 +0000] "GET /?p=5227 HTTP/1.1" 301 - "-" "Mozilla/5.0 (compatible; YandexBot/3.0; +http://yandex.com/bots)"
87.250.224.111 - - [21/Jul/2025:19:23:24 +0000] "GET /courses/how-to-create-an-awesome-online-course/ HTTP/1.1" 200 33309 "-" "Mozilla/5.0 (compatible; YandexBot/3.0; +http://yandex.com/bots)"
209.74.77.214 - - [21/Jul/2025:19:23:42 +0000] "POST /wp-cron.php?doing_wp_cron=1753125822.8935649394989013671875 HTTP/1.1" 200 - "-" "WordPress/6.8.2; https://abl.academy"
52.0.63.151 - - [21/Jul/2025:19:23:42 +0000] "GET /courses/test/lessons/lesson-73/ HTTP/1.1" 200 32737 "-" "Mozilla/5.0 AppleWebKit/537.36 (KHTML, like Gecko; compatible; Amazonbot/0.1; +https://developer.amazon.com/support/amazonbot) Chrome/119.0.6045.214 Safari/537.36"
23.21.148.226 - - [21/Jul/2025:19:23:46 +0000] "GET /courses/test/lessons/lesson-5/ HTTP/1.1" 200 32743 "-" "Mozilla/5.0 AppleWebKit/537.36 (KHTML, like Gecko; compatible; Amazonbot/0.1; +https://developer.amazon.com/support/amazonbot) Chrome/119.0.6045.214 Safari/537.36"
44.213.36.21 - - [21/Jul/2025:19:23:50 +0000] "GET /courses/test/lessons/lesson-68/ HTTP/1.1" 200 32738 "-" "Mozilla/5.0 AppleWebKit/537.36 (KHTML, like Gecko; compatible; Amazonbot/0.1; +https://developer.amazon.com/support/amazonbot) Chrome/119.0.6045.214 Safari/537.36"
54.166.126.132 - - [21/Jul/2025:19:23:54 +0000] "GET /courses/test/lessons/lesson-17/ HTTP/1.1" 200 32746 "-" "Mozilla/5.0 AppleWebKit/537.36 (KHTML, like Gecko; compatible; Amazonbot/0.1; +https://developer.amazon.com/support/amazonbot) Chrome/119.0.6045.214 Safari/537.36"
66.249.65.199 - - [21/Jul/2025:19:23:59 +0000] "GET /item/math51184172/ HTTP/1.1" 200 39972 "-" "Mozilla/5.0 (Linux; Android 6.0.1; Nexus 5X Build/MMB29P) AppleWebKit/537.36 (KHTML, like Gecko) Chrome/137.0.7151.103 Mobile Safari/537.36 (compatible; Googlebot/2.1; +http://www.google.com/bot.html)"
114.117.233.112 - - [21/Jul/2025:19:25:16 +0000] "GET / HTTP/1.1" 200 9694 "http://abl.academy" "Mozilla/5.0 (iPhone; CPU iPhone OS 13_2_3 like Mac OS X) AppleWebKit/605.1.15 (KHTML, like Gecko) Version/13.0.3 Mobile/15E148 Safari/604.1"
5.255.231.27 - - [21/Jul/2025:19:25:29 +0000] "GET /robots.txt HTTP/1.1" 200 285 "-" "Mozilla/5.0 (compatible; YandexBot/3.0; +http://yandex.com/bots)"
213.180.203.111 - - [21/Jul/2025:19:25:30 +0000] "GET /item/porri42645659/ HTTP/1.1" 404 9551 "-" "Mozilla/5.0 (compatible; YandexBot/3.0; +http://yandex.com/bots)"
66.249.65.197 - - [21/Jul/2025:19:26:12 +0000] "GET /item/lawye11238672/ HTTP/1.1" 200 40458 "-" "Mozilla/5.0 (Linux; Android 6.0.1; Nexus 5X Build/MMB29P) AppleWebKit/537.36 (KHTML, like Gecko) Chrome/137.0.7151.103 Mobile Safari/537.36 (compatible; Googlebot/2.1; +http://www.google.com/bot.html)"
66.249.65.197 - - [21/Jul/2025:19:26:15 +0000] "POST /get-message-notify HTTP/1.1" 200 40187 "https://abl.academy/item/lawye11238672/" "Mozilla/5.0 (Linux; Android 6.0.1; Nexus 5X Build/MMB29P) AppleWebKit/537.36 (KHTML, like Gecko) Chrome/137.0.7151.119 Mobile Safari/537.36 (compatible; Googlebot/2.1; +http://www.google.com/bot.html)"
66.249.65.197 - - [21/Jul/2025:19:28:57 +0000] "GET /item/catal20714193/ HTTP/1.1" 200 40030 "-" "Mozilla/5.0 (Linux; Android 6.0.1; Nexus 5X Build/MMB29P) AppleWebKit/537.36 (KHTML, like Gecko) Chrome/137.0.7151.103 Mobile Safari/537.36 (compatible; Googlebot/2.1; +http://www.google.com/bot.html)"
66.249.65.199 - - [21/Jul/2025:19:31:07 +0000] "GET /item/read30545602/ HTTP/1.1" 200 40623 "-" "Mozilla/5.0 (Linux; Android 6.0.1; Nexus 5X Build/MMB29P) AppleWebKit/537.36 (KHTML, like Gecko) Chrome/137.0.7151.103 Mobile Safari/537.36 (compatible; Googlebot/2.1; +http://www.google.com/bot.html)"
66.249.65.199 - - [21/Jul/2025:19:34:01 +0000] "GET /item/jump21149161/ HTTP/1.1" 200 40141 "-" "Mozilla/5.0 (Linux; Android 6.0.1; Nexus 5X Build/MMB29P) AppleWebKit/537.36 (KHTML, like Gecko) Chrome/137.0.7151.103 Mobile Safari/537.36 (compatible; Googlebot/2.1; +http://www.google.com/bot.html)"
209.74.77.214 - - [21/Jul/2025:19:34:22 +0000] "POST /wp-cron.php?doing_wp_cron=1753126462.8098709583282470703125 HTTP/1.1" 200 - "-" "WordPress/6.8.2; https://abl.academy"
87.250.224.249 - - [21/Jul/2025:19:34:21 +0000] "GET /item/densi62461965/ HTTP/1.1" 404 9551 "-" "Mozilla/5.0 (compatible; YandexBot/3.0; +http://yandex.com/bots)"
66.249.65.198 - - [21/Jul/2025:19:36:03 +0000] "GET /item/cease71923006/ HTTP/1.1" 200 39675 "-" "Mozilla/5.0 (Linux; Android 6.0.1; Nexus 5X Build/MMB29P) AppleWebKit/537.36 (KHTML, like Gecko) Chrome/137.0.7151.103 Mobile Safari/537.36 (compatible; Googlebot/2.1; +http://www.google.com/bot.html)"
66.249.65.198 - - [21/Jul/2025:19:37:47 +0000] "GET /item/laund22978345/ HTTP/1.1" 200 40166 "-" "Mozilla/5.0 (Linux; Android 6.0.1; Nexus 5X Build/MMB29P) AppleWebKit/537.36 (KHTML, like Gecko) Chrome/137.0.7151.103 Mobile Safari/537.36 (compatible; Googlebot/2.1; +http://www.google.com/bot.html)"
66.249.65.198 - - [21/Jul/2025:19:38:32 +0000] "GET /item/fast41592603/ HTTP/1.1" 200 39916 "-" "Mozilla/5.0 (Linux; Android 6.0.1; Nexus 5X Build/MMB29P) AppleWebKit/537.36 (KHTML, like Gecko) Chrome/137.0.7151.103 Mobile Safari/537.36 (compatible; Googlebot/2.1; +http://www.google.com/bot.html)"
66.249.65.197 - - [21/Jul/2025:19:38:40 +0000] "POST /get-message-notify HTTP/1.1" 200 40339 "https://abl.academy/item/laund22978345/" "Mozilla/5.0 (Linux; Android 6.0.1; Nexus 5X Build/MMB29P) AppleWebKit/537.36 (KHTML, like Gecko) Chrome/137.0.7151.119 Mobile Safari/537.36 (compatible; Googlebot/2.1; +http://www.google.com/bot.html)"
66.249.65.197 - - [21/Jul/2025:19:38:42 +0000] "POST /get-message-notify HTTP/1.1" 200 40369 "https://abl.academy/item/fast41592603/" "Mozilla/5.0 (Linux; Android 6.0.1; Nexus 5X Build/MMB29P) AppleWebKit/537.36 (KHTML, like Gecko) Chrome/137.0.7151.119 Mobile Safari/537.36 (compatible; Googlebot/2.1; +http://www.google.com/bot.html)"
213.180.203.138 - - [21/Jul/2025:19:51:06 +0000] "GET /robots.txt HTTP/1.1" 200 285 "-" "Mozilla/5.0 (compatible; YandexBot/3.0; +http://yandex.com/bots)"
209.74.77.214 - - [21/Jul/2025:19:51:09 +0000] "POST /wp-cron.php?doing_wp_cron=1753127469.7223219871520996093750 HTTP/1.1" 200 - "-" "WordPress/6.8.2; https://abl.academy"
213.180.203.65 - - [21/Jul/2025:19:51:07 +0000] "GET /item/lamb61252565/ HTTP/1.1" 404 9551 "-" "Mozilla/5.0 (compatible; YandexBot/3.0; +http://yandex.com/bots)"
209.74.77.214 - - [21/Jul/2025:19:56:39 +0000] "POST /wp-cron.php?doing_wp_cron=1753127799.5106730461120605468750 HTTP/1.1" 200 - "-" "WordPress/6.8.2; https://abl.academy"
87.250.224.240 - - [21/Jul/2025:19:56:37 +0000] "GET /item/kill32097034/ HTTP/1.1" 404 9551 "-" "Mozilla/5.0 (compatible; YandexBot/3.0; +http://yandex.com/bots)"
213.180.203.76 - - [21/Jul/2025:19:57:05 +0000] "GET /robots.txt HTTP/1.1" 200 285 "-" "Mozilla/5.0 (compatible; YandexBot/3.0; +http://yandex.com/bots)"
66.249.65.198 - - [21/Jul/2025:19:57:13 +0000] "GET /item/color80601639/ HTTP/1.1" 200 40082 "-" "Mozilla/5.0 (Linux; Android 6.0.1; Nexus 5X Build/MMB29P) AppleWebKit/537.36 (KHTML, like Gecko) Chrome/137.0.7151.103 Mobile Safari/537.36 (compatible; Googlebot/2.1; +http://www.google.com/bot.html)"
66.249.65.198 - - [21/Jul/2025:19:57:18 +0000] "POST /get-message-notify HTTP/1.1" 200 40274 "https://abl.academy/item/color80601639/" "Mozilla/5.0 (Linux; Android 6.0.1; Nexus 5X Build/MMB29P) AppleWebKit/537.36 (KHTML, like Gecko) Chrome/137.0.7151.119 Mobile Safari/537.36 (compatible; Googlebot/2.1; +http://www.google.com/bot.html)"
66.249.65.197 - - [21/Jul/2025:19:57:46 +0000] "GET /sitemapk.xml HTTP/1.1" 200 14353 "-" "Mozilla/5.0 (compatible; Googlebot/2.1; +http://www.google.com/bot.html)"
66.249.65.199 - - [21/Jul/2025:19:58:22 +0000] "GET /item/almos70648614/ HTTP/1.1" 200 39871 "-" "Mozilla/5.0 (Linux; Android 6.0.1; Nexus 5X Build/MMB29P) AppleWebKit/537.36 (KHTML, like Gecko) Chrome/137.0.7151.103 Mobile Safari/537.36 (compatible; Googlebot/2.1; +http://www.google.com/bot.html)"
66.249.65.197 - - [21/Jul/2025:19:59:46 +0000] "GET /item/debat41559563/ HTTP/1.1" 200 39829 "-" "Mozilla/5.0 (Linux; Android 6.0.1; Nexus 5X Build/MMB29P) AppleWebKit/537.36 (KHTML, like Gecko) Chrome/137.0.7151.103 Mobile Safari/537.36 (compatible; Googlebot/2.1; +http://www.google.com/bot.html)"
209.74.77.214 - - [21/Jul/2025:20:02:15 +0000] "POST /wp-cron.php?doing_wp_cron=1753128135.8807160854339599609375 HTTP/1.1" 200 - "-" "WordPress/6.8.2; https://abl.academy"
5.255.231.169 - - [21/Jul/2025:20:02:13 +0000] "GET /item/outwa62975173/ HTTP/1.1" 404 9551 "-" "Mozilla/5.0 (compatible; YandexBot/3.0; +http://yandex.com/bots)"
66.249.65.199 - - [21/Jul/2025:20:04:41 +0000] "GET /item/via10389936/ HTTP/1.1" 200 40047 "-" "Mozilla/5.0 (Linux; Android 6.0.1; Nexus 5X Build/MMB29P) AppleWebKit/537.36 (KHTML, like Gecko) Chrome/137.0.7151.103 Mobile Safari/537.36 (compatible; Googlebot/2.1; +http://www.google.com/bot.html)"
66.249.65.199 - - [21/Jul/2025:20:06:06 +0000] "GET /item/bounc80582839/ HTTP/1.1" 200 40803 "-" "Mozilla/5.0 (Linux; Android 6.0.1; Nexus 5X Build/MMB29P) AppleWebKit/537.36 (KHTML, like Gecko) Chrome/137.0.7151.103 Mobile Safari/537.36 (compatible; Googlebot/2.1; +http://www.google.com/bot.html)"
66.249.65.198 - - [21/Jul/2025:20:06:26 +0000] "POST /get-message-notify HTTP/1.1" 200 40374 "https://abl.academy/item/bounc80582839/" "Mozilla/5.0 (Linux; Android 6.0.1; Nexus 5X Build/MMB29P) AppleWebKit/537.36 (KHTML, like Gecko) Chrome/137.0.7151.119 Mobile Safari/537.36 (compatible; Googlebot/2.1; +http://www.google.com/bot.html)"
66.249.65.197 - - [21/Jul/2025:20:07:21 +0000] "GET /item/exist82186919/ HTTP/1.1" 200 39915 "-" "Mozilla/5.0 (Linux; Android 6.0.1; Nexus 5X Build/MMB29P) AppleWebKit/537.36 (KHTML, like Gecko) Chrome/137.0.7151.103 Mobile Safari/537.36 (compatible; Googlebot/2.1; +http://www.google.com/bot.html)"
66.249.65.199 - - [21/Jul/2025:20:08:40 +0000] "GET /item/promp52706196/ HTTP/1.1" 200 39945 "-" "Mozilla/5.0 (Linux; Android 6.0.1; Nexus 5X Build/MMB29P) AppleWebKit/537.36 (KHTML, like Gecko) Chrome/137.0.7151.103 Mobile Safari/537.36 (compatible; Googlebot/2.1; +http://www.google.com/bot.html)"
66.249.65.199 - - [21/Jul/2025:20:09:45 +0000] "GET /item/tower72517182/ HTTP/1.1" 200 39786 "-" "Mozilla/5.0 (Linux; Android 6.0.1; Nexus 5X Build/MMB29P) AppleWebKit/537.36 (KHTML, like Gecko) Chrome/137.0.7151.103 Mobile Safari/537.36 (compatible; Googlebot/2.1; +http://www.google.com/bot.html)"
66.249.65.198 - - [21/Jul/2025:20:10:01 +0000] "POST /get-message-notify HTTP/1.1" 200 40267 "https://abl.academy/item/tower72517182/" "Mozilla/5.0 (Linux; Android 6.0.1; Nexus 5X Build/MMB29P) AppleWebKit/537.36 (KHTML, like Gecko) Chrome/137.0.7151.119 Mobile Safari/537.36 (compatible; Googlebot/2.1; +http://www.google.com/bot.html)"
66.249.65.197 - - [21/Jul/2025:20:11:05 +0000] "POST /get-message-notify HTTP/1.1" 200 40291 "https://abl.academy/item/exist82186919/" "Mozilla/5.0 (Linux; Android 6.0.1; Nexus 5X Build/MMB29P) AppleWebKit/537.36 (KHTML, like Gecko) Chrome/137.0.7151.119 Mobile Safari/537.36 (compatible; Googlebot/2.1; +http://www.google.com/bot.html)"
45.227.253.15 - - [21/Jul/2025:20:14:04 +0000] "GET /?of=1 HTTP/1.1" 200 6021 "-" "Mozilla/5.0 (iPhone; CPU iPhone OS 13_5_1 like Mac OS X) AppleWebKit/605.1.15 (KHTML, like Gecko) Version/13.1.1 Mobile/15E148 Safari/604.1"
209.74.77.214 - - [21/Jul/2025:20:15:17 +0000] "POST /wp-cron.php?doing_wp_cron=1753128917.4657559394836425781250 HTTP/1.1" 200 - "-" "WordPress/6.8.2; https://abl.academy"
5.255.231.87 - - [21/Jul/2025:20:15:14 +0000] "GET /item/fate51854036/ HTTP/1.1" 404 9551 "-" "Mozilla/5.0 (compatible; YandexBot/3.0; +http://yandex.com/bots)"
66.249.65.197 - - [21/Jul/2025:20:20:39 +0000] "GET /item/toy32216978/ HTTP/1.1" 200 39696 "-" "Mozilla/5.0 (Linux; Android 6.0.1; Nexus 5X Build/MMB29P) AppleWebKit/537.36 (KHTML, like Gecko) Chrome/137.0.7151.103 Mobile Safari/537.36 (compatible; Googlebot/2.1; +http://www.google.com/bot.html)"
66.249.65.198 - - [21/Jul/2025:20:22:05 +0000] "GET /item/somew62188533/ HTTP/1.1" 200 40057 "-" "Mozilla/5.0 (Linux; Android 6.0.1; Nexus 5X Build/MMB29P) AppleWebKit/537.36 (KHTML, like Gecko) Chrome/137.0.7151.103 Mobile Safari/537.36 (compatible; Googlebot/2.1; +http://www.google.com/bot.html)"
43.159.145.153 - - [21/Jul/2025:20:22:45 +0000] "GET / HTTP/1.1" 200 9694 "http://abl.academy" "Mozilla/5.0 (iPhone; CPU iPhone OS 13_2_3 like Mac OS X) AppleWebKit/605.1.15 (KHTML, like Gecko) Version/13.0.3 Mobile/15E148 Safari/604.1"
66.249.65.198 - - [21/Jul/2025:20:23:22 +0000] "GET /item/numb50107868/ HTTP/1.1" 200 40335 "-" "Mozilla/5.0 (Linux; Android 6.0.1; Nexus 5X Build/MMB29P) AppleWebKit/537.36 (KHTML, like Gecko) Chrome/137.0.7151.103 Mobile Safari/537.36 (compatible; Googlebot/2.1; +http://www.google.com/bot.html)"
66.249.65.198 - - [21/Jul/2025:20:24:41 +0000] "GET /item/mill22242281/ HTTP/1.1" 200 40822 "-" "Mozilla/5.0 (Linux; Android 6.0.1; Nexus 5X Build/MMB29P) AppleWebKit/537.36 (KHTML, like Gecko) Chrome/137.0.7151.103 Mobile Safari/537.36 (compatible; Googlebot/2.1; +http://www.google.com/bot.html)"
209.74.77.214 - - [21/Jul/2025:20:24:59 +0000] "POST /wp-cron.php?doing_wp_cron=1753129498.9710559844970703125000 HTTP/1.1" 200 - "-" "WordPress/6.8.2; https://abl.academy"
5.255.231.57 - - [21/Jul/2025:20:24:57 +0000] "GET /item/hear51265740/ HTTP/1.1" 404 9551 "-" "Mozilla/5.0 (compatible; YandexBot/3.0; +http://yandex.com/bots)"
209.74.77.214 - - [21/Jul/2025:20:26:46 +0000] "POST /wp-cron.php?doing_wp_cron=1753129606.8886089324951171875000 HTTP/1.1" 200 - "-" "WordPress/6.8.2; https://abl.academy"
87.250.224.81 - - [21/Jul/2025:20:26:45 +0000] "GET /item/fussy62450301/ HTTP/1.1" 404 9551 "-" "Mozilla/5.0 (compatible; YandexBot/3.0; +http://yandex.com/bots)"
66.249.65.197 - - [21/Jul/2025:20:28:36 +0000] "GET /item/autog71509662/ HTTP/1.1" 200 40579 "-" "Mozilla/5.0 (Linux; Android 6.0.1; Nexus 5X Build/MMB29P) AppleWebKit/537.36 (KHTML, like Gecko) Chrome/137.0.7151.103 Mobile Safari/537.36 (compatible; Googlebot/2.1; +http://www.google.com/bot.html)"
66.249.65.197 - - [21/Jul/2025:20:30:18 +0000] "GET /item/regar61040373/ HTTP/1.1" 200 39972 "-" "Mozilla/5.0 (Linux; Android 6.0.1; Nexus 5X Build/MMB29P) AppleWebKit/537.36 (KHTML, like Gecko) Chrome/137.0.7151.103 Mobile Safari/537.36 (compatible; Googlebot/2.1; +http://www.google.com/bot.html)"
66.249.65.197 - - [21/Jul/2025:20:31:31 +0000] "GET /item/odor81935871/ HTTP/1.1" 200 39912 "-" "Mozilla/5.0 (Linux; Android 6.0.1; Nexus 5X Build/MMB29P) AppleWebKit/537.36 (KHTML, like Gecko) Chrome/137.0.7151.103 Mobile Safari/537.36 (compatible; Googlebot/2.1; +http://www.google.com/bot.html)"
209.74.77.214 - - [21/Jul/2025:20:32:03 +0000] "POST /wp-cron.php?doing_wp_cron=1753129923.8877160549163818359375 HTTP/1.1" 200 - "-" "WordPress/6.8.2; https://abl.academy"
87.250.224.208 - - [21/Jul/2025:20:32:02 +0000] "GET /item/asian71172790/ HTTP/1.1" 404 9551 "-" "Mozilla/5.0 (compatible; YandexBot/3.0; +http://yandex.com/bots)"
66.249.65.199 - - [21/Jul/2025:20:33:17 +0000] "GET /item/excep42096299/ HTTP/1.1" 200 39865 "-" "Mozilla/5.0 (Linux; Android 6.0.1; Nexus 5X Build/MMB29P) AppleWebKit/537.36 (KHTML, like Gecko) Chrome/137.0.7151.103 Mobile Safari/537.36 (compatible; Googlebot/2.1; +http://www.google.com/bot.html)"
66.249.65.198 - - [21/Jul/2025:20:33:48 +0000] "GET /item/suit81141655/ HTTP/1.1" 200 40638 "-" "Mozilla/5.0 (Linux; Android 6.0.1; Nexus 5X Build/MMB29P) AppleWebKit/537.36 (KHTML, like Gecko) Chrome/137.0.7151.103 Mobile Safari/537.36 (compatible; Googlebot/2.1; +http://www.google.com/bot.html)"
66.249.65.197 - - [21/Jul/2025:20:34:24 +0000] "GET /item/gathe31626874/ HTTP/1.1" 200 40298 "-" "Mozilla/5.0 (Linux; Android 6.0.1; Nexus 5X Build/MMB29P) AppleWebKit/537.36 (KHTML, like Gecko) Chrome/137.0.7151.103 Mobile Safari/537.36 (compatible; Googlebot/2.1; +http://www.google.com/bot.html)"
66.249.65.198 - - [21/Jul/2025:20:35:19 +0000] "GET /item/drug60952757/ HTTP/1.1" 200 40009 "-" "Mozilla/5.0 (Linux; Android 6.0.1; Nexus 5X Build/MMB29P) AppleWebKit/537.36 (KHTML, like Gecko) Chrome/137.0.7151.103 Mobile Safari/537.36 (compatible; Googlebot/2.1; +http://www.google.com/bot.html)"
66.249.65.197 - - [21/Jul/2025:20:36:18 +0000] "GET /item/bulb71029342/ HTTP/1.1" 200 40493 "-" "Mozilla/5.0 (Linux; Android 6.0.1; Nexus 5X Build/MMB29P) AppleWebKit/537.36 (KHTML, like Gecko) Chrome/137.0.7151.103 Mobile Safari/537.36 (compatible; Googlebot/2.1; +http://www.google.com/bot.html)"
66.249.65.198 - - [21/Jul/2025:20:36:42 +0000] "POST /get-message-notify HTTP/1.1" 200 40403 "https://abl.academy/item/bulb71029342/" "Mozilla/5.0 (Linux; Android 6.0.1; Nexus 5X Build/MMB29P) AppleWebKit/537.36 (KHTML, like Gecko) Chrome/137.0.7151.119 Mobile Safari/537.36 (compatible; Googlebot/2.1; +http://www.google.com/bot.html)"
66.249.65.199 - - [21/Jul/2025:20:37:31 +0000] "GET /item/nude61591869/ HTTP/1.1" 200 40326 "-" "Mozilla/5.0 (Linux; Android 6.0.1; Nexus 5X Build/MMB29P) AppleWebKit/537.36 (KHTML, like Gecko) Chrome/137.0.7151.103 Mobile Safari/537.36 (compatible; Googlebot/2.1; +http://www.google.com/bot.html)"
66.249.65.198 - - [21/Jul/2025:20:38:47 +0000] "GET /item/airpo61396725/ HTTP/1.1" 200 40116 "-" "Mozilla/5.0 (Linux; Android 6.0.1; Nexus 5X Build/MMB29P) AppleWebKit/537.36 (KHTML, like Gecko) Chrome/137.0.7151.103 Mobile Safari/537.36 (compatible; Googlebot/2.1; +http://www.google.com/bot.html)"
66.249.65.199 - - [21/Jul/2025:20:39:21 +0000] "GET /item/marat20381401/ HTTP/1.1" 200 39929 "-" "Mozilla/5.0 (Linux; Android 6.0.1; Nexus 5X Build/MMB29P) AppleWebKit/537.36 (KHTML, like Gecko) Chrome/137.0.7151.103 Mobile Safari/537.36 (compatible; Googlebot/2.1; +http://www.google.com/bot.html)"
66.249.65.198 - - [21/Jul/2025:20:39:22 +0000] "GET /item/moder21624065/ HTTP/1.1" 200 40205 "-" "Mozilla/5.0 (Linux; Android 6.0.1; Nexus 5X Build/MMB29P) AppleWebKit/537.36 (KHTML, like Gecko) Chrome/137.0.7151.103 Mobile Safari/537.36 (compatible; Googlebot/2.1; +http://www.google.com/bot.html)"
66.249.65.198 - - [21/Jul/2025:20:40:20 +0000] "GET /item/gnaw60623981/ HTTP/1.1" 200 39744 "-" "Mozilla/5.0 (Linux; Android 6.0.1; Nexus 5X Build/MMB29P) AppleWebKit/537.36 (KHTML, like Gecko) Chrome/137.0.7151.103 Mobile Safari/537.36 (compatible; Googlebot/2.1; +http://www.google.com/bot.html)"
119.28.177.175 - - [21/Jul/2025:20:40:53 +0000] "GET / HTTP/1.1" 200 9694 "http://www.abl.academy" "Mozilla/5.0 (iPhone; CPU iPhone OS 13_2_3 like Mac OS X) AppleWebKit/605.1.15 (KHTML, like Gecko) Version/13.0.3 Mobile/15E148 Safari/604.1"
66.249.65.198 - - [21/Jul/2025:20:40:54 +0000] "GET /item/fish10089008/ HTTP/1.1" 200 40649 "-" "Mozilla/5.0 (Linux; Android 6.0.1; Nexus 5X Build/MMB29P) AppleWebKit/537.36 (KHTML, like Gecko) Chrome/137.0.7151.103 Mobile Safari/537.36 (compatible; Googlebot/2.1; +http://www.google.com/bot.html)"
66.249.65.198 - - [21/Jul/2025:20:41:11 +0000] "POST /get-message-notify HTTP/1.1" 200 40399 "https://abl.academy/item/fish10089008/" "Mozilla/5.0 (Linux; Android 6.0.1; Nexus 5X Build/MMB29P) AppleWebKit/537.36 (KHTML, like Gecko) Chrome/137.0.7151.119 Mobile Safari/537.36 (compatible; Googlebot/2.1; +http://www.google.com/bot.html)"
66.249.65.198 - - [21/Jul/2025:20:41:20 +0000] "GET /item/mud80215543/ HTTP/1.1" 200 39990 "-" "Mozilla/5.0 (Linux; Android 6.0.1; Nexus 5X Build/MMB29P) AppleWebKit/537.36 (KHTML, like Gecko) Chrome/137.0.7151.103 Mobile Safari/537.36 (compatible; Googlebot/2.1; +http://www.google.com/bot.html)"
66.249.65.197 - - [21/Jul/2025:20:41:54 +0000] "GET /item/cupbo71173726/ HTTP/1.1" 200 39678 "-" "Mozilla/5.0 (Linux; Android 6.0.1; Nexus 5X Build/MMB29P) AppleWebKit/537.36 (KHTML, like Gecko) Chrome/137.0.7151.103 Mobile Safari/537.36 (compatible; Googlebot/2.1; +http://www.google.com/bot.html)"
66.249.65.199 - - [21/Jul/2025:20:42:21 +0000] "POST /get-message-notify HTTP/1.1" 200 40312 "https://abl.academy/item/cupbo71173726/" "Mozilla/5.0 (Linux; Android 6.0.1; Nexus 5X Build/MMB29P) AppleWebKit/537.36 (KHTML, like Gecko) Chrome/137.0.7151.119 Mobile Safari/537.36 (compatible; Googlebot/2.1; +http://www.google.com/bot.html)"
66.249.65.198 - - [21/Jul/2025:20:42:31 +0000] "GET /item/squar62085141/ HTTP/1.1" 200 40268 "-" "Mozilla/5.0 (Linux; Android 6.0.1; Nexus 5X Build/MMB29P) AppleWebKit/537.36 (KHTML, like Gecko) Chrome/137.0.7151.103 Mobile Safari/537.36 (compatible; Googlebot/2.1; +http://www.google.com/bot.html)"
66.249.65.197 - - [21/Jul/2025:20:42:38 +0000] "GET /item/howev40688379/ HTTP/1.1" 200 40057 "-" "Mozilla/5.0 (Linux; Android 6.0.1; Nexus 5X Build/MMB29P) AppleWebKit/537.36 (KHTML, like Gecko) Chrome/137.0.7151.103 Mobile Safari/537.36 (compatible; Googlebot/2.1; +http://www.google.com/bot.html)"
66.249.65.197 - - [21/Jul/2025:20:47:41 +0000] "POST /get-message-notify HTTP/1.1" 200 40343 "https://abl.academy/item/nude61591869/" "Mozilla/5.0 (Linux; Android 6.0.1; Nexus 5X Build/MMB29P) AppleWebKit/537.36 (KHTML, like Gecko) Chrome/137.0.7151.119 Mobile Safari/537.36 (compatible; Googlebot/2.1; +http://www.google.com/bot.html)"
66.249.65.198 - - [21/Jul/2025:20:49:30 +0000] "POST /get-message-notify HTTP/1.1" 200 40362 "https://abl.academy/item/nude61591869/" "Mozilla/5.0 (Linux; Android 6.0.1; Nexus 5X Build/MMB29P) AppleWebKit/537.36 (KHTML, like Gecko) Chrome/137.0.7151.119 Mobile Safari/537.36 (compatible; Googlebot/2.1; +http://www.google.com/bot.html)"
66.249.65.197 - - [21/Jul/2025:20:49:29 +0000] "GET /item/shoot70769398/ HTTP/1.1" 200 39908 "-" "Mozilla/5.0 (Linux; Android 6.0.1; Nexus 5X Build/MMB29P) AppleWebKit/537.36 (KHTML, like Gecko) Chrome/137.0.7151.103 Mobile Safari/537.36 (compatible; Googlebot/2.1; +http://www.google.com/bot.html)"
209.74.77.214 - - [21/Jul/2025:20:49:35 +0000] "POST /wp-cron.php?doing_wp_cron=1753130975.9167790412902832031250 HTTP/1.1" 200 - "-" "WordPress/6.8.2; https://abl.academy"
62.210.64.72 - - [21/Jul/2025:20:49:34 +0000] "POST /xmlrpc.php HTTP/1.1" 200 206 "-" "Mozilla/5.0 (Windows NT 10.0; Win64; x64; rv:73.0) Gecko/20100101 Firefox/73.0"
62.210.64.72 - - [21/Jul/2025:20:49:37 +0000] "POST /xmlrpc.php HTTP/1.1" 200 206 "-" "Mozilla/5.0 (Windows NT 10.0; Win64; x64; rv:94.0) Gecko/20100101 Firefox/94.0"
62.210.64.72 - - [21/Jul/2025:20:49:37 +0000] "POST /xmlrpc.php HTTP/1.1" 200 206 "-" "Mozilla/5.0 (Windows NT 10.0; Win64; x64; rv:95.0) Gecko/20100101 Firefox/95.0"
62.210.64.72 - - [21/Jul/2025:20:49:39 +0000] "POST /xmlrpc.php HTTP/1.1" 200 206 "-" "Mozilla/5.0 (Windows NT 10.0; Win64; x64; rv:91.0) Gecko/20100101 Firefox/91.0"
62.210.64.72 - - [21/Jul/2025:20:49:40 +0000] "POST /xmlrpc.php HTTP/1.1" 200 206 "-" "Mozilla/5.0 (Windows NT 10.0; Win64; x64; rv:91.0) Gecko/20100101 Firefox/91.0"
62.210.64.72 - - [21/Jul/2025:20:49:41 +0000] "POST /xmlrpc.php HTTP/1.1" 200 206 "-" "Mozilla/5.0 (Windows NT 10.0; Win64; x64; rv:59.0) Gecko/20100101 Firefox/59.0"
66.249.65.197 - - [21/Jul/2025:20:50:20 +0000] "GET /item/tower70661182/ HTTP/1.1" 200 39947 "-" "Mozilla/5.0 (Linux; Android 6.0.1; Nexus 5X Build/MMB29P) AppleWebKit/537.36 (KHTML, like Gecko) Chrome/137.0.7151.103 Mobile Safari/537.36 (compatible; Googlebot/2.1; +http://www.google.com/bot.html)"
66.249.65.197 - - [21/Jul/2025:20:50:23 +0000] "POST /get-message-notify HTTP/1.1" 200 40344 "https://abl.academy/item/tower70661182/" "Mozilla/5.0 (Linux; Android 6.0.1; Nexus 5X Build/MMB29P) AppleWebKit/537.36 (KHTML, like Gecko) Chrome/137.0.7151.119 Mobile Safari/537.36 (compatible; Googlebot/2.1; +http://www.google.com/bot.html)"
66.249.65.198 - - [21/Jul/2025:20:50:58 +0000] "GET /item/form41320763/ HTTP/1.1" 200 40095 "-" "Mozilla/5.0 (Linux; Android 6.0.1; Nexus 5X Build/MMB29P) AppleWebKit/537.36 (KHTML, like Gecko) Chrome/137.0.7151.103 Mobile Safari/537.36 (compatible; Googlebot/2.1; +http://www.google.com/bot.html)"
66.249.65.197 - - [21/Jul/2025:20:51:09 +0000] "POST /get-message-notify HTTP/1.1" 200 40273 "https://abl.academy/item/form41320763/" "Mozilla/5.0 (Linux; Android 6.0.1; Nexus 5X Build/MMB29P) AppleWebKit/537.36 (KHTML, like Gecko) Chrome/137.0.7151.119 Mobile Safari/537.36 (compatible; Googlebot/2.1; +http://www.google.com/bot.html)"
66.249.65.197 - - [21/Jul/2025:20:51:28 +0000] "GET /item/sad40732771/ HTTP/1.1" 200 40558 "-" "Mozilla/5.0 (Linux; Android 6.0.1; Nexus 5X Build/MMB29P) AppleWebKit/537.36 (KHTML, like Gecko) Chrome/137.0.7151.103 Mobile Safari/537.36 (compatible; Googlebot/2.1; +http://www.google.com/bot.html)"
66.249.65.197 - - [21/Jul/2025:20:52:49 +0000] "GET /item/morni50741028/ HTTP/1.1" 200 40262 "-" "Mozilla/5.0 (Linux; Android 6.0.1; Nexus 5X Build/MMB29P) AppleWebKit/537.36 (KHTML, like Gecko) Chrome/137.0.7151.103 Mobile Safari/537.36 (compatible; Googlebot/2.1; +http://www.google.com/bot.html)"
66.249.65.197 - - [21/Jul/2025:20:53:45 +0000] "GET /sitemape.xml HTTP/1.1" 200 12559 "-" "Mozilla/5.0 (compatible; Googlebot/2.1; +http://www.google.com/bot.html)"
66.249.65.198 - - [21/Jul/2025:20:54:24 +0000] "GET /item/each41752339/ HTTP/1.1" 200 40437 "-" "Mozilla/5.0 (Linux; Android 6.0.1; Nexus 5X Build/MMB29P) AppleWebKit/537.36 (KHTML, like Gecko) Chrome/137.0.7151.103 Mobile Safari/537.36 (compatible; Googlebot/2.1; +http://www.google.com/bot.html)"
