5.255.231.188 - - [21/Jul/2025:23:31:46 +0000] "GET /item/unity12351008/ HTTP/1.1" 404 9551 "-" "Mozilla/5.0 (compatible; YandexBot/3.0; +http://yandex.com/bots)"
209.74.77.214 - - [21/Jul/2025:23:34:29 +0000] "POST /wp-cron.php?doing_wp_cron=1753140869.9287390708923339843750 HTTP/1.1" 200 - "-" "WordPress/6.8.2; https://abl.academy"
5.1.11.49 - - [21/Jul/2025:23:34:28 +0000] "GET /lms-wordpress-plugin/ HTTP/1.0" 200 69394 "https://abl.academy/lms-wordpress-plugin/" "Mozilla/5.0 (Windows NT 10.0; Win64; x64) AppleWebKit/537.36 (KHTML, like Gecko) Chrome/129.0.0.0 Safari/537.36"
209.74.77.214 - - [21/Jul/2025:23:34:31 +0000] "POST /wp-cron.php?doing_wp_cron=1753140871.3532009124755859375000 HTTP/1.1" 200 - "-" "WordPress/6.8.2; https://abl.academy"
5.1.11.49 - - [21/Jul/2025:23:34:31 +0000] "POST /wp-comments-post.php HTTP/1.0" 302 - "https://abl.academy/lms-wordpress-plugin/" "Mozilla/5.0 (Windows NT 10.0; Win64; x64) AppleWebKit/537.36 (KHTML, like Gecko) Chrome/129.0.0.0 Safari/537.36"
5.1.11.49 - - [21/Jul/2025:23:34:32 +0000] "GET /lms-wordpress-plugin/?unapproved=6360&moderation-hash=8ef1f388e4413b3157a9f4f39769bd8d HTTP/1.0" 200 69483 "https://abl.academy/lms-wordpress-plugin/?unapproved=6360&moderation-hash=8ef1f388e4413b3157a9f4f39769bd8d#comment-6360" "Mozilla/5.0 (Windows NT 10.0; Win64; x64) AppleWebKit/537.36 (KHTML, like Gecko) Chrome/129.0.0.0 Safari/537.36"
66.249.65.198 - - [21/Jul/2025:23:41:13 +0000] "GET /item/maths61733693/ HTTP/1.1" 200 40815 "-" "Mozilla/5.0 (Linux; Android 6.0.1; Nexus 5X Build/MMB29P) AppleWebKit/537.36 (KHTML, like Gecko) Chrome/137.0.7151.103 Mobile Safari/537.36 (compatible; Googlebot/2.1; +http://www.google.com/bot.html)"
66.249.65.198 - - [21/Jul/2025:23:41:15 +0000] "GET /item/agree62305109/ HTTP/1.1" 200 40329 "-" "Mozilla/5.0 (Linux; Android 6.0.1; Nexus 5X Build/MMB29P) AppleWebKit/537.36 (KHTML, like Gecko) Chrome/137.0.7151.103 Mobile Safari/537.36 (compatible; Googlebot/2.1; +http://www.google.com/bot.html)"
209.74.77.214 - - [21/Jul/2025:23:41:28 +0000] "POST /wp-cron.php?doing_wp_cron=1753141288.8650069236755371093750 HTTP/1.1" 200 - "-" "WordPress/6.8.2; https://abl.academy"
5.1.11.49 - - [21/Jul/2025:23:41:26 +0000] "GET /lms-wordpress-plugin/ HTTP/1.0" 200 69394 "https://abl.academy/lms-wordpress-plugin/" "Mozilla/5.0 (Windows NT 10.0; Win64; x64) AppleWebKit/537.36 (KHTML, like Gecko) Chrome/131.0.0.0 Safari/537.36 Avast/131.0.0.0"
5.1.11.49 - - [21/Jul/2025:23:41:30 +0000] "POST /wp-comments-post.php HTTP/1.0" 302 - "https://abl.academy/lms-wordpress-plugin/" "Mozilla/5.0 (Windows NT 10.0; Win64; x64) AppleWebKit/537.36 (KHTML, like Gecko) Chrome/131.0.0.0 Safari/537.36 Avast/131.0.0.0"
209.74.77.214 - - [21/Jul/2025:23:41:31 +0000] "POST /wp-cron.php?doing_wp_cron=1753141291.6117689609527587890625 HTTP/1.1" 200 - "-" "WordPress/6.8.2; https://abl.academy"
5.1.11.49 - - [21/Jul/2025:23:41:31 +0000] "GET /lms-wordpress-plugin/?unapproved=6361&moderation-hash=817f92a6b5842901979187c3bc0a9b61 HTTP/1.0" 200 69483 "https://abl.academy/lms-wordpress-plugin/?unapproved=6361&moderation-hash=817f92a6b5842901979187c3bc0a9b61#comment-6361" "Mozilla/5.0 (Windows NT 10.0; Win64; x64) AppleWebKit/537.36 (KHTML, like Gecko) Chrome/131.0.0.0 Safari/537.36 Avast/131.0.0.0"
45.227.253.15 - - [21/Jul/2025:23:41:45 +0000] "GET /index.php/jk HTTP/1.1" 200 59 "-" "Mozilla/5.0 (iPhone; CPU iPhone OS 13_4 like Mac OS X) AppleWebKit/605.1.15 (KHTML, like Gecko) Version/13.4.4 Mobile/15E148 Safari/604.1"
66.249.65.197 - - [21/Jul/2025:23:41:46 +0000] "GET /item/manag70760126/ HTTP/1.1" 200 39837 "-" "Mozilla/5.0 (Linux; Android 6.0.1; Nexus 5X Build/MMB29P) AppleWebKit/537.36 (KHTML, like Gecko) Chrome/137.0.7151.103 Mobile Safari/537.36 (compatible; Googlebot/2.1; +http://www.google.com/bot.html)"
66.249.65.198 - - [21/Jul/2025:23:42:07 +0000] "GET /item/shane31195994/ HTTP/1.1" 200 39886 "-" "Mozilla/5.0 (Linux; Android 6.0.1; Nexus 5X Build/MMB29P) AppleWebKit/537.36 (KHTML, like Gecko) Chrome/137.0.7151.103 Mobile Safari/537.36 (compatible; Googlebot/2.1; +http://www.google.com/bot.html)"
66.249.65.198 - - [21/Jul/2025:23:42:08 +0000] "GET /courses/test/lessons/lesson-63/ HTTP/1.1" 200 40014 "-" "Mozilla/5.0 (Linux; Android 6.0.1; Nexus 5X Build/MMB29P) AppleWebKit/537.36 (KHTML, like Gecko) Chrome/137.0.7151.103 Mobile Safari/537.36 (compatible; Googlebot/2.1; +http://www.google.com/bot.html)"
66.249.65.197 - - [21/Jul/2025:23:42:14 +0000] "GET /item/mute42871083/ HTTP/1.1" 200 39915 "-" "Mozilla/5.0 (Linux; Android 6.0.1; Nexus 5X Build/MMB29P) AppleWebKit/537.36 (KHTML, like Gecko) Chrome/137.0.7151.103 Mobile Safari/537.36 (compatible; Googlebot/2.1; +http://www.google.com/bot.html)"
66.249.65.198 - - [21/Jul/2025:23:42:14 +0000] "GET /shopdetail/238034349 HTTP/1.1" 200 40564 "-" "Mozilla/5.0 (Linux; Android 6.0.1; Nexus 5X Build/MMB29P) AppleWebKit/537.36 (KHTML, like Gecko) Chrome/137.0.7151.103 Mobile Safari/537.36 (compatible; Googlebot/2.1; +http://www.google.com/bot.html)"
66.249.65.197 - - [21/Jul/2025:23:42:45 +0000] "POST /get-message-notify HTTP/1.1" 200 40330 "https://abl.academy/item/mute42871083/" "Mozilla/5.0 (Linux; Android 6.0.1; Nexus 5X Build/MMB29P) AppleWebKit/537.36 (KHTML, like Gecko) Chrome/137.0.7151.119 Mobile Safari/537.36 (compatible; Googlebot/2.1; +http://www.google.com/bot.html)"
66.249.65.199 - - [21/Jul/2025:23:43:05 +0000] "GET /item/join31520378/ HTTP/1.1" 200 40603 "-" "Mozilla/5.0 (Linux; Android 6.0.1; Nexus 5X Build/MMB29P) AppleWebKit/537.36 (KHTML, like Gecko) Chrome/137.0.7151.103 Mobile Safari/537.36 (compatible; Googlebot/2.1; +http://www.google.com/bot.html)"
66.249.65.198 - - [21/Jul/2025:23:43:08 +0000] "GET /item/bury32134826/ HTTP/1.1" 200 40465 "-" "Mozilla/5.0 (Linux; Android 6.0.1; Nexus 5X Build/MMB29P) AppleWebKit/537.36 (KHTML, like Gecko) Chrome/137.0.7151.103 Mobile Safari/537.36 (compatible; Googlebot/2.1; +http://www.google.com/bot.html)"
66.249.65.197 - - [21/Jul/2025:23:43:11 +0000] "GET /courses/test/lessons/lesson-81/ HTTP/1.1" 200 40258 "-" "Mozilla/5.0 (Linux; Android 6.0.1; Nexus 5X Build/MMB29P) AppleWebKit/537.36 (KHTML, like Gecko) Chrome/137.0.7151.103 Mobile Safari/537.36 (compatible; Googlebot/2.1; +http://www.google.com/bot.html)"
66.249.65.197 - - [21/Jul/2025:23:43:12 +0000] "GET /courses/test/lessons/lesson-68/ HTTP/1.1" 200 40854 "-" "Mozilla/5.0 (Linux; Android 6.0.1; Nexus 5X Build/MMB29P) AppleWebKit/537.36 (KHTML, like Gecko) Chrome/137.0.7151.103 Mobile Safari/537.36 (compatible; Googlebot/2.1; +http://www.google.com/bot.html)"
66.249.65.197 - - [21/Jul/2025:23:43:21 +0000] "GET /shopdetail/167421049 HTTP/1.1" 200 39954 "-" "Mozilla/5.0 (Linux; Android 6.0.1; Nexus 5X Build/MMB29P) AppleWebKit/537.36 (KHTML, like Gecko) Chrome/137.0.7151.103 Mobile Safari/537.36 (compatible; Googlebot/2.1; +http://www.google.com/bot.html)"
66.249.65.197 - - [21/Jul/2025:23:43:38 +0000] "GET /shopdetail/550163649 HTTP/1.1" 200 40387 "-" "Mozilla/5.0 (Linux; Android 6.0.1; Nexus 5X Build/MMB29P) AppleWebKit/537.36 (KHTML, like Gecko) Chrome/137.0.7151.103 Mobile Safari/537.36 (compatible; Googlebot/2.1; +http://www.google.com/bot.html)"
66.249.65.198 - - [21/Jul/2025:23:44:16 +0000] "GET /sitemapg.xml HTTP/1.1" 200 12870 "-" "Mozilla/5.0 (compatible; Googlebot/2.1; +http://www.google.com/bot.html)"
66.249.65.198 - - [21/Jul/2025:23:47:19 +0000] "GET /courses/test/lessons/lesson-50/ HTTP/1.1" 200 40439 "-" "Mozilla/5.0 (Linux; Android 6.0.1; Nexus 5X Build/MMB29P) AppleWebKit/537.36 (KHTML, like Gecko) Chrome/137.0.7151.103 Mobile Safari/537.36 (compatible; Googlebot/2.1; +http://www.google.com/bot.html)"
66.249.65.198 - - [21/Jul/2025:23:47:22 +0000] "POST /get-message-notify HTTP/1.1" 200 40328 "https://abl.academy/courses/test/lessons/lesson-50/" "Mozilla/5.0 (Linux; Android 6.0.1; Nexus 5X Build/MMB29P) AppleWebKit/537.36 (KHTML, like Gecko) Chrome/137.0.7151.119 Mobile Safari/537.36 (compatible; Googlebot/2.1; +http://www.google.com/bot.html)"
95.108.213.240 - - [21/Jul/2025:23:51:06 +0000] "GET /robots.txt HTTP/1.1" 200 285 "-" "Mozilla/5.0 (compatible; YandexBot/3.0; +http://yandex.com/bots)"
66.249.65.199 - - [21/Jul/2025:23:51:32 +0000] "GET /shopdetail/395021449 HTTP/1.1" 200 40110 "-" "Mozilla/5.0 (Linux; Android 6.0.1; Nexus 5X Build/MMB29P) AppleWebKit/537.36 (KHTML, like Gecko) Chrome/137.0.7151.103 Mobile Safari/537.36 (compatible; Googlebot/2.1; +http://www.google.com/bot.html)"
66.249.65.197 - - [21/Jul/2025:23:51:55 +0000] "GET / HTTP/1.1" 200 40062 "-" "Mozilla/5.0 (Linux; Android 6.0.1; Nexus 5X Build/MMB29P) AppleWebKit/537.36 (KHTML, like Gecko) Chrome/137.0.7151.103 Mobile Safari/537.36 (compatible; Googlebot/2.1; +http://www.google.com/bot.html)"
66.249.65.197 - - [21/Jul/2025:23:52:48 +0000] "GET /shopdetail/295582849 HTTP/1.1" 200 40276 "-" "Mozilla/5.0 (Linux; Android 6.0.1; Nexus 5X Build/MMB29P) AppleWebKit/537.36 (KHTML, like Gecko) Chrome/137.0.7151.103 Mobile Safari/537.36 (compatible; Googlebot/2.1; +http://www.google.com/bot.html)"
66.249.65.197 - - [21/Jul/2025:23:52:50 +0000] "GET /shopdetail/236564049 HTTP/1.1" 200 39947 "-" "Mozilla/5.0 (Linux; Android 6.0.1; Nexus 5X Build/MMB29P) AppleWebKit/537.36 (KHTML, like Gecko) Chrome/137.0.7151.103 Mobile Safari/537.36 (compatible; Googlebot/2.1; +http://www.google.com/bot.html)"
66.249.65.197 - - [21/Jul/2025:23:53:13 +0000] "POST /get-message-notify HTTP/1.1" 200 40404 "https://abl.academy/shopdetail/236564049" "Mozilla/5.0 (Linux; Android 6.0.1; Nexus 5X Build/MMB29P) AppleWebKit/537.36 (KHTML, like Gecko) Chrome/137.0.7151.119 Mobile Safari/537.36 (compatible; Googlebot/2.1; +http://www.google.com/bot.html)"
66.249.65.198 - - [21/Jul/2025:23:54:28 +0000] "GET /courses/test/lessons/lesson-34/ HTTP/1.1" 200 40010 "-" "Mozilla/5.0 (Linux; Android 6.0.1; Nexus 5X Build/MMB29P) AppleWebKit/537.36 (KHTML, like Gecko) Chrome/137.0.7151.103 Mobile Safari/537.36 (compatible; Googlebot/2.1; +http://www.google.com/bot.html)"
209.74.77.214 - - [21/Jul/2025:23:54:44 +0000] "POST /wp-cron.php?doing_wp_cron=1753142084.5048201084136962890625 HTTP/1.1" 200 - "-" "WordPress/6.8.2; https://abl.academy"
23.21.119.232 - - [21/Jul/2025:23:54:42 +0000] "GET /product/cup-princely-break/ HTTP/1.1" 200 30179 "-" "Mozilla/5.0 AppleWebKit/537.36 (KHTML, like Gecko; compatible; Amazonbot/0.1; +https://developer.amazon.com/support/amazonbot) Chrome/119.0.6045.214 Safari/537.36"
44.216.172.204 - - [21/Jul/2025:23:54:47 +0000] "GET /courses/accelerate-your-course-creation-speed/ HTTP/1.1" 200 32933 "-" "Mozilla/5.0 AppleWebKit/537.36 (KHTML, like Gecko; compatible; Amazonbot/0.1; +https://developer.amazon.com/support/amazonbot) Chrome/119.0.6045.214 Safari/537.36"
52.203.65.83 - - [21/Jul/2025:23:54:50 +0000] "GET /product-category/cookware/ HTTP/1.1" 200 27857 "-" "Mozilla/5.0 AppleWebKit/537.36 (KHTML, like Gecko; compatible; Amazonbot/0.1; +https://developer.amazon.com/support/amazonbot) Chrome/119.0.6045.214 Safari/537.36"
44.212.106.171 - - [21/Jul/2025:23:54:54 +0000] "GET /courses/how-to-teach-an-online-course/ HTTP/1.1" 200 33308 "-" "Mozilla/5.0 AppleWebKit/537.36 (KHTML, like Gecko; compatible; Amazonbot/0.1; +https://developer.amazon.com/support/amazonbot) Chrome/119.0.6045.214 Safari/537.36"
52.2.4.213 - - [21/Jul/2025:23:54:58 +0000] "GET /courses/test/lessons/lesson-75/ HTTP/1.1" 200 32742 "-" "Mozilla/5.0 AppleWebKit/537.36 (KHTML, like Gecko; compatible; Amazonbot/0.1; +https://developer.amazon.com/support/amazonbot) Chrome/119.0.6045.214 Safari/537.36"
34.199.252.22 - - [21/Jul/2025:23:55:02 +0000] "GET /courses/test/quizzes/quiz-3/ HTTP/1.1" 200 32872 "-" "Mozilla/5.0 AppleWebKit/537.36 (KHTML, like Gecko; compatible; Amazonbot/0.1; +https://developer.amazon.com/support/amazonbot) Chrome/119.0.6045.214 Safari/537.36"
66.249.65.199 - - [21/Jul/2025:23:55:07 +0000] "POST /get-message-notify HTTP/1.1" 200 40335 "https://abl.academy/courses/test/lessons/lesson-34/" "Mozilla/5.0 (Linux; Android 6.0.1; Nexus 5X Build/MMB29P) AppleWebKit/537.36 (KHTML, like Gecko) Chrome/137.0.7151.119 Mobile Safari/537.36 (compatible; Googlebot/2.1; +http://www.google.com/bot.html)"
66.249.65.199 - - [21/Jul/2025:23:56:05 +0000] "GET /shopdetail/356376349 HTTP/1.1" 200 40217 "-" "Mozilla/5.0 (Linux; Android 6.0.1; Nexus 5X Build/MMB29P) AppleWebKit/537.36 (KHTML, like Gecko) Chrome/137.0.7151.103 Mobile Safari/537.36 (compatible; Googlebot/2.1; +http://www.google.com/bot.html)"
66.249.65.197 - - [21/Jul/2025:23:56:14 +0000] "POST /get-message-notify HTTP/1.1" 200 40321 "https://abl.academy/shopdetail/356376349" "Mozilla/5.0 (Linux; Android 6.0.1; Nexus 5X Build/MMB29P) AppleWebKit/537.36 (KHTML, like Gecko) Chrome/137.0.7151.119 Mobile Safari/537.36 (compatible; Googlebot/2.1; +http://www.google.com/bot.html)"
66.249.65.197 - - [21/Jul/2025:23:57:50 +0000] "GET /shopdetail/247067849 HTTP/1.1" 200 40682 "-" "Mozilla/5.0 (Linux; Android 6.0.1; Nexus 5X Build/MMB29P) AppleWebKit/537.36 (KHTML, like Gecko) Chrome/137.0.7151.103 Mobile Safari/537.36 (compatible; Googlebot/2.1; +http://www.google.com/bot.html)"
66.249.65.198 - - [21/Jul/2025:23:59:27 +0000] "GET /game.html HTTP/1.1" 200 40159 "-" "Mozilla/5.0 (Linux; Android 6.0.1; Nexus 5X Build/MMB29P) AppleWebKit/537.36 (KHTML, like Gecko) Chrome/138.0.7204.157 Mobile Safari/537.36 (compatible; Googlebot/2.1; +http://www.google.com/bot.html)"
66.249.65.197 - - [22/Jul/2025:00:00:48 +0000] "POST /get-message-notify HTTP/1.1" 200 40260 "https://abl.academy/shopdetail/247067849" "Mozilla/5.0 (Linux; Android 6.0.1; Nexus 5X Build/MMB29P) AppleWebKit/537.36 (KHTML, like Gecko) Chrome/137.0.7151.119 Mobile Safari/537.36 (compatible; Googlebot/2.1; +http://www.google.com/bot.html)"
66.249.65.197 - - [22/Jul/2025:00:01:05 +0000] "GET /search?category=1100&search_word= HTTP/1.1" 200 40822 "-" "Mozilla/5.0 (Linux; Android 6.0.1; Nexus 5X Build/MMB29P) AppleWebKit/537.36 (KHTML, like Gecko) Chrome/138.0.7204.157 Mobile Safari/537.36 (compatible; Googlebot/2.1; +http://www.google.com/bot.html)"
66.249.65.198 - - [22/Jul/2025:00:01:23 +0000] "GET /search?category=703&search_word= HTTP/1.1" 200 40935 "-" "Mozilla/5.0 (Linux; Android 6.0.1; Nexus 5X Build/MMB29P) AppleWebKit/537.36 (KHTML, like Gecko) Chrome/138.0.7204.157 Mobile Safari/537.36 (compatible; Googlebot/2.1; +http://www.google.com/bot.html)"
66.249.65.198 - - [22/Jul/2025:00:05:01 +0000] "GET /boyslove.html HTTP/1.1" 200 40094 "-" "Mozilla/5.0 (Linux; Android 6.0.1; Nexus 5X Build/MMB29P) AppleWebKit/537.36 (KHTML, like Gecko) Chrome/138.0.7204.157 Mobile Safari/537.36 (compatible; Googlebot/2.1; +http://www.google.com/bot.html)"
66.249.65.197 - - [22/Jul/2025:00:05:18 +0000] "GET /vintagegame.html HTTP/1.1" 200 39969 "-" "Mozilla/5.0 (Linux; Android 6.0.1; Nexus 5X Build/MMB29P) AppleWebKit/537.36 (KHTML, like Gecko) Chrome/138.0.7204.157 Mobile Safari/537.36 (compatible; Googlebot/2.1; +http://www.google.com/bot.html)"
66.249.65.198 - - [22/Jul/2025:00:07:47 +0000] "GET /item/obsta62677821/ HTTP/1.1" 200 40122 "-" "Mozilla/5.0 (Linux; Android 6.0.1; Nexus 5X Build/MMB29P) AppleWebKit/537.36 (KHTML, like Gecko) Chrome/137.0.7151.103 Mobile Safari/537.36 (compatible; Googlebot/2.1; +http://www.google.com/bot.html)"
209.74.77.214 - - [22/Jul/2025:00:07:58 +0000] "POST /wp-cron.php?doing_wp_cron=1753142878.2636239528656005859375 HTTP/1.1" 200 - "-" "WordPress/6.8.2; https://abl.academy"
52.167.144.194 - - [22/Jul/2025:00:07:56 +0000] "GET /portfolio/ HTTP/1.1" 301 - "-" "Mozilla/5.0 AppleWebKit/537.36 (KHTML, like Gecko; compatible; bingbot/2.0; +http://www.bing.com/bingbot.htm) Chrome/116.0.1938.76 Safari/537.36"
66.249.65.198 - - [22/Jul/2025:00:08:32 +0000] "GET /search?category=403&search_word= HTTP/1.1" 200 40799 "-" "Mozilla/5.0 (Linux; Android 6.0.1; Nexus 5X Build/MMB29P) AppleWebKit/537.36 (KHTML, like Gecko) Chrome/138.0.7204.157 Mobile Safari/537.36 (compatible; Googlebot/2.1; +http://www.google.com/bot.html)"
66.249.65.198 - - [22/Jul/2025:00:08:53 +0000] "GET /item/pensi42418427/ HTTP/1.1" 200 40112 "-" "Mozilla/5.0 (Linux; Android 6.0.1; Nexus 5X Build/MMB29P) AppleWebKit/537.36 (KHTML, like Gecko) Chrome/137.0.7151.103 Mobile Safari/537.36 (compatible; Googlebot/2.1; +http://www.google.com/bot.html)"
66.249.65.198 - - [22/Jul/2025:00:09:07 +0000] "GET /cd.html HTTP/1.1" 200 39861 "-" "Mozilla/5.0 (Linux; Android 6.0.1; Nexus 5X Build/MMB29P) AppleWebKit/537.36 (KHTML, like Gecko) Chrome/138.0.7204.157 Mobile Safari/537.36 (compatible; Googlebot/2.1; +http://www.google.com/bot.html)"
66.249.65.198 - - [22/Jul/2025:00:09:28 +0000] "POST /get-message-notify HTTP/1.1" 200 40282 "https://abl.academy/item/pensi42418427/" "Mozilla/5.0 (Linux; Android 6.0.1; Nexus 5X Build/MMB29P) AppleWebKit/537.36 (KHTML, like Gecko) Chrome/137.0.7151.119 Mobile Safari/537.36 (compatible; Googlebot/2.1; +http://www.google.com/bot.html)"
66.249.65.197 - - [22/Jul/2025:00:09:48 +0000] "GET /search?category=1002&search_word= HTTP/1.1" 200 40810 "-" "Mozilla/5.0 (Linux; Android 6.0.1; Nexus 5X Build/MMB29P) AppleWebKit/537.36 (KHTML, like Gecko) Chrome/138.0.7204.157 Mobile Safari/537.36 (compatible; Googlebot/2.1; +http://www.google.com/bot.html)"
66.249.65.198 - - [22/Jul/2025:00:10:13 +0000] "GET /hobby.html HTTP/1.1" 200 39792 "-" "Mozilla/5.0 (Linux; Android 6.0.1; Nexus 5X Build/MMB29P) AppleWebKit/537.36 (KHTML, like Gecko) Chrome/138.0.7204.157 Mobile Safari/537.36 (compatible; Googlebot/2.1; +http://www.google.com/bot.html)"
66.249.65.197 - - [22/Jul/2025:00:10:18 +0000] "GET /item/full70713102/ HTTP/1.1" 200 40371 "-" "Mozilla/5.0 (Linux; Android 6.0.1; Nexus 5X Build/MMB29P) AppleWebKit/537.36 (KHTML, like Gecko) Chrome/137.0.7151.103 Mobile Safari/537.36 (compatible; Googlebot/2.1; +http://www.google.com/bot.html)"
66.249.65.197 - - [22/Jul/2025:00:11:18 +0000] "GET /kaden.html HTTP/1.1" 200 40327 "-" "Mozilla/5.0 (Linux; Android 6.0.1; Nexus 5X Build/MMB29P) AppleWebKit/537.36 (KHTML, like Gecko) Chrome/138.0.7204.157 Mobile Safari/537.36 (compatible; Googlebot/2.1; +http://www.google.com/bot.html)"
66.249.65.199 - - [22/Jul/2025:00:12:33 +0000] "GET /search?category=305&search_word= HTTP/1.1" 200 40761 "-" "Mozilla/5.0 (Linux; Android 6.0.1; Nexus 5X Build/MMB29P) AppleWebKit/537.36 (KHTML, like Gecko) Chrome/138.0.7204.157 Mobile Safari/537.36 (compatible; Googlebot/2.1; +http://www.google.com/bot.html)"
66.249.65.198 - - [22/Jul/2025:00:12:51 +0000] "GET /search?category=802&search_word= HTTP/1.1" 200 40873 "-" "Mozilla/5.0 (Linux; Android 6.0.1; Nexus 5X Build/MMB29P) AppleWebKit/537.36 (KHTML, like Gecko) Chrome/138.0.7204.157 Mobile Safari/537.36 (compatible; Googlebot/2.1; +http://www.google.com/bot.html)"
66.249.65.197 - - [22/Jul/2025:00:16:00 +0000] "GET /shopdetail/566954349 HTTP/1.1" 200 39953 "-" "Mozilla/5.0 (Linux; Android 6.0.1; Nexus 5X Build/MMB29P) AppleWebKit/537.36 (KHTML, like Gecko) Chrome/137.0.7151.103 Mobile Safari/537.36 (compatible; Googlebot/2.1; +http://www.google.com/bot.html)"
66.249.65.197 - - [22/Jul/2025:00:16:14 +0000] "GET /shopdetail/206348249 HTTP/1.1" 200 39985 "-" "Mozilla/5.0 (Linux; Android 6.0.1; Nexus 5X Build/MMB29P) AppleWebKit/537.36 (KHTML, like Gecko) Chrome/137.0.7151.103 Mobile Safari/537.36 (compatible; Googlebot/2.1; +http://www.google.com/bot.html)"
85.208.96.200 - - [22/Jul/2025:00:17:06 +0000] "GET /robots.txt HTTP/1.1" 200 114 "-" "Mozilla/5.0 (compatible; SemrushBot/7~bl; +http://www.semrush.com/bot.html)"
209.74.77.214 - - [22/Jul/2025:00:17:08 +0000] "POST /wp-cron.php?doing_wp_cron=1753143428.4394950866699218750000 HTTP/1.1" 200 - "-" "WordPress/6.8.2; https://abl.academy"
85.208.96.203 - - [22/Jul/2025:00:17:06 +0000] "GET /courses/introduction-learnpress-lms-plugin/ HTTP/1.1" 200 33171 "-" "Mozilla/5.0 (compatible; SemrushBot/7~bl; +http://www.semrush.com/bot.html)"
66.249.65.197 - - [22/Jul/2025:00:17:34 +0000] "GET /search?category=416&search_word= HTTP/1.1" 200 40846 "-" "Mozilla/5.0 (Linux; Android 6.0.1; Nexus 5X Build/MMB29P) AppleWebKit/537.36 (KHTML, like Gecko) Chrome/138.0.7204.157 Mobile Safari/537.36 (compatible; Googlebot/2.1; +http://www.google.com/bot.html)"
66.249.65.198 - - [22/Jul/2025:00:20:20 +0000] "GET /item/rotte80570767/ HTTP/1.1" 200 40043 "-" "Mozilla/5.0 (Linux; Android 6.0.1; Nexus 5X Build/MMB29P) AppleWebKit/537.36 (KHTML, like Gecko) Chrome/137.0.7151.103 Mobile Safari/537.36 (compatible; Googlebot/2.1; +http://www.google.com/bot.html)"
45.94.31.207 - - [22/Jul/2025:00:20:42 +0000] "GET / HTTP/1.1" 200 44668 "-" "Mozlila/5.0 (Linux; Android 7.0; SM-G892A Bulid/NRD90M; wv) AppleWebKit/537.36 (KHTML, like Gecko) Version/4.0 Chrome/60.0.3112.107 Moblie Safari/537.36"
45.94.31.207 - - [22/Jul/2025:00:20:42 +0000] "GET /wp-content/themes/seotheme/db.php?u HTTP/1.1" 404 44376 "www.google.com" "Mozlila/5.0 (Linux; Android 7.0; SM-G892A Bulid/NRD90M; wv) AppleWebKit/537.36 (KHTML, like Gecko) Version/4.0 Chrome/60.0.3112.107 Moblie Safari/537.36"
45.94.31.207 - - [22/Jul/2025:00:20:43 +0000] "GET /wp-content/plugins/apikey/apikey.php?test=hello HTTP/1.1" 404 44384 "-" "Mozlila/5.0 (Linux; Android 7.0; SM-G892A Bulid/NRD90M; wv) AppleWebKit/537.36 (KHTML, like Gecko) Version/4.0 Chrome/60.0.3112.107 Moblie Safari/537.36"
45.94.31.207 - - [22/Jul/2025:00:20:43 +0000] "GET /plugins/content/apismtp/apismtp.php?test=hello HTTP/1.1" 404 44384 "-" "Mozlila/5.0 (Linux; Android 7.0; SM-G892A Bulid/NRD90M; wv) AppleWebKit/537.36 (KHTML, like Gecko) Version/4.0 Chrome/60.0.3112.107 Moblie Safari/537.36"
45.94.31.207 - - [22/Jul/2025:00:20:43 +0000] "POST /wp-plain.php HTTP/1.1" 404 44370 "www.google.com" "Mozilla/5.0 (Linux; Android 7.0; SM-G892A Bulid/NRD90M; wv) AppleWebKit/537.36 (KHTML, like Gecko) Version/4.0 Chrome/60.0.3112.107 Moblie Safari/537.36"
45.94.31.207 - - [22/Jul/2025:00:20:43 +0000] "GET /wp-content/plugins/apikey/apikey.php.suspected?test=hello HTTP/1.1" 404 44384 "-" "Mozlila/5.0 (Linux; Android 7.0; SM-G892A Bulid/NRD90M; wv) AppleWebKit/537.36 (KHTML, like Gecko) Version/4.0 Chrome/60.0.3112.107 Moblie Safari/537.36"
45.94.31.207 - - [22/Jul/2025:00:20:44 +0000] "GET /plugins/content/apismtp/apismtp.php.suspected?test=hello HTTP/1.1" 404 44384 "-" "Mozlila/5.0 (Linux; Android 7.0; SM-G892A Bulid/NRD90M; wv) AppleWebKit/537.36 (KHTML, like Gecko) Version/4.0 Chrome/60.0.3112.107 Moblie Safari/537.36"
45.94.31.207 - - [22/Jul/2025:00:20:44 +0000] "GET /rscvfvob.php?Fox=d3wL7 HTTP/1.1" 404 44370 "www.google.com" "Mozilla/5.0 (Linux; Android 7.0; SM-G892A Bulid/NRD90M; wv) AppleWebKit/537.36 (KHTML, like Gecko) Version/4.0 Chrome/60.0.3112.107 Moblie Safari/537.36"
66.249.65.198 - - [22/Jul/2025:00:21:12 +0000] "GET /search?category=407&search_word= HTTP/1.1" 200 40889 "-" "Mozilla/5.0 (Linux; Android 6.0.1; Nexus 5X Build/MMB29P) AppleWebKit/537.36 (KHTML, like Gecko) Chrome/138.0.7204.157 Mobile Safari/537.36 (compatible; Googlebot/2.1; +http://www.google.com/bot.html)"
66.249.65.197 - - [22/Jul/2025:00:21:29 +0000] "GET /search?category=1004&search_word= HTTP/1.1" 200 40789 "-" "Mozilla/5.0 (Linux; Android 6.0.1; Nexus 5X Build/MMB29P) AppleWebKit/537.36 (KHTML, like Gecko) Chrome/138.0.7204.157 Mobile Safari/537.36 (compatible; Googlebot/2.1; +http://www.google.com/bot.html)"
66.249.65.197 - - [22/Jul/2025:00:22:18 +0000] "GET /search?category=20038&search_word= HTTP/1.1" 200 40720 "-" "Mozilla/5.0 (Linux; Android 6.0.1; Nexus 5X Build/MMB29P) AppleWebKit/537.36 (KHTML, like Gecko) Chrome/138.0.7204.157 Mobile Safari/537.36 (compatible; Googlebot/2.1; +http://www.google.com/bot.html)"
66.249.65.199 - - [22/Jul/2025:00:24:04 +0000] "GET /search?category=1011&search_word= HTTP/1.1" 200 40807 "-" "Mozilla/5.0 (Linux; Android 6.0.1; Nexus 5X Build/MMB29P) AppleWebKit/537.36 (KHTML, like Gecko) Chrome/138.0.7204.157 Mobile Safari/537.36 (compatible; Googlebot/2.1; +http://www.google.com/bot.html)"
66.249.65.197 - - [22/Jul/2025:00:25:01 +0000] "GET /search?category=308&search_word= HTTP/1.1" 200 40724 "-" "Mozilla/5.0 (Linux; Android 6.0.1; Nexus 5X Build/MMB29P) AppleWebKit/537.36 (KHTML, like Gecko) Chrome/138.0.7204.157 Mobile Safari/537.36 (compatible; Googlebot/2.1; +http://www.google.com/bot.html)"
66.249.65.197 - - [22/Jul/2025:00:25:10 +0000] "GET /search?category=1018&search_word= HTTP/1.1" 200 40789 "-" "Mozilla/5.0 (Linux; Android 6.0.1; Nexus 5X Build/MMB29P) AppleWebKit/537.36 (KHTML, like Gecko) Chrome/138.0.7204.157 Mobile Safari/537.36 (compatible; Googlebot/2.1; +http://www.google.com/bot.html)"
66.249.65.199 - - [22/Jul/2025:00:25:19 +0000] "GET /search?category=1015&search_word= HTTP/1.1" 200 40718 "-" "Mozilla/5.0 (Linux; Android 6.0.1; Nexus 5X Build/MMB29P) AppleWebKit/537.36 (KHTML, like Gecko) Chrome/138.0.7204.157 Mobile Safari/537.36 (compatible; Googlebot/2.1; +http://www.google.com/bot.html)"
66.249.65.199 - - [22/Jul/2025:00:26:24 +0000] "GET /search?category=50109&search_word= HTTP/1.1" 200 40737 "-" "Mozilla/5.0 (Linux; Android 6.0.1; Nexus 5X Build/MMB29P) AppleWebKit/537.36 (KHTML, like Gecko) Chrome/138.0.7204.157 Mobile Safari/537.36 (compatible; Googlebot/2.1; +http://www.google.com/bot.html)"
66.249.65.198 - - [22/Jul/2025:00:27:21 +0000] "GET /shopdetail/566954349 HTTP/1.1" 200 40003 "-" "Mozilla/5.0 (Linux; Android 6.0.1; Nexus 5X Build/MMB29P) AppleWebKit/537.36 (KHTML, like Gecko) Chrome/137.0.7151.103 Mobile Safari/537.36 (compatible; Googlebot/2.1; +http://www.google.com/bot.html)"
66.249.65.197 - - [22/Jul/2025:00:27:23 +0000] "GET /shopdetail/206348249 HTTP/1.1" 200 39862 "-" "Mozilla/5.0 (Linux; Android 6.0.1; Nexus 5X Build/MMB29P) AppleWebKit/537.36 (KHTML, like Gecko) Chrome/137.0.7151.103 Mobile Safari/537.36 (compatible; Googlebot/2.1; +http://www.google.com/bot.html)"
66.249.65.197 - - [22/Jul/2025:00:28:18 +0000] "GET /search?category=1010&search_word= HTTP/1.1" 200 40921 "-" "Mozilla/5.0 (Linux; Android 6.0.1; Nexus 5X Build/MMB29P) AppleWebKit/537.36 (KHTML, like Gecko) Chrome/138.0.7204.157 Mobile Safari/537.36 (compatible; Googlebot/2.1; +http://www.google.com/bot.html)"
66.249.65.197 - - [22/Jul/2025:00:28:27 +0000] "POST /get-message-notify HTTP/1.1" 200 40338 "https://abl.academy/shopdetail/566954349" "Mozilla/5.0 (Linux; Android 6.0.1; Nexus 5X Build/MMB29P) AppleWebKit/537.36 (KHTML, like Gecko) Chrome/137.0.7151.119 Mobile Safari/537.36 (compatible; Googlebot/2.1; +http://www.google.com/bot.html)"
66.249.65.197 - - [22/Jul/2025:00:29:00 +0000] "GET /recruit HTTP/1.1" 200 39792 "-" "Mozilla/5.0 (Linux; Android 6.0.1; Nexus 5X Build/MMB29P) AppleWebKit/537.36 (KHTML, like Gecko) Chrome/138.0.7204.157 Mobile Safari/537.36 (compatible; Googlebot/2.1; +http://www.google.com/bot.html)"
66.249.65.197 - - [22/Jul/2025:00:34:19 +0000] "GET /item/pot20459489/ HTTP/1.1" 200 41219 "-" "Mozilla/5.0 (Linux; Android 6.0.1; Nexus 5X Build/MMB29P) AppleWebKit/537.36 (KHTML, like Gecko) Chrome/137.0.7151.103 Mobile Safari/537.36 (compatible; Googlebot/2.1; +http://www.google.com/bot.html)"
66.249.65.199 - - [22/Jul/2025:00:35:04 +0000] "GET /search?category=50001&search_word= HTTP/1.1" 200 40797 "-" "Mozilla/5.0 (Linux; Android 6.0.1; Nexus 5X Build/MMB29P) AppleWebKit/537.36 (KHTML, like Gecko) Chrome/138.0.7204.157 Mobile Safari/537.36 (compatible; Googlebot/2.1; +http://www.google.com/bot.html)"
66.249.65.198 - - [22/Jul/2025:00:35:10 +0000] "POST /get-message-notify HTTP/1.1" 200 40325 "https://abl.academy/item/pot20459489/" "Mozilla/5.0 (Linux; Android 6.0.1; Nexus 5X Build/MMB29P) AppleWebKit/537.36 (KHTML, like Gecko) Chrome/137.0.7151.119 Mobile Safari/537.36 (compatible; Googlebot/2.1; +http://www.google.com/bot.html)"
66.249.65.197 - - [22/Jul/2025:00:35:18 +0000] "GET /item/yet42116451/ HTTP/1.1" 200 39935 "-" "Mozilla/5.0 (Linux; Android 6.0.1; Nexus 5X Build/MMB29P) AppleWebKit/537.36 (KHTML, like Gecko) Chrome/137.0.7151.103 Mobile Safari/537.36 (compatible; Googlebot/2.1; +http://www.google.com/bot.html)"
66.249.65.198 - - [22/Jul/2025:00:36:27 +0000] "GET /item/antiq20002433/ HTTP/1.1" 200 40075 "-" "Mozilla/5.0 (Linux; Android 6.0.1; Nexus 5X Build/MMB29P) AppleWebKit/537.36 (KHTML, like Gecko) Chrome/137.0.7151.103 Mobile Safari/537.36 (compatible; Googlebot/2.1; +http://www.google.com/bot.html)"
66.249.65.199 - - [22/Jul/2025:00:37:03 +0000] "POST /get-message-notify HTTP/1.1" 200 40326 "https://abl.academy/item/antiq20002433/" "Mozilla/5.0 (Linux; Android 6.0.1; Nexus 5X Build/MMB29P) AppleWebKit/537.36 (KHTML, like Gecko) Chrome/137.0.7151.119 Mobile Safari/537.36 (compatible; Googlebot/2.1; +http://www.google.com/bot.html)"
87.250.224.45 - - [22/Jul/2025:00:37:30 +0000] "GET /robots.txt HTTP/1.1" 200 285 "-" "Mozilla/5.0 (compatible; YandexBot/3.0; +http://yandex.com/bots)"
209.74.77.214 - - [22/Jul/2025:00:37:33 +0000] "POST /wp-cron.php?doing_wp_cron=1753144653.2527220249176025390625 HTTP/1.1" 200 - "-" "WordPress/6.8.2; https://abl.academy"
5.255.231.11 - - [22/Jul/2025:00:37:31 +0000] "GET /item/densi62461965/ HTTP/1.1" 404 9551 "-" "Mozilla/5.0 (compatible; YandexBot/3.0; +http://yandex.com/bots)"
66.249.65.198 - - [22/Jul/2025:00:38:43 +0000] "GET /pcmypage?callback=/product%2Fdetail%2F99790783 HTTP/1.1" 200 40027 "-" "Mozilla/5.0 (Linux; Android 6.0.1; Nexus 5X Build/MMB29P) AppleWebKit/537.36 (KHTML, like Gecko) Chrome/137.0.7151.103 Mobile Safari/537.36 (compatible; Googlebot/2.1; +http://www.google.com/bot.html)"
66.249.65.197 - - [22/Jul/2025:00:38:47 +0000] "GET /item/outlo21219345/ HTTP/1.1" 200 39843 "-" "Mozilla/5.0 (Linux; Android 6.0.1; Nexus 5X Build/MMB29P) AppleWebKit/537.36 (KHTML, like Gecko) Chrome/137.0.7151.103 Mobile Safari/537.36 (compatible; Googlebot/2.1; +http://www.google.com/bot.html)"
66.249.65.199 - - [22/Jul/2025:00:39:10 +0000] "GET /pcmypage?callback=product%2Fdetail%2F83729558 HTTP/1.1" 200 39993 "-" "Mozilla/5.0 (Linux; Android 6.0.1; Nexus 5X Build/MMB29P) AppleWebKit/537.36 (KHTML, like Gecko) Chrome/137.0.7151.103 Mobile Safari/537.36 (compatible; Googlebot/2.1; +http://www.google.com/bot.html)"
66.249.65.198 - - [22/Jul/2025:00:39:15 +0000] "GET /search?category=1101&search_word= HTTP/1.1" 200 40805 "-" "Mozilla/5.0 (Linux; Android 6.0.1; Nexus 5X Build/MMB29P) AppleWebKit/537.36 (KHTML, like Gecko) Chrome/138.0.7204.157 Mobile Safari/537.36 (compatible; Googlebot/2.1; +http://www.google.com/bot.html)"
66.249.65.197 - - [22/Jul/2025:00:39:19 +0000] "GET /pcmypage?callback=product/review/46173064 HTTP/1.1" 200 40121 "-" "Mozilla/5.0 (Linux; Android 6.0.1; Nexus 5X Build/MMB29P) AppleWebKit/537.36 (KHTML, like Gecko) Chrome/137.0.7151.103 Mobile Safari/537.36 (compatible; Googlebot/2.1; +http://www.google.com/bot.html)"
66.249.65.197 - - [22/Jul/2025:00:39:34 +0000] "GET /search?category=201&search_word= HTTP/1.1" 200 40841 "-" "Mozilla/5.0 (Linux; Android 6.0.1; Nexus 5X Build/MMB29P) AppleWebKit/537.36 (KHTML, like Gecko) Chrome/138.0.7204.157 Mobile Safari/537.36 (compatible; Googlebot/2.1; +http://www.google.com/bot.html)"
66.249.65.197 - - [22/Jul/2025:00:39:42 +0000] "GET /pcmypage?callback=product%2Fdetail%2F68836216 HTTP/1.1" 200 39972 "-" "Mozilla/5.0 (Linux; Android 6.0.1; Nexus 5X Build/MMB29P) AppleWebKit/537.36 (KHTML, like Gecko) Chrome/137.0.7151.103 Mobile Safari/537.36 (compatible; Googlebot/2.1; +http://www.google.com/bot.html)"
66.249.65.197 - - [22/Jul/2025:00:39:46 +0000] "POST /get-message-notify HTTP/1.1" 200 40384 "https://abl.academy/pcmypage?callback=product%2Fdetail%2F68836216" "Mozilla/5.0 (Linux; Android 6.0.1; Nexus 5X Build/MMB29P) AppleWebKit/537.36 (KHTML, like Gecko) Chrome/137.0.7151.119 Mobile Safari/537.36 (compatible; Googlebot/2.1; +http://www.google.com/bot.html)"
66.249.65.197 - - [22/Jul/2025:00:39:48 +0000] "POST /get-message-notify HTTP/1.1" 200 40356 "https://abl.academy/pcmypage?callback=product/review/46173064" "Mozilla/5.0 (Linux; Android 6.0.1; Nexus 5X Build/MMB29P) AppleWebKit/537.36 (KHTML, like Gecko) Chrome/137.0.7151.119 Mobile Safari/537.36 (compatible; Googlebot/2.1; +http://www.google.com/bot.html)"
66.249.65.197 - - [22/Jul/2025:00:40:07 +0000] "GET /search?category=202&search_word= HTTP/1.1" 200 40888 "-" "Mozilla/5.0 (Linux; Android 6.0.1; Nexus 5X Build/MMB29P) AppleWebKit/537.36 (KHTML, like Gecko) Chrome/138.0.7204.157 Mobile Safari/537.36 (compatible; Googlebot/2.1; +http://www.google.com/bot.html)"
66.249.65.198 - - [22/Jul/2025:00:40:32 +0000] "GET /search?category=65205&search_word= HTTP/1.1" 200 40766 "-" "Mozilla/5.0 (Linux; Android 6.0.1; Nexus 5X Build/MMB29P) AppleWebKit/537.36 (KHTML, like Gecko) Chrome/138.0.7204.157 Mobile Safari/537.36 (compatible; Googlebot/2.1; +http://www.google.com/bot.html)"
66.249.65.197 - - [22/Jul/2025:00:40:47 +0000] "GET /shopdetail/38154849 HTTP/1.1" 200 40097 "-" "Mozilla/5.0 (Linux; Android 6.0.1; Nexus 5X Build/MMB29P) AppleWebKit/537.36 (KHTML, like Gecko) Chrome/137.0.7151.103 Mobile Safari/537.36 (compatible; Googlebot/2.1; +http://www.google.com/bot.html)"
66.249.65.197 - - [22/Jul/2025:00:40:52 +0000] "GET /shopdetail/38154849 HTTP/1.1" 200 40066 "-" "Mozilla/5.0 (Linux; Android 6.0.1; Nexus 5X Build/MMB29P) AppleWebKit/537.36 (KHTML, like Gecko) Chrome/137.0.7151.103 Mobile Safari/537.36 (compatible; Googlebot/2.1; +http://www.google.com/bot.html)"
209.74.77.214 - - [22/Jul/2025:00:44:31 +0000] "POST /wp-cron.php?doing_wp_cron=1753145071.0699019432067871093750 HTTP/1.1" 200 - "-" "WordPress/6.8.2; https://abl.academy"
185.191.171.7 - - [22/Jul/2025:00:44:28 +0000] "GET /account/ HTTP/1.1" 200 9772 "-" "Mozilla/5.0 (compatible; SemrushBot/7~bl; +http://www.semrush.com/bot.html)"
66.249.65.199 - - [22/Jul/2025:00:44:59 +0000] "GET /avsoft.html HTTP/1.1" 200 39860 "-" "Mozilla/5.0 (Linux; Android 6.0.1; Nexus 5X Build/MMB29P) AppleWebKit/537.36 (KHTML, like Gecko) Chrome/138.0.7204.157 Mobile Safari/537.36 (compatible; Googlebot/2.1; +http://www.google.com/bot.html)"
66.249.65.197 - - [22/Jul/2025:00:49:59 +0000] "GET /search?category=1102&search_word= HTTP/1.1" 200 40712 "-" "Mozilla/5.0 (Linux; Android 6.0.1; Nexus 5X Build/MMB29P) AppleWebKit/537.36 (KHTML, like Gecko) Chrome/138.0.7204.157 Mobile Safari/537.36 (compatible; Googlebot/2.1; +http://www.google.com/bot.html)"
66.249.65.199 - - [22/Jul/2025:00:51:13 +0000] "GET /search?category=20039&search_word= HTTP/1.1" 200 40834 "-" "Mozilla/5.0 (Linux; Android 6.0.1; Nexus 5X Build/MMB29P) AppleWebKit/537.36 (KHTML, like Gecko) Chrome/138.0.7204.157 Mobile Safari/537.36 (compatible; Googlebot/2.1; +http://www.google.com/bot.html)"
66.249.65.198 - - [22/Jul/2025:00:51:28 +0000] "GET /item/lobby62318341/ HTTP/1.1" 200 40899 "-" "Mozilla/5.0 (Linux; Android 6.0.1; Nexus 5X Build/MMB29P) AppleWebKit/537.36 (KHTML, like Gecko) Chrome/137.0.7151.103 Mobile Safari/537.36 (compatible; Googlebot/2.1; +http://www.google.com/bot.html)"
66.249.65.197 - - [22/Jul/2025:00:52:30 +0000] "GET /item/calcu52157532/ HTTP/1.1" 200 39817 "-" "Mozilla/5.0 (Linux; Android 6.0.1; Nexus 5X Build/MMB29P) AppleWebKit/537.36 (KHTML, like Gecko) Chrome/137.0.7151.103 Mobile Safari/537.36 (compatible; Googlebot/2.1; +http://www.google.com/bot.html)"
66.249.65.197 - - [22/Jul/2025:00:52:50 +0000] "GET /search?category=812&search_word= HTTP/1.1" 200 40792 "-" "Mozilla/5.0 (Linux; Android 6.0.1; Nexus 5X Build/MMB29P) AppleWebKit/537.36 (KHTML, like Gecko) Chrome/138.0.7204.157 Mobile Safari/537.36 (compatible; Googlebot/2.1; +http://www.google.com/bot.html)"
66.249.65.197 - - [22/Jul/2025:00:53:09 +0000] "GET /item/salt60565301/ HTTP/1.1" 200 40574 "-" "Mozilla/5.0 (Linux; Android 6.0.1; Nexus 5X Build/MMB29P) AppleWebKit/537.36 (KHTML, like Gecko) Chrome/137.0.7151.103 Mobile Safari/537.36 (compatible; Googlebot/2.1; +http://www.google.com/bot.html)"
66.249.65.197 - - [22/Jul/2025:00:53:26 +0000] "POST /get-message-notify HTTP/1.1" 200 40239 "https://abl.academy/item/calcu52157532/" "Mozilla/5.0 (Linux; Android 6.0.1; Nexus 5X Build/MMB29P) AppleWebKit/537.36 (KHTML, like Gecko) Chrome/137.0.7151.119 Mobile Safari/537.36 (compatible; Googlebot/2.1; +http://www.google.com/bot.html)"