66.249.65.199 - - [21/Jul/2025:21:54:36 +0000] "GET /item/true72821158/ HTTP/1.1" 200 39868 "-" "Mozilla/5.0 (Linux; Android 6.0.1; Nexus 5X Build/MMB29P) AppleWebKit/537.36 (KHTML, like Gecko) Chrome/137.0.7151.103 Mobile Safari/537.36 (compatible; Googlebot/2.1; +http://www.google.com/bot.html)"
66.249.65.197 - - [21/Jul/2025:21:54:37 +0000] "GET /item/gulf10255352/ HTTP/1.1" 200 40533 "-" "Mozilla/5.0 (Linux; Android 6.0.1; Nexus 5X Build/MMB29P) AppleWebKit/537.36 (KHTML, like Gecko) Chrome/137.0.7151.103 Mobile Safari/537.36 (compatible; Googlebot/2.1; +http://www.google.com/bot.html)"
66.249.65.200 - - [21/Jul/2025:21:54:38 +0000] "GET /item/conti12560080/ HTTP/1.1" 200 39965 "-" "Mozilla/5.0 (Linux; Android 6.0.1; Nexus 5X Build/MMB29P) AppleWebKit/537.36 (KHTML, like Gecko) Chrome/137.0.7151.103 Mobile Safari/537.36 (compatible; Googlebot/2.1; +http://www.google.com/bot.html)"
66.249.65.201 - - [21/Jul/2025:21:54:39 +0000] "GET /item/nest70598486/ HTTP/1.1" 200 39909 "-" "Mozilla/5.0 (Linux; Android 6.0.1; Nexus 5X Build/MMB29P) AppleWebKit/537.36 (KHTML, like Gecko) Chrome/137.0.7151.103 Mobile Safari/537.36 (compatible; Googlebot/2.1; +http://www.google.com/bot.html)"
66.249.65.198 - - [21/Jul/2025:21:54:41 +0000] "GET /item/firm42393507/ HTTP/1.1" 200 40804 "-" "Mozilla/5.0 (Linux; Android 6.0.1; Nexus 5X Build/MMB29P) AppleWebKit/537.36 (KHTML, like Gecko) Chrome/137.0.7151.103 Mobile Safari/537.36 (compatible; Googlebot/2.1; +http://www.google.com/bot.html)"
66.249.65.198 - - [21/Jul/2025:21:54:41 +0000] "POST /get-message-notify HTTP/1.1" 200 40302 "https://abl.academy/item/penet82431479/" "Mozilla/5.0 (Linux; Android 6.0.1; Nexus 5X Build/MMB29P) AppleWebKit/537.36 (KHTML, like Gecko) Chrome/137.0.7151.119 Mobile Safari/537.36 (compatible; Googlebot/2.1; +http://www.google.com/bot.html)"
66.249.65.200 - - [21/Jul/2025:21:54:42 +0000] "GET /item/bible31795338/ HTTP/1.1" 200 41120 "-" "Mozilla/5.0 (Linux; Android 6.0.1; Nexus 5X Build/MMB29P) AppleWebKit/537.36 (KHTML, like Gecko) Chrome/137.0.7151.103 Mobile Safari/537.36 (compatible; Googlebot/2.1; +http://www.google.com/bot.html)"
66.249.65.201 - - [21/Jul/2025:21:54:42 +0000] "GET /item/bagga82899063/ HTTP/1.1" 200 40109 "-" "Mozilla/5.0 (Linux; Android 6.0.1; Nexus 5X Build/MMB29P) AppleWebKit/537.36 (KHTML, like Gecko) Chrome/137.0.7151.103 Mobile Safari/537.36 (compatible; Googlebot/2.1; +http://www.google.com/bot.html)"
66.249.65.200 - - [21/Jul/2025:21:54:42 +0000] "GET /item/rotar22323401/ HTTP/1.1" 200 40416 "-" "Mozilla/5.0 (Linux; Android 6.0.1; Nexus 5X Build/MMB29P) AppleWebKit/537.36 (KHTML, like Gecko) Chrome/137.0.7151.103 Mobile Safari/537.36 (compatible; Googlebot/2.1; +http://www.google.com/bot.html)"
66.249.65.197 - - [21/Jul/2025:21:54:43 +0000] "GET /item/monum40386483/ HTTP/1.1" 200 40688 "-" "Mozilla/5.0 (Linux; Android 6.0.1; Nexus 5X Build/MMB29P) AppleWebKit/537.36 (KHTML, like Gecko) Chrome/137.0.7151.103 Mobile Safari/537.36 (compatible; Googlebot/2.1; +http://www.google.com/bot.html)"
66.249.65.198 - - [21/Jul/2025:21:54:44 +0000] "POST /get-message-notify HTTP/1.1" 200 40395 "https://abl.academy/item/gulf10255352/" "Mozilla/5.0 (Linux; Android 6.0.1; Nexus 5X Build/MMB29P) AppleWebKit/537.36 (KHTML, like Gecko) Chrome/137.0.7151.119 Mobile Safari/537.36 (compatible; Googlebot/2.1; +http://www.google.com/bot.html)"
66.249.65.198 - - [21/Jul/2025:21:54:44 +0000] "GET /item/fry71213718/ HTTP/1.1" 200 40035 "-" "Mozilla/5.0 (Linux; Android 6.0.1; Nexus 5X Build/MMB29P) AppleWebKit/537.36 (KHTML, like Gecko) Chrome/137.0.7151.103 Mobile Safari/537.36 (compatible; Googlebot/2.1; +http://www.google.com/bot.html)"
66.249.65.202 - - [21/Jul/2025:21:54:45 +0000] "POST /get-message-notify HTTP/1.1" 200 40382 "https://abl.academy/item/mercu51299604/" "Mozilla/5.0 (Linux; Android 6.0.1; Nexus 5X Build/MMB29P) AppleWebKit/537.36 (KHTML, like Gecko) Chrome/137.0.7151.119 Mobile Safari/537.36 (compatible; Googlebot/2.1; +http://www.google.com/bot.html)"
66.249.65.199 - - [21/Jul/2025:21:54:45 +0000] "GET /item/allow42608779/ HTTP/1.1" 200 40465 "-" "Mozilla/5.0 (Linux; Android 6.0.1; Nexus 5X Build/MMB29P) AppleWebKit/537.36 (KHTML, like Gecko) Chrome/137.0.7151.103 Mobile Safari/537.36 (compatible; Googlebot/2.1; +http://www.google.com/bot.html)"
66.249.65.200 - - [21/Jul/2025:21:54:46 +0000] "GET /item/humou11106880/ HTTP/1.1" 200 40039 "-" "Mozilla/5.0 (Linux; Android 6.0.1; Nexus 5X Build/MMB29P) AppleWebKit/537.36 (KHTML, like Gecko) Chrome/137.0.7151.103 Mobile Safari/537.36 (compatible; Googlebot/2.1; +http://www.google.com/bot.html)"
66.249.65.198 - - [21/Jul/2025:21:54:47 +0000] "GET /item/usele41536651/ HTTP/1.1" 200 40211 "-" "Mozilla/5.0 (Linux; Android 6.0.1; Nexus 5X Build/MMB29P) AppleWebKit/537.36 (KHTML, like Gecko) Chrome/137.0.7151.103 Mobile Safari/537.36 (compatible; Googlebot/2.1; +http://www.google.com/bot.html)"
66.249.65.199 - - [21/Jul/2025:21:54:48 +0000] "GET /item/ficti21393425/ HTTP/1.1" 200 40511 "-" "Mozilla/5.0 (Linux; Android 6.0.1; Nexus 5X Build/MMB29P) AppleWebKit/537.36 (KHTML, like Gecko) Chrome/137.0.7151.103 Mobile Safari/537.36 (compatible; Googlebot/2.1; +http://www.google.com/bot.html)"
66.249.65.203 - - [21/Jul/2025:21:54:50 +0000] "GET /item/set31609698/ HTTP/1.1" 200 40016 "-" "Mozilla/5.0 (Linux; Android 6.0.1; Nexus 5X Build/MMB29P) AppleWebKit/537.36 (KHTML, like Gecko) Chrome/137.0.7151.103 Mobile Safari/537.36 (compatible; Googlebot/2.1; +http://www.google.com/bot.html)"
66.249.65.203 - - [21/Jul/2025:21:54:51 +0000] "GET /item/pause82230903/ HTTP/1.1" 200 40094 "-" "Mozilla/5.0 (Linux; Android 6.0.1; Nexus 5X Build/MMB29P) AppleWebKit/537.36 (KHTML, like Gecko) Chrome/137.0.7151.103 Mobile Safari/537.36 (compatible; Googlebot/2.1; +http://www.google.com/bot.html)"
66.249.65.203 - - [21/Jul/2025:21:54:52 +0000] "GET /item/snap10091816/ HTTP/1.1" 200 40114 "-" "Mozilla/5.0 (Linux; Android 6.0.1; Nexus 5X Build/MMB29P) AppleWebKit/537.36 (KHTML, like Gecko) Chrome/137.0.7151.103 Mobile Safari/537.36 (compatible; Googlebot/2.1; +http://www.google.com/bot.html)"
66.249.65.199 - - [21/Jul/2025:21:54:53 +0000] "POST /get-message-notify HTTP/1.1" 200 40361 "https://abl.academy/item/nest70598486/" "Mozilla/5.0 (Linux; Android 6.0.1; Nexus 5X Build/MMB29P) AppleWebKit/537.36 (KHTML, like Gecko) Chrome/137.0.7151.119 Mobile Safari/537.36 (compatible; Googlebot/2.1; +http://www.google.com/bot.html)"
66.249.65.200 - - [21/Jul/2025:21:54:53 +0000] "GET /item/take32213458/ HTTP/1.1" 200 39810 "-" "Mozilla/5.0 (Linux; Android 6.0.1; Nexus 5X Build/MMB29P) AppleWebKit/537.36 (KHTML, like Gecko) Chrome/137.0.7151.103 Mobile Safari/537.36 (compatible; Googlebot/2.1; +http://www.google.com/bot.html)"
66.249.65.202 - - [21/Jul/2025:21:54:54 +0000] "GET /item/nervo51453268/ HTTP/1.1" 200 40072 "-" "Mozilla/5.0 (Linux; Android 6.0.1; Nexus 5X Build/MMB29P) AppleWebKit/537.36 (KHTML, like Gecko) Chrome/137.0.7151.103 Mobile Safari/537.36 (compatible; Googlebot/2.1; +http://www.google.com/bot.html)"
66.249.65.203 - - [21/Jul/2025:21:54:55 +0000] "GET /item/elbow81077743/ HTTP/1.1" 200 39909 "-" "Mozilla/5.0 (Linux; Android 6.0.1; Nexus 5X Build/MMB29P) AppleWebKit/537.36 (KHTML, like Gecko) Chrome/137.0.7151.103 Mobile Safari/537.36 (compatible; Googlebot/2.1; +http://www.google.com/bot.html)"
66.249.65.198 - - [21/Jul/2025:21:54:55 +0000] "GET /item/seep82707887/ HTTP/1.1" 200 39785 "-" "Mozilla/5.0 (Linux; Android 6.0.1; Nexus 5X Build/MMB29P) AppleWebKit/537.36 (KHTML, like Gecko) Chrome/137.0.7151.103 Mobile Safari/537.36 (compatible; Googlebot/2.1; +http://www.google.com/bot.html)"
66.249.65.203 - - [21/Jul/2025:21:54:56 +0000] "GET /item/share32105066/ HTTP/1.1" 200 39892 "-" "Mozilla/5.0 (Linux; Android 6.0.1; Nexus 5X Build/MMB29P) AppleWebKit/537.36 (KHTML, like Gecko) Chrome/137.0.7151.103 Mobile Safari/537.36 (compatible; Googlebot/2.1; +http://www.google.com/bot.html)"
66.249.65.200 - - [21/Jul/2025:21:54:57 +0000] "GET /item/chat81225423/ HTTP/1.1" 200 40272 "-" "Mozilla/5.0 (Linux; Android 6.0.1; Nexus 5X Build/MMB29P) AppleWebKit/537.36 (KHTML, like Gecko) Chrome/137.0.7151.103 Mobile Safari/537.36 (compatible; Googlebot/2.1; +http://www.google.com/bot.html)"
66.249.65.202 - - [21/Jul/2025:21:54:58 +0000] "GET /item/activ71564374/ HTTP/1.1" 200 40363 "-" "Mozilla/5.0 (Linux; Android 6.0.1; Nexus 5X Build/MMB29P) AppleWebKit/537.36 (KHTML, like Gecko) Chrome/137.0.7151.103 Mobile Safari/537.36 (compatible; Googlebot/2.1; +http://www.google.com/bot.html)"
66.249.65.200 - - [21/Jul/2025:21:54:59 +0000] "GET /item/stop22413177/ HTTP/1.1" 200 39838 "-" "Mozilla/5.0 (Linux; Android 6.0.1; Nexus 5X Build/MMB29P) AppleWebKit/537.36 (KHTML, like Gecko) Chrome/137.0.7151.103 Mobile Safari/537.36 (compatible; Googlebot/2.1; +http://www.google.com/bot.html)"
66.249.65.198 - - [21/Jul/2025:21:55:00 +0000] "GET /item/darin31227506/ HTTP/1.1" 200 39766 "-" "Mozilla/5.0 (Linux; Android 6.0.1; Nexus 5X Build/MMB29P) AppleWebKit/537.36 (KHTML, like Gecko) Chrome/137.0.7151.103 Mobile Safari/537.36 (compatible; Googlebot/2.1; +http://www.google.com/bot.html)"
66.249.65.203 - - [21/Jul/2025:21:55:01 +0000] "GET /item/beari21743713/ HTTP/1.1" 200 39841 "-" "Mozilla/5.0 (Linux; Android 6.0.1; Nexus 5X Build/MMB29P) AppleWebKit/537.36 (KHTML, like Gecko) Chrome/137.0.7151.103 Mobile Safari/537.36 (compatible; Googlebot/2.1; +http://www.google.com/bot.html)"
66.249.65.197 - - [21/Jul/2025:21:55:05 +0000] "POST /get-message-notify HTTP/1.1" 200 40266 "https://abl.academy/item/rotar22323401/" "Mozilla/5.0 (Linux; Android 6.0.1; Nexus 5X Build/MMB29P) AppleWebKit/537.36 (KHTML, like Gecko) Chrome/137.0.7151.119 Mobile Safari/537.36 (compatible; Googlebot/2.1; +http://www.google.com/bot.html)"
66.249.65.197 - - [21/Jul/2025:21:55:09 +0000] "POST /get-message-notify HTTP/1.1" 200 40216 "https://abl.academy/item/class20364401/" "Mozilla/5.0 (Linux; Android 6.0.1; Nexus 5X Build/MMB29P) AppleWebKit/537.36 (KHTML, like Gecko) Chrome/137.0.7151.119 Mobile Safari/537.36 (compatible; Googlebot/2.1; +http://www.google.com/bot.html)"
66.249.65.198 - - [21/Jul/2025:21:55:10 +0000] "POST /get-message-notify HTTP/1.1" 200 40367 "https://abl.academy/item/fry71213718/" "Mozilla/5.0 (Linux; Android 6.0.1; Nexus 5X Build/MMB29P) AppleWebKit/537.36 (KHTML, like Gecko) Chrome/137.0.7151.119 Mobile Safari/537.36 (compatible; Googlebot/2.1; +http://www.google.com/bot.html)"
66.249.65.198 - - [21/Jul/2025:21:55:13 +0000] "POST /get-message-notify HTTP/1.1" 200 40310 "https://abl.academy/item/nervo51453268/" "Mozilla/5.0 (Linux; Android 6.0.1; Nexus 5X Build/MMB29P) AppleWebKit/537.36 (KHTML, like Gecko) Chrome/137.0.7151.119 Mobile Safari/537.36 (compatible; Googlebot/2.1; +http://www.google.com/bot.html)"
66.249.65.199 - - [21/Jul/2025:21:55:19 +0000] "POST /get-message-notify HTTP/1.1" 200 40249 "https://abl.academy/item/chill42467251/" "Mozilla/5.0 (Linux; Android 6.0.1; Nexus 5X Build/MMB29P) AppleWebKit/537.36 (KHTML, like Gecko) Chrome/137.0.7151.119 Mobile Safari/537.36 (compatible; Googlebot/2.1; +http://www.google.com/bot.html)"
66.249.65.197 - - [21/Jul/2025:21:55:22 +0000] "GET /item/stair42720411/ HTTP/1.1" 200 40477 "-" "Mozilla/5.0 (Linux; Android 6.0.1; Nexus 5X Build/MMB29P) AppleWebKit/537.36 (KHTML, like Gecko) Chrome/137.0.7151.103 Mobile Safari/537.36 (compatible; Googlebot/2.1; +http://www.google.com/bot.html)"
66.249.65.198 - - [21/Jul/2025:21:55:29 +0000] "POST /get-message-notify HTTP/1.1" 200 40359 "https://abl.academy/item/snap10091816/" "Mozilla/5.0 (Linux; Android 6.0.1; Nexus 5X Build/MMB29P) AppleWebKit/537.36 (KHTML, like Gecko) Chrome/137.0.7151.119 Mobile Safari/537.36 (compatible; Googlebot/2.1; +http://www.google.com/bot.html)"
66.249.65.197 - - [21/Jul/2025:21:55:59 +0000] "GET /item/retur51952468/ HTTP/1.1" 200 40154 "-" "Mozilla/5.0 (Linux; Android 6.0.1; Nexus 5X Build/MMB29P) AppleWebKit/537.36 (KHTML, like Gecko) Chrome/137.0.7151.103 Mobile Safari/537.36 (compatible; Googlebot/2.1; +http://www.google.com/bot.html)"
66.249.65.197 - - [21/Jul/2025:21:56:12 +0000] "POST /get-message-notify HTTP/1.1" 200 40393 "https://abl.academy/item/large51193316/" "Mozilla/5.0 (Linux; Android 6.0.1; Nexus 5X Build/MMB29P) AppleWebKit/537.36 (KHTML, like Gecko) Chrome/137.0.7151.119 Mobile Safari/537.36 (compatible; Googlebot/2.1; +http://www.google.com/bot.html)"
66.249.65.197 - - [21/Jul/2025:21:56:14 +0000] "GET /item/groan71542694/ HTTP/1.1" 200 40330 "-" "Mozilla/5.0 (Linux; Android 6.0.1; Nexus 5X Build/MMB29P) AppleWebKit/537.36 (KHTML, like Gecko) Chrome/137.0.7151.103 Mobile Safari/537.36 (compatible; Googlebot/2.1; +http://www.google.com/bot.html)"
66.249.65.197 - - [21/Jul/2025:21:56:16 +0000] "POST /get-message-notify HTTP/1.1" 200 40342 "https://abl.academy/item/retur51952468/" "Mozilla/5.0 (Linux; Android 6.0.1; Nexus 5X Build/MMB29P) AppleWebKit/537.36 (KHTML, like Gecko) Chrome/137.0.7151.119 Mobile Safari/537.36 (compatible; Googlebot/2.1; +http://www.google.com/bot.html)"
66.249.65.197 - - [21/Jul/2025:21:56:18 +0000] "POST /get-message-notify HTTP/1.1" 200 40279 "https://abl.academy/item/stair42720411/" "Mozilla/5.0 (Linux; Android 6.0.1; Nexus 5X Build/MMB29P) AppleWebKit/537.36 (KHTML, like Gecko) Chrome/137.0.7151.119 Mobile Safari/537.36 (compatible; Googlebot/2.1; +http://www.google.com/bot.html)"
66.249.65.197 - - [21/Jul/2025:21:56:49 +0000] "POST /get-message-notify HTTP/1.1" 200 40312 "https://abl.academy/item/polis11799552/" "Mozilla/5.0 (Linux; Android 6.0.1; Nexus 5X Build/MMB29P) AppleWebKit/537.36 (KHTML, like Gecko) Chrome/137.0.7151.119 Mobile Safari/537.36 (compatible; Googlebot/2.1; +http://www.google.com/bot.html)"
66.249.65.198 - - [21/Jul/2025:21:57:19 +0000] "POST /get-message-notify HTTP/1.1" 200 40317 "https://abl.academy/item/stop22413177/" "Mozilla/5.0 (Linux; Android 6.0.1; Nexus 5X Build/MMB29P) AppleWebKit/537.36 (KHTML, like Gecko) Chrome/137.0.7151.119 Mobile Safari/537.36 (compatible; Googlebot/2.1; +http://www.google.com/bot.html)"
66.249.65.198 - - [21/Jul/2025:21:57:27 +0000] "POST /get-message-notify HTTP/1.1" 200 40394 "https://abl.academy/item/nut52042812/" "Mozilla/5.0 (Linux; Android 6.0.1; Nexus 5X Build/MMB29P) AppleWebKit/537.36 (KHTML, like Gecko) Chrome/137.0.7151.119 Mobile Safari/537.36 (compatible; Googlebot/2.1; +http://www.google.com/bot.html)"
66.249.65.197 - - [21/Jul/2025:21:57:32 +0000] "POST /get-message-notify HTTP/1.1" 200 40378 "https://abl.academy/item/set31609698/" "Mozilla/5.0 (Linux; Android 6.0.1; Nexus 5X Build/MMB29P) AppleWebKit/537.36 (KHTML, like Gecko) Chrome/137.0.7151.119 Mobile Safari/537.36 (compatible; Googlebot/2.1; +http://www.google.com/bot.html)"
66.249.65.197 - - [21/Jul/2025:21:57:33 +0000] "GET /item/china80757111/ HTTP/1.1" 200 40043 "-" "Mozilla/5.0 (Linux; Android 6.0.1; Nexus 5X Build/MMB29P) AppleWebKit/537.36 (KHTML, like Gecko) Chrome/137.0.7151.103 Mobile Safari/537.36 (compatible; Googlebot/2.1; +http://www.google.com/bot.html)"
66.249.65.199 - - [21/Jul/2025:21:58:49 +0000] "POST /get-message-notify HTTP/1.1" 200 40279 "https://abl.academy/item/statu60470085/" "Mozilla/5.0 (Linux; Android 6.0.1; Nexus 5X Build/MMB29P) AppleWebKit/537.36 (KHTML, like Gecko) Chrome/137.0.7151.119 Mobile Safari/537.36 (compatible; Googlebot/2.1; +http://www.google.com/bot.html)"
66.249.65.197 - - [21/Jul/2025:21:58:51 +0000] "GET /item/fire82928911/ HTTP/1.1" 200 40445 "-" "Mozilla/5.0 (Linux; Android 6.0.1; Nexus 5X Build/MMB29P) AppleWebKit/537.36 (KHTML, like Gecko) Chrome/137.0.7151.103 Mobile Safari/537.36 (compatible; Googlebot/2.1; +http://www.google.com/bot.html)"
66.249.65.198 - - [21/Jul/2025:21:59:00 +0000] "POST /get-message-notify HTTP/1.1" 200 40419 "https://abl.academy/item/fire82928911/" "Mozilla/5.0 (Linux; Android 6.0.1; Nexus 5X Build/MMB29P) AppleWebKit/537.36 (KHTML, like Gecko) Chrome/137.0.7151.119 Mobile Safari/537.36 (compatible; Googlebot/2.1; +http://www.google.com/bot.html)"
66.249.65.199 - - [21/Jul/2025:22:00:15 +0000] "GET /item/worth80277119/ HTTP/1.1" 200 40070 "-" "Mozilla/5.0 (Linux; Android 6.0.1; Nexus 5X Build/MMB29P) AppleWebKit/537.36 (KHTML, like Gecko) Chrome/137.0.7151.103 Mobile Safari/537.36 (compatible; Googlebot/2.1; +http://www.google.com/bot.html)"
66.249.65.197 - - [21/Jul/2025:22:00:19 +0000] "GET /item/lord61815317/ HTTP/1.1" 200 41288 "-" "Mozilla/5.0 (Linux; Android 6.0.1; Nexus 5X Build/MMB29P) AppleWebKit/537.36 (KHTML, like Gecko) Chrome/137.0.7151.103 Mobile Safari/537.36 (compatible; Googlebot/2.1; +http://www.google.com/bot.html)"
66.249.65.198 - - [21/Jul/2025:22:00:20 +0000] "GET /item/habit62503389/ HTTP/1.1" 200 40269 "-" "Mozilla/5.0 (Linux; Android 6.0.1; Nexus 5X Build/MMB29P) AppleWebKit/537.36 (KHTML, like Gecko) Chrome/137.0.7151.103 Mobile Safari/537.36 (compatible; Googlebot/2.1; +http://www.google.com/bot.html)"
66.249.65.198 - - [21/Jul/2025:22:00:22 +0000] "POST /get-message-notify HTTP/1.1" 200 40313 "https://abl.academy/item/habit62503389/" "Mozilla/5.0 (Linux; Android 6.0.1; Nexus 5X Build/MMB29P) AppleWebKit/537.36 (KHTML, like Gecko) Chrome/137.0.7151.119 Mobile Safari/537.36 (compatible; Googlebot/2.1; +http://www.google.com/bot.html)"
66.249.65.197 - - [21/Jul/2025:22:01:25 +0000] "GET /item/bath80447519/ HTTP/1.1" 200 40100 "-" "Mozilla/5.0 (Linux; Android 6.0.1; Nexus 5X Build/MMB29P) AppleWebKit/537.36 (KHTML, like Gecko) Chrome/137.0.7151.103 Mobile Safari/537.36 (compatible; Googlebot/2.1; +http://www.google.com/bot.html)"
66.249.65.197 - - [21/Jul/2025:22:02:53 +0000] "GET /item/alter82809815/ HTTP/1.1" 200 40002 "-" "Mozilla/5.0 (Linux; Android 6.0.1; Nexus 5X Build/MMB29P) AppleWebKit/537.36 (KHTML, like Gecko) Chrome/137.0.7151.103 Mobile Safari/537.36 (compatible; Googlebot/2.1; +http://www.google.com/bot.html)"
66.249.65.199 - - [21/Jul/2025:22:03:01 +0000] "GET /item/anyth11552088/ HTTP/1.1" 200 39976 "-" "Mozilla/5.0 (Linux; Android 6.0.1; Nexus 5X Build/MMB29P) AppleWebKit/537.36 (KHTML, like Gecko) Chrome/137.0.7151.103 Mobile Safari/537.36 (compatible; Googlebot/2.1; +http://www.google.com/bot.html)"
66.249.65.197 - - [21/Jul/2025:22:04:03 +0000] "GET /item/cargo51359204/ HTTP/1.1" 200 39741 "-" "Mozilla/5.0 (Linux; Android 6.0.1; Nexus 5X Build/MMB29P) AppleWebKit/537.36 (KHTML, like Gecko) Chrome/137.0.7151.103 Mobile Safari/537.36 (compatible; Googlebot/2.1; +http://www.google.com/bot.html)"
66.249.65.197 - - [21/Jul/2025:22:04:45 +0000] "GET /item/grey82454831/ HTTP/1.1" 200 41010 "-" "Mozilla/5.0 (Linux; Android 6.0.1; Nexus 5X Build/MMB29P) AppleWebKit/537.36 (KHTML, like Gecko) Chrome/137.0.7151.103 Mobile Safari/537.36 (compatible; Googlebot/2.1; +http://www.google.com/bot.html)"
66.249.65.197 - - [21/Jul/2025:22:05:24 +0000] "GET /item/finis42288395/ HTTP/1.1" 200 40017 "-" "Mozilla/5.0 (Linux; Android 6.0.1; Nexus 5X Build/MMB29P) AppleWebKit/537.36 (KHTML, like Gecko) Chrome/137.0.7151.103 Mobile Safari/537.36 (compatible; Googlebot/2.1; +http://www.google.com/bot.html)"
66.249.65.197 - - [21/Jul/2025:22:05:55 +0000] "GET /item/appro70573854/ HTTP/1.1" 200 40120 "-" "Mozilla/5.0 (Linux; Android 6.0.1; Nexus 5X Build/MMB29P) AppleWebKit/537.36 (KHTML, like Gecko) Chrome/137.0.7151.103 Mobile Safari/537.36 (compatible; Googlebot/2.1; +http://www.google.com/bot.html)"
66.249.65.197 - - [21/Jul/2025:22:06:46 +0000] "GET /item/crop22007305/ HTTP/1.1" 200 40033 "-" "Mozilla/5.0 (Linux; Android 6.0.1; Nexus 5X Build/MMB29P) AppleWebKit/537.36 (KHTML, like Gecko) Chrome/137.0.7151.103 Mobile Safari/537.36 (compatible; Googlebot/2.1; +http://www.google.com/bot.html)"
66.249.65.197 - - [21/Jul/2025:22:06:49 +0000] "POST /get-message-notify HTTP/1.1" 200 40374 "https://abl.academy/item/crop22007305/" "Mozilla/5.0 (Linux; Android 6.0.1; Nexus 5X Build/MMB29P) AppleWebKit/537.36 (KHTML, like Gecko) Chrome/137.0.7151.119 Mobile Safari/537.36 (compatible; Googlebot/2.1; +http://www.google.com/bot.html)"
66.249.65.197 - - [21/Jul/2025:22:06:50 +0000] "GET /item/loan41742267/ HTTP/1.1" 200 40478 "-" "Mozilla/5.0 (Linux; Android 6.0.1; Nexus 5X Build/MMB29P) AppleWebKit/537.36 (KHTML, like Gecko) Chrome/137.0.7151.103 Mobile Safari/537.36 (compatible; Googlebot/2.1; +http://www.google.com/bot.html)"
66.249.65.199 - - [21/Jul/2025:22:07:11 +0000] "GET /item/talen62725605/ HTTP/1.1" 200 40571 "-" "Mozilla/5.0 (Linux; Android 6.0.1; Nexus 5X Build/MMB29P) AppleWebKit/537.36 (KHTML, like Gecko) Chrome/137.0.7151.103 Mobile Safari/537.36 (compatible; Googlebot/2.1; +http://www.google.com/bot.html)"
209.74.77.214 - - [21/Jul/2025:22:07:31 +0000] "POST /wp-cron.php?doing_wp_cron=1753135651.5225360393524169921875 HTTP/1.1" 200 - "-" "WordPress/6.8.2; https://abl.academy"
209.74.77.214 - - [21/Jul/2025:22:07:31 +0000] "POST /wp-cron.php?doing_wp_cron=1753135651.5230998992919921875000 HTTP/1.1" 200 - "-" "WordPress/6.8.2; https://abl.academy"
104.187.38.123 - - [21/Jul/2025:22:07:29 +0000] "POST /xmlrpc.php HTTP/1.1" 200 206 "-" "Mozilla/5.0 (Windows NT 10.0; Win64; x64; rv:60.0) Gecko/20100101 Firefox/60.0"
104.187.38.123 - - [21/Jul/2025:22:07:30 +0000] "POST /xmlrpc.php HTTP/1.1" 200 206 "-" "Mozilla/5.0 (Windows NT 10.0; Win64; x64; rv:77.0) Gecko/20100101 Firefox/77.0"
104.187.38.123 - - [21/Jul/2025:22:07:30 +0000] "POST /xmlrpc.php HTTP/1.1" 200 206 "-" "Mozilla/5.0 (Windows NT 10.0; Win64; x64; rv:55.0) Gecko/20100101 Firefox/55.0"
104.187.38.123 - - [21/Jul/2025:22:07:31 +0000] "POST /xmlrpc.php HTTP/1.1" 200 206 "-" "Mozilla/5.0 (Windows NT 10.0; Win64; x64; rv:95.0) Gecko/20100101 Firefox/95.0"
104.187.38.123 - - [21/Jul/2025:22:07:31 +0000] "POST /xmlrpc.php HTTP/1.1" 200 206 "-" "Mozilla/5.0 (Windows NT 10.0; Win64; x64; rv:75.0) Gecko/20100101 Firefox/75.0"
66.249.65.198 - - [21/Jul/2025:22:08:18 +0000] "GET /item/hers71729086/ HTTP/1.1" 200 39869 "-" "Mozilla/5.0 (Linux; Android 6.0.1; Nexus 5X Build/MMB29P) AppleWebKit/537.36 (KHTML, like Gecko) Chrome/137.0.7151.103 Mobile Safari/537.36 (compatible; Googlebot/2.1; +http://www.google.com/bot.html)"
66.249.65.198 - - [21/Jul/2025:22:09:56 +0000] "GET /item/cord71899198/ HTTP/1.1" 200 40440 "-" "Mozilla/5.0 (Linux; Android 6.0.1; Nexus 5X Build/MMB29P) AppleWebKit/537.36 (KHTML, like Gecko) Chrome/137.0.7151.103 Mobile Safari/537.36 (compatible; Googlebot/2.1; +http://www.google.com/bot.html)"
66.249.65.197 - - [21/Jul/2025:22:10:39 +0000] "GET /item/below41085043/ HTTP/1.1" 200 39895 "-" "Mozilla/5.0 (Linux; Android 6.0.1; Nexus 5X Build/MMB29P) AppleWebKit/537.36 (KHTML, like Gecko) Chrome/137.0.7151.103 Mobile Safari/537.36 (compatible; Googlebot/2.1; +http://www.google.com/bot.html)"
66.249.65.199 - - [21/Jul/2025:22:11:53 +0000] "GET /item/brave82704079/ HTTP/1.1" 200 39857 "-" "Mozilla/5.0 (Linux; Android 6.0.1; Nexus 5X Build/MMB29P) AppleWebKit/537.36 (KHTML, like Gecko) Chrome/137.0.7151.103 Mobile Safari/537.36 (compatible; Googlebot/2.1; +http://www.google.com/bot.html)"
209.74.77.214 - - [21/Jul/2025:22:12:01 +0000] "POST /wp-cron.php?doing_wp_cron=1753135921.1530020236968994140625 HTTP/1.1" 200 - "-" "WordPress/6.8.2; https://abl.academy"
216.81.248.38 - - [21/Jul/2025:22:11:59 +0000] "GET /.git/config HTTP/1.1" 404 9556 "-" "Mozilla/5.0 (Windows; U; Windows NT 5.2; en-US) AppleWebKit/533.17.8 (KHTML, like Gecko) Version/5.0.1 Safari/533.17.8"
66.249.65.197 - - [21/Jul/2025:22:12:12 +0000] "POST /get-message-notify HTTP/1.1" 200 40301 "https://abl.academy/item/brave82704079/" "Mozilla/5.0 (Linux; Android 6.0.1; Nexus 5X Build/MMB29P) AppleWebKit/537.36 (KHTML, like Gecko) Chrome/137.0.7151.119 Mobile Safari/537.36 (compatible; Googlebot/2.1; +http://www.google.com/bot.html)"
66.249.65.199 - - [21/Jul/2025:22:13:13 +0000] "GET /item/marxi10418592/ HTTP/1.1" 200 39932 "-" "Mozilla/5.0 (Linux; Android 6.0.1; Nexus 5X Build/MMB29P) AppleWebKit/537.36 (KHTML, like Gecko) Chrome/137.0.7151.103 Mobile Safari/537.36 (compatible; Googlebot/2.1; +http://www.google.com/bot.html)"
66.249.65.198 - - [21/Jul/2025:22:14:45 +0000] "GET /item/repai70725054/ HTTP/1.1" 200 40286 "-" "Mozilla/5.0 (Linux; Android 6.0.1; Nexus 5X Build/MMB29P) AppleWebKit/537.36 (KHTML, like Gecko) Chrome/137.0.7151.103 Mobile Safari/537.36 (compatible; Googlebot/2.1; +http://www.google.com/bot.html)"
66.249.65.198 - - [21/Jul/2025:22:15:21 +0000] "GET /item/easte10937400/ HTTP/1.1" 200 39906 "-" "Mozilla/5.0 (Linux; Android 6.0.1; Nexus 5X Build/MMB29P) AppleWebKit/537.36 (KHTML, like Gecko) Chrome/137.0.7151.103 Mobile Safari/537.36 (compatible; Googlebot/2.1; +http://www.google.com/bot.html)"
66.249.65.198 - - [21/Jul/2025:22:15:51 +0000] "GET /item/feeli22488041/ HTTP/1.1" 200 40500 "-" "Mozilla/5.0 (Linux; Android 6.0.1; Nexus 5X Build/MMB29P) AppleWebKit/537.36 (KHTML, like Gecko) Chrome/137.0.7151.103 Mobile Safari/537.36 (compatible; Googlebot/2.1; +http://www.google.com/bot.html)"
66.249.65.198 - - [21/Jul/2025:22:17:00 +0000] "GET /item/air11316680/ HTTP/1.1" 200 40151 "-" "Mozilla/5.0 (Linux; Android 6.0.1; Nexus 5X Build/MMB29P) AppleWebKit/537.36 (KHTML, like Gecko) Chrome/137.0.7151.103 Mobile Safari/537.36 (compatible; Googlebot/2.1; +http://www.google.com/bot.html)"
66.249.65.199 - - [21/Jul/2025:22:17:00 +0000] "GET /item/curve42539643/ HTTP/1.1" 200 40056 "-" "Mozilla/5.0 (Linux; Android 6.0.1; Nexus 5X Build/MMB29P) AppleWebKit/537.36 (KHTML, like Gecko) Chrome/137.0.7151.103 Mobile Safari/537.36 (compatible; Googlebot/2.1; +http://www.google.com/bot.html)"
66.249.65.197 - - [21/Jul/2025:22:18:44 +0000] "GET /item/vase70767902/ HTTP/1.1" 200 39929 "-" "Mozilla/5.0 (Linux; Android 6.0.1; Nexus 5X Build/MMB29P) AppleWebKit/537.36 (KHTML, like Gecko) Chrome/137.0.7151.103 Mobile Safari/537.36 (compatible; Googlebot/2.1; +http://www.google.com/bot.html)"
66.249.65.198 - - [21/Jul/2025:22:18:49 +0000] "POST /get-message-notify HTTP/1.1" 200 40376 "https://abl.academy/item/vase70767902/" "Mozilla/5.0 (Linux; Android 6.0.1; Nexus 5X Build/MMB29P) AppleWebKit/537.36 (KHTML, like Gecko) Chrome/137.0.7151.119 Mobile Safari/537.36 (compatible; Googlebot/2.1; +http://www.google.com/bot.html)"
209.74.77.214 - - [21/Jul/2025:22:20:44 +0000] "POST /wp-cron.php?doing_wp_cron=1753136444.0314939022064208984375 HTTP/1.1" 200 - "-" "WordPress/6.8.2; https://abl.academy"
185.157.212.152 - - [21/Jul/2025:22:20:42 +0000] "GET /lms-wordpress-plugin/ HTTP/1.0" 200 69394 "https://abl.academy/lms-wordpress-plugin/" "Mozilla/5.0 (Windows NT 10.0; Win64; x64) AppleWebKit/537.36 (KHTML, like Gecko) Chrome/131.0.0.0 Safari/537.36"
66.249.65.198 - - [21/Jul/2025:22:20:43 +0000] "GET /item/passp22153313/ HTTP/1.1" 200 40233 "-" "Mozilla/5.0 (Linux; Android 6.0.1; Nexus 5X Build/MMB29P) AppleWebKit/537.36 (KHTML, like Gecko) Chrome/137.0.7151.103 Mobile Safari/537.36 (compatible; Googlebot/2.1; +http://www.google.com/bot.html)"
185.157.212.152 - - [21/Jul/2025:22:20:45 +0000] "POST /wp-comments-post.php HTTP/1.0" 302 - "https://abl.academy/lms-wordpress-plugin/" "Mozilla/5.0 (Windows NT 10.0; Win64; x64) AppleWebKit/537.36 (KHTML, like Gecko) Chrome/131.0.0.0 Safari/537.36"
185.157.212.152 - - [21/Jul/2025:22:20:45 +0000] "GET /lms-wordpress-plugin/?unapproved=6355&moderation-hash=088258363444c6cd2f7cfb81a7c16d6f HTTP/1.0" 200 69483 "https://abl.academy/lms-wordpress-plugin/?unapproved=6355&moderation-hash=088258363444c6cd2f7cfb81a7c16d6f#comment-6355" "Mozilla/5.0 (Windows NT 10.0; Win64; x64) AppleWebKit/537.36 (KHTML, like Gecko) Chrome/131.0.0.0 Safari/537.36"
66.249.65.197 - - [21/Jul/2025:22:20:52 +0000] "POST /get-message-notify HTTP/1.1" 200 40264 "https://abl.academy/item/passp22153313/" "Mozilla/5.0 (Linux; Android 6.0.1; Nexus 5X Build/MMB29P) AppleWebKit/537.36 (KHTML, like Gecko) Chrome/137.0.7151.119 Mobile Safari/537.36 (compatible; Googlebot/2.1; +http://www.google.com/bot.html)"
66.249.65.197 - - [21/Jul/2025:22:22:26 +0000] "GET /item/shark21949593/ HTTP/1.1" 200 40047 "-" "Mozilla/5.0 (Linux; Android 6.0.1; Nexus 5X Build/MMB29P) AppleWebKit/537.36 (KHTML, like Gecko) Chrome/137.0.7151.103 Mobile Safari/537.36 (compatible; Googlebot/2.1; +http://www.google.com/bot.html)"
117.33.163.216 - - [21/Jul/2025:22:26:38 +0000] "GET / HTTP/1.1" 200 9694 "http://www.abl.academy" "Mozilla/5.0 (iPhone; CPU iPhone OS 13_2_3 like Mac OS X) AppleWebKit/605.1.15 (KHTML, like Gecko) Version/13.0.3 Mobile/15E148 Safari/604.1"
66.249.65.198 - - [21/Jul/2025:22:29:13 +0000] "GET /item/ham51848588/ HTTP/1.1" 200 40020 "-" "Mozilla/5.0 (Linux; Android 6.0.1; Nexus 5X Build/MMB29P) AppleWebKit/537.36 (KHTML, like Gecko) Chrome/137.0.7151.103 Mobile Safari/537.36 (compatible; Googlebot/2.1; +http://www.google.com/bot.html)"
209.74.77.214 - - [21/Jul/2025:22:34:42 +0000] "POST /wp-cron.php?doing_wp_cron=1753137282.2769370079040527343750 HTTP/1.1" 200 - "-" "WordPress/6.8.2; https://abl.academy"
178.20.46.206 - - [21/Jul/2025:22:34:40 +0000] "GET /lms-wordpress-plugin/ HTTP/1.0" 200 69394 "https://abl.academy/lms-wordpress-plugin/" "Mozilla/5.0 (Windows NT 10.0; Win64; x64) AppleWebKit/537.36 (KHTML, like Gecko) Chrome/130.0.0.0 Safari/537.36 CCleaner/130.0.0.0"
178.20.46.206 - - [21/Jul/2025:22:34:43 +0000] "POST /wp-comments-post.php HTTP/1.0" 302 - "https://abl.academy/lms-wordpress-plugin/" "Mozilla/5.0 (Windows NT 10.0; Win64; x64) AppleWebKit/537.36 (KHTML, like Gecko) Chrome/130.0.0.0 Safari/537.36 CCleaner/130.0.0.0"
178.20.46.206 - - [21/Jul/2025:22:34:44 +0000] "GET /lms-wordpress-plugin/?unapproved=6356&moderation-hash=d71d9abf16addbc1658f8c7dc089c429 HTTP/1.0" 200 69483 "https://abl.academy/lms-wordpress-plugin/?unapproved=6356&moderation-hash=d71d9abf16addbc1658f8c7dc089c429#comment-6356" "Mozilla/5.0 (Windows NT 10.0; Win64; x64) AppleWebKit/537.36 (KHTML, like Gecko) Chrome/130.0.0.0 Safari/537.36 CCleaner/130.0.0.0"
66.249.65.198 - - [21/Jul/2025:22:36:42 +0000] "GET /item/mum80699943/ HTTP/1.1" 200 39907 "-" "Mozilla/5.0 (Linux; Android 6.0.1; Nexus 5X Build/MMB29P) AppleWebKit/537.36 (KHTML, like Gecko) Chrome/137.0.7151.103 Mobile Safari/537.36 (compatible; Googlebot/2.1; +http://www.google.com/bot.html)"
66.249.65.197 - - [21/Jul/2025:22:38:01 +0000] "GET /item/ladde70362566/ HTTP/1.1" 200 41056 "-" "Mozilla/5.0 (Linux; Android 6.0.1; Nexus 5X Build/MMB29P) AppleWebKit/537.36 (KHTML, like Gecko) Chrome/137.0.7151.103 Mobile Safari/537.36 (compatible; Googlebot/2.1; +http://www.google.com/bot.html)"
66.249.65.197 - - [21/Jul/2025:22:38:22 +0000] "POST /get-message-notify HTTP/1.1" 200 40285 "https://abl.academy/item/ladde70362566/" "Mozilla/5.0 (Linux; Android 6.0.1; Nexus 5X Build/MMB29P) AppleWebKit/537.36 (KHTML, like Gecko) Chrome/137.0.7151.119 Mobile Safari/537.36 (compatible; Googlebot/2.1; +http://www.google.com/bot.html)"
66.249.65.197 - - [21/Jul/2025:22:39:12 +0000] "GET /item/preca52431644/ HTTP/1.1" 200 39784 "-" "Mozilla/5.0 (Linux; Android 6.0.1; Nexus 5X Build/MMB29P) AppleWebKit/537.36 (KHTML, like Gecko) Chrome/137.0.7151.103 Mobile Safari/537.36 (compatible; Googlebot/2.1; +http://www.google.com/bot.html)"
66.249.65.198 - - [21/Jul/2025:22:40:37 +0000] "GET /item/heart22864793/ HTTP/1.1" 200 40060 "-" "Mozilla/5.0 (Linux; Android 6.0.1; Nexus 5X Build/MMB29P) AppleWebKit/537.36 (KHTML, like Gecko) Chrome/137.0.7151.103 Mobile Safari/537.36 (compatible; Googlebot/2.1; +http://www.google.com/bot.html)"
66.249.65.198 - - [21/Jul/2025:22:41:47 +0000] "GET /item/anyth11364088/ HTTP/1.1" 200 40863 "-" "Mozilla/5.0 (Linux; Android 6.0.1; Nexus 5X Build/MMB29P) AppleWebKit/537.36 (KHTML, like Gecko) Chrome/137.0.7151.103 Mobile Safari/537.36 (compatible; Googlebot/2.1; +http://www.google.com/bot.html)"
66.249.65.199 - - [21/Jul/2025:22:42:39 +0000] "POST /get-message-notify HTTP/1.1" 200 40420 "https://abl.academy/item/anyth11364088/" "Mozilla/5.0 (Linux; Android 6.0.1; Nexus 5X Build/MMB29P) AppleWebKit/537.36 (KHTML, like Gecko) Chrome/137.0.7151.119 Mobile Safari/537.36 (compatible; Googlebot/2.1; +http://www.google.com/bot.html)"
66.249.65.199 - - [21/Jul/2025:22:43:08 +0000] "GET /item/profi52642060/ HTTP/1.1" 200 40262 "-" "Mozilla/5.0 (Linux; Android 6.0.1; Nexus 5X Build/MMB29P) AppleWebKit/537.36 (KHTML, like Gecko) Chrome/137.0.7151.103 Mobile Safari/537.36 (compatible; Googlebot/2.1; +http://www.google.com/bot.html)"
209.74.77.214 - - [21/Jul/2025:22:56:52 +0000] "POST /wp-cron.php?doing_wp_cron=1753138612.1905930042266845703125 HTTP/1.1" 200 - "-" "WordPress/6.8.2; https://abl.academy"
155.94.155.60 - - [21/Jul/2025:22:56:50 +0000] "POST /wp-login.php?action=register HTTP/1.1" 302 - "-" "-"
155.94.155.60 - - [21/Jul/2025:22:56:55 +0000] "POST /wp-login.php?action=register HTTP/1.1" 302 - "-" "-"
155.94.155.60 - - [21/Jul/2025:22:56:58 +0000] "POST /wp-login.php?action=register HTTP/1.1" 302 - "-" "-"
155.94.155.60 - - [21/Jul/2025:22:57:01 +0000] "POST /wp-login.php?action=register HTTP/1.1" 302 - "-" "-"
155.94.155.60 - - [21/Jul/2025:22:57:05 +0000] "POST /wp-login.php?action=register HTTP/1.1" 302 - "-" "-"
155.94.155.60 - - [21/Jul/2025:22:57:09 +0000] "POST /wp-login.php?action=register HTTP/1.1" 302 - "-" "-"
209.74.77.214 - - [21/Jul/2025:22:57:12 +0000] "POST /wp-cron.php?doing_wp_cron=1753138632.7764410972595214843750 HTTP/1.1" 200 - "-" "WordPress/6.8.2; https://abl.academy"
155.94.155.60 - - [21/Jul/2025:22:57:12 +0000] "POST /wp-login.php?action=register HTTP/1.1" 302 - "-" "-"
155.94.155.60 - - [21/Jul/2025:22:57:15 +0000] "POST /wp-login.php?action=register HTTP/1.1" 302 - "-" "-"
155.94.155.60 - - [21/Jul/2025:22:57:18 +0000] "POST /wp-login.php?action=register HTTP/1.1" 302 - "-" "-"
155.94.155.60 - - [21/Jul/2025:22:57:21 +0000] "POST /wp-login.php?action=register HTTP/1.1" 302 - "-" "-"
155.94.155.60 - - [21/Jul/2025:22:57:24 +0000] "POST /wp-login.php?action=register HTTP/1.1" 302 - "-" "-"
155.94.155.60 - - [21/Jul/2025:22:57:27 +0000] "POST /wp-login.php?action=register HTTP/1.1" 302 - "-" "-"
155.94.155.60 - - [21/Jul/2025:22:57:30 +0000] "POST /wp-login.php?action=register HTTP/1.1" 302 - "-" "-"
209.74.77.214 - - [21/Jul/2025:22:57:32 +0000] "POST /wp-cron.php?doing_wp_cron=1753138652.5477290153503417968750 HTTP/1.1" 200 - "-" "WordPress/6.8.2; https://abl.academy"
155.94.155.60 - - [21/Jul/2025:22:57:32 +0000] "POST /wp-login.php?action=register HTTP/1.1" 302 - "-" "-"
155.94.155.60 - - [21/Jul/2025:22:57:35 +0000] "POST /wp-login.php?action=register HTTP/1.1" 302 - "-" "-"
155.94.155.60 - - [21/Jul/2025:22:57:38 +0000] "POST /wp-login.php?action=register HTTP/1.1" 302 - "-" "-"
155.94.155.60 - - [21/Jul/2025:22:57:41 +0000] "POST /wp-login.php?action=register HTTP/1.1" 302 - "-" "-"
155.94.155.60 - - [21/Jul/2025:22:57:44 +0000] "POST /wp-login.php?action=register HTTP/1.1" 302 - "-" "-"
155.94.155.60 - - [21/Jul/2025:22:57:47 +0000] "POST /wp-login.php?action=register HTTP/1.1" 302 - "-" "-"
155.94.155.60 - - [21/Jul/2025:22:57:50 +0000] "POST /wp-login.php?action=register HTTP/1.1" 302 - "-" "-"
155.94.155.60 - - [21/Jul/2025:22:57:54 +0000] "POST /wp-login.php?action=register HTTP/1.1" 302 - "-" "-"
155.94.155.60 - - [21/Jul/2025:22:57:56 +0000] "POST /wp-login.php?action=register HTTP/1.1" 302 - "-" "-"
155.94.155.60 - - [21/Jul/2025:22:57:59 +0000] "POST /wp-login.php?action=register HTTP/1.1" 302 - "-" "-"
155.94.155.60 - - [21/Jul/2025:22:58:02 +0000] "POST /wp-login.php?action=register HTTP/1.1" 302 - "-" "-"
155.94.155.60 - - [21/Jul/2025:22:58:06 +0000] "POST /wp-login.php?action=register HTTP/1.1" 302 - "-" "-"
155.94.155.60 - - [21/Jul/2025:22:58:10 +0000] "POST /wp-login.php?action=register HTTP/1.1" 302 - "-" "-"
209.74.77.214 - - [21/Jul/2025:22:58:14 +0000] "POST /wp-cron.php?doing_wp_cron=1753138694.0315089225769042968750 HTTP/1.1" 200 - "-" "WordPress/6.8.2; https://abl.academy"
155.94.155.60 - - [21/Jul/2025:22:58:13 +0000] "POST /wp-login.php?action=register HTTP/1.1" 302 - "-" "-"
155.94.155.60 - - [21/Jul/2025:22:58:16 +0000] "POST /wp-login.php?action=register HTTP/1.1" 302 - "-" "-"
155.94.155.60 - - [21/Jul/2025:22:58:20 +0000] "POST /wp-login.php?action=register HTTP/1.1" 302 - "-" "-"
155.94.155.60 - - [21/Jul/2025:22:58:23 +0000] "POST /wp-login.php?action=register HTTP/1.1" 302 - "-" "-"
155.94.155.60 - - [21/Jul/2025:22:58:27 +0000] "POST /wp-login.php?action=register HTTP/1.1" 302 - "-" "-"
155.94.155.60 - - [21/Jul/2025:22:58:30 +0000] "POST /wp-login.php?action=register HTTP/1.1" 302 - "-" "-"
209.74.77.214 - - [21/Jul/2025:22:58:33 +0000] "POST /wp-cron.php?doing_wp_cron=1753138713.5862140655517578125000 HTTP/1.1" 200 - "-" "WordPress/6.8.2; https://abl.academy"
155.94.155.60 - - [21/Jul/2025:22:58:33 +0000] "POST /wp-login.php?action=register HTTP/1.1" 302 - "-" "-"
155.94.155.60 - - [21/Jul/2025:22:58:37 +0000] "POST /wp-login.php?action=register HTTP/1.1" 302 - "-" "-"
155.94.155.60 - - [21/Jul/2025:22:58:40 +0000] "POST /wp-login.php?action=register HTTP/1.1" 302 - "-" "-"
155.94.155.60 - - [21/Jul/2025:22:58:44 +0000] "POST /wp-login.php?action=register HTTP/1.1" 302 - "-" "-"
155.94.155.60 - - [21/Jul/2025:22:58:47 +0000] "POST /wp-login.php?action=register HTTP/1.1" 302 - "-" "-"
155.94.155.60 - - [21/Jul/2025:22:58:50 +0000] "POST /wp-login.php?action=register HTTP/1.1" 302 - "-" "-"
155.94.155.60 - - [21/Jul/2025:22:58:54 +0000] "POST /wp-login.php?action=register HTTP/1.1" 302 - "-" "-"
155.94.155.60 - - [21/Jul/2025:22:58:58 +0000] "POST /wp-login.php?action=register HTTP/1.1" 302 - "-" "-"
155.94.155.60 - - [21/Jul/2025:22:59:01 +0000] "POST /wp-login.php?action=register HTTP/1.1" 302 - "-" "-"
155.94.155.60 - - [21/Jul/2025:22:59:04 +0000] "POST /wp-login.php?action=register HTTP/1.1" 302 - "-" "-"
155.94.155.60 - - [21/Jul/2025:22:59:07 +0000] "POST /wp-login.php?action=register HTTP/1.1" 302 - "-" "-"
155.94.155.60 - - [21/Jul/2025:22:59:10 +0000] "POST /wp-login.php?action=register HTTP/1.1" 302 - "-" "-"
209.74.77.214 - - [21/Jul/2025:22:59:13 +0000] "POST /wp-cron.php?doing_wp_cron=1753138753.6729810237884521484375 HTTP/1.1" 200 - "-" "WordPress/6.8.2; https://abl.academy"
155.94.155.60 - - [21/Jul/2025:22:59:13 +0000] "POST /wp-login.php?action=register HTTP/1.1" 302 - "-" "-"
155.94.155.60 - - [21/Jul/2025:22:59:16 +0000] "POST /wp-login.php?action=register HTTP/1.1" 302 - "-" "-"
155.94.155.60 - - [21/Jul/2025:22:59:19 +0000] "POST /wp-login.php?action=register HTTP/1.1" 302 - "-" "-"
155.94.155.60 - - [21/Jul/2025:22:59:22 +0000] "POST /wp-login.php?action=register HTTP/1.1" 302 - "-" "-"
155.94.155.60 - - [21/Jul/2025:22:59:25 +0000] "POST /wp-login.php?action=register HTTP/1.1" 302 - "-" "-"
155.94.155.60 - - [21/Jul/2025:22:59:28 +0000] "POST /wp-login.php?action=register HTTP/1.1" 302 - "-" "-"
209.74.77.214 - - [21/Jul/2025:22:59:31 +0000] "POST /wp-cron.php?doing_wp_cron=1753138771.9650120735168457031250 HTTP/1.1" 200 - "-" "WordPress/6.8.2; https://abl.academy"
155.94.155.60 - - [21/Jul/2025:22:59:31 +0000] "POST /wp-login.php?action=register HTTP/1.1" 302 - "-" "-"
155.94.155.60 - - [21/Jul/2025:22:59:35 +0000] "POST /wp-login.php?action=register HTTP/1.1" 302 - "-" "-"
155.94.155.60 - - [21/Jul/2025:22:59:38 +0000] "POST /wp-login.php?action=register HTTP/1.1" 302 - "-" "-"
155.94.155.60 - - [21/Jul/2025:22:59:42 +0000] "POST /wp-login.php?action=register HTTP/1.1" 302 - "-" "-"
155.94.155.60 - - [21/Jul/2025:22:59:45 +0000] "POST /wp-login.php?action=register HTTP/1.1" 302 - "-" "-"
155.94.155.60 - - [21/Jul/2025:22:59:48 +0000] "POST /wp-login.php?action=register HTTP/1.1" 302 - "-" "-"
155.94.155.60 - - [21/Jul/2025:22:59:51 +0000] "POST /wp-login.php?action=register HTTP/1.1" 302 - "-" "-"
155.94.155.60 - - [21/Jul/2025:22:59:55 +0000] "POST /wp-login.php?action=register HTTP/1.1" 302 - "-" "-"
155.94.155.60 - - [21/Jul/2025:22:59:58 +0000] "POST /wp-login.php?action=register HTTP/1.1" 302 - "-" "-"
155.94.155.60 - - [21/Jul/2025:23:00:01 +0000] "POST /wp-login.php?action=register HTTP/1.1" 302 - "-" "-"
155.94.155.60 - - [21/Jul/2025:23:00:08 +0000] "POST /wp-login.php?action=register HTTP/1.1" 302 - "-" "-"
209.74.77.214 - - [21/Jul/2025:23:00:12 +0000] "POST /wp-cron.php?doing_wp_cron=1753138812.6987090110778808593750 HTTP/1.1" 200 - "-" "WordPress/6.8.2; https://abl.academy"
155.94.155.60 - - [21/Jul/2025:23:00:12 +0000] "POST /wp-login.php?action=register HTTP/1.1" 302 - "-" "-"
155.94.155.60 - - [21/Jul/2025:23:00:16 +0000] "POST /wp-login.php?action=register HTTP/1.1" 302 - "-" "-"
155.94.155.60 - - [21/Jul/2025:23:00:19 +0000] "POST /wp-login.php?action=register HTTP/1.1" 302 - "-" "-"
155.94.155.60 - - [21/Jul/2025:23:00:22 +0000] "POST /wp-login.php?action=register HTTP/1.1" 302 - "-" "-"
155.94.155.60 - - [21/Jul/2025:23:00:25 +0000] "POST /wp-login.php?action=register HTTP/1.1" 302 - "-" "-"
155.94.155.60 - - [21/Jul/2025:23:00:27 +0000] "POST /wp-login.php?action=register HTTP/1.1" 302 - "-" "-"
155.94.155.60 - - [21/Jul/2025:23:00:30 +0000] "POST /wp-login.php?action=register HTTP/1.1" 302 - "-" "-"
209.74.77.214 - - [21/Jul/2025:23:00:33 +0000] "POST /wp-cron.php?doing_wp_cron=1753138833.6921501159667968750000 HTTP/1.1" 200 - "-" "WordPress/6.8.2; https://abl.academy"
155.94.155.60 - - [21/Jul/2025:23:00:33 +0000] "POST /wp-login.php?action=register HTTP/1.1" 302 - "-" "-"
155.94.155.60 - - [21/Jul/2025:23:00:36 +0000] "POST /wp-login.php?action=register HTTP/1.1" 302 - "-" "-"
155.94.155.60 - - [21/Jul/2025:23:00:39 +0000] "POST /wp-login.php?action=register HTTP/1.1" 302 - "-" "-"
155.94.155.60 - - [21/Jul/2025:23:00:43 +0000] "POST /wp-login.php?action=register HTTP/1.1" 302 - "-" "-"
155.94.155.60 - - [21/Jul/2025:23:00:46 +0000] "POST /wp-login.php?action=register HTTP/1.1" 302 - "-" "-"
155.94.155.60 - - [21/Jul/2025:23:00:49 +0000] "POST /wp-login.php?action=register HTTP/1.1" 302 - "-" "-"
155.94.155.60 - - [21/Jul/2025:23:00:52 +0000] "POST /wp-login.php?action=register HTTP/1.1" 302 - "-" "-"
155.94.155.60 - - [21/Jul/2025:23:00:55 +0000] "POST /wp-login.php?action=register HTTP/1.1" 302 - "-" "-"
155.94.155.60 - - [21/Jul/2025:23:00:58 +0000] "POST /wp-login.php?action=register HTTP/1.1" 302 - "-" "-"
155.94.155.60 - - [21/Jul/2025:23:01:01 +0000] "POST /wp-login.php?action=register HTTP/1.1" 302 - "-" "-"
195.26.225.132 - - [21/Jul/2025:23:01:04 +0000] "GET /lms-wordpress-plugin/ HTTP/1.0" 200 69394 "https://abl.academy/lms-wordpress-plugin/" "Mozilla/5.0 (Windows NT 10.0; Win64; x64) AppleWebKit/537.36 (KHTML, like Gecko) Chrome/131.0.0.0 Safari/537.36"
155.94.155.60 - - [21/Jul/2025:23:01:05 +0000] "POST /wp-login.php?action=register HTTP/1.1" 302 - "-" "-"
195.26.225.132 - - [21/Jul/2025:23:01:06 +0000] "POST /wp-comments-post.php HTTP/1.0" 302 - "https://abl.academy/lms-wordpress-plugin/" "Mozilla/5.0 (Windows NT 10.0; Win64; x64) AppleWebKit/537.36 (KHTML, like Gecko) Chrome/131.0.0.0 Safari/537.36"
195.26.225.132 - - [21/Jul/2025:23:01:07 +0000] "GET /lms-wordpress-plugin/?unapproved=6357&moderation-hash=8ca77d09771e14a50089f0dd68faf61f HTTP/1.0" 200 69483 "https://abl.academy/lms-wordpress-plugin/?unapproved=6357&moderation-hash=8ca77d09771e14a50089f0dd68faf61f#comment-6357" "Mozilla/5.0 (Windows NT 10.0; Win64; x64) AppleWebKit/537.36 (KHTML, like Gecko) Chrome/131.0.0.0 Safari/537.36"
155.94.155.60 - - [21/Jul/2025:23:01:10 +0000] "POST /wp-login.php?action=register HTTP/1.1" 302 - "-" "-"
209.74.77.214 - - [21/Jul/2025:23:01:13 +0000] "POST /wp-cron.php?doing_wp_cron=1753138873.6237149238586425781250 HTTP/1.1" 200 - "-" "WordPress/6.8.2; https://abl.academy"
155.94.155.60 - - [21/Jul/2025:23:01:13 +0000] "POST /wp-login.php?action=register HTTP/1.1" 302 - "-" "-"
155.94.155.60 - - [21/Jul/2025:23:01:16 +0000] "POST /wp-login.php?action=register HTTP/1.1" 302 - "-" "-"
155.94.155.60 - - [21/Jul/2025:23:01:18 +0000] "POST /wp-login.php?action=register HTTP/1.1" 302 - "-" "-"
45.135.232.178 - - [21/Jul/2025:23:01:19 +0000] "GET /wp-login.php?wp_lang=en_US HTTP/1.1" 200 2034 "https://abl.academy/wp-login.php" "Mozilla/5.0 (Windows NT 10.0; Win64; x64) AppleWebKit/537.36 (KHTML, like Gecko) Chrome/135.0.0.0 Safari/537.36"
155.94.155.60 - - [21/Jul/2025:23:01:22 +0000] "POST /wp-login.php?action=register HTTP/1.1" 302 - "-" "-"
155.94.155.60 - - [21/Jul/2025:23:01:24 +0000] "POST /wp-login.php?action=register HTTP/1.1" 302 - "-" "-"
45.135.232.178 - - [21/Jul/2025:23:01:25 +0000] "POST /wp-login.php?wp_lang=en_US HTTP/1.1" 200 2154 "https://abl.academy/wp-login.php" "Mozilla/5.0 (Windows NT 10.0; Win64; x64) AppleWebKit/537.36 (KHTML, like Gecko) Chrome/135.0.0.0 Safari/537.36"
155.94.155.60 - - [21/Jul/2025:23:01:27 +0000] "POST /wp-login.php?action=register HTTP/1.1" 302 - "-" "-"
155.94.155.60 - - [21/Jul/2025:23:01:30 +0000] "POST /wp-login.php?action=register HTTP/1.1" 302 - "-" "-"
209.74.77.214 - - [21/Jul/2025:23:01:33 +0000] "POST /wp-cron.php?doing_wp_cron=1753138893.1048309803009033203125 HTTP/1.1" 200 - "-" "WordPress/6.8.2; https://abl.academy"
155.94.155.60 - - [21/Jul/2025:23:01:32 +0000] "POST /wp-login.php?action=register HTTP/1.1" 302 - "-" "-"
155.94.155.60 - - [21/Jul/2025:23:01:36 +0000] "POST /wp-login.php?action=register HTTP/1.1" 302 - "-" "-"
155.94.155.60 - - [21/Jul/2025:23:01:39 +0000] "POST /wp-login.php?action=register HTTP/1.1" 302 - "-" "-"
155.94.155.60 - - [21/Jul/2025:23:01:42 +0000] "POST /wp-login.php?action=register HTTP/1.1" 302 - "-" "-"
155.94.155.60 - - [21/Jul/2025:23:01:45 +0000] "POST /wp-login.php?action=register HTTP/1.1" 302 - "-" "-"
155.94.155.60 - - [21/Jul/2025:23:01:48 +0000] "POST /wp-login.php?action=register HTTP/1.1" 302 - "-" "-"
155.94.155.60 - - [21/Jul/2025:23:01:50 +0000] "POST /wp-login.php?action=register HTTP/1.1" 302 - "-" "-"
155.94.155.60 - - [21/Jul/2025:23:01:53 +0000] "POST /wp-login.php?action=register HTTP/1.1" 302 - "-" "-"
155.94.155.60 - - [21/Jul/2025:23:01:56 +0000] "POST /wp-login.php?action=register HTTP/1.1" 302 - "-" "-"
155.94.155.60 - - [21/Jul/2025:23:01:59 +0000] "POST /wp-login.php?action=register HTTP/1.1" 302 - "-" "-"
155.94.155.60 - - [21/Jul/2025:23:02:01 +0000] "POST /wp-login.php?action=register HTTP/1.1" 302 - "-" "-"
155.94.155.60 - - [21/Jul/2025:23:02:05 +0000] "POST /wp-login.php?action=register HTTP/1.1" 302 - "-" "-"
155.94.155.60 - - [21/Jul/2025:23:02:08 +0000] "POST /wp-login.php?action=register HTTP/1.1" 302 - "-" "-"
155.94.155.60 - - [21/Jul/2025:23:02:11 +0000] "POST /wp-login.php?action=register HTTP/1.1" 302 - "-" "-"
209.74.77.214 - - [21/Jul/2025:23:02:14 +0000] "POST /wp-cron.php?doing_wp_cron=1753138934.2416141033172607421875 HTTP/1.1" 200 - "-" "WordPress/6.8.2; https://abl.academy"
155.94.155.60 - - [21/Jul/2025:23:02:14 +0000] "POST /wp-login.php?action=register HTTP/1.1" 302 - "-" "-"
155.94.155.60 - - [21/Jul/2025:23:02:16 +0000] "POST /wp-login.php?action=register HTTP/1.1" 302 - "-" "-"
155.94.155.60 - - [21/Jul/2025:23:02:18 +0000] "POST /wp-login.php?action=register HTTP/1.1" 302 - "-" "-"
155.94.155.60 - - [21/Jul/2025:23:02:21 +0000] "POST /wp-login.php?action=register HTTP/1.1" 302 - "-" "-"
155.94.155.60 - - [21/Jul/2025:23:02:23 +0000] "POST /wp-login.php?action=register HTTP/1.1" 302 - "-" "-"
155.94.155.60 - - [21/Jul/2025:23:02:26 +0000] "POST /wp-login.php?action=register HTTP/1.1" 302 - "-" "-"
66.249.65.198 - - [21/Jul/2025:23:10:43 +0000] "GET /shopdetail/82766049 HTTP/1.1" 200 40839 "-" "Mozilla/5.0 (Linux; Android 6.0.1; Nexus 5X Build/MMB29P) AppleWebKit/537.36 (KHTML, like Gecko) Chrome/137.0.7151.103 Mobile Safari/537.36 (compatible; Googlebot/2.1; +http://www.google.com/bot.html)"
209.74.77.214 - - [21/Jul/2025:23:20:38 +0000] "POST /wp-cron.php?doing_wp_cron=1753140037.9357910156250000000000 HTTP/1.1" 200 - "-" "WordPress/6.8.2; https://abl.academy"
91.84.111.146 - - [21/Jul/2025:23:20:36 +0000] "GET /lms-wordpress-plugin/ HTTP/1.0" 200 69394 "https://abl.academy/lms-wordpress-plugin/" "Mozilla/5.0 (Windows NT 10.0; Win64; x64) AppleWebKit/537.36 (KHTML, like Gecko) Chrome/129.0.0.0 Safari/537.36"
91.84.111.146 - - [21/Jul/2025:23:20:39 +0000] "POST /wp-comments-post.php HTTP/1.0" 302 - "https://abl.academy/lms-wordpress-plugin/" "Mozilla/5.0 (Windows NT 10.0; Win64; x64) AppleWebKit/537.36 (KHTML, like Gecko) Chrome/129.0.0.0 Safari/537.36"
91.84.111.146 - - [21/Jul/2025:23:20:39 +0000] "GET /lms-wordpress-plugin/?unapproved=6358&moderation-hash=6b9aec570f61beab0d7bc7d59b893da1 HTTP/1.0" 200 69483 "https://abl.academy/lms-wordpress-plugin/?unapproved=6358&moderation-hash=6b9aec570f61beab0d7bc7d59b893da1#comment-6358" "Mozilla/5.0 (Windows NT 10.0; Win64; x64) AppleWebKit/537.36 (KHTML, like Gecko) Chrome/129.0.0.0 Safari/537.36"
209.74.77.214 - - [21/Jul/2025:23:29:21 +0000] "POST /wp-cron.php?doing_wp_cron=1753140561.7804460525512695312500 HTTP/1.1" 200 - "-" "WordPress/6.8.2; https://abl.academy"
195.2.75.64 - - [21/Jul/2025:23:29:20 +0000] "GET /lms-wordpress-plugin/ HTTP/1.0" 200 69394 "https://abl.academy/lms-wordpress-plugin/" "Mozilla/5.0 (Windows NT 10.0; Win64; x64) AppleWebKit/537.36 (KHTML, like Gecko) Chrome/131.0.0.0 Safari/537.36"
195.2.75.64 - - [21/Jul/2025:23:29:23 +0000] "POST /wp-comments-post.php HTTP/1.0" 302 - "https://abl.academy/lms-wordpress-plugin/" "Mozilla/5.0 (Windows NT 10.0; Win64; x64) AppleWebKit/537.36 (KHTML, like Gecko) Chrome/131.0.0.0 Safari/537.36"
195.2.75.64 - - [21/Jul/2025:23:29:24 +0000] "GET /lms-wordpress-plugin/?unapproved=6359&moderation-hash=b7b90d26504d89e3a23d5ae02a8b98b5 HTTP/1.0" 200 69483 "https://abl.academy/lms-wordpress-plugin/?unapproved=6359&moderation-hash=b7b90d26504d89e3a23d5ae02a8b98b5#comment-6359" "Mozilla/5.0 (Windows NT 10.0; Win64; x64) AppleWebKit/537.36 (KHTML, like Gecko) Chrome/131.0.0.0 Safari/537.36"
5.255.231.68 - - [21/Jul/2025:23:31:46 +0000] "GET /robots.txt HTTP/1.1" 200 285 "-" "Mozilla/5.0 (compatible; YandexBot/3.0; +http://yandex.com/bots)"
209.74.77.214 - - [21/Jul/2025:23:31:48 +0000] "POST /wp-cron.php?doing_wp_cron=1753140708.5476419925689697265625 HTTP/1.1" 200 - "-" "WordPress/6.8.2; https://abl.academy"
