Current File : /home/kelaby89/access-logs/abl.academy.sixpack.studio-ssl_log |
45.227.253.15 - - [21/Jul/2025:12:08:34 +0000] "GET /index.php/jk HTTP/1.1" 200 59 "-" "Mozilla/5.0 (iPhone; CPU iPhone OS 13_5 like Mac OS X) AppleWebKit/605.1.15 (KHTML, like Gecko) Version/13.5.1 Mobile/15E148 Safari/604.1"
209.74.77.214 - - [21/Jul/2025:12:10:14 +0000] "POST /wp-cron.php?doing_wp_cron=1753099814.7057991027832031250000 HTTP/1.1" 200 - "-" "WordPress/6.8.2; https://abl.academy"
51.222.253.8 - - [21/Jul/2025:12:10:12 +0000] "GET /item/bus71380430/ HTTP/1.1" 404 9549 "-" "Mozilla/5.0 (compatible; AhrefsBot/7.0; +http://ahrefs.com/robot/)"
209.74.77.214 - - [21/Jul/2025:12:15:10 +0000] "POST /wp-cron.php?doing_wp_cron=1753100110.5392060279846191406250 HTTP/1.1" 200 - "-" "WordPress/6.8.2; https://abl.academy"
84.54.44.30 - - [21/Jul/2025:12:15:07 +0000] "GET /lms-wordpress-plugin/ HTTP/1.0" 200 69394 "https://abl.academy/lms-wordpress-plugin/" "Mozilla/5.0 (Windows NT 10.0; Win64; x64) AppleWebKit/537.36 (KHTML, like Gecko) Chrome/130.0.0.0 Safari/537.36 CCleaner/130.0.0.0"
209.74.77.214 - - [21/Jul/2025:12:15:12 +0000] "POST /wp-cron.php?doing_wp_cron=1753100112.3426411151885986328125 HTTP/1.1" 200 - "-" "WordPress/6.8.2; https://abl.academy"
84.54.44.30 - - [21/Jul/2025:12:15:12 +0000] "POST /wp-comments-post.php HTTP/1.0" 302 - "https://abl.academy/lms-wordpress-plugin/" "Mozilla/5.0 (Windows NT 10.0; Win64; x64) AppleWebKit/537.36 (KHTML, like Gecko) Chrome/130.0.0.0 Safari/537.36 CCleaner/130.0.0.0"
84.54.44.30 - - [21/Jul/2025:12:15:13 +0000] "GET /lms-wordpress-plugin/?unapproved=6323&moderation-hash=6f071bc2fd5c13d0892fd08cf65a6071 HTTP/1.0" 200 69483 "https://abl.academy/lms-wordpress-plugin/?unapproved=6323&moderation-hash=6f071bc2fd5c13d0892fd08cf65a6071#comment-6323" "Mozilla/5.0 (Windows NT 10.0; Win64; x64) AppleWebKit/537.36 (KHTML, like Gecko) Chrome/130.0.0.0 Safari/537.36 CCleaner/130.0.0.0"
95.108.213.125 - - [21/Jul/2025:12:18:26 +0000] "GET /robots.txt HTTP/1.1" 200 285 "-" "Mozilla/5.0 (compatible; YandexBot/3.0; +http://yandex.com/bots)"
209.74.77.214 - - [21/Jul/2025:12:18:29 +0000] "POST /wp-cron.php?doing_wp_cron=1753100309.4616119861602783203125 HTTP/1.1" 200 - "-" "WordPress/6.8.2; https://abl.academy"
95.108.213.170 - - [21/Jul/2025:12:18:27 +0000] "GET /item/awry72539822/ HTTP/1.1" 404 9550 "-" "Mozilla/5.0 (compatible; YandexBot/3.0; +http://yandex.com/bots)"
209.74.77.214 - - [21/Jul/2025:12:19:05 +0000] "POST /wp-cron.php?doing_wp_cron=1753100345.3868501186370849609375 HTTP/1.1" 200 - "-" "WordPress/6.8.2; https://abl.academy"
51.222.253.5 - - [21/Jul/2025:12:19:04 +0000] "GET /item/dad30145426/ HTTP/1.1" 404 9550 "-" "Mozilla/5.0 (compatible; AhrefsBot/7.0; +http://ahrefs.com/robot/)"
209.74.77.214 - - [21/Jul/2025:12:19:55 +0000] "POST /wp-cron.php?doing_wp_cron=1753100395.3491909503936767578125 HTTP/1.1" 200 - "-" "WordPress/6.8.2; https://abl.academy"
95.108.213.201 - - [21/Jul/2025:12:19:53 +0000] "GET /item/envel42405619/ HTTP/1.1" 404 9551 "-" "Mozilla/5.0 (compatible; YandexBot/3.0; +http://yandex.com/bots)"
66.249.65.197 - - [21/Jul/2025:12:25:57 +0000] "GET /item/layou30119410/ HTTP/1.1" 200 40778 "-" "Mozilla/5.0 (Linux; Android 6.0.1; Nexus 5X Build/MMB29P) AppleWebKit/537.36 (KHTML, like Gecko) Chrome/137.0.7151.103 Mobile Safari/537.36 (compatible; Googlebot/2.1; +http://www.google.com/bot.html)"
209.74.77.214 - - [21/Jul/2025:12:26:37 +0000] "POST /wp-cron.php?doing_wp_cron=1753100797.2089679241180419921875 HTTP/1.1" 200 - "-" "WordPress/6.8.2; https://abl.academy"
110.249.201.228 - - [21/Jul/2025:12:26:35 +0000] "GET / HTTP/1.1" 200 9694 "-" "Mozilla/5.0 (Linux; Android 5.0) AppleWebKit/537.36 (KHTML, like Gecko) Mobile Safari/537.36 (compatible; Bytespider; https://zhanzhang.toutiao.com/)"
110.249.201.228 - - [21/Jul/2025:12:26:37 +0000] "GET /wp-content/plugins/woocommerce/assets/css/brands.css?ver=10.0.2 HTTP/1.1" 200 684 "https://abl.academy/" "Mozilla/5.0 (Linux; Android 5.0) AppleWebKit/537.36 (KHTML, like Gecko) Mobile Safari/537.36 (compatible; Bytespider; https://zhanzhang.toutiao.com/)"
110.249.201.228 - - [21/Jul/2025:12:26:37 +0000] "GET /wp-includes/css/dist/block-library/style.min.css?ver=6.8.2 HTTP/1.1" 200 15315 "https://abl.academy/" "Mozilla/5.0 (Linux; Android 5.0) AppleWebKit/537.36 (KHTML, like Gecko) Mobile Safari/537.36 (compatible; Bytespider; https://zhanzhang.toutiao.com/)"
110.249.201.228 - - [21/Jul/2025:12:26:38 +0000] "GET /wp-content/themes/eduma/assets/css/v4-shims.min.css?ver=5.5.8 HTTP/1.1" 200 4228 "https://abl.academy/" "Mozilla/5.0 (Linux; Android 5.0) AppleWebKit/537.36 (KHTML, like Gecko) Mobile Safari/537.36 (compatible; Bytespider; https://zhanzhang.toutiao.com/)"
110.249.201.227 - - [21/Jul/2025:12:26:38 +0000] "GET /wp-content/plugins/learnpress/assets/css/widgets.min.css?ver=4.2.8.7.4 HTTP/1.1" 200 4619 "https://abl.academy/" "Mozilla/5.0 (Linux; Android 5.0) AppleWebKit/537.36 (KHTML, like Gecko) Mobile Safari/537.36 (compatible; Bytespider; https://zhanzhang.toutiao.com/)"
110.249.201.226 - - [21/Jul/2025:12:26:38 +0000] "GET /wp-content/themes/eduma/assets/css/all.min.css?ver=5.5.8 HTTP/1.1" 200 12790 "https://abl.academy/" "Mozilla/5.0 (Linux; Android 5.0) AppleWebKit/537.36 (KHTML, like Gecko) Mobile Safari/537.36 (compatible; Bytespider; https://zhanzhang.toutiao.com/)"
110.249.201.225 - - [21/Jul/2025:12:26:38 +0000] "GET /wp-content/themes/eduma/assets/css/thim-ekits-icons.min.css?ver=5.5.8 HTTP/1.1" 200 10395 "https://abl.academy/" "Mozilla/5.0 (Linux; Android 5.0) AppleWebKit/537.36 (KHTML, like Gecko) Mobile Safari/537.36 (compatible; Bytespider; https://zhanzhang.toutiao.com/)"
110.249.201.212 - - [21/Jul/2025:12:26:38 +0000] "GET /wp-includes/js/jquery/jquery.min.js?ver=3.7.1 HTTP/1.1" 200 30368 "https://abl.academy/" "Mozilla/5.0 (Linux; Android 5.0) AppleWebKit/537.36 (KHTML, like Gecko) Mobile Safari/537.36 (compatible; Bytespider; https://zhanzhang.toutiao.com/)"
110.249.201.228 - - [21/Jul/2025:12:26:38 +0000] "GET /wp-includes/js/jquery/jquery-migrate.min.js?ver=3.4.1 HTTP/1.1" 200 4872 "https://abl.academy/" "Mozilla/5.0 (Linux; Android 5.0) AppleWebKit/537.36 (KHTML, like Gecko) Mobile Safari/537.36 (compatible; Bytespider; https://zhanzhang.toutiao.com/)"
110.249.201.221 - - [21/Jul/2025:12:26:38 +0000] "GET /wp-content/themes/eduma/style.css?ver=5.5.8 HTTP/1.1" 200 104917 "https://abl.academy/" "Mozilla/5.0 (Linux; Android 5.0) AppleWebKit/537.36 (KHTML, like Gecko) Mobile Safari/537.36 (compatible; Bytespider; https://zhanzhang.toutiao.com/)"
110.249.201.212 - - [21/Jul/2025:12:26:38 +0000] "GET /wp-content/plugins/woocommerce/assets/client/blocks/wc-blocks.css?ver=wc-10.0.2 HTTP/1.1" 200 2575 "https://abl.academy/" "Mozilla/5.0 (Linux; Android 5.0) AppleWebKit/537.36 (KHTML, like Gecko) Mobile Safari/537.36 (compatible; Bytespider; https://zhanzhang.toutiao.com/)"
110.249.201.212 - - [21/Jul/2025:12:26:39 +0000] "GET /wp-content/plugins/woocommerce/assets/js/sourcebuster/sourcebuster.min.js?ver=10.0.2 HTTP/1.1" 200 4807 "https://abl.academy/" "Mozilla/5.0 (Linux; Android 5.0) AppleWebKit/537.36 (KHTML, like Gecko) Mobile Safari/537.36 (compatible; Bytespider; https://zhanzhang.toutiao.com/)"
110.249.201.212 - - [21/Jul/2025:12:26:39 +0000] "GET /wp-content/plugins/woocommerce/assets/js/frontend/order-attribution.min.js?ver=10.0.2 HTTP/1.1" 200 1128 "https://abl.academy/" "Mozilla/5.0 (Linux; Android 5.0) AppleWebKit/537.36 (KHTML, like Gecko) Mobile Safari/537.36 (compatible; Bytespider; https://zhanzhang.toutiao.com/)"
110.249.201.221 - - [21/Jul/2025:12:26:39 +0000] "GET /wp-includes/js/imagesloaded.min.js?ver=5.0.0 HTTP/1.1" 200 1803 "https://abl.academy/" "Mozilla/5.0 (Linux; Android 5.0) AppleWebKit/537.36 (KHTML, like Gecko) Mobile Safari/537.36 (compatible; Bytespider; https://zhanzhang.toutiao.com/)"
110.249.201.228 - - [21/Jul/2025:12:26:39 +0000] "GET /wp-content/themes/eduma/assets/js/thim-scripts.min.js?ver=5.5.8 HTTP/1.1" 200 9207 "https://abl.academy/" "Mozilla/5.0 (Linux; Android 5.0) AppleWebKit/537.36 (KHTML, like Gecko) Mobile Safari/537.36 (compatible; Bytespider; https://zhanzhang.toutiao.com/)"
110.249.201.225 - - [21/Jul/2025:12:26:39 +0000] "GET /wp-content/themes/eduma/assets/js/main.min.js?ver=5.5.8 HTTP/1.1" 200 21197 "https://abl.academy/" "Mozilla/5.0 (Linux; Android 5.0) AppleWebKit/537.36 (KHTML, like Gecko) Mobile Safari/537.36 (compatible; Bytespider; https://zhanzhang.toutiao.com/)"
110.249.201.227 - - [21/Jul/2025:12:26:39 +0000] "GET /wp-content/plugins/learnpress/assets/js/dist/loadAJAX.min.js?ver=4.2.8.7.4 HTTP/1.1" 200 1613 "https://abl.academy/" "Mozilla/5.0 (Linux; Android 5.0) AppleWebKit/537.36 (KHTML, like Gecko) Mobile Safari/537.36 (compatible; Bytespider; https://zhanzhang.toutiao.com/)"
110.249.201.226 - - [21/Jul/2025:12:26:39 +0000] "GET /wp-content/plugins/woocommerce/assets/js/frontend/add-to-cart.min.js?ver=10.0.2 HTTP/1.1" 200 1407 "https://abl.academy/" "Mozilla/5.0 (Linux; Android 5.0) AppleWebKit/537.36 (KHTML, like Gecko) Mobile Safari/537.36 (compatible; Bytespider; https://zhanzhang.toutiao.com/)"
110.249.201.212 - - [21/Jul/2025:12:26:39 +0000] "GET /wp-content/uploads/2022/11/Eduma-cover-banner-17.jpg HTTP/1.1" 206 500 "https://abl.academy/" "Mozilla/5.0 (Linux; Android 5.0) AppleWebKit/537.36 (KHTML, like Gecko) Mobile Safari/537.36 (compatible; Bytespider; https://zhanzhang.toutiao.com/)"
110.249.201.221 - - [21/Jul/2025:12:26:39 +0000] "GET /wp-content/uploads/2024/06/Untitled-design2white.png HTTP/1.1" 206 500 "https://abl.academy/" "Mozilla/5.0 (Linux; Android 5.0) AppleWebKit/537.36 (KHTML, like Gecko) Mobile Safari/537.36 (compatible; Bytespider; https://zhanzhang.toutiao.com/)"
110.249.201.212 - - [21/Jul/2025:12:26:39 +0000] "GET /wp-content/plugins/woocommerce/assets/js/jquery-blockui/jquery.blockUI.min.js?ver=2.7.0-wc.10.0.2 HTTP/1.1" 200 3537 "https://abl.academy/" "Mozilla/5.0 (Linux; Android 5.0) AppleWebKit/537.36 (KHTML, like Gecko) Mobile Safari/537.36 (compatible; Bytespider; https://zhanzhang.toutiao.com/)"
66.249.65.199 - - [21/Jul/2025:12:27:12 +0000] "GET /item/atten40564243/ HTTP/1.1" 200 39769 "-" "Mozilla/5.0 (Linux; Android 6.0.1; Nexus 5X Build/MMB29P) AppleWebKit/537.36 (KHTML, like Gecko) Chrome/137.0.7151.103 Mobile Safari/537.36 (compatible; Googlebot/2.1; +http://www.google.com/bot.html)"
185.36.81.36 - - [21/Jul/2025:12:39:55 +0000] "GET / HTTP/1.1" 200 9694 "-" "Mozilla/5.0 (Windows NT 10.0; Win64; x64) AppleWebKit/537.36 (KHTML, like Gecko) Chrome/138.0.7204.50 Safari/537.36"
209.74.77.214 - - [21/Jul/2025:12:47:54 +0000] "POST /wp-cron.php?doing_wp_cron=1753102074.0438311100006103515625 HTTP/1.1" 200 - "-" "WordPress/6.8.2; https://abl.academy"
51.222.253.6 - - [21/Jul/2025:12:47:52 +0000] "GET /item/fan11312128/ HTTP/1.1" 404 9551 "-" "Mozilla/5.0 (compatible; AhrefsBot/7.0; +http://ahrefs.com/robot/)"
66.249.65.198 - - [21/Jul/2025:12:51:05 +0000] "GET /item/figur61238221/ HTTP/1.1" 200 39917 "-" "Mozilla/5.0 (Linux; Android 6.0.1; Nexus 5X Build/MMB29P) AppleWebKit/537.36 (KHTML, like Gecko) Chrome/137.0.7151.103 Mobile Safari/537.36 (compatible; Googlebot/2.1; +http://www.google.com/bot.html)"
213.180.203.137 - - [21/Jul/2025:12:56:53 +0000] "GET /robots.txt HTTP/1.1" 200 285 "-" "Mozilla/5.0 (compatible; YandexBot/3.0; +http://yandex.com/bots)"
209.74.77.214 - - [21/Jul/2025:12:56:56 +0000] "POST /wp-cron.php?doing_wp_cron=1753102616.7084751129150390625000 HTTP/1.1" 200 - "-" "WordPress/6.8.2; https://abl.academy"
95.108.213.153 - - [21/Jul/2025:12:56:54 +0000] "GET /item/spect20431705/ HTTP/1.1" 404 9550 "-" "Mozilla/5.0 (compatible; YandexBot/3.0; +http://yandex.com/bots) AppleWebKit/537.36 (KHTML, like Gecko) Chrome/108.0.0.0"
209.74.77.214 - - [21/Jul/2025:12:57:53 +0000] "POST /wp-cron.php?doing_wp_cron=1753102672.9955289363861083984375 HTTP/1.1" 200 - "-" "WordPress/6.8.2; https://abl.academy"
51.222.253.12 - - [21/Jul/2025:12:57:51 +0000] "GET /item/fop31559954/ HTTP/1.1" 404 9551 "-" "Mozilla/5.0 (compatible; AhrefsBot/7.0; +http://ahrefs.com/robot/)"
209.74.77.214 - - [21/Jul/2025:12:58:43 +0000] "POST /wp-cron.php?doing_wp_cron=1753102723.9019360542297363281250 HTTP/1.1" 200 - "-" "WordPress/6.8.2; https://abl.academy"
95.108.213.200 - - [21/Jul/2025:12:58:41 +0000] "GET /item/drift21822649/ HTTP/1.1" 404 9551 "-" "Mozilla/5.0 (compatible; YandexBot/3.0; +http://yandex.com/bots) AppleWebKit/537.36 (KHTML, like Gecko) Chrome/108.0.0.0"
114.96.103.33 - - [21/Jul/2025:13:04:41 +0000] "GET / HTTP/1.1" 200 9694 "http://abl.academy" "Mozilla/5.0 (iPhone; CPU iPhone OS 13_2_3 like Mac OS X) AppleWebKit/605.1.15 (KHTML, like Gecko) Version/13.0.3 Mobile/15E148 Safari/604.1"
209.74.77.214 - - [21/Jul/2025:13:07:34 +0000] "POST /wp-cron.php?doing_wp_cron=1753103254.3006548881530761718750 HTTP/1.1" 200 - "-" "WordPress/6.8.2; https://abl.academy"
91.84.96.34 - - [21/Jul/2025:13:07:31 +0000] "GET /lms-wordpress-plugin/?unapproved=5465&moderation-hash=285d9522013d2a0eea6b88534e4c1b26 HTTP/1.0" 200 69483 "https://abl.academy/lms-wordpress-plugin/?unapproved=5465&moderation-hash=285d9522013d2a0eea6b88534e4c1b26#comment-5465" "Mozilla/5.0 (Windows NT 10.0; Win64; x64) AppleWebKit/537.36 (KHTML, like Gecko) Chrome/130.0.0.0 Safari/537.36 CCleaner/130.0.0.0"
91.84.96.34 - - [21/Jul/2025:13:07:35 +0000] "POST /wp-comments-post.php HTTP/1.0" 302 - "https://abl.academy/lms-wordpress-plugin/?unapproved=5465&moderation-hash=285d9522013d2a0eea6b88534e4c1b26#comment-5465" "Mozilla/5.0 (Windows NT 10.0; Win64; x64) AppleWebKit/537.36 (KHTML, like Gecko) Chrome/130.0.0.0 Safari/537.36 CCleaner/130.0.0.0"
91.84.96.34 - - [21/Jul/2025:13:07:36 +0000] "GET /lms-wordpress-plugin/?unapproved=6324&moderation-hash=312333bc28b94b377de479bd6102c7da HTTP/1.0" 200 69483 "https://abl.academy/lms-wordpress-plugin/?unapproved=6324&moderation-hash=312333bc28b94b377de479bd6102c7da#comment-6324" "Mozilla/5.0 (Windows NT 10.0; Win64; x64) AppleWebKit/537.36 (KHTML, like Gecko) Chrome/130.0.0.0 Safari/537.36 CCleaner/130.0.0.0"
51.222.253.1 - - [21/Jul/2025:13:08:01 +0000] "GET /item/gin40755979/ HTTP/1.1" 404 9551 "-" "Mozilla/5.0 (compatible; AhrefsBot/7.0; +http://ahrefs.com/robot/)"
66.249.65.197 - - [21/Jul/2025:13:08:35 +0000] "GET /sitemapa.xml HTTP/1.1" 200 17016 "-" "Mozilla/5.0 (compatible; Googlebot/2.1; +http://www.google.com/bot.html)"
66.249.65.199 - - [21/Jul/2025:13:12:26 +0000] "GET /item/answe20221129/ HTTP/1.1" 200 39969 "-" "Mozilla/5.0 (Linux; Android 6.0.1; Nexus 5X Build/MMB29P) AppleWebKit/537.36 (KHTML, like Gecko) Chrome/137.0.7151.103 Mobile Safari/537.36 (compatible; Googlebot/2.1; +http://www.google.com/bot.html)"
66.249.65.199 - - [21/Jul/2025:13:13:57 +0000] "GET /item/award41173803/ HTTP/1.1" 200 40063 "-" "Mozilla/5.0 (Linux; Android 6.0.1; Nexus 5X Build/MMB29P) AppleWebKit/537.36 (KHTML, like Gecko) Chrome/137.0.7151.103 Mobile Safari/537.36 (compatible; Googlebot/2.1; +http://www.google.com/bot.html)"
66.249.65.198 - - [21/Jul/2025:13:15:06 +0000] "GET /item/encou51648708/ HTTP/1.1" 200 40053 "-" "Mozilla/5.0 (Linux; Android 6.0.1; Nexus 5X Build/MMB29P) AppleWebKit/537.36 (KHTML, like Gecko) Chrome/137.0.7151.103 Mobile Safari/537.36 (compatible; Googlebot/2.1; +http://www.google.com/bot.html)"
66.249.65.197 - - [21/Jul/2025:13:15:19 +0000] "POST /get-message-notify HTTP/1.1" 200 40352 "https://abl.academy/item/encou51648708/" "Mozilla/5.0 (Linux; Android 6.0.1; Nexus 5X Build/MMB29P) AppleWebKit/537.36 (KHTML, like Gecko) Chrome/137.0.7151.119 Mobile Safari/537.36 (compatible; Googlebot/2.1; +http://www.google.com/bot.html)"
43.130.47.33 - - [21/Jul/2025:13:16:05 +0000] "GET / HTTP/1.1" 200 9694 "http://abl.academy" "Mozilla/5.0 (iPhone; CPU iPhone OS 13_2_3 like Mac OS X) AppleWebKit/605.1.15 (KHTML, like Gecko) Version/13.0.3 Mobile/15E148 Safari/604.1"
209.74.77.214 - - [21/Jul/2025:13:18:57 +0000] "POST /wp-cron.php?doing_wp_cron=1753103937.7234408855438232421875 HTTP/1.1" 200 - "-" "WordPress/6.8.2; https://abl.academy"
51.222.253.19 - - [21/Jul/2025:13:18:56 +0000] "GET /item/go71827134/ HTTP/1.1" 404 9551 "-" "Mozilla/5.0 (compatible; AhrefsBot/7.0; +http://ahrefs.com/robot/)"
42.113.54.49 - - [21/Jul/2025:13:22:45 +0000] "POST /wp-comments-post.php HTTP/1.1" 302 - "-" "Mozilla/5.0 (Windows NT 10.0; Win64; x64) AppleWebKit/537.36 (KHTML, like Gecko) Chrome/120.0.0.0 Safari/537.36"
209.74.77.214 - - [21/Jul/2025:13:23:12 +0000] "POST /wp-cron.php?doing_wp_cron=1753104192.2044310569763183593750 HTTP/1.1" 200 - "-" "WordPress/6.8.2; https://abl.academy"
42.113.54.49 - - [21/Jul/2025:13:23:12 +0000] "POST /wp-comments-post.php HTTP/1.1" 302 - "-" "Mozilla/5.0 (Windows NT 10.0; Win64; x64) AppleWebKit/537.36 (KHTML, like Gecko) Chrome/120.0.0.0 Safari/537.36"
209.74.77.214 - - [21/Jul/2025:13:23:38 +0000] "POST /wp-cron.php?doing_wp_cron=1753104218.4674921035766601562500 HTTP/1.1" 200 - "-" "WordPress/6.8.2; https://abl.academy"
42.113.54.49 - - [21/Jul/2025:13:23:37 +0000] "POST /wp-comments-post.php HTTP/1.1" 302 - "-" "Mozilla/5.0 (Windows NT 10.0; Win64; x64) AppleWebKit/537.36 (KHTML, like Gecko) Chrome/120.0.0.0 Safari/537.36"
66.249.65.197 - - [21/Jul/2025:13:24:03 +0000] "GET /sitemapi.xml HTTP/1.1" 200 14092 "-" "Mozilla/5.0 (compatible; Googlebot/2.1; +http://www.google.com/bot.html)"
42.113.54.49 - - [21/Jul/2025:13:24:04 +0000] "POST /wp-comments-post.php HTTP/1.1" 302 - "-" "Mozilla/5.0 (Windows NT 10.0; Win64; x64) AppleWebKit/537.36 (KHTML, like Gecko) Chrome/120.0.0.0 Safari/537.36"
209.74.77.214 - - [21/Jul/2025:13:24:30 +0000] "POST /wp-cron.php?doing_wp_cron=1753104270.6536509990692138671875 HTTP/1.1" 200 - "-" "WordPress/6.8.2; https://abl.academy"
42.113.54.49 - - [21/Jul/2025:13:24:29 +0000] "POST /wp-comments-post.php HTTP/1.1" 302 - "-" "Mozilla/5.0 (Windows NT 10.0; Win64; x64) AppleWebKit/537.36 (KHTML, like Gecko) Chrome/120.0.0.0 Safari/537.36"
66.249.65.199 - - [21/Jul/2025:13:49:48 +0000] "GET /item/evolv71622382/ HTTP/1.1" 200 40028 "-" "Mozilla/5.0 (Linux; Android 6.0.1; Nexus 5X Build/MMB29P) AppleWebKit/537.36 (KHTML, like Gecko) Chrome/137.0.7151.103 Mobile Safari/537.36 (compatible; Googlebot/2.1; +http://www.google.com/bot.html)"
209.74.77.214 - - [21/Jul/2025:13:49:57 +0000] "POST /wp-cron.php?doing_wp_cron=1753105796.9484770298004150390625 HTTP/1.1" 200 - "-" "WordPress/6.8.2; https://abl.academy"
209.74.77.214 - - [21/Jul/2025:13:49:57 +0000] "POST /wp-cron.php?doing_wp_cron=1753105796.9501259326934814453125 HTTP/1.1" 200 - "-" "WordPress/6.8.2; https://abl.academy"
45.61.184.57 - - [21/Jul/2025:13:37:20 +0000] "GET /wp-login.php HTTP/1.1" 302 - "-" "Mozilla/5.0 (Windows NT 6.1; WOW64) AppleWebKit/537.36 (KHTML, like Gecko) Chrome/36.0.1985.125 Safari/537.36"
87.250.224.32 - - [21/Jul/2025:13:48:14 +0000] "GET /item/compa20160193/ HTTP/1.1" 404 9551 "-" "Mozilla/5.0 (compatible; YandexBot/3.0; +http://yandex.com/bots)"
66.249.65.197 - - [21/Jul/2025:13:50:32 +0000] "POST /get-message-notify HTTP/1.1" 200 40365 "https://abl.academy/item/evolv71622382/" "Mozilla/5.0 (Linux; Android 6.0.1; Nexus 5X Build/MMB29P) AppleWebKit/537.36 (KHTML, like Gecko) Chrome/137.0.7151.119 Mobile Safari/537.36 (compatible; Googlebot/2.1; +http://www.google.com/bot.html)"
42.115.245.73 - - [21/Jul/2025:13:51:46 +0000] "POST /wp-comments-post.php HTTP/1.1" 302 - "-" "Mozilla/5.0 (Windows NT 10.0; Win64; x64) AppleWebKit/537.36 (KHTML, like Gecko) Chrome/120.0.0.0 Safari/537.36"
42.115.245.73 - - [21/Jul/2025:13:52:08 +0000] "POST /wp-comments-post.php HTTP/1.1" 302 - "-" "Mozilla/5.0 (Windows NT 10.0; Win64; x64) AppleWebKit/537.36 (KHTML, like Gecko) Chrome/120.0.0.0 Safari/537.36"
209.74.77.214 - - [21/Jul/2025:13:52:29 +0000] "POST /wp-cron.php?doing_wp_cron=1753105949.8917219638824462890625 HTTP/1.1" 200 - "-" "WordPress/6.8.2; https://abl.academy"
42.115.245.73 - - [21/Jul/2025:13:52:29 +0000] "POST /wp-comments-post.php HTTP/1.1" 302 - "-" "Mozilla/5.0 (Windows NT 10.0; Win64; x64) AppleWebKit/537.36 (KHTML, like Gecko) Chrome/120.0.0.0 Safari/537.36"
209.74.77.214 - - [21/Jul/2025:13:52:51 +0000] "POST /wp-cron.php?doing_wp_cron=1753105971.0706849098205566406250 HTTP/1.1" 200 - "-" "WordPress/6.8.2; https://abl.academy"
42.115.245.73 - - [21/Jul/2025:13:52:50 +0000] "POST /wp-comments-post.php HTTP/1.1" 302 - "-" "Mozilla/5.0 (Windows NT 10.0; Win64; x64) AppleWebKit/537.36 (KHTML, like Gecko) Chrome/120.0.0.0 Safari/537.36"
209.74.77.214 - - [21/Jul/2025:13:53:13 +0000] "POST /wp-cron.php?doing_wp_cron=1753105993.2480559349060058593750 HTTP/1.1" 200 - "-" "WordPress/6.8.2; https://abl.academy"
42.115.245.73 - - [21/Jul/2025:13:53:13 +0000] "POST /wp-comments-post.php HTTP/1.1" 302 - "-" "Mozilla/5.0 (Windows NT 10.0; Win64; x64) AppleWebKit/537.36 (KHTML, like Gecko) Chrome/120.0.0.0 Safari/537.36"
209.74.77.214 - - [21/Jul/2025:13:53:40 +0000] "POST /wp-cron.php?doing_wp_cron=1753106020.2275900840759277343750 HTTP/1.1" 200 - "-" "WordPress/6.8.2; https://abl.academy"
42.115.245.73 - - [21/Jul/2025:13:53:40 +0000] "POST /wp-comments-post.php HTTP/1.1" 302 - "-" "Mozilla/5.0 (Windows NT 10.0; Win64; x64) AppleWebKit/537.36 (KHTML, like Gecko) Chrome/120.0.0.0 Safari/537.36"
42.115.245.73 - - [21/Jul/2025:13:54:01 +0000] "POST /wp-comments-post.php HTTP/1.1" 302 - "-" "Mozilla/5.0 (Windows NT 10.0; Win64; x64) AppleWebKit/537.36 (KHTML, like Gecko) Chrome/120.0.0.0 Safari/537.36"
209.74.77.214 - - [21/Jul/2025:13:54:24 +0000] "POST /wp-cron.php?doing_wp_cron=1753106064.3884139060974121093750 HTTP/1.1" 200 - "-" "WordPress/6.8.2; https://abl.academy"
42.115.245.73 - - [21/Jul/2025:13:54:24 +0000] "POST /wp-comments-post.php HTTP/1.1" 302 - "-" "Mozilla/5.0 (Windows NT 10.0; Win64; x64) AppleWebKit/537.36 (KHTML, like Gecko) Chrome/120.0.0.0 Safari/537.36"
209.74.77.214 - - [21/Jul/2025:13:58:13 +0000] "POST /wp-cron.php?doing_wp_cron=1753106293.1509459018707275390625 HTTP/1.1" 200 - "-" "WordPress/6.8.2; https://abl.academy"
51.222.253.20 - - [21/Jul/2025:13:58:11 +0000] "GET /item/hat62633189/ HTTP/1.1" 404 9551 "-" "Mozilla/5.0 (compatible; AhrefsBot/7.0; +http://ahrefs.com/robot/)"
87.250.224.2 - - [21/Jul/2025:14:04:19 +0000] "GET /robots.txt HTTP/1.1" 200 285 "-" "Mozilla/5.0 (compatible; YandexBot/3.0; +http://yandex.com/bots)"
209.74.77.214 - - [21/Jul/2025:14:04:21 +0000] "POST /wp-cron.php?doing_wp_cron=1753106661.9560859203338623046875 HTTP/1.1" 200 - "-" "WordPress/6.8.2; https://abl.academy"
213.180.203.111 - - [21/Jul/2025:14:04:20 +0000] "GET /item/gulf10815352/ HTTP/1.1" 404 9551 "-" "Mozilla/5.0 (compatible; YandexBot/3.0; +http://yandex.com/bots)"
209.74.77.214 - - [21/Jul/2025:14:05:24 +0000] "POST /wp-cron.php?doing_wp_cron=1753106724.2029740810394287109375 HTTP/1.1" 200 - "-" "WordPress/6.8.2; https://abl.academy"
23.23.214.190 - - [21/Jul/2025:14:05:22 +0000] "GET /courses/test/lessons/lesson-60/ HTTP/1.1" 200 32742 "-" "Mozilla/5.0 AppleWebKit/537.36 (KHTML, like Gecko; compatible; Amazonbot/0.1; +https://developer.amazon.com/support/amazonbot) Chrome/119.0.6045.214 Safari/537.36"
72.14.155.24 - - [21/Jul/2025:14:05:26 +0000] "GET /lms-wordpress-plugin/ HTTP/1.0" 200 69394 "https://abl.academy/lms-wordpress-plugin/" "Mozilla/5.0 (Windows NT 10.0; Win64; x64) AppleWebKit/537.36 (KHTML, like Gecko) Chrome/103.0.0.0 Safari/537.36 OpenWave/97.4.2043.44"
52.202.52.82 - - [21/Jul/2025:14:05:26 +0000] "GET /courses/test/lessons/lesson-25/ HTTP/1.1" 200 32747 "-" "Mozilla/5.0 AppleWebKit/537.36 (KHTML, like Gecko; compatible; Amazonbot/0.1; +https://developer.amazon.com/support/amazonbot) Chrome/119.0.6045.214 Safari/537.36"
72.14.155.24 - - [21/Jul/2025:14:05:27 +0000] "POST /wp-comments-post.php HTTP/1.0" 302 - "https://abl.academy/lms-wordpress-plugin/" "Mozilla/5.0 (Windows NT 10.0; Win64; x64) AppleWebKit/537.36 (KHTML, like Gecko) Chrome/103.0.0.0 Safari/537.36 OpenWave/97.4.2043.44"
72.14.155.24 - - [21/Jul/2025:14:05:28 +0000] "GET /lms-wordpress-plugin/?unapproved=6338&moderation-hash=e5462e332c82e0af23197a65e1e60cbf HTTP/1.0" 200 69483 "https://abl.academy/lms-wordpress-plugin/?unapproved=6338&moderation-hash=e5462e332c82e0af23197a65e1e60cbf#comment-6338" "Mozilla/5.0 (Windows NT 10.0; Win64; x64) AppleWebKit/537.36 (KHTML, like Gecko) Chrome/103.0.0.0 Safari/537.36 OpenWave/97.4.2043.44"
72.14.155.24 - - [21/Jul/2025:14:05:30 +0000] "GET /lms-wordpress-plugin/?unapproved=6338&moderation-hash=e5462e332c82e0af23197a65e1e60cbf HTTP/1.0" 200 69483 "https://abl.academy/lms-wordpress-plugin/?unapproved=6338&moderation-hash=e5462e332c82e0af23197a65e1e60cbf#comment-6338" "Mozilla/5.0 (Windows NT 10.0; Win64; x64) AppleWebKit/537.36 (KHTML, like Gecko) Chrome/103.0.0.0 Safari/537.36 OpenWave/97.4.2043.44"
209.74.77.214 - - [21/Jul/2025:14:05:31 +0000] "POST /wp-cron.php?doing_wp_cron=1753106731.6117479801177978515625 HTTP/1.1" 200 - "-" "WordPress/6.8.2; https://abl.academy"
72.14.155.24 - - [21/Jul/2025:14:05:31 +0000] "GET /blog/ HTTP/1.0" 200 78636 "https://abl.academy/blog/" "Mozilla/5.0 (Windows NT 10.0; Win64; x64) AppleWebKit/537.36 (KHTML, like Gecko) Chrome/103.0.0.0 Safari/537.36 OpenWave/97.4.2043.44"
66.249.65.198 - - [21/Jul/2025:14:11:44 +0000] "GET /item/map51552012/ HTTP/1.1" 200 39742 "-" "Mozilla/5.0 (Linux; Android 6.0.1; Nexus 5X Build/MMB29P) AppleWebKit/537.36 (KHTML, like Gecko) Chrome/137.0.7151.103 Mobile Safari/537.36 (compatible; Googlebot/2.1; +http://www.google.com/bot.html)"
209.74.77.214 - - [21/Jul/2025:14:16:10 +0000] "POST /wp-cron.php?doing_wp_cron=1753107370.1995680332183837890625 HTTP/1.1" 200 - "-" "WordPress/6.8.2; https://abl.academy"
212.34.141.234 - - [21/Jul/2025:14:16:08 +0000] "GET /lms-wordpress-plugin/ HTTP/1.0" 200 69394 "https://abl.academy/lms-wordpress-plugin/" "Mozilla/5.0 (Windows NT 10.0; Win64; x64) AppleWebKit/537.36 (KHTML, like Gecko) Chrome/130.0.0.0 Safari/537.36 CCleaner/130.0.0.0"
212.34.141.234 - - [21/Jul/2025:14:16:11 +0000] "POST /wp-comments-post.php HTTP/1.0" 302 - "https://abl.academy/lms-wordpress-plugin/" "Mozilla/5.0 (Windows NT 10.0; Win64; x64) AppleWebKit/537.36 (KHTML, like Gecko) Chrome/130.0.0.0 Safari/537.36 CCleaner/130.0.0.0"
209.74.77.214 - - [21/Jul/2025:14:16:12 +0000] "POST /wp-cron.php?doing_wp_cron=1753107372.0269289016723632812500 HTTP/1.1" 200 - "-" "WordPress/6.8.2; https://abl.academy"
212.34.141.234 - - [21/Jul/2025:14:16:11 +0000] "GET /lms-wordpress-plugin/?unapproved=6339&moderation-hash=4bab2b02a8a4669383976aab15cb1deb HTTP/1.0" 200 69483 "https://abl.academy/lms-wordpress-plugin/?unapproved=6339&moderation-hash=4bab2b02a8a4669383976aab15cb1deb#comment-6339" "Mozilla/5.0 (Windows NT 10.0; Win64; x64) AppleWebKit/537.36 (KHTML, like Gecko) Chrome/130.0.0.0 Safari/537.36 CCleaner/130.0.0.0"
66.249.65.199 - - [21/Jul/2025:14:17:23 +0000] "GET /item/utili20473953/ HTTP/1.1" 200 39813 "-" "Mozilla/5.0 (Linux; Android 6.0.1; Nexus 5X Build/MMB29P) AppleWebKit/537.36 (KHTML, like Gecko) Chrome/137.0.7151.103 Mobile Safari/537.36 (compatible; Googlebot/2.1; +http://www.google.com/bot.html)"
66.249.65.199 - - [21/Jul/2025:14:17:27 +0000] "POST /get-message-notify HTTP/1.1" 200 40327 "https://abl.academy/item/utili20473953/" "Mozilla/5.0 (Linux; Android 6.0.1; Nexus 5X Build/MMB29P) AppleWebKit/537.36 (KHTML, like Gecko) Chrome/137.0.7151.119 Mobile Safari/537.36 (compatible; Googlebot/2.1; +http://www.google.com/bot.html)"
40.77.167.62 - - [21/Jul/2025:14:19:56 +0000] "GET /wp-sitemap-posts-lp_course-1.xml HTTP/1.1" 200 11710 "-" "Mozilla/5.0 AppleWebKit/537.36 (KHTML, like Gecko; compatible; bingbot/2.0; +http://www.bing.com/bingbot.htm) Chrome/116.0.1938.76 Safari/537.36"
40.77.167.62 - - [21/Jul/2025:14:19:57 +0000] "GET /wp-sitemap.xml HTTP/1.1" 200 200 "-" "Mozilla/5.0 AppleWebKit/537.36 (KHTML, like Gecko; compatible; bingbot/2.0; +http://www.bing.com/bingbot.htm) Chrome/116.0.1938.76 Safari/537.36"
52.167.144.215 - - [21/Jul/2025:14:21:08 +0000] "GET /sitemapg.xml HTTP/1.1" 200 17490 "-" "Mozilla/5.0 AppleWebKit/537.36 (KHTML, like Gecko; compatible; bingbot/2.0; +http://www.bing.com/bingbot.htm) Chrome/116.0.1938.76 Safari/537.36"
52.167.144.207 - - [21/Jul/2025:14:29:06 +0000] "GET /sitemap.xml HTTP/1.1" 200 200 "-" "Mozilla/5.0 AppleWebKit/537.36 (KHTML, like Gecko; compatible; bingbot/2.0; +http://www.bing.com/bingbot.htm) Chrome/116.0.1938.76 Safari/537.36"
40.77.167.126 - - [21/Jul/2025:14:35:28 +0000] "GET /wp-sitemap-posts-post-1.xml HTTP/1.1" 200 11467 "-" "Mozilla/5.0 AppleWebKit/537.36 (KHTML, like Gecko; compatible; bingbot/2.0; +http://www.bing.com/bingbot.htm) Chrome/116.0.1938.76 Safari/537.36"
104.131.78.134 - - [21/Jul/2025:14:39:44 +0000] "GET / HTTP/1.1" 401 53 "-" "Mozilla/5.0 (X11; Linux x86_64; rv:137.0) Gecko/20100101 Firefox/137.0"
104.131.78.134 - - [21/Jul/2025:14:39:46 +0000] "GET /favicon.ico HTTP/1.1" 401 53 "https://webdisk.abl.academy/" "Mozilla/5.0 (X11; Linux x86_64; rv:137.0) Gecko/20100101 Firefox/137.0"
66.249.65.197 - - [21/Jul/2025:14:55:10 +0000] "GET /item/clean62760005/ HTTP/1.1" 200 39900 "-" "Mozilla/5.0 (Linux; Android 6.0.1; Nexus 5X Build/MMB29P) AppleWebKit/537.36 (KHTML, like Gecko) Chrome/137.0.7151.103 Mobile Safari/537.36 (compatible; Googlebot/2.1; +http://www.google.com/bot.html)"
66.249.65.199 - - [21/Jul/2025:14:55:14 +0000] "POST /get-message-notify HTTP/1.1" 200 40294 "https://abl.academy/item/clean62760005/" "Mozilla/5.0 (Linux; Android 6.0.1; Nexus 5X Build/MMB29P) AppleWebKit/537.36 (KHTML, like Gecko) Chrome/137.0.7151.119 Mobile Safari/537.36 (compatible; Googlebot/2.1; +http://www.google.com/bot.html)"
66.249.65.197 - - [21/Jul/2025:14:56:57 +0000] "GET /item/noodl32360674/ HTTP/1.1" 200 40073 "-" "Mozilla/5.0 (Linux; Android 6.0.1; Nexus 5X Build/MMB29P) AppleWebKit/537.36 (KHTML, like Gecko) Chrome/137.0.7151.103 Mobile Safari/537.36 (compatible; Googlebot/2.1; +http://www.google.com/bot.html)"
5.255.231.164 - - [21/Jul/2025:14:57:10 +0000] "GET /robots.txt HTTP/1.1" 200 285 "-" "Mozilla/5.0 (compatible; YandexBot/3.0; +http://yandex.com/bots)"
209.74.77.214 - - [21/Jul/2025:14:57:13 +0000] "POST /wp-cron.php?doing_wp_cron=1753109833.1206040382385253906250 HTTP/1.1" 200 - "-" "WordPress/6.8.2; https://abl.academy"
87.250.224.16 - - [21/Jul/2025:14:57:11 +0000] "GET /item/examp12908472/ HTTP/1.1" 404 9551 "-" "Mozilla/5.0 (compatible; YandexBot/3.0; +http://yandex.com/bots)"
66.249.65.199 - - [21/Jul/2025:15:00:11 +0000] "GET /item/drain52790652/ HTTP/1.1" 200 40042 "-" "Mozilla/5.0 (Linux; Android 6.0.1; Nexus 5X Build/MMB29P) AppleWebKit/537.36 (KHTML, like Gecko) Chrome/137.0.7151.103 Mobile Safari/537.36 (compatible; Googlebot/2.1; +http://www.google.com/bot.html)"
66.249.65.197 - - [21/Jul/2025:15:00:57 +0000] "POST /get-message-notify HTTP/1.1" 200 40377 "https://abl.academy/item/drain52790652/" "Mozilla/5.0 (Linux; Android 6.0.1; Nexus 5X Build/MMB29P) AppleWebKit/537.36 (KHTML, like Gecko) Chrome/137.0.7151.119 Mobile Safari/537.36 (compatible; Googlebot/2.1; +http://www.google.com/bot.html)"
66.249.65.198 - - [21/Jul/2025:15:02:59 +0000] "GET /item/pecul71438974/ HTTP/1.1" 200 39770 "-" "Mozilla/5.0 (Linux; Android 6.0.1; Nexus 5X Build/MMB29P) AppleWebKit/537.36 (KHTML, like Gecko) Chrome/137.0.7151.103 Mobile Safari/537.36 (compatible; Googlebot/2.1; +http://www.google.com/bot.html)"
66.249.65.199 - - [21/Jul/2025:15:06:17 +0000] "GET /item/secti31926914/ HTTP/1.1" 200 40918 "-" "Mozilla/5.0 (Linux; Android 6.0.1; Nexus 5X Build/MMB29P) AppleWebKit/537.36 (KHTML, like Gecko) Chrome/137.0.7151.103 Mobile Safari/537.36 (compatible; Googlebot/2.1; +http://www.google.com/bot.html)"
66.249.65.198 - - [21/Jul/2025:15:08:25 +0000] "GET /item/court20441441/ HTTP/1.1" 200 40250 "-" "Mozilla/5.0 (Linux; Android 6.0.1; Nexus 5X Build/MMB29P) AppleWebKit/537.36 (KHTML, like Gecko) Chrome/137.0.7151.103 Mobile Safari/537.36 (compatible; Googlebot/2.1; +http://www.google.com/bot.html)"
209.74.77.214 - - [21/Jul/2025:15:09:32 +0000] "POST /wp-cron.php?doing_wp_cron=1753110572.4990580081939697265625 HTTP/1.1" 200 - "-" "WordPress/6.8.2; https://abl.academy"
52.71.218.25 - - [21/Jul/2025:15:09:30 +0000] "GET /courses/test/quizzes/quiz-2/ HTTP/1.1" 200 32878 "-" "Mozilla/5.0 AppleWebKit/537.36 (KHTML, like Gecko; compatible; Amazonbot/0.1; +https://developer.amazon.com/support/amazonbot) Chrome/119.0.6045.214 Safari/537.36"
23.21.227.240 - - [21/Jul/2025:15:09:34 +0000] "GET /courses/build-a-six-figure-online-business-selling-online-courses/ HTTP/1.1" 200 33402 "-" "Mozilla/5.0 AppleWebKit/537.36 (KHTML, like Gecko; compatible; Amazonbot/0.1; +https://developer.amazon.com/support/amazonbot) Chrome/119.0.6045.214 Safari/537.36"
34.196.114.170 - - [21/Jul/2025:15:09:39 +0000] "GET /blog/ HTTP/1.1" 200 13518 "-" "Mozilla/5.0 AppleWebKit/537.36 (KHTML, like Gecko; compatible; Amazonbot/0.1; +https://developer.amazon.com/support/amazonbot) Chrome/119.0.6045.214 Safari/537.36"
54.197.102.71 - - [21/Jul/2025:15:09:42 +0000] "GET /courses/test/lessons/lesson-20/ HTTP/1.1" 200 32746 "-" "Mozilla/5.0 AppleWebKit/537.36 (KHTML, like Gecko; compatible; Amazonbot/0.1; +https://developer.amazon.com/support/amazonbot) Chrome/119.0.6045.214 Safari/537.36"
18.207.89.138 - - [21/Jul/2025:15:09:46 +0000] "GET /product/princely-pencil/ HTTP/1.1" 200 30117 "-" "Mozilla/5.0 AppleWebKit/537.36 (KHTML, like Gecko; compatible; Amazonbot/0.1; +https://developer.amazon.com/support/amazonbot) Chrome/119.0.6045.214 Safari/537.36"
54.166.104.83 - - [21/Jul/2025:15:09:50 +0000] "GET /category/business/ HTTP/1.1" 200 12916 "-" "Mozilla/5.0 AppleWebKit/537.36 (KHTML, like Gecko; compatible; Amazonbot/0.1; +https://developer.amazon.com/support/amazonbot) Chrome/119.0.6045.214 Safari/537.36"
3.232.39.98 - - [21/Jul/2025:15:09:54 +0000] "GET /courses/test/lessons/lesson-82/ HTTP/1.1" 200 32733 "-" "Mozilla/5.0 AppleWebKit/537.36 (KHTML, like Gecko; compatible; Amazonbot/0.1; +https://developer.amazon.com/support/amazonbot) Chrome/119.0.6045.214 Safari/537.36"
209.74.77.214 - - [21/Jul/2025:15:12:16 +0000] "POST /wp-cron.php?doing_wp_cron=1753110736.8653030395507812500000 HTTP/1.1" 200 - "-" "WordPress/6.8.2; https://abl.academy"
52.167.144.184 - - [21/Jul/2025:15:12:15 +0000] "GET /courses/how-to-create-an-awesome-online-course/ HTTP/1.1" 200 33310 "-" "Mozilla/5.0 AppleWebKit/537.36 (KHTML, like Gecko; compatible; bingbot/2.0; +http://www.bing.com/bingbot.htm) Chrome/116.0.1938.76 Safari/537.36"
54.36.148.251 - - [21/Jul/2025:15:12:22 +0000] "GET /robots.txt HTTP/1.1" 200 114 "-" "Mozilla/5.0 (compatible; AhrefsBot/7.0; +http://ahrefs.com/robot/)"
51.222.253.19 - - [21/Jul/2025:15:12:25 +0000] "GET /item/job41540899/ HTTP/1.1" 404 9551 "-" "Mozilla/5.0 (compatible; AhrefsBot/7.0; +http://ahrefs.com/robot/)"
66.249.65.199 - - [21/Jul/2025:15:14:33 +0000] "GET /item/hambu12473128/ HTTP/1.1" 200 40725 "-" "Mozilla/5.0 (Linux; Android 6.0.1; Nexus 5X Build/MMB29P) AppleWebKit/537.36 (KHTML, like Gecko) Chrome/137.0.7151.103 Mobile Safari/537.36 (compatible; Googlebot/2.1; +http://www.google.com/bot.html)"
66.249.65.197 - - [21/Jul/2025:15:15:59 +0000] "GET /item/recor21932393/ HTTP/1.1" 200 40308 "-" "Mozilla/5.0 (Linux; Android 6.0.1; Nexus 5X Build/MMB29P) AppleWebKit/537.36 (KHTML, like Gecko) Chrome/137.0.7151.103 Mobile Safari/537.36 (compatible; Googlebot/2.1; +http://www.google.com/bot.html)"
209.74.77.214 - - [21/Jul/2025:15:16:59 +0000] "POST /wp-cron.php?doing_wp_cron=1753111019.6244869232177734375000 HTTP/1.1" 200 - "-" "WordPress/6.8.2; https://abl.academy"
95.108.213.254 - - [21/Jul/2025:15:16:58 +0000] "GET /item/preca51123644/ HTTP/1.1" 404 9551 "-" "Mozilla/5.0 (compatible; YandexBot/3.0; +http://yandex.com/bots)"
66.249.65.197 - - [21/Jul/2025:15:18:11 +0000] "GET /shopdetail/412344449 HTTP/1.1" 200 40018 "-" "Mozilla/5.0 (Linux; Android 6.0.1; Nexus 5X Build/MMB29P) AppleWebKit/537.36 (KHTML, like Gecko) Chrome/137.0.7151.103 Mobile Safari/537.36 (compatible; Googlebot/2.1; +http://www.google.com/bot.html)"
66.249.65.198 - - [21/Jul/2025:15:34:55 +0000] "GET /sitemapj.xml HTTP/1.1" 200 16384 "-" "Mozilla/5.0 (compatible; Googlebot/2.1; +http://www.google.com/bot.html)"
209.74.77.214 - - [21/Jul/2025:15:42:55 +0000] "POST /wp-cron.php?doing_wp_cron=1753112575.6830520629882812500000 HTTP/1.1" 200 - "-" "WordPress/6.8.2; https://abl.academy"
209.74.77.214 - - [21/Jul/2025:15:42:55 +0000] "POST /wp-cron.php?doing_wp_cron=1753112575.6830520629882812500000 HTTP/1.1" 200 - "-" "WordPress/6.8.2; https://abl.academy"
51.89.3.212 - - [21/Jul/2025:15:42:54 +0000] "GET /files.php HTTP/1.1" 404 44370 "-" "Mozilla/5.0 (Windows NT 10.0; Win64; x64) AppleWebKit/537.36 (KHTML, like Gecko) Chrome/127.0.0.0 Safari/537.36"
51.89.3.212 - - [21/Jul/2025:15:42:54 +0000] "GET /wp-content/themes/classwithtostring.php HTTP/1.1" 404 44370 "-" "Mozilla/5.0 (Windows NT 10.0; Win64; x64) AppleWebKit/537.36 (KHTML, like Gecko) Chrome/127.0.0.0 Safari/537.36"
209.74.77.214 - - [21/Jul/2025:15:48:59 +0000] "POST /wp-cron.php?doing_wp_cron=1753112939.5047750473022460937500 HTTP/1.1" 200 - "-" "WordPress/6.8.2; https://abl.academy"
47.82.11.7 - - [21/Jul/2025:15:48:57 +0000] "GET /shopdetail/396727449 HTTP/1.1" 404 9551 "https://abl.academy/shopdetail/396727449" "Mozilla/5.0 (Windows NT 10.0; Win64; x64) AppleWebKit/537.36 (KHTML, like Gecko) Chrome/114.0.0.0 Safari/537.36 Edg/114.0.1823.43"
45.227.253.15 - - [21/Jul/2025:15:54:11 +0000] "GET /index.php/jk HTTP/1.1" 200 59 "-" "Mozilla/5.0 (Windows NT 10.0; Win64; x64) AppleWebKit/537.36 (KHTML, like Gecko) Chrome/76.0.3800 Safari/537.36 Edg/76.0.140.6"
209.74.77.214 - - [21/Jul/2025:15:55:17 +0000] "POST /wp-cron.php?doing_wp_cron=1753113317.0094330310821533203125 HTTP/1.1" 200 - "-" "WordPress/6.8.2; https://abl.academy"
209.74.77.214 - - [21/Jul/2025:15:55:17 +0000] "POST /wp-cron.php?doing_wp_cron=1753113317.0093979835510253906250 HTTP/1.1" 200 - "-" "WordPress/6.8.2; https://abl.academy"
185.157.214.50 - - [21/Jul/2025:15:55:15 +0000] "GET /lms-wordpress-plugin/ HTTP/1.0" 200 69394 "https://abl.academy/lms-wordpress-plugin/" "Mozilla/5.0 (Windows NT 10.0; Win64; x64) AppleWebKit/537.36 (KHTML, like Gecko) Chrome/131.0.0.0 Safari/537.36"
185.157.214.50 - - [21/Jul/2025:15:55:15 +0000] "GET /lms-wordpress-plugin/ HTTP/1.0" 200 69394 "https://abl.academy/lms-wordpress-plugin/" "Mozilla/5.0 (Windows NT 10.0; Win64; x64) AppleWebKit/537.36 (KHTML, like Gecko) Chrome/129.0.0.0 Safari/537.36"
185.157.214.50 - - [21/Jul/2025:15:55:18 +0000] "POST /wp-comments-post.php HTTP/1.0" 302 - "https://abl.academy/lms-wordpress-plugin/" "Mozilla/5.0 (Windows NT 10.0; Win64; x64) AppleWebKit/537.36 (KHTML, like Gecko) Chrome/129.0.0.0 Safari/537.36"
185.157.214.50 - - [21/Jul/2025:15:55:18 +0000] "POST /wp-comments-post.php HTTP/1.0" 302 - "https://abl.academy/lms-wordpress-plugin/" "Mozilla/5.0 (Windows NT 10.0; Win64; x64) AppleWebKit/537.36 (KHTML, like Gecko) Chrome/131.0.0.0 Safari/537.36"
185.157.214.50 - - [21/Jul/2025:15:55:18 +0000] "GET /lms-wordpress-plugin/?unapproved=6340&moderation-hash=1ea6bb4dc6ef046d9003a025211ebf92 HTTP/1.0" 200 69483 "https://abl.academy/lms-wordpress-plugin/?unapproved=6340&moderation-hash=1ea6bb4dc6ef046d9003a025211ebf92#comment-6340" "Mozilla/5.0 (Windows NT 10.0; Win64; x64) AppleWebKit/537.36 (KHTML, like Gecko) Chrome/131.0.0.0 Safari/537.36"
185.157.214.50 - - [21/Jul/2025:15:55:18 +0000] "GET /lms-wordpress-plugin/?unapproved=6341&moderation-hash=1ea6bb4dc6ef046d9003a025211ebf92 HTTP/1.0" 200 69483 "https://abl.academy/lms-wordpress-plugin/?unapproved=6341&moderation-hash=1ea6bb4dc6ef046d9003a025211ebf92#comment-6341" "Mozilla/5.0 (Windows NT 10.0; Win64; x64) AppleWebKit/537.36 (KHTML, like Gecko) Chrome/129.0.0.0 Safari/537.36"
66.249.65.197 - - [21/Jul/2025:15:55:26 +0000] "GET /shopdetail/426732849 HTTP/1.1" 200 40674 "-" "Mozilla/5.0 (Linux; Android 6.0.1; Nexus 5X Build/MMB29P) AppleWebKit/537.36 (KHTML, like Gecko) Chrome/137.0.7151.103 Mobile Safari/537.36 (compatible; Googlebot/2.1; +http://www.google.com/bot.html)"
5.255.231.30 - - [21/Jul/2025:15:57:05 +0000] "GET /robots.txt HTTP/1.1" 200 285 "-" "Mozilla/5.0 (compatible; YandexBot/3.0; +http://yandex.com/bots)"
209.74.77.214 - - [21/Jul/2025:15:57:07 +0000] "POST /wp-cron.php?doing_wp_cron=1753113427.5370950698852539062500 HTTP/1.1" 200 - "-" "WordPress/6.8.2; https://abl.academy"
95.108.213.86 - - [21/Jul/2025:15:57:06 +0000] "GET /item/tray72022726/ HTTP/1.1" 404 9551 "-" "Mozilla/5.0 (compatible; YandexBot/3.0; +http://yandex.com/bots)"
87.250.224.208 - - [21/Jul/2025:15:57:06 +0000] "GET /item/low82836399/ HTTP/1.1" 404 9551 "-" "Mozilla/5.0 (compatible; YandexBot/3.0; +http://yandex.com/bots)"
209.74.77.214 - - [21/Jul/2025:16:03:44 +0000] "POST /wp-cron.php?doing_wp_cron=1753113824.4780371189117431640625 HTTP/1.1" 200 - "-" "WordPress/6.8.2; https://abl.academy"
52.45.15.233 - - [21/Jul/2025:16:03:42 +0000] "GET /product-category/culinary/ HTTP/1.1" 200 28201 "-" "Mozilla/5.0 AppleWebKit/537.36 (KHTML, like Gecko; compatible; Amazonbot/0.1; +https://developer.amazon.com/support/amazonbot) Chrome/119.0.6045.214 Safari/537.36"
52.200.142.199 - - [21/Jul/2025:16:03:46 +0000] "GET /courses/test/lessons/lesson-2/ HTTP/1.1" 200 32743 "-" "Mozilla/5.0 AppleWebKit/537.36 (KHTML, like Gecko; compatible; Amazonbot/0.1; +https://developer.amazon.com/support/amazonbot) Chrome/119.0.6045.214 Safari/537.36"
3.219.80.71 - - [21/Jul/2025:16:03:50 +0000] "GET /courses/test/lessons/lesson-64/ HTTP/1.1" 200 32738 "-" "Mozilla/5.0 AppleWebKit/537.36 (KHTML, like Gecko; compatible; Amazonbot/0.1; +https://developer.amazon.com/support/amazonbot) Chrome/119.0.6045.214 Safari/537.36"
209.74.77.214 - - [21/Jul/2025:16:16:20 +0000] "POST /wp-cron.php?doing_wp_cron=1753114580.0788938999176025390625 HTTP/1.1" 200 - "-" "WordPress/6.8.2; https://abl.academy"
45.151.62.26 - - [21/Jul/2025:16:16:17 +0000] "GET /wp-content/plugins/ht-contactform/readme.txt HTTP/1.1" 404 9551 "-" "Mozilla/5.0 (Windows NT 10.0; Win64; x64) AppleWebKit/537.36 (KHTML, like Gecko) Chrome/120.1.2.3 Safari/537.36 Edg/121.0.623.86"
87.250.224.54 - - [21/Jul/2025:16:16:18 +0000] "GET /item/link11875584/ HTTP/1.1" 404 9551 "-" "Mozilla/5.0 (compatible; YandexBot/3.0; +http://yandex.com/bots)"
66.249.65.199 - - [21/Jul/2025:16:19:30 +0000] "GET /item/easyg32846186/ HTTP/1.1" 200 40039 "-" "Mozilla/5.0 (Linux; Android 6.0.1; Nexus 5X Build/MMB29P) AppleWebKit/537.36 (KHTML, like Gecko) Chrome/137.0.7151.103 Mobile Safari/537.36 (compatible; Googlebot/2.1; +http://www.google.com/bot.html)"
66.249.65.198 - - [21/Jul/2025:16:24:31 +0000] "GET /item/crew32963274/ HTTP/1.1" 200 40981 "-" "Mozilla/5.0 (Linux; Android 6.0.1; Nexus 5X Build/MMB29P) AppleWebKit/537.36 (KHTML, like Gecko) Chrome/137.0.7151.103 Mobile Safari/537.36 (compatible; Googlebot/2.1; +http://www.google.com/bot.html)"
66.249.65.197 - - [21/Jul/2025:16:24:36 +0000] "POST /get-message-notify HTTP/1.1" 200 40283 "https://abl.academy/item/crew32963274/" "Mozilla/5.0 (Linux; Android 6.0.1; Nexus 5X Build/MMB29P) AppleWebKit/537.36 (KHTML, like Gecko) Chrome/137.0.7151.119 Mobile Safari/537.36 (compatible; Googlebot/2.1; +http://www.google.com/bot.html)"
209.74.77.214 - - [21/Jul/2025:16:25:56 +0000] "POST /wp-cron.php?doing_wp_cron=1753115156.1766169071197509765625 HTTP/1.1" 200 - "-" "WordPress/6.8.2; https://abl.academy"
185.81.128.36 - - [21/Jul/2025:16:25:54 +0000] "GET /wp-content/plugins/exact-links/readme.txt HTTP/1.1" 404 9551 "-" "Mozilla/5.0 (Windows NT 10.0; Win64; x64) AppleWebKit/537.36 (KHTML, like Gecko) Chrome/120.1.2.3 Safari/537.36 Edg/121.0.623.86"
66.249.65.198 - - [21/Jul/2025:16:27:25 +0000] "GET /item/annou12089720/ HTTP/1.1" 200 40144 "-" "Mozilla/5.0 (Linux; Android 6.0.1; Nexus 5X Build/MMB29P) AppleWebKit/537.36 (KHTML, like Gecko) Chrome/137.0.7151.103 Mobile Safari/537.36 (compatible; Googlebot/2.1; +http://www.google.com/bot.html)"
209.74.77.214 - - [21/Jul/2025:16:28:55 +0000] "POST /wp-cron.php?doing_wp_cron=1753115335.8876550197601318359375 HTTP/1.1" 200 - "-" "WordPress/6.8.2; https://abl.academy"
87.250.224.9 - - [21/Jul/2025:16:28:54 +0000] "GET /item/profo82818343/ HTTP/1.1" 404 9551 "-" "Mozilla/5.0 (compatible; YandexBot/3.0; +http://yandex.com/bots)"
209.74.77.214 - - [21/Jul/2025:16:35:43 +0000] "POST /wp-cron.php?doing_wp_cron=1753115743.5736470222473144531250 HTTP/1.1" 200 - "-" "WordPress/6.8.2; https://abl.academy"
213.180.203.130 - - [21/Jul/2025:16:35:41 +0000] "GET /item/shy70320342/ HTTP/1.1" 404 9551 "-" "Mozilla/5.0 (compatible; YandexBot/3.0; +http://yandex.com/bots)"
209.74.77.214 - - [21/Jul/2025:16:41:21 +0000] "POST /wp-cron.php?doing_wp_cron=1753116081.0263009071350097656250 HTTP/1.1" 200 - "-" "WordPress/6.8.2; https://abl.academy"
95.108.213.147 - - [21/Jul/2025:16:41:19 +0000] "GET /item/money62884997/ HTTP/1.1" 404 9551 "-" "Mozilla/5.0 (compatible; YandexBot/3.0; +http://yandex.com/bots)"
209.74.77.214 - - [21/Jul/2025:16:42:04 +0000] "POST /wp-cron.php?doing_wp_cron=1753116124.8608849048614501953125 HTTP/1.1" 200 - "-" "WordPress/6.8.2; https://abl.academy"
185.157.213.215 - - [21/Jul/2025:16:42:03 +0000] "GET /lms-wordpress-plugin/ HTTP/1.0" 200 69394 "https://abl.academy/lms-wordpress-plugin/" "Mozilla/5.0 (Windows NT 10.0; Win64; x64) AppleWebKit/537.36 (KHTML, like Gecko) Chrome/130.0.0.0 Safari/537.36 CCleaner/130.0.0.0"
185.157.213.215 - - [21/Jul/2025:16:42:05 +0000] "POST /wp-comments-post.php HTTP/1.0" 302 - "https://abl.academy/lms-wordpress-plugin/" "Mozilla/5.0 (Windows NT 10.0; Win64; x64) AppleWebKit/537.36 (KHTML, like Gecko) Chrome/130.0.0.0 Safari/537.36 CCleaner/130.0.0.0"
185.157.213.215 - - [21/Jul/2025:16:42:06 +0000] "GET /lms-wordpress-plugin/?unapproved=6342&moderation-hash=feeef36103bfac6b2e5e5a87f42b7bd8 HTTP/1.0" 200 69483 "https://abl.academy/lms-wordpress-plugin/?unapproved=6342&moderation-hash=feeef36103bfac6b2e5e5a87f42b7bd8#comment-6342" "Mozilla/5.0 (Windows NT 10.0; Win64; x64) AppleWebKit/537.36 (KHTML, like Gecko) Chrome/130.0.0.0 Safari/537.36 CCleaner/130.0.0.0"
209.74.77.214 - - [21/Jul/2025:16:46:13 +0000] "POST /wp-cron.php?doing_wp_cron=1753116372.9699211120605468750000 HTTP/1.1" 200 - "-" "WordPress/6.8.2; https://abl.academy"
155.94.155.60 - - [21/Jul/2025:16:46:11 +0000] "POST /wp-login.php?action=register HTTP/1.1" 302 - "-" "-"
155.94.155.60 - - [21/Jul/2025:16:46:13 +0000] "POST /wp-login.php?action=register HTTP/1.1" 302 - "-" "-"
155.94.155.60 - - [21/Jul/2025:16:46:14 +0000] "POST /wp-login.php?action=register HTTP/1.1" 302 - "-" "-"
155.94.155.60 - - [21/Jul/2025:16:46:15 +0000] "POST /wp-login.php?action=register HTTP/1.1" 302 - "-" "-"
155.94.155.60 - - [21/Jul/2025:16:46:16 +0000] "POST /wp-login.php?action=register HTTP/1.1" 302 - "-" "-"
155.94.155.60 - - [21/Jul/2025:16:46:17 +0000] "POST /wp-login.php?action=register HTTP/1.1" 302 - "-" "-"
155.94.155.60 - - [21/Jul/2025:16:46:18 +0000] "POST /wp-login.php?action=register HTTP/1.1" 302 - "-" "-"
155.94.155.60 - - [21/Jul/2025:16:46:19 +0000] "POST /wp-login.php?action=register HTTP/1.1" 302 - "-" "-"
155.94.155.60 - - [21/Jul/2025:16:46:20 +0000] "POST /wp-login.php?action=register HTTP/1.1" 302 - "-" "-"
155.94.155.60 - - [21/Jul/2025:16:46:21 +0000] "POST /wp-login.php?action=register HTTP/1.1" 302 - "-" "-"
155.94.155.60 - - [21/Jul/2025:16:46:22 +0000] "POST /wp-login.php?action=register HTTP/1.1" 302 - "-" "-"
155.94.155.60 - - [21/Jul/2025:16:46:23 +0000] "POST /wp-login.php?action=register HTTP/1.1" 302 - "-" "-"
155.94.155.60 - - [21/Jul/2025:16:46:24 +0000] "POST /wp-login.php?action=register HTTP/1.1" 302 - "-" "-"
155.94.155.60 - - [21/Jul/2025:16:46:25 +0000] "POST /wp-login.php?action=register HTTP/1.1" 302 - "-" "-"
155.94.155.60 - - [21/Jul/2025:16:46:26 +0000] "POST /wp-login.php?action=register HTTP/1.1" 302 - "-" "-"
155.94.155.60 - - [21/Jul/2025:16:46:27 +0000] "POST /wp-login.php?action=register HTTP/1.1" 302 - "-" "-"
155.94.155.60 - - [21/Jul/2025:16:46:28 +0000] "POST /wp-login.php?action=register HTTP/1.1" 302 - "-" "-"
155.94.155.60 - - [21/Jul/2025:16:46:29 +0000] "POST /wp-login.php?action=register HTTP/1.1" 302 - "-" "-"
155.94.155.60 - - [21/Jul/2025:16:46:30 +0000] "POST /wp-login.php?action=register HTTP/1.1" 302 - "-" "-"
209.74.77.214 - - [21/Jul/2025:16:46:31 +0000] "POST /wp-cron.php?doing_wp_cron=1753116391.0391619205474853515625 HTTP/1.1" 200 - "-" "WordPress/6.8.2; https://abl.academy"
155.94.155.60 - - [21/Jul/2025:16:46:30 +0000] "POST /wp-login.php?action=register HTTP/1.1" 302 - "-" "-"
155.94.155.60 - - [21/Jul/2025:16:46:31 +0000] "POST /wp-login.php?action=register HTTP/1.1" 302 - "-" "-"
155.94.155.60 - - [21/Jul/2025:16:46:32 +0000] "POST /wp-login.php?action=register HTTP/1.1" 302 - "-" "-"
155.94.155.60 - - [21/Jul/2025:16:46:33 +0000] "POST /wp-login.php?action=register HTTP/1.1" 302 - "-" "-"
155.94.155.60 - - [21/Jul/2025:16:46:35 +0000] "POST /wp-login.php?action=register HTTP/1.1" 302 - "-" "-"
155.94.155.60 - - [21/Jul/2025:16:46:35 +0000] "POST /wp-login.php?action=register HTTP/1.1" 302 - "-" "-"
155.94.155.60 - - [21/Jul/2025:16:46:36 +0000] "POST /wp-login.php?action=register HTTP/1.1" 302 - "-" "-"
155.94.155.60 - - [21/Jul/2025:16:46:37 +0000] "POST /wp-login.php?action=register HTTP/1.1" 302 - "-" "-"
155.94.155.60 - - [21/Jul/2025:16:46:38 +0000] "POST /wp-login.php?action=register HTTP/1.1" 302 - "-" "-"
155.94.155.60 - - [21/Jul/2025:16:46:39 +0000] "POST /wp-login.php?action=register HTTP/1.1" 302 - "-" "-"
155.94.155.60 - - [21/Jul/2025:16:46:40 +0000] "POST /wp-login.php?action=register HTTP/1.1" 302 - "-" "-"
155.94.155.60 - - [21/Jul/2025:16:46:41 +0000] "POST /wp-login.php?action=register HTTP/1.1" 302 - "-" "-"
155.94.155.60 - - [21/Jul/2025:16:46:42 +0000] "POST /wp-login.php?action=register HTTP/1.1" 302 - "-" "-"
155.94.155.60 - - [21/Jul/2025:16:46:43 +0000] "POST /wp-login.php?action=register HTTP/1.1" 302 - "-" "-"
