47.82.11.8 - - [21/Jul/2025:16:51:20 +0000] "GET /?y=5392305051940&mod=da960bb5&uri=article.php?id%3D180020-270%26name%3Dbest%20pen%20for%20filling%20omr%20sheet HTTP/1.1" 301 - "https://akaventures.com.au/?y=5392305051940&mod=da960bb5&uri=article.php%3Fid%3D180020-270%26name%3Dbest+pen+for+filling+omr+sheet" "Mozilla/5.0 (Windows NT 10.0; Win64; x64) AppleWebKit/537.36 (KHTML, like Gecko) Chrome/114.0.0.0 Safari/537.36 Edg/114.0.1823.43"
209.74.77.214 - - [21/Jul/2025:17:00:20 +0000] "POST /wp-cron.php?doing_wp_cron=1753117220.0318379402160644531250 HTTP/1.1" 200 - "-" "WordPress/6.8.2; https://akaventures.com.au"
47.82.11.26 - - [21/Jul/2025:17:00:17 +0000] "GET /?y=5226252001940&mod=75a380a0&uri=blog.php?id%3D174480-187%26name%3Dwatch+justice+league+dark+apokolips+war+for+free HTTP/1.1" 301 - "https://akaventures.com.au/?y=5226252001940&mod=75a380a0&uri=blog.php%3Fid%3D174480-187%26name%3Dwatch+justice+league+dark+apokolips+war+for+free" "Mozilla/5.0 (Windows NT 10.0; Win64; x64) AppleWebKit/537.36 (KHTML, like Gecko) Chrome/114.0.0.0 Safari/537.36 Edg/114.0.1823.43"
47.82.11.26 - - [21/Jul/2025:17:00:20 +0000] "GET /?y=5226252001940&mod=75a380a0&uri=blog.php?id%3D174480-187%26name%3Dwatch%20justice%20league%20dark%20apokolips%20war%20for%20free HTTP/1.1" 301 - "https://akaventures.com.au/?y=5226252001940&mod=75a380a0&uri=blog.php%3Fid%3D174480-187%26name%3Dwatch+justice+league+dark+apokolips+war+for+free" "Mozilla/5.0 (Windows NT 10.0; Win64; x64) AppleWebKit/537.36 (KHTML, like Gecko) Chrome/114.0.0.0 Safari/537.36 Edg/114.0.1823.43"
209.74.77.214 - - [21/Jul/2025:17:10:15 +0000] "POST /wp-cron.php?doing_wp_cron=1753117815.6820540428161621093750 HTTP/1.1" 200 - "-" "WordPress/6.8.2; https://akaventures.com.au"
47.82.11.78 - - [21/Jul/2025:17:10:13 +0000] "GET /?y=5483262071940&mod=234c7ac2&uri=shared.php?id%3D183053-326%26name%3Dlouis+vuitton+m71040 HTTP/1.1" 301 - "https://akaventures.com.au/?y=5483262071940&mod=234c7ac2&uri=shared.php%3Fid%3D183053-326%26name%3Dlouis+vuitton+m71040" "Mozilla/5.0 (Windows NT 10.0; Win64; x64) AppleWebKit/537.36 (KHTML, like Gecko) Chrome/114.0.0.0 Safari/537.36 Edg/114.0.1823.43"
47.82.11.78 - - [21/Jul/2025:17:10:15 +0000] "GET /?y=5483262071940&mod=234c7ac2&uri=shared.php?id%3D183053-326%26name%3Dlouis%20vuitton%20m71040 HTTP/1.1" 301 - "https://akaventures.com.au/?y=5483262071940&mod=234c7ac2&uri=shared.php%3Fid%3D183053-326%26name%3Dlouis+vuitton+m71040" "Mozilla/5.0 (Windows NT 10.0; Win64; x64) AppleWebKit/537.36 (KHTML, like Gecko) Chrome/114.0.0.0 Safari/537.36 Edg/114.0.1823.43"
45.227.253.15 - - [21/Jul/2025:17:14:41 +0000] "GET /index.php/jk HTTP/1.1" 200 59 "-" "Mozilla/5.0 (Macintosh; Intel Mac OS X 10.13; rv:103.0) Gecko/20100101 Firefox/103.0"
209.74.77.214 - - [21/Jul/2025:17:21:37 +0000] "POST /wp-cron.php?doing_wp_cron=1753118497.7590761184692382812500 HTTP/1.1" 200 - "-" "WordPress/6.8.2; https://akaventures.com.au"
47.82.11.44 - - [21/Jul/2025:17:21:34 +0000] "GET /?y=5697837031940&mod=45624715&uri=news.php?id%3D190249-333%26name%3Docean+themed+jewellery HTTP/1.1" 301 - "https://akaventures.com.au/?y=5697837031940&mod=45624715&uri=news.php%3Fid%3D190249-333%26name%3Docean+themed+jewellery" "Mozilla/5.0 (Windows NT 10.0; Win64; x64) AppleWebKit/537.36 (KHTML, like Gecko) Chrome/114.0.0.0 Safari/537.36 Edg/114.0.1823.43"
47.82.11.44 - - [21/Jul/2025:17:21:38 +0000] "GET /?y=5697837031940&mod=45624715&uri=news.php?id%3D190249-333%26name%3Docean%20themed%20jewellery HTTP/1.1" 301 - "https://akaventures.com.au/?y=5697837031940&mod=45624715&uri=news.php%3Fid%3D190249-333%26name%3Docean+themed+jewellery" "Mozilla/5.0 (Windows NT 10.0; Win64; x64) AppleWebKit/537.36 (KHTML, like Gecko) Chrome/114.0.0.0 Safari/537.36 Edg/114.0.1823.43"
209.74.77.214 - - [21/Jul/2025:17:32:09 +0000] "POST /wp-cron.php?doing_wp_cron=1753119129.2065100669860839843750 HTTP/1.1" 200 - "-" "WordPress/6.8.2; https://akaventures.com.au"
47.82.11.85 - - [21/Jul/2025:17:32:07 +0000] "GET /?y=5794448021940&mod=db081d0b&uri=dp.php?id%3D193502-336%26name%3Dborse+uncinetto+grandi+firme HTTP/1.1" 301 - "https://akaventures.com.au/?y=5794448021940&mod=db081d0b&uri=dp.php%3Fid%3D193502-336%26name%3Dborse+uncinetto+grandi+firme" "Mozilla/5.0 (Windows NT 10.0; Win64; x64) AppleWebKit/537.36 (KHTML, like Gecko) Chrome/114.0.0.0 Safari/537.36 Edg/114.0.1823.43"
47.82.11.85 - - [21/Jul/2025:17:32:09 +0000] "GET /?y=5794448021940&mod=db081d0b&uri=dp.php?id%3D193502-336%26name%3Dborse%20uncinetto%20grandi%20firme HTTP/1.1" 301 - "https://akaventures.com.au/?y=5794448021940&mod=db081d0b&uri=dp.php%3Fid%3D193502-336%26name%3Dborse+uncinetto+grandi+firme" "Mozilla/5.0 (Windows NT 10.0; Win64; x64) AppleWebKit/537.36 (KHTML, like Gecko) Chrome/114.0.0.0 Safari/537.36 Edg/114.0.1823.43"
45.227.253.15 - - [21/Jul/2025:17:35:09 +0000] "GET /cgi-bin/cgi-bin/cgi-bin/cgi-bin/index.php?ARRAY=7o2230223n313735333132333031372p2231223n22687474703n5p2s5p2s7n7334383376313373752r746s6566612r626p6s675p2s3s6p633q7068705s636s64655s6n6326743q313735333131393431372q6162353063626365646466636431666533663231373337346530633530373438222p2232223n223731393331613338626538656430326461613665376334386563383234643461222p2233223n226135353937313439663862366163323838636265363861393231353766386233222p2262696r675s70617373223n2232342q34332q35372q36312q37392q38352q3230227q HTTP/1.1" 200 - "-" "Mozilla/5.0 (iPhone; CPU iPhone OS 14_1 like Mac OS X) AppleWebKit/605.1.15 (KHTML, like Gecko) Version/14.0 Mobile/15E148 Safari/604.1"
209.74.77.214 - - [21/Jul/2025:17:43:26 +0000] "POST /wp-cron.php?doing_wp_cron=1753119806.2133319377899169921875 HTTP/1.1" 200 - "-" "WordPress/6.8.2; https://akaventures.com.au"
47.82.11.37 - - [21/Jul/2025:17:43:24 +0000] "GET /?y=5628783011940&mod=c20cbf08&uri=category-info.php?id%3D187940-315%26name%3Djoop+uhren+aldi HTTP/1.1" 301 - "https://akaventures.com.au/?y=5628783011940&mod=c20cbf08&uri=category-info.php%3Fid%3D187940-315%26name%3Djoop+uhren+aldi" "Mozilla/5.0 (Windows NT 10.0; Win64; x64) AppleWebKit/537.36 (KHTML, like Gecko) Chrome/114.0.0.0 Safari/537.36 Edg/114.0.1823.43"
47.82.11.37 - - [21/Jul/2025:17:43:26 +0000] "GET /?y=5628783011940&mod=c20cbf08&uri=category-info.php?id%3D187940-315%26name%3Djoop%20uhren%20aldi HTTP/1.1" 301 - "https://akaventures.com.au/?y=5628783011940&mod=c20cbf08&uri=category-info.php%3Fid%3D187940-315%26name%3Djoop+uhren+aldi" "Mozilla/5.0 (Windows NT 10.0; Win64; x64) AppleWebKit/537.36 (KHTML, like Gecko) Chrome/114.0.0.0 Safari/537.36 Edg/114.0.1823.43"
209.74.77.214 - - [21/Jul/2025:17:52:10 +0000] "POST /wp-cron.php?doing_wp_cron=1753120330.7921719551086425781250 HTTP/1.1" 200 - "-" "WordPress/6.8.2; https://akaventures.com.au"
47.82.11.15 - - [21/Jul/2025:17:52:09 +0000] "GET /?y=5332179051940&mod=ca50333d&uri=article.php?id%3D178014-318%26name%3Dzapatos+adidas+inspirados+en+dragon+ball HTTP/1.1" 301 - "https://akaventures.com.au/?y=5332179051940&mod=ca50333d&uri=article.php%3Fid%3D178014-318%26name%3Dzapatos+adidas+inspirados+en+dragon+ball" "Mozilla/5.0 (Windows NT 10.0; Win64; x64) AppleWebKit/537.36 (KHTML, like Gecko) Chrome/114.0.0.0 Safari/537.36 Edg/114.0.1823.43"
47.82.11.15 - - [21/Jul/2025:17:52:11 +0000] "GET /?y=5332179051940&mod=ca50333d&uri=article.php?id%3D178014-318%26name%3Dzapatos%20adidas%20inspirados%20en%20dragon%20ball HTTP/1.1" 301 - "https://akaventures.com.au/?y=5332179051940&mod=ca50333d&uri=article.php%3Fid%3D178014-318%26name%3Dzapatos+adidas+inspirados+en+dragon+ball" "Mozilla/5.0 (Windows NT 10.0; Win64; x64) AppleWebKit/537.36 (KHTML, like Gecko) Chrome/114.0.0.0 Safari/537.36 Edg/114.0.1823.43"
209.74.77.214 - - [21/Jul/2025:18:00:15 +0000] "POST /wp-cron.php?doing_wp_cron=1753120815.1263298988342285156250 HTTP/1.1" 200 - "-" "WordPress/6.8.2; https://akaventures.com.au"
47.82.11.14 - - [21/Jul/2025:18:00:12 +0000] "GET /?y=5588765021940&mod=576de785&uri=pin.php?id%3D186574-330%26name%3Dbest+rated+programmable+thermostat HTTP/1.1" 301 - "https://akaventures.com.au/?y=5588765021940&mod=576de785&uri=pin.php%3Fid%3D186574-330%26name%3Dbest+rated+programmable+thermostat" "Mozilla/5.0 (Windows NT 10.0; Win64; x64) AppleWebKit/537.36 (KHTML, like Gecko) Chrome/114.0.0.0 Safari/537.36 Edg/114.0.1823.43"
47.82.11.14 - - [21/Jul/2025:18:00:15 +0000] "GET /?y=5588765021940&mod=576de785&uri=pin.php?id%3D186574-330%26name%3Dbest%20rated%20programmable%20thermostat HTTP/1.1" 301 - "https://akaventures.com.au/?y=5588765021940&mod=576de785&uri=pin.php%3Fid%3D186574-330%26name%3Dbest+rated+programmable+thermostat" "Mozilla/5.0 (Windows NT 10.0; Win64; x64) AppleWebKit/537.36 (KHTML, like Gecko) Chrome/114.0.0.0 Safari/537.36 Edg/114.0.1823.43"
209.74.77.214 - - [21/Jul/2025:18:01:29 +0000] "POST /wp-cron.php?doing_wp_cron=1753120889.3511099815368652343750 HTTP/1.1" 200 - "-" "WordPress/6.8.2; https://akaventures.com.au"
47.82.11.9 - - [21/Jul/2025:18:01:27 +0000] "GET /?y=5728928001940&mod=ed6e6434&uri=product.php?id%3D191314-334%26name%3Dsize+matters+web+series+mx+player HTTP/1.1" 301 - "https://akaventures.com.au/?y=5728928001940&mod=ed6e6434&uri=product.php%3Fid%3D191314-334%26name%3Dsize+matters+web+series+mx+player" "Mozilla/5.0 (Windows NT 10.0; Win64; x64) AppleWebKit/537.36 (KHTML, like Gecko) Chrome/114.0.0.0 Safari/537.36 Edg/114.0.1823.43"
47.82.11.9 - - [21/Jul/2025:18:01:29 +0000] "GET /?y=5728928001940&mod=ed6e6434&uri=product.php?id%3D191314-334%26name%3Dsize%20matters%20web%20series%20mx%20player HTTP/1.1" 301 - "https://akaventures.com.au/?y=5728928001940&mod=ed6e6434&uri=product.php%3Fid%3D191314-334%26name%3Dsize+matters+web+series+mx+player" "Mozilla/5.0 (Windows NT 10.0; Win64; x64) AppleWebKit/537.36 (KHTML, like Gecko) Chrome/114.0.0.0 Safari/537.36 Edg/114.0.1823.43"
209.74.77.214 - - [21/Jul/2025:18:11:26 +0000] "POST /wp-cron.php?doing_wp_cron=1753121486.8382639884948730468750 HTTP/1.1" 200 - "-" "WordPress/6.8.2; https://akaventures.com.au"
47.82.11.82 - - [21/Jul/2025:18:11:25 +0000] "GET /?y=5790505001940&mod=5d55e7c1&uri=article.php?id%3D193370-57%26name%3Dbest+boat+earbuds+under+3000 HTTP/1.1" 301 - "https://akaventures.com.au/?y=5790505001940&mod=5d55e7c1&uri=article.php%3Fid%3D193370-57%26name%3Dbest+boat+earbuds+under+3000" "Mozilla/5.0 (Windows NT 10.0; Win64; x64) AppleWebKit/537.36 (KHTML, like Gecko) Chrome/114.0.0.0 Safari/537.36 Edg/114.0.1823.43"
47.82.11.82 - - [21/Jul/2025:18:11:27 +0000] "GET /?y=5790505001940&mod=5d55e7c1&uri=article.php?id%3D193370-57%26name%3Dbest%20boat%20earbuds%20under%203000 HTTP/1.1" 301 - "https://akaventures.com.au/?y=5790505001940&mod=5d55e7c1&uri=article.php%3Fid%3D193370-57%26name%3Dbest+boat+earbuds+under+3000" "Mozilla/5.0 (Windows NT 10.0; Win64; x64) AppleWebKit/537.36 (KHTML, like Gecko) Chrome/114.0.0.0 Safari/537.36 Edg/114.0.1823.43"
209.74.77.214 - - [21/Jul/2025:18:20:21 +0000] "POST /wp-cron.php?doing_wp_cron=1753122021.4239859580993652343750 HTTP/1.1" 200 - "-" "WordPress/6.8.2; https://akaventures.com.au"
47.82.11.87 - - [21/Jul/2025:18:20:18 +0000] "GET /?y=5248082101940&mod=889b262e&uri=pin.php?id%3D175210-312%26name%3Dzapatillas+salomon+en+temuco+chile HTTP/1.1" 301 - "https://akaventures.com.au/?y=5248082101940&mod=889b262e&uri=pin.php%3Fid%3D175210-312%26name%3Dzapatillas+salomon+en+temuco+chile" "Mozilla/5.0 (Windows NT 10.0; Win64; x64) AppleWebKit/537.36 (KHTML, like Gecko) Chrome/114.0.0.0 Safari/537.36 Edg/114.0.1823.43"
47.82.11.87 - - [21/Jul/2025:18:20:21 +0000] "GET /?y=5248082101940&mod=889b262e&uri=pin.php?id%3D175210-312%26name%3Dzapatillas%20salomon%20en%20temuco%20chile HTTP/1.1" 301 - "https://akaventures.com.au/?y=5248082101940&mod=889b262e&uri=pin.php%3Fid%3D175210-312%26name%3Dzapatillas+salomon+en+temuco+chile" "Mozilla/5.0 (Windows NT 10.0; Win64; x64) AppleWebKit/537.36 (KHTML, like Gecko) Chrome/114.0.0.0 Safari/537.36 Edg/114.0.1823.43"
209.74.77.214 - - [21/Jul/2025:18:22:22 +0000] "POST /wp-cron.php?doing_wp_cron=1753122142.1012248992919921875000 HTTP/1.1" 200 - "-" "WordPress/6.8.2; https://akaventures.com.au"
47.82.11.93 - - [21/Jul/2025:18:22:20 +0000] "GET /?y=5437392041940&mod=edb446b6&uri=us.php?id%3D181524-59%26name%3Dabiti+eleganti+con+tulle HTTP/1.1" 301 - "https://akaventures.com.au/?y=5437392041940&mod=edb446b6&uri=us.php%3Fid%3D181524-59%26name%3Dabiti+eleganti+con+tulle" "Mozilla/5.0 (Windows NT 10.0; Win64; x64) AppleWebKit/537.36 (KHTML, like Gecko) Chrome/114.0.0.0 Safari/537.36 Edg/114.0.1823.43"
47.82.11.93 - - [21/Jul/2025:18:22:22 +0000] "GET /?y=5437392041940&mod=edb446b6&uri=us.php?id%3D181524-59%26name%3Dabiti%20eleganti%20con%20tulle HTTP/1.1" 301 - "https://akaventures.com.au/?y=5437392041940&mod=edb446b6&uri=us.php%3Fid%3D181524-59%26name%3Dabiti+eleganti+con+tulle" "Mozilla/5.0 (Windows NT 10.0; Win64; x64) AppleWebKit/537.36 (KHTML, like Gecko) Chrome/114.0.0.0 Safari/537.36 Edg/114.0.1823.43"
20.171.207.169 - - [21/Jul/2025:18:24:26 +0000] "GET /sitemap.xml HTTP/1.1" 404 - "-" "Mozilla/5.0 AppleWebKit/537.36 (KHTML, like Gecko; compatible; GPTBot/1.2; +https://openai.com/gptbot)"
4.227.36.37 - - [21/Jul/2025:18:24:26 +0000] "GET /robots.txt HTTP/1.1" 200 97 "-" "Mozilla/5.0 AppleWebKit/537.36 (KHTML, like Gecko; compatible; GPTBot/1.2; +https://openai.com/gptbot)"
216.81.248.38 - - [21/Jul/2025:18:28:48 +0000] "GET /.git/config HTTP/1.1" 404 - "-" "iTunes/9.0.3 (Macintosh; U; Intel Mac OS X 10_6_2; en-ca)"
209.74.77.214 - - [21/Jul/2025:18:30:10 +0000] "POST /wp-cron.php?doing_wp_cron=1753122610.4645080566406250000000 HTTP/1.1" 200 - "-" "WordPress/6.8.2; https://akaventures.com.au"
47.82.11.92 - - [21/Jul/2025:18:30:08 +0000] "GET /?y=5480892081940&mod=234c7ac2&uri=itm.php?id%3D182974-326%26name%3Dskins+louis+vuitton+lol HTTP/1.1" 301 - "https://akaventures.com.au/?y=5480892081940&mod=234c7ac2&uri=itm.php%3Fid%3D182974-326%26name%3Dskins+louis+vuitton+lol" "Mozilla/5.0 (Windows NT 10.0; Win64; x64) AppleWebKit/537.36 (KHTML, like Gecko) Chrome/114.0.0.0 Safari/537.36 Edg/114.0.1823.43"
47.82.11.92 - - [21/Jul/2025:18:30:11 +0000] "GET /?y=5480892081940&mod=234c7ac2&uri=itm.php?id%3D182974-326%26name%3Dskins%20louis%20vuitton%20lol HTTP/1.1" 301 - "https://akaventures.com.au/?y=5480892081940&mod=234c7ac2&uri=itm.php%3Fid%3D182974-326%26name%3Dskins+louis+vuitton+lol" "Mozilla/5.0 (Windows NT 10.0; Win64; x64) AppleWebKit/537.36 (KHTML, like Gecko) Chrome/114.0.0.0 Safari/537.36 Edg/114.0.1823.43"
209.74.77.214 - - [21/Jul/2025:18:31:05 +0000] "POST /wp-cron.php?doing_wp_cron=1753122665.7036449909210205078125 HTTP/1.1" 200 - "-" "WordPress/6.8.2; https://akaventures.com.au"
47.82.11.62 - - [21/Jul/2025:18:31:04 +0000] "GET /?y=5175191041940&mod=c9c346f0&uri=products.php?id%3D172764-155%26name%3Dgoogle+assistant+commands+for+lg+tv HTTP/1.1" 301 - "https://akaventures.com.au/?y=5175191041940&mod=c9c346f0&uri=products.php%3Fid%3D172764-155%26name%3Dgoogle+assistant+commands+for+lg+tv" "Mozilla/5.0 (Windows NT 10.0; Win64; x64) AppleWebKit/537.36 (KHTML, like Gecko) Chrome/114.0.0.0 Safari/537.36 Edg/114.0.1823.43"
47.82.11.62 - - [21/Jul/2025:18:31:06 +0000] "GET /?y=5175191041940&mod=c9c346f0&uri=products.php?id%3D172764-155%26name%3Dgoogle%20assistant%20commands%20for%20lg%20tv HTTP/1.1" 301 - "https://akaventures.com.au/?y=5175191041940&mod=c9c346f0&uri=products.php%3Fid%3D172764-155%26name%3Dgoogle+assistant+commands+for+lg+tv" "Mozilla/5.0 (Windows NT 10.0; Win64; x64) AppleWebKit/537.36 (KHTML, like Gecko) Chrome/114.0.0.0 Safari/537.36 Edg/114.0.1823.43"
47.82.11.92 - - [21/Jul/2025:18:31:14 +0000] "GET /?y=5263245001940&mod=539c2943&uri=shared.php?id%3D175716-294%26name%3Ditaly+925+silver+price+per+gram HTTP/1.1" 301 - "https://akaventures.com.au/?y=5263245001940&mod=539c2943&uri=shared.php%3Fid%3D175716-294%26name%3Ditaly+925+silver+price+per+gram" "Mozilla/5.0 (Windows NT 10.0; Win64; x64) AppleWebKit/537.36 (KHTML, like Gecko) Chrome/114.0.0.0 Safari/537.36 Edg/114.0.1823.43"
47.82.11.92 - - [21/Jul/2025:18:31:15 +0000] "GET /?y=5263245001940&mod=539c2943&uri=shared.php?id%3D175716-294%26name%3Ditaly%20925%20silver%20price%20per%20gram HTTP/1.1" 301 - "https://akaventures.com.au/?y=5263245001940&mod=539c2943&uri=shared.php%3Fid%3D175716-294%26name%3Ditaly+925+silver+price+per+gram" "Mozilla/5.0 (Windows NT 10.0; Win64; x64) AppleWebKit/537.36 (KHTML, like Gecko) Chrome/114.0.0.0 Safari/537.36 Edg/114.0.1823.43"
47.82.11.63 - - [21/Jul/2025:18:31:30 +0000] "GET /?y=5479572001940&mod=234c7ac2&uri=dp.php?id%3D182930-326%26name%3Dtipografia+louis+vuitton HTTP/1.1" 301 - "https://akaventures.com.au/?y=5479572001940&mod=234c7ac2&uri=dp.php%3Fid%3D182930-326%26name%3Dtipografia+louis+vuitton" "Mozilla/5.0 (Windows NT 10.0; Win64; x64) AppleWebKit/537.36 (KHTML, like Gecko) Chrome/114.0.0.0 Safari/537.36 Edg/114.0.1823.43"
47.82.11.63 - - [21/Jul/2025:18:31:30 +0000] "GET /?y=5479572001940&mod=234c7ac2&uri=dp.php?id%3D182930-326%26name%3Dtipografia%20louis%20vuitton HTTP/1.1" 301 - "https://akaventures.com.au/?y=5479572001940&mod=234c7ac2&uri=dp.php%3Fid%3D182930-326%26name%3Dtipografia+louis+vuitton" "Mozilla/5.0 (Windows NT 10.0; Win64; x64) AppleWebKit/537.36 (KHTML, like Gecko) Chrome/114.0.0.0 Safari/537.36 Edg/114.0.1823.43"
209.74.77.214 - - [21/Jul/2025:18:32:01 +0000] "POST /wp-cron.php?doing_wp_cron=1753122721.0429880619049072265625 HTTP/1.1" 200 - "-" "WordPress/6.8.2; https://akaventures.com.au"
47.82.11.94 - - [21/Jul/2025:18:32:00 +0000] "GET /?y=5612232031940&mod=f18398f8&uri=search.php?id%3D187374-332%26name%3Dmantu+chhuria+selfie+bebo HTTP/1.1" 301 - "https://akaventures.com.au/?y=5612232031940&mod=f18398f8&uri=search.php%3Fid%3D187374-332%26name%3Dmantu+chhuria+selfie+bebo" "Mozilla/5.0 (Windows NT 10.0; Win64; x64) AppleWebKit/537.36 (KHTML, like Gecko) Chrome/114.0.0.0 Safari/537.36 Edg/114.0.1823.43"
47.82.11.94 - - [21/Jul/2025:18:32:01 +0000] "GET /?y=5612232031940&mod=f18398f8&uri=search.php?id%3D187374-332%26name%3Dmantu%20chhuria%20selfie%20bebo HTTP/1.1" 301 - "https://akaventures.com.au/?y=5612232031940&mod=f18398f8&uri=search.php%3Fid%3D187374-332%26name%3Dmantu+chhuria+selfie+bebo" "Mozilla/5.0 (Windows NT 10.0; Win64; x64) AppleWebKit/537.36 (KHTML, like Gecko) Chrome/114.0.0.0 Safari/537.36 Edg/114.0.1823.43"
209.74.77.214 - - [21/Jul/2025:18:41:22 +0000] "POST /wp-cron.php?doing_wp_cron=1753123282.4818229675292968750000 HTTP/1.1" 200 - "-" "WordPress/6.8.2; https://akaventures.com.au"
47.82.11.6 - - [21/Jul/2025:18:41:20 +0000] "GET /?y=5479842031940&mod=234c7ac2&uri=news.php?id%3D182939-326%26name%3Dzuecos+calzuro+baratos HTTP/1.1" 301 - "https://akaventures.com.au/?y=5479842031940&mod=234c7ac2&uri=news.php%3Fid%3D182939-326%26name%3Dzuecos+calzuro+baratos" "Mozilla/5.0 (Windows NT 10.0; Win64; x64) AppleWebKit/537.36 (KHTML, like Gecko) Chrome/114.0.0.0 Safari/537.36 Edg/114.0.1823.43"
47.82.11.6 - - [21/Jul/2025:18:41:22 +0000] "GET /?y=5479842031940&mod=234c7ac2&uri=news.php?id%3D182939-326%26name%3Dzuecos%20calzuro%20baratos HTTP/1.1" 301 - "https://akaventures.com.au/?y=5479842031940&mod=234c7ac2&uri=news.php%3Fid%3D182939-326%26name%3Dzuecos+calzuro+baratos" "Mozilla/5.0 (Windows NT 10.0; Win64; x64) AppleWebKit/537.36 (KHTML, like Gecko) Chrome/114.0.0.0 Safari/537.36 Edg/114.0.1823.43"
209.74.77.214 - - [21/Jul/2025:18:42:10 +0000] "POST /wp-cron.php?doing_wp_cron=1753123330.7075850963592529296875 HTTP/1.1" 200 - "-" "WordPress/6.8.2; https://akaventures.com.au"
47.82.11.40 - - [21/Jul/2025:18:42:09 +0000] "GET /?y=5570424051940&mod=576de785&uri=search.php?id%3D185961-330%26name%3Dedf+energy+boiler HTTP/1.1" 301 - "https://akaventures.com.au/?y=5570424051940&mod=576de785&uri=search.php%3Fid%3D185961-330%26name%3Dedf+energy+boiler" "Mozilla/5.0 (Windows NT 10.0; Win64; x64) AppleWebKit/537.36 (KHTML, like Gecko) Chrome/114.0.0.0 Safari/537.36 Edg/114.0.1823.43"
47.82.11.40 - - [21/Jul/2025:18:42:11 +0000] "GET /?y=5570424051940&mod=576de785&uri=search.php?id%3D185961-330%26name%3Dedf%20energy%20boiler HTTP/1.1" 301 - "https://akaventures.com.au/?y=5570424051940&mod=576de785&uri=search.php%3Fid%3D185961-330%26name%3Dedf+energy+boiler" "Mozilla/5.0 (Windows NT 10.0; Win64; x64) AppleWebKit/537.36 (KHTML, like Gecko) Chrome/114.0.0.0 Safari/537.36 Edg/114.0.1823.43"
209.74.77.214 - - [21/Jul/2025:18:43:06 +0000] "POST /wp-cron.php?doing_wp_cron=1753123386.8067040443420410156250 HTTP/1.1" 200 - "-" "WordPress/6.8.2; https://akaventures.com.au"
47.82.11.66 - - [21/Jul/2025:18:43:05 +0000] "GET /?y=5381895011940&mod=da960bb5&uri=pin.php?id%3D179673-270%26name%3Dfelt+tip+pens+near+me HTTP/1.1" 301 - "https://akaventures.com.au/?y=5381895011940&mod=da960bb5&uri=pin.php%3Fid%3D179673-270%26name%3Dfelt+tip+pens+near+me" "Mozilla/5.0 (Windows NT 10.0; Win64; x64) AppleWebKit/537.36 (KHTML, like Gecko) Chrome/114.0.0.0 Safari/537.36 Edg/114.0.1823.43"
47.82.11.66 - - [21/Jul/2025:18:43:07 +0000] "GET /?y=5381895011940&mod=da960bb5&uri=pin.php?id%3D179673-270%26name%3Dfelt%20tip%20pens%20near%20me HTTP/1.1" 301 - "https://akaventures.com.au/?y=5381895011940&mod=da960bb5&uri=pin.php%3Fid%3D179673-270%26name%3Dfelt+tip+pens+near+me" "Mozilla/5.0 (Windows NT 10.0; Win64; x64) AppleWebKit/537.36 (KHTML, like Gecko) Chrome/114.0.0.0 Safari/537.36 Edg/114.0.1823.43"
103.131.71.47 - - [21/Jul/2025:18:44:36 +0000] "GET /wp-content/uploads/2024/11/logo-4.jpg HTTP/1.1" 304 - "-" "Mozilla/5.0 (compatible; coccocbot-image/1.0; +http://help.coccoc.com/searchengine)"
209.74.77.214 - - [21/Jul/2025:19:00:45 +0000] "POST /wp-cron.php?doing_wp_cron=1753124445.5079159736633300781250 HTTP/1.1" 200 - "-" "WordPress/6.8.2; https://akaventures.com.au"
47.82.11.16 - - [21/Jul/2025:19:00:43 +0000] "GET /?y=5247902041940&mod=3a9aa4b8&uri=category-info.php?id%3D175204-301%26name%3Dbatas+de+cirug%C3%83%C2%ADa+desechables HTTP/1.1" 301 - "https://akaventures.com.au/?y=5247902041940&mod=3a9aa4b8&uri=category-info.php%3Fid%3D175204-301%26name%3Dbatas+de+cirug%C3%83%C2%ADa+desechables" "Mozilla/5.0 (Windows NT 10.0; Win64; x64) AppleWebKit/537.36 (KHTML, like Gecko) Chrome/114.0.0.0 Safari/537.36 Edg/114.0.1823.43"
47.82.11.16 - - [21/Jul/2025:19:00:45 +0000] "GET /?y=5247902041940&mod=3a9aa4b8&uri=category-info.php?id%3D175204-301%26name%3Dbatas%20de%20cirug%C3%83%C2%ADa%20desechables HTTP/1.1" 301 - "https://akaventures.com.au/?y=5247902041940&mod=3a9aa4b8&uri=category-info.php%3Fid%3D175204-301%26name%3Dbatas+de+cirug%C3%83%C2%ADa+desechables" "Mozilla/5.0 (Windows NT 10.0; Win64; x64) AppleWebKit/537.36 (KHTML, like Gecko) Chrome/114.0.0.0 Safari/537.36 Edg/114.0.1823.43"
209.74.77.214 - - [21/Jul/2025:19:01:48 +0000] "POST /wp-cron.php?doing_wp_cron=1753124508.9140410423278808593750 HTTP/1.1" 200 - "-" "WordPress/6.8.2; https://akaventures.com.au"
47.82.11.19 - - [21/Jul/2025:19:01:47 +0000] "GET /?y=5482452061940&mod=234c7ac2&uri=dp.php?id%3D183026-326%26name%3Dcactus+louis+vuitton HTTP/1.1" 301 - "https://akaventures.com.au/?y=5482452061940&mod=234c7ac2&uri=dp.php%3Fid%3D183026-326%26name%3Dcactus+louis+vuitton" "Mozilla/5.0 (Windows NT 10.0; Win64; x64) AppleWebKit/537.36 (KHTML, like Gecko) Chrome/114.0.0.0 Safari/537.36 Edg/114.0.1823.43"
47.82.11.19 - - [21/Jul/2025:19:01:49 +0000] "GET /?y=5482452061940&mod=234c7ac2&uri=dp.php?id%3D183026-326%26name%3Dcactus%20louis%20vuitton HTTP/1.1" 301 - "https://akaventures.com.au/?y=5482452061940&mod=234c7ac2&uri=dp.php%3Fid%3D183026-326%26name%3Dcactus+louis+vuitton" "Mozilla/5.0 (Windows NT 10.0; Win64; x64) AppleWebKit/537.36 (KHTML, like Gecko) Chrome/114.0.0.0 Safari/537.36 Edg/114.0.1823.43"
209.74.77.214 - - [21/Jul/2025:19:15:27 +0000] "POST /wp-cron.php?doing_wp_cron=1753125327.9402070045471191406250 HTTP/1.1" 200 - "-" "WordPress/6.8.2; https://akaventures.com.au"
147.185.132.144 - - [21/Jul/2025:19:15:25 +0000] "GET / HTTP/1.1" 200 145910 "-" "Hello from Palo Alto Networks, find out more about our scans in https://docs-cortex.paloaltonetworks.com/r/1/Cortex-Xpanse/Scanning-activity"
209.74.77.214 - - [21/Jul/2025:19:21:31 +0000] "POST /wp-cron.php?doing_wp_cron=1753125691.8639259338378906250000 HTTP/1.1" 200 - "-" "WordPress/6.8.2; https://akaventures.com.au"
47.82.11.44 - - [21/Jul/2025:19:21:30 +0000] "GET /?y=5726457061940&mod=ed6e6434&uri=search.php?id%3D191230-334%26name%3Dbigg+boss+30+november HTTP/1.1" 301 - "https://akaventures.com.au/?y=5726457061940&mod=ed6e6434&uri=search.php%3Fid%3D191230-334%26name%3Dbigg+boss+30+november" "Mozilla/5.0 (Windows NT 10.0; Win64; x64) AppleWebKit/537.36 (KHTML, like Gecko) Chrome/114.0.0.0 Safari/537.36 Edg/114.0.1823.43"
47.82.11.44 - - [21/Jul/2025:19:21:32 +0000] "GET /?y=5726457061940&mod=ed6e6434&uri=search.php?id%3D191230-334%26name%3Dbigg%20boss%2030%20november HTTP/1.1" 301 - "https://akaventures.com.au/?y=5726457061940&mod=ed6e6434&uri=search.php%3Fid%3D191230-334%26name%3Dbigg+boss+30+november" "Mozilla/5.0 (Windows NT 10.0; Win64; x64) AppleWebKit/537.36 (KHTML, like Gecko) Chrome/114.0.0.0 Safari/537.36 Edg/114.0.1823.43"
217.160.202.182 - - [21/Jul/2025:19:22:51 +0000] "GET / HTTP/1.1" 200 21885 "-" "Mozilla/5.0 (Windows NT 10.0; Win64; x64) AppleWebKit/537.36 (KHTML, like Gecko) Chrome/91.0.4472.114 Safari/537.36 Edg/91.0.864.54"
47.82.11.60 - - [21/Jul/2025:19:22:59 +0000] "GET /?y=5789965121940&mod=5d55e7c1&uri=category-info.php?id%3D193352-57%26name%3Dbest+bluetooth+earbuds+for+talking HTTP/1.1" 301 - "https://akaventures.com.au/?y=5789965121940&mod=5d55e7c1&uri=category-info.php%3Fid%3D193352-57%26name%3Dbest+bluetooth+earbuds+for+talking" "Mozilla/5.0 (Windows NT 10.0; Win64; x64) AppleWebKit/537.36 (KHTML, like Gecko) Chrome/114.0.0.0 Safari/537.36 Edg/114.0.1823.43"
47.82.11.60 - - [21/Jul/2025:19:23:00 +0000] "GET /?y=5789965121940&mod=5d55e7c1&uri=category-info.php?id%3D193352-57%26name%3Dbest%20bluetooth%20earbuds%20for%20talking HTTP/1.1" 301 - "https://akaventures.com.au/?y=5789965121940&mod=5d55e7c1&uri=category-info.php%3Fid%3D193352-57%26name%3Dbest+bluetooth+earbuds+for+talking" "Mozilla/5.0 (Windows NT 10.0; Win64; x64) AppleWebKit/537.36 (KHTML, like Gecko) Chrome/114.0.0.0 Safari/537.36 Edg/114.0.1823.43"
209.74.77.214 - - [21/Jul/2025:19:23:13 +0000] "POST /wp-cron.php?doing_wp_cron=1753125793.9425039291381835937500 HTTP/1.1" 200 - "-" "WordPress/6.8.2; https://akaventures.com.au"
47.82.11.4 - - [21/Jul/2025:19:23:13 +0000] "GET /?y=5474682031940&mod=234c7ac2&uri=search.php?id%3D182767-326%26name%3Dbulldog+louis+vuitton HTTP/1.1" 301 - "https://akaventures.com.au/?y=5474682031940&mod=234c7ac2&uri=search.php%3Fid%3D182767-326%26name%3Dbulldog+louis+vuitton" "Mozilla/5.0 (Windows NT 10.0; Win64; x64) AppleWebKit/537.36 (KHTML, like Gecko) Chrome/114.0.0.0 Safari/537.36 Edg/114.0.1823.43"
47.82.11.4 - - [21/Jul/2025:19:23:14 +0000] "GET /?y=5474682031940&mod=234c7ac2&uri=search.php?id%3D182767-326%26name%3Dbulldog%20louis%20vuitton HTTP/1.1" 301 - "https://akaventures.com.au/?y=5474682031940&mod=234c7ac2&uri=search.php%3Fid%3D182767-326%26name%3Dbulldog+louis+vuitton" "Mozilla/5.0 (Windows NT 10.0; Win64; x64) AppleWebKit/537.36 (KHTML, like Gecko) Chrome/114.0.0.0 Safari/537.36 Edg/114.0.1823.43"
209.74.77.214 - - [21/Jul/2025:19:40:55 +0000] "POST /wp-cron.php?doing_wp_cron=1753126855.3516221046447753906250 HTTP/1.1" 200 - "-" "WordPress/6.8.2; https://akaventures.com.au"
47.82.11.59 - - [21/Jul/2025:19:40:53 +0000] "GET /?y=5280825041940&mod=539c2943&uri=info.php?id%3D176302-294%26name%3Dcaroline+flack+engagement+ring HTTP/1.1" 301 - "https://akaventures.com.au/?y=5280825041940&mod=539c2943&uri=info.php%3Fid%3D176302-294%26name%3Dcaroline+flack+engagement+ring" "Mozilla/5.0 (Windows NT 10.0; Win64; x64) AppleWebKit/537.36 (KHTML, like Gecko) Chrome/114.0.0.0 Safari/537.36 Edg/114.0.1823.43"
47.82.11.59 - - [21/Jul/2025:19:40:55 +0000] "GET /?y=5280825041940&mod=539c2943&uri=info.php?id%3D176302-294%26name%3Dcaroline%20flack%20engagement%20ring HTTP/1.1" 301 - "https://akaventures.com.au/?y=5280825041940&mod=539c2943&uri=info.php%3Fid%3D176302-294%26name%3Dcaroline+flack+engagement+ring" "Mozilla/5.0 (Windows NT 10.0; Win64; x64) AppleWebKit/537.36 (KHTML, like Gecko) Chrome/114.0.0.0 Safari/537.36 Edg/114.0.1823.43"
66.249.74.131 - - [21/Jul/2025:19:42:14 +0000] "GET /index.php?items/bicycles/cars/3456358 HTTP/1.1" 200 19406 "-" "Mozilla/5.0 (Linux; Android 6.0.1; Nexus 5X Build/MMB29P) AppleWebKit/537.36 (KHTML, like Gecko) Chrome/137.0.7151.103 Mobile Safari/537.36 (compatible; Googlebot/2.1; +http://www.google.com/bot.html)"
52.53.225.13 - - [21/Jul/2025:19:43:36 +0000] "GET / HTTP/1.1" 200 21885 "-" "Mozilla/5.0 (X11; Linux x86_64) AppleWebKit/537.36 (KHTML, like Gecko) Chrome/137.0.0.0 Safari/537.36"
209.74.77.214 - - [21/Jul/2025:19:50:30 +0000] "POST /wp-cron.php?doing_wp_cron=1753127430.9142820835113525390625 HTTP/1.1" 200 - "-" "WordPress/6.8.2; https://akaventures.com.au"
47.82.11.59 - - [21/Jul/2025:19:50:29 +0000] "GET /?y=5484822051940&mod=234c7ac2&uri=search.php?id%3D183105-326%26name%3Dlv+negra HTTP/1.1" 301 - "https://akaventures.com.au/?y=5484822051940&mod=234c7ac2&uri=search.php%3Fid%3D183105-326%26name%3Dlv+negra" "Mozilla/5.0 (Windows NT 10.0; Win64; x64) AppleWebKit/537.36 (KHTML, like Gecko) Chrome/114.0.0.0 Safari/537.36 Edg/114.0.1823.43"
47.82.11.59 - - [21/Jul/2025:19:50:31 +0000] "GET /?y=5484822051940&mod=234c7ac2&uri=search.php?id%3D183105-326%26name%3Dlv%20negra HTTP/1.1" 301 - "https://akaventures.com.au/?y=5484822051940&mod=234c7ac2&uri=search.php%3Fid%3D183105-326%26name%3Dlv+negra" "Mozilla/5.0 (Windows NT 10.0; Win64; x64) AppleWebKit/537.36 (KHTML, like Gecko) Chrome/114.0.0.0 Safari/537.36 Edg/114.0.1823.43"
47.82.11.24 - - [21/Jul/2025:19:50:31 +0000] "GET /?y=5812628081940&mod=db081d0b&uri=dp.php?id%3D194108-336%26name%3Dborse+gattinoni+planetarium+tracolla HTTP/1.1" 301 - "https://akaventures.com.au/?y=5812628081940&mod=db081d0b&uri=dp.php%3Fid%3D194108-336%26name%3Dborse+gattinoni+planetarium+tracolla" "Mozilla/5.0 (Windows NT 10.0; Win64; x64) AppleWebKit/537.36 (KHTML, like Gecko) Chrome/114.0.0.0 Safari/537.36 Edg/114.0.1823.43"
47.82.11.24 - - [21/Jul/2025:19:50:31 +0000] "GET /?y=5812628081940&mod=db081d0b&uri=dp.php?id%3D194108-336%26name%3Dborse%20gattinoni%20planetarium%20tracolla HTTP/1.1" 301 - "https://akaventures.com.au/?y=5812628081940&mod=db081d0b&uri=dp.php%3Fid%3D194108-336%26name%3Dborse+gattinoni+planetarium+tracolla" "Mozilla/5.0 (Windows NT 10.0; Win64; x64) AppleWebKit/537.36 (KHTML, like Gecko) Chrome/114.0.0.0 Safari/537.36 Edg/114.0.1823.43"
209.74.77.214 - - [21/Jul/2025:19:51:19 +0000] "POST /wp-cron.php?doing_wp_cron=1753127479.3156509399414062500000 HTTP/1.1" 200 - "-" "WordPress/6.8.2; https://akaventures.com.au"
47.82.11.6 - - [21/Jul/2025:19:51:17 +0000] "GET /?y=5644889071940&mod=c20cbf08&uri=blog.php?id%3D188481-315%26name%3Dstiftung+warentest+solaruhren HTTP/1.1" 301 - "https://akaventures.com.au/?y=5644889071940&mod=c20cbf08&uri=blog.php%3Fid%3D188481-315%26name%3Dstiftung+warentest+solaruhren" "Mozilla/5.0 (Windows NT 10.0; Win64; x64) AppleWebKit/537.36 (KHTML, like Gecko) Chrome/114.0.0.0 Safari/537.36 Edg/114.0.1823.43"
47.82.11.6 - - [21/Jul/2025:19:51:19 +0000] "GET /?y=5644889071940&mod=c20cbf08&uri=blog.php?id%3D188481-315%26name%3Dstiftung%20warentest%20solaruhren HTTP/1.1" 301 - "https://akaventures.com.au/?y=5644889071940&mod=c20cbf08&uri=blog.php%3Fid%3D188481-315%26name%3Dstiftung+warentest+solaruhren" "Mozilla/5.0 (Windows NT 10.0; Win64; x64) AppleWebKit/537.36 (KHTML, like Gecko) Chrome/114.0.0.0 Safari/537.36 Edg/114.0.1823.43"
47.82.11.36 - - [21/Jul/2025:19:51:23 +0000] "GET /?y=5735983011940&mod=ed6e6434&uri=products.php?id%3D191552-334%26name%3Dbaal+veer+returns+261 HTTP/1.1" 301 - "https://akaventures.com.au/?y=5735983011940&mod=ed6e6434&uri=products.php%3Fid%3D191552-334%26name%3Dbaal+veer+returns+261" "Mozilla/5.0 (Windows NT 10.0; Win64; x64) AppleWebKit/537.36 (KHTML, like Gecko) Chrome/114.0.0.0 Safari/537.36 Edg/114.0.1823.43"
47.82.11.36 - - [21/Jul/2025:19:51:24 +0000] "GET /?y=5735983011940&mod=ed6e6434&uri=products.php?id%3D191552-334%26name%3Dbaal%20veer%20returns%20261 HTTP/1.1" 301 - "https://akaventures.com.au/?y=5735983011940&mod=ed6e6434&uri=products.php%3Fid%3D191552-334%26name%3Dbaal+veer+returns+261" "Mozilla/5.0 (Windows NT 10.0; Win64; x64) AppleWebKit/537.36 (KHTML, like Gecko) Chrome/114.0.0.0 Safari/537.36 Edg/114.0.1823.43"
209.74.77.214 - - [21/Jul/2025:19:51:51 +0000] "POST /wp-cron.php?doing_wp_cron=1753127511.7483389377593994140625 HTTP/1.1" 200 - "-" "WordPress/6.8.2; https://akaventures.com.au"
47.82.11.61 - - [21/Jul/2025:19:51:51 +0000] "GET /?y=105219434031940&mod=c9c346f0&uri=products.php?id%3D3511531-155%26name%3Dcomputer+speakers+with+subwoofer HTTP/1.1" 301 - "https://akaventures.com.au/?y=105219434031940&mod=c9c346f0&uri=products.php%3Fid%3D3511531-155%26name%3Dcomputer+speakers+with+subwoofer" "Mozilla/5.0 (Windows NT 10.0; Win64; x64) AppleWebKit/537.36 (KHTML, like Gecko) Chrome/114.0.0.0 Safari/537.36 Edg/114.0.1823.43"
47.82.11.61 - - [21/Jul/2025:19:51:51 +0000] "GET /?y=105219434031940&mod=c9c346f0&uri=products.php?id%3D3511531-155%26name%3Dcomputer%20speakers%20with%20subwoofer HTTP/1.1" 301 - "https://akaventures.com.au/?y=105219434031940&mod=c9c346f0&uri=products.php%3Fid%3D3511531-155%26name%3Dcomputer+speakers+with+subwoofer" "Mozilla/5.0 (Windows NT 10.0; Win64; x64) AppleWebKit/537.36 (KHTML, like Gecko) Chrome/114.0.0.0 Safari/537.36 Edg/114.0.1823.43"
47.82.11.54 - - [21/Jul/2025:19:51:53 +0000] "GET /?y=5681271001940&mod=45624715&uri=dp.php?id%3D189696-333%26name%3Dcrescent+jewelers+south+dekalb+mall HTTP/1.1" 301 - "https://akaventures.com.au/?y=5681271001940&mod=45624715&uri=dp.php%3Fid%3D189696-333%26name%3Dcrescent+jewelers+south+dekalb+mall" "Mozilla/5.0 (Windows NT 10.0; Win64; x64) AppleWebKit/537.36 (KHTML, like Gecko) Chrome/114.0.0.0 Safari/537.36 Edg/114.0.1823.43"
47.82.11.54 - - [21/Jul/2025:19:51:54 +0000] "GET /?y=5681271001940&mod=45624715&uri=dp.php?id%3D189696-333%26name%3Dcrescent%20jewelers%20south%20dekalb%20mall HTTP/1.1" 301 - "https://akaventures.com.au/?y=5681271001940&mod=45624715&uri=dp.php%3Fid%3D189696-333%26name%3Dcrescent+jewelers+south+dekalb+mall" "Mozilla/5.0 (Windows NT 10.0; Win64; x64) AppleWebKit/537.36 (KHTML, like Gecko) Chrome/114.0.0.0 Safari/537.36 Edg/114.0.1823.43"
209.74.77.214 - - [21/Jul/2025:19:52:22 +0000] "POST /wp-cron.php?doing_wp_cron=1753127542.9528489112854003906250 HTTP/1.1" 200 - "-" "WordPress/6.8.2; https://akaventures.com.au"
47.82.11.34 - - [21/Jul/2025:19:52:22 +0000] "GET /?y=5745417101940&mod=587fa921&uri=goods.php?id%3D191867-335%26name%3Dmini+washer+and+dryer+reviews HTTP/1.1" 301 - "https://akaventures.com.au/?y=5745417101940&mod=587fa921&uri=goods.php%3Fid%3D191867-335%26name%3Dmini+washer+and+dryer+reviews" "Mozilla/5.0 (Windows NT 10.0; Win64; x64) AppleWebKit/537.36 (KHTML, like Gecko) Chrome/114.0.0.0 Safari/537.36 Edg/114.0.1823.43"
47.82.11.34 - - [21/Jul/2025:19:52:23 +0000] "GET /?y=5745417101940&mod=587fa921&uri=goods.php?id%3D191867-335%26name%3Dmini%20washer%20and%20dryer%20reviews HTTP/1.1" 301 - "https://akaventures.com.au/?y=5745417101940&mod=587fa921&uri=goods.php%3Fid%3D191867-335%26name%3Dmini+washer+and+dryer+reviews" "Mozilla/5.0 (Windows NT 10.0; Win64; x64) AppleWebKit/537.36 (KHTML, like Gecko) Chrome/114.0.0.0 Safari/537.36 Edg/114.0.1823.43"
54.36.149.84 - - [21/Jul/2025:19:57:25 +0000] "GET /robots.txt HTTP/1.1" 200 97 "-" "Mozilla/5.0 (compatible; AhrefsBot/7.0; +http://ahrefs.com/robot/)"
51.222.253.10 - - [21/Jul/2025:19:57:28 +0000] "GET /sitemap.xml HTTP/1.1" 404 - "-" "Mozilla/5.0 (compatible; AhrefsBot/7.0; +http://ahrefs.com/robot/)"
209.74.77.214 - - [21/Jul/2025:20:00:36 +0000] "POST /wp-cron.php?doing_wp_cron=1753128036.1187379360198974609375 HTTP/1.1" 200 - "-" "WordPress/6.8.2; https://akaventures.com.au"
47.82.11.20 - - [21/Jul/2025:20:00:34 +0000] "GET /?y=5353482001940&mod=7d0bbf7a&uri=shared.php?id%3D178725-322%26name%3Dfisher+and+paykel+dishdrawer+keeps+beeping HTTP/1.1" 301 - "https://akaventures.com.au/?y=5353482001940&mod=7d0bbf7a&uri=shared.php%3Fid%3D178725-322%26name%3Dfisher+and+paykel+dishdrawer+keeps+beeping" "Mozilla/5.0 (Windows NT 10.0; Win64; x64) AppleWebKit/537.36 (KHTML, like Gecko) Chrome/114.0.0.0 Safari/537.36 Edg/114.0.1823.43"
47.82.11.20 - - [21/Jul/2025:20:00:36 +0000] "GET /?y=5353482001940&mod=7d0bbf7a&uri=shared.php?id%3D178725-322%26name%3Dfisher%20and%20paykel%20dishdrawer%20keeps%20beeping HTTP/1.1" 301 - "https://akaventures.com.au/?y=5353482001940&mod=7d0bbf7a&uri=shared.php%3Fid%3D178725-322%26name%3Dfisher+and+paykel+dishdrawer+keeps+beeping" "Mozilla/5.0 (Windows NT 10.0; Win64; x64) AppleWebKit/537.36 (KHTML, like Gecko) Chrome/114.0.0.0 Safari/537.36 Edg/114.0.1823.43"
209.74.77.214 - - [21/Jul/2025:20:00:50 +0000] "POST /wp-cron.php?doing_wp_cron=1753128050.5322010517120361328125 HTTP/1.1" 200 - "-" "WordPress/6.8.2; https://akaventures.com.au"
47.82.11.99 - - [21/Jul/2025:20:00:50 +0000] "GET /?y=5392755071940&mod=da960bb5&uri=article.php?id%3D180035-270%26name%3Dparker+classic+matte+black+gt+ball+pen HTTP/1.1" 301 - "https://akaventures.com.au/?y=5392755071940&mod=da960bb5&uri=article.php%3Fid%3D180035-270%26name%3Dparker+classic+matte+black+gt+ball+pen" "Mozilla/5.0 (Windows NT 10.0; Win64; x64) AppleWebKit/537.36 (KHTML, like Gecko) Chrome/114.0.0.0 Safari/537.36 Edg/114.0.1823.43"
47.82.11.99 - - [21/Jul/2025:20:00:50 +0000] "GET /?y=5392755071940&mod=da960bb5&uri=article.php?id%3D180035-270%26name%3Dparker%20classic%20matte%20black%20gt%20ball%20pen HTTP/1.1" 301 - "https://akaventures.com.au/?y=5392755071940&mod=da960bb5&uri=article.php%3Fid%3D180035-270%26name%3Dparker+classic+matte+black+gt+ball+pen" "Mozilla/5.0 (Windows NT 10.0; Win64; x64) AppleWebKit/537.36 (KHTML, like Gecko) Chrome/114.0.0.0 Safari/537.36 Edg/114.0.1823.43"
209.74.77.214 - - [21/Jul/2025:20:12:32 +0000] "POST /wp-cron.php?doing_wp_cron=1753128752.0815548896789550781250 HTTP/1.1" 200 - "-" "WordPress/6.8.2; https://akaventures.com.au"
47.82.11.95 - - [21/Jul/2025:20:12:30 +0000] "GET /?y=5398395001940&mod=da960bb5&uri=category-info.php?id%3D180223-270%26name%3Dgrey+fineliner+pen HTTP/1.1" 301 - "https://akaventures.com.au/?y=5398395001940&mod=da960bb5&uri=category-info.php%3Fid%3D180223-270%26name%3Dgrey+fineliner+pen" "Mozilla/5.0 (Windows NT 10.0; Win64; x64) AppleWebKit/537.36 (KHTML, like Gecko) Chrome/114.0.0.0 Safari/537.36 Edg/114.0.1823.43"
47.82.11.95 - - [21/Jul/2025:20:12:32 +0000] "GET /?y=5398395001940&mod=da960bb5&uri=category-info.php?id%3D180223-270%26name%3Dgrey%20fineliner%20pen HTTP/1.1" 301 - "https://akaventures.com.au/?y=5398395001940&mod=da960bb5&uri=category-info.php%3Fid%3D180223-270%26name%3Dgrey+fineliner+pen" "Mozilla/5.0 (Windows NT 10.0; Win64; x64) AppleWebKit/537.36 (KHTML, like Gecko) Chrome/114.0.0.0 Safari/537.36 Edg/114.0.1823.43"
209.74.77.214 - - [21/Jul/2025:20:12:47 +0000] "POST /wp-cron.php?doing_wp_cron=1753128767.0665819644927978515625 HTTP/1.1" 200 - "-" "WordPress/6.8.2; https://akaventures.com.au"
47.82.11.98 - - [21/Jul/2025:20:12:46 +0000] "GET /?y=5358372001940&mod=7d0bbf7a&uri=products.php?id%3D178888-322%26name%3Dbest+slimline+dishwasher+2019 HTTP/1.1" 301 - "https://akaventures.com.au/?y=5358372001940&mod=7d0bbf7a&uri=products.php%3Fid%3D178888-322%26name%3Dbest+slimline+dishwasher+2019" "Mozilla/5.0 (Windows NT 10.0; Win64; x64) AppleWebKit/537.36 (KHTML, like Gecko) Chrome/114.0.0.0 Safari/537.36 Edg/114.0.1823.43"
47.82.11.98 - - [21/Jul/2025:20:12:47 +0000] "GET /?y=5358372001940&mod=7d0bbf7a&uri=products.php?id%3D178888-322%26name%3Dbest%20slimline%20dishwasher%202019 HTTP/1.1" 301 - "https://akaventures.com.au/?y=5358372001940&mod=7d0bbf7a&uri=products.php%3Fid%3D178888-322%26name%3Dbest+slimline+dishwasher+2019" "Mozilla/5.0 (Windows NT 10.0; Win64; x64) AppleWebKit/537.36 (KHTML, like Gecko) Chrome/114.0.0.0 Safari/537.36 Edg/114.0.1823.43"
45.227.253.15 - - [21/Jul/2025:20:14:04 +0000] "GET /?of=1 HTTP/1.1" 200 7899 "-" "Mozilla/5.0 (iPhone; CPU iPhone OS 13_5_1 like Mac OS X) AppleWebKit/605.1.15 (KHTML, like Gecko) Version/13.1.1 Mobile/15E148 Safari/604.1"
45.227.253.15 - - [21/Jul/2025:20:20:18 +0000] "GET /index.php/jk HTTP/1.1" 200 59 "-" "Mozilla/5.0 (Windows NT 6.2; WOW64) AppleWebKit/535.24 (KHTML, like Gecko) Chrome/82.0.1055.1 Safari/535.24"
209.74.77.214 - - [21/Jul/2025:20:20:56 +0000] "POST /wp-cron.php?doing_wp_cron=1753129256.8423368930816650390625 HTTP/1.1" 200 - "-" "WordPress/6.8.2; https://akaventures.com.au"
47.82.11.4 - - [21/Jul/2025:20:20:54 +0000] "GET /?y=5730621061940&mod=ed6e6434&uri=blog.php?id%3D191372-334%26name%3Dlaw+and+order+svu+and+chicago+pd+crossover HTTP/1.1" 301 - "https://akaventures.com.au/?y=5730621061940&mod=ed6e6434&uri=blog.php%3Fid%3D191372-334%26name%3Dlaw+and+order+svu+and+chicago+pd+crossover" "Mozilla/5.0 (Windows NT 10.0; Win64; x64) AppleWebKit/537.36 (KHTML, like Gecko) Chrome/114.0.0.0 Safari/537.36 Edg/114.0.1823.43"
47.82.11.4 - - [21/Jul/2025:20:20:57 +0000] "GET /?y=5730621061940&mod=ed6e6434&uri=blog.php?id%3D191372-334%26name%3Dlaw%20and%20order%20svu%20and%20chicago%20pd%20crossover HTTP/1.1" 301 - "https://akaventures.com.au/?y=5730621061940&mod=ed6e6434&uri=blog.php%3Fid%3D191372-334%26name%3Dlaw+and+order+svu+and+chicago+pd+crossover" "Mozilla/5.0 (Windows NT 10.0; Win64; x64) AppleWebKit/537.36 (KHTML, like Gecko) Chrome/114.0.0.0 Safari/537.36 Edg/114.0.1823.43"
209.74.77.214 - - [21/Jul/2025:20:21:22 +0000] "POST /wp-cron.php?doing_wp_cron=1753129282.5934360027313232421875 HTTP/1.1" 200 - "-" "WordPress/6.8.2; https://akaventures.com.au"
47.82.11.86 - - [21/Jul/2025:20:21:22 +0000] "GET /?y=5353302031940&mod=7d0bbf7a&uri=pin.php?id%3D178719-322%26name%3Dkenmore+ultra+wash+portable+dishwasher HTTP/1.1" 301 - "https://akaventures.com.au/?y=5353302031940&mod=7d0bbf7a&uri=pin.php%3Fid%3D178719-322%26name%3Dkenmore+ultra+wash+portable+dishwasher" "Mozilla/5.0 (Windows NT 10.0; Win64; x64) AppleWebKit/537.36 (KHTML, like Gecko) Chrome/114.0.0.0 Safari/537.36 Edg/114.0.1823.43"
47.82.11.86 - - [21/Jul/2025:20:21:22 +0000] "GET /?y=5353302031940&mod=7d0bbf7a&uri=pin.php?id%3D178719-322%26name%3Dkenmore%20ultra%20wash%20portable%20dishwasher HTTP/1.1" 301 - "https://akaventures.com.au/?y=5353302031940&mod=7d0bbf7a&uri=pin.php%3Fid%3D178719-322%26name%3Dkenmore+ultra+wash+portable+dishwasher" "Mozilla/5.0 (Windows NT 10.0; Win64; x64) AppleWebKit/537.36 (KHTML, like Gecko) Chrome/114.0.0.0 Safari/537.36 Edg/114.0.1823.43"
47.82.11.84 - - [21/Jul/2025:20:21:34 +0000] "GET /?y=5588225041940&mod=576de785&uri=us.php?id%3D186556-330%26name%3Ddifference+between+ecobee+smart+sensor+and+room+sensor HTTP/1.1" 301 - "https://akaventures.com.au/?y=5588225041940&mod=576de785&uri=us.php%3Fid%3D186556-330%26name%3Ddifference+between+ecobee+smart+sensor+and+room+sensor" "Mozilla/5.0 (Windows NT 10.0; Win64; x64) AppleWebKit/537.36 (KHTML, like Gecko) Chrome/114.0.0.0 Safari/537.36 Edg/114.0.1823.43"
47.82.11.84 - - [21/Jul/2025:20:21:35 +0000] "GET /?y=5588225041940&mod=576de785&uri=us.php?id%3D186556-330%26name%3Ddifference%20between%20ecobee%20smart%20sensor%20and%20room%20sensor HTTP/1.1" 301 - "https://akaventures.com.au/?y=5588225041940&mod=576de785&uri=us.php%3Fid%3D186556-330%26name%3Ddifference+between+ecobee+smart+sensor+and+room+sensor" "Mozilla/5.0 (Windows NT 10.0; Win64; x64) AppleWebKit/537.36 (KHTML, like Gecko) Chrome/114.0.0.0 Safari/537.36 Edg/114.0.1823.43"
209.74.77.214 - - [21/Jul/2025:20:22:31 +0000] "POST /wp-cron.php?doing_wp_cron=1753129351.0536730289459228515625 HTTP/1.1" 200 - "-" "WordPress/6.8.2; https://akaventures.com.au"
47.82.11.98 - - [21/Jul/2025:20:22:29 +0000] "GET /?y=5385255081940&mod=01bfa6f2&uri=pin.php?id%3D179785-321%26name%3Dhusky+red+wolf+mix HTTP/1.1" 301 - "https://akaventures.com.au/?y=5385255081940&mod=01bfa6f2&uri=pin.php%3Fid%3D179785-321%26name%3Dhusky+red+wolf+mix" "Mozilla/5.0 (Windows NT 10.0; Win64; x64) AppleWebKit/537.36 (KHTML, like Gecko) Chrome/114.0.0.0 Safari/537.36 Edg/114.0.1823.43"
47.82.11.98 - - [21/Jul/2025:20:22:31 +0000] "GET /?y=5385255081940&mod=01bfa6f2&uri=pin.php?id%3D179785-321%26name%3Dhusky%20red%20wolf%20mix HTTP/1.1" 301 - "https://akaventures.com.au/?y=5385255081940&mod=01bfa6f2&uri=pin.php%3Fid%3D179785-321%26name%3Dhusky+red+wolf+mix" "Mozilla/5.0 (Windows NT 10.0; Win64; x64) AppleWebKit/537.36 (KHTML, like Gecko) Chrome/114.0.0.0 Safari/537.36 Edg/114.0.1823.43"
209.74.77.214 - - [21/Jul/2025:20:23:00 +0000] "POST /wp-cron.php?doing_wp_cron=1753129380.1753370761871337890625 HTTP/1.1" 200 - "-" "WordPress/6.8.2; https://akaventures.com.au"
47.82.11.70 - - [21/Jul/2025:20:22:59 +0000] "GET /?y=35578938001940&mod=86fe37cd&uri=shared.php?id%3D1187488-113%26name%3Dtienda+pumas+guadalajara HTTP/1.1" 301 - "https://akaventures.com.au/?y=35578938001940&mod=86fe37cd&uri=shared.php%3Fid%3D1187488-113%26name%3Dtienda+pumas+guadalajara" "Mozilla/5.0 (Windows NT 10.0; Win64; x64) AppleWebKit/537.36 (KHTML, like Gecko) Chrome/114.0.0.0 Safari/537.36 Edg/114.0.1823.43"
47.82.11.70 - - [21/Jul/2025:20:23:00 +0000] "GET /?y=35578938001940&mod=86fe37cd&uri=shared.php?id%3D1187488-113%26name%3Dtienda%20pumas%20guadalajara HTTP/1.1" 301 - "https://akaventures.com.au/?y=35578938001940&mod=86fe37cd&uri=shared.php%3Fid%3D1187488-113%26name%3Dtienda+pumas+guadalajara" "Mozilla/5.0 (Windows NT 10.0; Win64; x64) AppleWebKit/537.36 (KHTML, like Gecko) Chrome/114.0.0.0 Safari/537.36 Edg/114.0.1823.43"
209.74.77.214 - - [21/Jul/2025:20:28:37 +0000] "POST /wp-cron.php?doing_wp_cron=1753129717.4828939437866210937500 HTTP/1.1" 200 - "-" "WordPress/6.8.2; https://akaventures.com.au"
205.210.31.122 - - [21/Jul/2025:20:28:36 +0000] "GET / HTTP/1.1" 200 21885 "-" "\"Xpanse-bot"
205.210.31.122 - - [21/Jul/2025:20:28:38 +0000] "GET /services/ HTTP/1.1" 404 - "-" "\"Xpanse-bot"
205.210.31.122 - - [21/Jul/2025:20:28:39 +0000] "GET /privacy-policy/ HTTP/1.1" 404 - "-" "\"Xpanse-bot"
205.210.31.122 - - [21/Jul/2025:20:28:39 +0000] "GET /contact HTTP/1.1" 404 - "-" "\"Xpanse-bot"
205.210.31.122 - - [21/Jul/2025:20:28:40 +0000] "GET /products HTTP/1.1" 404 - "-" "\"Xpanse-bot"
205.210.31.122 - - [21/Jul/2025:20:28:41 +0000] "GET /about HTTP/1.1" 404 - "-" "\"Xpanse-bot"
205.210.31.122 - - [21/Jul/2025:20:28:41 +0000] "GET /contact/ HTTP/1.1" 404 - "-" "\"Xpanse-bot"
209.74.77.214 - - [21/Jul/2025:20:28:42 +0000] "POST /wp-cron.php?doing_wp_cron=1753129722.0828990936279296875000 HTTP/1.1" 200 - "-" "WordPress/6.8.2; https://akaventures.com.au"
205.210.31.122 - - [21/Jul/2025:20:28:41 +0000] "GET / HTTP/1.1" 200 21885 "-" "\"Xpanse-bot"
205.210.31.122 - - [21/Jul/2025:20:28:42 +0000] "GET /quote/ HTTP/1.1" 404 - "-" "\"Xpanse-bot"
205.210.31.122 - - [21/Jul/2025:20:28:43 +0000] "GET /testimonials/ HTTP/1.1" 404 - "-" "\"Xpanse-bot"
34.123.170.104 - - [21/Jul/2025:20:28:48 +0000] "GET / HTTP/1.1" 200 21885 "-" "Mozilla/5.0 (X11; Linux x86_64) AppleWebKit/537.36 (KHTML, like Gecko) HeadlessChrome/117.0.5938.132 Safari/537.36"
34.123.170.104 - - [21/Jul/2025:20:28:48 +0000] "GET /wp-includes/css/dashicons.min.css?ver=6.8.2 HTTP/1.1" 200 35730 "https://akaventures.com.au/" "Mozilla/5.0 (X11; Linux x86_64) AppleWebKit/537.36 (KHTML, like Gecko) HeadlessChrome/117.0.5938.132 Safari/537.36"
34.123.170.104 - - [21/Jul/2025:20:28:48 +0000] "GET /wp-content/plugins/leadconnector/public/css/lc-public.css?ver=3.0.10.1 HTTP/1.1" 200 106 "https://akaventures.com.au/" "Mozilla/5.0 (X11; Linux x86_64) AppleWebKit/537.36 (KHTML, like Gecko) HeadlessChrome/117.0.5938.132 Safari/537.36"
34.123.170.104 - - [21/Jul/2025:20:28:48 +0000] "GET /wp-content/plugins/metform/public/assets/lib/cute-alert/style.css?ver=4.0.2 HTTP/1.1" 200 1225 "https://akaventures.com.au/" "Mozilla/5.0 (X11; Linux x86_64) AppleWebKit/537.36 (KHTML, like Gecko) HeadlessChrome/117.0.5938.132 Safari/537.36"
34.123.170.104 - - [21/Jul/2025:20:28:48 +0000] "GET /wp-content/themes/hello-elementor/assets/css/reset.css?ver=3.4.4 HTTP/1.1" 200 1792 "https://akaventures.com.au/" "Mozilla/5.0 (X11; Linux x86_64) AppleWebKit/537.36 (KHTML, like Gecko) HeadlessChrome/117.0.5938.132 Safari/537.36"
34.123.170.104 - - [21/Jul/2025:20:28:48 +0000] "GET /wp-content/plugins/metform/public/assets/css/text-editor.css?ver=4.0.2 HTTP/1.1" 200 3545 "https://akaventures.com.au/" "Mozilla/5.0 (X11; Linux x86_64) AppleWebKit/537.36 (KHTML, like Gecko) HeadlessChrome/117.0.5938.132 Safari/537.36"
34.123.170.104 - - [21/Jul/2025:20:28:48 +0000] "GET /wp-content/themes/hello-elementor/assets/css/theme.css?ver=3.4.4 HTTP/1.1" 200 1271 "https://akaventures.com.au/" "Mozilla/5.0 (X11; Linux x86_64) AppleWebKit/537.36 (KHTML, like Gecko) HeadlessChrome/117.0.5938.132 Safari/537.36"
34.123.170.104 - - [21/Jul/2025:20:28:48 +0000] "GET /wp-content/themes/hello-elementor/assets/css/header-footer.css?ver=3.4.4 HTTP/1.1" 200 1423 "https://akaventures.com.au/" "Mozilla/5.0 (X11; Linux x86_64) AppleWebKit/537.36 (KHTML, like Gecko) HeadlessChrome/117.0.5938.132 Safari/537.36"
34.123.170.104 - - [21/Jul/2025:20:28:48 +0000] "GET /wp-content/plugins/elementor/assets/css/frontend.min.css?ver=3.30.2 HTTP/1.1" 200 7117 "https://akaventures.com.au/" "Mozilla/5.0 (X11; Linux x86_64) AppleWebKit/537.36 (KHTML, like Gecko) HeadlessChrome/117.0.5938.132 Safari/537.36"
34.123.170.104 - - [21/Jul/2025:20:28:48 +0000] "GET /wp-content/uploads/elementor/css/post-15.css?ver=1752379116 HTTP/1.1" 200 1695 "https://akaventures.com.au/" "Mozilla/5.0 (X11; Linux x86_64) AppleWebKit/537.36 (KHTML, like Gecko) HeadlessChrome/117.0.5938.132 Safari/537.36"
34.123.170.104 - - [21/Jul/2025:20:28:48 +0000] "GET /wp-content/plugins/elementor/assets/css/widget-image.min.css?ver=3.30.2 HTTP/1.1" 200 164 "https://akaventures.com.au/" "Mozilla/5.0 (X11; Linux x86_64) AppleWebKit/537.36 (KHTML, like Gecko) HeadlessChrome/117.0.5938.132 Safari/537.36"
