34.123.170.104 - - [21/Jul/2025:20:28:48 +0000] "GET /wp-content/plugins/metform/public/assets/css/style.css?ver=4.0.2 HTTP/1.1" 200 4763 "https://akaventures.com.au/" "Mozilla/5.0 (X11; Linux x86_64) AppleWebKit/537.36 (KHTML, like Gecko) HeadlessChrome/117.0.5938.132 Safari/537.36"
34.123.170.104 - - [21/Jul/2025:20:28:48 +0000] "GET /wp-content/plugins/elementor/assets/css/widget-heading.min.css?ver=3.30.2 HTTP/1.1" 200 188 "https://akaventures.com.au/" "Mozilla/5.0 (X11; Linux x86_64) AppleWebKit/537.36 (KHTML, like Gecko) HeadlessChrome/117.0.5938.132 Safari/537.36"
34.123.170.104 - - [21/Jul/2025:20:28:48 +0000] "GET /wp-content/plugins/metform/public/assets/css/metform-ui.css?ver=4.0.2 HTTP/1.1" 200 15416 "https://akaventures.com.au/" "Mozilla/5.0 (X11; Linux x86_64) AppleWebKit/537.36 (KHTML, like Gecko) HeadlessChrome/117.0.5938.132 Safari/537.36"
34.123.170.104 - - [21/Jul/2025:20:28:48 +0000] "GET /wp-content/plugins/elementor/assets/css/widget-icon-list.min.css?ver=3.30.2 HTTP/1.1" 200 1069 "https://akaventures.com.au/" "Mozilla/5.0 (X11; Linux x86_64) AppleWebKit/537.36 (KHTML, like Gecko) HeadlessChrome/117.0.5938.132 Safari/537.36"
34.123.170.104 - - [21/Jul/2025:20:28:48 +0000] "GET /wp-content/plugins/elementor/assets/lib/animations/styles/e-animation-float.min.css?ver=3.30.2 HTTP/1.1" 200 139 "https://akaventures.com.au/" "Mozilla/5.0 (X11; Linux x86_64) AppleWebKit/537.36 (KHTML, like Gecko) HeadlessChrome/117.0.5938.132 Safari/537.36"
34.123.170.104 - - [21/Jul/2025:20:28:48 +0000] "GET /wp-content/plugins/elementor/assets/lib/animations/styles/fadeIn.min.css?ver=3.30.2 HTTP/1.1" 200 79 "https://akaventures.com.au/" "Mozilla/5.0 (X11; Linux x86_64) AppleWebKit/537.36 (KHTML, like Gecko) HeadlessChrome/117.0.5938.132 Safari/537.36"
34.123.170.104 - - [21/Jul/2025:20:28:48 +0000] "GET /wp-content/plugins/elementor/assets/css/widget-social-icons.min.css?ver=3.30.2 HTTP/1.1" 200 1170 "https://akaventures.com.au/" "Mozilla/5.0 (X11; Linux x86_64) AppleWebKit/537.36 (KHTML, like Gecko) HeadlessChrome/117.0.5938.132 Safari/537.36"
34.123.170.104 - - [21/Jul/2025:20:28:48 +0000] "GET /wp-content/plugins/elementor/assets/css/widget-divider.min.css?ver=3.30.2 HTTP/1.1" 200 771 "https://akaventures.com.au/" "Mozilla/5.0 (X11; Linux x86_64) AppleWebKit/537.36 (KHTML, like Gecko) HeadlessChrome/117.0.5938.132 Safari/537.36"
34.123.170.104 - - [21/Jul/2025:20:28:48 +0000] "GET /wp-content/plugins/elementor/assets/css/conditionals/apple-webkit.min.css?ver=3.30.2 HTTP/1.1" 200 557 "https://akaventures.com.au/" "Mozilla/5.0 (X11; Linux x86_64) AppleWebKit/537.36 (KHTML, like Gecko) HeadlessChrome/117.0.5938.132 Safari/537.36"
34.123.170.104 - - [21/Jul/2025:20:28:48 +0000] "GET /wp-content/plugins/elementor/assets/lib/animations/styles/e-animation-bob.min.css?ver=3.30.2 HTTP/1.1" 200 236 "https://akaventures.com.au/" "Mozilla/5.0 (X11; Linux x86_64) AppleWebKit/537.36 (KHTML, like Gecko) HeadlessChrome/117.0.5938.132 Safari/537.36"
34.123.170.104 - - [21/Jul/2025:20:28:48 +0000] "GET /wp-content/plugins/elementor/assets/css/widget-image-box.min.css?ver=3.30.2 HTTP/1.1" 200 379 "https://akaventures.com.au/" "Mozilla/5.0 (X11; Linux x86_64) AppleWebKit/537.36 (KHTML, like Gecko) HeadlessChrome/117.0.5938.132 Safari/537.36"
34.123.170.104 - - [21/Jul/2025:20:28:48 +0000] "GET /wp-content/plugins/elementor/assets/lib/animations/styles/fadeInUp.min.css?ver=3.30.2 HTTP/1.1" 200 117 "https://akaventures.com.au/" "Mozilla/5.0 (X11; Linux x86_64) AppleWebKit/537.36 (KHTML, like Gecko) HeadlessChrome/117.0.5938.132 Safari/537.36"
34.123.170.104 - - [21/Jul/2025:20:28:49 +0000] "GET /wp-content/plugins/elementor/assets/lib/animations/styles/fadeInRight.min.css?ver=3.30.2 HTTP/1.1" 200 120 "https://akaventures.com.au/" "Mozilla/5.0 (X11; Linux x86_64) AppleWebKit/537.36 (KHTML, like Gecko) HeadlessChrome/117.0.5938.132 Safari/537.36"
34.123.170.104 - - [21/Jul/2025:20:28:49 +0000] "GET /wp-content/plugins/elementor/assets/lib/animations/styles/fadeInLeft.min.css?ver=3.30.2 HTTP/1.1" 200 120 "https://akaventures.com.au/" "Mozilla/5.0 (X11; Linux x86_64) AppleWebKit/537.36 (KHTML, like Gecko) HeadlessChrome/117.0.5938.132 Safari/537.36"
34.123.170.104 - - [21/Jul/2025:20:28:49 +0000] "GET /wp-content/plugins/elementor/assets/lib/animations/styles/e-animation-shrink.min.css?ver=3.30.2 HTTP/1.1" 200 118 "https://akaventures.com.au/" "Mozilla/5.0 (X11; Linux x86_64) AppleWebKit/537.36 (KHTML, like Gecko) HeadlessChrome/117.0.5938.132 Safari/537.36"
34.123.170.104 - - [21/Jul/2025:20:28:49 +0000] "GET /wp-content/plugins/elementor/assets/css/widget-google_maps.min.css?ver=3.30.2 HTTP/1.1" 200 163 "https://akaventures.com.au/" "Mozilla/5.0 (X11; Linux x86_64) AppleWebKit/537.36 (KHTML, like Gecko) HeadlessChrome/117.0.5938.132 Safari/537.36"
34.123.170.104 - - [21/Jul/2025:20:28:49 +0000] "GET /wp-content/plugins/elementor/assets/css/widget-testimonial.min.css?ver=3.30.2 HTTP/1.1" 200 378 "https://akaventures.com.au/" "Mozilla/5.0 (X11; Linux x86_64) AppleWebKit/537.36 (KHTML, like Gecko) HeadlessChrome/117.0.5938.132 Safari/537.36"
34.123.170.104 - - [21/Jul/2025:20:28:49 +0000] "GET /wp-content/uploads/elementor/css/post-119.css?ver=1752379116 HTTP/1.1" 200 9581 "https://akaventures.com.au/" "Mozilla/5.0 (X11; Linux x86_64) AppleWebKit/537.36 (KHTML, like Gecko) HeadlessChrome/117.0.5938.132 Safari/537.36"
34.123.170.104 - - [21/Jul/2025:20:28:49 +0000] "GET /wp-content/uploads/elementor/css/post-121.css?ver=1752379116 HTTP/1.1" 200 1704 "https://akaventures.com.au/" "Mozilla/5.0 (X11; Linux x86_64) AppleWebKit/537.36 (KHTML, like Gecko) HeadlessChrome/117.0.5938.132 Safari/537.36"
34.123.170.104 - - [21/Jul/2025:20:28:49 +0000] "GET /wp-content/uploads/elementor/css/post-123.css?ver=1752379116 HTTP/1.1" 200 1988 "https://akaventures.com.au/" "Mozilla/5.0 (X11; Linux x86_64) AppleWebKit/537.36 (KHTML, like Gecko) HeadlessChrome/117.0.5938.132 Safari/537.36"
34.123.170.104 - - [21/Jul/2025:20:28:49 +0000] "GET /wp-content/plugins/elementskit-lite/widgets/init/assets/css/widget-styles.css?ver=3.5.5 HTTP/1.1" 200 51548 "https://akaventures.com.au/" "Mozilla/5.0 (X11; Linux x86_64) AppleWebKit/537.36 (KHTML, like Gecko) HeadlessChrome/117.0.5938.132 Safari/537.36"
34.123.170.104 - - [21/Jul/2025:20:28:49 +0000] "GET /wp-content/plugins/elementskit-lite/widgets/init/assets/css/responsive.css?ver=3.5.5 HTTP/1.1" 200 3161 "https://akaventures.com.au/" "Mozilla/5.0 (X11; Linux x86_64) AppleWebKit/537.36 (KHTML, like Gecko) HeadlessChrome/117.0.5938.132 Safari/537.36"
34.123.170.104 - - [21/Jul/2025:20:28:49 +0000] "GET /wp-content/uploads/elementor/google-fonts/css/playfairdisplay.css?ver=1742274537 HTTP/1.1" 200 816 "https://akaventures.com.au/" "Mozilla/5.0 (X11; Linux x86_64) AppleWebKit/537.36 (KHTML, like Gecko) HeadlessChrome/117.0.5938.132 Safari/537.36"
34.123.170.104 - - [21/Jul/2025:20:28:49 +0000] "GET /wp-content/uploads/elementor/google-fonts/css/barlow.css?ver=1742274543 HTTP/1.1" 200 901 "https://akaventures.com.au/" "Mozilla/5.0 (X11; Linux x86_64) AppleWebKit/537.36 (KHTML, like Gecko) HeadlessChrome/117.0.5938.132 Safari/537.36"
34.123.170.104 - - [21/Jul/2025:20:28:49 +0000] "GET /wp-content/uploads/elementor/google-fonts/css/roboto.css?ver=1742274564 HTTP/1.1" 200 2868 "https://akaventures.com.au/" "Mozilla/5.0 (X11; Linux x86_64) AppleWebKit/537.36 (KHTML, like Gecko) HeadlessChrome/117.0.5938.132 Safari/537.36"
34.123.170.104 - - [21/Jul/2025:20:28:49 +0000] "GET /wp-content/uploads/elementor/google-fonts/css/dmserifdisplay.css?ver=1742317692 HTTP/1.1" 200 455 "https://akaventures.com.au/" "Mozilla/5.0 (X11; Linux x86_64) AppleWebKit/537.36 (KHTML, like Gecko) HeadlessChrome/117.0.5938.132 Safari/537.36"
34.123.170.104 - - [21/Jul/2025:20:28:49 +0000] "GET /wp-includes/js/jquery/jquery-migrate.min.js?ver=3.4.1 HTTP/1.1" 200 4872 "https://akaventures.com.au/" "Mozilla/5.0 (X11; Linux x86_64) AppleWebKit/537.36 (KHTML, like Gecko) HeadlessChrome/117.0.5938.132 Safari/537.36"
34.123.170.104 - - [21/Jul/2025:20:28:49 +0000] "GET /wp-includes/js/jquery/jquery.min.js?ver=3.7.1 HTTP/1.1" 200 30368 "https://akaventures.com.au/" "Mozilla/5.0 (X11; Linux x86_64) AppleWebKit/537.36 (KHTML, like Gecko) HeadlessChrome/117.0.5938.132 Safari/537.36"
34.123.170.104 - - [21/Jul/2025:20:28:49 +0000] "GET /wp-content/plugins/leadconnector/public/js/lc-public.js?ver=3.0.10.1 HTTP/1.1" 200 1322 "https://akaventures.com.au/" "Mozilla/5.0 (X11; Linux x86_64) AppleWebKit/537.36 (KHTML, like Gecko) HeadlessChrome/117.0.5938.132 Safari/537.36"
34.123.170.104 - - [21/Jul/2025:20:28:49 +0000] "GET /wp-content/plugins/elementor/assets/lib/font-awesome/css/v4-shims.min.css?ver=3.30.2 HTTP/1.1" 200 4229 "https://akaventures.com.au/" "Mozilla/5.0 (X11; Linux x86_64) AppleWebKit/537.36 (KHTML, like Gecko) HeadlessChrome/117.0.5938.132 Safari/537.36"
34.123.170.104 - - [21/Jul/2025:20:28:49 +0000] "GET /wp-content/plugins/elementor/assets/lib/font-awesome/css/all.min.css?ver=3.30.2 HTTP/1.1" 200 12869 "https://akaventures.com.au/" "Mozilla/5.0 (X11; Linux x86_64) AppleWebKit/537.36 (KHTML, like Gecko) HeadlessChrome/117.0.5938.132 Safari/537.36"
34.123.170.104 - - [21/Jul/2025:20:28:49 +0000] "GET /wp-content/uploads/2024/11/banner-left-shape.jpg HTTP/1.1" 200 37741 "https://akaventures.com.au/wp-content/uploads/elementor/css/post-119.css?ver=1752379116" "Mozilla/5.0 (X11; Linux x86_64) AppleWebKit/537.36 (KHTML, like Gecko) HeadlessChrome/117.0.5938.132 Safari/537.36"
34.123.170.104 - - [21/Jul/2025:20:28:49 +0000] "GET /wp-content/uploads/elementor/google-fonts/fonts/barlow-7chpv4kjgogqm7e_dms5.woff2 HTTP/1.1" 200 21167 "https://akaventures.com.au/wp-content/uploads/elementor/google-fonts/css/barlow.css?ver=1742274543" "Mozilla/5.0 (X11; Linux x86_64) AppleWebKit/537.36 (KHTML, like Gecko) HeadlessChrome/117.0.5938.132 Safari/537.36"
34.123.170.104 - - [21/Jul/2025:20:28:49 +0000] "GET /wp-content/uploads/2024/12/dferUntitled-design.jpg HTTP/1.1" 200 80041 "https://akaventures.com.au/" "Mozilla/5.0 (X11; Linux x86_64) AppleWebKit/537.36 (KHTML, like Gecko) HeadlessChrome/117.0.5938.132 Safari/537.36"
34.123.170.104 - - [21/Jul/2025:20:28:49 +0000] "GET /wp-content/uploads/elementor/google-fonts/fonts/playfairdisplay-nufid-vyszvivyub_rj3ij__anpxdtzyga.woff2 HTTP/1.1" 200 38289 "https://akaventures.com.au/wp-content/uploads/elementor/google-fonts/css/playfairdisplay.css?ver=1742274537" "Mozilla/5.0 (X11; Linux x86_64) AppleWebKit/537.36 (KHTML, like Gecko) HeadlessChrome/117.0.5938.132 Safari/537.36"
34.123.170.104 - - [21/Jul/2025:20:28:49 +0000] "GET /wp-content/uploads/elementor/google-fonts/fonts/barlow-7chqv4kjgogqm7e3_-gs51os.woff2 HTTP/1.1" 200 20983 "https://akaventures.com.au/wp-content/uploads/elementor/google-fonts/css/barlow.css?ver=1742274543" "Mozilla/5.0 (X11; Linux x86_64) AppleWebKit/537.36 (KHTML, like Gecko) HeadlessChrome/117.0.5938.132 Safari/537.36"
34.123.170.104 - - [21/Jul/2025:20:28:49 +0000] "GET /wp-content/uploads/elementor/google-fonts/fonts/barlow-7chqv4kjgogqm7e3p-ks51os.woff2 HTTP/1.1" 200 21015 "https://akaventures.com.au/wp-content/uploads/elementor/google-fonts/css/barlow.css?ver=1742274543" "Mozilla/5.0 (X11; Linux x86_64) AppleWebKit/537.36 (KHTML, like Gecko) HeadlessChrome/117.0.5938.132 Safari/537.36"
34.123.170.104 - - [21/Jul/2025:20:28:49 +0000] "GET /wp-content/uploads/elementor/google-fonts/fonts/roboto-kfo7cnqeu92fr1me7ksn66agldtyluama3yuba.woff2 HTTP/1.1" 200 40156 "https://akaventures.com.au/wp-content/uploads/elementor/google-fonts/css/roboto.css?ver=1742274564" "Mozilla/5.0 (X11; Linux x86_64) AppleWebKit/537.36 (KHTML, like Gecko) HeadlessChrome/117.0.5938.132 Safari/537.36"
34.123.170.104 - - [21/Jul/2025:20:28:49 +0000] "GET /wp-content/uploads/2024/11/yjgyUntitled-design.png HTTP/1.1" 200 7017 "https://akaventures.com.au/" "Mozilla/5.0 (X11; Linux x86_64) AppleWebKit/537.36 (KHTML, like Gecko) HeadlessChrome/117.0.5938.132 Safari/537.36"
34.123.170.104 - - [21/Jul/2025:20:28:49 +0000] "GET /wp-content/uploads/2024/11/servicres-design-element.png HTTP/1.1" 200 5581 "https://akaventures.com.au/" "Mozilla/5.0 (X11; Linux x86_64) AppleWebKit/537.36 (KHTML, like Gecko) HeadlessChrome/117.0.5938.132 Safari/537.36"
34.123.170.104 - - [21/Jul/2025:20:28:49 +0000] "GET /wp-content/uploads/2024/11/Deformed-Bars.png HTTP/1.1" 200 74355 "https://akaventures.com.au/" "Mozilla/5.0 (X11; Linux x86_64) AppleWebKit/537.36 (KHTML, like Gecko) HeadlessChrome/117.0.5938.132 Safari/537.36"
34.123.170.104 - - [21/Jul/2025:20:28:49 +0000] "GET /wp-content/plugins/elementskit-lite/modules/elementskit-icon-pack/assets/css/ekiticons.css?ver=3.5.5 HTTP/1.1" 200 13134 "https://akaventures.com.au/" "Mozilla/5.0 (X11; Linux x86_64) AppleWebKit/537.36 (KHTML, like Gecko) HeadlessChrome/117.0.5938.132 Safari/537.36"
34.123.170.104 - - [21/Jul/2025:20:28:49 +0000] "GET /wp-content/plugins/metform/public/assets/lib/cute-alert/cute-alert.js?ver=4.0.2 HTTP/1.1" 200 1177 "https://akaventures.com.au/" "Mozilla/5.0 (X11; Linux x86_64) AppleWebKit/537.36 (KHTML, like Gecko) HeadlessChrome/117.0.5938.132 Safari/537.36"
34.123.170.104 - - [21/Jul/2025:20:28:49 +0000] "GET /wp-content/themes/hello-elementor/assets/js/hello-frontend.js?ver=3.4.4 HTTP/1.1" 200 553 "https://akaventures.com.au/" "Mozilla/5.0 (X11; Linux x86_64) AppleWebKit/537.36 (KHTML, like Gecko) HeadlessChrome/117.0.5938.132 Safari/537.36"
34.123.170.104 - - [21/Jul/2025:20:28:49 +0000] "GET /wp-content/plugins/elementor/assets/js/webpack.runtime.min.js?ver=3.30.2 HTTP/1.1" 200 2516 "https://akaventures.com.au/" "Mozilla/5.0 (X11; Linux x86_64) AppleWebKit/537.36 (KHTML, like Gecko) HeadlessChrome/117.0.5938.132 Safari/537.36"
34.123.170.104 - - [21/Jul/2025:20:28:49 +0000] "GET /wp-content/plugins/elementor/assets/js/frontend-modules.min.js?ver=3.30.2 HTTP/1.1" 200 14815 "https://akaventures.com.au/" "Mozilla/5.0 (X11; Linux x86_64) AppleWebKit/537.36 (KHTML, like Gecko) HeadlessChrome/117.0.5938.132 Safari/537.36"
34.123.170.104 - - [21/Jul/2025:20:28:49 +0000] "GET /wp-content/plugins/elementskit-lite/modules/elementskit-icon-pack/assets/fonts/elementskit.woff?y24e1e HTTP/1.1" 200 251549 "https://akaventures.com.au/wp-content/plugins/elementskit-lite/modules/elementskit-icon-pack/assets/css/ekiticons.css?ver=3.5.5" "Mozilla/5.0 (X11; Linux x86_64) AppleWebKit/537.36 (KHTML, like Gecko) HeadlessChrome/117.0.5938.132 Safari/537.36"
34.123.170.104 - - [21/Jul/2025:20:28:49 +0000] "GET /wp-includes/js/jquery/ui/core.min.js?ver=1.13.3 HTTP/1.1" 200 7106 "https://akaventures.com.au/" "Mozilla/5.0 (X11; Linux x86_64) AppleWebKit/537.36 (KHTML, like Gecko) HeadlessChrome/117.0.5938.132 Safari/537.36"
34.123.170.104 - - [21/Jul/2025:20:28:49 +0000] "GET /wp-content/plugins/elementor/assets/js/frontend.min.js?ver=3.30.2 HTTP/1.1" 200 10595 "https://akaventures.com.au/" "Mozilla/5.0 (X11; Linux x86_64) AppleWebKit/537.36 (KHTML, like Gecko) HeadlessChrome/117.0.5938.132 Safari/537.36"
34.123.170.104 - - [21/Jul/2025:20:28:50 +0000] "GET /wp-content/plugins/metform/public/assets/js/htm.js?ver=4.0.2 HTTP/1.1" 200 675 "https://akaventures.com.au/" "Mozilla/5.0 (X11; Linux x86_64) AppleWebKit/537.36 (KHTML, like Gecko) HeadlessChrome/117.0.5938.132 Safari/537.36"
34.123.170.104 - - [21/Jul/2025:20:28:50 +0000] "GET /wp-includes/js/dist/vendor/react.min.js?ver=18.3.1.1 HTTP/1.1" 200 4165 "https://akaventures.com.au/" "Mozilla/5.0 (X11; Linux x86_64) AppleWebKit/537.36 (KHTML, like Gecko) HeadlessChrome/117.0.5938.132 Safari/537.36"
34.123.170.104 - - [21/Jul/2025:20:28:50 +0000] "GET /wp-includes/js/dist/vendor/react-dom.min.js?ver=18.3.1.1 HTTP/1.1" 200 41888 "https://akaventures.com.au/" "Mozilla/5.0 (X11; Linux x86_64) AppleWebKit/537.36 (KHTML, like Gecko) HeadlessChrome/117.0.5938.132 Safari/537.36"
34.123.170.104 - - [21/Jul/2025:20:28:50 +0000] "GET /wp-includes/js/dist/escape-html.min.js?ver=6561a406d2d232a6fbd2 HTTP/1.1" 200 532 "https://akaventures.com.au/" "Mozilla/5.0 (X11; Linux x86_64) AppleWebKit/537.36 (KHTML, like Gecko) HeadlessChrome/117.0.5938.132 Safari/537.36"
34.123.170.104 - - [21/Jul/2025:20:28:50 +0000] "GET /wp-includes/js/dist/element.min.js?ver=a4eeeadd23c0d7ab1d2d HTTP/1.1" 200 4937 "https://akaventures.com.au/" "Mozilla/5.0 (X11; Linux x86_64) AppleWebKit/537.36 (KHTML, like Gecko) HeadlessChrome/117.0.5938.132 Safari/537.36"
34.123.170.104 - - [21/Jul/2025:20:28:50 +0000] "GET /wp-content/plugins/elementskit-lite/libs/framework/assets/js/frontend-script.js?ver=3.5.5 HTTP/1.1" 200 40 "https://akaventures.com.au/" "Mozilla/5.0 (X11; Linux x86_64) AppleWebKit/537.36 (KHTML, like Gecko) HeadlessChrome/117.0.5938.132 Safari/537.36"
34.123.170.104 - - [21/Jul/2025:20:28:50 +0000] "GET /wp-content/plugins/elementskit-lite/widgets/init/assets/js/widget-scripts.js?ver=3.5.5 HTTP/1.1" 200 41596 "https://akaventures.com.au/" "Mozilla/5.0 (X11; Linux x86_64) AppleWebKit/537.36 (KHTML, like Gecko) HeadlessChrome/117.0.5938.132 Safari/537.36"
34.123.170.104 - - [21/Jul/2025:20:28:50 +0000] "GET /wp-content/plugins/metform/public/assets/js/app.js?ver=4.0.2 HTTP/1.1" 200 160764 "https://akaventures.com.au/" "Mozilla/5.0 (X11; Linux x86_64) AppleWebKit/537.36 (KHTML, like Gecko) HeadlessChrome/117.0.5938.132 Safari/537.36"
34.123.170.104 - - [21/Jul/2025:20:28:50 +0000] "GET /wp-content/plugins/elementor/assets/lib/font-awesome/js/v4-shims.min.js?ver=3.30.2 HTTP/1.1" 200 4209 "https://akaventures.com.au/" "Mozilla/5.0 (X11; Linux x86_64) AppleWebKit/537.36 (KHTML, like Gecko) HeadlessChrome/117.0.5938.132 Safari/537.36"
34.123.170.104 - - [21/Jul/2025:20:28:50 +0000] "GET /wp-content/plugins/elementor-pro/assets/js/webpack-pro.runtime.min.js?ver=3.28.3 HTTP/1.1" 200 2858 "https://akaventures.com.au/" "Mozilla/5.0 (X11; Linux x86_64) AppleWebKit/537.36 (KHTML, like Gecko) HeadlessChrome/117.0.5938.132 Safari/537.36"
34.123.170.104 - - [21/Jul/2025:20:28:50 +0000] "GET /wp-includes/js/dist/hooks.min.js?ver=4d63a3d491d11ffd8ac6 HTTP/1.1" 200 1648 "https://akaventures.com.au/" "Mozilla/5.0 (X11; Linux x86_64) AppleWebKit/537.36 (KHTML, like Gecko) HeadlessChrome/117.0.5938.132 Safari/537.36"
34.123.170.104 - - [21/Jul/2025:20:28:50 +0000] "GET /wp-includes/js/dist/i18n.min.js?ver=5e580eb46a90c2b997e6 HTTP/1.1" 200 3667 "https://akaventures.com.au/" "Mozilla/5.0 (X11; Linux x86_64) AppleWebKit/537.36 (KHTML, like Gecko) HeadlessChrome/117.0.5938.132 Safari/537.36"
34.123.170.104 - - [21/Jul/2025:20:28:50 +0000] "GET /wp-content/plugins/elementor-pro/assets/js/frontend.min.js?ver=3.28.3 HTTP/1.1" 200 6510 "https://akaventures.com.au/" "Mozilla/5.0 (X11; Linux x86_64) AppleWebKit/537.36 (KHTML, like Gecko) HeadlessChrome/117.0.5938.132 Safari/537.36"
34.123.170.104 - - [21/Jul/2025:20:28:50 +0000] "GET /wp-content/plugins/elementor-pro/assets/js/elements-handlers.min.js?ver=3.28.3 HTTP/1.1" 200 10701 "https://akaventures.com.au/" "Mozilla/5.0 (X11; Linux x86_64) AppleWebKit/537.36 (KHTML, like Gecko) HeadlessChrome/117.0.5938.132 Safari/537.36"
34.123.170.104 - - [21/Jul/2025:20:28:50 +0000] "GET /wp-content/plugins/elementskit-lite/widgets/init/assets/js/animate-circle.min.js?ver=3.5.5 HTTP/1.1" 200 451 "https://akaventures.com.au/" "Mozilla/5.0 (X11; Linux x86_64) AppleWebKit/537.36 (KHTML, like Gecko) HeadlessChrome/117.0.5938.132 Safari/537.36"
34.123.170.104 - - [21/Jul/2025:20:28:50 +0000] "GET /wp-content/uploads/2024/11/LOGO-1.png HTTP/1.1" 200 5055 "https://akaventures.com.au/" "Mozilla/5.0 (X11; Linux x86_64) AppleWebKit/537.36 (KHTML, like Gecko) HeadlessChrome/117.0.5938.132 Safari/537.36"
34.123.170.104 - - [21/Jul/2025:20:28:50 +0000] "GET /wp-content/plugins/elementskit-lite/widgets/init/assets/js/elementor.js?ver=3.5.5 HTTP/1.1" 200 5600 "https://akaventures.com.au/" "Mozilla/5.0 (X11; Linux x86_64) AppleWebKit/537.36 (KHTML, like Gecko) HeadlessChrome/117.0.5938.132 Safari/537.36"
34.123.170.104 - - [21/Jul/2025:20:28:50 +0000] "GET /wp-content/uploads/2024/11/AB_high_strength_concrete_mock-up-copy.webp HTTP/1.1" 200 21619 "https://akaventures.com.au/" "Mozilla/5.0 (X11; Linux x86_64) AppleWebKit/537.36 (KHTML, like Gecko) HeadlessChrome/117.0.5938.132 Safari/537.36"
34.123.170.104 - - [21/Jul/2025:20:28:50 +0000] "GET /wp-content/uploads/2024/11/about-usbackground-rectangle.png HTTP/1.1" 200 210 "https://akaventures.com.au/wp-content/uploads/elementor/css/post-119.css?ver=1752379116" "Mozilla/5.0 (X11; Linux x86_64) AppleWebKit/537.36 (KHTML, like Gecko) HeadlessChrome/117.0.5938.132 Safari/537.36"
34.123.170.104 - - [21/Jul/2025:20:28:50 +0000] "GET /wp-content/uploads/2024/11/work-design.png HTTP/1.1" 200 10148 "https://akaventures.com.au/wp-content/uploads/elementor/css/post-119.css?ver=1752379116" "Mozilla/5.0 (X11; Linux x86_64) AppleWebKit/537.36 (KHTML, like Gecko) HeadlessChrome/117.0.5938.132 Safari/537.36"
34.123.170.104 - - [21/Jul/2025:20:28:50 +0000] "GET /wp-content/uploads/2024/11/about-us-design-elemenent.png HTTP/1.1" 200 37399 "https://akaventures.com.au/wp-content/uploads/elementor/css/post-119.css?ver=1752379116" "Mozilla/5.0 (X11; Linux x86_64) AppleWebKit/537.36 (KHTML, like Gecko) HeadlessChrome/117.0.5938.132 Safari/537.36"
34.123.170.104 - - [21/Jul/2025:20:28:50 +0000] "GET /wp-content/uploads/2024/11/banner-image-2.png HTTP/1.1" 200 136273 "https://akaventures.com.au/" "Mozilla/5.0 (X11; Linux x86_64) AppleWebKit/537.36 (KHTML, like Gecko) HeadlessChrome/117.0.5938.132 Safari/537.36"
34.123.170.104 - - [21/Jul/2025:20:28:50 +0000] "GET /wp-content/plugins/elementor/assets/lib/font-awesome/webfonts/fa-solid-900.woff2 HTTP/1.1" 200 78099 "https://akaventures.com.au/wp-content/plugins/elementor/assets/lib/font-awesome/css/all.min.css?ver=3.30.2" "Mozilla/5.0 (X11; Linux x86_64) AppleWebKit/537.36 (KHTML, like Gecko) HeadlessChrome/117.0.5938.132 Safari/537.36"
34.123.170.104 - - [21/Jul/2025:20:28:50 +0000] "POST /wp-json/metform/v1/forms/views/1876 HTTP/1.1" 404 - "https://akaventures.com.au/" "Mozilla/5.0 (X11; Linux x86_64) AppleWebKit/537.36 (KHTML, like Gecko) HeadlessChrome/117.0.5938.132 Safari/537.36"
34.123.170.104 - - [21/Jul/2025:20:28:50 +0000] "GET /wp-content/uploads/2024/11/get-started-right-design-element.png HTTP/1.1" 200 7296 "https://akaventures.com.au/wp-content/uploads/elementor/css/post-119.css?ver=1752379116" "Mozilla/5.0 (X11; Linux x86_64) AppleWebKit/537.36 (KHTML, like Gecko) HeadlessChrome/117.0.5938.132 Safari/537.36"
34.123.170.104 - - [21/Jul/2025:20:28:50 +0000] "GET /wp-content/uploads/2024/11/get-started-left-design-element.png HTTP/1.1" 200 7051 "https://akaventures.com.au/wp-content/uploads/elementor/css/post-119.css?ver=1752379116" "Mozilla/5.0 (X11; Linux x86_64) AppleWebKit/537.36 (KHTML, like Gecko) HeadlessChrome/117.0.5938.132 Safari/537.36"
34.123.170.104 - - [21/Jul/2025:20:28:50 +0000] "GET /wp-content/uploads/2024/11/footer-background.png HTTP/1.1" 200 27939 "https://akaventures.com.au/wp-content/uploads/elementor/css/post-123.css?ver=1752379116" "Mozilla/5.0 (X11; Linux x86_64) AppleWebKit/537.36 (KHTML, like Gecko) HeadlessChrome/117.0.5938.132 Safari/537.36"
34.123.170.104 - - [21/Jul/2025:20:28:50 +0000] "GET /wp-content/uploads/2024/11/about-us-right-image.png HTTP/1.1" 200 157875 "https://akaventures.com.au/" "Mozilla/5.0 (X11; Linux x86_64) AppleWebKit/537.36 (KHTML, like Gecko) HeadlessChrome/117.0.5938.132 Safari/537.36"
34.123.170.104 - - [21/Jul/2025:20:28:50 +0000] "GET /wp-content/uploads/2024/11/work-process.jpg HTTP/1.1" 200 73312 "https://akaventures.com.au/" "Mozilla/5.0 (X11; Linux x86_64) AppleWebKit/537.36 (KHTML, like Gecko) HeadlessChrome/117.0.5938.132 Safari/537.36"
34.123.170.104 - - [21/Jul/2025:20:28:50 +0000] "GET /wp-content/uploads/2024/11/iuyUntitled-design.png HTTP/1.1" 200 127232 "https://akaventures.com.au/" "Mozilla/5.0 (X11; Linux x86_64) AppleWebKit/537.36 (KHTML, like Gecko) HeadlessChrome/117.0.5938.132 Safari/537.36"
34.123.170.104 - - [21/Jul/2025:20:28:50 +0000] "GET /wp-content/uploads/2024/11/dotted-line.jpg HTTP/1.1" 200 1804 "https://akaventures.com.au/" "Mozilla/5.0 (X11; Linux x86_64) AppleWebKit/537.36 (KHTML, like Gecko) HeadlessChrome/117.0.5938.132 Safari/537.36"
34.123.170.104 - - [21/Jul/2025:20:28:50 +0000] "GET /wp-includes/js/wp-emoji-release.min.js?ver=6.8.2 HTTP/1.1" 200 5163 "https://akaventures.com.au/" "Mozilla/5.0 (X11; Linux x86_64) AppleWebKit/537.36 (KHTML, like Gecko) HeadlessChrome/117.0.5938.132 Safari/537.36"
34.123.170.104 - - [21/Jul/2025:20:28:50 +0000] "GET /wp-content/plugins/elementor/assets/js/section-frontend-handlers.d85ab872da118940910d.bundle.min.js HTTP/1.1" 200 297 "https://akaventures.com.au/" "Mozilla/5.0 (X11; Linux x86_64) AppleWebKit/537.36 (KHTML, like Gecko) HeadlessChrome/117.0.5938.132 Safari/537.36"
34.123.170.104 - - [21/Jul/2025:20:28:50 +0000] "GET /wp-content/plugins/elementor/assets/js/shared-frontend-handlers.30dc2f9c080845a413a6.bundle.min.js HTTP/1.1" 200 2682 "https://akaventures.com.au/" "Mozilla/5.0 (X11; Linux x86_64) AppleWebKit/537.36 (KHTML, like Gecko) HeadlessChrome/117.0.5938.132 Safari/537.36"
34.123.170.104 - - [21/Jul/2025:20:28:50 +0000] "GET /wp-content/plugins/elementor/assets/js/text-editor.c084ef86600b6f11690d.bundle.min.js HTTP/1.1" 200 685 "https://akaventures.com.au/" "Mozilla/5.0 (X11; Linux x86_64) AppleWebKit/537.36 (KHTML, like Gecko) HeadlessChrome/117.0.5938.132 Safari/537.36"
104.197.69.115 - - [21/Jul/2025:20:28:54 +0000] "GET / HTTP/1.1" 200 21885 "-" "Mozilla/5.0 (Macintosh; Intel Mac OS X 10_15_4) AppleWebKit/537.36 (KHTML, like Gecko) Chrome/83.0.4103.97 Safari/537.36"
104.197.69.115 - - [21/Jul/2025:20:28:54 +0000] "GET /wp-includes/js/jquery/jquery.min.js?ver=3.7.1 HTTP/1.1" 200 30368 "https://akaventures.com.au/" "Mozilla/5.0 (Macintosh; Intel Mac OS X 10_15_4) AppleWebKit/537.36 (KHTML, like Gecko) Chrome/83.0.4103.97 Safari/537.36"
104.197.69.115 - - [21/Jul/2025:20:28:54 +0000] "GET /wp-includes/js/jquery/jquery-migrate.min.js?ver=3.4.1 HTTP/1.1" 200 4872 "https://akaventures.com.au/" "Mozilla/5.0 (Macintosh; Intel Mac OS X 10_15_4) AppleWebKit/537.36 (KHTML, like Gecko) Chrome/83.0.4103.97 Safari/537.36"
34.72.176.129 - - [21/Jul/2025:20:28:54 +0000] "GET /wp-content/plugins/leadconnector/public/js/lc-public.js?ver=3.0.10.1 HTTP/1.1" 200 1322 "https://akaventures.com.au/" "Mozilla/5.0 (Macintosh; Intel Mac OS X 10_15_4) AppleWebKit/537.36 (KHTML, like Gecko) Chrome/83.0.4103.97 Safari/537.36"
34.72.176.129 - - [21/Jul/2025:20:28:54 +0000] "GET /wp-content/plugins/metform/public/assets/lib/cute-alert/cute-alert.js?ver=4.0.2 HTTP/1.1" 200 1177 "https://akaventures.com.au/" "Mozilla/5.0 (Macintosh; Intel Mac OS X 10_15_4) AppleWebKit/537.36 (KHTML, like Gecko) Chrome/83.0.4103.97 Safari/537.36"
104.197.69.115 - - [21/Jul/2025:20:28:54 +0000] "GET /wp-content/themes/hello-elementor/assets/js/hello-frontend.js?ver=3.4.4 HTTP/1.1" 200 553 "https://akaventures.com.au/" "Mozilla/5.0 (Macintosh; Intel Mac OS X 10_15_4) AppleWebKit/537.36 (KHTML, like Gecko) Chrome/83.0.4103.97 Safari/537.36"
34.72.176.129 - - [21/Jul/2025:20:28:54 +0000] "GET /wp-content/plugins/elementor/assets/js/webpack.runtime.min.js?ver=3.30.2 HTTP/1.1" 200 2516 "https://akaventures.com.au/" "Mozilla/5.0 (Macintosh; Intel Mac OS X 10_15_4) AppleWebKit/537.36 (KHTML, like Gecko) Chrome/83.0.4103.97 Safari/537.36"
104.197.69.115 - - [21/Jul/2025:20:28:54 +0000] "GET /wp-content/plugins/elementor/assets/js/frontend-modules.min.js?ver=3.30.2 HTTP/1.1" 200 14815 "https://akaventures.com.au/" "Mozilla/5.0 (Macintosh; Intel Mac OS X 10_15_4) AppleWebKit/537.36 (KHTML, like Gecko) Chrome/83.0.4103.97 Safari/537.36"
34.122.147.229 - - [21/Jul/2025:20:28:54 +0000] "GET /wp-includes/js/jquery/ui/core.min.js?ver=1.13.3 HTTP/1.1" 200 7106 "https://akaventures.com.au/" "Mozilla/5.0 (Macintosh; Intel Mac OS X 10_15_4) AppleWebKit/537.36 (KHTML, like Gecko) Chrome/83.0.4103.97 Safari/537.36"
34.123.170.104 - - [21/Jul/2025:20:28:54 +0000] "GET /wp-content/plugins/elementor/assets/js/frontend.min.js?ver=3.30.2 HTTP/1.1" 200 10595 "https://akaventures.com.au/" "Mozilla/5.0 (Macintosh; Intel Mac OS X 10_15_4) AppleWebKit/537.36 (KHTML, like Gecko) Chrome/83.0.4103.97 Safari/537.36"
34.72.176.129 - - [21/Jul/2025:20:28:54 +0000] "GET /wp-content/plugins/metform/public/assets/js/htm.js?ver=4.0.2 HTTP/1.1" 200 675 "https://akaventures.com.au/" "Mozilla/5.0 (Macintosh; Intel Mac OS X 10_15_4) AppleWebKit/537.36 (KHTML, like Gecko) Chrome/83.0.4103.97 Safari/537.36"
104.197.69.115 - - [21/Jul/2025:20:28:54 +0000] "GET /wp-includes/js/dist/escape-html.min.js?ver=6561a406d2d232a6fbd2 HTTP/1.1" 200 532 "https://akaventures.com.au/" "Mozilla/5.0 (Macintosh; Intel Mac OS X 10_15_4) AppleWebKit/537.36 (KHTML, like Gecko) Chrome/83.0.4103.97 Safari/537.36"
34.123.170.104 - - [21/Jul/2025:20:28:54 +0000] "GET /wp-includes/js/dist/vendor/react.min.js?ver=18.3.1.1 HTTP/1.1" 200 4165 "https://akaventures.com.au/" "Mozilla/5.0 (Macintosh; Intel Mac OS X 10_15_4) AppleWebKit/537.36 (KHTML, like Gecko) Chrome/83.0.4103.97 Safari/537.36"
104.197.69.115 - - [21/Jul/2025:20:28:54 +0000] "GET /wp-includes/js/dist/vendor/react-dom.min.js?ver=18.3.1.1 HTTP/1.1" 200 41888 "https://akaventures.com.au/" "Mozilla/5.0 (Macintosh; Intel Mac OS X 10_15_4) AppleWebKit/537.36 (KHTML, like Gecko) Chrome/83.0.4103.97 Safari/537.36"
34.122.147.229 - - [21/Jul/2025:20:28:54 +0000] "GET /wp-includes/js/dist/element.min.js?ver=a4eeeadd23c0d7ab1d2d HTTP/1.1" 200 4937 "https://akaventures.com.au/" "Mozilla/5.0 (Macintosh; Intel Mac OS X 10_15_4) AppleWebKit/537.36 (KHTML, like Gecko) Chrome/83.0.4103.97 Safari/537.36"
34.123.170.104 - - [21/Jul/2025:20:28:54 +0000] "GET /wp-content/plugins/elementor/assets/lib/font-awesome/js/v4-shims.min.js?ver=3.30.2 HTTP/1.1" 200 4209 "https://akaventures.com.au/" "Mozilla/5.0 (Macintosh; Intel Mac OS X 10_15_4) AppleWebKit/537.36 (KHTML, like Gecko) Chrome/83.0.4103.97 Safari/537.36"
104.197.69.115 - - [21/Jul/2025:20:28:54 +0000] "GET /wp-content/plugins/elementskit-lite/libs/framework/assets/js/frontend-script.js?ver=3.5.5 HTTP/1.1" 200 40 "https://akaventures.com.au/" "Mozilla/5.0 (Macintosh; Intel Mac OS X 10_15_4) AppleWebKit/537.36 (KHTML, like Gecko) Chrome/83.0.4103.97 Safari/537.36"
34.72.176.129 - - [21/Jul/2025:20:28:54 +0000] "GET /wp-content/plugins/elementskit-lite/widgets/init/assets/js/widget-scripts.js?ver=3.5.5 HTTP/1.1" 200 41596 "https://akaventures.com.au/" "Mozilla/5.0 (Macintosh; Intel Mac OS X 10_15_4) AppleWebKit/537.36 (KHTML, like Gecko) Chrome/83.0.4103.97 Safari/537.36"
34.122.147.229 - - [21/Jul/2025:20:28:55 +0000] "GET /wp-content/plugins/elementor-pro/assets/js/webpack-pro.runtime.min.js?ver=3.28.3 HTTP/1.1" 200 2858 "https://akaventures.com.au/" "Mozilla/5.0 (Macintosh; Intel Mac OS X 10_15_4) AppleWebKit/537.36 (KHTML, like Gecko) Chrome/83.0.4103.97 Safari/537.36"
104.197.69.115 - - [21/Jul/2025:20:28:55 +0000] "GET /wp-includes/js/dist/i18n.min.js?ver=5e580eb46a90c2b997e6 HTTP/1.1" 200 3667 "https://akaventures.com.au/" "Mozilla/5.0 (Macintosh; Intel Mac OS X 10_15_4) AppleWebKit/537.36 (KHTML, like Gecko) Chrome/83.0.4103.97 Safari/537.36"
34.123.170.104 - - [21/Jul/2025:20:28:55 +0000] "GET /wp-includes/js/dist/hooks.min.js?ver=4d63a3d491d11ffd8ac6 HTTP/1.1" 200 1648 "https://akaventures.com.au/" "Mozilla/5.0 (Macintosh; Intel Mac OS X 10_15_4) AppleWebKit/537.36 (KHTML, like Gecko) Chrome/83.0.4103.97 Safari/537.36"
34.122.147.229 - - [21/Jul/2025:20:28:55 +0000] "GET /wp-content/plugins/elementor-pro/assets/js/frontend.min.js?ver=3.28.3 HTTP/1.1" 200 6510 "https://akaventures.com.au/" "Mozilla/5.0 (Macintosh; Intel Mac OS X 10_15_4) AppleWebKit/537.36 (KHTML, like Gecko) Chrome/83.0.4103.97 Safari/537.36"
104.197.69.115 - - [21/Jul/2025:20:28:55 +0000] "GET /wp-content/plugins/elementor-pro/assets/js/elements-handlers.min.js?ver=3.28.3 HTTP/1.1" 200 10701 "https://akaventures.com.au/" "Mozilla/5.0 (Macintosh; Intel Mac OS X 10_15_4) AppleWebKit/537.36 (KHTML, like Gecko) Chrome/83.0.4103.97 Safari/537.36"
34.123.170.104 - - [21/Jul/2025:20:28:54 +0000] "GET /wp-content/plugins/metform/public/assets/js/app.js?ver=4.0.2 HTTP/1.1" 200 160764 "https://akaventures.com.au/" "Mozilla/5.0 (Macintosh; Intel Mac OS X 10_15_4) AppleWebKit/537.36 (KHTML, like Gecko) Chrome/83.0.4103.97 Safari/537.36"
104.197.69.115 - - [21/Jul/2025:20:28:55 +0000] "GET /wp-content/plugins/elementskit-lite/widgets/init/assets/js/elementor.js?ver=3.5.5 HTTP/1.1" 200 5600 "https://akaventures.com.au/" "Mozilla/5.0 (Macintosh; Intel Mac OS X 10_15_4) AppleWebKit/537.36 (KHTML, like Gecko) Chrome/83.0.4103.97 Safari/537.36"
34.123.170.104 - - [21/Jul/2025:20:28:55 +0000] "GET /wp-content/plugins/elementskit-lite/widgets/init/assets/js/animate-circle.min.js?ver=3.5.5 HTTP/1.1" 200 451 "https://akaventures.com.au/" "Mozilla/5.0 (Macintosh; Intel Mac OS X 10_15_4) AppleWebKit/537.36 (KHTML, like Gecko) Chrome/83.0.4103.97 Safari/537.36"
34.123.170.104 - - [21/Jul/2025:20:28:55 +0000] "GET /wp-includes/js/wp-emoji-release.min.js?ver=6.8.2 HTTP/1.1" 200 5163 "https://akaventures.com.au/" "Mozilla/5.0 (Macintosh; Intel Mac OS X 10_15_4) AppleWebKit/537.36 (KHTML, like Gecko) Chrome/83.0.4103.97 Safari/537.36"
34.72.176.129 - - [21/Jul/2025:20:28:56 +0000] "GET /wp-content/plugins/elementor/assets/js/text-editor.c084ef86600b6f11690d.bundle.min.js HTTP/1.1" 200 685 "https://akaventures.com.au/" "Mozilla/5.0 (Macintosh; Intel Mac OS X 10_15_4) AppleWebKit/537.36 (KHTML, like Gecko) Chrome/83.0.4103.97 Safari/537.36"
104.197.69.115 - - [21/Jul/2025:20:28:56 +0000] "GET /wp-content/plugins/elementor/assets/js/shared-frontend-handlers.30dc2f9c080845a413a6.bundle.min.js HTTP/1.1" 200 2682 "https://akaventures.com.au/" "Mozilla/5.0 (Macintosh; Intel Mac OS X 10_15_4) AppleWebKit/537.36 (KHTML, like Gecko) Chrome/83.0.4103.97 Safari/537.36"
34.123.170.104 - - [21/Jul/2025:20:28:56 +0000] "GET /wp-content/plugins/elementor/assets/js/section-frontend-handlers.d85ab872da118940910d.bundle.min.js HTTP/1.1" 200 297 "https://akaventures.com.au/" "Mozilla/5.0 (Macintosh; Intel Mac OS X 10_15_4) AppleWebKit/537.36 (KHTML, like Gecko) Chrome/83.0.4103.97 Safari/537.36"
209.74.77.214 - - [21/Jul/2025:20:31:25 +0000] "POST /wp-cron.php?doing_wp_cron=1753129885.6260030269622802734375 HTTP/1.1" 200 - "-" "WordPress/6.8.2; https://akaventures.com.au"
47.82.11.45 - - [21/Jul/2025:20:31:24 +0000] "GET /?y=5860450001940&mod=68b7007a&uri=shop.php?id%3D195704-341%26name%3Dmasajes+ayurvedicos+barcelona HTTP/1.1" 301 - "https://akaventures.com.au/?y=5860450001940&mod=68b7007a&uri=shop.php%3Fid%3D195704-341%26name%3Dmasajes+ayurvedicos+barcelona" "Mozilla/5.0 (Windows NT 10.0; Win64; x64) AppleWebKit/537.36 (KHTML, like Gecko) Chrome/114.0.0.0 Safari/537.36 Edg/114.0.1823.43"
47.82.11.45 - - [21/Jul/2025:20:31:25 +0000] "GET /?y=5860450001940&mod=68b7007a&uri=shop.php?id%3D195704-341%26name%3Dmasajes%20ayurvedicos%20barcelona HTTP/1.1" 301 - "https://akaventures.com.au/?y=5860450001940&mod=68b7007a&uri=shop.php%3Fid%3D195704-341%26name%3Dmasajes+ayurvedicos+barcelona" "Mozilla/5.0 (Windows NT 10.0; Win64; x64) AppleWebKit/537.36 (KHTML, like Gecko) Chrome/114.0.0.0 Safari/537.36 Edg/114.0.1823.43"
209.74.77.214 - - [21/Jul/2025:20:40:02 +0000] "POST /wp-cron.php?doing_wp_cron=1753130402.3275499343872070312500 HTTP/1.1" 200 - "-" "WordPress/6.8.2; https://akaventures.com.au"
180.163.220.45 - - [21/Jul/2025:20:39:56 +0000] "GET / HTTP/1.1" 301 - "-" "Mozilla/5.0 (Macintosh; Intel Mac OS X 10_15_7) AppleWebKit/537.36 (KHTML, like Gecko) Chrome/120.0.0.0 Safari/537.36 Edg/120.0.0.0"
180.163.220.41 - - [21/Jul/2025:20:40:13 +0000] "GET /favicon.ico HTTP/1.1" 404 - "-" "Mozilla/5.0 (Macintosh; Intel Mac OS X 10_7_0) AppleWebKit/535.11 (KHTML, like Gecko) Chrome/17.0.963.56 Safari/535.11"
180.163.220.112 - - [21/Jul/2025:20:40:18 +0000] "GET /robots.txt HTTP/1.1" 200 97 "-" "Mozilla/5.0 (Macintosh; Intel Mac OS X 10_7_0) AppleWebKit/535.11 (KHTML, like Gecko) Chrome/17.0.963.56 Safari/535.11"
180.163.220.45 - - [21/Jul/2025:20:40:23 +0000] "GET /sitemap.xml HTTP/1.1" 404 - "-" "Mozilla/5.0 (Macintosh; Intel Mac OS X 10_7_0) AppleWebKit/535.11 (KHTML, like Gecko) Chrome/17.0.963.56 Safari/535.11"
209.74.77.214 - - [21/Jul/2025:20:41:00 +0000] "POST /wp-cron.php?doing_wp_cron=1753130460.2597711086273193359375 HTTP/1.1" 200 - "-" "WordPress/6.8.2; https://akaventures.com.au"
47.82.11.26 - - [21/Jul/2025:20:40:58 +0000] "GET /?y=5362062071940&mod=7d0bbf7a&uri=form.php?id%3D179011-322%26name%3Dmiele+dishwasher+g4203sc HTTP/1.1" 301 - "https://akaventures.com.au/?y=5362062071940&mod=7d0bbf7a&uri=form.php%3Fid%3D179011-322%26name%3Dmiele+dishwasher+g4203sc" "Mozilla/5.0 (Windows NT 10.0; Win64; x64) AppleWebKit/537.36 (KHTML, like Gecko) Chrome/114.0.0.0 Safari/537.36 Edg/114.0.1823.43"
47.82.11.26 - - [21/Jul/2025:20:41:00 +0000] "GET /?y=5362062071940&mod=7d0bbf7a&uri=form.php?id%3D179011-322%26name%3Dmiele%20dishwasher%20g4203sc HTTP/1.1" 301 - "https://akaventures.com.au/?y=5362062071940&mod=7d0bbf7a&uri=form.php%3Fid%3D179011-322%26name%3Dmiele+dishwasher+g4203sc" "Mozilla/5.0 (Windows NT 10.0; Win64; x64) AppleWebKit/537.36 (KHTML, like Gecko) Chrome/114.0.0.0 Safari/537.36 Edg/114.0.1823.43"
209.74.77.214 - - [21/Jul/2025:20:41:14 +0000] "POST /wp-cron.php?doing_wp_cron=1753130474.3700890541076660156250 HTTP/1.1" 200 - "-" "WordPress/6.8.2; https://akaventures.com.au"
47.82.11.10 - - [21/Jul/2025:20:41:14 +0000] "GET /?y=5834454101940&mod=16755a59&uri=dp.php?id%3D194837-339%26name%3Dadidas+usa+soccer+zapatillas HTTP/1.1" 301 - "https://akaventures.com.au/?y=5834454101940&mod=16755a59&uri=dp.php%3Fid%3D194837-339%26name%3Dadidas+usa+soccer+zapatillas" "Mozilla/5.0 (Windows NT 10.0; Win64; x64) AppleWebKit/537.36 (KHTML, like Gecko) Chrome/114.0.0.0 Safari/537.36 Edg/114.0.1823.43"
47.82.11.10 - - [21/Jul/2025:20:41:14 +0000] "GET /?y=5834454101940&mod=16755a59&uri=dp.php?id%3D194837-339%26name%3Dadidas%20usa%20soccer%20zapatillas HTTP/1.1" 301 - "https://akaventures.com.au/?y=5834454101940&mod=16755a59&uri=dp.php%3Fid%3D194837-339%26name%3Dadidas+usa+soccer+zapatillas" "Mozilla/5.0 (Windows NT 10.0; Win64; x64) AppleWebKit/537.36 (KHTML, like Gecko) Chrome/114.0.0.0 Safari/537.36 Edg/114.0.1823.43"
47.82.11.43 - - [21/Jul/2025:20:41:15 +0000] "GET /?y=5683590031940&mod=7467fc45&uri=category-info.php?id%3D189774-88%26name%3Dcamel+float HTTP/1.1" 301 - "https://akaventures.com.au/?y=5683590031940&mod=7467fc45&uri=category-info.php%3Fid%3D189774-88%26name%3Dcamel+float" "Mozilla/5.0 (Windows NT 10.0; Win64; x64) AppleWebKit/537.36 (KHTML, like Gecko) Chrome/114.0.0.0 Safari/537.36 Edg/114.0.1823.43"
47.82.11.43 - - [21/Jul/2025:20:41:16 +0000] "GET /?y=5683590031940&mod=7467fc45&uri=category-info.php?id%3D189774-88%26name%3Dcamel%20float HTTP/1.1" 301 - "https://akaventures.com.au/?y=5683590031940&mod=7467fc45&uri=category-info.php%3Fid%3D189774-88%26name%3Dcamel+float" "Mozilla/5.0 (Windows NT 10.0; Win64; x64) AppleWebKit/537.36 (KHTML, like Gecko) Chrome/114.0.0.0 Safari/537.36 Edg/114.0.1823.43"
47.82.11.41 - - [21/Jul/2025:20:41:28 +0000] "GET /?y=5528314051940&mod=20877bef&uri=dp.php?id%3D184557-310%26name%3Dborderlands+nvidia HTTP/1.1" 301 - "https://akaventures.com.au/?y=5528314051940&mod=20877bef&uri=dp.php%3Fid%3D184557-310%26name%3Dborderlands+nvidia" "Mozilla/5.0 (Windows NT 10.0; Win64; x64) AppleWebKit/537.36 (KHTML, like Gecko) Chrome/114.0.0.0 Safari/537.36 Edg/114.0.1823.43"
47.82.11.41 - - [21/Jul/2025:20:41:29 +0000] "GET /?y=5528314051940&mod=20877bef&uri=dp.php?id%3D184557-310%26name%3Dborderlands%20nvidia HTTP/1.1" 301 - "https://akaventures.com.au/?y=5528314051940&mod=20877bef&uri=dp.php%3Fid%3D184557-310%26name%3Dborderlands+nvidia" "Mozilla/5.0 (Windows NT 10.0; Win64; x64) AppleWebKit/537.36 (KHTML, like Gecko) Chrome/114.0.0.0 Safari/537.36 Edg/114.0.1823.43"
209.74.77.214 - - [21/Jul/2025:20:43:12 +0000] "POST /wp-cron.php?doing_wp_cron=1753130592.1963379383087158203125 HTTP/1.1" 200 - "-" "WordPress/6.8.2; https://akaventures.com.au"
47.82.11.39 - - [21/Jul/2025:20:43:10 +0000] "GET /?y=5602900041940&mod=f18398f8&uri=category-info.php?id%3D187053-332%26name%3Dkannada+latest+album+songs HTTP/1.1" 301 - "https://akaventures.com.au/?y=5602900041940&mod=f18398f8&uri=category-info.php%3Fid%3D187053-332%26name%3Dkannada+latest+album+songs" "Mozilla/5.0 (Windows NT 10.0; Win64; x64) AppleWebKit/537.36 (KHTML, like Gecko) Chrome/114.0.0.0 Safari/537.36 Edg/114.0.1823.43"
47.82.11.39 - - [21/Jul/2025:20:43:12 +0000] "GET /?y=5602900041940&mod=f18398f8&uri=category-info.php?id%3D187053-332%26name%3Dkannada%20latest%20album%20songs HTTP/1.1" 301 - "https://akaventures.com.au/?y=5602900041940&mod=f18398f8&uri=category-info.php%3Fid%3D187053-332%26name%3Dkannada+latest+album+songs" "Mozilla/5.0 (Windows NT 10.0; Win64; x64) AppleWebKit/537.36 (KHTML, like Gecko) Chrome/114.0.0.0 Safari/537.36 Edg/114.0.1823.43"
209.74.77.214 - - [21/Jul/2025:20:50:18 +0000] "POST /wp-cron.php?doing_wp_cron=1753131018.1802070140838623046875 HTTP/1.1" 200 - "-" "WordPress/6.8.2; https://akaventures.com.au"
47.82.11.33 - - [21/Jul/2025:20:50:16 +0000] "GET /?y=5632824021940&mod=3a9aa4b8&uri=brands.php?id%3D188076-301%26name%3Duniforme+limpieza+hogar HTTP/1.1" 301 - "https://akaventures.com.au/?y=5632824021940&mod=3a9aa4b8&uri=brands.php%3Fid%3D188076-301%26name%3Duniforme+limpieza+hogar" "Mozilla/5.0 (Windows NT 10.0; Win64; x64) AppleWebKit/537.36 (KHTML, like Gecko) Chrome/114.0.0.0 Safari/537.36 Edg/114.0.1823.43"
47.82.11.33 - - [21/Jul/2025:20:50:18 +0000] "GET /?y=5632824021940&mod=3a9aa4b8&uri=brands.php?id%3D188076-301%26name%3Duniforme%20limpieza%20hogar HTTP/1.1" 301 - "https://akaventures.com.au/?y=5632824021940&mod=3a9aa4b8&uri=brands.php%3Fid%3D188076-301%26name%3Duniforme+limpieza+hogar" "Mozilla/5.0 (Windows NT 10.0; Win64; x64) AppleWebKit/537.36 (KHTML, like Gecko) Chrome/114.0.0.0 Safari/537.36 Edg/114.0.1823.43"
209.74.77.214 - - [21/Jul/2025:20:50:55 +0000] "POST /wp-cron.php?doing_wp_cron=1753131055.0005779266357421875000 HTTP/1.1" 200 - "-" "WordPress/6.8.2; https://akaventures.com.au"
47.82.11.38 - - [21/Jul/2025:20:50:53 +0000] "GET /?y=5506834031940&mod=3c50daca&uri=category-info.php?id%3D183841-328%26name%3Dred+wings+herren+schuhe HTTP/1.1" 301 - "https://akaventures.com.au/?y=5506834031940&mod=3c50daca&uri=category-info.php%3Fid%3D183841-328%26name%3Dred+wings+herren+schuhe" "Mozilla/5.0 (Windows NT 10.0; Win64; x64) AppleWebKit/537.36 (KHTML, like Gecko) Chrome/114.0.0.0 Safari/537.36 Edg/114.0.1823.43"
47.82.11.38 - - [21/Jul/2025:20:50:55 +0000] "GET /?y=5506834031940&mod=3c50daca&uri=category-info.php?id%3D183841-328%26name%3Dred%20wings%20herren%20schuhe HTTP/1.1" 301 - "https://akaventures.com.au/?y=5506834031940&mod=3c50daca&uri=category-info.php%3Fid%3D183841-328%26name%3Dred+wings+herren+schuhe" "Mozilla/5.0 (Windows NT 10.0; Win64; x64) AppleWebKit/537.36 (KHTML, like Gecko) Chrome/114.0.0.0 Safari/537.36 Edg/114.0.1823.43"
47.82.11.31 - - [21/Jul/2025:20:50:57 +0000] "GET /?y=5360382031940&mod=01bfa6f2&uri=info.php?id%3D178955-321%26name%3Dblack+yorkie+maltese+mix HTTP/1.1" 301 - "https://akaventures.com.au/?y=5360382031940&mod=01bfa6f2&uri=info.php%3Fid%3D178955-321%26name%3Dblack+yorkie+maltese+mix" "Mozilla/5.0 (Windows NT 10.0; Win64; x64) AppleWebKit/537.36 (KHTML, like Gecko) Chrome/114.0.0.0 Safari/537.36 Edg/114.0.1823.43"
47.82.11.31 - - [21/Jul/2025:20:50:57 +0000] "GET /?y=5360382031940&mod=01bfa6f2&uri=info.php?id%3D178955-321%26name%3Dblack%20yorkie%20maltese%20mix HTTP/1.1" 301 - "https://akaventures.com.au/?y=5360382031940&mod=01bfa6f2&uri=info.php%3Fid%3D178955-321%26name%3Dblack+yorkie+maltese+mix" "Mozilla/5.0 (Windows NT 10.0; Win64; x64) AppleWebKit/537.36 (KHTML, like Gecko) Chrome/114.0.0.0 Safari/537.36 Edg/114.0.1823.43"
209.74.77.214 - - [21/Jul/2025:21:00:28 +0000] "POST /wp-cron.php?doing_wp_cron=1753131628.0096759796142578125000 HTTP/1.1" 200 - "-" "WordPress/6.8.2; https://akaventures.com.au"
47.82.11.14 - - [21/Jul/2025:21:00:25 +0000] "GET /?y=5224309101940&mod=75a380a0&uri=news.php?id%3D174415-187%26name%3Dharry+potter+book+full+book HTTP/1.1" 301 - "https://akaventures.com.au/?y=5224309101940&mod=75a380a0&uri=news.php%3Fid%3D174415-187%26name%3Dharry+potter+book+full+book" "Mozilla/5.0 (Windows NT 10.0; Win64; x64) AppleWebKit/537.36 (KHTML, like Gecko) Chrome/114.0.0.0 Safari/537.36 Edg/114.0.1823.43"
47.82.11.1 - - [21/Jul/2025:21:00:25 +0000] "GET /?y=5395095051940&mod=da960bb5&uri=search.php?id%3D180113-270%26name%3Dbest+pen+for+upsc+mains+quora HTTP/1.1" 301 - "https://akaventures.com.au/?y=5395095051940&mod=da960bb5&uri=search.php%3Fid%3D180113-270%26name%3Dbest+pen+for+upsc+mains+quora" "Mozilla/5.0 (Windows NT 10.0; Win64; x64) AppleWebKit/537.36 (KHTML, like Gecko) Chrome/114.0.0.0 Safari/537.36 Edg/114.0.1823.43"
47.82.11.1 - - [21/Jul/2025:21:00:28 +0000] "GET /?y=5395095051940&mod=da960bb5&uri=search.php?id%3D180113-270%26name%3Dbest%20pen%20for%20upsc%20mains%20quora HTTP/1.1" 301 - "https://akaventures.com.au/?y=5395095051940&mod=da960bb5&uri=search.php%3Fid%3D180113-270%26name%3Dbest+pen+for+upsc+mains+quora" "Mozilla/5.0 (Windows NT 10.0; Win64; x64) AppleWebKit/537.36 (KHTML, like Gecko) Chrome/114.0.0.0 Safari/537.36 Edg/114.0.1823.43"
47.82.11.14 - - [21/Jul/2025:21:00:28 +0000] "GET /?y=5224309101940&mod=75a380a0&uri=news.php?id%3D174415-187%26name%3Dharry%20potter%20book%20full%20book HTTP/1.1" 301 - "https://akaventures.com.au/?y=5224309101940&mod=75a380a0&uri=news.php%3Fid%3D174415-187%26name%3Dharry+potter+book+full+book" "Mozilla/5.0 (Windows NT 10.0; Win64; x64) AppleWebKit/537.36 (KHTML, like Gecko) Chrome/114.0.0.0 Safari/537.36 Edg/114.0.1823.43"
209.74.77.214 - - [21/Jul/2025:21:01:36 +0000] "POST /wp-cron.php?doing_wp_cron=1753131696.2425799369812011718750 HTTP/1.1" 200 - "-" "WordPress/6.8.2; https://akaventures.com.au"
47.82.11.45 - - [21/Jul/2025:21:01:34 +0000] "GET /?y=5730181071940&mod=ed6e6434&uri=article.php?id%3D191357-334%26name%3Dschool+2017+eng+sub HTTP/1.1" 301 - "https://akaventures.com.au/?y=5730181071940&mod=ed6e6434&uri=article.php%3Fid%3D191357-334%26name%3Dschool+2017+eng+sub" "Mozilla/5.0 (Windows NT 10.0; Win64; x64) AppleWebKit/537.36 (KHTML, like Gecko) Chrome/114.0.0.0 Safari/537.36 Edg/114.0.1823.43"
47.82.11.45 - - [21/Jul/2025:21:01:36 +0000] "GET /?y=5730181071940&mod=ed6e6434&uri=article.php?id%3D191357-334%26name%3Dschool%202017%20eng%20sub HTTP/1.1" 301 - "https://akaventures.com.au/?y=5730181071940&mod=ed6e6434&uri=article.php%3Fid%3D191357-334%26name%3Dschool+2017+eng+sub" "Mozilla/5.0 (Windows NT 10.0; Win64; x64) AppleWebKit/537.36 (KHTML, like Gecko) Chrome/114.0.0.0 Safari/537.36 Edg/114.0.1823.43"
209.74.77.214 - - [21/Jul/2025:21:12:26 +0000] "POST /wp-cron.php?doing_wp_cron=1753132346.0630040168762207031250 HTTP/1.1" 200 - "-" "WordPress/6.8.2; https://akaventures.com.au"
47.82.11.48 - - [21/Jul/2025:21:12:24 +0000] "GET /?y=5523574021940&mod=20877bef&uri=us.php?id%3D184399-310%26name%3Dgtx+900+graphics+card HTTP/1.1" 301 - "https://akaventures.com.au/?y=5523574021940&mod=20877bef&uri=us.php%3Fid%3D184399-310%26name%3Dgtx+900+graphics+card" "Mozilla/5.0 (Windows NT 10.0; Win64; x64) AppleWebKit/537.36 (KHTML, like Gecko) Chrome/114.0.0.0 Safari/537.36 Edg/114.0.1823.43"
47.82.11.48 - - [21/Jul/2025:21:12:26 +0000] "GET /?y=5523574021940&mod=20877bef&uri=us.php?id%3D184399-310%26name%3Dgtx%20900%20graphics%20card HTTP/1.1" 301 - "https://akaventures.com.au/?y=5523574021940&mod=20877bef&uri=us.php%3Fid%3D184399-310%26name%3Dgtx+900+graphics+card" "Mozilla/5.0 (Windows NT 10.0; Win64; x64) AppleWebKit/537.36 (KHTML, like Gecko) Chrome/114.0.0.0 Safari/537.36 Edg/114.0.1823.43"
209.74.77.214 - - [21/Jul/2025:21:20:12 +0000] "POST /wp-cron.php?doing_wp_cron=1753132812.3311569690704345703125 HTTP/1.1" 200 - "-" "WordPress/6.8.2; https://akaventures.com.au"
47.82.11.88 - - [21/Jul/2025:21:20:09 +0000] "GET /?y=5488544071940&mod=3c50daca&uri=itm.php?id%3D183230-328%26name%3Drieker+sandalen+damen+43 HTTP/1.1" 301 - "https://akaventures.com.au/?y=5488544071940&mod=3c50daca&uri=itm.php%3Fid%3D183230-328%26name%3Drieker+sandalen+damen+43" "Mozilla/5.0 (Windows NT 10.0; Win64; x64) AppleWebKit/537.36 (KHTML, like Gecko) Chrome/114.0.0.0 Safari/537.36 Edg/114.0.1823.43"
47.82.11.88 - - [21/Jul/2025:21:20:12 +0000] "GET /?y=5488544071940&mod=3c50daca&uri=itm.php?id%3D183230-328%26name%3Drieker%20sandalen%20damen%2043 HTTP/1.1" 301 - "https://akaventures.com.au/?y=5488544071940&mod=3c50daca&uri=itm.php%3Fid%3D183230-328%26name%3Drieker+sandalen+damen+43" "Mozilla/5.0 (Windows NT 10.0; Win64; x64) AppleWebKit/537.36 (KHTML, like Gecko) Chrome/114.0.0.0 Safari/537.36 Edg/114.0.1823.43"
209.74.77.214 - - [21/Jul/2025:21:22:14 +0000] "POST /wp-cron.php?doing_wp_cron=1753132934.1680200099945068359375 HTTP/1.1" 200 - "-" "WordPress/6.8.2; https://akaventures.com.au"
185.169.4.152 - - [21/Jul/2025:21:22:12 +0000] "GET / HTTP/1.1" 200 21885 "-" "Mozilla/5.0 (Windows NT 10.0; Win64; x64) AppleWebKit/537.36 (KHTML, like Gecko) Chrome/138.0.7204.50 Safari/537.36"
66.249.74.131 - - [21/Jul/2025:21:31:23 +0000] "GET /?y=5406105091940&mod=aef546f2&uri=shop.php%3Fid%3D180480-64%26name%3Dpimax+5k HTTP/1.1" 200 19369 "-" "Mozilla/5.0 (Linux; Android 6.0.1; Nexus 5X Build/MMB29P) AppleWebKit/537.36 (KHTML, like Gecko) Chrome/138.0.7204.157 Mobile Safari/537.36 (compatible; Googlebot/2.1; +http://www.google.com/bot.html)"
209.74.77.214 - - [21/Jul/2025:21:34:37 +0000] "POST /wp-cron.php?doing_wp_cron=1753133677.9327180385589599609375 HTTP/1.1" 200 - "-" "WordPress/6.8.2; https://akaventures.com.au"
198.235.24.247 - - [21/Jul/2025:21:34:36 +0000] "GET /wp-login.php HTTP/1.1" 200 5932 "-" "Hello from Palo Alto Networks, find out more about our scans in https://docs-cortex.paloaltonetworks.com/r/1/Cortex-Xpanse/Scanning-activity"
