Current File : /home/kelaby89/access-logs/akaventures.com.au.sixpack.studio-ssl_log
209.74.77.214 - - [21/Jul/2025:12:10:45 +0000] "POST /wp-cron.php?doing_wp_cron=1753099845.6701500415802001953125 HTTP/1.1" 200 - "-" "WordPress/6.8.2; https://akaventures.com.au"
47.82.11.56 - - [21/Jul/2025:12:10:42 +0000] "GET /?y=5637722011940&mod=c20cbf08&uri=pin.php?id%3D188241-315%26name%3Duhren+schmuck+24 HTTP/1.1" 301 - "https://akaventures.com.au/?y=5637722011940&mod=c20cbf08&uri=pin.php%3Fid%3D188241-315%26name%3Duhren+schmuck+24" "Mozilla/5.0 (Windows NT 10.0; Win64; x64) AppleWebKit/537.36 (KHTML, like Gecko) Chrome/114.0.0.0 Safari/537.36 Edg/114.0.1823.43"
47.82.11.56 - - [21/Jul/2025:12:10:46 +0000] "GET /?y=5637722011940&mod=c20cbf08&uri=pin.php?id%3D188241-315%26name%3Duhren%20schmuck%2024 HTTP/1.1" 301 - "https://akaventures.com.au/?y=5637722011940&mod=c20cbf08&uri=pin.php%3Fid%3D188241-315%26name%3Duhren+schmuck+24" "Mozilla/5.0 (Windows NT 10.0; Win64; x64) AppleWebKit/537.36 (KHTML, like Gecko) Chrome/114.0.0.0 Safari/537.36 Edg/114.0.1823.43"
209.74.77.214 - - [21/Jul/2025:12:12:20 +0000] "POST /wp-cron.php?doing_wp_cron=1753099940.1089100837707519531250 HTTP/1.1" 200 - "-" "WordPress/6.8.2; https://akaventures.com.au"
47.82.11.21 - - [21/Jul/2025:12:12:17 +0000] "GET /?y=5637812021940&mod=c20cbf08&uri=news.php?id%3D188244-315%26name%3Djunghans+mega+solar+ceramic+funkuhr HTTP/1.1" 301 - "https://akaventures.com.au/?y=5637812021940&mod=c20cbf08&uri=news.php%3Fid%3D188244-315%26name%3Djunghans+mega+solar+ceramic+funkuhr" "Mozilla/5.0 (Windows NT 10.0; Win64; x64) AppleWebKit/537.36 (KHTML, like Gecko) Chrome/114.0.0.0 Safari/537.36 Edg/114.0.1823.43"
47.82.11.21 - - [21/Jul/2025:12:12:20 +0000] "GET /?y=5637812021940&mod=c20cbf08&uri=news.php?id%3D188244-315%26name%3Djunghans%20mega%20solar%20ceramic%20funkuhr HTTP/1.1" 301 - "https://akaventures.com.au/?y=5637812021940&mod=c20cbf08&uri=news.php%3Fid%3D188244-315%26name%3Djunghans+mega+solar+ceramic+funkuhr" "Mozilla/5.0 (Windows NT 10.0; Win64; x64) AppleWebKit/537.36 (KHTML, like Gecko) Chrome/114.0.0.0 Safari/537.36 Edg/114.0.1823.43"
209.74.77.214 - - [21/Jul/2025:12:27:21 +0000] "POST /wp-cron.php?doing_wp_cron=1753100841.1894199848175048828125 HTTP/1.1" 200 - "-" "WordPress/6.8.2; https://akaventures.com.au"
51.222.253.13 - - [21/Jul/2025:12:27:19 +0000] "GET / HTTP/1.1" 200 21884 "-" "Mozilla/5.0 (compatible; AhrefsBot/7.0; +http://ahrefs.com/robot/)"
209.74.77.214 - - [21/Jul/2025:12:30:43 +0000] "POST /wp-cron.php?doing_wp_cron=1753101043.9321870803833007812500 HTTP/1.1" 200 - "-" "WordPress/6.8.2; https://akaventures.com.au"
47.82.11.14 - - [21/Jul/2025:12:30:42 +0000] "GET /?y=5245436011940&mod=db07748a&uri=news.php?id%3D175121-314%26name%3Dstrickjacke+damen+gr+48 HTTP/1.1" 301 - "https://akaventures.com.au/?y=5245436011940&mod=db07748a&uri=news.php%3Fid%3D175121-314%26name%3Dstrickjacke+damen+gr+48" "Mozilla/5.0 (Windows NT 10.0; Win64; x64) AppleWebKit/537.36 (KHTML, like Gecko) Chrome/114.0.0.0 Safari/537.36 Edg/114.0.1823.43"
47.82.11.14 - - [21/Jul/2025:12:30:44 +0000] "GET /?y=5245436011940&mod=db07748a&uri=news.php?id%3D175121-314%26name%3Dstrickjacke%20damen%20gr%2048 HTTP/1.1" 301 - "https://akaventures.com.au/?y=5245436011940&mod=db07748a&uri=news.php%3Fid%3D175121-314%26name%3Dstrickjacke+damen+gr+48" "Mozilla/5.0 (Windows NT 10.0; Win64; x64) AppleWebKit/537.36 (KHTML, like Gecko) Chrome/114.0.0.0 Safari/537.36 Edg/114.0.1823.43"
209.74.77.214 - - [21/Jul/2025:12:31:13 +0000] "POST /wp-cron.php?doing_wp_cron=1753101073.6738018989562988281250 HTTP/1.1" 200 - "-" "WordPress/6.8.2; https://akaventures.com.au"
47.82.11.48 - - [21/Jul/2025:12:31:13 +0000] "GET /?y=5483592001940&mod=234c7ac2&uri=form.php?id%3D183064-326%26name%3Dfinal+fantasy+lv HTTP/1.1" 301 - "https://akaventures.com.au/?y=5483592001940&mod=234c7ac2&uri=form.php%3Fid%3D183064-326%26name%3Dfinal+fantasy+lv" "Mozilla/5.0 (Windows NT 10.0; Win64; x64) AppleWebKit/537.36 (KHTML, like Gecko) Chrome/114.0.0.0 Safari/537.36 Edg/114.0.1823.43"
47.82.11.48 - - [21/Jul/2025:12:31:13 +0000] "GET /?y=5483592001940&mod=234c7ac2&uri=form.php?id%3D183064-326%26name%3Dfinal%20fantasy%20lv HTTP/1.1" 301 - "https://akaventures.com.au/?y=5483592001940&mod=234c7ac2&uri=form.php%3Fid%3D183064-326%26name%3Dfinal+fantasy+lv" "Mozilla/5.0 (Windows NT 10.0; Win64; x64) AppleWebKit/537.36 (KHTML, like Gecko) Chrome/114.0.0.0 Safari/537.36 Edg/114.0.1823.43"
66.249.74.131 - - [21/Jul/2025:12:35:40 +0000] "GET /?y=5791585051940&mod=db081d0b&uri=us.php%3Fid%3D193406-336%26name%3Dborse+coach+amazon HTTP/1.1" 200 19383 "-" "Mozilla/5.0 (Linux; Android 6.0.1; Nexus 5X Build/MMB29P) AppleWebKit/537.36 (KHTML, like Gecko) Chrome/137.0.7151.103 Mobile Safari/537.36 (compatible; Googlebot/2.1; +http://www.google.com/bot.html)"
57.141.2.27 - - [21/Jul/2025:12:41:03 +0000] "GET /entity/889453287.shtm HTTP/1.1" 404 - "-" "meta-externalagent/1.1 (+https://developers.facebook.com/docs/sharing/webmasters/crawler)"
209.74.77.214 - - [21/Jul/2025:12:50:35 +0000] "POST /wp-cron.php?doing_wp_cron=1753102235.9315979480743408203125 HTTP/1.1" 200 - "-" "WordPress/6.8.2; https://akaventures.com.au"
47.82.11.40 - - [21/Jul/2025:12:50:33 +0000] "GET /?y=5464842031940&mod=234c7ac2&uri=goods.php?id%3D182439-326%26name%3Dtacos+agujas+altos HTTP/1.1" 301 - "https://akaventures.com.au/?y=5464842031940&mod=234c7ac2&uri=goods.php%3Fid%3D182439-326%26name%3Dtacos+agujas+altos" "Mozilla/5.0 (Windows NT 10.0; Win64; x64) AppleWebKit/537.36 (KHTML, like Gecko) Chrome/114.0.0.0 Safari/537.36 Edg/114.0.1823.43"
47.82.11.40 - - [21/Jul/2025:12:50:36 +0000] "GET /?y=5464842031940&mod=234c7ac2&uri=goods.php?id%3D182439-326%26name%3Dtacos%20agujas%20altos HTTP/1.1" 301 - "https://akaventures.com.au/?y=5464842031940&mod=234c7ac2&uri=goods.php%3Fid%3D182439-326%26name%3Dtacos+agujas+altos" "Mozilla/5.0 (Windows NT 10.0; Win64; x64) AppleWebKit/537.36 (KHTML, like Gecko) Chrome/114.0.0.0 Safari/537.36 Edg/114.0.1823.43"
209.74.77.214 - - [21/Jul/2025:12:50:48 +0000] "POST /wp-cron.php?doing_wp_cron=1753102248.0768198966979980468750 HTTP/1.1" 200 - "-" "WordPress/6.8.2; https://akaventures.com.au"
47.82.11.6 - - [21/Jul/2025:12:50:47 +0000] "GET /?y=5099677051940&mod=503e7dbb&uri=article.php?id%3D170245-87%26name%3Ddslr+camera+in+croma HTTP/1.1" 301 - "https://akaventures.com.au/?y=5099677051940&mod=503e7dbb&uri=article.php%3Fid%3D170245-87%26name%3Ddslr+camera+in+croma" "Mozilla/5.0 (Windows NT 10.0; Win64; x64) AppleWebKit/537.36 (KHTML, like Gecko) Chrome/114.0.0.0 Safari/537.36 Edg/114.0.1823.43"
47.82.11.6 - - [21/Jul/2025:12:50:48 +0000] "GET /?y=5099677051940&mod=503e7dbb&uri=article.php?id%3D170245-87%26name%3Ddslr%20camera%20in%20croma HTTP/1.1" 301 - "https://akaventures.com.au/?y=5099677051940&mod=503e7dbb&uri=article.php%3Fid%3D170245-87%26name%3Ddslr+camera+in+croma" "Mozilla/5.0 (Windows NT 10.0; Win64; x64) AppleWebKit/537.36 (KHTML, like Gecko) Chrome/114.0.0.0 Safari/537.36 Edg/114.0.1823.43"
45.227.253.15 - - [21/Jul/2025:12:50:55 +0000] "GET /index.php/jk HTTP/1.1" 200 59 "-" "Mozilla/5.0 (Windows NT 6.1; WOW64; Trident/7.0; rv:11.0) like Gecko"
209.74.77.214 - - [21/Jul/2025:12:54:11 +0000] "POST /wp-cron.php?doing_wp_cron=1753102450.9772589206695556640625 HTTP/1.1" 200 - "-" "WordPress/6.8.2; https://akaventures.com.au"
47.82.11.15 - - [21/Jul/2025:12:54:07 +0000] "GET /?y=5397855021940&mod=da960bb5&uri=brands.php?id%3D180205-270%26name%3Dbest+teacher+pens HTTP/1.1" 301 - "https://akaventures.com.au/?y=5397855021940&mod=da960bb5&uri=brands.php%3Fid%3D180205-270%26name%3Dbest+teacher+pens" "Mozilla/5.0 (Windows NT 10.0; Win64; x64) AppleWebKit/537.36 (KHTML, like Gecko) Chrome/114.0.0.0 Safari/537.36 Edg/114.0.1823.43"
47.82.11.15 - - [21/Jul/2025:12:54:11 +0000] "GET /?y=5397855021940&mod=da960bb5&uri=brands.php?id%3D180205-270%26name%3Dbest%20teacher%20pens HTTP/1.1" 301 - "https://akaventures.com.au/?y=5397855021940&mod=da960bb5&uri=brands.php%3Fid%3D180205-270%26name%3Dbest+teacher+pens" "Mozilla/5.0 (Windows NT 10.0; Win64; x64) AppleWebKit/537.36 (KHTML, like Gecko) Chrome/114.0.0.0 Safari/537.36 Edg/114.0.1823.43"
209.74.77.214 - - [21/Jul/2025:13:01:13 +0000] "POST /wp-cron.php?doing_wp_cron=1753102873.3467190265655517578125 HTTP/1.1" 200 - "-" "WordPress/6.8.2; https://akaventures.com.au"
47.82.11.10 - - [21/Jul/2025:13:01:11 +0000] "GET /?y=113756418051940&mod=576de785&uri=blog.php?id%3D3796461-330%26name%3Dhealthy+homes+heating+guide HTTP/1.1" 301 - "https://akaventures.com.au/?y=113756418051940&mod=576de785&uri=blog.php%3Fid%3D3796461-330%26name%3Dhealthy+homes+heating+guide" "Mozilla/5.0 (Windows NT 10.0; Win64; x64) AppleWebKit/537.36 (KHTML, like Gecko) Chrome/114.0.0.0 Safari/537.36 Edg/114.0.1823.43"
47.82.11.10 - - [21/Jul/2025:13:01:13 +0000] "GET /?y=113756418051940&mod=576de785&uri=blog.php?id%3D3796461-330%26name%3Dhealthy%20homes%20heating%20guide HTTP/1.1" 301 - "https://akaventures.com.au/?y=113756418051940&mod=576de785&uri=blog.php%3Fid%3D3796461-330%26name%3Dhealthy+homes+heating+guide" "Mozilla/5.0 (Windows NT 10.0; Win64; x64) AppleWebKit/537.36 (KHTML, like Gecko) Chrome/114.0.0.0 Safari/537.36 Edg/114.0.1823.43"
47.82.11.10 - - [21/Jul/2025:13:01:27 +0000] "GET /?y=5351567111940&mod=01bfa6f2&uri=us.php?id%3D178661-321%26name%3Dgerman+shepherd+pitbull+wolf+mix HTTP/1.1" 301 - "https://akaventures.com.au/?y=5351567111940&mod=01bfa6f2&uri=us.php%3Fid%3D178661-321%26name%3Dgerman+shepherd+pitbull+wolf+mix" "Mozilla/5.0 (Windows NT 10.0; Win64; x64) AppleWebKit/537.36 (KHTML, like Gecko) Chrome/114.0.0.0 Safari/537.36 Edg/114.0.1823.43"
47.82.11.10 - - [21/Jul/2025:13:01:27 +0000] "GET /?y=5351567111940&mod=01bfa6f2&uri=us.php?id%3D178661-321%26name%3Dgerman%20shepherd%20pitbull%20wolf%20mix HTTP/1.1" 301 - "https://akaventures.com.au/?y=5351567111940&mod=01bfa6f2&uri=us.php%3Fid%3D178661-321%26name%3Dgerman+shepherd+pitbull+wolf+mix" "Mozilla/5.0 (Windows NT 10.0; Win64; x64) AppleWebKit/537.36 (KHTML, like Gecko) Chrome/114.0.0.0 Safari/537.36 Edg/114.0.1823.43"
209.74.77.214 - - [21/Jul/2025:13:10:13 +0000] "POST /wp-cron.php?doing_wp_cron=1753103413.3506131172180175781250 HTTP/1.1" 200 - "-" "WordPress/6.8.2; https://akaventures.com.au"
47.82.11.65 - - [21/Jul/2025:13:10:10 +0000] "GET /?y=5376645011940&mod=da960bb5&uri=product.php?id%3D179498-270%26name%3Dfaber+castell+white+gel+pen HTTP/1.1" 301 - "https://akaventures.com.au/?y=5376645011940&mod=da960bb5&uri=product.php%3Fid%3D179498-270%26name%3Dfaber+castell+white+gel+pen" "Mozilla/5.0 (Windows NT 10.0; Win64; x64) AppleWebKit/537.36 (KHTML, like Gecko) Chrome/114.0.0.0 Safari/537.36 Edg/114.0.1823.43"
47.82.11.65 - - [21/Jul/2025:13:10:13 +0000] "GET /?y=5376645011940&mod=da960bb5&uri=product.php?id%3D179498-270%26name%3Dfaber%20castell%20white%20gel%20pen HTTP/1.1" 301 - "https://akaventures.com.au/?y=5376645011940&mod=da960bb5&uri=product.php%3Fid%3D179498-270%26name%3Dfaber+castell+white+gel+pen" "Mozilla/5.0 (Windows NT 10.0; Win64; x64) AppleWebKit/537.36 (KHTML, like Gecko) Chrome/114.0.0.0 Safari/537.36 Edg/114.0.1823.43"
209.74.77.214 - - [21/Jul/2025:13:10:54 +0000] "POST /wp-cron.php?doing_wp_cron=1753103454.5436170101165771484375 HTTP/1.1" 200 - "-" "WordPress/6.8.2; https://akaventures.com.au"
47.82.11.65 - - [21/Jul/2025:13:10:53 +0000] "GET /?y=5345610001940&mod=c53015e8&uri=product.php?id%3D178462-320%26name%3Dskechers+mujer+botas+2017 HTTP/1.1" 301 - "https://akaventures.com.au/?y=5345610001940&mod=c53015e8&uri=product.php%3Fid%3D178462-320%26name%3Dskechers+mujer+botas+2017" "Mozilla/5.0 (Windows NT 10.0; Win64; x64) AppleWebKit/537.36 (KHTML, like Gecko) Chrome/114.0.0.0 Safari/537.36 Edg/114.0.1823.43"
47.82.11.65 - - [21/Jul/2025:13:10:54 +0000] "GET /?y=5345610001940&mod=c53015e8&uri=product.php?id%3D178462-320%26name%3Dskechers%20mujer%20botas%202017 HTTP/1.1" 301 - "https://akaventures.com.au/?y=5345610001940&mod=c53015e8&uri=product.php%3Fid%3D178462-320%26name%3Dskechers+mujer+botas+2017" "Mozilla/5.0 (Windows NT 10.0; Win64; x64) AppleWebKit/537.36 (KHTML, like Gecko) Chrome/114.0.0.0 Safari/537.36 Edg/114.0.1823.43"
209.74.77.214 - - [21/Jul/2025:13:12:14 +0000] "POST /wp-cron.php?doing_wp_cron=1753103534.8763930797576904296875 HTTP/1.1" 200 - "-" "WordPress/6.8.2; https://akaventures.com.au"
47.82.11.63 - - [21/Jul/2025:13:12:13 +0000] "GET /?y=36832621031940&mod=da960bb5&uri=brands.php?id%3D1229325-270%26name%3Dplatinum+pen+price HTTP/1.1" 301 - "https://akaventures.com.au/?y=36832621031940&mod=da960bb5&uri=brands.php%3Fid%3D1229325-270%26name%3Dplatinum+pen+price" "Mozilla/5.0 (Windows NT 10.0; Win64; x64) AppleWebKit/537.36 (KHTML, like Gecko) Chrome/114.0.0.0 Safari/537.36 Edg/114.0.1823.43"
47.82.11.63 - - [21/Jul/2025:13:12:15 +0000] "GET /?y=36832621031940&mod=da960bb5&uri=brands.php?id%3D1229325-270%26name%3Dplatinum%20pen%20price HTTP/1.1" 301 - "https://akaventures.com.au/?y=36832621031940&mod=da960bb5&uri=brands.php%3Fid%3D1229325-270%26name%3Dplatinum+pen+price" "Mozilla/5.0 (Windows NT 10.0; Win64; x64) AppleWebKit/537.36 (KHTML, like Gecko) Chrome/114.0.0.0 Safari/537.36 Edg/114.0.1823.43"
209.74.77.214 - - [21/Jul/2025:13:21:39 +0000] "POST /wp-cron.php?doing_wp_cron=1753104099.6610910892486572265625 HTTP/1.1" 200 - "-" "WordPress/6.8.2; https://akaventures.com.au"
47.82.11.62 - - [21/Jul/2025:13:21:37 +0000] "GET /?y=5793548001940&mod=5d55e7c1&uri=article.php?id%3D193472-57%26name%3Dbest+earbuds+2020+battery+life HTTP/1.1" 301 - "https://akaventures.com.au/?y=5793548001940&mod=5d55e7c1&uri=article.php%3Fid%3D193472-57%26name%3Dbest+earbuds+2020+battery+life" "Mozilla/5.0 (Windows NT 10.0; Win64; x64) AppleWebKit/537.36 (KHTML, like Gecko) Chrome/114.0.0.0 Safari/537.36 Edg/114.0.1823.43"
47.82.11.62 - - [21/Jul/2025:13:21:39 +0000] "GET /?y=5793548001940&mod=5d55e7c1&uri=article.php?id%3D193472-57%26name%3Dbest%20earbuds%202020%20battery%20life HTTP/1.1" 301 - "https://akaventures.com.au/?y=5793548001940&mod=5d55e7c1&uri=article.php%3Fid%3D193472-57%26name%3Dbest+earbuds+2020+battery+life" "Mozilla/5.0 (Windows NT 10.0; Win64; x64) AppleWebKit/537.36 (KHTML, like Gecko) Chrome/114.0.0.0 Safari/537.36 Edg/114.0.1823.43"
209.74.77.214 - - [21/Jul/2025:13:22:18 +0000] "POST /wp-cron.php?doing_wp_cron=1753104138.1864929199218750000000 HTTP/1.1" 200 - "-" "WordPress/6.8.2; https://akaventures.com.au"
47.82.11.66 - - [21/Jul/2025:13:22:16 +0000] "GET /?y=5480142031940&mod=234c7ac2&uri=goods.php?id%3D182949-326%26name%3Dcamisetas+louis+vuitton HTTP/1.1" 301 - "https://akaventures.com.au/?y=5480142031940&mod=234c7ac2&uri=goods.php%3Fid%3D182949-326%26name%3Dcamisetas+louis+vuitton" "Mozilla/5.0 (Windows NT 10.0; Win64; x64) AppleWebKit/537.36 (KHTML, like Gecko) Chrome/114.0.0.0 Safari/537.36 Edg/114.0.1823.43"
47.82.11.66 - - [21/Jul/2025:13:22:18 +0000] "GET /?y=5480142031940&mod=234c7ac2&uri=goods.php?id%3D182949-326%26name%3Dcamisetas%20louis%20vuitton HTTP/1.1" 301 - "https://akaventures.com.au/?y=5480142031940&mod=234c7ac2&uri=goods.php%3Fid%3D182949-326%26name%3Dcamisetas+louis+vuitton" "Mozilla/5.0 (Windows NT 10.0; Win64; x64) AppleWebKit/537.36 (KHTML, like Gecko) Chrome/114.0.0.0 Safari/537.36 Edg/114.0.1823.43"
47.82.11.59 - - [21/Jul/2025:13:30:33 +0000] "GET /?y=5306054071940&mod=b9959873&uri=dp.php?id%3D177143-317%26name%3Dtasman+ugg+slippers+sale HTTP/1.1" 404 - "https://akaventures.com.au/?y=5306054071940&mod=b9959873&uri=dp.php%3Fid%3D177143-317%26name%3Dtasman+ugg+slippers+sale" "Mozilla/5.0 (Windows NT 10.0; Win64; x64) AppleWebKit/537.36 (KHTML, like Gecko) Chrome/114.0.0.0 Safari/537.36 Edg/114.0.1823.43"
209.74.77.214 - - [21/Jul/2025:14:03:30 +0000] "POST /wp-cron.php?doing_wp_cron=1753106610.1056149005889892578125 HTTP/1.1" 200 - "-" "WordPress/6.8.2; https://akaventures.com.au"
47.82.11.6 - - [21/Jul/2025:14:03:28 +0000] "GET /?y=5171951021940&mod=c9c346f0&uri=category-info.php?id%3D172656-155%26name%3Dsound+tower+for+tv HTTP/1.1" 301 - "https://akaventures.com.au/?y=5171951021940&mod=c9c346f0&uri=category-info.php%3Fid%3D172656-155%26name%3Dsound+tower+for+tv" "Mozilla/5.0 (Windows NT 10.0; Win64; x64) AppleWebKit/537.36 (KHTML, like Gecko) Chrome/114.0.0.0 Safari/537.36 Edg/114.0.1823.43"
47.82.11.6 - - [21/Jul/2025:14:03:30 +0000] "GET /?y=5171951021940&mod=c9c346f0&uri=category-info.php?id%3D172656-155%26name%3Dsound%20tower%20for%20tv HTTP/1.1" 301 - "https://akaventures.com.au/?y=5171951021940&mod=c9c346f0&uri=category-info.php%3Fid%3D172656-155%26name%3Dsound+tower+for+tv" "Mozilla/5.0 (Windows NT 10.0; Win64; x64) AppleWebKit/537.36 (KHTML, like Gecko) Chrome/114.0.0.0 Safari/537.36 Edg/114.0.1823.43"
209.74.77.214 - - [21/Jul/2025:14:11:31 +0000] "POST /wp-cron.php?doing_wp_cron=1753107091.4457399845123291015625 HTTP/1.1" 200 - "-" "WordPress/6.8.2; https://akaventures.com.au"
47.82.11.25 - - [21/Jul/2025:14:11:30 +0000] "GET /?y=5155756001940&mod=c9c346f0&uri=brands.php?id%3D172115-155%26name%3Dcambridge+soundworks+tower+speakers HTTP/1.1" 301 - "https://akaventures.com.au/?y=5155756001940&mod=c9c346f0&uri=brands.php%3Fid%3D172115-155%26name%3Dcambridge+soundworks+tower+speakers" "Mozilla/5.0 (Windows NT 10.0; Win64; x64) AppleWebKit/537.36 (KHTML, like Gecko) Chrome/114.0.0.0 Safari/537.36 Edg/114.0.1823.43"
47.82.11.25 - - [21/Jul/2025:14:11:31 +0000] "GET /?y=5155756001940&mod=c9c346f0&uri=brands.php?id%3D172115-155%26name%3Dcambridge%20soundworks%20tower%20speakers HTTP/1.1" 301 - "https://akaventures.com.au/?y=5155756001940&mod=c9c346f0&uri=brands.php%3Fid%3D172115-155%26name%3Dcambridge+soundworks+tower+speakers" "Mozilla/5.0 (Windows NT 10.0; Win64; x64) AppleWebKit/537.36 (KHTML, like Gecko) Chrome/114.0.0.0 Safari/537.36 Edg/114.0.1823.43"
47.82.11.12 - - [21/Jul/2025:14:11:33 +0000] "GET /?y=5358222071940&mod=7d0bbf7a&uri=info.php?id%3D178883-322%26name%3De30+fisher+and+paykel+dishwasher HTTP/1.1" 301 - "https://akaventures.com.au/?y=5358222071940&mod=7d0bbf7a&uri=info.php%3Fid%3D178883-322%26name%3De30+fisher+and+paykel+dishwasher" "Mozilla/5.0 (Windows NT 10.0; Win64; x64) AppleWebKit/537.36 (KHTML, like Gecko) Chrome/114.0.0.0 Safari/537.36 Edg/114.0.1823.43"
47.82.11.12 - - [21/Jul/2025:14:11:34 +0000] "GET /?y=5358222071940&mod=7d0bbf7a&uri=info.php?id%3D178883-322%26name%3De30%20fisher%20and%20paykel%20dishwasher HTTP/1.1" 301 - "https://akaventures.com.au/?y=5358222071940&mod=7d0bbf7a&uri=info.php%3Fid%3D178883-322%26name%3De30+fisher+and+paykel+dishwasher" "Mozilla/5.0 (Windows NT 10.0; Win64; x64) AppleWebKit/537.36 (KHTML, like Gecko) Chrome/114.0.0.0 Safari/537.36 Edg/114.0.1823.43"
47.82.11.3 - - [21/Jul/2025:14:11:35 +0000] "GET /?y=5329029011940&mod=c53015e8&uri=news.php?id%3D177909-320%26name%3Dmodelos+de+botas+skechers HTTP/1.1" 301 - "https://akaventures.com.au/?y=5329029011940&mod=c53015e8&uri=news.php%3Fid%3D177909-320%26name%3Dmodelos+de+botas+skechers" "Mozilla/5.0 (Windows NT 10.0; Win64; x64) AppleWebKit/537.36 (KHTML, like Gecko) Chrome/114.0.0.0 Safari/537.36 Edg/114.0.1823.43"
47.82.11.3 - - [21/Jul/2025:14:11:36 +0000] "GET /?y=5329029011940&mod=c53015e8&uri=news.php?id%3D177909-320%26name%3Dmodelos%20de%20botas%20skechers HTTP/1.1" 301 - "https://akaventures.com.au/?y=5329029011940&mod=c53015e8&uri=news.php%3Fid%3D177909-320%26name%3Dmodelos+de+botas+skechers" "Mozilla/5.0 (Windows NT 10.0; Win64; x64) AppleWebKit/537.36 (KHTML, like Gecko) Chrome/114.0.0.0 Safari/537.36 Edg/114.0.1823.43"
209.74.77.214 - - [21/Jul/2025:14:13:30 +0000] "POST /wp-cron.php?doing_wp_cron=1753107210.7800600528717041015625 HTTP/1.1" 200 - "-" "WordPress/6.8.2; https://akaventures.com.au"
47.82.11.44 - - [21/Jul/2025:14:13:29 +0000] "GET /?y=5341809071940&mod=ca50333d&uri=article.php?id%3D178335-318%26name%3Dzapatillas+fulbito+adidas HTTP/1.1" 301 - "https://akaventures.com.au/?y=5341809071940&mod=ca50333d&uri=article.php%3Fid%3D178335-318%26name%3Dzapatillas+fulbito+adidas" "Mozilla/5.0 (Windows NT 10.0; Win64; x64) AppleWebKit/537.36 (KHTML, like Gecko) Chrome/114.0.0.0 Safari/537.36 Edg/114.0.1823.43"
47.82.11.44 - - [21/Jul/2025:14:13:31 +0000] "GET /?y=5341809071940&mod=ca50333d&uri=article.php?id%3D178335-318%26name%3Dzapatillas%20fulbito%20adidas HTTP/1.1" 301 - "https://akaventures.com.au/?y=5341809071940&mod=ca50333d&uri=article.php%3Fid%3D178335-318%26name%3Dzapatillas+fulbito+adidas" "Mozilla/5.0 (Windows NT 10.0; Win64; x64) AppleWebKit/537.36 (KHTML, like Gecko) Chrome/114.0.0.0 Safari/537.36 Edg/114.0.1823.43"
209.74.77.214 - - [21/Jul/2025:14:31:21 +0000] "POST /wp-cron.php?doing_wp_cron=1753108281.0347189903259277343750 HTTP/1.1" 200 - "-" "WordPress/6.8.2; https://akaventures.com.au"
47.82.11.37 - - [21/Jul/2025:14:31:19 +0000] "GET /?y=5214346001940&mod=75a380a0&uri=goods.php?id%3D174078-187%26name%3Daladdin+tamilyogi HTTP/1.1" 301 - "https://akaventures.com.au/?y=5214346001940&mod=75a380a0&uri=goods.php%3Fid%3D174078-187%26name%3Daladdin+tamilyogi" "Mozilla/5.0 (Windows NT 10.0; Win64; x64) AppleWebKit/537.36 (KHTML, like Gecko) Chrome/114.0.0.0 Safari/537.36 Edg/114.0.1823.43"
47.82.11.37 - - [21/Jul/2025:14:31:21 +0000] "GET /?y=5214346001940&mod=75a380a0&uri=goods.php?id%3D174078-187%26name%3Daladdin%20tamilyogi HTTP/1.1" 301 - "https://akaventures.com.au/?y=5214346001940&mod=75a380a0&uri=goods.php%3Fid%3D174078-187%26name%3Daladdin+tamilyogi" "Mozilla/5.0 (Windows NT 10.0; Win64; x64) AppleWebKit/537.36 (KHTML, like Gecko) Chrome/114.0.0.0 Safari/537.36 Edg/114.0.1823.43"
209.74.77.214 - - [21/Jul/2025:14:33:18 +0000] "POST /wp-cron.php?doing_wp_cron=1753108398.0877170562744140625000 HTTP/1.1" 200 - "-" "WordPress/6.8.2; https://akaventures.com.au"
198.46.234.28 - - [21/Jul/2025:14:33:16 +0000] "POST /index.php/wp-json/litespeed/v1/cdn_status HTTP/1.1" 404 117 "https://akaventures.com.au/wp-admin/update.php?action=upload-plugin" "Mozilla/5.0 (Windows NT 10.0; Win64; x64; rv:128.0) Gecko/20100101 Firefox/128.0"
44.242.192.108 - - [21/Jul/2025:14:33:25 +0000] "GET / HTTP/1.1" 200 21885 "-" "Mozilla/5.0 (X11; Linux x86_64) AppleWebKit/537.36 (KHTML, like Gecko) Chrome/83.0.4103.97 Safari/537.36"
209.74.77.214 - - [21/Jul/2025:14:42:40 +0000] "POST /wp-cron.php?doing_wp_cron=1753108959.9937090873718261718750 HTTP/1.1" 200 - "-" "WordPress/6.8.2; https://akaventures.com.au"
47.82.11.61 - - [21/Jul/2025:14:42:39 +0000] "GET /?y=5571024001940&mod=576de785&uri=pin.php?id%3D185981-330%26name%3Dhoneywell+home+dt2r+wireless+digital+room+thermostat HTTP/1.1" 301 - "https://akaventures.com.au/?y=5571024001940&mod=576de785&uri=pin.php%3Fid%3D185981-330%26name%3Dhoneywell+home+dt2r+wireless+digital+room+thermostat" "Mozilla/5.0 (Windows NT 10.0; Win64; x64) AppleWebKit/537.36 (KHTML, like Gecko) Chrome/114.0.0.0 Safari/537.36 Edg/114.0.1823.43"
47.82.11.61 - - [21/Jul/2025:14:42:40 +0000] "GET /?y=5571024001940&mod=576de785&uri=pin.php?id%3D185981-330%26name%3Dhoneywell%20home%20dt2r%20wireless%20digital%20room%20thermostat HTTP/1.1" 301 - "https://akaventures.com.au/?y=5571024001940&mod=576de785&uri=pin.php%3Fid%3D185981-330%26name%3Dhoneywell+home+dt2r+wireless+digital+room+thermostat" "Mozilla/5.0 (Windows NT 10.0; Win64; x64) AppleWebKit/537.36 (KHTML, like Gecko) Chrome/114.0.0.0 Safari/537.36 Edg/114.0.1823.43"
209.74.77.214 - - [21/Jul/2025:14:43:52 +0000] "POST /wp-cron.php?doing_wp_cron=1753109032.5729150772094726562500 HTTP/1.1" 200 - "-" "WordPress/6.8.2; https://akaventures.com.au"
47.82.11.23 - - [21/Jul/2025:14:43:51 +0000] "GET /?y=5239745141940&mod=889b262e&uri=goods.php?id%3D174931-312%26name%3Dtienda+munich+puerto+venecia HTTP/1.1" 301 - "https://akaventures.com.au/?y=5239745141940&mod=889b262e&uri=goods.php%3Fid%3D174931-312%26name%3Dtienda+munich+puerto+venecia" "Mozilla/5.0 (Windows NT 10.0; Win64; x64) AppleWebKit/537.36 (KHTML, like Gecko) Chrome/114.0.0.0 Safari/537.36 Edg/114.0.1823.43"
47.82.11.23 - - [21/Jul/2025:14:43:52 +0000] "GET /?y=5239745141940&mod=889b262e&uri=goods.php?id%3D174931-312%26name%3Dtienda%20munich%20puerto%20venecia HTTP/1.1" 301 - "https://akaventures.com.au/?y=5239745141940&mod=889b262e&uri=goods.php%3Fid%3D174931-312%26name%3Dtienda+munich+puerto+venecia" "Mozilla/5.0 (Windows NT 10.0; Win64; x64) AppleWebKit/537.36 (KHTML, like Gecko) Chrome/114.0.0.0 Safari/537.36 Edg/114.0.1823.43"
209.74.77.214 - - [21/Jul/2025:14:50:42 +0000] "POST /wp-cron.php?doing_wp_cron=1753109442.6719470024108886718750 HTTP/1.1" 200 - "-" "WordPress/6.8.2; https://akaventures.com.au"
47.82.11.27 - - [21/Jul/2025:14:50:41 +0000] "GET /?y=5378535041940&mod=da960bb5&uri=itm.php?id%3D179561-270%26name%3Dfaber+castell+brush+pen+set+60 HTTP/1.1" 301 - "https://akaventures.com.au/?y=5378535041940&mod=da960bb5&uri=itm.php%3Fid%3D179561-270%26name%3Dfaber+castell+brush+pen+set+60" "Mozilla/5.0 (Windows NT 10.0; Win64; x64) AppleWebKit/537.36 (KHTML, like Gecko) Chrome/114.0.0.0 Safari/537.36 Edg/114.0.1823.43"
47.82.11.27 - - [21/Jul/2025:14:50:42 +0000] "GET /?y=5378535041940&mod=da960bb5&uri=itm.php?id%3D179561-270%26name%3Dfaber%20castell%20brush%20pen%20set%2060 HTTP/1.1" 301 - "https://akaventures.com.au/?y=5378535041940&mod=da960bb5&uri=itm.php%3Fid%3D179561-270%26name%3Dfaber+castell+brush+pen+set+60" "Mozilla/5.0 (Windows NT 10.0; Win64; x64) AppleWebKit/537.36 (KHTML, like Gecko) Chrome/114.0.0.0 Safari/537.36 Edg/114.0.1823.43"
103.131.71.203 - - [21/Jul/2025:14:55:44 +0000] "GET /wp-content/uploads/2024/11/cropped-AKA-180x180.png HTTP/1.1" 200 4004 "-" "Mozilla/5.0 (compatible; coccocbot-image/1.0; +http://help.coccoc.com/searchengine)"
209.74.77.214 - - [21/Jul/2025:15:01:08 +0000] "POST /wp-cron.php?doing_wp_cron=1753110068.0978529453277587890625 HTTP/1.1" 200 - "-" "WordPress/6.8.2; https://akaventures.com.au"
209.74.77.214 - - [21/Jul/2025:15:01:08 +0000] "POST /wp-cron.php?doing_wp_cron=1753110068.0978519916534423828125 HTTP/1.1" 200 - "-" "WordPress/6.8.2; https://akaventures.com.au"
47.82.11.19 - - [21/Jul/2025:15:01:06 +0000] "GET /?y=5483622011940&mod=234c7ac2&uri=dp.php?id%3D183065-326%26name%3Dgorra+louis+vuitton+original HTTP/1.1" 301 - "https://akaventures.com.au/?y=5483622011940&mod=234c7ac2&uri=dp.php%3Fid%3D183065-326%26name%3Dgorra+louis+vuitton+original" "Mozilla/5.0 (Windows NT 10.0; Win64; x64) AppleWebKit/537.36 (KHTML, like Gecko) Chrome/114.0.0.0 Safari/537.36 Edg/114.0.1823.43"
47.82.11.16 - - [21/Jul/2025:15:01:06 +0000] "GET /?y=94947703001940&mod=748c1f15&uri=category-info.php?id%3D3168636-538%26name%3Dcoche+electrico+ni%C3%83%C2%B1os+plazas HTTP/1.1" 301 - "https://akaventures.com.au/?y=94947703001940&mod=748c1f15&uri=category-info.php%3Fid%3D3168636-538%26name%3Dcoche+electrico+ni%C3%83%C2%B1os+plazas" "Mozilla/5.0 (Windows NT 10.0; Win64; x64) AppleWebKit/537.36 (KHTML, like Gecko) Chrome/114.0.0.0 Safari/537.36 Edg/114.0.1823.43"
47.82.11.19 - - [21/Jul/2025:15:01:08 +0000] "GET /?y=5483622011940&mod=234c7ac2&uri=dp.php?id%3D183065-326%26name%3Dgorra%20louis%20vuitton%20original HTTP/1.1" 301 - "https://akaventures.com.au/?y=5483622011940&mod=234c7ac2&uri=dp.php%3Fid%3D183065-326%26name%3Dgorra+louis+vuitton+original" "Mozilla/5.0 (Windows NT 10.0; Win64; x64) AppleWebKit/537.36 (KHTML, like Gecko) Chrome/114.0.0.0 Safari/537.36 Edg/114.0.1823.43"
47.82.11.16 - - [21/Jul/2025:15:01:08 +0000] "GET /?y=94947703001940&mod=748c1f15&uri=category-info.php?id%3D3168636-538%26name%3Dcoche%20electrico%20ni%C3%83%C2%B1os%20plazas HTTP/1.1" 301 - "https://akaventures.com.au/?y=94947703001940&mod=748c1f15&uri=category-info.php%3Fid%3D3168636-538%26name%3Dcoche+electrico+ni%C3%83%C2%B1os+plazas" "Mozilla/5.0 (Windows NT 10.0; Win64; x64) AppleWebKit/537.36 (KHTML, like Gecko) Chrome/114.0.0.0 Safari/537.36 Edg/114.0.1823.43"
209.74.77.214 - - [21/Jul/2025:15:03:02 +0000] "POST /wp-cron.php?doing_wp_cron=1753110181.9705479145050048828125 HTTP/1.1" 200 - "-" "WordPress/6.8.2; https://akaventures.com.au"
47.82.11.62 - - [21/Jul/2025:15:03:00 +0000] "GET /?y=5269125031940&mod=539c2943&uri=info.php?id%3D175912-294%26name%3Dkarat+gold+ring+price HTTP/1.1" 301 - "https://akaventures.com.au/?y=5269125031940&mod=539c2943&uri=info.php%3Fid%3D175912-294%26name%3Dkarat+gold+ring+price" "Mozilla/5.0 (Windows NT 10.0; Win64; x64) AppleWebKit/537.36 (KHTML, like Gecko) Chrome/114.0.0.0 Safari/537.36 Edg/114.0.1823.43"
47.82.11.62 - - [21/Jul/2025:15:03:02 +0000] "GET /?y=5269125031940&mod=539c2943&uri=info.php?id%3D175912-294%26name%3Dkarat%20gold%20ring%20price HTTP/1.1" 301 - "https://akaventures.com.au/?y=5269125031940&mod=539c2943&uri=info.php%3Fid%3D175912-294%26name%3Dkarat+gold+ring+price" "Mozilla/5.0 (Windows NT 10.0; Win64; x64) AppleWebKit/537.36 (KHTML, like Gecko) Chrome/114.0.0.0 Safari/537.36 Edg/114.0.1823.43"
209.74.77.214 - - [21/Jul/2025:15:11:45 +0000] "POST /wp-cron.php?doing_wp_cron=1753110705.4318680763244628906250 HTTP/1.1" 200 - "-" "WordPress/6.8.2; https://akaventures.com.au"
47.82.11.21 - - [21/Jul/2025:15:11:44 +0000] "GET /?y=5482512021940&mod=234c7ac2&uri=form.php?id%3D183028-326%26name%3Dchamarra+de+mezclilla+louis+vuitton HTTP/1.1" 301 - "https://akaventures.com.au/?y=5482512021940&mod=234c7ac2&uri=form.php%3Fid%3D183028-326%26name%3Dchamarra+de+mezclilla+louis+vuitton" "Mozilla/5.0 (Windows NT 10.0; Win64; x64) AppleWebKit/537.36 (KHTML, like Gecko) Chrome/114.0.0.0 Safari/537.36 Edg/114.0.1823.43"
47.82.11.21 - - [21/Jul/2025:15:11:45 +0000] "GET /?y=5482512021940&mod=234c7ac2&uri=form.php?id%3D183028-326%26name%3Dchamarra%20de%20mezclilla%20louis%20vuitton HTTP/1.1" 301 - "https://akaventures.com.au/?y=5482512021940&mod=234c7ac2&uri=form.php%3Fid%3D183028-326%26name%3Dchamarra+de+mezclilla+louis+vuitton" "Mozilla/5.0 (Windows NT 10.0; Win64; x64) AppleWebKit/537.36 (KHTML, like Gecko) Chrome/114.0.0.0 Safari/537.36 Edg/114.0.1823.43"
64.233.173.97 - - [21/Jul/2025:15:22:27 +0000] "GET /.well-known/traffic-advice HTTP/1.1" 404 - "-" "Chrome Privacy Preserving Prefetch Proxy"
209.74.77.214 - - [21/Jul/2025:15:22:29 +0000] "POST /wp-cron.php?doing_wp_cron=1753111349.5016889572143554687500 HTTP/1.1" 200 - "-" "WordPress/6.8.2; https://akaventures.com.au"
72.14.201.185 - - [21/Jul/2025:15:22:28 +0000] "GET /?y=5211735071940&mod=75a380a0&uri=info.php%3Fid%3D173987-187%26name%3Dtamilyogi+ala+vaikunthapurramuloo HTTP/1.1" 301 - "https://www.google.com/" "Mozilla/5.0 (Linux; Android 10; K) AppleWebKit/537.36 (KHTML, like Gecko) Chrome/138.0.0.0 Safari/537.36"
72.14.201.185 - - [21/Jul/2025:15:22:29 +0000] "GET /?y=5211735071940&mod=75a380a0&uri=info.php%3Fid%3D173987-187%26name%3Dtamilyogi%20ala%20vaikunthapurramuloo HTTP/1.1" 200 21885 "https://www.google.com/" "Mozilla/5.0 (Linux; Android 10; K) AppleWebKit/537.36 (KHTML, like Gecko) Chrome/138.0.0.0 Safari/537.36"
209.74.77.214 - - [21/Jul/2025:15:30:36 +0000] "POST /wp-cron.php?doing_wp_cron=1753111836.6921999454498291015625 HTTP/1.1" 200 - "-" "WordPress/6.8.2; https://akaventures.com.au"
47.82.11.21 - - [21/Jul/2025:15:30:35 +0000] "GET /?y=5645009051940&mod=c20cbf08&uri=itm.php?id%3D188485-315%26name%3Dswiss+military+taucheruhr HTTP/1.1" 301 - "https://akaventures.com.au/?y=5645009051940&mod=c20cbf08&uri=itm.php%3Fid%3D188485-315%26name%3Dswiss+military+taucheruhr" "Mozilla/5.0 (Windows NT 10.0; Win64; x64) AppleWebKit/537.36 (KHTML, like Gecko) Chrome/114.0.0.0 Safari/537.36 Edg/114.0.1823.43"
47.82.11.21 - - [21/Jul/2025:15:30:37 +0000] "GET /?y=5645009051940&mod=c20cbf08&uri=itm.php?id%3D188485-315%26name%3Dswiss%20military%20taucheruhr HTTP/1.1" 301 - "https://akaventures.com.au/?y=5645009051940&mod=c20cbf08&uri=itm.php%3Fid%3D188485-315%26name%3Dswiss+military+taucheruhr" "Mozilla/5.0 (Windows NT 10.0; Win64; x64) AppleWebKit/537.36 (KHTML, like Gecko) Chrome/114.0.0.0 Safari/537.36 Edg/114.0.1823.43"
209.74.77.214 - - [21/Jul/2025:15:30:58 +0000] "POST /wp-cron.php?doing_wp_cron=1753111857.9984860420227050781250 HTTP/1.1" 200 - "-" "WordPress/6.8.2; https://akaventures.com.au"
47.82.11.59 - - [21/Jul/2025:15:30:57 +0000] "GET /?y=5353992021940&mod=01bfa6f2&uri=category-info.php?id%3D178742-321%26name%3Dpetco+vetco+clinic HTTP/1.1" 301 - "https://akaventures.com.au/?y=5353992021940&mod=01bfa6f2&uri=category-info.php%3Fid%3D178742-321%26name%3Dpetco+vetco+clinic" "Mozilla/5.0 (Windows NT 10.0; Win64; x64) AppleWebKit/537.36 (KHTML, like Gecko) Chrome/114.0.0.0 Safari/537.36 Edg/114.0.1823.43"
47.82.11.59 - - [21/Jul/2025:15:30:58 +0000] "GET /?y=5353992021940&mod=01bfa6f2&uri=category-info.php?id%3D178742-321%26name%3Dpetco%20vetco%20clinic HTTP/1.1" 301 - "https://akaventures.com.au/?y=5353992021940&mod=01bfa6f2&uri=category-info.php%3Fid%3D178742-321%26name%3Dpetco+vetco+clinic" "Mozilla/5.0 (Windows NT 10.0; Win64; x64) AppleWebKit/537.36 (KHTML, like Gecko) Chrome/114.0.0.0 Safari/537.36 Edg/114.0.1823.43"
209.74.77.214 - - [21/Jul/2025:15:32:57 +0000] "POST /wp-cron.php?doing_wp_cron=1753111977.1580181121826171875000 HTTP/1.1" 200 - "-" "WordPress/6.8.2; https://akaventures.com.au"
47.82.11.53 - - [21/Jul/2025:15:32:55 +0000] "GET /?y=5446662051940&mod=edb446b6&uri=category-info.php?id%3D181833-59%26name%3Dzara+vestiti+eleganti+corti HTTP/1.1" 301 - "https://akaventures.com.au/?y=5446662051940&mod=edb446b6&uri=category-info.php%3Fid%3D181833-59%26name%3Dzara+vestiti+eleganti+corti" "Mozilla/5.0 (Windows NT 10.0; Win64; x64) AppleWebKit/537.36 (KHTML, like Gecko) Chrome/114.0.0.0 Safari/537.36 Edg/114.0.1823.43"
47.82.11.53 - - [21/Jul/2025:15:32:57 +0000] "GET /?y=5446662051940&mod=edb446b6&uri=category-info.php?id%3D181833-59%26name%3Dzara%20vestiti%20eleganti%20corti HTTP/1.1" 301 - "https://akaventures.com.au/?y=5446662051940&mod=edb446b6&uri=category-info.php%3Fid%3D181833-59%26name%3Dzara+vestiti+eleganti+corti" "Mozilla/5.0 (Windows NT 10.0; Win64; x64) AppleWebKit/537.36 (KHTML, like Gecko) Chrome/114.0.0.0 Safari/537.36 Edg/114.0.1823.43"
209.74.77.214 - - [21/Jul/2025:15:41:08 +0000] "POST /wp-cron.php?doing_wp_cron=1753112468.4764571189880371093750 HTTP/1.1" 200 - "-" "WordPress/6.8.2; https://akaventures.com.au"
47.82.11.43 - - [21/Jul/2025:15:41:07 +0000] "GET /?y=89025763011940&mod=84106259&uri=article.php?id%3D2970931-219%26name%3Dgw1949+wiseway HTTP/1.1" 301 - "https://akaventures.com.au/?y=89025763011940&mod=84106259&uri=article.php%3Fid%3D2970931-219%26name%3Dgw1949+wiseway" "Mozilla/5.0 (Windows NT 10.0; Win64; x64) AppleWebKit/537.36 (KHTML, like Gecko) Chrome/114.0.0.0 Safari/537.36 Edg/114.0.1823.43"
47.82.11.43 - - [21/Jul/2025:15:41:08 +0000] "GET /?y=89025763011940&mod=84106259&uri=article.php?id%3D2970931-219%26name%3Dgw1949%20wiseway HTTP/1.1" 301 - "https://akaventures.com.au/?y=89025763011940&mod=84106259&uri=article.php%3Fid%3D2970931-219%26name%3Dgw1949+wiseway" "Mozilla/5.0 (Windows NT 10.0; Win64; x64) AppleWebKit/537.36 (KHTML, like Gecko) Chrome/114.0.0.0 Safari/537.36 Edg/114.0.1823.43"
209.74.77.214 - - [21/Jul/2025:15:45:04 +0000] "POST /wp-cron.php?doing_wp_cron=1753112704.5138020515441894531250 HTTP/1.1" 200 - "-" "WordPress/6.8.2; https://akaventures.com.au"
47.82.11.66 - - [21/Jul/2025:15:45:02 +0000] "GET /?y=5245136031940&mod=3a9aa4b8&uri=products.php?id%3D175111-301%26name%3Doutfits+con+botas+negras+de+plataforma HTTP/1.1" 301 - "https://akaventures.com.au/?y=5245136031940&mod=3a9aa4b8&uri=products.php%3Fid%3D175111-301%26name%3Doutfits+con+botas+negras+de+plataforma" "Mozilla/5.0 (Windows NT 10.0; Win64; x64) AppleWebKit/537.36 (KHTML, like Gecko) Chrome/114.0.0.0 Safari/537.36 Edg/114.0.1823.43"
47.82.11.66 - - [21/Jul/2025:15:45:04 +0000] "GET /?y=5245136031940&mod=3a9aa4b8&uri=products.php?id%3D175111-301%26name%3Doutfits%20con%20botas%20negras%20de%20plataforma HTTP/1.1" 301 - "https://akaventures.com.au/?y=5245136031940&mod=3a9aa4b8&uri=products.php%3Fid%3D175111-301%26name%3Doutfits+con+botas+negras+de+plataforma" "Mozilla/5.0 (Windows NT 10.0; Win64; x64) AppleWebKit/537.36 (KHTML, like Gecko) Chrome/114.0.0.0 Safari/537.36 Edg/114.0.1823.43"
104.210.140.130 - - [21/Jul/2025:15:45:49 +0000] "GET /robots.txt HTTP/1.1" 200 97 "-" "Mozilla/5.0 (Macintosh; Intel Mac OS X 10_15_7) AppleWebKit/537.36 (KHTML, like Gecko) Chrome/131.0.0.0 Safari/537.36; compatible; OAI-SearchBot/1.0; +https://openai.com/searchbot"
209.74.77.214 - - [21/Jul/2025:15:48:21 +0000] "POST /wp-cron.php?doing_wp_cron=1753112901.1559960842132568359375 HTTP/1.1" 200 - "-" "WordPress/6.8.2; https://akaventures.com.au"
47.82.11.61 - - [21/Jul/2025:15:48:19 +0000] "GET /?y=5211825021940&mod=32f79142&uri=products.php?id%3D173990-139%26name%3Dhouse+of+fraser+armani+t+shirts HTTP/1.1" 301 - "https://akaventures.com.au/?y=5211825021940&mod=32f79142&uri=products.php%3Fid%3D173990-139%26name%3Dhouse+of+fraser+armani+t+shirts" "Mozilla/5.0 (Windows NT 10.0; Win64; x64) AppleWebKit/537.36 (KHTML, like Gecko) Chrome/114.0.0.0 Safari/537.36 Edg/114.0.1823.43"
47.82.11.61 - - [21/Jul/2025:15:48:21 +0000] "GET /?y=5211825021940&mod=32f79142&uri=products.php?id%3D173990-139%26name%3Dhouse%20of%20fraser%20armani%20t%20shirts HTTP/1.1" 301 - "https://akaventures.com.au/?y=5211825021940&mod=32f79142&uri=products.php%3Fid%3D173990-139%26name%3Dhouse+of+fraser+armani+t+shirts" "Mozilla/5.0 (Windows NT 10.0; Win64; x64) AppleWebKit/537.36 (KHTML, like Gecko) Chrome/114.0.0.0 Safari/537.36 Edg/114.0.1823.43"
209.74.77.214 - - [21/Jul/2025:15:51:48 +0000] "POST /wp-cron.php?doing_wp_cron=1753113108.3826799392700195312500 HTTP/1.1" 200 - "-" "WordPress/6.8.2; https://akaventures.com.au"
47.82.11.4 - - [21/Jul/2025:15:51:46 +0000] "GET /?y=5351567081940&mod=01bfa6f2&uri=info.php?id%3D178661-321%26name%3Dgerman+shepherd+pitbull+wolf+mix HTTP/1.1" 301 - "https://akaventures.com.au/?y=5351567081940&mod=01bfa6f2&uri=info.php%3Fid%3D178661-321%26name%3Dgerman+shepherd+pitbull+wolf+mix" "Mozilla/5.0 (Windows NT 10.0; Win64; x64) AppleWebKit/537.36 (KHTML, like Gecko) Chrome/114.0.0.0 Safari/537.36 Edg/114.0.1823.43"
47.82.11.4 - - [21/Jul/2025:15:51:48 +0000] "GET /?y=5351567081940&mod=01bfa6f2&uri=info.php?id%3D178661-321%26name%3Dgerman%20shepherd%20pitbull%20wolf%20mix HTTP/1.1" 301 - "https://akaventures.com.au/?y=5351567081940&mod=01bfa6f2&uri=info.php%3Fid%3D178661-321%26name%3Dgerman+shepherd+pitbull+wolf+mix" "Mozilla/5.0 (Windows NT 10.0; Win64; x64) AppleWebKit/537.36 (KHTML, like Gecko) Chrome/114.0.0.0 Safari/537.36 Edg/114.0.1823.43"
209.74.77.214 - - [21/Jul/2025:15:52:41 +0000] "POST /wp-cron.php?doing_wp_cron=1753113161.2020189762115478515625 HTTP/1.1" 200 - "-" "WordPress/6.8.2; https://akaventures.com.au"
47.82.11.16 - - [21/Jul/2025:15:52:39 +0000] "GET /?y=5800448111940&mod=5d55e7c1&uri=goods.php?id%3D193702-57%26name%3Dsharaf+dg+airpods HTTP/1.1" 301 - "https://akaventures.com.au/?y=5800448111940&mod=5d55e7c1&uri=goods.php%3Fid%3D193702-57%26name%3Dsharaf+dg+airpods" "Mozilla/5.0 (Windows NT 10.0; Win64; x64) AppleWebKit/537.36 (KHTML, like Gecko) Chrome/114.0.0.0 Safari/537.36 Edg/114.0.1823.43"
47.82.11.16 - - [21/Jul/2025:15:52:41 +0000] "GET /?y=5800448111940&mod=5d55e7c1&uri=goods.php?id%3D193702-57%26name%3Dsharaf%20dg%20airpods HTTP/1.1" 301 - "https://akaventures.com.au/?y=5800448111940&mod=5d55e7c1&uri=goods.php%3Fid%3D193702-57%26name%3Dsharaf+dg+airpods" "Mozilla/5.0 (Windows NT 10.0; Win64; x64) AppleWebKit/537.36 (KHTML, like Gecko) Chrome/114.0.0.0 Safari/537.36 Edg/114.0.1823.43"
47.82.11.18 - - [21/Jul/2025:15:52:49 +0000] "GET /?y=5468682071940&mod=234c7ac2&uri=itm.php?id%3D182567-326%26name%3Dpijama+louis+vuitton+hombre HTTP/1.1" 301 - "https://akaventures.com.au/?y=5468682071940&mod=234c7ac2&uri=itm.php%3Fid%3D182567-326%26name%3Dpijama+louis+vuitton+hombre" "Mozilla/5.0 (Windows NT 10.0; Win64; x64) AppleWebKit/537.36 (KHTML, like Gecko) Chrome/114.0.0.0 Safari/537.36 Edg/114.0.1823.43"
47.82.11.32 - - [21/Jul/2025:15:52:49 +0000] "GET /?y=5213648061940&mod=75a380a0&uri=products.php?id%3D174054-187%26name%3Dmeet+dave+tamilyogi HTTP/1.1" 301 - "https://akaventures.com.au/?y=5213648061940&mod=75a380a0&uri=products.php%3Fid%3D174054-187%26name%3Dmeet+dave+tamilyogi" "Mozilla/5.0 (Windows NT 10.0; Win64; x64) AppleWebKit/537.36 (KHTML, like Gecko) Chrome/114.0.0.0 Safari/537.36 Edg/114.0.1823.43"
47.82.11.18 - - [21/Jul/2025:15:52:49 +0000] "GET /?y=5468682071940&mod=234c7ac2&uri=itm.php?id%3D182567-326%26name%3Dpijama%20louis%20vuitton%20hombre HTTP/1.1" 301 - "https://akaventures.com.au/?y=5468682071940&mod=234c7ac2&uri=itm.php%3Fid%3D182567-326%26name%3Dpijama+louis+vuitton+hombre" "Mozilla/5.0 (Windows NT 10.0; Win64; x64) AppleWebKit/537.36 (KHTML, like Gecko) Chrome/114.0.0.0 Safari/537.36 Edg/114.0.1823.43"
47.82.11.32 - - [21/Jul/2025:15:52:49 +0000] "GET /?y=5213648061940&mod=75a380a0&uri=products.php?id%3D174054-187%26name%3Dmeet%20dave%20tamilyogi HTTP/1.1" 301 - "https://akaventures.com.au/?y=5213648061940&mod=75a380a0&uri=products.php%3Fid%3D174054-187%26name%3Dmeet+dave+tamilyogi" "Mozilla/5.0 (Windows NT 10.0; Win64; x64) AppleWebKit/537.36 (KHTML, like Gecko) Chrome/114.0.0.0 Safari/537.36 Edg/114.0.1823.43"
98.84.184.80 - - [21/Jul/2025:16:09:47 +0000] "GET /contact/ HTTP/1.1" 404 - "-" "Mozilla/5.0 AppleWebKit/537.36 (KHTML, like Gecko; compatible; Amazonbot/0.1; +https://developer.amazon.com/support/amazonbot) Chrome/119.0.6045.214 Safari/537.36"
209.74.77.214 - - [21/Jul/2025:16:11:16 +0000] "POST /wp-cron.php?doing_wp_cron=1753114276.9148790836334228515625 HTTP/1.1" 200 - "-" "WordPress/6.8.2; https://akaventures.com.au"
47.82.11.88 - - [21/Jul/2025:16:11:15 +0000] "GET /?y=5727394061940&mod=ed6e6434&uri=pin.php?id%3D191262-334%26name%3Dmtv+roadies+revolution+2021 HTTP/1.1" 301 - "https://akaventures.com.au/?y=5727394061940&mod=ed6e6434&uri=pin.php%3Fid%3D191262-334%26name%3Dmtv+roadies+revolution+2021" "Mozilla/5.0 (Windows NT 10.0; Win64; x64) AppleWebKit/537.36 (KHTML, like Gecko) Chrome/114.0.0.0 Safari/537.36 Edg/114.0.1823.43"
47.82.11.88 - - [21/Jul/2025:16:11:17 +0000] "GET /?y=5727394061940&mod=ed6e6434&uri=pin.php?id%3D191262-334%26name%3Dmtv%20roadies%20revolution%202021 HTTP/1.1" 301 - "https://akaventures.com.au/?y=5727394061940&mod=ed6e6434&uri=pin.php%3Fid%3D191262-334%26name%3Dmtv+roadies+revolution+2021" "Mozilla/5.0 (Windows NT 10.0; Win64; x64) AppleWebKit/537.36 (KHTML, like Gecko) Chrome/114.0.0.0 Safari/537.36 Edg/114.0.1823.43"
47.82.11.46 - - [21/Jul/2025:16:11:30 +0000] "GET /?y=5741953011940&mod=587fa921&uri=blog.php?id%3D191751-335%26name%3Drcm+payload+injector+pc HTTP/1.1" 301 - "https://akaventures.com.au/?y=5741953011940&mod=587fa921&uri=blog.php%3Fid%3D191751-335%26name%3Drcm+payload+injector+pc" "Mozilla/5.0 (Windows NT 10.0; Win64; x64) AppleWebKit/537.36 (KHTML, like Gecko) Chrome/114.0.0.0 Safari/537.36 Edg/114.0.1823.43"
47.82.11.46 - - [21/Jul/2025:16:11:30 +0000] "GET /?y=5741953011940&mod=587fa921&uri=blog.php?id%3D191751-335%26name%3Drcm%20payload%20injector%20pc HTTP/1.1" 301 - "https://akaventures.com.au/?y=5741953011940&mod=587fa921&uri=blog.php%3Fid%3D191751-335%26name%3Drcm+payload+injector+pc" "Mozilla/5.0 (Windows NT 10.0; Win64; x64) AppleWebKit/537.36 (KHTML, like Gecko) Chrome/114.0.0.0 Safari/537.36 Edg/114.0.1823.43"
209.74.77.214 - - [21/Jul/2025:16:20:09 +0000] "POST /wp-cron.php?doing_wp_cron=1753114809.5716919898986816406250 HTTP/1.1" 200 - "-" "WordPress/6.8.2; https://akaventures.com.au"
47.82.11.77 - - [21/Jul/2025:16:20:07 +0000] "GET /?y=5690070061940&mod=45624715&uri=shared.php?id%3D189990-333%26name%3Dmost+common+width+mens+wedding+bands HTTP/1.1" 301 - "https://akaventures.com.au/?y=5690070061940&mod=45624715&uri=shared.php%3Fid%3D189990-333%26name%3Dmost+common+width+mens+wedding+bands" "Mozilla/5.0 (Windows NT 10.0; Win64; x64) AppleWebKit/537.36 (KHTML, like Gecko) Chrome/114.0.0.0 Safari/537.36 Edg/114.0.1823.43"
47.82.11.77 - - [21/Jul/2025:16:20:09 +0000] "GET /?y=5690070061940&mod=45624715&uri=shared.php?id%3D189990-333%26name%3Dmost%20common%20width%20mens%20wedding%20bands HTTP/1.1" 301 - "https://akaventures.com.au/?y=5690070061940&mod=45624715&uri=shared.php%3Fid%3D189990-333%26name%3Dmost+common+width+mens+wedding+bands" "Mozilla/5.0 (Windows NT 10.0; Win64; x64) AppleWebKit/537.36 (KHTML, like Gecko) Chrome/114.0.0.0 Safari/537.36 Edg/114.0.1823.43"
209.74.77.214 - - [21/Jul/2025:16:21:15 +0000] "POST /wp-cron.php?doing_wp_cron=1753114875.5454308986663818359375 HTTP/1.1" 200 - "-" "WordPress/6.8.2; https://akaventures.com.au"
47.82.11.23 - - [21/Jul/2025:16:21:14 +0000] "GET /?y=5212361081940&mod=75a380a0&uri=category-info.php?id%3D174010-187%26name%3Dnarnia+tamilyogi HTTP/1.1" 301 - "https://akaventures.com.au/?y=5212361081940&mod=75a380a0&uri=category-info.php%3Fid%3D174010-187%26name%3Dnarnia+tamilyogi" "Mozilla/5.0 (Windows NT 10.0; Win64; x64) AppleWebKit/537.36 (KHTML, like Gecko) Chrome/114.0.0.0 Safari/537.36 Edg/114.0.1823.43"
47.82.11.23 - - [21/Jul/2025:16:21:15 +0000] "GET /?y=5212361081940&mod=75a380a0&uri=category-info.php?id%3D174010-187%26name%3Dnarnia%20tamilyogi HTTP/1.1" 301 - "https://akaventures.com.au/?y=5212361081940&mod=75a380a0&uri=category-info.php%3Fid%3D174010-187%26name%3Dnarnia+tamilyogi" "Mozilla/5.0 (Windows NT 10.0; Win64; x64) AppleWebKit/537.36 (KHTML, like Gecko) Chrome/114.0.0.0 Safari/537.36 Edg/114.0.1823.43"
209.74.77.214 - - [21/Jul/2025:16:21:43 +0000] "POST /wp-cron.php?doing_wp_cron=1753114903.2172560691833496093750 HTTP/1.1" 200 - "-" "WordPress/6.8.2; https://akaventures.com.au"
47.82.11.98 - - [21/Jul/2025:16:21:43 +0000] "GET /?y=5685930111940&mod=45624715&uri=brands.php?id%3D189852-333%26name%3Djewelry+stores+in+woodland+hills+mall HTTP/1.1" 301 - "https://akaventures.com.au/?y=5685930111940&mod=45624715&uri=brands.php%3Fid%3D189852-333%26name%3Djewelry+stores+in+woodland+hills+mall" "Mozilla/5.0 (Windows NT 10.0; Win64; x64) AppleWebKit/537.36 (KHTML, like Gecko) Chrome/114.0.0.0 Safari/537.36 Edg/114.0.1823.43"
47.82.11.98 - - [21/Jul/2025:16:21:43 +0000] "GET /?y=5685930111940&mod=45624715&uri=brands.php?id%3D189852-333%26name%3Djewelry%20stores%20in%20woodland%20hills%20mall HTTP/1.1" 301 - "https://akaventures.com.au/?y=5685930111940&mod=45624715&uri=brands.php%3Fid%3D189852-333%26name%3Djewelry+stores+in+woodland+hills+mall" "Mozilla/5.0 (Windows NT 10.0; Win64; x64) AppleWebKit/537.36 (KHTML, like Gecko) Chrome/114.0.0.0 Safari/537.36 Edg/114.0.1823.43"
57.141.2.6 - - [21/Jul/2025:16:26:24 +0000] "GET /entity/889479893.shtm HTTP/1.1" 404 - "-" "meta-externalagent/1.1 (+https://developers.facebook.com/docs/sharing/webmasters/crawler)"
209.74.77.214 - - [21/Jul/2025:16:31:57 +0000] "POST /wp-cron.php?doing_wp_cron=1753115517.6311390399932861328125 HTTP/1.1" 200 - "-" "WordPress/6.8.2; https://akaventures.com.au"
47.82.11.21 - - [21/Jul/2025:16:31:56 +0000] "GET /?y=5730951011940&mod=ed6e6434&uri=goods.php?id%3D191383-334%26name%3Dwatch+coronation+street+gem HTTP/1.1" 301 - "https://akaventures.com.au/?y=5730951011940&mod=ed6e6434&uri=goods.php%3Fid%3D191383-334%26name%3Dwatch+coronation+street+gem" "Mozilla/5.0 (Windows NT 10.0; Win64; x64) AppleWebKit/537.36 (KHTML, like Gecko) Chrome/114.0.0.0 Safari/537.36 Edg/114.0.1823.43"
47.82.11.21 - - [21/Jul/2025:16:31:57 +0000] "GET /?y=5730951011940&mod=ed6e6434&uri=goods.php?id%3D191383-334%26name%3Dwatch%20coronation%20street%20gem HTTP/1.1" 301 - "https://akaventures.com.au/?y=5730951011940&mod=ed6e6434&uri=goods.php%3Fid%3D191383-334%26name%3Dwatch+coronation+street+gem" "Mozilla/5.0 (Windows NT 10.0; Win64; x64) AppleWebKit/537.36 (KHTML, like Gecko) Chrome/114.0.0.0 Safari/537.36 Edg/114.0.1823.43"
209.74.77.214 - - [21/Jul/2025:16:40:53 +0000] "POST /wp-cron.php?doing_wp_cron=1753116053.1846439838409423828125 HTTP/1.1" 200 - "-" "WordPress/6.8.2; https://akaventures.com.au"
47.82.11.38 - - [21/Jul/2025:16:40:51 +0000] "GET /?y=59504506051940&mod=f18398f8&uri=shared.php?id%3D1985701-332%26name%3Dgarmin+noel+leeming HTTP/1.1" 301 - "https://akaventures.com.au/?y=59504506051940&mod=f18398f8&uri=shared.php%3Fid%3D1985701-332%26name%3Dgarmin+noel+leeming" "Mozilla/5.0 (Windows NT 10.0; Win64; x64) AppleWebKit/537.36 (KHTML, like Gecko) Chrome/114.0.0.0 Safari/537.36 Edg/114.0.1823.43"
47.82.11.38 - - [21/Jul/2025:16:40:53 +0000] "GET /?y=59504506051940&mod=f18398f8&uri=shared.php?id%3D1985701-332%26name%3Dgarmin%20noel%20leeming HTTP/1.1" 301 - "https://akaventures.com.au/?y=59504506051940&mod=f18398f8&uri=shared.php%3Fid%3D1985701-332%26name%3Dgarmin+noel+leeming" "Mozilla/5.0 (Windows NT 10.0; Win64; x64) AppleWebKit/537.36 (KHTML, like Gecko) Chrome/114.0.0.0 Safari/537.36 Edg/114.0.1823.43"
45.227.253.15 - - [21/Jul/2025:16:49:57 +0000] "GET /images/images/images/images/index.php?ARRAY=7o2230223n313735333132303330362p2231223n22687474703n5p2s5p2s7n7334383376313373752r746s6566612r626p6s675p2s3s6p633q78696164616r5s72616r645s7061746826743q313735333131363730362q3931333166306665346433356465313733653565396362643530656162613638222p2232223n223738646365636336363630643663303230393033326139323431663764613338222p2233223n223236313736316262613936313838633038333939626534333630613935386237222p2262696r675s70617373223n2231372q33312q35332q36392q37322q38392q3330227q HTTP/1.1" 200 - "-" "Mozilla/5.0 (Macintosh; Intel Mac OS X 10.12; rv:103.0) Gecko/20100101 Firefox/102.0"
209.74.77.214 - - [21/Jul/2025:16:51:20 +0000] "POST /wp-cron.php?doing_wp_cron=1753116680.6466588973999023437500 HTTP/1.1" 200 - "-" "WordPress/6.8.2; https://akaventures.com.au"
47.82.11.8 - - [21/Jul/2025:16:51:18 +0000] "GET /?y=5392305051940&mod=da960bb5&uri=article.php?id%3D180020-270%26name%3Dbest+pen+for+filling+omr+sheet HTTP/1.1" 301 - "https://akaventures.com.au/?y=5392305051940&mod=da960bb5&uri=article.php%3Fid%3D180020-270%26name%3Dbest+pen+for+filling+omr+sheet" "Mozilla/5.0 (Windows NT 10.0; Win64; x64) AppleWebKit/537.36 (KHTML, like Gecko) Chrome/114.0.0.0 Safari/537.36 Edg/114.0.1823.43"
