66.249.74.130 - - [21/Jul/2025:23:50:36 +0000] "GET /?y=5463492041940&mod=234c7ac2&uri=news.php%3Fid%3D182394-326%26name%3Dzapatos+de+mujer+con+pulsera HTTP/1.1" 200 19409 "-" "Mozilla/5.0 (Linux; Android 6.0.1; Nexus 5X Build/MMB29P) AppleWebKit/537.36 (KHTML, like Gecko) Chrome/137.0.7151.103 Mobile Safari/537.36 (compatible; Googlebot/2.1; +http://www.google.com/bot.html)"
66.249.74.131 - - [21/Jul/2025:23:50:36 +0000] "GET /?y=5495687031940&mod=234c7ac2&uri=form.php%3Fid%3D183469-326%26name%3Dgafas+louis+vuitton+evidence+precio HTTP/1.1" 200 19413 "-" "Mozilla/5.0 (Linux; Android 6.0.1; Nexus 5X Build/MMB29P) AppleWebKit/537.36 (KHTML, like Gecko) Chrome/137.0.7151.103 Mobile Safari/537.36 (compatible; Googlebot/2.1; +http://www.google.com/bot.html)"
66.249.74.130 - - [21/Jul/2025:23:50:37 +0000] "GET /?y=5550274081940&mod=20877bef&uri=products.php%3Fid%3D185289-310%26name%3Dgtx+1650+low+profile+specs HTTP/1.1" 200 19409 "-" "Mozilla/5.0 (Linux; Android 6.0.1; Nexus 5X Build/MMB29P) AppleWebKit/537.36 (KHTML, like Gecko) Chrome/137.0.7151.103 Mobile Safari/537.36 (compatible; Googlebot/2.1; +http://www.google.com/bot.html)"
66.249.74.131 - - [21/Jul/2025:23:50:37 +0000] "GET /?y=5248502001940&mod=3a9aa4b8&uri=news.php%3Fid%3D175224-301%26name%3Doutfit+con+botas+blancas+de+plataforma HTTP/1.1" 200 19415 "-" "Mozilla/5.0 (Linux; Android 6.0.1; Nexus 5X Build/MMB29P) AppleWebKit/537.36 (KHTML, like Gecko) Chrome/137.0.7151.103 Mobile Safari/537.36 (compatible; Googlebot/2.1; +http://www.google.com/bot.html)"
66.249.74.131 - - [21/Jul/2025:23:50:38 +0000] "GET /?y=5646239021940&mod=c20cbf08&uri=goods.php%3Fid%3D188526-315%26name%3Dholzzeit+uhren HTTP/1.1" 200 19386 "-" "Mozilla/5.0 (Linux; Android 6.0.1; Nexus 5X Build/MMB29P) AppleWebKit/537.36 (KHTML, like Gecko) Chrome/137.0.7151.103 Mobile Safari/537.36 (compatible; Googlebot/2.1; +http://www.google.com/bot.html)"
66.249.74.131 - - [21/Jul/2025:23:50:38 +0000] "GET /?y=5380395011940&mod=da960bb5&uri=us.php%3Fid%3D179623-270%26name%3Duniball+click+ball+pen HTTP/1.1" 200 19386 "-" "Mozilla/5.0 (Linux; Android 6.0.1; Nexus 5X Build/MMB29P) AppleWebKit/537.36 (KHTML, like Gecko) Chrome/137.0.7151.103 Mobile Safari/537.36 (compatible; Googlebot/2.1; +http://www.google.com/bot.html)"
66.249.74.130 - - [21/Jul/2025:23:50:39 +0000] "GET /?y=5323689051940&mod=ca50333d&uri=pin.php%3Fid%3D177731-318%26name%3Dremeras+adidas+hombre+2017 HTTP/1.1" 200 19398 "-" "Mozilla/5.0 (Linux; Android 6.0.1; Nexus 5X Build/MMB29P) AppleWebKit/537.36 (KHTML, like Gecko) Chrome/137.0.7151.103 Mobile Safari/537.36 (compatible; Googlebot/2.1; +http://www.google.com/bot.html)"
66.249.74.131 - - [21/Jul/2025:23:50:41 +0000] "GET /?y=5619000091940&mod=f18398f8&uri=category-info.php%3Fid%3D187609-332%26name%3Dkindri+kindri+nach+dj HTTP/1.1" 200 19420 "-" "Mozilla/5.0 (Linux; Android 6.0.1; Nexus 5X Build/MMB29P) AppleWebKit/537.36 (KHTML, like Gecko) Chrome/137.0.7151.103 Mobile Safari/537.36 (compatible; Googlebot/2.1; +http://www.google.com/bot.html)"
66.249.74.131 - - [21/Jul/2025:23:50:42 +0000] "GET /?y=5483682131940&mod=234c7ac2&uri=brands.php%3Fid%3D183067-326%26name%3Dtag+louis+vuitton HTTP/1.1" 200 19386 "-" "Mozilla/5.0 (Linux; Android 6.0.1; Nexus 5X Build/MMB29P) AppleWebKit/537.36 (KHTML, like Gecko) Chrome/137.0.7151.103 Mobile Safari/537.36 (compatible; Googlebot/2.1; +http://www.google.com/bot.html)"
66.249.74.131 - - [21/Jul/2025:23:50:43 +0000] "GET /?y=5322939101940&mod=2755ed63&uri=goods.php%3Fid%3D177706-319%26name%3Dadidas+clasicas+baratas HTTP/1.1" 200 19394 "-" "Mozilla/5.0 (Linux; Android 6.0.1; Nexus 5X Build/MMB29P) AppleWebKit/537.36 (KHTML, like Gecko) Chrome/137.0.7151.103 Mobile Safari/537.36 (compatible; Googlebot/2.1; +http://www.google.com/bot.html)"
66.249.74.130 - - [21/Jul/2025:23:50:44 +0000] "GET /?y=5474142011940&mod=234c7ac2&uri=shop.php%3Fid%3D182749-326%26name%3Dzuecos+farmacia HTTP/1.1" 200 19386 "-" "Mozilla/5.0 (Linux; Android 6.0.1; Nexus 5X Build/MMB29P) AppleWebKit/537.36 (KHTML, like Gecko) Chrome/137.0.7151.103 Mobile Safari/537.36 (compatible; Googlebot/2.1; +http://www.google.com/bot.html)"
66.249.74.130 - - [21/Jul/2025:23:50:45 +0000] "GET /?y=5238561011940&mod=889b262e&uri=product.php%3Fid%3D174891-312%26name%3Dmunich+el+corte+ingles+mujer HTTP/1.1" 200 19410 "-" "Mozilla/5.0 (Linux; Android 6.0.1; Nexus 5X Build/MMB29P) AppleWebKit/537.36 (KHTML, like Gecko) Chrome/137.0.7151.103 Mobile Safari/537.36 (compatible; Googlebot/2.1; +http://www.google.com/bot.html)"
66.249.74.132 - - [21/Jul/2025:23:50:45 +0000] "GET /?y=5321229071940&mod=ca50333d&uri=category-info.php%3Fid%3D177649-318%26name%3Dzapatillas+adidas+originals+mujer+mercado+libre HTTP/1.1" 200 19463 "-" "Mozilla/5.0 (Linux; Android 6.0.1; Nexus 5X Build/MMB29P) AppleWebKit/537.36 (KHTML, like Gecko) Chrome/137.0.7151.103 Mobile Safari/537.36 (compatible; Googlebot/2.1; +http://www.google.com/bot.html)"
66.249.74.130 - - [21/Jul/2025:23:50:46 +0000] "GET /?y=5613046031940&mod=f18398f8&uri=info.php%3Fid%3D187404-332%26name%3Dodia+sambalpuri+album+geeta HTTP/1.1" 200 19404 "-" "Mozilla/5.0 (Linux; Android 6.0.1; Nexus 5X Build/MMB29P) AppleWebKit/537.36 (KHTML, like Gecko) Chrome/137.0.7151.103 Mobile Safari/537.36 (compatible; Googlebot/2.1; +http://www.google.com/bot.html)"
66.249.74.132 - - [21/Jul/2025:23:50:46 +0000] "GET /?y=70042313051940&mod=3c50daca&uri=goods.php%3Fid%3D2337391-328%26name%3Dbiker+boots+44 HTTP/1.1" 200 19392 "-" "Mozilla/5.0 (Linux; Android 6.0.1; Nexus 5X Build/MMB29P) AppleWebKit/537.36 (KHTML, like Gecko) Chrome/137.0.7151.103 Mobile Safari/537.36 (compatible; Googlebot/2.1; +http://www.google.com/bot.html)"
66.249.74.131 - - [21/Jul/2025:23:50:47 +0000] "GET /?y=5461002071940&mod=234c7ac2&uri=dp.php%3Fid%3D182311-326%26name%3Dlouis+vuitton+tenis+de+mujer HTTP/1.1" 200 19398 "-" "Mozilla/5.0 (Linux; Android 6.0.1; Nexus 5X Build/MMB29P) AppleWebKit/537.36 (KHTML, like Gecko) Chrome/137.0.7151.103 Mobile Safari/537.36 (compatible; Googlebot/2.1; +http://www.google.com/bot.html)"
66.249.74.130 - - [21/Jul/2025:23:50:48 +0000] "GET /?y=5471322071940&mod=234c7ac2&uri=products.php%3Fid%3D182655-326%26name%3Dtenis+nike+croki+negro+alto HTTP/1.1" 200 19408 "-" "Mozilla/5.0 (Linux; Android 6.0.1; Nexus 5X Build/MMB29P) AppleWebKit/537.36 (KHTML, like Gecko) Chrome/137.0.7151.103 Mobile Safari/537.36 (compatible; Googlebot/2.1; +http://www.google.com/bot.html)"
66.249.74.132 - - [21/Jul/2025:23:50:49 +0000] "GET /?y=5344689001940&mod=ca50333d&uri=info.php%3Fid%3D178431-318%26name%3Dasics+altas HTTP/1.1" 200 19376 "-" "Mozilla/5.0 (Linux; Android 6.0.1; Nexus 5X Build/MMB29P) AppleWebKit/537.36 (KHTML, like Gecko) Chrome/137.0.7151.103 Mobile Safari/537.36 (compatible; Googlebot/2.1; +http://www.google.com/bot.html)"
66.249.74.131 - - [21/Jul/2025:23:50:50 +0000] "GET /?y=5460522011940&mod=234c7ac2&uri=news.php%3Fid%3D182295-326%26name%3Dgafas+de+sol+louis+vuitton+mujer HTTP/1.1" 200 19417 "-" "Mozilla/5.0 (Linux; Android 6.0.1; Nexus 5X Build/MMB29P) AppleWebKit/537.36 (KHTML, like Gecko) Chrome/137.0.7151.103 Mobile Safari/537.36 (compatible; Googlebot/2.1; +http://www.google.com/bot.html)"
66.249.74.130 - - [21/Jul/2025:23:50:51 +0000] "GET /?y=5242976091940&mod=3a9aa4b8&uri=info.php%3Fid%3D175039-301%26name%3Doutfit+pantal%C3%83%C2%B3n+negro+bota+campana HTTP/1.1" 200 19436 "-" "Mozilla/5.0 (Linux; Android 6.0.1; Nexus 5X Build/MMB29P) AppleWebKit/537.36 (KHTML, like Gecko) Chrome/137.0.7151.103 Mobile Safari/537.36 (compatible; Googlebot/2.1; +http://www.google.com/bot.html)"
66.249.74.131 - - [21/Jul/2025:23:50:51 +0000] "GET /?y=5244356051940&mod=889b262e&uri=brands.php%3Fid%3D175085-312%26name%3Dcrossfit+mujer+ropa HTTP/1.1" 200 19394 "-" "Mozilla/5.0 (Linux; Android 6.0.1; Nexus 5X Build/MMB29P) AppleWebKit/537.36 (KHTML, like Gecko) Chrome/137.0.7151.103 Mobile Safari/537.36 (compatible; Googlebot/2.1; +http://www.google.com/bot.html)"
66.249.74.131 - - [21/Jul/2025:23:50:52 +0000] "GET /?y=5463162091940&mod=234c7ac2&uri=info.php%3Fid%3D182383-326%26name%3Dmasaltos+el+corte+ingl%C3%83%C2%A9s HTTP/1.1" 200 19426 "-" "Mozilla/5.0 (Linux; Android 6.0.1; Nexus 5X Build/MMB29P) AppleWebKit/537.36 (KHTML, like Gecko) Chrome/137.0.7151.103 Mobile Safari/537.36 (compatible; Googlebot/2.1; +http://www.google.com/bot.html)"
66.249.74.132 - - [21/Jul/2025:23:50:53 +0000] "POST /get-message-notify HTTP/1.1" 404 - "https://akaventures.com.au/?y=5344689001940&mod=ca50333d&uri=info.php%3Fid%3D178431-318%26name%3Dasics+altas" "Mozilla/5.0 (Linux; Android 6.0.1; Nexus 5X Build/MMB29P) AppleWebKit/537.36 (KHTML, like Gecko) Chrome/137.0.7151.119 Mobile Safari/537.36 (compatible; Googlebot/2.1; +http://www.google.com/bot.html)"
66.249.74.130 - - [21/Jul/2025:23:50:53 +0000] "GET /?y=5462442071940&mod=2a7391fb&uri=brands.php%3Fid%3D182359-327%26name%3Dzapatillas+skechers+shape+ups HTTP/1.1" 200 19413 "-" "Mozilla/5.0 (Linux; Android 6.0.1; Nexus 5X Build/MMB29P) AppleWebKit/537.36 (KHTML, like Gecko) Chrome/137.0.7151.103 Mobile Safari/537.36 (compatible; Googlebot/2.1; +http://www.google.com/bot.html)"
66.249.74.131 - - [21/Jul/2025:23:50:53 +0000] "GET /?y=5477562071940&mod=234c7ac2&uri=pin.php%3Fid%3D182863-326%26name%3Dbolsas+de+mano+louis+vuitton+originales+precios HTTP/1.1" 200 19434 "-" "Mozilla/5.0 (Linux; Android 6.0.1; Nexus 5X Build/MMB29P) AppleWebKit/537.36 (KHTML, like Gecko) Chrome/137.0.7151.103 Mobile Safari/537.36 (compatible; Googlebot/2.1; +http://www.google.com/bot.html)"
66.249.74.133 - - [21/Jul/2025:23:50:54 +0000] "GET /?y=5482392051940&mod=234c7ac2&uri=brands.php%3Fid%3D183024-326%26name%3Dlouis+voit HTTP/1.1" 200 19384 "-" "Mozilla/5.0 (Linux; Android 6.0.1; Nexus 5X Build/MMB29P) AppleWebKit/537.36 (KHTML, like Gecko) Chrome/137.0.7151.103 Mobile Safari/537.36 (compatible; Googlebot/2.1; +http://www.google.com/bot.html)"
66.249.74.131 - - [21/Jul/2025:23:50:55 +0000] "POST /get-message-notify HTTP/1.1" 404 - "https://akaventures.com.au/?y=5321229071940&mod=ca50333d&uri=category-info.php%3Fid%3D177649-318%26name%3Dzapatillas+adidas+originals+mujer+mercado+libre" "Mozilla/5.0 (Linux; Android 6.0.1; Nexus 5X Build/MMB29P) AppleWebKit/537.36 (KHTML, like Gecko) Chrome/137.0.7151.119 Mobile Safari/537.36 (compatible; Googlebot/2.1; +http://www.google.com/bot.html)"
66.249.74.131 - - [21/Jul/2025:23:50:55 +0000] "POST /get-message-notify HTTP/1.1" 404 - "https://akaventures.com.au/?y=5471322071940&mod=234c7ac2&uri=products.php%3Fid%3D182655-326%26name%3Dtenis+nike+croki+negro+alto" "Mozilla/5.0 (Linux; Android 6.0.1; Nexus 5X Build/MMB29P) AppleWebKit/537.36 (KHTML, like Gecko) Chrome/137.0.7151.119 Mobile Safari/537.36 (compatible; Googlebot/2.1; +http://www.google.com/bot.html)"
66.249.74.130 - - [21/Jul/2025:23:50:55 +0000] "GET /?y=5476392001940&mod=234c7ac2&uri=category-info.php%3Fid%3D182824-326%26name%3Dzuecos+para+varices HTTP/1.1" 200 19427 "-" "Mozilla/5.0 (Linux; Android 6.0.1; Nexus 5X Build/MMB29P) AppleWebKit/537.36 (KHTML, like Gecko) Chrome/137.0.7151.103 Mobile Safari/537.36 (compatible; Googlebot/2.1; +http://www.google.com/bot.html)"
66.249.74.130 - - [21/Jul/2025:23:50:56 +0000] "POST /get-message-notify HTTP/1.1" 404 - "https://akaventures.com.au/?y=5483682131940&mod=234c7ac2&uri=brands.php%3Fid%3D183067-326%26name%3Dtag+louis+vuitton" "Mozilla/5.0 (Linux; Android 6.0.1; Nexus 5X Build/MMB29P) AppleWebKit/537.36 (KHTML, like Gecko) Chrome/137.0.7151.119 Mobile Safari/537.36 (compatible; Googlebot/2.1; +http://www.google.com/bot.html)"
66.249.74.130 - - [21/Jul/2025:23:50:56 +0000] "GET /?y=5476692001940&mod=234c7ac2&uri=info.php%3Fid%3D182834-326%26name%3Dkinetic+zuecos HTTP/1.1" 200 19385 "-" "Mozilla/5.0 (Linux; Android 6.0.1; Nexus 5X Build/MMB29P) AppleWebKit/537.36 (KHTML, like Gecko) Chrome/137.0.7151.103 Mobile Safari/537.36 (compatible; Googlebot/2.1; +http://www.google.com/bot.html)"
66.249.74.133 - - [21/Jul/2025:23:50:57 +0000] "POST /get-message-notify HTTP/1.1" 404 - "https://akaventures.com.au/?y=5613046031940&mod=f18398f8&uri=info.php%3Fid%3D187404-332%26name%3Dodia+sambalpuri+album+geeta" "Mozilla/5.0 (Linux; Android 6.0.1; Nexus 5X Build/MMB29P) AppleWebKit/537.36 (KHTML, like Gecko) Chrome/137.0.7151.119 Mobile Safari/537.36 (compatible; Googlebot/2.1; +http://www.google.com/bot.html)"
66.249.74.133 - - [21/Jul/2025:23:50:58 +0000] "GET /?y=5329509091940&mod=ca50333d&uri=article.php%3Fid%3D177925-318%26name%3Dzapatos+adidas+para+mujer+colombia HTTP/1.1" 200 19425 "-" "Mozilla/5.0 (Linux; Android 6.0.1; Nexus 5X Build/MMB29P) AppleWebKit/537.36 (KHTML, like Gecko) Chrome/137.0.7151.103 Mobile Safari/537.36 (compatible; Googlebot/2.1; +http://www.google.com/bot.html)"
66.249.74.133 - - [21/Jul/2025:23:50:59 +0000] "GET /?y=5725835001940&mod=ed6e6434&uri=form.php%3Fid%3D191207-334%26name%3Djao+sao+jum+yorm+dramacool HTTP/1.1" 200 19399 "-" "Mozilla/5.0 (Linux; Android 6.0.1; Nexus 5X Build/MMB29P) AppleWebKit/537.36 (KHTML, like Gecko) Chrome/137.0.7151.103 Mobile Safari/537.36 (compatible; Googlebot/2.1; +http://www.google.com/bot.html)"
66.249.74.131 - - [21/Jul/2025:23:51:01 +0000] "POST /get-message-notify HTTP/1.1" 404 - "https://akaventures.com.au/?y=5329509091940&mod=ca50333d&uri=article.php%3Fid%3D177925-318%26name%3Dzapatos+adidas+para+mujer+colombia" "Mozilla/5.0 (Linux; Android 6.0.1; Nexus 5X Build/MMB29P) AppleWebKit/537.36 (KHTML, like Gecko) Chrome/137.0.7151.119 Mobile Safari/537.36 (compatible; Googlebot/2.1; +http://www.google.com/bot.html)"
66.249.74.132 - - [21/Jul/2025:23:51:01 +0000] "GET /?y=5215727031940&mod=75a380a0&uri=goods.php%3Fid%3D174126-187%26name%3Dmetro+tamilyogi HTTP/1.1" 200 19385 "-" "Mozilla/5.0 (Linux; Android 6.0.1; Nexus 5X Build/MMB29P) AppleWebKit/537.36 (KHTML, like Gecko) Chrome/137.0.7151.103 Mobile Safari/537.36 (compatible; Googlebot/2.1; +http://www.google.com/bot.html)"
66.249.74.130 - - [21/Jul/2025:23:51:01 +0000] "GET /?y=5322549031940&mod=ca50333d&uri=article.php%3Fid%3D177693-318%26name%3Dzapatillas+adidas+stan+smith+negras HTTP/1.1" 200 19426 "-" "Mozilla/5.0 (Linux; Android 6.0.1; Nexus 5X Build/MMB29P) AppleWebKit/537.36 (KHTML, like Gecko) Chrome/137.0.7151.103 Mobile Safari/537.36 (compatible; Googlebot/2.1; +http://www.google.com/bot.html)"
66.249.74.131 - - [21/Jul/2025:23:51:02 +0000] "GET /?y=5831574011940&mod=16755a59&uri=brands.php%3Fid%3D194741-339%26name%3Dzapatos+reebok+fotos+argentina HTTP/1.1" 200 19406 "-" "Mozilla/5.0 (Linux; Android 6.0.1; Nexus 5X Build/MMB29P) AppleWebKit/537.36 (KHTML, like Gecko) Chrome/137.0.7151.103 Mobile Safari/537.36 (compatible; Googlebot/2.1; +http://www.google.com/bot.html)"
66.249.74.130 - - [21/Jul/2025:23:51:03 +0000] "POST /get-message-notify HTTP/1.1" 404 - "https://akaventures.com.au/?y=5725835001940&mod=ed6e6434&uri=form.php%3Fid%3D191207-334%26name%3Djao+sao+jum+yorm+dramacool" "Mozilla/5.0 (Linux; Android 6.0.1; Nexus 5X Build/MMB29P) AppleWebKit/537.36 (KHTML, like Gecko) Chrome/137.0.7151.119 Mobile Safari/537.36 (compatible; Googlebot/2.1; +http://www.google.com/bot.html)"
66.249.74.131 - - [21/Jul/2025:23:51:03 +0000] "GET /?y=5394285021940&mod=da960bb5&uri=brands.php%3Fid%3D180086-270%26name%3Dpitt+brush+pens+faber+castell HTTP/1.1" 200 19410 "-" "Mozilla/5.0 (Linux; Android 6.0.1; Nexus 5X Build/MMB29P) AppleWebKit/537.36 (KHTML, like Gecko) Chrome/137.0.7151.103 Mobile Safari/537.36 (compatible; Googlebot/2.1; +http://www.google.com/bot.html)"
66.249.74.130 - - [21/Jul/2025:23:51:05 +0000] "POST /get-message-notify HTTP/1.1" 404 - "https://akaventures.com.au/?y=70042313051940&mod=3c50daca&uri=goods.php%3Fid%3D2337391-328%26name%3Dbiker+boots+44" "Mozilla/5.0 (Linux; Android 6.0.1; Nexus 5X Build/MMB29P) AppleWebKit/537.36 (KHTML, like Gecko) Chrome/137.0.7151.119 Mobile Safari/537.36 (compatible; Googlebot/2.1; +http://www.google.com/bot.html)"
66.249.74.130 - - [21/Jul/2025:23:51:05 +0000] "GET /?y=5214565031940&mod=75a380a0&uri=blog.php%3Fid%3D174086-187%26name%3Dtoday+match+mumbai+indians HTTP/1.1" 200 19406 "-" "Mozilla/5.0 (Linux; Android 6.0.1; Nexus 5X Build/MMB29P) AppleWebKit/537.36 (KHTML, like Gecko) Chrome/137.0.7151.103 Mobile Safari/537.36 (compatible; Googlebot/2.1; +http://www.google.com/bot.html)"
66.249.74.130 - - [21/Jul/2025:23:51:07 +0000] "GET /?y=5214788041940&mod=75a380a0&uri=pin.php%3Fid%3D174094-187%26name%3Dfilmywap+ardab+mutiyaran HTTP/1.1" 200 19399 "-" "Mozilla/5.0 (Linux; Android 6.0.1; Nexus 5X Build/MMB29P) AppleWebKit/537.36 (KHTML, like Gecko) Chrome/137.0.7151.103 Mobile Safari/537.36 (compatible; Googlebot/2.1; +http://www.google.com/bot.html)"
66.249.74.130 - - [21/Jul/2025:23:51:08 +0000] "GET /?y=5214895021940&mod=75a380a0&uri=search.php%3Fid%3D174098-187%26name%3Dkung+fu+yoga+tamilyogi HTTP/1.1" 200 19394 "-" "Mozilla/5.0 (Linux; Android 6.0.1; Nexus 5X Build/MMB29P) AppleWebKit/537.36 (KHTML, like Gecko) Chrome/137.0.7151.103 Mobile Safari/537.36 (compatible; Googlebot/2.1; +http://www.google.com/bot.html)"
66.249.74.130 - - [21/Jul/2025:23:51:10 +0000] "GET /?y=5472972141940&mod=234c7ac2&uri=form.php%3Fid%3D182710-326%26name%3Dzuecos+de+jardin HTTP/1.1" 200 19383 "-" "Mozilla/5.0 (Linux; Android 6.0.1; Nexus 5X Build/MMB29P) AppleWebKit/537.36 (KHTML, like Gecko) Chrome/137.0.7151.103 Mobile Safari/537.36 (compatible; Googlebot/2.1; +http://www.google.com/bot.html)"
66.249.74.131 - - [21/Jul/2025:23:51:10 +0000] "GET /?y=5633767001940&mod=c20cbf08&uri=search.php%3Fid%3D188108-315%26name%3Dice+watch+blau+gr%C3%83%C2%BCn HTTP/1.1" 200 19415 "-" "Mozilla/5.0 (Linux; Android 6.0.1; Nexus 5X Build/MMB29P) AppleWebKit/537.36 (KHTML, like Gecko) Chrome/137.0.7151.103 Mobile Safari/537.36 (compatible; Googlebot/2.1; +http://www.google.com/bot.html)"
66.249.74.130 - - [21/Jul/2025:23:51:11 +0000] "GET /?y=5641530001940&mod=c20cbf08&uri=form.php%3Fid%3D188368-315%26name%3Dwelche+luxusuhr+passt+zu+mir HTTP/1.1" 200 19410 "-" "Mozilla/5.0 (Linux; Android 6.0.1; Nexus 5X Build/MMB29P) AppleWebKit/537.36 (KHTML, like Gecko) Chrome/137.0.7151.103 Mobile Safari/537.36 (compatible; Googlebot/2.1; +http://www.google.com/bot.html)"
66.249.74.130 - - [21/Jul/2025:23:51:11 +0000] "POST /get-message-notify HTTP/1.1" 404 - "https://akaventures.com.au/?y=5463162091940&mod=234c7ac2&uri=info.php%3Fid%3D182383-326%26name%3Dmasaltos+el+corte+ingl%C3%83%C2%A9s" "Mozilla/5.0 (Linux; Android 6.0.1; Nexus 5X Build/MMB29P) AppleWebKit/537.36 (KHTML, like Gecko) Chrome/137.0.7151.119 Mobile Safari/537.36 (compatible; Googlebot/2.1; +http://www.google.com/bot.html)"
66.249.74.131 - - [21/Jul/2025:23:51:14 +0000] "POST /get-message-notify HTTP/1.1" 404 - "https://akaventures.com.au/?y=5596290041940&mod=dc19fa59&uri=shop.php%3Fid%3D186826-331%26name%3Dnike+joyride+new" "Mozilla/5.0 (Linux; Android 6.0.1; Nexus 5X Build/MMB29P) AppleWebKit/537.36 (KHTML, like Gecko) Chrome/137.0.7151.119 Mobile Safari/537.36 (compatible; Googlebot/2.1; +http://www.google.com/bot.html)"
66.249.74.130 - - [21/Jul/2025:23:51:14 +0000] "GET /?y=5463372001940&mod=c9c346f0&uri=products.php%3Fid%3D182390-155%26name%3Dsantosh+tower+speaker HTTP/1.1" 200 19404 "-" "Mozilla/5.0 (Linux; Android 6.0.1; Nexus 5X Build/MMB29P) AppleWebKit/537.36 (KHTML, like Gecko) Chrome/137.0.7151.103 Mobile Safari/537.36 (compatible; Googlebot/2.1; +http://www.google.com/bot.html)"
66.249.74.130 - - [21/Jul/2025:23:51:15 +0000] "GET /?y=5611712061940&mod=f18398f8&uri=news.php%3Fid%3D187356-332%26name%3Dnaruto+channel+art HTTP/1.1" 200 19385 "-" "Mozilla/5.0 (Linux; Android 6.0.1; Nexus 5X Build/MMB29P) AppleWebKit/537.36 (KHTML, like Gecko) Chrome/137.0.7151.103 Mobile Safari/537.36 (compatible; Googlebot/2.1; +http://www.google.com/bot.html)"
66.249.74.130 - - [21/Jul/2025:23:51:16 +0000] "POST /get-message-notify HTTP/1.1" 404 - "https://akaventures.com.au/?y=5462442071940&mod=2a7391fb&uri=brands.php%3Fid%3D182359-327%26name%3Dzapatillas+skechers+shape+ups" "Mozilla/5.0 (Linux; Android 6.0.1; Nexus 5X Build/MMB29P) AppleWebKit/537.36 (KHTML, like Gecko) Chrome/137.0.7151.119 Mobile Safari/537.36 (compatible; Googlebot/2.1; +http://www.google.com/bot.html)"
66.249.74.130 - - [21/Jul/2025:23:51:16 +0000] "GET /?y=5324169071940&mod=ca50333d&uri=us.php%3Fid%3D177747-318%26name%3Dzapatillas+adidas+originals+rojas HTTP/1.1" 200 19402 "-" "Mozilla/5.0 (Linux; Android 6.0.1; Nexus 5X Build/MMB29P) AppleWebKit/537.36 (KHTML, like Gecko) Chrome/137.0.7151.103 Mobile Safari/537.36 (compatible; Googlebot/2.1; +http://www.google.com/bot.html)"
66.249.74.130 - - [21/Jul/2025:23:51:18 +0000] "GET /?y=5698467041940&mod=52564811&uri=dp.php%3Fid%3D190270-308%26name%3Dnasa+hoodie+women HTTP/1.1" 200 19384 "-" "Mozilla/5.0 (Linux; Android 6.0.1; Nexus 5X Build/MMB29P) AppleWebKit/537.36 (KHTML, like Gecko) Chrome/137.0.7151.103 Mobile Safari/537.36 (compatible; Googlebot/2.1; +http://www.google.com/bot.html)"
66.249.74.131 - - [21/Jul/2025:23:51:19 +0000] "GET /?y=5688180031940&mod=45624715&uri=category-info.php%3Fid%3D189927-333%26name%3Dreeds+jewelers+credit+card HTTP/1.1" 200 19429 "-" "Mozilla/5.0 (Linux; Android 6.0.1; Nexus 5X Build/MMB29P) AppleWebKit/537.36 (KHTML, like Gecko) Chrome/137.0.7151.103 Mobile Safari/537.36 (compatible; Googlebot/2.1; +http://www.google.com/bot.html)"
66.249.74.131 - - [21/Jul/2025:23:51:20 +0000] "GET /?y=5328399041940&mod=ca50333d&uri=shared.php%3Fid%3D177888-318%26name%3Dzapatos+adidas+rusia+2018 HTTP/1.1" 200 19403 "-" "Mozilla/5.0 (Linux; Android 6.0.1; Nexus 5X Build/MMB29P) AppleWebKit/537.36 (KHTML, like Gecko) Chrome/137.0.7151.103 Mobile Safari/537.36 (compatible; Googlebot/2.1; +http://www.google.com/bot.html)"
66.249.74.131 - - [21/Jul/2025:23:51:20 +0000] "GET /?y=5322549071940&mod=ca50333d&uri=info.php%3Fid%3D177693-318%26name%3Dzapatillas+adidas+stan+smith+negras HTTP/1.1" 200 19414 "-" "Mozilla/5.0 (Linux; Android 6.0.1; Nexus 5X Build/MMB29P) AppleWebKit/537.36 (KHTML, like Gecko) Chrome/137.0.7151.103 Mobile Safari/537.36 (compatible; Googlebot/2.1; +http://www.google.com/bot.html)"
66.249.74.131 - - [21/Jul/2025:23:51:22 +0000] "GET /?y=5640480001940&mod=3a9aa4b8&uri=brands.php%3Fid%3D188333-301%26name%3Dparka+mujer+elegante HTTP/1.1" 200 19397 "-" "Mozilla/5.0 (Linux; Android 6.0.1; Nexus 5X Build/MMB29P) AppleWebKit/537.36 (KHTML, like Gecko) Chrome/137.0.7151.103 Mobile Safari/537.36 (compatible; Googlebot/2.1; +http://www.google.com/bot.html)"
66.249.74.131 - - [21/Jul/2025:23:51:23 +0000] "GET /?y=5643332011940&mod=c20cbf08&uri=us.php%3Fid%3D188429-315%26name%3Dtw+steel+h%C3%83%C2%A4ndler HTTP/1.1" 200 19409 "-" "Mozilla/5.0 (Linux; Android 6.0.1; Nexus 5X Build/MMB29P) AppleWebKit/537.36 (KHTML, like Gecko) Chrome/137.0.7151.103 Mobile Safari/537.36 (compatible; Googlebot/2.1; +http://www.google.com/bot.html)"
66.249.74.130 - - [21/Jul/2025:23:51:25 +0000] "POST /get-message-notify HTTP/1.1" 404 - "https://akaventures.com.au/?y=5831574011940&mod=16755a59&uri=brands.php%3Fid%3D194741-339%26name%3Dzapatos+reebok+fotos+argentina" "Mozilla/5.0 (Linux; Android 6.0.1; Nexus 5X Build/MMB29P) AppleWebKit/537.36 (KHTML, like Gecko) Chrome/137.0.7151.119 Mobile Safari/537.36 (compatible; Googlebot/2.1; +http://www.google.com/bot.html)"
66.249.74.130 - - [21/Jul/2025:23:51:26 +0000] "POST /get-message-notify HTTP/1.1" 404 - "https://akaventures.com.au/?y=5698467041940&mod=52564811&uri=dp.php%3Fid%3D190270-308%26name%3Dnasa+hoodie+women" "Mozilla/5.0 (Linux; Android 6.0.1; Nexus 5X Build/MMB29P) AppleWebKit/537.36 (KHTML, like Gecko) Chrome/137.0.7151.119 Mobile Safari/537.36 (compatible; Googlebot/2.1; +http://www.google.com/bot.html)"
66.249.74.131 - - [21/Jul/2025:23:51:27 +0000] "GET /?y=5638802011940&mod=3a9aa4b8&uri=search.php%3Fid%3D188277-301%26name%3Duniformes+para+limpieza+de+casas HTTP/1.1" 200 19414 "-" "Mozilla/5.0 (Linux; Android 6.0.1; Nexus 5X Build/MMB29P) AppleWebKit/537.36 (KHTML, like Gecko) Chrome/137.0.7151.103 Mobile Safari/537.36 (compatible; Googlebot/2.1; +http://www.google.com/bot.html)"
66.249.74.131 - - [21/Jul/2025:23:51:28 +0000] "GET /?y=5511244001940&mod=99407a87&uri=products.php%3Fid%3D183988-156%26name%3Dkmart+booster+seat+nz HTTP/1.1" 200 19402 "-" "Mozilla/5.0 (Linux; Android 6.0.1; Nexus 5X Build/MMB29P) AppleWebKit/537.36 (KHTML, like Gecko) Chrome/137.0.7151.103 Mobile Safari/537.36 (compatible; Googlebot/2.1; +http://www.google.com/bot.html)"
66.249.74.131 - - [21/Jul/2025:23:51:30 +0000] "POST /get-message-notify HTTP/1.1" 404 - "https://akaventures.com.au/?y=5641530001940&mod=c20cbf08&uri=form.php%3Fid%3D188368-315%26name%3Dwelche+luxusuhr+passt+zu+mir" "Mozilla/5.0 (Linux; Android 6.0.1; Nexus 5X Build/MMB29P) AppleWebKit/537.36 (KHTML, like Gecko) Chrome/137.0.7151.119 Mobile Safari/537.36 (compatible; Googlebot/2.1; +http://www.google.com/bot.html)"
66.249.74.130 - - [21/Jul/2025:23:51:36 +0000] "POST /get-message-notify HTTP/1.1" 404 - "https://akaventures.com.au/?y=5511244001940&mod=99407a87&uri=products.php%3Fid%3D183988-156%26name%3Dkmart+booster+seat+nz" "Mozilla/5.0 (Linux; Android 6.0.1; Nexus 5X Build/MMB29P) AppleWebKit/537.36 (KHTML, like Gecko) Chrome/137.0.7151.119 Mobile Safari/537.36 (compatible; Googlebot/2.1; +http://www.google.com/bot.html)"
66.249.74.130 - - [21/Jul/2025:23:51:36 +0000] "POST /get-message-notify HTTP/1.1" 404 - "https://akaventures.com.au/?y=5268015071940&mod=539c2943&uri=shop.php%3Fid%3D175875-294%26name%3D14+karat+white+gold+ankle+bracelets" "Mozilla/5.0 (Linux; Android 6.0.1; Nexus 5X Build/MMB29P) AppleWebKit/537.36 (KHTML, like Gecko) Chrome/137.0.7151.119 Mobile Safari/537.36 (compatible; Googlebot/2.1; +http://www.google.com/bot.html)"
66.249.74.131 - - [21/Jul/2025:23:51:37 +0000] "POST /get-message-notify HTTP/1.1" 404 - "https://akaventures.com.au/?y=5619000091940&mod=f18398f8&uri=category-info.php%3Fid%3D187609-332%26name%3Dkindri+kindri+nach+dj" "Mozilla/5.0 (Linux; Android 6.0.1; Nexus 5X Build/MMB29P) AppleWebKit/537.36 (KHTML, like Gecko) Chrome/137.0.7151.119 Mobile Safari/537.36 (compatible; Googlebot/2.1; +http://www.google.com/bot.html)"
66.249.74.131 - - [21/Jul/2025:23:51:43 +0000] "GET /?y=102903115041940&mod=234c7ac2&uri=category-info.php%3Fid%3D3434172-326%26name%3Dbotas+tipo+ugg+ni%C3%83%C2%B1a+baratas HTTP/1.1" 200 19463 "-" "Mozilla/5.0 (Linux; Android 6.0.1; Nexus 5X Build/MMB29P) AppleWebKit/537.36 (KHTML, like Gecko) Chrome/137.0.7151.103 Mobile Safari/537.36 (compatible; Googlebot/2.1; +http://www.google.com/bot.html)"
66.249.74.131 - - [21/Jul/2025:23:51:43 +0000] "GET /?y=5330829061940&mod=ca50333d&uri=us.php%3Fid%3D177969-318%26name%3Dzapatos+adidas+los+ultimos+modelos HTTP/1.1" 200 19403 "-" "Mozilla/5.0 (Linux; Android 6.0.1; Nexus 5X Build/MMB29P) AppleWebKit/537.36 (KHTML, like Gecko) Chrome/137.0.7151.103 Mobile Safari/537.36 (compatible; Googlebot/2.1; +http://www.google.com/bot.html)"
66.249.74.131 - - [21/Jul/2025:23:51:45 +0000] "GET /?y=5492444021940&mod=3c50daca&uri=shop.php%3Fid%3D183360-328%26name%3Dbequeme+schuhe+damen+rieker HTTP/1.1" 200 19406 "-" "Mozilla/5.0 (Linux; Android 6.0.1; Nexus 5X Build/MMB29P) AppleWebKit/537.36 (KHTML, like Gecko) Chrome/137.0.7151.103 Mobile Safari/537.36 (compatible; Googlebot/2.1; +http://www.google.com/bot.html)"
66.249.74.130 - - [21/Jul/2025:23:51:50 +0000] "POST /get-message-notify HTTP/1.1" 404 - "https://akaventures.com.au/?y=5476392001940&mod=234c7ac2&uri=category-info.php%3Fid%3D182824-326%26name%3Dzuecos+para+varices" "Mozilla/5.0 (Linux; Android 6.0.1; Nexus 5X Build/MMB29P) AppleWebKit/537.36 (KHTML, like Gecko) Chrome/137.0.7151.119 Mobile Safari/537.36 (compatible; Googlebot/2.1; +http://www.google.com/bot.html)"
66.249.74.131 - - [21/Jul/2025:23:51:58 +0000] "GET /feature/shoplist/index.html HTTP/1.1" 404 - "-" "Mozilla/5.0 (Linux; Android 6.0.1; Nexus 5X Build/MMB29P) AppleWebKit/537.36 (KHTML, like Gecko) Chrome/137.0.7151.103 Mobile Safari/537.36 (compatible; Googlebot/2.1; +http://www.google.com/bot.html)"
66.249.74.130 - - [21/Jul/2025:23:51:59 +0000] "GET /feature/utsunomiya/index.html HTTP/1.1" 404 - "-" "Mozilla/5.0 (Linux; Android 6.0.1; Nexus 5X Build/MMB29P) AppleWebKit/537.36 (KHTML, like Gecko) Chrome/137.0.7151.103 Mobile Safari/537.36 (compatible; Googlebot/2.1; +http://www.google.com/bot.html)"
66.249.74.130 - - [21/Jul/2025:23:52:00 +0000] "GET /feature/osu_main/index.html HTTP/1.1" 404 - "-" "Mozilla/5.0 (Linux; Android 6.0.1; Nexus 5X Build/MMB29P) AppleWebKit/537.36 (KHTML, like Gecko) Chrome/137.0.7151.103 Mobile Safari/537.36 (compatible; Googlebot/2.1; +http://www.google.com/bot.html)"
66.249.74.130 - - [21/Jul/2025:23:52:12 +0000] "GET /index.php/items/diy/air-tools/5534245/ HTTP/1.1" 200 19064 "-" "Mozilla/5.0 (Linux; Android 6.0.1; Nexus 5X Build/MMB29P) AppleWebKit/537.36 (KHTML, like Gecko) Chrome/137.0.7151.103 Mobile Safari/537.36 (compatible; Googlebot/2.1; +http://www.google.com/bot.html)"
66.249.74.130 - - [21/Jul/2025:23:52:13 +0000] "GET /index.php/items/art/plastic-models/5421834/ HTTP/1.1" 200 19456 "-" "Mozilla/5.0 (Linux; Android 6.0.1; Nexus 5X Build/MMB29P) AppleWebKit/537.36 (KHTML, like Gecko) Chrome/137.0.7151.103 Mobile Safari/537.36 (compatible; Googlebot/2.1; +http://www.google.com/bot.html)"
66.249.74.130 - - [21/Jul/2025:23:52:14 +0000] "GET /index.php/items/fashion/tops/5014248/ HTTP/1.1" 200 19262 "-" "Mozilla/5.0 (Linux; Android 6.0.1; Nexus 5X Build/MMB29P) AppleWebKit/537.36 (KHTML, like Gecko) Chrome/137.0.7151.103 Mobile Safari/537.36 (compatible; Googlebot/2.1; +http://www.google.com/bot.html)"
66.249.74.130 - - [21/Jul/2025:23:52:16 +0000] "GET /index.php/items/furniture/ornaments/3911534/ HTTP/1.1" 200 19007 "-" "Mozilla/5.0 (Linux; Android 6.0.1; Nexus 5X Build/MMB29P) AppleWebKit/537.36 (KHTML, like Gecko) Chrome/137.0.7151.103 Mobile Safari/537.36 (compatible; Googlebot/2.1; +http://www.google.com/bot.html)"
66.249.74.130 - - [21/Jul/2025:23:52:17 +0000] "GET /?y=5335119041940&mod=c53015e8&uri=brands.php?feature/campaign/index.html HTTP/1.1" 200 19486 "-" "Mozilla/5.0 (Linux; Android 6.0.1; Nexus 5X Build/MMB29P) AppleWebKit/537.36 (KHTML, like Gecko) Chrome/137.0.7151.103 Mobile Safari/537.36 (compatible; GoogleOther)"
66.249.74.130 - - [21/Jul/2025:23:52:17 +0000] "GET /pcmypage?callback=/product%2Fdetail%2F114013042022940 HTTP/1.1" 404 - "-" "Mozilla/5.0 (Linux; Android 6.0.1; Nexus 5X Build/MMB29P) AppleWebKit/537.36 (KHTML, like Gecko) Chrome/137.0.7151.103 Mobile Safari/537.36 (compatible; Googlebot/2.1; +http://www.google.com/bot.html)"
66.249.74.130 - - [21/Jul/2025:23:52:18 +0000] "GET /product_archives HTTP/1.1" 404 - "-" "Mozilla/5.0 (Linux; Android 6.0.1; Nexus 5X Build/MMB29P) AppleWebKit/537.36 (KHTML, like Gecko) Chrome/137.0.7151.103 Mobile Safari/537.36 (compatible; Googlebot/2.1; +http://www.google.com/bot.html)"
66.249.74.130 - - [21/Jul/2025:23:52:24 +0000] "POST /get-message-notify HTTP/1.1" 404 - "https://akaventures.com.au/index.php/items/art/plastic-models/5421834/" "Mozilla/5.0 (Linux; Android 6.0.1; Nexus 5X Build/MMB29P) AppleWebKit/537.36 (KHTML, like Gecko) Chrome/137.0.7151.119 Mobile Safari/537.36 (compatible; Googlebot/2.1; +http://www.google.com/bot.html)"
66.249.74.130 - - [21/Jul/2025:23:52:25 +0000] "POST /get-message-notify HTTP/1.1" 404 - "https://akaventures.com.au/index.php/items/furniture/ornaments/3911534/" "Mozilla/5.0 (Linux; Android 6.0.1; Nexus 5X Build/MMB29P) AppleWebKit/537.36 (KHTML, like Gecko) Chrome/137.0.7151.119 Mobile Safari/537.36 (compatible; Googlebot/2.1; +http://www.google.com/bot.html)"
66.249.74.130 - - [21/Jul/2025:23:52:28 +0000] "POST /get-message-notify HTTP/1.1" 404 - "https://akaventures.com.au/?y=5492444021940&mod=3c50daca&uri=shop.php%3Fid%3D183360-328%26name%3Dbequeme+schuhe+damen+rieker" "Mozilla/5.0 (Linux; Android 6.0.1; Nexus 5X Build/MMB29P) AppleWebKit/537.36 (KHTML, like Gecko) Chrome/137.0.7151.119 Mobile Safari/537.36 (compatible; Googlebot/2.1; +http://www.google.com/bot.html)"
66.249.74.130 - - [21/Jul/2025:23:52:34 +0000] "POST /get-message-notify HTTP/1.1" 404 - "https://akaventures.com.au/?y=102903115041940&mod=234c7ac2&uri=category-info.php%3Fid%3D3434172-326%26name%3Dbotas+tipo+ugg+ni%C3%83%C2%B1a+baratas" "Mozilla/5.0 (Linux; Android 6.0.1; Nexus 5X Build/MMB29P) AppleWebKit/537.36 (KHTML, like Gecko) Chrome/137.0.7151.119 Mobile Safari/537.36 (compatible; Googlebot/2.1; +http://www.google.com/bot.html)"
66.249.74.130 - - [21/Jul/2025:23:52:37 +0000] "GET /boyslove.html HTTP/1.1" 404 - "-" "Mozilla/5.0 (Linux; Android 6.0.1; Nexus 5X Build/MMB29P) AppleWebKit/537.36 (KHTML, like Gecko) Chrome/137.0.7151.103 Mobile Safari/537.36 (compatible; Googlebot/2.1; +http://www.google.com/bot.html)"
66.249.74.132 - - [21/Jul/2025:23:53:07 +0000] "GET /?y=60576233021940&mod=0eab014d&uri=pin.php?entity/1551001442.shtm HTTP/1.1" 200 18537 "-" "Mozilla/5.0 (Linux; Android 6.0.1; Nexus 5X Build/MMB29P) AppleWebKit/537.36 (KHTML, like Gecko) Chrome/137.0.7151.103 Mobile Safari/537.36 (compatible; GoogleOther)"
66.249.74.131 - - [21/Jul/2025:23:53:37 +0000] "POST /get-message-notify HTTP/1.1" 404 - "https://akaventures.com.au/?y=5632051031940&mod=c20cbf08&uri=info.php%3Fid%3D188050-315%26name%3Dgerald+genta+uhr" "Mozilla/5.0 (Linux; Android 6.0.1; Nexus 5X Build/MMB29P) AppleWebKit/537.36 (KHTML, like Gecko) Chrome/137.0.7151.119 Mobile Safari/537.36 (compatible; Googlebot/2.1; +http://www.google.com/bot.html)"
66.249.74.130 - - [21/Jul/2025:23:53:55 +0000] "GET /pcmypage?callback=/product%2Fdetail%2F119856634032940 HTTP/1.1" 404 - "-" "Mozilla/5.0 (Linux; Android 6.0.1; Nexus 5X Build/MMB29P) AppleWebKit/537.36 (KHTML, like Gecko) Chrome/137.0.7151.103 Mobile Safari/537.36 (compatible; Googlebot/2.1; +http://www.google.com/bot.html)"
66.249.74.130 - - [21/Jul/2025:23:54:05 +0000] "GET /?y=60576233021940&mod=0eab014d&uri=pin.php?entity/613835160.shtm HTTP/1.1" 200 19076 "-" "Mozilla/5.0 (Linux; Android 6.0.1; Nexus 5X Build/MMB29P) AppleWebKit/537.36 (KHTML, like Gecko) Chrome/137.0.7151.103 Mobile Safari/537.36 (compatible; GoogleOther)"
66.249.74.130 - - [21/Jul/2025:23:54:12 +0000] "GET /?y=5427399061940&mod=306708aa&uri=dp.php%3Fid%3D181190-208%26name%3Dx1d HTTP/1.1" 200 19361 "-" "Mozilla/5.0 (Linux; Android 6.0.1; Nexus 5X Build/MMB29P) AppleWebKit/537.36 (KHTML, like Gecko) Chrome/137.0.7151.103 Mobile Safari/537.36 (compatible; Googlebot/2.1; +http://www.google.com/bot.html)"
66.249.74.130 - - [21/Jul/2025:23:54:16 +0000] "GET /?y=119603440001940&mod=3bd8c683&uri=pin.php?entity/48341024.shtm HTTP/1.1" 200 18559 "-" "Mozilla/5.0 (Linux; Android 6.0.1; Nexus 5X Build/MMB29P) AppleWebKit/537.36 (KHTML, like Gecko) Chrome/137.0.7151.103 Mobile Safari/537.36 (compatible; GoogleOther)"
66.249.74.130 - - [21/Jul/2025:23:54:27 +0000] "GET /?y=44942538071940&mod=aefc383b&uri=form.php%3Fid%3D1499877-464%26name%3Dssd+wd+price HTTP/1.1" 200 19378 "-" "Mozilla/5.0 (Linux; Android 6.0.1; Nexus 5X Build/MMB29P) AppleWebKit/537.36 (KHTML, like Gecko) Chrome/137.0.7151.103 Mobile Safari/537.36 (compatible; Googlebot/2.1; +http://www.google.com/bot.html)"
66.249.74.130 - - [21/Jul/2025:23:54:28 +0000] "GET /?y=60576233021940&mod=0eab014d&uri=pin.php?entity/1659263162.shtm HTTP/1.1" 200 18628 "-" "Mozilla/5.0 (Linux; Android 6.0.1; Nexus 5X Build/MMB29P) AppleWebKit/537.36 (KHTML, like Gecko) Chrome/137.0.7151.103 Mobile Safari/537.36 (compatible; GoogleOther)"
66.249.74.130 - - [21/Jul/2025:23:54:45 +0000] "GET /?y=60576233021940&mod=0eab014d&uri=pin.php?entity/1463436229.shtm HTTP/1.1" 200 18378 "-" "Mozilla/5.0 (Linux; Android 6.0.1; Nexus 5X Build/MMB29P) AppleWebKit/537.36 (KHTML, like Gecko) Chrome/137.0.7151.103 Mobile Safari/537.36 (compatible; GoogleOther)"
66.249.74.130 - - [21/Jul/2025:23:55:32 +0000] "GET /?y=119603440001940&mod=3bd8c683&uri=pin.php?entity/1092739716.shtm HTTP/1.1" 200 18968 "-" "Mozilla/5.0 (Linux; Android 6.0.1; Nexus 5X Build/MMB29P) AppleWebKit/537.36 (KHTML, like Gecko) Chrome/137.0.7151.103 Mobile Safari/537.36 (compatible; GoogleOther)"
66.249.74.131 - - [21/Jul/2025:23:55:38 +0000] "GET /?y=60576233021940&mod=0eab014d&uri=pin.php?entity/256341005.shtm HTTP/1.1" 200 19533 "-" "Mozilla/5.0 (Linux; Android 6.0.1; Nexus 5X Build/MMB29P) AppleWebKit/537.36 (KHTML, like Gecko) Chrome/137.0.7151.103 Mobile Safari/537.36 (compatible; GoogleOther)"
66.249.74.130 - - [21/Jul/2025:23:55:49 +0000] "GET /?y=60576233021940&mod=0eab014d&uri=pin.php?entity/1890959435.shtm HTTP/1.1" 200 18289 "-" "Mozilla/5.0 (Linux; Android 6.0.1; Nexus 5X Build/MMB29P) AppleWebKit/537.36 (KHTML, like Gecko) Chrome/137.0.7151.103 Mobile Safari/537.36 (compatible; GoogleOther)"
66.249.74.130 - - [21/Jul/2025:23:55:55 +0000] "GET /?y=60576233021940&mod=0eab014d&uri=pin.php?entity/1095554395.shtm HTTP/1.1" 200 19345 "-" "Mozilla/5.0 (Linux; Android 6.0.1; Nexus 5X Build/MMB29P) AppleWebKit/537.36 (KHTML, like Gecko) Chrome/137.0.7151.103 Mobile Safari/537.36 (compatible; GoogleOther)"
66.249.74.131 - - [21/Jul/2025:23:56:18 +0000] "GET /?y=60576233021940&mod=0eab014d&uri=pin.php?entity/1176413904.shtm HTTP/1.1" 200 18845 "-" "Mozilla/5.0 (Linux; Android 6.0.1; Nexus 5X Build/MMB29P) AppleWebKit/537.36 (KHTML, like Gecko) Chrome/137.0.7151.103 Mobile Safari/537.36 (compatible; GoogleOther)"
66.249.74.131 - - [21/Jul/2025:23:56:24 +0000] "GET /?y=60576233021940&mod=0eab014d&uri=pin.php?entity/1492409314.shtm HTTP/1.1" 200 19403 "-" "Mozilla/5.0 (Linux; Android 6.0.1; Nexus 5X Build/MMB29P) AppleWebKit/537.36 (KHTML, like Gecko) Chrome/137.0.7151.103 Mobile Safari/537.36 (compatible; GoogleOther)"
66.249.74.130 - - [21/Jul/2025:23:56:30 +0000] "GET /?y=60576233021940&mod=0eab014d&uri=pin.php?entity/2013827781.shtm HTTP/1.1" 200 19340 "-" "Mozilla/5.0 (Linux; Android 6.0.1; Nexus 5X Build/MMB29P) AppleWebKit/537.36 (KHTML, like Gecko) Chrome/137.0.7151.103 Mobile Safari/537.36 (compatible; GoogleOther)"
66.249.74.130 - - [21/Jul/2025:23:56:36 +0000] "GET /?y=46343825021940&mod=afcf99a0&uri=pin.php?entity/784992799.shtm HTTP/1.1" 200 19277 "-" "Mozilla/5.0 (Linux; Android 6.0.1; Nexus 5X Build/MMB29P) AppleWebKit/537.36 (KHTML, like Gecko) Chrome/137.0.7151.103 Mobile Safari/537.36 (compatible; GoogleOther)"
66.249.74.130 - - [21/Jul/2025:23:56:42 +0000] "GET /?y=60576233021940&mod=0eab014d&uri=pin.php?entity/1555322333.shtm HTTP/1.1" 200 18365 "-" "Mozilla/5.0 (Linux; Android 6.0.1; Nexus 5X Build/MMB29P) AppleWebKit/537.36 (KHTML, like Gecko) Chrome/137.0.7151.103 Mobile Safari/537.36 (compatible; GoogleOther)"
66.249.74.130 - - [21/Jul/2025:23:56:47 +0000] "GET /?y=60576233021940&mod=0eab014d&uri=pin.php?entity/1988276517.shtm HTTP/1.1" 200 19472 "-" "Mozilla/5.0 (Linux; Android 6.0.1; Nexus 5X Build/MMB29P) AppleWebKit/537.36 (KHTML, like Gecko) Chrome/137.0.7151.103 Mobile Safari/537.36 (compatible; GoogleOther)"
66.249.74.130 - - [21/Jul/2025:23:56:53 +0000] "GET /?y=60576233021940&mod=0eab014d&uri=pin.php?entity/256330398.shtm HTTP/1.1" 200 18200 "-" "Mozilla/5.0 (Linux; Android 6.0.1; Nexus 5X Build/MMB29P) AppleWebKit/537.36 (KHTML, like Gecko) Chrome/137.0.7151.103 Mobile Safari/537.36 (compatible; GoogleOther)"
66.249.74.130 - - [21/Jul/2025:23:56:59 +0000] "GET /?y=60576233021940&mod=0eab014d&uri=pin.php?entity/1988281332.shtm HTTP/1.1" 200 18969 "-" "Mozilla/5.0 (Linux; Android 6.0.1; Nexus 5X Build/MMB29P) AppleWebKit/537.36 (KHTML, like Gecko) Chrome/137.0.7151.103 Mobile Safari/537.36 (compatible; GoogleOther)"
66.249.74.130 - - [21/Jul/2025:23:57:05 +0000] "GET /?y=60576233021940&mod=0eab014d&uri=pin.php?entity/1946074082.shtm HTTP/1.1" 200 19360 "-" "Mozilla/5.0 (Linux; Android 6.0.1; Nexus 5X Build/MMB29P) AppleWebKit/537.36 (KHTML, like Gecko) Chrome/137.0.7151.103 Mobile Safari/537.36 (compatible; GoogleOther)"
66.249.74.130 - - [21/Jul/2025:23:57:11 +0000] "GET /?y=60576233021940&mod=0eab014d&uri=pin.php?entity/233208984.shtm HTTP/1.1" 200 18804 "-" "Mozilla/5.0 (Linux; Android 6.0.1; Nexus 5X Build/MMB29P) AppleWebKit/537.36 (KHTML, like Gecko) Chrome/137.0.7151.103 Mobile Safari/537.36 (compatible; GoogleOther)"
66.249.74.130 - - [21/Jul/2025:23:57:16 +0000] "GET /?y=60576233021940&mod=0eab014d&uri=pin.php?entity/1103704469.shtm HTTP/1.1" 200 18948 "-" "Mozilla/5.0 (Linux; Android 6.0.1; Nexus 5X Build/MMB29P) AppleWebKit/537.36 (KHTML, like Gecko) Chrome/137.0.7151.103 Mobile Safari/537.36 (compatible; GoogleOther)"
66.249.74.130 - - [21/Jul/2025:23:57:22 +0000] "GET /?y=60576233021940&mod=0eab014d&uri=pin.php?entity/313586628.shtm HTTP/1.1" 200 19450 "-" "Mozilla/5.0 (Linux; Android 6.0.1; Nexus 5X Build/MMB29P) AppleWebKit/537.36 (KHTML, like Gecko) Chrome/137.0.7151.103 Mobile Safari/537.36 (compatible; GoogleOther)"
66.249.74.130 - - [21/Jul/2025:23:57:28 +0000] "GET /?y=60576233021940&mod=0eab014d&uri=pin.php?entity/1397105007.shtm HTTP/1.1" 200 19157 "-" "Mozilla/5.0 (Linux; Android 6.0.1; Nexus 5X Build/MMB29P) AppleWebKit/537.36 (KHTML, like Gecko) Chrome/137.0.7151.103 Mobile Safari/537.36 (compatible; GoogleOther)"
66.249.74.130 - - [21/Jul/2025:23:57:34 +0000] "GET /?y=60576233021940&mod=0eab014d&uri=pin.php?entity/1357852404.shtm HTTP/1.1" 200 19415 "-" "Mozilla/5.0 (Linux; Android 6.0.1; Nexus 5X Build/MMB29P) AppleWebKit/537.36 (KHTML, like Gecko) Chrome/137.0.7151.103 Mobile Safari/537.36 (compatible; GoogleOther)"
66.249.74.130 - - [21/Jul/2025:23:57:40 +0000] "GET /?y=6137945041940&mod=306708aa&uri=pin.php?entity/7847346.shtm HTTP/1.1" 200 18927 "-" "Mozilla/5.0 (Linux; Android 6.0.1; Nexus 5X Build/MMB29P) AppleWebKit/537.36 (KHTML, like Gecko) Chrome/137.0.7151.103 Mobile Safari/537.36 (compatible; GoogleOther)"
66.249.74.130 - - [21/Jul/2025:23:57:46 +0000] "GET /?y=60576233021940&mod=0eab014d&uri=pin.php?entity/771328179.shtm HTTP/1.1" 200 19626 "-" "Mozilla/5.0 (Linux; Android 6.0.1; Nexus 5X Build/MMB29P) AppleWebKit/537.36 (KHTML, like Gecko) Chrome/137.0.7151.103 Mobile Safari/537.36 (compatible; GoogleOther)"
66.249.74.130 - - [21/Jul/2025:23:57:51 +0000] "GET /?y=60576233021940&mod=0eab014d&uri=pin.php?entity/471532525.shtm HTTP/1.1" 200 19354 "-" "Mozilla/5.0 (Linux; Android 6.0.1; Nexus 5X Build/MMB29P) AppleWebKit/537.36 (KHTML, like Gecko) Chrome/137.0.7151.103 Mobile Safari/537.36 (compatible; GoogleOther)"
66.249.74.130 - - [21/Jul/2025:23:57:57 +0000] "GET /?y=60576233021940&mod=0eab014d&uri=pin.php?entity/613843961.shtm HTTP/1.1" 200 19092 "-" "Mozilla/5.0 (Linux; Android 6.0.1; Nexus 5X Build/MMB29P) AppleWebKit/537.36 (KHTML, like Gecko) Chrome/137.0.7151.103 Mobile Safari/537.36 (compatible; GoogleOther)"
66.249.74.130 - - [21/Jul/2025:23:58:03 +0000] "GET /?y=60576233021940&mod=0eab014d&uri=pin.php?entity/1031250840.shtm HTTP/1.1" 200 19382 "-" "Mozilla/5.0 (Linux; Android 6.0.1; Nexus 5X Build/MMB29P) AppleWebKit/537.36 (KHTML, like Gecko) Chrome/137.0.7151.103 Mobile Safari/537.36 (compatible; GoogleOther)"
66.249.74.131 - - [21/Jul/2025:23:58:09 +0000] "GET /?y=60576233021940&mod=0eab014d&uri=pin.php?entity/467971880.shtm HTTP/1.1" 200 18765 "-" "Mozilla/5.0 (Linux; Android 6.0.1; Nexus 5X Build/MMB29P) AppleWebKit/537.36 (KHTML, like Gecko) Chrome/137.0.7151.103 Mobile Safari/537.36 (compatible; GoogleOther)"
66.249.74.130 - - [21/Jul/2025:23:58:15 +0000] "GET /?y=60576233021940&mod=0eab014d&uri=pin.php?entity/643486343.shtm HTTP/1.1" 200 19417 "-" "Mozilla/5.0 (Linux; Android 6.0.1; Nexus 5X Build/MMB29P) AppleWebKit/537.36 (KHTML, like Gecko) Chrome/137.0.7151.103 Mobile Safari/537.36 (compatible; GoogleOther)"
66.249.74.130 - - [21/Jul/2025:23:58:20 +0000] "GET /?y=119603440001940&mod=3bd8c683&uri=pin.php?entity/666298471.shtm HTTP/1.1" 200 18290 "-" "Mozilla/5.0 (Linux; Android 6.0.1; Nexus 5X Build/MMB29P) AppleWebKit/537.36 (KHTML, like Gecko) Chrome/137.0.7151.103 Mobile Safari/537.36 (compatible; GoogleOther)"
66.249.74.130 - - [21/Jul/2025:23:58:26 +0000] "GET /?y=60576233021940&mod=0eab014d&uri=pin.php?entity/176704319.shtm HTTP/1.1" 200 19187 "-" "Mozilla/5.0 (Linux; Android 6.0.1; Nexus 5X Build/MMB29P) AppleWebKit/537.36 (KHTML, like Gecko) Chrome/137.0.7151.103 Mobile Safari/537.36 (compatible; GoogleOther)"
66.249.74.130 - - [21/Jul/2025:23:58:32 +0000] "GET /?y=119603440001940&mod=3bd8c683&uri=pin.php?entity/1095632939.shtm HTTP/1.1" 200 18729 "-" "Mozilla/5.0 (Linux; Android 6.0.1; Nexus 5X Build/MMB29P) AppleWebKit/537.36 (KHTML, like Gecko) Chrome/137.0.7151.103 Mobile Safari/537.36 (compatible; GoogleOther)"
66.249.74.130 - - [21/Jul/2025:23:58:38 +0000] "GET /?y=60576233021940&mod=0eab014d&uri=pin.php?entity/260351765.shtm HTTP/1.1" 200 19499 "-" "Mozilla/5.0 (Linux; Android 6.0.1; Nexus 5X Build/MMB29P) AppleWebKit/537.36 (KHTML, like Gecko) Chrome/137.0.7151.103 Mobile Safari/537.36 (compatible; GoogleOther)"
66.249.74.130 - - [21/Jul/2025:23:58:44 +0000] "GET /?y=60576233021940&mod=0eab014d&uri=pin.php?entity/1897900050.shtm HTTP/1.1" 200 19369 "-" "Mozilla/5.0 (Linux; Android 6.0.1; Nexus 5X Build/MMB29P) AppleWebKit/537.36 (KHTML, like Gecko) Chrome/137.0.7151.103 Mobile Safari/537.36 (compatible; GoogleOther)"
66.249.74.130 - - [21/Jul/2025:23:58:49 +0000] "GET /?y=60576233021940&mod=0eab014d&uri=pin.php?entity/1832123053.shtm HTTP/1.1" 200 19353 "-" "Mozilla/5.0 (Linux; Android 6.0.1; Nexus 5X Build/MMB29P) AppleWebKit/537.36 (KHTML, like Gecko) Chrome/137.0.7151.103 Mobile Safari/537.36 (compatible; GoogleOther)"
66.249.74.130 - - [21/Jul/2025:23:58:55 +0000] "GET /?y=60576233021940&mod=0eab014d&uri=pin.php?entity/842703581.shtm HTTP/1.1" 200 18700 "-" "Mozilla/5.0 (Linux; Android 6.0.1; Nexus 5X Build/MMB29P) AppleWebKit/537.36 (KHTML, like Gecko) Chrome/137.0.7151.103 Mobile Safari/537.36 (compatible; GoogleOther)"
66.249.74.131 - - [21/Jul/2025:23:59:01 +0000] "GET /?y=60576233021940&mod=0eab014d&uri=pin.php?entity/20412411.shtm HTTP/1.1" 200 18396 "-" "Mozilla/5.0 (Linux; Android 6.0.1; Nexus 5X Build/MMB29P) AppleWebKit/537.36 (KHTML, like Gecko) Chrome/137.0.7151.103 Mobile Safari/537.36 (compatible; GoogleOther)"
66.249.74.130 - - [21/Jul/2025:23:59:07 +0000] "GET /?y=60576233021940&mod=0eab014d&uri=pin.php?entity/256313688.shtm HTTP/1.1" 200 18940 "-" "Mozilla/5.0 (Linux; Android 6.0.1; Nexus 5X Build/MMB29P) AppleWebKit/537.36 (KHTML, like Gecko) Chrome/137.0.7151.103 Mobile Safari/537.36 (compatible; GoogleOther)"
66.249.74.130 - - [21/Jul/2025:23:59:18 +0000] "GET /?y=60576233021940&mod=0eab014d&uri=pin.php?entity/1521367103.shtm HTTP/1.1" 200 19423 "-" "Mozilla/5.0 (Linux; Android 6.0.1; Nexus 5X Build/MMB29P) AppleWebKit/537.36 (KHTML, like Gecko) Chrome/137.0.7151.103 Mobile Safari/537.36 (compatible; GoogleOther)"
66.249.74.130 - - [21/Jul/2025:23:59:24 +0000] "GET /?y=95142729021940&mod=8978fc46&uri=pin.php?entity/41307150.shtm HTTP/1.1" 200 18887 "-" "Mozilla/5.0 (Linux; Android 6.0.1; Nexus 5X Build/MMB29P) AppleWebKit/537.36 (KHTML, like Gecko) Chrome/137.0.7151.103 Mobile Safari/537.36 (compatible; GoogleOther)"
66.249.74.130 - - [21/Jul/2025:23:59:30 +0000] "GET /?y=60576233021940&mod=0eab014d&uri=pin.php?entity/1409119937.shtm HTTP/1.1" 200 19419 "-" "Mozilla/5.0 (Linux; Android 6.0.1; Nexus 5X Build/MMB29P) AppleWebKit/537.36 (KHTML, like Gecko) Chrome/137.0.7151.103 Mobile Safari/537.36 (compatible; GoogleOther)"
66.249.74.130 - - [21/Jul/2025:23:59:36 +0000] "GET /?y=60576233021940&mod=0eab014d&uri=pin.php?entity/1442239601.shtm HTTP/1.1" 200 18797 "-" "Mozilla/5.0 (Linux; Android 6.0.1; Nexus 5X Build/MMB29P) AppleWebKit/537.36 (KHTML, like Gecko) Chrome/137.0.7151.103 Mobile Safari/537.36 (compatible; GoogleOther)"
66.249.74.130 - - [21/Jul/2025:23:59:42 +0000] "GET /?y=19542964021940&mod=0a0e4e7c&uri=pin.php?entity/45515616.shtm HTTP/1.1" 200 19356 "-" "Mozilla/5.0 (Linux; Android 6.0.1; Nexus 5X Build/MMB29P) AppleWebKit/537.36 (KHTML, like Gecko) Chrome/137.0.7151.103 Mobile Safari/537.36 (compatible; GoogleOther)"
66.249.74.130 - - [21/Jul/2025:23:59:47 +0000] "GET /?y=60576233021940&mod=0eab014d&uri=pin.php?entity/1438832635.shtm HTTP/1.1" 200 19442 "-" "Mozilla/5.0 (Linux; Android 6.0.1; Nexus 5X Build/MMB29P) AppleWebKit/537.36 (KHTML, like Gecko) Chrome/137.0.7151.103 Mobile Safari/537.36 (compatible; GoogleOther)"
66.249.74.130 - - [21/Jul/2025:23:59:59 +0000] "GET /?y=60576233021940&mod=0eab014d&uri=pin.php?entity/266065886.shtm HTTP/1.1" 200 19114 "-" "Mozilla/5.0 (Linux; Android 6.0.1; Nexus 5X Build/MMB29P) AppleWebKit/537.36 (KHTML, like Gecko) Chrome/137.0.7151.103 Mobile Safari/537.36 (compatible; GoogleOther)"
66.249.74.130 - - [22/Jul/2025:00:00:05 +0000] "GET /?y=60576233021940&mod=0eab014d&uri=pin.php?entity/1088111916.shtm HTTP/1.1" 200 18343 "-" "Mozilla/5.0 (Linux; Android 6.0.1; Nexus 5X Build/MMB29P) AppleWebKit/537.36 (KHTML, like Gecko) Chrome/137.0.7151.103 Mobile Safari/537.36 (compatible; GoogleOther)"
66.249.74.130 - - [22/Jul/2025:00:00:11 +0000] "GET /?y=60576233021940&mod=0eab014d&uri=pin.php?entity/1176417573.shtm HTTP/1.1" 200 18932 "-" "Mozilla/5.0 (Linux; Android 6.0.1; Nexus 5X Build/MMB29P) AppleWebKit/537.36 (KHTML, like Gecko) Chrome/137.0.7151.103 Mobile Safari/537.36 (compatible; GoogleOther)"
66.249.74.130 - - [22/Jul/2025:00:00:17 +0000] "GET /?y=60576233021940&mod=0eab014d&uri=pin.php?entity/771334020.shtm HTTP/1.1" 200 19246 "-" "Mozilla/5.0 (Linux; Android 6.0.1; Nexus 5X Build/MMB29P) AppleWebKit/537.36 (KHTML, like Gecko) Chrome/137.0.7151.103 Mobile Safari/537.36 (compatible; GoogleOther)"
66.249.74.130 - - [22/Jul/2025:00:00:23 +0000] "GET /?y=60576233021940&mod=0eab014d&uri=pin.php?entity/1707161074.shtm HTTP/1.1" 200 19372 "-" "Mozilla/5.0 (Linux; Android 6.0.1; Nexus 5X Build/MMB29P) AppleWebKit/537.36 (KHTML, like Gecko) Chrome/137.0.7151.103 Mobile Safari/537.36 (compatible; GoogleOther)"
66.249.74.130 - - [22/Jul/2025:00:00:28 +0000] "GET /?y=60576233021940&mod=0eab014d&uri=pin.php?entity/1600043129.shtm HTTP/1.1" 200 18285 "-" "Mozilla/5.0 (Linux; Android 6.0.1; Nexus 5X Build/MMB29P) AppleWebKit/537.36 (KHTML, like Gecko) Chrome/137.0.7151.103 Mobile Safari/537.36 (compatible; GoogleOther)"
