66.249.74.131 - - [21/Jul/2025:23:45:30 +0000] "POST /get-message-notify HTTP/1.1" 404 - "https://akaventures.com.au/?y=5635747061940&mod=f18398f8&uri=brands.php%3Fid%3D188174-332%26name%3Dmantu+suna" "Mozilla/5.0 (Linux; Android 6.0.1; Nexus 5X Build/MMB29P) AppleWebKit/537.36 (KHTML, like Gecko) Chrome/137.0.7151.119 Mobile Safari/537.36 (compatible; Googlebot/2.1; +http://www.google.com/bot.html)"
66.249.74.130 - - [21/Jul/2025:23:45:30 +0000] "GET /?y=5392305051940&mod=da960bb5&uri=article.php%3Fid%3D180020-270%26name%3Dbest+pen+for+filling+omr+sheet HTTP/1.1" 200 19418 "-" "Mozilla/5.0 (Linux; Android 6.0.1; Nexus 5X Build/MMB29P) AppleWebKit/537.36 (KHTML, like Gecko) Chrome/137.0.7151.103 Mobile Safari/537.36 (compatible; Googlebot/2.1; +http://www.google.com/bot.html)"
66.249.74.130 - - [21/Jul/2025:23:45:30 +0000] "POST /get-message-notify HTTP/1.1" 404 - "https://akaventures.com.au/?y=5478702091940&mod=234c7ac2&uri=brands.php%3Fid%3D182901-326%26name%3Dcinturones+louis+vuitton+para+mujer" "Mozilla/5.0 (Linux; Android 6.0.1; Nexus 5X Build/MMB29P) AppleWebKit/537.36 (KHTML, like Gecko) Chrome/137.0.7151.119 Mobile Safari/537.36 (compatible; Googlebot/2.1; +http://www.google.com/bot.html)"
66.249.74.130 - - [21/Jul/2025:23:45:31 +0000] "GET /?y=5388165061940&mod=da960bb5&uri=itm.php%3Fid%3D179882-270%26name%3Dlamy+ef+f HTTP/1.1" 200 19372 "-" "Mozilla/5.0 (Linux; Android 6.0.1; Nexus 5X Build/MMB29P) AppleWebKit/537.36 (KHTML, like Gecko) Chrome/137.0.7151.103 Mobile Safari/537.36 (compatible; Googlebot/2.1; +http://www.google.com/bot.html)"
66.249.74.131 - - [21/Jul/2025:23:45:32 +0000] "GET /?y=5346810021940&mod=7d0bbf7a&uri=shared.php%3Fid%3D178502-322%26name%3Dds6031+fisher+paykel HTTP/1.1" 200 19396 "-" "Mozilla/5.0 (Linux; Android 6.0.1; Nexus 5X Build/MMB29P) AppleWebKit/537.36 (KHTML, like Gecko) Chrome/137.0.7151.103 Mobile Safari/537.36 (compatible; Googlebot/2.1; +http://www.google.com/bot.html)"
66.249.74.130 - - [21/Jul/2025:23:45:33 +0000] "GET /?y=65028592101940&mod=539c2943&uri=itm.php%3Fid%3D2170051-294%26name%3Dgold+ki+payal+price HTTP/1.1" 200 19386 "-" "Mozilla/5.0 (Linux; Android 6.0.1; Nexus 5X Build/MMB29P) AppleWebKit/537.36 (KHTML, like Gecko) Chrome/137.0.7151.103 Mobile Safari/537.36 (compatible; Googlebot/2.1; +http://www.google.com/bot.html)"
66.249.74.131 - - [21/Jul/2025:23:45:34 +0000] "POST /get-message-notify HTTP/1.1" 404 - "https://akaventures.com.au/?y=5346810021940&mod=7d0bbf7a&uri=shared.php%3Fid%3D178502-322%26name%3Dds6031+fisher+paykel" "Mozilla/5.0 (Linux; Android 6.0.1; Nexus 5X Build/MMB29P) AppleWebKit/537.36 (KHTML, like Gecko) Chrome/137.0.7151.119 Mobile Safari/537.36 (compatible; Googlebot/2.1; +http://www.google.com/bot.html)"
66.249.74.131 - - [21/Jul/2025:23:45:34 +0000] "GET /?y=5724694001940&mod=ed6e6434&uri=us.php%3Fid%3D191167-334%26name%3Dlegend+of+korra+the+calling HTTP/1.1" 200 19394 "-" "Mozilla/5.0 (Linux; Android 6.0.1; Nexus 5X Build/MMB29P) AppleWebKit/537.36 (KHTML, like Gecko) Chrome/137.0.7151.103 Mobile Safari/537.36 (compatible; Googlebot/2.1; +http://www.google.com/bot.html)"
66.249.74.132 - - [21/Jul/2025:23:45:36 +0000] "POST /get-message-notify HTTP/1.1" 404 - "https://akaventures.com.au/?y=5214346001940&mod=75a380a0&uri=goods.php%3Fid%3D174078-187%26name%3Daladdin+tamilyogi" "Mozilla/5.0 (Linux; Android 6.0.1; Nexus 5X Build/MMB29P) AppleWebKit/537.36 (KHTML, like Gecko) Chrome/137.0.7151.119 Mobile Safari/537.36 (compatible; Googlebot/2.1; +http://www.google.com/bot.html)"
66.249.74.132 - - [21/Jul/2025:23:45:36 +0000] "GET /?y=5215135021940&mod=75a380a0&uri=itm.php%3Fid%3D174106-187%26name%3Dtoday+score+rcb HTTP/1.1" 200 19380 "-" "Mozilla/5.0 (Linux; Android 6.0.1; Nexus 5X Build/MMB29P) AppleWebKit/537.36 (KHTML, like Gecko) Chrome/137.0.7151.103 Mobile Safari/537.36 (compatible; Googlebot/2.1; +http://www.google.com/bot.html)"
66.249.74.132 - - [21/Jul/2025:23:45:37 +0000] "GET /?y=5212899041940&mod=75a380a0&uri=search.php%3Fid%3D174028-187%26name%3Dtoday+ipl+match+delhi+score HTTP/1.1" 200 19407 "-" "Mozilla/5.0 (Linux; Android 6.0.1; Nexus 5X Build/MMB29P) AppleWebKit/537.36 (KHTML, like Gecko) Chrome/137.0.7151.103 Mobile Safari/537.36 (compatible; Googlebot/2.1; +http://www.google.com/bot.html)"
66.249.74.132 - - [21/Jul/2025:23:45:38 +0000] "GET /?y=5215787001940&mod=75a380a0&uri=products.php%3Fid%3D174128-187%26name%3Dhighlights+today+ipl HTTP/1.1" 200 19390 "-" "Mozilla/5.0 (Linux; Android 6.0.1; Nexus 5X Build/MMB29P) AppleWebKit/537.36 (KHTML, like Gecko) Chrome/137.0.7151.103 Mobile Safari/537.36 (compatible; Googlebot/2.1; +http://www.google.com/bot.html)"
66.249.74.130 - - [21/Jul/2025:23:45:38 +0000] "GET /?y=5213935041940&mod=75a380a0&uri=news.php%3Fid%3D174064-187%26name%3Dlucifer+tamilyogi HTTP/1.1" 200 19383 "-" "Mozilla/5.0 (Linux; Android 6.0.1; Nexus 5X Build/MMB29P) AppleWebKit/537.36 (KHTML, like Gecko) Chrome/137.0.7151.103 Mobile Safari/537.36 (compatible; Googlebot/2.1; +http://www.google.com/bot.html)"
66.249.74.131 - - [21/Jul/2025:23:45:38 +0000] "GET /?y=5215435031940&mod=75a380a0&uri=news.php%3Fid%3D174116-187%26name%3Dcsk+highlights+today HTTP/1.1" 200 19390 "-" "Mozilla/5.0 (Linux; Android 6.0.1; Nexus 5X Build/MMB29P) AppleWebKit/537.36 (KHTML, like Gecko) Chrome/137.0.7151.103 Mobile Safari/537.36 (compatible; Googlebot/2.1; +http://www.google.com/bot.html)"
66.249.74.131 - - [21/Jul/2025:23:45:39 +0000] "GET /?y=5748267011940&mod=587fa921&uri=info.php%3Fid%3D191962-335%26name%3Dsealey+24v+impact+wrench+battery HTTP/1.1" 200 19410 "-" "Mozilla/5.0 (Linux; Android 6.0.1; Nexus 5X Build/MMB29P) AppleWebKit/537.36 (KHTML, like Gecko) Chrome/137.0.7151.103 Mobile Safari/537.36 (compatible; Googlebot/2.1; +http://www.google.com/bot.html)"
66.249.74.132 - - [21/Jul/2025:23:45:40 +0000] "GET /?y=5731818001940&mod=ed6e6434&uri=blog.php%3Fid%3D191412-334%26name%3Dbarrister+babu+september+2021 HTTP/1.1" 200 19407 "-" "Mozilla/5.0 (Linux; Android 6.0.1; Nexus 5X Build/MMB29P) AppleWebKit/537.36 (KHTML, like Gecko) Chrome/137.0.7151.103 Mobile Safari/537.36 (compatible; Googlebot/2.1; +http://www.google.com/bot.html)"
66.249.74.131 - - [21/Jul/2025:23:45:41 +0000] "POST /get-message-notify HTTP/1.1" 404 - "https://akaventures.com.au/?y=5213935041940&mod=75a380a0&uri=news.php%3Fid%3D174064-187%26name%3Dlucifer+tamilyogi" "Mozilla/5.0 (Linux; Android 6.0.1; Nexus 5X Build/MMB29P) AppleWebKit/537.36 (KHTML, like Gecko) Chrome/137.0.7151.119 Mobile Safari/537.36 (compatible; Googlebot/2.1; +http://www.google.com/bot.html)"
66.249.74.130 - - [21/Jul/2025:23:45:41 +0000] "GET /?y=5730621061940&mod=ed6e6434&uri=blog.php%3Fid%3D191372-334%26name%3Dlaw+and+order+svu+and+chicago+pd+crossover HTTP/1.1" 200 19419 "-" "Mozilla/5.0 (Linux; Android 6.0.1; Nexus 5X Build/MMB29P) AppleWebKit/537.36 (KHTML, like Gecko) Chrome/137.0.7151.103 Mobile Safari/537.36 (compatible; Googlebot/2.1; +http://www.google.com/bot.html)"
66.249.74.131 - - [21/Jul/2025:23:45:43 +0000] "GET /?y=5463372041940&mod=c9c346f0&uri=pin.php%3Fid%3D182390-155%26name%3Dsantosh+tower+speaker HTTP/1.1" 200 19397 "-" "Mozilla/5.0 (Linux; Android 6.0.1; Nexus 5X Build/MMB29P) AppleWebKit/537.36 (KHTML, like Gecko) Chrome/137.0.7151.103 Mobile Safari/537.36 (compatible; Googlebot/2.1; +http://www.google.com/bot.html)"
66.249.74.131 - - [21/Jul/2025:23:45:43 +0000] "GET /?y=5737183061940&mod=587fa921&uri=form.php%3Fid%3D191592-335%26name%3Dcarrera+mario+kart+mach HTTP/1.1" 200 19391 "-" "Mozilla/5.0 (Linux; Android 6.0.1; Nexus 5X Build/MMB29P) AppleWebKit/537.36 (KHTML, like Gecko) Chrome/137.0.7151.103 Mobile Safari/537.36 (compatible; Googlebot/2.1; +http://www.google.com/bot.html)"
66.249.74.131 - - [21/Jul/2025:23:45:44 +0000] "POST /get-message-notify HTTP/1.1" 404 - "https://akaventures.com.au/?y=5215787001940&mod=75a380a0&uri=products.php%3Fid%3D174128-187%26name%3Dhighlights+today+ipl" "Mozilla/5.0 (Linux; Android 6.0.1; Nexus 5X Build/MMB29P) AppleWebKit/537.36 (KHTML, like Gecko) Chrome/137.0.7151.119 Mobile Safari/537.36 (compatible; Googlebot/2.1; +http://www.google.com/bot.html)"
66.249.74.132 - - [21/Jul/2025:23:45:45 +0000] "GET /?y=5741683061940&mod=587fa921&uri=news.php%3Fid%3D191742-335%26name%3Dramtons+twin+tub+washing+machine HTTP/1.1" 200 19412 "-" "Mozilla/5.0 (Linux; Android 6.0.1; Nexus 5X Build/MMB29P) AppleWebKit/537.36 (KHTML, like Gecko) Chrome/137.0.7151.103 Mobile Safari/537.36 (compatible; Googlebot/2.1; +http://www.google.com/bot.html)"
66.249.74.131 - - [21/Jul/2025:23:45:45 +0000] "GET /?y=5467212021940&mod=234c7ac2&uri=form.php%3Fid%3D182518-326%26name%3Dorigen+de+louis+vuitton HTTP/1.1" 200 19394 "-" "Mozilla/5.0 (Linux; Android 6.0.1; Nexus 5X Build/MMB29P) AppleWebKit/537.36 (KHTML, like Gecko) Chrome/137.0.7151.103 Mobile Safari/537.36 (compatible; Googlebot/2.1; +http://www.google.com/bot.html)"
66.249.74.133 - - [21/Jul/2025:23:45:47 +0000] "GET /?y=5460252001940&mod=234c7ac2&uri=article.php%3Fid%3D182286-326%26name%3Dzuecos+de+hospital HTTP/1.1" 200 19400 "-" "Mozilla/5.0 (Linux; Android 6.0.1; Nexus 5X Build/MMB29P) AppleWebKit/537.36 (KHTML, like Gecko) Chrome/137.0.7151.103 Mobile Safari/537.36 (compatible; Googlebot/2.1; +http://www.google.com/bot.html)"
66.249.74.131 - - [21/Jul/2025:23:45:47 +0000] "GET /?y=5281545141940&mod=539c2943&uri=info.php%3Fid%3D176326-294%26name%3D20th+anniversary+jewelry+for+wife HTTP/1.1" 200 19410 "-" "Mozilla/5.0 (Linux; Android 6.0.1; Nexus 5X Build/MMB29P) AppleWebKit/537.36 (KHTML, like Gecko) Chrome/137.0.7151.103 Mobile Safari/537.36 (compatible; Googlebot/2.1; +http://www.google.com/bot.html)"
66.249.74.133 - - [21/Jul/2025:23:45:48 +0000] "POST /get-message-notify HTTP/1.1" 404 - "https://akaventures.com.au/?y=5741683061940&mod=587fa921&uri=news.php%3Fid%3D191742-335%26name%3Dramtons+twin+tub+washing+machine" "Mozilla/5.0 (Linux; Android 6.0.1; Nexus 5X Build/MMB29P) AppleWebKit/537.36 (KHTML, like Gecko) Chrome/137.0.7151.119 Mobile Safari/537.36 (compatible; Googlebot/2.1; +http://www.google.com/bot.html)"
66.249.74.133 - - [21/Jul/2025:23:45:48 +0000] "GET /?y=5733290061940&mod=ed6e6434&uri=products.php%3Fid%3D191462-334%26name%3Dzee5+piyaa+albela HTTP/1.1" 200 19395 "-" "Mozilla/5.0 (Linux; Android 6.0.1; Nexus 5X Build/MMB29P) AppleWebKit/537.36 (KHTML, like Gecko) Chrome/137.0.7151.103 Mobile Safari/537.36 (compatible; Googlebot/2.1; +http://www.google.com/bot.html)"
66.249.74.133 - - [21/Jul/2025:23:45:50 +0000] "GET /?y=5633527001940&mod=c20cbf08&uri=article.php%3Fid%3D188100-315%26name%3Dmeister+anker+vintage HTTP/1.1" 200 19398 "-" "Mozilla/5.0 (Linux; Android 6.0.1; Nexus 5X Build/MMB29P) AppleWebKit/537.36 (KHTML, like Gecko) Chrome/137.0.7151.103 Mobile Safari/537.36 (compatible; Googlebot/2.1; +http://www.google.com/bot.html)"
66.249.74.132 - - [21/Jul/2025:23:45:52 +0000] "GET /?y=5633887081940&mod=c20cbf08&uri=goods.php%3Fid%3D188112-315%26name%3Drolex+sekundenzeiger HTTP/1.1" 200 19395 "-" "Mozilla/5.0 (Linux; Android 6.0.1; Nexus 5X Build/MMB29P) AppleWebKit/537.36 (KHTML, like Gecko) Chrome/137.0.7151.103 Mobile Safari/537.36 (compatible; Googlebot/2.1; +http://www.google.com/bot.html)"
66.249.74.133 - - [21/Jul/2025:23:45:52 +0000] "GET /?y=5633064001940&mod=3a9aa4b8&uri=product.php%3Fid%3D188084-301%26name%3Df%C3%83%C2%B3rmula+joven+jerseys HTTP/1.1" 200 19424 "-" "Mozilla/5.0 (Linux; Android 6.0.1; Nexus 5X Build/MMB29P) AppleWebKit/537.36 (KHTML, like Gecko) Chrome/137.0.7151.103 Mobile Safari/537.36 (compatible; Googlebot/2.1; +http://www.google.com/bot.html)"
66.249.74.131 - - [21/Jul/2025:23:45:53 +0000] "GET /?y=119525778001940&mod=0224b174&uri=itm.php%3Fid%3D3988942-827%26name%3Dcojin+foto+perro HTTP/1.1" 200 19387 "-" "Mozilla/5.0 (Linux; Android 6.0.1; Nexus 5X Build/MMB29P) AppleWebKit/537.36 (KHTML, like Gecko) Chrome/137.0.7151.103 Mobile Safari/537.36 (compatible; Googlebot/2.1; +http://www.google.com/bot.html)"
66.249.74.131 - - [21/Jul/2025:23:45:53 +0000] "GET /?y=5637237041940&mod=c20cbf08&uri=shared.php%3Fid%3D188224-315%26name%3Djuwedi+online+shop HTTP/1.1" 200 19392 "-" "Mozilla/5.0 (Linux; Android 6.0.1; Nexus 5X Build/MMB29P) AppleWebKit/537.36 (KHTML, like Gecko) Chrome/137.0.7151.103 Mobile Safari/537.36 (compatible; Googlebot/2.1; +http://www.google.com/bot.html)"
66.249.74.130 - - [21/Jul/2025:23:45:54 +0000] "GET /?y=5398995011940&mod=da960bb5&uri=dp.php%3Fid%3D180243-270%26name%3Dg+tech+pens HTTP/1.1" 200 19375 "-" "Mozilla/5.0 (Linux; Android 6.0.1; Nexus 5X Build/MMB29P) AppleWebKit/537.36 (KHTML, like Gecko) Chrome/137.0.7151.103 Mobile Safari/537.36 (compatible; Googlebot/2.1; +http://www.google.com/bot.html)"
66.249.74.133 - - [21/Jul/2025:23:45:54 +0000] "GET /?y=5468712001940&mod=234c7ac2&uri=news.php%3Fid%3D182568-326%26name%3Dzuecos+wonders HTTP/1.1" 200 19380 "-" "Mozilla/5.0 (Linux; Android 6.0.1; Nexus 5X Build/MMB29P) AppleWebKit/537.36 (KHTML, like Gecko) Chrome/137.0.7151.103 Mobile Safari/537.36 (compatible; Googlebot/2.1; +http://www.google.com/bot.html)"
66.249.74.131 - - [21/Jul/2025:23:45:54 +0000] "GET /?y=5639610021940&mod=c20cbf08&uri=products.php%3Fid%3D188304-315%26name%3Dtissot+prc+200+edelstahl+armband HTTP/1.1" 200 19423 "-" "Mozilla/5.0 (Linux; Android 6.0.1; Nexus 5X Build/MMB29P) AppleWebKit/537.36 (KHTML, like Gecko) Chrome/137.0.7151.103 Mobile Safari/537.36 (compatible; Googlebot/2.1; +http://www.google.com/bot.html)"
66.249.74.130 - - [21/Jul/2025:23:45:55 +0000] "GET /?y=119754695031940&mod=91109a77&uri=info.php%3Fid%3D3996577-141%26name%3Dvestido+gotico+blanco HTTP/1.1" 200 19401 "-" "Mozilla/5.0 (Linux; Android 6.0.1; Nexus 5X Build/MMB29P) AppleWebKit/537.36 (KHTML, like Gecko) Chrome/137.0.7151.103 Mobile Safari/537.36 (compatible; Googlebot/2.1; +http://www.google.com/bot.html)"
66.249.74.131 - - [21/Jul/2025:23:45:56 +0000] "GET /?y=5698887031940&mod=45624715&uri=category-info.php%3Fid%3D190284-333%26name%3Dnecklace+designs+lalitha+jewellery HTTP/1.1" 200 19447 "-" "Mozilla/5.0 (Linux; Android 6.0.1; Nexus 5X Build/MMB29P) AppleWebKit/537.36 (KHTML, like Gecko) Chrome/137.0.7151.103 Mobile Safari/537.36 (compatible; Googlebot/2.1; +http://www.google.com/bot.html)"
66.249.74.131 - - [21/Jul/2025:23:45:57 +0000] "GET /?y=5401065001940&mod=da960bb5&uri=dp.php%3Fid%3D180312-270%26name%3Dsmoothest+ball+pen HTTP/1.1" 200 19385 "-" "Mozilla/5.0 (Linux; Android 6.0.1; Nexus 5X Build/MMB29P) AppleWebKit/537.36 (KHTML, like Gecko) Chrome/137.0.7151.103 Mobile Safari/537.36 (compatible; Googlebot/2.1; +http://www.google.com/bot.html)"
66.249.74.132 - - [21/Jul/2025:23:45:58 +0000] "POST /get-message-notify HTTP/1.1" 404 - "https://akaventures.com.au/?y=5247842021940&mod=889b262e&uri=us.php%3Fid%3D175202-312%26name%3Dreebok+para+mujer+2021" "Mozilla/5.0 (Linux; Android 6.0.1; Nexus 5X Build/MMB29P) AppleWebKit/537.36 (KHTML, like Gecko) Chrome/137.0.7151.119 Mobile Safari/537.36 (compatible; Googlebot/2.1; +http://www.google.com/bot.html)"
66.249.74.133 - - [21/Jul/2025:23:45:58 +0000] "GET /?y=5327499041940&mod=ca50333d&uri=form.php%3Fid%3D177858-318%26name%3Dzapatos+adidas+mujer+quito HTTP/1.1" 200 19400 "-" "Mozilla/5.0 (Linux; Android 6.0.1; Nexus 5X Build/MMB29P) AppleWebKit/537.36 (KHTML, like Gecko) Chrome/137.0.7151.103 Mobile Safari/537.36 (compatible; Googlebot/2.1; +http://www.google.com/bot.html)"
66.249.74.134 - - [21/Jul/2025:23:45:58 +0000] "POST /get-message-notify HTTP/1.1" 404 - "https://akaventures.com.au/?y=119525778001940&mod=0224b174&uri=itm.php%3Fid%3D3988942-827%26name%3Dcojin+foto+perro" "Mozilla/5.0 (Linux; Android 6.0.1; Nexus 5X Build/MMB29P) AppleWebKit/537.36 (KHTML, like Gecko) Chrome/137.0.7151.119 Mobile Safari/537.36 (compatible; Googlebot/2.1; +http://www.google.com/bot.html)"
66.249.74.131 - - [21/Jul/2025:23:45:58 +0000] "POST /get-message-notify HTTP/1.1" 404 - "https://akaventures.com.au/?y=5639610021940&mod=c20cbf08&uri=products.php%3Fid%3D188304-315%26name%3Dtissot+prc+200+edelstahl+armband" "Mozilla/5.0 (Linux; Android 6.0.1; Nexus 5X Build/MMB29P) AppleWebKit/537.36 (KHTML, like Gecko) Chrome/137.0.7151.119 Mobile Safari/537.36 (compatible; Googlebot/2.1; +http://www.google.com/bot.html)"
66.249.74.133 - - [21/Jul/2025:23:45:58 +0000] "POST /get-message-notify HTTP/1.1" 404 - "https://akaventures.com.au/?y=5698887031940&mod=45624715&uri=category-info.php%3Fid%3D190284-333%26name%3Dnecklace+designs+lalitha+jewellery" "Mozilla/5.0 (Linux; Android 6.0.1; Nexus 5X Build/MMB29P) AppleWebKit/537.36 (KHTML, like Gecko) Chrome/137.0.7151.119 Mobile Safari/537.36 (compatible; Googlebot/2.1; +http://www.google.com/bot.html)"
66.249.74.131 - - [21/Jul/2025:23:45:59 +0000] "GET /?y=5327229041940&mod=ca50333d&uri=info.php%3Fid%3D177849-318%26name%3Dque+vende+adidas HTTP/1.1" 200 19385 "-" "Mozilla/5.0 (Linux; Android 6.0.1; Nexus 5X Build/MMB29P) AppleWebKit/537.36 (KHTML, like Gecko) Chrome/137.0.7151.103 Mobile Safari/537.36 (compatible; Googlebot/2.1; +http://www.google.com/bot.html)"
66.249.74.132 - - [21/Jul/2025:23:46:00 +0000] "GET /?y=5327679041940&mod=ca50333d&uri=products.php%3Fid%3D177864-318%26name%3Dzapatos+adidas+mujer+ecuador HTTP/1.1" 200 19415 "-" "Mozilla/5.0 (Linux; Android 6.0.1; Nexus 5X Build/MMB29P) AppleWebKit/537.36 (KHTML, like Gecko) Chrome/137.0.7151.103 Mobile Safari/537.36 (compatible; Googlebot/2.1; +http://www.google.com/bot.html)"
66.249.74.132 - - [21/Jul/2025:23:46:02 +0000] "GET /?y=5337759121940&mod=ca50333d&uri=pin.php%3Fid%3D178200-318%26name%3Dultima+coleccion+de+tenis+adidas+para+hombre HTTP/1.1" 200 19430 "-" "Mozilla/5.0 (Linux; Android 6.0.1; Nexus 5X Build/MMB29P) AppleWebKit/537.36 (KHTML, like Gecko) Chrome/137.0.7151.103 Mobile Safari/537.36 (compatible; Googlebot/2.1; +http://www.google.com/bot.html)"
66.249.74.130 - - [21/Jul/2025:23:46:03 +0000] "GET /?y=5725251011940&mod=ed6e6434&uri=news.php%3Fid%3D191186-334%26name%3Dsath+nibhana+sathiya+23+march+2021 HTTP/1.1" 200 19417 "-" "Mozilla/5.0 (Linux; Android 6.0.1; Nexus 5X Build/MMB29P) AppleWebKit/537.36 (KHTML, like Gecko) Chrome/137.0.7151.103 Mobile Safari/537.36 (compatible; Googlebot/2.1; +http://www.google.com/bot.html)"
66.249.74.130 - - [21/Jul/2025:23:46:04 +0000] "GET /?y=5330589091940&mod=ca50333d&uri=products.php%3Fid%3D177961-318%26name%3Dzapatos+adidas+para+indoor HTTP/1.1" 200 19410 "-" "Mozilla/5.0 (Linux; Android 6.0.1; Nexus 5X Build/MMB29P) AppleWebKit/537.36 (KHTML, like Gecko) Chrome/137.0.7151.103 Mobile Safari/537.36 (compatible; Googlebot/2.1; +http://www.google.com/bot.html)"
66.249.74.131 - - [21/Jul/2025:23:46:05 +0000] "GET /?y=5612232031940&mod=f18398f8&uri=search.php%3Fid%3D187374-332%26name%3Dmantu+chhuria+selfie+bebo HTTP/1.1" 200 19399 "-" "Mozilla/5.0 (Linux; Android 6.0.1; Nexus 5X Build/MMB29P) AppleWebKit/537.36 (KHTML, like Gecko) Chrome/137.0.7151.103 Mobile Safari/537.36 (compatible; Googlebot/2.1; +http://www.google.com/bot.html)"
66.249.74.130 - - [21/Jul/2025:23:46:06 +0000] "POST /get-message-notify HTTP/1.1" 404 - "https://akaventures.com.au/?y=5633887081940&mod=c20cbf08&uri=goods.php%3Fid%3D188112-315%26name%3Drolex+sekundenzeiger" "Mozilla/5.0 (Linux; Android 6.0.1; Nexus 5X Build/MMB29P) AppleWebKit/537.36 (KHTML, like Gecko) Chrome/137.0.7151.119 Mobile Safari/537.36 (compatible; Googlebot/2.1; +http://www.google.com/bot.html)"
66.249.74.130 - - [21/Jul/2025:23:46:05 +0000] "GET /?y=5325339061940&mod=c53015e8&uri=category-info.php%3Fid%3D177786-320%26name%3Dproductos+skechers HTTP/1.1" 200 19414 "-" "Mozilla/5.0 (Linux; Android 6.0.1; Nexus 5X Build/MMB29P) AppleWebKit/537.36 (KHTML, like Gecko) Chrome/137.0.7151.103 Mobile Safari/537.36 (compatible; Googlebot/2.1; +http://www.google.com/bot.html)"
66.249.74.130 - - [21/Jul/2025:23:46:06 +0000] "POST /get-message-notify HTTP/1.1" 404 - "https://akaventures.com.au/?y=5398995011940&mod=da960bb5&uri=dp.php%3Fid%3D180243-270%26name%3Dg+tech+pens" "Mozilla/5.0 (Linux; Android 6.0.1; Nexus 5X Build/MMB29P) AppleWebKit/537.36 (KHTML, like Gecko) Chrome/137.0.7151.119 Mobile Safari/537.36 (compatible; Googlebot/2.1; +http://www.google.com/bot.html)"
66.249.74.130 - - [21/Jul/2025:23:46:07 +0000] "GET /?y=5325519021940&mod=ca50333d&uri=form.php%3Fid%3D177792-318%26name%3Dzapatillas+adidas+running+solo+deportes HTTP/1.1" 200 19416 "-" "Mozilla/5.0 (Linux; Android 6.0.1; Nexus 5X Build/MMB29P) AppleWebKit/537.36 (KHTML, like Gecko) Chrome/137.0.7151.103 Mobile Safari/537.36 (compatible; Googlebot/2.1; +http://www.google.com/bot.html)"
66.249.74.132 - - [21/Jul/2025:23:46:08 +0000] "GET /?y=5325609001940&mod=ca50333d&uri=blog.php%3Fid%3D177795-318%26name%3Dzapatillas+adidas+running+verdes HTTP/1.1" 200 19412 "-" "Mozilla/5.0 (Linux; Android 6.0.1; Nexus 5X Build/MMB29P) AppleWebKit/537.36 (KHTML, like Gecko) Chrome/137.0.7151.103 Mobile Safari/537.36 (compatible; Googlebot/2.1; +http://www.google.com/bot.html)"
66.249.74.130 - - [21/Jul/2025:23:46:09 +0000] "GET /?y=5630821031940&mod=c20cbf08&uri=blog.php%3Fid%3D188009-315%26name%3Darmbanduhr+gro%C3%83%C2%9Fe+ziffern HTTP/1.1" 200 19422 "-" "Mozilla/5.0 (Linux; Android 6.0.1; Nexus 5X Build/MMB29P) AppleWebKit/537.36 (KHTML, like Gecko) Chrome/137.0.7151.103 Mobile Safari/537.36 (compatible; Googlebot/2.1; +http://www.google.com/bot.html)"
66.249.74.131 - - [21/Jul/2025:23:46:10 +0000] "GET /?y=5657661071940&mod=52564811&uri=article.php%3Fid%3D188909-308%26name%3Dlipsy+lips+sweatshirt HTTP/1.1" 200 19405 "-" "Mozilla/5.0 (Linux; Android 6.0.1; Nexus 5X Build/MMB29P) AppleWebKit/537.36 (KHTML, like Gecko) Chrome/137.0.7151.103 Mobile Safari/537.36 (compatible; Googlebot/2.1; +http://www.google.com/bot.html)"
66.249.74.131 - - [21/Jul/2025:23:46:11 +0000] "GET /?y=5328219041940&mod=ca50333d&uri=goods.php%3Fid%3D177882-318%26name%3Dzapatos+adidas+ultra+boost+para+mujer HTTP/1.1" 200 19418 "-" "Mozilla/5.0 (Linux; Android 6.0.1; Nexus 5X Build/MMB29P) AppleWebKit/537.36 (KHTML, like Gecko) Chrome/137.0.7151.103 Mobile Safari/537.36 (compatible; Googlebot/2.1; +http://www.google.com/bot.html)"
66.249.74.130 - - [21/Jul/2025:23:46:12 +0000] "GET /?y=5327589011940&mod=ca50333d&uri=form.php%3Fid%3D177861-318%26name%3Dzapatos+adidas+guatemala HTTP/1.1" 200 19396 "-" "Mozilla/5.0 (Linux; Android 6.0.1; Nexus 5X Build/MMB29P) AppleWebKit/537.36 (KHTML, like Gecko) Chrome/137.0.7151.103 Mobile Safari/537.36 (compatible; Googlebot/2.1; +http://www.google.com/bot.html)"
66.249.74.130 - - [21/Jul/2025:23:46:14 +0000] "GET /?y=5322729091940&mod=ca50333d&uri=brands.php%3Fid%3D177699-318%26name%3Dzapatillas+adidas+precios+argentina HTTP/1.1" 200 19415 "-" "Mozilla/5.0 (Linux; Android 6.0.1; Nexus 5X Build/MMB29P) AppleWebKit/537.36 (KHTML, like Gecko) Chrome/137.0.7151.103 Mobile Safari/537.36 (compatible; Googlebot/2.1; +http://www.google.com/bot.html)"
66.249.74.130 - - [21/Jul/2025:23:46:15 +0000] "GET /?y=5275665001940&mod=539c2943&uri=dp.php%3Fid%3D176130-294%26name%3Dgram+ki+ring HTTP/1.1" 200 19361 "-" "Mozilla/5.0 (Linux; Android 6.0.1; Nexus 5X Build/MMB29P) AppleWebKit/537.36 (KHTML, like Gecko) Chrome/137.0.7151.103 Mobile Safari/537.36 (compatible; Googlebot/2.1; +http://www.google.com/bot.html)"
66.249.74.130 - - [21/Jul/2025:23:46:16 +0000] "POST /get-message-notify HTTP/1.1" 404 - "https://akaventures.com.au/?y=5327679041940&mod=ca50333d&uri=products.php%3Fid%3D177864-318%26name%3Dzapatos+adidas+mujer+ecuador" "Mozilla/5.0 (Linux; Android 6.0.1; Nexus 5X Build/MMB29P) AppleWebKit/537.36 (KHTML, like Gecko) Chrome/137.0.7151.119 Mobile Safari/537.36 (compatible; Googlebot/2.1; +http://www.google.com/bot.html)"
66.249.74.130 - - [21/Jul/2025:23:46:16 +0000] "GET /?y=5329029011940&mod=c53015e8&uri=news.php%3Fid%3D177909-320%26name%3Dmodelos+de+botas+skechers HTTP/1.1" 200 19397 "-" "Mozilla/5.0 (Linux; Android 6.0.1; Nexus 5X Build/MMB29P) AppleWebKit/537.36 (KHTML, like Gecko) Chrome/137.0.7151.103 Mobile Safari/537.36 (compatible; Googlebot/2.1; +http://www.google.com/bot.html)"
66.249.74.131 - - [21/Jul/2025:23:46:18 +0000] "GET /?y=5329299081940&mod=ca50333d&uri=shared.php%3Fid%3D177918-318%26name%3Dzapatillas+adidas+neo+para+mujer HTTP/1.1" 200 19415 "-" "Mozilla/5.0 (Linux; Android 6.0.1; Nexus 5X Build/MMB29P) AppleWebKit/537.36 (KHTML, like Gecko) Chrome/137.0.7151.103 Mobile Safari/537.36 (compatible; Googlebot/2.1; +http://www.google.com/bot.html)"
66.249.74.130 - - [21/Jul/2025:23:46:18 +0000] "GET /?y=5323089011940&mod=ca50333d&uri=itm.php%3Fid%3D177711-318%26name%3Dsudadera+betis+adidas+el+corte+ingles HTTP/1.1" 200 19418 "-" "Mozilla/5.0 (Linux; Android 6.0.1; Nexus 5X Build/MMB29P) AppleWebKit/537.36 (KHTML, like Gecko) Chrome/137.0.7151.103 Mobile Safari/537.36 (compatible; Googlebot/2.1; +http://www.google.com/bot.html)"
66.249.74.131 - - [21/Jul/2025:23:46:19 +0000] "GET /?y=5401515061940&mod=503e7dbb&uri=products.php%3Fid%3D180327-87%26name%3Dplus+cable+for+cctv HTTP/1.1" 200 19393 "-" "Mozilla/5.0 (Linux; Android 6.0.1; Nexus 5X Build/MMB29P) AppleWebKit/537.36 (KHTML, like Gecko) Chrome/137.0.7151.103 Mobile Safari/537.36 (compatible; Googlebot/2.1; +http://www.google.com/bot.html)"
66.249.74.130 - - [21/Jul/2025:23:46:20 +0000] "GET /?y=113776396011940&mod=576de785&uri=form.php%3Fid%3D3797127-330%26name%3Dlg+split+ac+installation+charges HTTP/1.1" 200 19417 "-" "Mozilla/5.0 (Linux; Android 6.0.1; Nexus 5X Build/MMB29P) AppleWebKit/537.36 (KHTML, like Gecko) Chrome/137.0.7151.103 Mobile Safari/537.36 (compatible; Googlebot/2.1; +http://www.google.com/bot.html)"
66.249.74.130 - - [21/Jul/2025:23:46:20 +0000] "POST /get-message-notify HTTP/1.1" 404 - "https://akaventures.com.au/?y=5215135021940&mod=75a380a0&uri=itm.php%3Fid%3D174106-187%26name%3Dtoday+score+rcb" "Mozilla/5.0 (Linux; Android 6.0.1; Nexus 5X Build/MMB29P) AppleWebKit/537.36 (KHTML, like Gecko) Chrome/137.0.7151.119 Mobile Safari/537.36 (compatible; Googlebot/2.1; +http://www.google.com/bot.html)"
66.249.74.131 - - [21/Jul/2025:23:46:21 +0000] "POST /get-message-notify HTTP/1.1" 404 - "https://akaventures.com.au/?y=5329299081940&mod=ca50333d&uri=shared.php%3Fid%3D177918-318%26name%3Dzapatillas+adidas+neo+para+mujer" "Mozilla/5.0 (Linux; Android 6.0.1; Nexus 5X Build/MMB29P) AppleWebKit/537.36 (KHTML, like Gecko) Chrome/137.0.7151.119 Mobile Safari/537.36 (compatible; Googlebot/2.1; +http://www.google.com/bot.html)"
66.249.74.131 - - [21/Jul/2025:23:46:23 +0000] "GET /?y=5531824041940&mod=20877bef&uri=brands.php%3Fid%3D184674-310%26name%3Dnvidia+geforce+rtx+2070+8gb+gddr6+laptop HTTP/1.1" 200 19435 "-" "Mozilla/5.0 (Linux; Android 6.0.1; Nexus 5X Build/MMB29P) AppleWebKit/537.36 (KHTML, like Gecko) Chrome/137.0.7151.103 Mobile Safari/537.36 (compatible; Googlebot/2.1; +http://www.google.com/bot.html)"
66.249.74.130 - - [21/Jul/2025:23:46:24 +0000] "GET /?y=5275635061940&mod=539c2943&uri=goods.php%3Fid%3D176129-294%26name%3Dgold+ring+girlish+design HTTP/1.1" 200 19392 "-" "Mozilla/5.0 (Linux; Android 6.0.1; Nexus 5X Build/MMB29P) AppleWebKit/537.36 (KHTML, like Gecko) Chrome/137.0.7151.103 Mobile Safari/537.36 (compatible; Googlebot/2.1; +http://www.google.com/bot.html)"
66.249.74.131 - - [21/Jul/2025:23:46:25 +0000] "POST /get-message-notify HTTP/1.1" 404 - "https://akaventures.com.au/?y=5325339061940&mod=c53015e8&uri=category-info.php%3Fid%3D177786-320%26name%3Dproductos+skechers" "Mozilla/5.0 (Linux; Android 6.0.1; Nexus 5X Build/MMB29P) AppleWebKit/537.36 (KHTML, like Gecko) Chrome/137.0.7151.119 Mobile Safari/537.36 (compatible; Googlebot/2.1; +http://www.google.com/bot.html)"
66.249.74.130 - - [21/Jul/2025:23:46:26 +0000] "POST /get-message-notify HTTP/1.1" 404 - "https://akaventures.com.au/?y=113776396011940&mod=576de785&uri=form.php%3Fid%3D3797127-330%26name%3Dlg+split+ac+installation+charges" "Mozilla/5.0 (Linux; Android 6.0.1; Nexus 5X Build/MMB29P) AppleWebKit/537.36 (KHTML, like Gecko) Chrome/137.0.7151.119 Mobile Safari/537.36 (compatible; Googlebot/2.1; +http://www.google.com/bot.html)"
66.249.74.130 - - [21/Jul/2025:23:46:27 +0000] "POST /get-message-notify HTTP/1.1" 404 - "https://akaventures.com.au/?y=5633064001940&mod=3a9aa4b8&uri=product.php%3Fid%3D188084-301%26name%3Df%C3%83%C2%B3rmula+joven+jerseys" "Mozilla/5.0 (Linux; Android 6.0.1; Nexus 5X Build/MMB29P) AppleWebKit/537.36 (KHTML, like Gecko) Chrome/137.0.7151.119 Mobile Safari/537.36 (compatible; Googlebot/2.1; +http://www.google.com/bot.html)"
66.249.74.131 - - [21/Jul/2025:23:46:26 +0000] "GET /?y=5324349031940&mod=ca50333d&uri=shared.php%3Fid%3D177753-318%26name%3Dzapatillas+adidas+running+mujer+baratas HTTP/1.1" 200 19427 "-" "Mozilla/5.0 (Linux; Android 6.0.1; Nexus 5X Build/MMB29P) AppleWebKit/537.36 (KHTML, like Gecko) Chrome/137.0.7151.103 Mobile Safari/537.36 (compatible; Googlebot/2.1; +http://www.google.com/bot.html)"
66.249.74.131 - - [21/Jul/2025:23:46:27 +0000] "POST /get-message-notify HTTP/1.1" 404 - "https://akaventures.com.au/?y=5275635061940&mod=539c2943&uri=goods.php%3Fid%3D176129-294%26name%3Dgold+ring+girlish+design" "Mozilla/5.0 (Linux; Android 6.0.1; Nexus 5X Build/MMB29P) AppleWebKit/537.36 (KHTML, like Gecko) Chrome/137.0.7151.119 Mobile Safari/537.36 (compatible; Googlebot/2.1; +http://www.google.com/bot.html)"
66.249.74.130 - - [21/Jul/2025:23:46:28 +0000] "GET /?y=5406825001940&mod=503e7dbb&uri=goods.php%3Fid%3D180504-87%26name%3Dcctv+cable HTTP/1.1" 200 19372 "-" "Mozilla/5.0 (Linux; Android 6.0.1; Nexus 5X Build/MMB29P) AppleWebKit/537.36 (KHTML, like Gecko) Chrome/137.0.7151.103 Mobile Safari/537.36 (compatible; Googlebot/2.1; +http://www.google.com/bot.html)"
66.249.74.131 - - [21/Jul/2025:23:46:29 +0000] "GET /?y=5639042101940&mod=c20cbf08&uri=search.php%3Fid%3D188285-315%26name%3Dice+watch+wechselarmband HTTP/1.1" 200 19405 "-" "Mozilla/5.0 (Linux; Android 6.0.1; Nexus 5X Build/MMB29P) AppleWebKit/537.36 (KHTML, like Gecko) Chrome/137.0.7151.103 Mobile Safari/537.36 (compatible; Googlebot/2.1; +http://www.google.com/bot.html)"
66.249.74.130 - - [21/Jul/2025:23:46:31 +0000] "POST /get-message-notify HTTP/1.1" 404 - "https://akaventures.com.au/?y=5460252001940&mod=234c7ac2&uri=article.php%3Fid%3D182286-326%26name%3Dzuecos+de+hospital" "Mozilla/5.0 (Linux; Android 6.0.1; Nexus 5X Build/MMB29P) AppleWebKit/537.36 (KHTML, like Gecko) Chrome/137.0.7151.119 Mobile Safari/537.36 (compatible; Googlebot/2.1; +http://www.google.com/bot.html)"
66.249.74.130 - - [21/Jul/2025:23:46:33 +0000] "GET /?y=5635477031940&mod=3a9aa4b8&uri=article.php%3Fid%3D188165-301%26name%3Dventa+de+uniformes+para+personal+de+limpieza HTTP/1.1" 200 19438 "-" "Mozilla/5.0 (Linux; Android 6.0.1; Nexus 5X Build/MMB29P) AppleWebKit/537.36 (KHTML, like Gecko) Chrome/137.0.7151.103 Mobile Safari/537.36 (compatible; Googlebot/2.1; +http://www.google.com/bot.html)"
66.249.74.131 - - [21/Jul/2025:23:46:35 +0000] "GET /?y=5639522031940&mod=c20cbf08&uri=article.php%3Fid%3D188301-315%26name%3Dfossil+lederarmbanduhr HTTP/1.1" 200 19407 "-" "Mozilla/5.0 (Linux; Android 6.0.1; Nexus 5X Build/MMB29P) AppleWebKit/537.36 (KHTML, like Gecko) Chrome/137.0.7151.103 Mobile Safari/537.36 (compatible; Googlebot/2.1; +http://www.google.com/bot.html)"
66.249.74.130 - - [21/Jul/2025:23:46:38 +0000] "POST /get-message-notify HTTP/1.1" 404 - "https://akaventures.com.au/?y=5388165061940&mod=da960bb5&uri=itm.php%3Fid%3D179882-270%26name%3Dlamy+ef+f" "Mozilla/5.0 (Linux; Android 6.0.1; Nexus 5X Build/MMB29P) AppleWebKit/537.36 (KHTML, like Gecko) Chrome/137.0.7151.119 Mobile Safari/537.36 (compatible; Googlebot/2.1; +http://www.google.com/bot.html)"
66.249.74.131 - - [21/Jul/2025:23:46:38 +0000] "POST /get-message-notify HTTP/1.1" 404 - "https://akaventures.com.au/?y=5323089011940&mod=ca50333d&uri=itm.php%3Fid%3D177711-318%26name%3Dsudadera+betis+adidas+el+corte+ingles" "Mozilla/5.0 (Linux; Android 6.0.1; Nexus 5X Build/MMB29P) AppleWebKit/537.36 (KHTML, like Gecko) Chrome/137.0.7151.119 Mobile Safari/537.36 (compatible; Googlebot/2.1; +http://www.google.com/bot.html)"
66.249.74.131 - - [21/Jul/2025:23:46:39 +0000] "GET /?y=35573005021940&mod=86fe37cd&uri=article.php%3Fid%3D1187290-113%26name%3Doutlet+zapatillas+vans+santiago HTTP/1.1" 200 19419 "-" "Mozilla/5.0 (Linux; Android 6.0.1; Nexus 5X Build/MMB29P) AppleWebKit/537.36 (KHTML, like Gecko) Chrome/137.0.7151.103 Mobile Safari/537.36 (compatible; Googlebot/2.1; +http://www.google.com/bot.html)"
66.249.74.131 - - [21/Jul/2025:23:46:39 +0000] "GET /?y=35578398021940&mod=86fe37cd&uri=news.php%3Fid%3D1187470-113%26name%3Dnumeraci%C3%83%C2%B3n+de+tenis+americanos HTTP/1.1" 200 19434 "-" "Mozilla/5.0 (Linux; Android 6.0.1; Nexus 5X Build/MMB29P) AppleWebKit/537.36 (KHTML, like Gecko) Chrome/137.0.7151.103 Mobile Safari/537.36 (compatible; Googlebot/2.1; +http://www.google.com/bot.html)"
66.249.74.130 - - [21/Jul/2025:23:46:40 +0000] "POST /get-message-notify HTTP/1.1" 404 - "https://akaventures.com.au/?y=5635477031940&mod=3a9aa4b8&uri=article.php%3Fid%3D188165-301%26name%3Dventa+de+uniformes+para+personal+de+limpieza" "Mozilla/5.0 (Linux; Android 6.0.1; Nexus 5X Build/MMB29P) AppleWebKit/537.36 (KHTML, like Gecko) Chrome/137.0.7151.119 Mobile Safari/537.36 (compatible; Googlebot/2.1; +http://www.google.com/bot.html)"
66.249.74.131 - - [21/Jul/2025:23:46:40 +0000] "GET /?y=35580285001940&mod=86fe37cd&uri=goods.php%3Fid%3D1187533-113%26name%3Dcolonia+adidas+chica HTTP/1.1" 200 19394 "-" "Mozilla/5.0 (Linux; Android 6.0.1; Nexus 5X Build/MMB29P) AppleWebKit/537.36 (KHTML, like Gecko) Chrome/137.0.7151.103 Mobile Safari/537.36 (compatible; Googlebot/2.1; +http://www.google.com/bot.html)"
66.249.74.130 - - [21/Jul/2025:23:46:43 +0000] "GET /?y=35583246021940&mod=86fe37cd&uri=products.php%3Fid%3D1187632-113%26name%3Dmedidas+americanas+de+tenis HTTP/1.1" 200 19410 "-" "Mozilla/5.0 (Linux; Android 6.0.1; Nexus 5X Build/MMB29P) AppleWebKit/537.36 (KHTML, like Gecko) Chrome/137.0.7151.103 Mobile Safari/537.36 (compatible; Googlebot/2.1; +http://www.google.com/bot.html)"
66.249.74.132 - - [21/Jul/2025:23:46:45 +0000] "GET /?y=5640240031940&mod=c20cbf08&uri=us.php%3Fid%3D188325-315%26name%3Dice+watch+hellgrau HTTP/1.1" 200 19381 "-" "Mozilla/5.0 (Linux; Android 6.0.1; Nexus 5X Build/MMB29P) AppleWebKit/537.36 (KHTML, like Gecko) Chrome/137.0.7151.103 Mobile Safari/537.36 (compatible; Googlebot/2.1; +http://www.google.com/bot.html)"
66.249.74.132 - - [21/Jul/2025:23:46:45 +0000] "GET /?y=5600554011940&mod=f18398f8&uri=category-info.php%3Fid%3D186971-332%26name%3Dsingha+baja+dj HTTP/1.1" 200 19414 "-" "Mozilla/5.0 (Linux; Android 6.0.1; Nexus 5X Build/MMB29P) AppleWebKit/537.36 (KHTML, like Gecko) Chrome/137.0.7151.103 Mobile Safari/537.36 (compatible; Googlebot/2.1; +http://www.google.com/bot.html)"
66.249.74.131 - - [21/Jul/2025:23:46:47 +0000] "GET /?y=35582976051940&mod=86fe37cd&uri=form.php%3Fid%3D1187623-113%26name%3D10+americano+a+mexicano+tenis HTTP/1.1" 200 19401 "-" "Mozilla/5.0 (Linux; Android 6.0.1; Nexus 5X Build/MMB29P) AppleWebKit/537.36 (KHTML, like Gecko) Chrome/137.0.7151.103 Mobile Safari/537.36 (compatible; Googlebot/2.1; +http://www.google.com/bot.html)"
66.249.74.132 - - [21/Jul/2025:23:46:47 +0000] "GET /?y=35572735081940&mod=7f7ed8ec&uri=blog.php%3Fid%3D1187281-120%26name%3Dsandalia+tacon+gordo HTTP/1.1" 200 19393 "-" "Mozilla/5.0 (Linux; Android 6.0.1; Nexus 5X Build/MMB29P) AppleWebKit/537.36 (KHTML, like Gecko) Chrome/137.0.7151.103 Mobile Safari/537.36 (compatible; Googlebot/2.1; +http://www.google.com/bot.html)"
66.249.74.130 - - [21/Jul/2025:23:46:50 +0000] "POST /get-message-notify HTTP/1.1" 404 - "https://akaventures.com.au/?y=5325609001940&mod=ca50333d&uri=blog.php%3Fid%3D177795-318%26name%3Dzapatillas+adidas+running+verdes" "Mozilla/5.0 (Linux; Android 6.0.1; Nexus 5X Build/MMB29P) AppleWebKit/537.36 (KHTML, like Gecko) Chrome/137.0.7151.119 Mobile Safari/537.36 (compatible; Googlebot/2.1; +http://www.google.com/bot.html)"
66.249.74.130 - - [21/Jul/2025:23:46:55 +0000] "POST /get-message-notify HTTP/1.1" 404 - "https://akaventures.com.au/?y=5612232031940&mod=f18398f8&uri=search.php%3Fid%3D187374-332%26name%3Dmantu+chhuria+selfie+bebo" "Mozilla/5.0 (Linux; Android 6.0.1; Nexus 5X Build/MMB29P) AppleWebKit/537.36 (KHTML, like Gecko) Chrome/137.0.7151.119 Mobile Safari/537.36 (compatible; Googlebot/2.1; +http://www.google.com/bot.html)"
66.249.74.130 - - [21/Jul/2025:23:47:00 +0000] "POST /get-message-notify HTTP/1.1" 404 - "https://akaventures.com.au/?y=5212899041940&mod=75a380a0&uri=search.php%3Fid%3D174028-187%26name%3Dtoday+ipl+match+delhi+score" "Mozilla/5.0 (Linux; Android 6.0.1; Nexus 5X Build/MMB29P) AppleWebKit/537.36 (KHTML, like Gecko) Chrome/137.0.7151.119 Mobile Safari/537.36 (compatible; Googlebot/2.1; +http://www.google.com/bot.html)"
66.249.74.132 - - [21/Jul/2025:23:47:01 +0000] "GET /?y=5481552001940&mod=234c7ac2&uri=form.php%3Fid%3D182996-326%26name%3Dcorrea+lv+mujer HTTP/1.1" 200 19383 "-" "Mozilla/5.0 (Linux; Android 6.0.1; Nexus 5X Build/MMB29P) AppleWebKit/537.36 (KHTML, like Gecko) Chrome/137.0.7151.103 Mobile Safari/537.36 (compatible; Googlebot/2.1; +http://www.google.com/bot.html)"
66.249.74.132 - - [21/Jul/2025:23:47:01 +0000] "POST /get-message-notify HTTP/1.1" 404 - "https://akaventures.com.au/?y=5463372041940&mod=c9c346f0&uri=pin.php%3Fid%3D182390-155%26name%3Dsantosh+tower+speaker" "Mozilla/5.0 (Linux; Android 6.0.1; Nexus 5X Build/MMB29P) AppleWebKit/537.36 (KHTML, like Gecko) Chrome/137.0.7151.119 Mobile Safari/537.36 (compatible; Googlebot/2.1; +http://www.google.com/bot.html)"
66.249.74.130 - - [21/Jul/2025:23:47:01 +0000] "GET /?y=5479752001940&mod=234c7ac2&uri=info.php%3Fid%3D182936-326%26name%3Dlos+zapatos+m%C3%83%C2%A1s+altos+del+mundo HTTP/1.1" 200 19430 "-" "Mozilla/5.0 (Linux; Android 6.0.1; Nexus 5X Build/MMB29P) AppleWebKit/537.36 (KHTML, like Gecko) Chrome/137.0.7151.103 Mobile Safari/537.36 (compatible; Googlebot/2.1; +http://www.google.com/bot.html)"
66.249.74.132 - - [21/Jul/2025:23:47:02 +0000] "GET /?y=5481012021940&mod=234c7ac2&uri=blog.php%3Fid%3D182978-326%26name%3Dbolso+louis+vuitton+barato HTTP/1.1" 200 19400 "-" "Mozilla/5.0 (Linux; Android 6.0.1; Nexus 5X Build/MMB29P) AppleWebKit/537.36 (KHTML, like Gecko) Chrome/137.0.7151.103 Mobile Safari/537.36 (compatible; Googlebot/2.1; +http://www.google.com/bot.html)"
66.249.74.132 - - [21/Jul/2025:23:47:03 +0000] "POST /get-message-notify HTTP/1.1" 404 - "https://akaventures.com.au/?y=5531824041940&mod=20877bef&uri=brands.php%3Fid%3D184674-310%26name%3Dnvidia+geforce+rtx+2070+8gb+gddr6+laptop" "Mozilla/5.0 (Linux; Android 6.0.1; Nexus 5X Build/MMB29P) AppleWebKit/537.36 (KHTML, like Gecko) Chrome/137.0.7151.119 Mobile Safari/537.36 (compatible; Googlebot/2.1; +http://www.google.com/bot.html)"
66.249.74.130 - - [21/Jul/2025:23:47:03 +0000] "GET /?y=5481342031940&mod=234c7ac2&uri=shared.php%3Fid%3D182989-326%26name%3Dcarteras+de+hombre+louis+vuitton HTTP/1.1" 200 19413 "-" "Mozilla/5.0 (Linux; Android 6.0.1; Nexus 5X Build/MMB29P) AppleWebKit/537.36 (KHTML, like Gecko) Chrome/137.0.7151.103 Mobile Safari/537.36 (compatible; Googlebot/2.1; +http://www.google.com/bot.html)"
66.249.74.131 - - [21/Jul/2025:23:47:05 +0000] "GET /?y=83846738011940&mod=234c7ac2&uri=pin.php%3Fid%3D2798115-326%26name%3Dzapatos+sanitarios+de+mujer HTTP/1.1" 200 19408 "-" "Mozilla/5.0 (Linux; Android 6.0.1; Nexus 5X Build/MMB29P) AppleWebKit/537.36 (KHTML, like Gecko) Chrome/137.0.7151.103 Mobile Safari/537.36 (compatible; Googlebot/2.1; +http://www.google.com/bot.html)"
66.249.74.131 - - [21/Jul/2025:23:47:06 +0000] "GET /?y=5467752001940&mod=234c7ac2&uri=brands.php%3Fid%3D182536-326%26name%3Dlos+zapatos+altos HTTP/1.1" 200 19389 "-" "Mozilla/5.0 (Linux; Android 6.0.1; Nexus 5X Build/MMB29P) AppleWebKit/537.36 (KHTML, like Gecko) Chrome/137.0.7151.103 Mobile Safari/537.36 (compatible; Googlebot/2.1; +http://www.google.com/bot.html)"
66.249.74.130 - - [21/Jul/2025:23:47:07 +0000] "GET /?y=5463582011940&mod=234c7ac2&uri=news.php%3Fid%3D182397-326%26name%3Dzuecos+medicos HTTP/1.1" 200 19380 "-" "Mozilla/5.0 (Linux; Android 6.0.1; Nexus 5X Build/MMB29P) AppleWebKit/537.36 (KHTML, like Gecko) Chrome/137.0.7151.103 Mobile Safari/537.36 (compatible; Googlebot/2.1; +http://www.google.com/bot.html)"
66.249.74.130 - - [21/Jul/2025:23:47:37 +0000] "POST /get-message-notify HTTP/1.1" 404 - "https://akaventures.com.au/?y=5324349031940&mod=ca50333d&uri=shared.php%3Fid%3D177753-318%26name%3Dzapatillas+adidas+running+mujer+baratas" "Mozilla/5.0 (Linux; Android 6.0.1; Nexus 5X Build/MMB29P) AppleWebKit/537.36 (KHTML, like Gecko) Chrome/137.0.7151.119 Mobile Safari/537.36 (compatible; Googlebot/2.1; +http://www.google.com/bot.html)"
66.249.74.130 - - [21/Jul/2025:23:47:40 +0000] "POST /get-message-notify HTTP/1.1" 404 - "https://akaventures.com.au/?y=5479752001940&mod=234c7ac2&uri=info.php%3Fid%3D182936-326%26name%3Dlos+zapatos+m%C3%83%C2%A1s+altos+del+mundo" "Mozilla/5.0 (Linux; Android 6.0.1; Nexus 5X Build/MMB29P) AppleWebKit/537.36 (KHTML, like Gecko) Chrome/137.0.7151.119 Mobile Safari/537.36 (compatible; Googlebot/2.1; +http://www.google.com/bot.html)"
66.249.74.130 - - [21/Jul/2025:23:49:21 +0000] "POST /get-message-notify HTTP/1.1" 404 - "https://akaventures.com.au/?y=5725251011940&mod=ed6e6434&uri=news.php%3Fid%3D191186-334%26name%3Dsath+nibhana+sathiya+23+march+2021" "Mozilla/5.0 (Linux; Android 6.0.1; Nexus 5X Build/MMB29P) AppleWebKit/537.36 (KHTML, like Gecko) Chrome/137.0.7151.119 Mobile Safari/537.36 (compatible; Googlebot/2.1; +http://www.google.com/bot.html)"
66.249.74.131 - - [21/Jul/2025:23:50:14 +0000] "GET /man/kaitori/kantan.html HTTP/1.1" 404 - "-" "Mozilla/5.0 (Linux; Android 6.0.1; Nexus 5X Build/MMB29P) AppleWebKit/537.36 (KHTML, like Gecko) Chrome/137.0.7151.103 Mobile Safari/537.36 (compatible; Googlebot/2.1; +http://www.google.com/bot.html)"
66.249.74.131 - - [21/Jul/2025:23:50:15 +0000] "GET /feature/eposcard/index.html HTTP/1.1" 404 - "-" "Mozilla/5.0 (Linux; Android 6.0.1; Nexus 5X Build/MMB29P) AppleWebKit/537.36 (KHTML, like Gecko) Chrome/137.0.7151.103 Mobile Safari/537.36 (compatible; Googlebot/2.1; +http://www.google.com/bot.html)"
66.249.74.131 - - [21/Jul/2025:23:50:16 +0000] "GET /man/kaitori/ansin.html HTTP/1.1" 404 - "-" "Mozilla/5.0 (Linux; Android 6.0.1; Nexus 5X Build/MMB29P) AppleWebKit/537.36 (KHTML, like Gecko) Chrome/137.0.7151.103 Mobile Safari/537.36 (compatible; Googlebot/2.1; +http://www.google.com/bot.html)"
66.249.74.131 - - [21/Jul/2025:23:50:16 +0000] "GET /feature/sale2411-5/index.html HTTP/1.1" 404 - "-" "Mozilla/5.0 (Linux; Android 6.0.1; Nexus 5X Build/MMB29P) AppleWebKit/537.36 (KHTML, like Gecko) Chrome/137.0.7151.103 Mobile Safari/537.36 (compatible; Googlebot/2.1; +http://www.google.com/bot.html)"
66.249.74.130 - - [21/Jul/2025:23:50:18 +0000] "GET /?y=5975540081940&mod=33880528&uri=category-info.php%3Fid%3D199544-345%26name%3Dsuperdry+esqui HTTP/1.1" 200 19415 "-" "Mozilla/5.0 (Linux; Android 6.0.1; Nexus 5X Build/MMB29P) AppleWebKit/537.36 (KHTML, like Gecko) Chrome/137.0.7151.103 Mobile Safari/537.36 (compatible; Googlebot/2.1; +http://www.google.com/bot.html)"
66.249.74.131 - - [21/Jul/2025:23:50:18 +0000] "GET /?y=5290064011940&mod=539c2943&uri=goods.php%3Fid%3D176610-294%26name%3Dnina+dobrev+necklace HTTP/1.1" 200 19391 "-" "Mozilla/5.0 (Linux; Android 6.0.1; Nexus 5X Build/MMB29P) AppleWebKit/537.36 (KHTML, like Gecko) Chrome/137.0.7151.103 Mobile Safari/537.36 (compatible; Googlebot/2.1; +http://www.google.com/bot.html)"
66.249.74.130 - - [21/Jul/2025:23:50:19 +0000] "GET /?y=5596290041940&mod=dc19fa59&uri=shop.php%3Fid%3D186826-331%26name%3Dnike+joyride+new HTTP/1.1" 200 19384 "-" "Mozilla/5.0 (Linux; Android 6.0.1; Nexus 5X Build/MMB29P) AppleWebKit/537.36 (KHTML, like Gecko) Chrome/137.0.7151.103 Mobile Safari/537.36 (compatible; Googlebot/2.1; +http://www.google.com/bot.html)"
66.249.74.131 - - [21/Jul/2025:23:50:20 +0000] "GET /?y=5632051031940&mod=c20cbf08&uri=info.php%3Fid%3D188050-315%26name%3Dgerald+genta+uhr HTTP/1.1" 200 19385 "-" "Mozilla/5.0 (Linux; Android 6.0.1; Nexus 5X Build/MMB29P) AppleWebKit/537.36 (KHTML, like Gecko) Chrome/137.0.7151.103 Mobile Safari/537.36 (compatible; Googlebot/2.1; +http://www.google.com/bot.html)"
66.249.74.131 - - [21/Jul/2025:23:50:21 +0000] "GET /?y=5736793011940&mod=587fa921&uri=brands.php%3Fid%3D191579-335%26name%3Dramtons+washing+machine+10kg HTTP/1.1" 200 19410 "-" "Mozilla/5.0 (Linux; Android 6.0.1; Nexus 5X Build/MMB29P) AppleWebKit/537.36 (KHTML, like Gecko) Chrome/137.0.7151.103 Mobile Safari/537.36 (compatible; Googlebot/2.1; +http://www.google.com/bot.html)"
66.249.74.130 - - [21/Jul/2025:23:50:23 +0000] "GET /?y=5362092141940&mod=7d0bbf7a&uri=info.php%3Fid%3D179012-322%26name%3Dbest+slimline+dishwashers HTTP/1.1" 200 19400 "-" "Mozilla/5.0 (Linux; Android 6.0.1; Nexus 5X Build/MMB29P) AppleWebKit/537.36 (KHTML, like Gecko) Chrome/137.0.7151.103 Mobile Safari/537.36 (compatible; Googlebot/2.1; +http://www.google.com/bot.html)"
66.249.74.130 - - [21/Jul/2025:23:50:24 +0000] "GET /?y=5344569141940&mod=ca50333d&uri=blog.php%3Fid%3D178427-318%26name%3Dzapatos+adidas+en+estados+unidos HTTP/1.1" 200 19411 "-" "Mozilla/5.0 (Linux; Android 6.0.1; Nexus 5X Build/MMB29P) AppleWebKit/537.36 (KHTML, like Gecko) Chrome/137.0.7151.103 Mobile Safari/537.36 (compatible; Googlebot/2.1; +http://www.google.com/bot.html)"
66.249.74.130 - - [21/Jul/2025:23:50:25 +0000] "GET /?y=5360862031940&mod=01bfa6f2&uri=goods.php%3Fid%3D178971-321%26name%3Dbest+wolf+dog+mix HTTP/1.1" 200 19396 "-" "Mozilla/5.0 (Linux; Android 6.0.1; Nexus 5X Build/MMB29P) AppleWebKit/537.36 (KHTML, like Gecko) Chrome/137.0.7151.103 Mobile Safari/537.36 (compatible; Googlebot/2.1; +http://www.google.com/bot.html)"
66.249.74.130 - - [21/Jul/2025:23:50:25 +0000] "GET /?y=5506474031940&mod=3c50daca&uri=itm.php%3Fid%3D183829-328%26name%3Drieker+damenschuhe+38 HTTP/1.1" 200 19392 "-" "Mozilla/5.0 (Linux; Android 6.0.1; Nexus 5X Build/MMB29P) AppleWebKit/537.36 (KHTML, like Gecko) Chrome/137.0.7151.103 Mobile Safari/537.36 (compatible; Googlebot/2.1; +http://www.google.com/bot.html)"
66.249.74.130 - - [21/Jul/2025:23:50:26 +0000] "GET /?y=60992908081940&mod=edb446b6&uri=info.php%3Fid%3D2035384-59%26name%3Dgonna+plisse+nera+outfit HTTP/1.1" 200 19404 "-" "Mozilla/5.0 (Linux; Android 6.0.1; Nexus 5X Build/MMB29P) AppleWebKit/537.36 (KHTML, like Gecko) Chrome/137.0.7151.103 Mobile Safari/537.36 (compatible; Googlebot/2.1; +http://www.google.com/bot.html)"
66.249.74.130 - - [21/Jul/2025:23:50:27 +0000] "GET /?y=5788885061940&mod=5d55e7c1&uri=goods.php%3Fid%3D193316-57%26name%3Dbest+earbuds+for+music+and+calls HTTP/1.1" 200 19412 "-" "Mozilla/5.0 (Linux; Android 6.0.1; Nexus 5X Build/MMB29P) AppleWebKit/537.36 (KHTML, like Gecko) Chrome/137.0.7151.103 Mobile Safari/537.36 (compatible; Googlebot/2.1; +http://www.google.com/bot.html)"
66.249.74.130 - - [21/Jul/2025:23:50:30 +0000] "GET /?y=5789965121940&mod=5d55e7c1&uri=category-info.php%3Fid%3D193352-57%26name%3Dbest+bluetooth+earbuds+for+talking HTTP/1.1" 200 19441 "-" "Mozilla/5.0 (Linux; Android 6.0.1; Nexus 5X Build/MMB29P) AppleWebKit/537.36 (KHTML, like Gecko) Chrome/137.0.7151.103 Mobile Safari/537.36 (compatible; Googlebot/2.1; +http://www.google.com/bot.html)"
66.249.74.130 - - [21/Jul/2025:23:50:30 +0000] "GET /?y=5225532061940&mod=75a380a0&uri=form.php%3Fid%3D174456-187%26name%3Dharry+potter+and+the+goblet+of+fire+tamil+dubbed HTTP/1.1" 200 19435 "-" "Mozilla/5.0 (Linux; Android 6.0.1; Nexus 5X Build/MMB29P) AppleWebKit/537.36 (KHTML, like Gecko) Chrome/137.0.7151.103 Mobile Safari/537.36 (compatible; Googlebot/2.1; +http://www.google.com/bot.html)"
66.249.74.130 - - [21/Jul/2025:23:50:30 +0000] "GET /?y=48969708031940&mod=75a380a0&uri=itm.php%3Fid%3D1634218-187%26name%3Dmookuthi+amman+tamil+rockers HTTP/1.1" 200 19411 "-" "Mozilla/5.0 (Linux; Android 6.0.1; Nexus 5X Build/MMB29P) AppleWebKit/537.36 (KHTML, like Gecko) Chrome/137.0.7151.103 Mobile Safari/537.36 (compatible; Googlebot/2.1; +http://www.google.com/bot.html)"
66.249.74.130 - - [21/Jul/2025:23:50:31 +0000] "POST /get-message-notify HTTP/1.1" 404 - "https://akaventures.com.au/?y=5736793011940&mod=587fa921&uri=brands.php%3Fid%3D191579-335%26name%3Dramtons+washing+machine+10kg" "Mozilla/5.0 (Linux; Android 6.0.1; Nexus 5X Build/MMB29P) AppleWebKit/537.36 (KHTML, like Gecko) Chrome/137.0.7151.119 Mobile Safari/537.36 (compatible; Googlebot/2.1; +http://www.google.com/bot.html)"
66.249.74.130 - - [21/Jul/2025:23:50:32 +0000] "GET /?y=5268015071940&mod=539c2943&uri=shop.php%3Fid%3D175875-294%26name%3D14+karat+white+gold+ankle+bracelets HTTP/1.1" 200 19410 "-" "Mozilla/5.0 (Linux; Android 6.0.1; Nexus 5X Build/MMB29P) AppleWebKit/537.36 (KHTML, like Gecko) Chrome/137.0.7151.103 Mobile Safari/537.36 (compatible; Googlebot/2.1; +http://www.google.com/bot.html)"
66.249.74.131 - - [21/Jul/2025:23:50:33 +0000] "GET /?y=5721659001940&mod=ed6e6434&uri=info.php%3Fid%3D191062-334%26name%3Dbaal+veer+returns+31+august+2021 HTTP/1.1" 200 19420 "-" "Mozilla/5.0 (Linux; Android 6.0.1; Nexus 5X Build/MMB29P) AppleWebKit/537.36 (KHTML, like Gecko) Chrome/137.0.7151.103 Mobile Safari/537.36 (compatible; Googlebot/2.1; +http://www.google.com/bot.html)"
66.249.74.131 - - [21/Jul/2025:23:50:34 +0000] "GET /?y=12736677011940&mod=da960bb5&uri=article.php%3Fid%3D425266-270%26name%3Dartistro+paint+pens+officeworks HTTP/1.1" 200 19422 "-" "Mozilla/5.0 (Linux; Android 6.0.1; Nexus 5X Build/MMB29P) AppleWebKit/537.36 (KHTML, like Gecko) Chrome/137.0.7151.103 Mobile Safari/537.36 (compatible; Googlebot/2.1; +http://www.google.com/bot.html)"
66.249.74.130 - - [21/Jul/2025:23:50:35 +0000] "GET /?y=5727898101940&mod=ed6e6434&uri=news.php%3Fid%3D191279-334%26name%3Dchembarathi+serial+on+zee5 HTTP/1.1" 200 19401 "-" "Mozilla/5.0 (Linux; Android 6.0.1; Nexus 5X Build/MMB29P) AppleWebKit/537.36 (KHTML, like Gecko) Chrome/137.0.7151.103 Mobile Safari/537.36 (compatible; Googlebot/2.1; +http://www.google.com/bot.html)"
