66.249.74.13 - - [21/Jul/2025:13:57:50 +0000] "POST /get-message-notify HTTP/1.1" 200 19578 "http://www.alalamy.com.au/items/handmade/paintings/5377890/feature/idol/alalamy.com.au?_bd_prev_page=alalamy.com.au/detail.php?shopbrand/138065920.htm" "Mozilla/5.0 (Linux; Android 6.0.1; Nexus 5X Build/MMB29P) AppleWebKit/537.36 (KHTML, like Gecko) Chrome/137.0.7151.119 Mobile Safari/537.36 (compatible; Googlebot/2.1; +http://www.google.com/bot.html)"
66.249.74.15 - - [21/Jul/2025:13:57:53 +0000] "POST /get-message-notify HTTP/1.1" 200 19578 "http://www.alalamy.com.au/items/handmade/paintings/5377890/feature/idol/alalamy.com.au?_bd_prev_page=alalamy.com.au/detail.php?shopbrand/203899372.htm" "Mozilla/5.0 (Linux; Android 6.0.1; Nexus 5X Build/MMB29P) AppleWebKit/537.36 (KHTML, like Gecko) Chrome/137.0.7151.119 Mobile Safari/537.36 (compatible; Googlebot/2.1; +http://www.google.com/bot.html)"
66.249.74.1 - - [21/Jul/2025:13:57:57 +0000] "POST /get-message-notify HTTP/1.1" 200 19578 "http://www.alalamy.com.au/items/handmade/paintings/5377890/feature/idol/alalamy.com.au?_bd_prev_page=alalamy.com.au/detail.php?shopbrand/241200026.htm" "Mozilla/5.0 (Linux; Android 6.0.1; Nexus 5X Build/MMB29P) AppleWebKit/537.36 (KHTML, like Gecko) Chrome/137.0.7151.119 Mobile Safari/537.36 (compatible; Googlebot/2.1; +http://www.google.com/bot.html)"
66.249.74.12 - - [21/Jul/2025:13:57:57 +0000] "POST /get-message-notify HTTP/1.1" 200 19578 "http://www.alalamy.com.au/items/handmade/paintings/5377890/feature/idol/alalamy.com.au?_bd_prev_page=alalamy.com.au/detail.php?shopbrand/200734886.htm" "Mozilla/5.0 (Linux; Android 6.0.1; Nexus 5X Build/MMB29P) AppleWebKit/537.36 (KHTML, like Gecko) Chrome/137.0.7151.119 Mobile Safari/537.36 (compatible; Googlebot/2.1; +http://www.google.com/bot.html)"
66.249.74.14 - - [21/Jul/2025:13:57:59 +0000] "POST /get-message-notify HTTP/1.1" 200 19578 "http://www.alalamy.com.au/items/handmade/paintings/5377890/feature/idol/alalamy.com.au?_bd_prev_page=alalamy.com.au/detail.php?shopbrand/76795814.htm" "Mozilla/5.0 (Linux; Android 6.0.1; Nexus 5X Build/MMB29P) AppleWebKit/537.36 (KHTML, like Gecko) Chrome/137.0.7151.119 Mobile Safari/537.36 (compatible; Googlebot/2.1; +http://www.google.com/bot.html)"
66.249.74.1 - - [21/Jul/2025:13:58:04 +0000] "POST /get-message-notify HTTP/1.1" 200 19578 "http://www.alalamy.com.au/items/handmade/paintings/5377890/feature/idol/alalamy.com.au?_bd_prev_page=alalamy.com.au/detail.php?shopbrand/294929916.htm" "Mozilla/5.0 (Linux; Android 6.0.1; Nexus 5X Build/MMB29P) AppleWebKit/537.36 (KHTML, like Gecko) Chrome/137.0.7151.119 Mobile Safari/537.36 (compatible; Googlebot/2.1; +http://www.google.com/bot.html)"
66.249.74.2 - - [21/Jul/2025:13:58:06 +0000] "POST /get-message-notify HTTP/1.1" 200 19578 "http://www.alalamy.com.au/items/handmade/paintings/5377890/feature/idol/alalamy.com.au?_bd_prev_page=alalamy.com.au/detail.php?shopbrand/300545516.htm" "Mozilla/5.0 (Linux; Android 6.0.1; Nexus 5X Build/MMB29P) AppleWebKit/537.36 (KHTML, like Gecko) Chrome/137.0.7151.119 Mobile Safari/537.36 (compatible; Googlebot/2.1; +http://www.google.com/bot.html)"
66.249.74.14 - - [21/Jul/2025:13:58:07 +0000] "POST /get-message-notify HTTP/1.1" 200 19578 "http://www.alalamy.com.au/items/handmade/paintings/5377890/feature/idol/alalamy.com.au?_bd_prev_page=alalamy.com.au/detail.php?shopbrand/17740431.htm" "Mozilla/5.0 (Linux; Android 6.0.1; Nexus 5X Build/MMB29P) AppleWebKit/537.36 (KHTML, like Gecko) Chrome/137.0.7151.119 Mobile Safari/537.36 (compatible; Googlebot/2.1; +http://www.google.com/bot.html)"
66.249.74.13 - - [21/Jul/2025:13:58:28 +0000] "POST /get-message-notify HTTP/1.1" 200 19578 "http://www.alalamy.com.au/items/handmade/paintings/5377890/feature/idol/alalamy.com.au?_bd_prev_page=alalamy.com.au/detail.php?shopbrand/53569744.htm" "Mozilla/5.0 (Linux; Android 6.0.1; Nexus 5X Build/MMB29P) AppleWebKit/537.36 (KHTML, like Gecko) Chrome/137.0.7151.119 Mobile Safari/537.36 (compatible; Googlebot/2.1; +http://www.google.com/bot.html)"
209.74.77.214 - - [21/Jul/2025:13:58:41 +0000] "POST /wp-cron.php?doing_wp_cron=1753106321.5874290466308593750000 HTTP/1.1" 200 - "-" "WordPress/6.8.2; https://alalamy.com.au"
20.171.207.22 - - [21/Jul/2025:13:58:41 +0000] "GET /shopbrand/126148598.htm HTTP/1.1" 404 20413 "-" "Mozilla/5.0 AppleWebKit/537.36 (KHTML, like Gecko; compatible; GPTBot/1.2; +https://openai.com/gptbot)"
66.249.74.13 - - [21/Jul/2025:13:58:51 +0000] "POST /get-message-notify HTTP/1.1" 200 19578 "http://www.alalamy.com.au/items/handmade/paintings/5377890/feature/idol/alalamy.com.au?_bd_prev_page=alalamy.com.au/detail.php?shopbrand/68218420.htm" "Mozilla/5.0 (Linux; Android 6.0.1; Nexus 5X Build/MMB29P) AppleWebKit/537.36 (KHTML, like Gecko) Chrome/137.0.7151.119 Mobile Safari/537.36 (compatible; Googlebot/2.1; +http://www.google.com/bot.html)"
209.74.77.214 - - [21/Jul/2025:13:59:43 +0000] "POST /wp-cron.php?doing_wp_cron=1753106383.3062028884887695312500 HTTP/1.1" 200 - "-" "WordPress/6.8.2; https://alalamy.com.au"
20.171.207.22 - - [21/Jul/2025:13:59:41 +0000] "GET /shopbrand/200647884.htm HTTP/1.1" 404 20413 "-" "Mozilla/5.0 AppleWebKit/537.36 (KHTML, like Gecko; compatible; GPTBot/1.2; +https://openai.com/gptbot)"
66.249.74.13 - - [21/Jul/2025:13:59:51 +0000] "POST /get-message-notify HTTP/1.1" 200 19578 "http://www.alalamy.com.au/items/handmade/paintings/5377890/feature/idol/alalamy.com.au?_bd_prev_page=alalamy.com.au/detail.php?shopbrand/244384653.htm" "Mozilla/5.0 (Linux; Android 6.0.1; Nexus 5X Build/MMB29P) AppleWebKit/537.36 (KHTML, like Gecko) Chrome/137.0.7151.119 Mobile Safari/537.36 (compatible; Googlebot/2.1; +http://www.google.com/bot.html)"
66.249.74.13 - - [21/Jul/2025:14:00:08 +0000] "POST /get-message-notify HTTP/1.1" 200 19578 "http://www.alalamy.com.au/items/handmade/paintings/5377890/feature/idol/alalamy.com.au?_bd_prev_page=alalamy.com.au/detail.php?shopbrand/270127296.htm" "Mozilla/5.0 (Linux; Android 6.0.1; Nexus 5X Build/MMB29P) AppleWebKit/537.36 (KHTML, like Gecko) Chrome/137.0.7151.119 Mobile Safari/537.36 (compatible; Googlebot/2.1; +http://www.google.com/bot.html)"
209.74.77.214 - - [21/Jul/2025:14:00:42 +0000] "POST /wp-cron.php?doing_wp_cron=1753106442.2902169227600097656250 HTTP/1.1" 200 - "-" "WordPress/6.8.2; https://alalamy.com.au"
20.171.207.22 - - [21/Jul/2025:14:00:42 +0000] "GET /shopbrand/200644258.htm HTTP/1.1" 404 20412 "-" "Mozilla/5.0 AppleWebKit/537.36 (KHTML, like Gecko; compatible; GPTBot/1.2; +https://openai.com/gptbot)"
209.74.77.214 - - [21/Jul/2025:14:01:44 +0000] "POST /wp-cron.php?doing_wp_cron=1753106504.7727549076080322265625 HTTP/1.1" 200 - "-" "WordPress/6.8.2; https://alalamy.com.au"
20.171.207.22 - - [21/Jul/2025:14:01:43 +0000] "GET /shopbrand/126110375.htm HTTP/1.1" 404 20412 "-" "Mozilla/5.0 AppleWebKit/537.36 (KHTML, like Gecko; compatible; GPTBot/1.2; +https://openai.com/gptbot)"
20.171.207.22 - - [21/Jul/2025:14:02:44 +0000] "GET /shopbrand/126134158.htm HTTP/1.1" 404 20412 "-" "Mozilla/5.0 AppleWebKit/537.36 (KHTML, like Gecko; compatible; GPTBot/1.2; +https://openai.com/gptbot)"
209.74.77.214 - - [21/Jul/2025:14:03:45 +0000] "POST /wp-cron.php?doing_wp_cron=1753106625.3706281185150146484375 HTTP/1.1" 200 - "-" "WordPress/6.8.2; https://alalamy.com.au"
20.171.207.22 - - [21/Jul/2025:14:03:45 +0000] "GET /shopbrand/126156400.htm HTTP/1.1" 404 20412 "-" "Mozilla/5.0 AppleWebKit/537.36 (KHTML, like Gecko; compatible; GPTBot/1.2; +https://openai.com/gptbot)"
209.74.77.214 - - [21/Jul/2025:14:04:48 +0000] "POST /wp-cron.php?doing_wp_cron=1753106688.1723721027374267578125 HTTP/1.1" 200 - "-" "WordPress/6.8.2; https://alalamy.com.au"
20.171.207.22 - - [21/Jul/2025:14:04:46 +0000] "GET /shopbrand/126124009.htm HTTP/1.1" 404 20413 "-" "Mozilla/5.0 AppleWebKit/537.36 (KHTML, like Gecko; compatible; GPTBot/1.2; +https://openai.com/gptbot)"
209.74.77.214 - - [21/Jul/2025:14:05:53 +0000] "POST /wp-cron.php?doing_wp_cron=1753106753.5890190601348876953125 HTTP/1.1" 200 - "-" "WordPress/6.8.2; https://alalamy.com.au"
20.171.207.22 - - [21/Jul/2025:14:05:51 +0000] "GET /shopbrand/200682797.htm HTTP/1.1" 404 20412 "-" "Mozilla/5.0 AppleWebKit/537.36 (KHTML, like Gecko; compatible; GPTBot/1.2; +https://openai.com/gptbot)"
209.74.77.214 - - [21/Jul/2025:14:06:55 +0000] "POST /wp-cron.php?doing_wp_cron=1753106815.3173649311065673828125 HTTP/1.1" 200 - "-" "WordPress/6.8.2; https://alalamy.com.au"
20.171.207.22 - - [21/Jul/2025:14:06:55 +0000] "GET /shopbrand/126146789.htm HTTP/1.1" 404 20412 "-" "Mozilla/5.0 AppleWebKit/537.36 (KHTML, like Gecko; compatible; GPTBot/1.2; +https://openai.com/gptbot)"
209.74.77.214 - - [21/Jul/2025:14:07:38 +0000] "POST /wp-cron.php?doing_wp_cron=1753106858.4567620754241943359375 HTTP/1.1" 200 - "-" "WordPress/6.8.2; https://alalamy.com.au"
66.249.74.14 - - [21/Jul/2025:14:07:36 +0000] "GET /items/art/antiques/3994491/700_PT0_SX300_V1___.jpg HTTP/1.1" 301 - "-" "Googlebot-Image/1.0"
66.249.65.160 - - [21/Jul/2025:14:07:38 +0000] "GET /items/art/antiques/3994491/700_PT0_SX300_V1___.jpg HTTP/1.1" 404 20413 "-" "Googlebot-Image/1.0"
209.74.77.214 - - [21/Jul/2025:14:07:58 +0000] "POST /wp-cron.php?doing_wp_cron=1753106878.8083460330963134765625 HTTP/1.1" 200 - "-" "WordPress/6.8.2; https://alalamy.com.au"
20.171.207.22 - - [21/Jul/2025:14:07:58 +0000] "GET /shopbrand/200627453.htm HTTP/1.1" 404 20413 "-" "Mozilla/5.0 AppleWebKit/537.36 (KHTML, like Gecko; compatible; GPTBot/1.2; +https://openai.com/gptbot)"
209.74.77.214 - - [21/Jul/2025:14:09:04 +0000] "POST /wp-cron.php?doing_wp_cron=1753106944.8767929077148437500000 HTTP/1.1" 200 - "-" "WordPress/6.8.2; https://alalamy.com.au"
20.171.207.22 - - [21/Jul/2025:14:09:02 +0000] "GET /shopbrand/126197826.htm HTTP/1.1" 404 20413 "-" "Mozilla/5.0 AppleWebKit/537.36 (KHTML, like Gecko; compatible; GPTBot/1.2; +https://openai.com/gptbot)"
209.74.77.214 - - [21/Jul/2025:14:10:07 +0000] "POST /wp-cron.php?doing_wp_cron=1753107007.9572401046752929687500 HTTP/1.1" 200 - "-" "WordPress/6.8.2; https://alalamy.com.au"
20.171.207.22 - - [21/Jul/2025:14:10:06 +0000] "GET /shopbrand/200664987.htm HTTP/1.1" 404 20413 "-" "Mozilla/5.0 AppleWebKit/537.36 (KHTML, like Gecko; compatible; GPTBot/1.2; +https://openai.com/gptbot)"
209.74.77.214 - - [21/Jul/2025:14:11:10 +0000] "POST /wp-cron.php?doing_wp_cron=1753107070.2573618888854980468750 HTTP/1.1" 200 - "-" "WordPress/6.8.2; https://alalamy.com.au"
20.171.207.22 - - [21/Jul/2025:14:11:08 +0000] "GET /shopbrand/126201559.htm HTTP/1.1" 404 20412 "-" "Mozilla/5.0 AppleWebKit/537.36 (KHTML, like Gecko; compatible; GPTBot/1.2; +https://openai.com/gptbot)"
209.74.77.214 - - [21/Jul/2025:14:12:12 +0000] "POST /wp-cron.php?doing_wp_cron=1753107132.4994890689849853515625 HTTP/1.1" 200 - "-" "WordPress/6.8.2; https://alalamy.com.au"
20.171.207.22 - - [21/Jul/2025:14:12:12 +0000] "GET /shopbrand/200627594.htm HTTP/1.1" 404 20412 "-" "Mozilla/5.0 AppleWebKit/537.36 (KHTML, like Gecko; compatible; GPTBot/1.2; +https://openai.com/gptbot)"
209.74.77.214 - - [21/Jul/2025:14:13:17 +0000] "POST /wp-cron.php?doing_wp_cron=1753107197.3039979934692382812500 HTTP/1.1" 200 - "-" "WordPress/6.8.2; https://alalamy.com.au"
20.171.207.22 - - [21/Jul/2025:14:13:15 +0000] "GET /shopbrand/200585197.htm HTTP/1.1" 404 20412 "-" "Mozilla/5.0 AppleWebKit/537.36 (KHTML, like Gecko; compatible; GPTBot/1.2; +https://openai.com/gptbot)"
20.171.207.22 - - [21/Jul/2025:14:14:18 +0000] "GET /shopbrand/200599778.htm HTTP/1.1" 404 20413 "-" "Mozilla/5.0 AppleWebKit/537.36 (KHTML, like Gecko; compatible; GPTBot/1.2; +https://openai.com/gptbot)"
209.74.77.214 - - [21/Jul/2025:14:15:21 +0000] "POST /wp-cron.php?doing_wp_cron=1753107321.4465539455413818359375 HTTP/1.1" 200 - "-" "WordPress/6.8.2; https://alalamy.com.au"
20.171.207.22 - - [21/Jul/2025:14:15:20 +0000] "GET /shopbrand/126176970.htm HTTP/1.1" 404 20412 "-" "Mozilla/5.0 AppleWebKit/537.36 (KHTML, like Gecko; compatible; GPTBot/1.2; +https://openai.com/gptbot)"
209.74.77.214 - - [21/Jul/2025:14:16:24 +0000] "POST /wp-cron.php?doing_wp_cron=1753107384.0733718872070312500000 HTTP/1.1" 200 - "-" "WordPress/6.8.2; https://alalamy.com.au"
20.171.207.22 - - [21/Jul/2025:14:16:22 +0000] "GET /shopbrand/200632997.htm HTTP/1.1" 404 20412 "-" "Mozilla/5.0 AppleWebKit/537.36 (KHTML, like Gecko; compatible; GPTBot/1.2; +https://openai.com/gptbot)"
66.249.65.160 - - [21/Jul/2025:14:16:56 +0000] "GET /items/handicrafts/paintings/2644745/alalamy.com.au?_bd_prev_page=alalamy.com.au/detail.php?shopbrand/7996533.htm HTTP/1.1" 200 19283 "-" "Mozilla/5.0 (Linux; Android 6.0.1; Nexus 5X Build/MMB29P) AppleWebKit/537.36 (KHTML, like Gecko) Chrome/137.0.7151.103 Mobile Safari/537.36 (compatible; GoogleOther)"
209.74.77.214 - - [21/Jul/2025:14:17:25 +0000] "POST /wp-cron.php?doing_wp_cron=1753107445.8941559791564941406250 HTTP/1.1" 200 - "-" "WordPress/6.8.2; https://alalamy.com.au"
20.171.207.22 - - [21/Jul/2025:14:17:25 +0000] "GET /shopbrand/126162357.htm HTTP/1.1" 404 20413 "-" "Mozilla/5.0 AppleWebKit/537.36 (KHTML, like Gecko; compatible; GPTBot/1.2; +https://openai.com/gptbot)"
209.74.77.214 - - [21/Jul/2025:14:18:31 +0000] "POST /wp-cron.php?doing_wp_cron=1753107511.3131780624389648437500 HTTP/1.1" 200 - "-" "WordPress/6.8.2; https://alalamy.com.au"
20.171.207.22 - - [21/Jul/2025:14:18:29 +0000] "GET /shopbrand/126195046.htm HTTP/1.1" 404 20413 "-" "Mozilla/5.0 AppleWebKit/537.36 (KHTML, like Gecko; compatible; GPTBot/1.2; +https://openai.com/gptbot)"
209.74.77.214 - - [21/Jul/2025:14:19:35 +0000] "POST /wp-cron.php?doing_wp_cron=1753107575.6282579898834228515625 HTTP/1.1" 200 - "-" "WordPress/6.8.2; https://alalamy.com.au"
20.171.207.22 - - [21/Jul/2025:14:19:33 +0000] "GET /shopbrand/126199484.htm HTTP/1.1" 404 20413 "-" "Mozilla/5.0 AppleWebKit/537.36 (KHTML, like Gecko; compatible; GPTBot/1.2; +https://openai.com/gptbot)"
66.249.74.13 - - [21/Jul/2025:14:19:36 +0000] "GET /items/art/antiques/3994491/700 HTTP/1.1" 200 20474 "-" "Googlebot-Image/1.0"
209.74.77.214 - - [21/Jul/2025:14:20:37 +0000] "POST /wp-cron.php?doing_wp_cron=1753107637.7786209583282470703125 HTTP/1.1" 200 - "-" "WordPress/6.8.2; https://alalamy.com.au"
20.171.207.22 - - [21/Jul/2025:14:20:36 +0000] "GET /shopbrand/200692364.htm HTTP/1.1" 404 20413 "-" "Mozilla/5.0 AppleWebKit/537.36 (KHTML, like Gecko; compatible; GPTBot/1.2; +https://openai.com/gptbot)"
209.74.77.214 - - [21/Jul/2025:14:21:40 +0000] "POST /wp-cron.php?doing_wp_cron=1753107699.9871370792388916015625 HTTP/1.1" 200 - "-" "WordPress/6.8.2; https://alalamy.com.au"
20.171.207.22 - - [21/Jul/2025:14:21:38 +0000] "GET /shopbrand/200661528.htm HTTP/1.1" 404 20412 "-" "Mozilla/5.0 AppleWebKit/537.36 (KHTML, like Gecko; compatible; GPTBot/1.2; +https://openai.com/gptbot)"
209.74.77.214 - - [21/Jul/2025:14:22:42 +0000] "POST /wp-cron.php?doing_wp_cron=1753107762.1653239727020263671875 HTTP/1.1" 200 - "-" "WordPress/6.8.2; https://alalamy.com.au"
20.171.207.22 - - [21/Jul/2025:14:22:40 +0000] "GET /shopbrand/126187236.htm HTTP/1.1" 404 20412 "-" "Mozilla/5.0 AppleWebKit/537.36 (KHTML, like Gecko; compatible; GPTBot/1.2; +https://openai.com/gptbot)"
209.74.77.214 - - [21/Jul/2025:14:23:47 +0000] "POST /wp-cron.php?doing_wp_cron=1753107827.1068749427795410156250 HTTP/1.1" 200 - "-" "WordPress/6.8.2; https://alalamy.com.au"
20.171.207.22 - - [21/Jul/2025:14:23:45 +0000] "GET /shopbrand/200687501.htm HTTP/1.1" 404 20413 "-" "Mozilla/5.0 AppleWebKit/537.36 (KHTML, like Gecko; compatible; GPTBot/1.2; +https://openai.com/gptbot)"
209.74.77.214 - - [21/Jul/2025:14:24:49 +0000] "POST /wp-cron.php?doing_wp_cron=1753107889.7138369083404541015625 HTTP/1.1" 200 - "-" "WordPress/6.8.2; https://alalamy.com.au"
20.171.207.22 - - [21/Jul/2025:14:24:47 +0000] "GET /shopbrand/126183344.htm HTTP/1.1" 404 20412 "-" "Mozilla/5.0 AppleWebKit/537.36 (KHTML, like Gecko; compatible; GPTBot/1.2; +https://openai.com/gptbot)"
209.74.77.214 - - [21/Jul/2025:14:25:55 +0000] "POST /wp-cron.php?doing_wp_cron=1753107955.5226759910583496093750 HTTP/1.1" 200 - "-" "WordPress/6.8.2; https://alalamy.com.au"
20.171.207.22 - - [21/Jul/2025:14:25:53 +0000] "GET /shopbrand/126184895.htm HTTP/1.1" 404 20412 "-" "Mozilla/5.0 AppleWebKit/537.36 (KHTML, like Gecko; compatible; GPTBot/1.2; +https://openai.com/gptbot)"
209.74.77.214 - - [21/Jul/2025:14:26:59 +0000] "POST /wp-cron.php?doing_wp_cron=1753108019.2224829196929931640625 HTTP/1.1" 200 - "-" "WordPress/6.8.2; https://alalamy.com.au"
20.171.207.22 - - [21/Jul/2025:14:26:57 +0000] "GET /shopbrand/200683893.htm HTTP/1.1" 404 20413 "-" "Mozilla/5.0 AppleWebKit/537.36 (KHTML, like Gecko; compatible; GPTBot/1.2; +https://openai.com/gptbot)"
209.74.77.214 - - [21/Jul/2025:14:27:58 +0000] "POST /wp-cron.php?doing_wp_cron=1753108078.5705959796905517578125 HTTP/1.1" 200 - "-" "WordPress/6.8.2; https://alalamy.com.au"
20.171.207.22 - - [21/Jul/2025:14:27:58 +0000] "GET /shopbrand/200687386.htm HTTP/1.1" 404 20413 "-" "Mozilla/5.0 AppleWebKit/537.36 (KHTML, like Gecko; compatible; GPTBot/1.2; +https://openai.com/gptbot)"
209.74.77.214 - - [21/Jul/2025:14:29:04 +0000] "POST /wp-cron.php?doing_wp_cron=1753108144.1883580684661865234375 HTTP/1.1" 200 - "-" "WordPress/6.8.2; https://alalamy.com.au"
20.171.207.22 - - [21/Jul/2025:14:29:02 +0000] "GET /shopbrand/200671361.htm HTTP/1.1" 404 20413 "-" "Mozilla/5.0 AppleWebKit/537.36 (KHTML, like Gecko; compatible; GPTBot/1.2; +https://openai.com/gptbot)"
209.74.77.214 - - [21/Jul/2025:14:30:07 +0000] "POST /wp-cron.php?doing_wp_cron=1753108207.8817579746246337890625 HTTP/1.1" 200 - "-" "WordPress/6.8.2; https://alalamy.com.au"
20.171.207.22 - - [21/Jul/2025:14:30:05 +0000] "GET /shopbrand/200697219.htm HTTP/1.1" 404 20413 "-" "Mozilla/5.0 AppleWebKit/537.36 (KHTML, like Gecko; compatible; GPTBot/1.2; +https://openai.com/gptbot)"
209.74.77.214 - - [21/Jul/2025:14:31:10 +0000] "POST /wp-cron.php?doing_wp_cron=1753108270.2322769165039062500000 HTTP/1.1" 200 - "-" "WordPress/6.8.2; https://alalamy.com.au"
20.171.207.22 - - [21/Jul/2025:14:31:08 +0000] "GET /shopbrand/126194208.htm HTTP/1.1" 404 20412 "-" "Mozilla/5.0 AppleWebKit/537.36 (KHTML, like Gecko; compatible; GPTBot/1.2; +https://openai.com/gptbot)"
209.74.77.214 - - [21/Jul/2025:14:32:11 +0000] "POST /wp-cron.php?doing_wp_cron=1753108331.3707399368286132812500 HTTP/1.1" 200 - "-" "WordPress/6.8.2; https://alalamy.com.au"
20.171.207.22 - - [21/Jul/2025:14:32:09 +0000] "GET /shopbrand/126193908.htm HTTP/1.1" 404 20412 "-" "Mozilla/5.0 AppleWebKit/537.36 (KHTML, like Gecko; compatible; GPTBot/1.2; +https://openai.com/gptbot)"
209.74.77.214 - - [21/Jul/2025:14:33:11 +0000] "POST /wp-cron.php?doing_wp_cron=1753108391.8757081031799316406250 HTTP/1.1" 200 - "-" "WordPress/6.8.2; https://alalamy.com.au"
20.171.207.22 - - [21/Jul/2025:14:33:11 +0000] "GET /shopbrand/126108856.htm HTTP/1.1" 404 20412 "-" "Mozilla/5.0 AppleWebKit/537.36 (KHTML, like Gecko; compatible; GPTBot/1.2; +https://openai.com/gptbot)"
209.74.77.214 - - [21/Jul/2025:14:34:12 +0000] "POST /wp-cron.php?doing_wp_cron=1753108452.1709949970245361328125 HTTP/1.1" 200 - "-" "WordPress/6.8.2; https://alalamy.com.au"
20.171.207.22 - - [21/Jul/2025:14:34:11 +0000] "GET /shopbrand/200694439.htm HTTP/1.1" 404 20412 "-" "Mozilla/5.0 AppleWebKit/537.36 (KHTML, like Gecko; compatible; GPTBot/1.2; +https://openai.com/gptbot)"
209.74.77.214 - - [21/Jul/2025:14:35:15 +0000] "POST /wp-cron.php?doing_wp_cron=1753108515.5937449932098388671875 HTTP/1.1" 200 - "-" "WordPress/6.8.2; https://alalamy.com.au"
20.171.207.22 - - [21/Jul/2025:14:35:14 +0000] "GET /shopbrand/126214065.htm HTTP/1.1" 404 20412 "-" "Mozilla/5.0 AppleWebKit/537.36 (KHTML, like Gecko; compatible; GPTBot/1.2; +https://openai.com/gptbot)"
209.74.77.214 - - [21/Jul/2025:14:36:19 +0000] "POST /wp-cron.php?doing_wp_cron=1753108579.2302379608154296875000 HTTP/1.1" 200 - "-" "WordPress/6.8.2; https://alalamy.com.au"
20.171.207.22 - - [21/Jul/2025:14:36:17 +0000] "GET /shopbrand/126108725.htm HTTP/1.1" 404 20413 "-" "Mozilla/5.0 AppleWebKit/537.36 (KHTML, like Gecko; compatible; GPTBot/1.2; +https://openai.com/gptbot)"
209.74.77.214 - - [21/Jul/2025:14:37:22 +0000] "POST /wp-cron.php?doing_wp_cron=1753108642.7658920288085937500000 HTTP/1.1" 200 - "-" "WordPress/6.8.2; https://alalamy.com.au"
20.171.207.22 - - [21/Jul/2025:14:37:21 +0000] "GET /shopbrand/126197270.htm HTTP/1.1" 404 20413 "-" "Mozilla/5.0 AppleWebKit/537.36 (KHTML, like Gecko; compatible; GPTBot/1.2; +https://openai.com/gptbot)"
20.171.207.22 - - [21/Jul/2025:14:38:24 +0000] "GET /shopbrand/126193634.htm HTTP/1.1" 404 20413 "-" "Mozilla/5.0 AppleWebKit/537.36 (KHTML, like Gecko; compatible; GPTBot/1.2; +https://openai.com/gptbot)"
209.74.77.214 - - [21/Jul/2025:14:39:28 +0000] "POST /wp-cron.php?doing_wp_cron=1753108768.5119609832763671875000 HTTP/1.1" 200 - "-" "WordPress/6.8.2; https://alalamy.com.au"
20.171.207.22 - - [21/Jul/2025:14:39:26 +0000] "GET /shopbrand/200649121.htm HTTP/1.1" 404 20413 "-" "Mozilla/5.0 AppleWebKit/537.36 (KHTML, like Gecko; compatible; GPTBot/1.2; +https://openai.com/gptbot)"
209.74.77.214 - - [21/Jul/2025:14:40:31 +0000] "POST /wp-cron.php?doing_wp_cron=1753108831.1465430259704589843750 HTTP/1.1" 200 - "-" "WordPress/6.8.2; https://alalamy.com.au"
20.171.207.22 - - [21/Jul/2025:14:40:29 +0000] "GET /shopbrand/126185054.htm HTTP/1.1" 404 20412 "-" "Mozilla/5.0 AppleWebKit/537.36 (KHTML, like Gecko; compatible; GPTBot/1.2; +https://openai.com/gptbot)"
209.74.77.214 - - [21/Jul/2025:14:41:33 +0000] "POST /wp-cron.php?doing_wp_cron=1753108893.5623528957366943359375 HTTP/1.1" 200 - "-" "WordPress/6.8.2; https://alalamy.com.au"
20.171.207.22 - - [21/Jul/2025:14:41:32 +0000] "GET /shopbrand/200641768.htm HTTP/1.1" 404 20412 "-" "Mozilla/5.0 AppleWebKit/537.36 (KHTML, like Gecko; compatible; GPTBot/1.2; +https://openai.com/gptbot)"
209.74.77.214 - - [21/Jul/2025:14:42:34 +0000] "POST /wp-cron.php?doing_wp_cron=1753108954.8684000968933105468750 HTTP/1.1" 200 - "-" "WordPress/6.8.2; https://alalamy.com.au"
20.171.207.22 - - [21/Jul/2025:14:42:33 +0000] "GET /shopbrand/126174075.htm HTTP/1.1" 404 20412 "-" "Mozilla/5.0 AppleWebKit/537.36 (KHTML, like Gecko; compatible; GPTBot/1.2; +https://openai.com/gptbot)"
209.74.77.214 - - [21/Jul/2025:14:43:35 +0000] "POST /wp-cron.php?doing_wp_cron=1753109015.5961439609527587890625 HTTP/1.1" 200 - "-" "WordPress/6.8.2; https://alalamy.com.au"
20.171.207.22 - - [21/Jul/2025:14:43:34 +0000] "GET /shopbrand/200659985.htm HTTP/1.1" 404 20412 "-" "Mozilla/5.0 AppleWebKit/537.36 (KHTML, like Gecko; compatible; GPTBot/1.2; +https://openai.com/gptbot)"
209.74.77.214 - - [21/Jul/2025:14:44:38 +0000] "POST /wp-cron.php?doing_wp_cron=1753109078.7944619655609130859375 HTTP/1.1" 200 - "-" "WordPress/6.8.2; https://alalamy.com.au"
20.171.207.22 - - [21/Jul/2025:14:44:36 +0000] "GET /shopbrand/126124690.htm HTTP/1.1" 404 20413 "-" "Mozilla/5.0 AppleWebKit/537.36 (KHTML, like Gecko; compatible; GPTBot/1.2; +https://openai.com/gptbot)"
209.74.77.214 - - [21/Jul/2025:14:45:42 +0000] "POST /wp-cron.php?doing_wp_cron=1753109142.2873380184173583984375 HTTP/1.1" 200 - "-" "WordPress/6.8.2; https://alalamy.com.au"
20.171.207.22 - - [21/Jul/2025:14:45:40 +0000] "GET /shopbrand/126159303.htm HTTP/1.1" 404 20412 "-" "Mozilla/5.0 AppleWebKit/537.36 (KHTML, like Gecko; compatible; GPTBot/1.2; +https://openai.com/gptbot)"
209.74.77.214 - - [21/Jul/2025:14:46:44 +0000] "POST /wp-cron.php?doing_wp_cron=1753109204.9226100444793701171875 HTTP/1.1" 200 - "-" "WordPress/6.8.2; https://alalamy.com.au"
20.171.207.22 - - [21/Jul/2025:14:46:43 +0000] "GET /shopbrand/126180449.htm HTTP/1.1" 404 20412 "-" "Mozilla/5.0 AppleWebKit/537.36 (KHTML, like Gecko; compatible; GPTBot/1.2; +https://openai.com/gptbot)"
209.74.77.214 - - [21/Jul/2025:14:47:48 +0000] "POST /wp-cron.php?doing_wp_cron=1753109268.6557500362396240234375 HTTP/1.1" 200 - "-" "WordPress/6.8.2; https://alalamy.com.au"
20.171.207.22 - - [21/Jul/2025:14:47:46 +0000] "GET /shopbrand/200615803.htm HTTP/1.1" 404 20413 "-" "Mozilla/5.0 AppleWebKit/537.36 (KHTML, like Gecko; compatible; GPTBot/1.2; +https://openai.com/gptbot)"
209.74.77.214 - - [21/Jul/2025:14:47:53 +0000] "POST /wp-cron.php?doing_wp_cron=1753109273.4886970520019531250000 HTTP/1.1" 200 - "-" "WordPress/6.8.2; https://alalamy.com.au"
54.219.218.235 - - [21/Jul/2025:14:47:53 +0000] "GET / HTTP/1.1" 301 - "-" "Mozilla/5.0 (X11; Linux x86_64) AppleWebKit/537.36 (KHTML, like Gecko) Chrome/137.0.0.0 Safari/537.36"
209.74.77.214 - - [21/Jul/2025:14:48:48 +0000] "POST /wp-cron.php?doing_wp_cron=1753109328.7609560489654541015625 HTTP/1.1" 200 - "-" "WordPress/6.8.2; https://alalamy.com.au"
20.171.207.22 - - [21/Jul/2025:14:48:46 +0000] "GET /shopbrand/126217957.htm HTTP/1.1" 404 20412 "-" "Mozilla/5.0 AppleWebKit/537.36 (KHTML, like Gecko; compatible; GPTBot/1.2; +https://openai.com/gptbot)"
209.74.77.214 - - [21/Jul/2025:14:49:38 +0000] "POST /wp-cron.php?doing_wp_cron=1753109378.4822940826416015625000 HTTP/1.1" 200 - "-" "WordPress/6.8.2; https://alalamy.com.au"
66.249.74.13 - - [21/Jul/2025:14:49:36 +0000] "GET /items/art/antiques/3994491/450_PT0_SX600_V1___.jpg HTTP/1.1" 301 - "-" "Googlebot-Image/1.0"
66.249.65.161 - - [21/Jul/2025:14:49:38 +0000] "GET /items/art/antiques/3994491/450_PT0_SX600_V1___.jpg HTTP/1.1" 404 20413 "-" "Googlebot-Image/1.0"
20.171.207.22 - - [21/Jul/2025:14:49:48 +0000] "GET /shopbrand/200615346.htm HTTP/1.1" 404 20413 "-" "Mozilla/5.0 AppleWebKit/537.36 (KHTML, like Gecko; compatible; GPTBot/1.2; +https://openai.com/gptbot)"
209.74.77.214 - - [21/Jul/2025:14:50:54 +0000] "POST /wp-cron.php?doing_wp_cron=1753109453.9939661026000976562500 HTTP/1.1" 200 - "-" "WordPress/6.8.2; https://alalamy.com.au"
20.171.207.22 - - [21/Jul/2025:14:50:52 +0000] "GET /shopbrand/200652898.htm HTTP/1.1" 404 20412 "-" "Mozilla/5.0 AppleWebKit/537.36 (KHTML, like Gecko; compatible; GPTBot/1.2; +https://openai.com/gptbot)"
209.74.77.214 - - [21/Jul/2025:14:51:59 +0000] "POST /wp-cron.php?doing_wp_cron=1753109519.5238609313964843750000 HTTP/1.1" 200 - "-" "WordPress/6.8.2; https://alalamy.com.au"
20.171.207.22 - - [21/Jul/2025:14:51:57 +0000] "GET /shopbrand/126142639.htm HTTP/1.1" 404 20413 "-" "Mozilla/5.0 AppleWebKit/537.36 (KHTML, like Gecko; compatible; GPTBot/1.2; +https://openai.com/gptbot)"
209.74.77.214 - - [21/Jul/2025:14:52:59 +0000] "POST /wp-cron.php?doing_wp_cron=1753109579.0221729278564453125000 HTTP/1.1" 200 - "-" "WordPress/6.8.2; https://alalamy.com.au"
20.171.207.22 - - [21/Jul/2025:14:52:58 +0000] "GET /shopbrand/200589786.htm HTTP/1.1" 404 20413 "-" "Mozilla/5.0 AppleWebKit/537.36 (KHTML, like Gecko; compatible; GPTBot/1.2; +https://openai.com/gptbot)"
209.74.77.214 - - [21/Jul/2025:14:54:03 +0000] "POST /wp-cron.php?doing_wp_cron=1753109643.8187379837036132812500 HTTP/1.1" 200 - "-" "WordPress/6.8.2; https://alalamy.com.au"
20.171.207.22 - - [21/Jul/2025:14:54:01 +0000] "GET /shopbrand/200588932.htm HTTP/1.1" 404 20412 "-" "Mozilla/5.0 AppleWebKit/537.36 (KHTML, like Gecko; compatible; GPTBot/1.2; +https://openai.com/gptbot)"
209.74.77.214 - - [21/Jul/2025:14:55:05 +0000] "POST /wp-cron.php?doing_wp_cron=1753109705.4994568824768066406250 HTTP/1.1" 200 - "-" "WordPress/6.8.2; https://alalamy.com.au"
20.171.207.22 - - [21/Jul/2025:14:55:03 +0000] "GET /shopbrand/126214903.htm HTTP/1.1" 404 20412 "-" "Mozilla/5.0 AppleWebKit/537.36 (KHTML, like Gecko; compatible; GPTBot/1.2; +https://openai.com/gptbot)"
209.74.77.214 - - [21/Jul/2025:14:56:08 +0000] "POST /wp-cron.php?doing_wp_cron=1753109768.1199100017547607421875 HTTP/1.1" 200 - "-" "WordPress/6.8.2; https://alalamy.com.au"
20.171.207.22 - - [21/Jul/2025:14:56:07 +0000] "GET /shopbrand/126150981.htm HTTP/1.1" 404 20413 "-" "Mozilla/5.0 AppleWebKit/537.36 (KHTML, like Gecko; compatible; GPTBot/1.2; +https://openai.com/gptbot)"
209.74.77.214 - - [21/Jul/2025:14:57:14 +0000] "POST /wp-cron.php?doing_wp_cron=1753109834.7459011077880859375000 HTTP/1.1" 200 - "-" "WordPress/6.8.2; https://alalamy.com.au"
20.171.207.22 - - [21/Jul/2025:14:57:12 +0000] "GET /shopbrand/126183245.htm HTTP/1.1" 404 20413 "-" "Mozilla/5.0 AppleWebKit/537.36 (KHTML, like Gecko; compatible; GPTBot/1.2; +https://openai.com/gptbot)"
209.74.77.214 - - [21/Jul/2025:14:58:15 +0000] "POST /wp-cron.php?doing_wp_cron=1753109895.3358221054077148437500 HTTP/1.1" 200 - "-" "WordPress/6.8.2; https://alalamy.com.au"
20.171.207.22 - - [21/Jul/2025:14:58:13 +0000] "GET /shopbrand/200586037.htm HTTP/1.1" 404 20413 "-" "Mozilla/5.0 AppleWebKit/537.36 (KHTML, like Gecko; compatible; GPTBot/1.2; +https://openai.com/gptbot)"
209.74.77.214 - - [21/Jul/2025:14:59:16 +0000] "POST /wp-cron.php?doing_wp_cron=1753109956.6278350353240966796875 HTTP/1.1" 200 - "-" "WordPress/6.8.2; https://alalamy.com.au"
20.171.207.22 - - [21/Jul/2025:14:59:15 +0000] "GET /shopbrand/126130550.htm HTTP/1.1" 404 20413 "-" "Mozilla/5.0 AppleWebKit/537.36 (KHTML, like Gecko; compatible; GPTBot/1.2; +https://openai.com/gptbot)"
209.74.77.214 - - [21/Jul/2025:15:00:20 +0000] "POST /wp-cron.php?doing_wp_cron=1753110020.6940870285034179687500 HTTP/1.1" 200 - "-" "WordPress/6.8.2; https://alalamy.com.au"
20.171.207.22 - - [21/Jul/2025:15:00:19 +0000] "GET /shopbrand/126109023.htm HTTP/1.1" 404 20412 "-" "Mozilla/5.0 AppleWebKit/537.36 (KHTML, like Gecko; compatible; GPTBot/1.2; +https://openai.com/gptbot)"
209.74.77.214 - - [21/Jul/2025:15:01:26 +0000] "POST /wp-cron.php?doing_wp_cron=1753110086.7280759811401367187500 HTTP/1.1" 200 - "-" "WordPress/6.8.2; https://alalamy.com.au"
20.171.207.22 - - [21/Jul/2025:15:01:25 +0000] "GET /shopbrand/200646939.htm HTTP/1.1" 404 20413 "-" "Mozilla/5.0 AppleWebKit/537.36 (KHTML, like Gecko; compatible; GPTBot/1.2; +https://openai.com/gptbot)"
20.171.207.22 - - [21/Jul/2025:15:02:25 +0000] "GET /shopbrand/200586593.htm HTTP/1.1" 404 20412 "-" "Mozilla/5.0 AppleWebKit/537.36 (KHTML, like Gecko; compatible; GPTBot/1.2; +https://openai.com/gptbot)"
209.74.77.214 - - [21/Jul/2025:15:03:29 +0000] "POST /wp-cron.php?doing_wp_cron=1753110209.2278590202331542968750 HTTP/1.1" 200 - "-" "WordPress/6.8.2; https://alalamy.com.au"
20.171.207.22 - - [21/Jul/2025:15:03:27 +0000] "GET /shopbrand/126165435.htm HTTP/1.1" 404 20413 "-" "Mozilla/5.0 AppleWebKit/537.36 (KHTML, like Gecko; compatible; GPTBot/1.2; +https://openai.com/gptbot)"
209.74.77.214 - - [21/Jul/2025:15:04:34 +0000] "POST /wp-cron.php?doing_wp_cron=1753110274.3191020488739013671875 HTTP/1.1" 200 - "-" "WordPress/6.8.2; https://alalamy.com.au"
20.171.207.22 - - [21/Jul/2025:15:04:32 +0000] "GET /shopbrand/200584784.htm HTTP/1.1" 404 20412 "-" "Mozilla/5.0 AppleWebKit/537.36 (KHTML, like Gecko; compatible; GPTBot/1.2; +https://openai.com/gptbot)"
209.74.77.214 - - [21/Jul/2025:15:05:35 +0000] "POST /wp-cron.php?doing_wp_cron=1753110335.1019039154052734375000 HTTP/1.1" 200 - "-" "WordPress/6.8.2; https://alalamy.com.au"
20.171.207.22 - - [21/Jul/2025:15:05:33 +0000] "GET /shopbrand/200674979.htm HTTP/1.1" 404 20412 "-" "Mozilla/5.0 AppleWebKit/537.36 (KHTML, like Gecko; compatible; GPTBot/1.2; +https://openai.com/gptbot)"
209.74.77.214 - - [21/Jul/2025:15:06:38 +0000] "POST /wp-cron.php?doing_wp_cron=1753110398.5359520912170410156250 HTTP/1.1" 200 - "-" "WordPress/6.8.2; https://alalamy.com.au"
20.171.207.22 - - [21/Jul/2025:15:06:36 +0000] "GET /shopbrand/200657876.htm HTTP/1.1" 404 20413 "-" "Mozilla/5.0 AppleWebKit/537.36 (KHTML, like Gecko; compatible; GPTBot/1.2; +https://openai.com/gptbot)"
209.74.77.214 - - [21/Jul/2025:15:07:44 +0000] "POST /wp-cron.php?doing_wp_cron=1753110464.1947429180145263671875 HTTP/1.1" 200 - "-" "WordPress/6.8.2; https://alalamy.com.au"
20.171.207.22 - - [21/Jul/2025:15:07:42 +0000] "GET /shopbrand/200589945.htm HTTP/1.1" 404 20413 "-" "Mozilla/5.0 AppleWebKit/537.36 (KHTML, like Gecko; compatible; GPTBot/1.2; +https://openai.com/gptbot)"
209.74.77.214 - - [21/Jul/2025:15:08:45 +0000] "POST /wp-cron.php?doing_wp_cron=1753110525.6712090969085693359375 HTTP/1.1" 200 - "-" "WordPress/6.8.2; https://alalamy.com.au"
20.171.207.22 - - [21/Jul/2025:15:08:43 +0000] "GET /shopbrand/126118590.htm HTTP/1.1" 404 20413 "-" "Mozilla/5.0 AppleWebKit/537.36 (KHTML, like Gecko; compatible; GPTBot/1.2; +https://openai.com/gptbot)"
209.74.77.214 - - [21/Jul/2025:15:09:46 +0000] "POST /wp-cron.php?doing_wp_cron=1753110586.8756349086761474609375 HTTP/1.1" 200 - "-" "WordPress/6.8.2; https://alalamy.com.au"
20.171.207.22 - - [21/Jul/2025:15:09:45 +0000] "GET /shopbrand/126180564.htm HTTP/1.1" 404 20412 "-" "Mozilla/5.0 AppleWebKit/537.36 (KHTML, like Gecko; compatible; GPTBot/1.2; +https://openai.com/gptbot)"
209.74.77.214 - - [21/Jul/2025:15:10:48 +0000] "POST /wp-cron.php?doing_wp_cron=1753110648.3129129409790039062500 HTTP/1.1" 200 - "-" "WordPress/6.8.2; https://alalamy.com.au"
20.171.207.22 - - [21/Jul/2025:15:10:46 +0000] "GET /shopbrand/126169742.htm HTTP/1.1" 404 20413 "-" "Mozilla/5.0 AppleWebKit/537.36 (KHTML, like Gecko; compatible; GPTBot/1.2; +https://openai.com/gptbot)"
209.74.77.214 - - [21/Jul/2025:15:11:48 +0000] "POST /wp-cron.php?doing_wp_cron=1753110708.2833919525146484375000 HTTP/1.1" 200 - "-" "WordPress/6.8.2; https://alalamy.com.au"
20.171.207.22 - - [21/Jul/2025:15:11:46 +0000] "GET /shopbrand/200641097.htm HTTP/1.1" 404 20413 "-" "Mozilla/5.0 AppleWebKit/537.36 (KHTML, like Gecko; compatible; GPTBot/1.2; +https://openai.com/gptbot)"
209.74.77.214 - - [21/Jul/2025:15:12:47 +0000] "POST /wp-cron.php?doing_wp_cron=1753110767.8151040077209472656250 HTTP/1.1" 200 - "-" "WordPress/6.8.2; https://alalamy.com.au"
20.171.207.22 - - [21/Jul/2025:15:12:47 +0000] "GET /shopbrand/200639129.htm HTTP/1.1" 404 20413 "-" "Mozilla/5.0 AppleWebKit/537.36 (KHTML, like Gecko; compatible; GPTBot/1.2; +https://openai.com/gptbot)"
209.74.77.214 - - [21/Jul/2025:15:13:54 +0000] "POST /wp-cron.php?doing_wp_cron=1753110834.3815810680389404296875 HTTP/1.1" 200 - "-" "WordPress/6.8.2; https://alalamy.com.au"
20.171.207.22 - - [21/Jul/2025:15:13:52 +0000] "GET /shopbrand/126153187.htm HTTP/1.1" 404 20412 "-" "Mozilla/5.0 AppleWebKit/537.36 (KHTML, like Gecko; compatible; GPTBot/1.2; +https://openai.com/gptbot)"
20.171.207.22 - - [21/Jul/2025:15:14:54 +0000] "GET /shopbrand/200652473.htm HTTP/1.1" 404 20412 "-" "Mozilla/5.0 AppleWebKit/537.36 (KHTML, like Gecko; compatible; GPTBot/1.2; +https://openai.com/gptbot)"
209.74.77.214 - - [21/Jul/2025:15:16:00 +0000] "POST /wp-cron.php?doing_wp_cron=1753110960.6178569793701171875000 HTTP/1.1" 200 - "-" "WordPress/6.8.2; https://alalamy.com.au"
20.171.207.22 - - [21/Jul/2025:15:16:00 +0000] "GET /shopbrand/200653885.htm HTTP/1.1" 404 20412 "-" "Mozilla/5.0 AppleWebKit/537.36 (KHTML, like Gecko; compatible; GPTBot/1.2; +https://openai.com/gptbot)"
20.171.207.22 - - [21/Jul/2025:15:17:05 +0000] "GET /shopbrand/200676125.htm HTTP/1.1" 404 20413 "-" "Mozilla/5.0 AppleWebKit/537.36 (KHTML, like Gecko; compatible; GPTBot/1.2; +https://openai.com/gptbot)"
20.171.207.22 - - [21/Jul/2025:15:18:05 +0000] "GET /shopbrand/126203942.htm HTTP/1.1" 404 20413 "-" "Mozilla/5.0 AppleWebKit/537.36 (KHTML, like Gecko; compatible; GPTBot/1.2; +https://openai.com/gptbot)"
20.171.207.22 - - [21/Jul/2025:15:19:09 +0000] "GET /shopbrand/126143469.htm HTTP/1.1" 404 20413 "-" "Mozilla/5.0 AppleWebKit/537.36 (KHTML, like Gecko; compatible; GPTBot/1.2; +https://openai.com/gptbot)"
66.249.74.14 - - [21/Jul/2025:15:19:36 +0000] "GET /items/handmade/paintings/5377890/feature/idol/height/u003d323/img/x/product/details/20250414/pd_5072b3a25f44aea2a8c069cee0087d4533c6d0f4.jpg HTTP/1.1" 301 - "-" "Googlebot-Image/1.0"
66.249.65.161 - - [21/Jul/2025:15:19:37 +0000] "GET /items/handmade/paintings/5377890/feature/idol/height/u003d323/img/x/product/details/20250414/pd_5072b3a25f44aea2a8c069cee0087d4533c6d0f4.jpg HTTP/1.1" 404 20413 "-" "Googlebot-Image/1.0"
20.171.207.22 - - [21/Jul/2025:15:20:10 +0000] "GET /shopbrand/126158624.htm HTTP/1.1" 404 20412 "-" "Mozilla/5.0 AppleWebKit/537.36 (KHTML, like Gecko; compatible; GPTBot/1.2; +https://openai.com/gptbot)"
20.171.207.22 - - [21/Jul/2025:15:21:13 +0000] "GET /shopbrand/200589389.htm HTTP/1.1" 404 20412 "-" "Mozilla/5.0 AppleWebKit/537.36 (KHTML, like Gecko; compatible; GPTBot/1.2; +https://openai.com/gptbot)"
20.171.207.22 - - [21/Jul/2025:15:22:19 +0000] "GET /shopbrand/200661794.htm HTTP/1.1" 404 20413 "-" "Mozilla/5.0 AppleWebKit/537.36 (KHTML, like Gecko; compatible; GPTBot/1.2; +https://openai.com/gptbot)"
20.171.207.22 - - [21/Jul/2025:15:23:20 +0000] "GET /shopbrand/126227409.htm HTTP/1.1" 404 20412 "-" "Mozilla/5.0 AppleWebKit/537.36 (KHTML, like Gecko; compatible; GPTBot/1.2; +https://openai.com/gptbot)"
20.171.207.22 - - [21/Jul/2025:15:24:26 +0000] "GET /shopbrand/126230761.htm HTTP/1.1" 404 20412 "-" "Mozilla/5.0 AppleWebKit/537.36 (KHTML, like Gecko; compatible; GPTBot/1.2; +https://openai.com/gptbot)"
20.171.207.22 - - [21/Jul/2025:15:25:26 +0000] "GET /shopbrand/200614949.htm HTTP/1.1" 404 20413 "-" "Mozilla/5.0 AppleWebKit/537.36 (KHTML, like Gecko; compatible; GPTBot/1.2; +https://openai.com/gptbot)"
20.171.207.22 - - [21/Jul/2025:15:26:32 +0000] "GET /shopbrand/126170838.htm HTTP/1.1" 404 20412 "-" "Mozilla/5.0 AppleWebKit/537.36 (KHTML, like Gecko; compatible; GPTBot/1.2; +https://openai.com/gptbot)"
20.171.207.22 - - [21/Jul/2025:15:27:35 +0000] "GET /shopbrand/200595489.htm HTTP/1.1" 404 20413 "-" "Mozilla/5.0 AppleWebKit/537.36 (KHTML, like Gecko; compatible; GPTBot/1.2; +https://openai.com/gptbot)"
20.171.207.22 - - [21/Jul/2025:15:28:38 +0000] "GET /shopbrand/126197560.htm HTTP/1.1" 404 20413 "-" "Mozilla/5.0 AppleWebKit/537.36 (KHTML, like Gecko; compatible; GPTBot/1.2; +https://openai.com/gptbot)"
20.171.207.22 - - [21/Jul/2025:15:29:43 +0000] "GET /shopbrand/126202987.htm HTTP/1.1" 404 20413 "-" "Mozilla/5.0 AppleWebKit/537.36 (KHTML, like Gecko; compatible; GPTBot/1.2; +https://openai.com/gptbot)"
20.171.207.22 - - [21/Jul/2025:15:30:44 +0000] "GET /shopbrand/126123040.htm HTTP/1.1" 404 20412 "-" "Mozilla/5.0 AppleWebKit/537.36 (KHTML, like Gecko; compatible; GPTBot/1.2; +https://openai.com/gptbot)"
20.171.207.22 - - [21/Jul/2025:15:31:49 +0000] "GET /shopbrand/126204613.htm HTTP/1.1" 404 20412 "-" "Mozilla/5.0 AppleWebKit/537.36 (KHTML, like Gecko; compatible; GPTBot/1.2; +https://openai.com/gptbot)"
20.171.207.22 - - [21/Jul/2025:15:32:54 +0000] "GET /shopbrand/126199750.htm HTTP/1.1" 404 20412 "-" "Mozilla/5.0 AppleWebKit/537.36 (KHTML, like Gecko; compatible; GPTBot/1.2; +https://openai.com/gptbot)"
20.171.207.22 - - [21/Jul/2025:15:33:58 +0000] "GET /shopbrand/126190598.htm HTTP/1.1" 404 20413 "-" "Mozilla/5.0 AppleWebKit/537.36 (KHTML, like Gecko; compatible; GPTBot/1.2; +https://openai.com/gptbot)"
20.171.207.22 - - [21/Jul/2025:15:34:58 +0000] "GET /shopbrand/200680714.htm HTTP/1.1" 404 20413 "-" "Mozilla/5.0 AppleWebKit/537.36 (KHTML, like Gecko; compatible; GPTBot/1.2; +https://openai.com/gptbot)"
209.74.77.214 - - [21/Jul/2025:15:36:01 +0000] "POST /wp-cron.php?doing_wp_cron=1753112161.5334830284118652343750 HTTP/1.1" 200 - "-" "WordPress/6.8.2; https://alalamy.com.au"
20.171.207.22 - - [21/Jul/2025:15:36:01 +0000] "GET /shopbrand/126158050.htm HTTP/1.1" 404 20412 "-" "Mozilla/5.0 AppleWebKit/537.36 (KHTML, like Gecko; compatible; GPTBot/1.2; +https://openai.com/gptbot)"
209.74.77.214 - - [21/Jul/2025:15:37:01 +0000] "POST /wp-cron.php?doing_wp_cron=1753112221.5955739021301269531250 HTTP/1.1" 200 - "-" "WordPress/6.8.2; https://alalamy.com.au"
20.171.207.22 - - [21/Jul/2025:15:37:01 +0000] "GET /shopbrand/200678192.htm HTTP/1.1" 404 20413 "-" "Mozilla/5.0 AppleWebKit/537.36 (KHTML, like Gecko; compatible; GPTBot/1.2; +https://openai.com/gptbot)"
209.74.77.214 - - [21/Jul/2025:15:38:05 +0000] "POST /wp-cron.php?doing_wp_cron=1753112285.3561949729919433593750 HTTP/1.1" 200 - "-" "WordPress/6.8.2; https://alalamy.com.au"
20.171.207.22 - - [21/Jul/2025:15:38:05 +0000] "GET /shopbrand/200592435.htm HTTP/1.1" 404 20413 "-" "Mozilla/5.0 AppleWebKit/537.36 (KHTML, like Gecko; compatible; GPTBot/1.2; +https://openai.com/gptbot)"
20.171.207.22 - - [21/Jul/2025:15:39:09 +0000] "GET /shopbrand/126196589.htm HTTP/1.1" 404 20413 "-" "Mozilla/5.0 AppleWebKit/537.36 (KHTML, like Gecko; compatible; GPTBot/1.2; +https://openai.com/gptbot)"
20.171.207.22 - - [21/Jul/2025:15:40:11 +0000] "GET /shopbrand/126155983.htm HTTP/1.1" 404 20412 "-" "Mozilla/5.0 AppleWebKit/537.36 (KHTML, like Gecko; compatible; GPTBot/1.2; +https://openai.com/gptbot)"
20.171.207.22 - - [21/Jul/2025:15:41:16 +0000] "GET /shopbrand/200638158.htm HTTP/1.1" 404 20412 "-" "Mozilla/5.0 AppleWebKit/537.36 (KHTML, like Gecko; compatible; GPTBot/1.2; +https://openai.com/gptbot)"
20.171.207.22 - - [21/Jul/2025:15:42:19 +0000] "GET /shopbrand/200616599.htm HTTP/1.1" 404 20413 "-" "Mozilla/5.0 AppleWebKit/537.36 (KHTML, like Gecko; compatible; GPTBot/1.2; +https://openai.com/gptbot)"
20.171.207.22 - - [21/Jul/2025:15:43:22 +0000] "GET /shopbrand/200645801.htm HTTP/1.1" 404 20412 "-" "Mozilla/5.0 AppleWebKit/537.36 (KHTML, like Gecko; compatible; GPTBot/1.2; +https://openai.com/gptbot)"
20.171.207.22 - - [21/Jul/2025:15:44:25 +0000] "GET /shopbrand/126159859.htm HTTP/1.1" 404 20412 "-" "Mozilla/5.0 AppleWebKit/537.36 (KHTML, like Gecko; compatible; GPTBot/1.2; +https://openai.com/gptbot)"
20.171.207.22 - - [21/Jul/2025:15:45:30 +0000] "GET /shopbrand/200627179.htm HTTP/1.1" 404 20412 "-" "Mozilla/5.0 AppleWebKit/537.36 (KHTML, like Gecko; compatible; GPTBot/1.2; +https://openai.com/gptbot)"
20.171.207.22 - - [21/Jul/2025:15:46:31 +0000] "GET /shopbrand/126173519.htm HTTP/1.1" 404 20412 "-" "Mozilla/5.0 AppleWebKit/537.36 (KHTML, like Gecko; compatible; GPTBot/1.2; +https://openai.com/gptbot)"
20.171.207.22 - - [21/Jul/2025:15:47:32 +0000] "GET /shopbrand/126154059.htm HTTP/1.1" 404 20413 "-" "Mozilla/5.0 AppleWebKit/537.36 (KHTML, like Gecko; compatible; GPTBot/1.2; +https://openai.com/gptbot)"
209.74.77.214 - - [21/Jul/2025:15:48:35 +0000] "POST /wp-cron.php?doing_wp_cron=1753112915.1394059658050537109375 HTTP/1.1" 200 - "-" "WordPress/6.8.2; https://alalamy.com.au"
20.171.207.22 - - [21/Jul/2025:15:48:34 +0000] "GET /shopbrand/126113048.htm HTTP/1.1" 404 20413 "-" "Mozilla/5.0 AppleWebKit/537.36 (KHTML, like Gecko; compatible; GPTBot/1.2; +https://openai.com/gptbot)"
20.171.207.22 - - [21/Jul/2025:15:49:36 +0000] "GET /shopbrand/126182373.htm HTTP/1.1" 404 20413 "-" "Mozilla/5.0 AppleWebKit/537.36 (KHTML, like Gecko; compatible; GPTBot/1.2; +https://openai.com/gptbot)"
66.249.74.12 - - [21/Jul/2025:15:49:36 +0000] "GET /items/handmade/paintings/5377890/feature/idol/height/u003d323/img/x/product/details/20240618/sd9_26ba5ae39d1657a904c10cc47d77b38407ec7dfc.jpg HTTP/1.1" 301 - "-" "Googlebot-Image/1.0"
66.249.65.174 - - [21/Jul/2025:15:49:37 +0000] "GET /items/handmade/paintings/5377890/feature/idol/height/u003d323/img/x/product/details/20240618/sd9_26ba5ae39d1657a904c10cc47d77b38407ec7dfc.jpg HTTP/1.1" 404 20413 "-" "Googlebot-Image/1.0"
20.171.207.22 - - [21/Jul/2025:15:50:41 +0000] "GET /shopbrand/126147387.htm HTTP/1.1" 404 20412 "-" "Mozilla/5.0 AppleWebKit/537.36 (KHTML, like Gecko; compatible; GPTBot/1.2; +https://openai.com/gptbot)"
20.171.207.22 - - [21/Jul/2025:15:51:44 +0000] "GET /shopbrand/200665817.htm HTTP/1.1" 404 20412 "-" "Mozilla/5.0 AppleWebKit/537.36 (KHTML, like Gecko; compatible; GPTBot/1.2; +https://openai.com/gptbot)"
20.171.207.22 - - [21/Jul/2025:15:52:46 +0000] "GET /shopbrand/126129553.htm HTTP/1.1" 404 20413 "-" "Mozilla/5.0 AppleWebKit/537.36 (KHTML, like Gecko; compatible; GPTBot/1.2; +https://openai.com/gptbot)"
209.74.77.214 - - [21/Jul/2025:15:53:53 +0000] "POST /wp-cron.php?doing_wp_cron=1753113233.1386020183563232421875 HTTP/1.1" 200 - "-" "WordPress/6.8.2; https://alalamy.com.au"
20.171.207.22 - - [21/Jul/2025:15:53:52 +0000] "GET /shopbrand/126134583.htm HTTP/1.1" 404 20412 "-" "Mozilla/5.0 AppleWebKit/537.36 (KHTML, like Gecko; compatible; GPTBot/1.2; +https://openai.com/gptbot)"
20.171.207.22 - - [21/Jul/2025:15:54:56 +0000] "GET /shopbrand/200623561.htm HTTP/1.1" 404 20412 "-" "Mozilla/5.0 AppleWebKit/537.36 (KHTML, like Gecko; compatible; GPTBot/1.2; +https://openai.com/gptbot)"
209.74.77.214 - - [21/Jul/2025:15:55:56 +0000] "POST /wp-cron.php?doing_wp_cron=1753113356.5140700340270996093750 HTTP/1.1" 200 - "-" "WordPress/6.8.2; https://alalamy.com.au"
20.171.207.22 - - [21/Jul/2025:15:55:56 +0000] "GET /shopbrand/200674167.htm HTTP/1.1" 404 20412 "-" "Mozilla/5.0 AppleWebKit/537.36 (KHTML, like Gecko; compatible; GPTBot/1.2; +https://openai.com/gptbot)"
20.171.207.22 - - [21/Jul/2025:15:56:57 +0000] "GET /shopbrand/126228547.htm HTTP/1.1" 404 20413 "-" "Mozilla/5.0 AppleWebKit/537.36 (KHTML, like Gecko; compatible; GPTBot/1.2; +https://openai.com/gptbot)"
66.249.65.174 - - [21/Jul/2025:15:57:26 +0000] "GET /items/handicrafts/paintings/2644745/alalamy.com.au?_bd_prev_page=alalamy.com.au/detail.php?shopbrand/8000697.htm HTTP/1.1" 200 19722 "-" "Mozilla/5.0 (Linux; Android 6.0.1; Nexus 5X Build/MMB29P) AppleWebKit/537.36 (KHTML, like Gecko) Chrome/137.0.7151.103 Mobile Safari/537.36 (compatible; GoogleOther)"
20.171.207.22 - - [21/Jul/2025:15:58:03 +0000] "GET /shopbrand/126213509.htm HTTP/1.1" 404 20413 "-" "Mozilla/5.0 AppleWebKit/537.36 (KHTML, like Gecko; compatible; GPTBot/1.2; +https://openai.com/gptbot)"
20.171.207.22 - - [21/Jul/2025:15:59:05 +0000] "GET /shopbrand/126175586.htm HTTP/1.1" 404 20413 "-" "Mozilla/5.0 AppleWebKit/537.36 (KHTML, like Gecko; compatible; GPTBot/1.2; +https://openai.com/gptbot)"
20.171.207.22 - - [21/Jul/2025:16:00:06 +0000] "GET /shopbrand/126198239.htm HTTP/1.1" 404 20412 "-" "Mozilla/5.0 AppleWebKit/537.36 (KHTML, like Gecko; compatible; GPTBot/1.2; +https://openai.com/gptbot)"
20.171.207.22 - - [21/Jul/2025:16:01:08 +0000] "GET /shopbrand/200613994.htm HTTP/1.1" 404 20412 "-" "Mozilla/5.0 AppleWebKit/537.36 (KHTML, like Gecko; compatible; GPTBot/1.2; +https://openai.com/gptbot)"
20.171.207.22 - - [21/Jul/2025:16:02:10 +0000] "GET /shopbrand/200634691.htm HTTP/1.1" 404 20412 "-" "Mozilla/5.0 AppleWebKit/537.36 (KHTML, like Gecko; compatible; GPTBot/1.2; +https://openai.com/gptbot)"
20.171.207.22 - - [21/Jul/2025:16:03:14 +0000] "GET /shopbrand/200685843.htm HTTP/1.1" 404 20412 "-" "Mozilla/5.0 AppleWebKit/537.36 (KHTML, like Gecko; compatible; GPTBot/1.2; +https://openai.com/gptbot)"
20.171.207.22 - - [21/Jul/2025:16:04:17 +0000] "GET /shopbrand/200628964.htm HTTP/1.1" 404 20412 "-" "Mozilla/5.0 AppleWebKit/537.36 (KHTML, like Gecko; compatible; GPTBot/1.2; +https://openai.com/gptbot)"
20.171.207.22 - - [21/Jul/2025:16:05:22 +0000] "GET /shopbrand/126178640.htm HTTP/1.1" 404 20412 "-" "Mozilla/5.0 AppleWebKit/537.36 (KHTML, like Gecko; compatible; GPTBot/1.2; +https://openai.com/gptbot)"
20.171.207.22 - - [21/Jul/2025:16:06:23 +0000] "GET /shopbrand/200669453.htm HTTP/1.1" 404 20412 "-" "Mozilla/5.0 AppleWebKit/537.36 (KHTML, like Gecko; compatible; GPTBot/1.2; +https://openai.com/gptbot)"
20.171.207.22 - - [21/Jul/2025:16:07:25 +0000] "GET /shopbrand/126184323.htm HTTP/1.1" 404 20412 "-" "Mozilla/5.0 AppleWebKit/537.36 (KHTML, like Gecko; compatible; GPTBot/1.2; +https://openai.com/gptbot)"
20.171.207.22 - - [21/Jul/2025:16:08:31 +0000] "GET /shopbrand/126135828.htm HTTP/1.1" 404 20412 "-" "Mozilla/5.0 AppleWebKit/537.36 (KHTML, like Gecko; compatible; GPTBot/1.2; +https://openai.com/gptbot)"
20.171.207.22 - - [21/Jul/2025:16:09:37 +0000] "GET /shopbrand/126184756.htm HTTP/1.1" 404 20413 "-" "Mozilla/5.0 AppleWebKit/537.36 (KHTML, like Gecko; compatible; GPTBot/1.2; +https://openai.com/gptbot)"
216.73.216.231 - - [21/Jul/2025:16:10:29 +0000] "GET /robots.txt HTTP/1.1" 200 92 "-" "Mozilla/5.0 AppleWebKit/537.36 (KHTML, like Gecko; compatible; ClaudeBot/1.0; [email protected])"
216.73.216.231 - - [21/Jul/2025:16:10:29 +0000] "GET /sitemap.xml HTTP/1.1" 200 4125 "-" "Mozilla/5.0 AppleWebKit/537.36 (KHTML, like Gecko; compatible; ClaudeBot/1.0; [email protected])"
20.171.207.22 - - [21/Jul/2025:16:10:41 +0000] "GET /shopbrand/126134043.htm HTTP/1.1" 404 20412 "-" "Mozilla/5.0 AppleWebKit/537.36 (KHTML, like Gecko; compatible; GPTBot/1.2; +https://openai.com/gptbot)"
20.171.207.22 - - [21/Jul/2025:16:11:45 +0000] "GET /shopbrand/200696538.htm HTTP/1.1" 404 20412 "-" "Mozilla/5.0 AppleWebKit/537.36 (KHTML, like Gecko; compatible; GPTBot/1.2; +https://openai.com/gptbot)"
20.171.207.22 - - [21/Jul/2025:16:12:45 +0000] "GET /shopbrand/200689195.htm HTTP/1.1" 404 20412 "-" "Mozilla/5.0 AppleWebKit/537.36 (KHTML, like Gecko; compatible; GPTBot/1.2; +https://openai.com/gptbot)"
20.171.207.22 - - [21/Jul/2025:16:13:49 +0000] "GET /shopbrand/200658589.htm HTTP/1.1" 404 20412 "-" "Mozilla/5.0 AppleWebKit/537.36 (KHTML, like Gecko; compatible; GPTBot/1.2; +https://openai.com/gptbot)"
209.74.77.214 - - [21/Jul/2025:16:14:53 +0000] "POST /wp-cron.php?doing_wp_cron=1753114492.9855210781097412109375 HTTP/1.1" 200 - "-" "WordPress/6.8.2; https://alalamy.com.au"
20.171.207.22 - - [21/Jul/2025:16:14:52 +0000] "GET /shopbrand/200593680.htm HTTP/1.1" 404 20412 "-" "Mozilla/5.0 AppleWebKit/537.36 (KHTML, like Gecko; compatible; GPTBot/1.2; +https://openai.com/gptbot)"
20.171.207.22 - - [21/Jul/2025:16:15:57 +0000] "GET /shopbrand/126143354.htm HTTP/1.1" 404 20412 "-" "Mozilla/5.0 AppleWebKit/537.36 (KHTML, like Gecko; compatible; GPTBot/1.2; +https://openai.com/gptbot)"
20.171.207.22 - - [21/Jul/2025:16:16:59 +0000] "GET /shopbrand/200614790.htm HTTP/1.1" 404 20412 "-" "Mozilla/5.0 AppleWebKit/537.36 (KHTML, like Gecko; compatible; GPTBot/1.2; +https://openai.com/gptbot)"
209.74.77.214 - - [21/Jul/2025:16:18:02 +0000] "POST /wp-cron.php?doing_wp_cron=1753114682.1174321174621582031250 HTTP/1.1" 200 - "-" "WordPress/6.8.2; https://alalamy.com.au"
20.171.207.22 - - [21/Jul/2025:16:18:01 +0000] "GET /shopbrand/200672199.htm HTTP/1.1" 404 20412 "-" "Mozilla/5.0 AppleWebKit/537.36 (KHTML, like Gecko; compatible; GPTBot/1.2; +https://openai.com/gptbot)"
