20.171.207.22 - - [21/Jul/2025:16:19:03 +0000] "GET /shopbrand/200623164.htm HTTP/1.1" 404 20412 "-" "Mozilla/5.0 AppleWebKit/537.36 (KHTML, like Gecko; compatible; GPTBot/1.2; +https://openai.com/gptbot)"
209.74.77.214 - - [21/Jul/2025:16:19:36 +0000] "POST /wp-cron.php?doing_wp_cron=1753114776.9808979034423828125000 HTTP/1.1" 200 - "-" "WordPress/6.8.2; https://alalamy.com.au"
66.249.74.12 - - [21/Jul/2025:16:19:36 +0000] "GET /items/handmade/paintings/5377890/feature/idol/height/u003d323/img/x/product/details/20241028/sd5_377aed8f8d4117b28e1dbae9f440c1fd12e01e17.jpg HTTP/1.1" 301 - "-" "Googlebot-Image/1.0"
66.249.65.174 - - [21/Jul/2025:16:19:37 +0000] "GET /items/handmade/paintings/5377890/feature/idol/height/u003d323/img/x/product/details/20241028/sd5_377aed8f8d4117b28e1dbae9f440c1fd12e01e17.jpg HTTP/1.1" 404 20413 "-" "Googlebot-Image/1.0"
20.171.207.22 - - [21/Jul/2025:16:20:05 +0000] "GET /shopbrand/200595787.htm HTTP/1.1" 404 20412 "-" "Mozilla/5.0 AppleWebKit/537.36 (KHTML, like Gecko; compatible; GPTBot/1.2; +https://openai.com/gptbot)"
20.171.207.22 - - [21/Jul/2025:16:21:11 +0000] "GET /shopbrand/126181543.htm HTTP/1.1" 404 20412 "-" "Mozilla/5.0 AppleWebKit/537.36 (KHTML, like Gecko; compatible; GPTBot/1.2; +https://openai.com/gptbot)"
20.171.207.22 - - [21/Jul/2025:16:22:12 +0000] "GET /shopbrand/200613835.htm HTTP/1.1" 404 20412 "-" "Mozilla/5.0 AppleWebKit/537.36 (KHTML, like Gecko; compatible; GPTBot/1.2; +https://openai.com/gptbot)"
20.171.207.22 - - [21/Jul/2025:16:23:13 +0000] "GET /shopbrand/126208805.htm HTTP/1.1" 404 20412 "-" "Mozilla/5.0 AppleWebKit/537.36 (KHTML, like Gecko; compatible; GPTBot/1.2; +https://openai.com/gptbot)"
20.171.207.22 - - [21/Jul/2025:16:24:16 +0000] "GET /shopbrand/126157494.htm HTTP/1.1" 404 20412 "-" "Mozilla/5.0 AppleWebKit/537.36 (KHTML, like Gecko; compatible; GPTBot/1.2; +https://openai.com/gptbot)"
20.171.207.22 - - [21/Jul/2025:16:25:20 +0000] "GET /shopbrand/200634425.htm HTTP/1.1" 404 20412 "-" "Mozilla/5.0 AppleWebKit/537.36 (KHTML, like Gecko; compatible; GPTBot/1.2; +https://openai.com/gptbot)"
20.171.207.22 - - [21/Jul/2025:16:26:20 +0000] "GET /shopbrand/126187675.htm HTTP/1.1" 404 20412 "-" "Mozilla/5.0 AppleWebKit/537.36 (KHTML, like Gecko; compatible; GPTBot/1.2; +https://openai.com/gptbot)"
2.58.56.113 - - [21/Jul/2025:16:26:42 +0000] "GET /wp-admin/setup-config.php HTTP/1.1" 409 2665 "-" "Mozilla/5.0 (Windows NT 10.0; Win64; x64)"
20.171.207.22 - - [21/Jul/2025:16:27:24 +0000] "GET /shopbrand/126190729.htm HTTP/1.1" 404 20412 "-" "Mozilla/5.0 AppleWebKit/537.36 (KHTML, like Gecko; compatible; GPTBot/1.2; +https://openai.com/gptbot)"
20.171.207.22 - - [21/Jul/2025:16:28:30 +0000] "GET /shopbrand/126153080.htm HTTP/1.1" 404 20412 "-" "Mozilla/5.0 AppleWebKit/537.36 (KHTML, like Gecko; compatible; GPTBot/1.2; +https://openai.com/gptbot)"
20.171.207.22 - - [21/Jul/2025:16:29:32 +0000] "GET /shopbrand/126175427.htm HTTP/1.1" 404 20412 "-" "Mozilla/5.0 AppleWebKit/537.36 (KHTML, like Gecko; compatible; GPTBot/1.2; +https://openai.com/gptbot)"
20.171.207.22 - - [21/Jul/2025:16:30:37 +0000] "GET /shopbrand/200663178.htm HTTP/1.1" 404 20412 "-" "Mozilla/5.0 AppleWebKit/537.36 (KHTML, like Gecko; compatible; GPTBot/1.2; +https://openai.com/gptbot)"
20.171.207.22 - - [21/Jul/2025:16:31:40 +0000] "GET /shopbrand/200637745.htm HTTP/1.1" 404 20412 "-" "Mozilla/5.0 AppleWebKit/537.36 (KHTML, like Gecko; compatible; GPTBot/1.2; +https://openai.com/gptbot)"
20.171.207.22 - - [21/Jul/2025:16:32:42 +0000] "GET /shopbrand/200638998.htm HTTP/1.1" 404 20412 "-" "Mozilla/5.0 AppleWebKit/537.36 (KHTML, like Gecko; compatible; GPTBot/1.2; +https://openai.com/gptbot)"
20.171.207.22 - - [21/Jul/2025:16:33:42 +0000] "GET /shopbrand/200667328.htm HTTP/1.1" 404 20412 "-" "Mozilla/5.0 AppleWebKit/537.36 (KHTML, like Gecko; compatible; GPTBot/1.2; +https://openai.com/gptbot)"
54.36.148.77 - - [21/Jul/2025:16:33:47 +0000] "GET /robots.txt HTTP/1.1" 200 92 "-" "Mozilla/5.0 (compatible; AhrefsBot/7.0; +http://ahrefs.com/robot/)"
209.74.77.214 - - [21/Jul/2025:16:33:51 +0000] "POST /wp-cron.php?doing_wp_cron=1753115631.4987580776214599609375 HTTP/1.1" 200 - "-" "WordPress/6.8.2; https://alalamy.com.au"
54.36.148.82 - - [21/Jul/2025:16:33:51 +0000] "GET / HTTP/1.1" 301 - "-" "Mozilla/5.0 (compatible; AhrefsBot/7.0; +http://ahrefs.com/robot/)"
20.171.207.22 - - [21/Jul/2025:16:34:48 +0000] "GET /shopbrand/200645511.htm HTTP/1.1" 404 20412 "-" "Mozilla/5.0 AppleWebKit/537.36 (KHTML, like Gecko; compatible; GPTBot/1.2; +https://openai.com/gptbot)"
20.171.207.22 - - [21/Jul/2025:16:35:49 +0000] "GET /shopbrand/200709584.htm HTTP/1.1" 404 20412 "-" "Mozilla/5.0 AppleWebKit/537.36 (KHTML, like Gecko; compatible; GPTBot/1.2; +https://openai.com/gptbot)"
20.171.207.22 - - [21/Jul/2025:16:36:54 +0000] "GET /shopbrand/200635936.htm HTTP/1.1" 404 20412 "-" "Mozilla/5.0 AppleWebKit/537.36 (KHTML, like Gecko; compatible; GPTBot/1.2; +https://openai.com/gptbot)"
20.171.207.22 - - [21/Jul/2025:16:37:56 +0000] "GET /shopbrand/126179734.htm HTTP/1.1" 404 20413 "-" "Mozilla/5.0 AppleWebKit/537.36 (KHTML, like Gecko; compatible; GPTBot/1.2; +https://openai.com/gptbot)"
54.36.148.214 - - [21/Jul/2025:16:38:57 +0000] "GET /robots.txt HTTP/1.1" 200 92 "-" "Mozilla/5.0 (compatible; AhrefsBot/7.0; +http://ahrefs.com/robot/)"
209.74.77.214 - - [21/Jul/2025:16:39:01 +0000] "POST /wp-cron.php?doing_wp_cron=1753115941.5841200351715087890625 HTTP/1.1" 200 - "-" "WordPress/6.8.2; https://alalamy.com.au"
51.222.253.13 - - [21/Jul/2025:16:39:01 +0000] "GET / HTTP/1.1" 301 - "-" "Mozilla/5.0 (compatible; AhrefsBot/7.0; +http://ahrefs.com/robot/)"
20.171.207.22 - - [21/Jul/2025:16:39:02 +0000] "GET /shopbrand/126168489.htm HTTP/1.1" 404 20412 "-" "Mozilla/5.0 AppleWebKit/537.36 (KHTML, like Gecko; compatible; GPTBot/1.2; +https://openai.com/gptbot)"
20.171.207.22 - - [21/Jul/2025:16:40:05 +0000] "GET /shopbrand/126144706.htm HTTP/1.1" 404 20412 "-" "Mozilla/5.0 AppleWebKit/537.36 (KHTML, like Gecko; compatible; GPTBot/1.2; +https://openai.com/gptbot)"
209.74.77.214 - - [21/Jul/2025:16:41:10 +0000] "POST /wp-cron.php?doing_wp_cron=1753116070.1446170806884765625000 HTTP/1.1" 200 - "-" "WordPress/6.8.2; https://alalamy.com.au"
20.171.207.22 - - [21/Jul/2025:16:41:09 +0000] "GET /shopbrand/200681651.htm HTTP/1.1" 404 20412 "-" "Mozilla/5.0 AppleWebKit/537.36 (KHTML, like Gecko; compatible; GPTBot/1.2; +https://openai.com/gptbot)"
20.171.207.22 - - [21/Jul/2025:16:42:11 +0000] "GET /shopbrand/126197401.htm HTTP/1.1" 404 20412 "-" "Mozilla/5.0 AppleWebKit/537.36 (KHTML, like Gecko; compatible; GPTBot/1.2; +https://openai.com/gptbot)"
20.171.207.22 - - [21/Jul/2025:16:43:12 +0000] "GET /shopbrand/200638732.htm HTTP/1.1" 404 20412 "-" "Mozilla/5.0 AppleWebKit/537.36 (KHTML, like Gecko; compatible; GPTBot/1.2; +https://openai.com/gptbot)"
20.171.207.22 - - [21/Jul/2025:16:44:13 +0000] "GET /shopbrand/200628849.htm HTTP/1.1" 404 20412 "-" "Mozilla/5.0 AppleWebKit/537.36 (KHTML, like Gecko; compatible; GPTBot/1.2; +https://openai.com/gptbot)"
20.171.207.22 - - [21/Jul/2025:16:45:19 +0000] "GET /shopbrand/200663718.htm HTTP/1.1" 404 20412 "-" "Mozilla/5.0 AppleWebKit/537.36 (KHTML, like Gecko; compatible; GPTBot/1.2; +https://openai.com/gptbot)"
20.171.207.22 - - [21/Jul/2025:16:46:22 +0000] "GET /shopbrand/200589115.htm HTTP/1.1" 404 20412 "-" "Mozilla/5.0 AppleWebKit/537.36 (KHTML, like Gecko; compatible; GPTBot/1.2; +https://openai.com/gptbot)"
20.171.207.22 - - [21/Jul/2025:16:47:22 +0000] "GET /shopbrand/200694332.htm HTTP/1.1" 404 20412 "-" "Mozilla/5.0 AppleWebKit/537.36 (KHTML, like Gecko; compatible; GPTBot/1.2; +https://openai.com/gptbot)"
20.171.207.22 - - [21/Jul/2025:16:48:26 +0000] "GET /shopbrand/200619238.htm HTTP/1.1" 404 20412 "-" "Mozilla/5.0 AppleWebKit/537.36 (KHTML, like Gecko; compatible; GPTBot/1.2; +https://openai.com/gptbot)"
20.171.207.22 - - [21/Jul/2025:16:49:30 +0000] "GET /shopbrand/200624814.htm HTTP/1.1" 404 20412 "-" "Mozilla/5.0 AppleWebKit/537.36 (KHTML, like Gecko; compatible; GPTBot/1.2; +https://openai.com/gptbot)"
66.249.74.12 - - [21/Jul/2025:16:49:36 +0000] "GET /items/handmade/paintings/5377890/alalamy.com.au/feature/akihabara_main/ir/u003dauto/uploads/product_image/image/2662184/image.jpg HTTP/1.1" 200 18420 "-" "Googlebot-Image/1.0"
20.171.207.22 - - [21/Jul/2025:16:50:34 +0000] "GET /shopbrand/126145959.htm HTTP/1.1" 404 20412 "-" "Mozilla/5.0 AppleWebKit/537.36 (KHTML, like Gecko; compatible; GPTBot/1.2; +https://openai.com/gptbot)"
66.249.74.13 - - [21/Jul/2025:16:51:20 +0000] "GET /shopbrand/82496798.htm HTTP/1.1" 200 21377 "-" "Mozilla/5.0 (Linux; Android 6.0.1; Nexus 5X Build/MMB29P) AppleWebKit/537.36 (KHTML, like Gecko) Chrome/137.0.7151.103 Mobile Safari/537.36 (compatible; Googlebot/2.1; +http://www.google.com/bot.html)"
20.171.207.22 - - [21/Jul/2025:16:51:35 +0000] "GET /shopbrand/126176573.htm HTTP/1.1" 404 20412 "-" "Mozilla/5.0 AppleWebKit/537.36 (KHTML, like Gecko; compatible; GPTBot/1.2; +https://openai.com/gptbot)"
20.171.207.22 - - [21/Jul/2025:16:52:38 +0000] "GET /shopbrand/200699187.htm HTTP/1.1" 404 20412 "-" "Mozilla/5.0 AppleWebKit/537.36 (KHTML, like Gecko; compatible; GPTBot/1.2; +https://openai.com/gptbot)"
20.171.207.22 - - [21/Jul/2025:16:53:39 +0000] "GET /shopbrand/200674872.htm HTTP/1.1" 404 20412 "-" "Mozilla/5.0 AppleWebKit/537.36 (KHTML, like Gecko; compatible; GPTBot/1.2; +https://openai.com/gptbot)"
20.171.207.22 - - [21/Jul/2025:16:54:43 +0000] "GET /shopbrand/126194049.htm HTTP/1.1" 404 20412 "-" "Mozilla/5.0 AppleWebKit/537.36 (KHTML, like Gecko; compatible; GPTBot/1.2; +https://openai.com/gptbot)"
20.171.207.22 - - [21/Jul/2025:16:55:47 +0000] "GET /shopbrand/126188505.htm HTTP/1.1" 404 20412 "-" "Mozilla/5.0 AppleWebKit/537.36 (KHTML, like Gecko; compatible; GPTBot/1.2; +https://openai.com/gptbot)"
20.171.207.22 - - [21/Jul/2025:16:56:50 +0000] "GET /shopbrand/126153602.htm HTTP/1.1" 404 20412 "-" "Mozilla/5.0 AppleWebKit/537.36 (KHTML, like Gecko; compatible; GPTBot/1.2; +https://openai.com/gptbot)"
4.227.36.88 - - [21/Jul/2025:16:56:51 +0000] "GET /robots.txt HTTP/1.1" 200 92 "-" "Mozilla/5.0 AppleWebKit/537.36 (KHTML, like Gecko; compatible; GPTBot/1.2; +https://openai.com/gptbot)"
20.171.207.22 - - [21/Jul/2025:16:57:50 +0000] "GET /shopbrand/126158465.htm HTTP/1.1" 404 20412 "-" "Mozilla/5.0 AppleWebKit/537.36 (KHTML, like Gecko; compatible; GPTBot/1.2; +https://openai.com/gptbot)"
20.171.207.22 - - [21/Jul/2025:16:58:54 +0000] "GET /shopbrand/200612856.htm HTTP/1.1" 404 20412 "-" "Mozilla/5.0 AppleWebKit/537.36 (KHTML, like Gecko; compatible; GPTBot/1.2; +https://openai.com/gptbot)"
20.171.207.22 - - [21/Jul/2025:16:59:56 +0000] "GET /shopbrand/126133445.htm HTTP/1.1" 404 20413 "-" "Mozilla/5.0 AppleWebKit/537.36 (KHTML, like Gecko; compatible; GPTBot/1.2; +https://openai.com/gptbot)"
209.74.77.214 - - [21/Jul/2025:17:00:57 +0000] "POST /wp-cron.php?doing_wp_cron=1753117257.5979170799255371093750 HTTP/1.1" 200 - "-" "WordPress/6.8.2; https://alalamy.com.au"
20.171.207.22 - - [21/Jul/2025:17:00:57 +0000] "GET /shopbrand/126155844.htm HTTP/1.1" 404 20412 "-" "Mozilla/5.0 AppleWebKit/537.36 (KHTML, like Gecko; compatible; GPTBot/1.2; +https://openai.com/gptbot)"
34.217.74.57 - - [21/Jul/2025:17:01:11 +0000] "GET / HTTP/1.1" 301 - "-" "Mozilla/5.0 (Windows NT 10.0; Win64; x64)AppleWebKit/537.36 (KHTML, like Gecko) Chrome/66.0.3359.181 Safari/537.36"
209.74.77.214 - - [21/Jul/2025:17:02:01 +0000] "POST /wp-cron.php?doing_wp_cron=1753117321.0218019485473632812500 HTTP/1.1" 200 - "-" "WordPress/6.8.2; https://alalamy.com.au"
20.171.207.22 - - [21/Jul/2025:17:02:00 +0000] "GET /shopbrand/200615247.htm HTTP/1.1" 404 20412 "-" "Mozilla/5.0 AppleWebKit/537.36 (KHTML, like Gecko; compatible; GPTBot/1.2; +https://openai.com/gptbot)"
209.74.77.214 - - [21/Jul/2025:17:03:01 +0000] "POST /wp-cron.php?doing_wp_cron=1753117381.1314840316772460937500 HTTP/1.1" 200 - "-" "WordPress/6.8.2; https://alalamy.com.au"
20.171.207.22 - - [21/Jul/2025:17:03:00 +0000] "GET /shopbrand/200697493.htm HTTP/1.1" 404 20412 "-" "Mozilla/5.0 AppleWebKit/537.36 (KHTML, like Gecko; compatible; GPTBot/1.2; +https://openai.com/gptbot)"
20.171.207.22 - - [21/Jul/2025:17:04:01 +0000] "GET /shopbrand/126125836.htm HTTP/1.1" 404 20412 "-" "Mozilla/5.0 AppleWebKit/537.36 (KHTML, like Gecko; compatible; GPTBot/1.2; +https://openai.com/gptbot)"
209.74.77.214 - - [21/Jul/2025:17:05:01 +0000] "POST /wp-cron.php?doing_wp_cron=1753117501.7467989921569824218750 HTTP/1.1" 200 - "-" "WordPress/6.8.2; https://alalamy.com.au"
20.171.207.22 - - [21/Jul/2025:17:05:01 +0000] "GET /shopbrand/200684705.htm HTTP/1.1" 404 20412 "-" "Mozilla/5.0 AppleWebKit/537.36 (KHTML, like Gecko; compatible; GPTBot/1.2; +https://openai.com/gptbot)"
20.171.207.22 - - [21/Jul/2025:17:06:06 +0000] "GET /shopbrand/200588517.htm HTTP/1.1" 404 20412 "-" "Mozilla/5.0 AppleWebKit/537.36 (KHTML, like Gecko; compatible; GPTBot/1.2; +https://openai.com/gptbot)"
209.74.77.214 - - [21/Jul/2025:17:07:12 +0000] "POST /wp-cron.php?doing_wp_cron=1753117632.2967300415039062500000 HTTP/1.1" 200 - "-" "WordPress/6.8.2; https://alalamy.com.au"
20.171.207.22 - - [21/Jul/2025:17:07:12 +0000] "GET /shopbrand/126207393.htm HTTP/1.1" 404 20412 "-" "Mozilla/5.0 AppleWebKit/537.36 (KHTML, like Gecko; compatible; GPTBot/1.2; +https://openai.com/gptbot)"
20.171.207.22 - - [21/Jul/2025:17:08:17 +0000] "GET /shopbrand/200638416.htm HTTP/1.1" 404 20413 "-" "Mozilla/5.0 AppleWebKit/537.36 (KHTML, like Gecko; compatible; GPTBot/1.2; +https://openai.com/gptbot)"
20.171.207.22 - - [21/Jul/2025:17:09:21 +0000] "GET /shopbrand/200655694.htm HTTP/1.1" 404 20412 "-" "Mozilla/5.0 AppleWebKit/537.36 (KHTML, like Gecko; compatible; GPTBot/1.2; +https://openai.com/gptbot)"
20.171.207.22 - - [21/Jul/2025:17:10:26 +0000] "GET /shopbrand/200698921.htm HTTP/1.1" 404 20412 "-" "Mozilla/5.0 AppleWebKit/537.36 (KHTML, like Gecko; compatible; GPTBot/1.2; +https://openai.com/gptbot)"
209.74.77.214 - - [21/Jul/2025:17:11:28 +0000] "POST /wp-cron.php?doing_wp_cron=1753117888.2921619415283203125000 HTTP/1.1" 200 - "-" "WordPress/6.8.2; https://alalamy.com.au"
20.171.207.22 - - [21/Jul/2025:17:11:27 +0000] "GET /shopbrand/200624973.htm HTTP/1.1" 404 20412 "-" "Mozilla/5.0 AppleWebKit/537.36 (KHTML, like Gecko; compatible; GPTBot/1.2; +https://openai.com/gptbot)"
20.171.207.22 - - [21/Jul/2025:17:12:31 +0000] "GET /shopbrand/126147927.htm HTTP/1.1" 404 20412 "-" "Mozilla/5.0 AppleWebKit/537.36 (KHTML, like Gecko; compatible; GPTBot/1.2; +https://openai.com/gptbot)"
209.74.77.214 - - [21/Jul/2025:17:13:37 +0000] "POST /wp-cron.php?doing_wp_cron=1753118017.3413140773773193359375 HTTP/1.1" 200 - "-" "WordPress/6.8.2; https://alalamy.com.au"
20.171.207.22 - - [21/Jul/2025:17:13:37 +0000] "GET /shopbrand/200653726.htm HTTP/1.1" 404 20412 "-" "Mozilla/5.0 AppleWebKit/537.36 (KHTML, like Gecko; compatible; GPTBot/1.2; +https://openai.com/gptbot)"
209.74.77.214 - - [21/Jul/2025:17:14:39 +0000] "POST /wp-cron.php?doing_wp_cron=1753118079.5247681140899658203125 HTTP/1.1" 200 - "-" "WordPress/6.8.2; https://alalamy.com.au"
20.171.207.22 - - [21/Jul/2025:17:14:39 +0000] "GET /shopbrand/200648035.htm HTTP/1.1" 404 20412 "-" "Mozilla/5.0 AppleWebKit/537.36 (KHTML, like Gecko; compatible; GPTBot/1.2; +https://openai.com/gptbot)"
209.74.77.214 - - [21/Jul/2025:17:15:39 +0000] "POST /wp-cron.php?doing_wp_cron=1753118139.8180339336395263671875 HTTP/1.1" 200 - "-" "WordPress/6.8.2; https://alalamy.com.au"
20.171.207.22 - - [21/Jul/2025:17:15:39 +0000] "GET /shopbrand/126201849.htm HTTP/1.1" 404 20412 "-" "Mozilla/5.0 AppleWebKit/537.36 (KHTML, like Gecko; compatible; GPTBot/1.2; +https://openai.com/gptbot)"
209.74.77.214 - - [21/Jul/2025:17:16:40 +0000] "POST /wp-cron.php?doing_wp_cron=1753118200.0968561172485351562500 HTTP/1.1" 200 - "-" "WordPress/6.8.2; https://alalamy.com.au"
20.171.207.22 - - [21/Jul/2025:17:16:39 +0000] "GET /shopbrand/126215608.htm HTTP/1.1" 404 20412 "-" "Mozilla/5.0 AppleWebKit/537.36 (KHTML, like Gecko; compatible; GPTBot/1.2; +https://openai.com/gptbot)"
209.74.77.214 - - [21/Jul/2025:17:17:40 +0000] "POST /wp-cron.php?doing_wp_cron=1753118260.3458700180053710937500 HTTP/1.1" 200 - "-" "WordPress/6.8.2; https://alalamy.com.au"
20.171.207.22 - - [21/Jul/2025:17:17:40 +0000] "GET /shopbrand/126109694.htm HTTP/1.1" 404 20412 "-" "Mozilla/5.0 AppleWebKit/537.36 (KHTML, like Gecko; compatible; GPTBot/1.2; +https://openai.com/gptbot)"
209.74.77.214 - - [21/Jul/2025:17:18:46 +0000] "POST /wp-cron.php?doing_wp_cron=1753118326.1654679775238037109375 HTTP/1.1" 200 - "-" "WordPress/6.8.2; https://alalamy.com.au"
20.171.207.22 - - [21/Jul/2025:17:18:45 +0000] "GET /shopbrand/200671659.htm HTTP/1.1" 404 20412 "-" "Mozilla/5.0 AppleWebKit/537.36 (KHTML, like Gecko; compatible; GPTBot/1.2; +https://openai.com/gptbot)"
66.249.74.14 - - [21/Jul/2025:17:18:56 +0000] "GET /items/handmade/paintings/5377890/feature/idol/q/u003d75/201177/2023_02_12_15_07_16.jpg HTTP/1.1" 301 - "-" "Googlebot-Image/1.0"
66.249.65.174 - - [21/Jul/2025:17:18:56 +0000] "GET /items/handmade/paintings/5377890/feature/idol/q/u003d75/201177/2023_02_12_15_07_16.jpg HTTP/1.1" 404 20413 "-" "Googlebot-Image/1.0"
66.249.74.14 - - [21/Jul/2025:17:19:15 +0000] "GET /items/art/antiques/3994491/t_image_sp_entry/v1/user_image/57/83/24aa85efba039e1fddcaa101c2c176d4.jpg HTTP/1.1" 301 - "-" "Googlebot-Image/1.0"
66.249.65.161 - - [21/Jul/2025:17:19:15 +0000] "GET /items/art/antiques/3994491/t_image_sp_entry/v1/user_image/57/83/24aa85efba039e1fddcaa101c2c176d4.jpg HTTP/1.1" 404 20412 "-" "Googlebot-Image/1.0"
209.74.77.214 - - [21/Jul/2025:17:19:33 +0000] "POST /wp-cron.php?doing_wp_cron=1753118373.9101409912109375000000 HTTP/1.1" 200 - "-" "WordPress/6.8.2; https://alalamy.com.au"
66.249.74.13 - - [21/Jul/2025:17:19:33 +0000] "GET /items/handmade/paintings/5377890/feature/idol/height/u003d323/img/x/product/details/20230207/sd2_87b97609f212c7374fa8bfc01fc61aa25b18b3fd.jpg HTTP/1.1" 301 - "-" "Googlebot-Image/1.0"
66.249.65.174 - - [21/Jul/2025:17:19:34 +0000] "GET /items/handmade/paintings/5377890/feature/idol/height/u003d323/img/x/product/details/20230207/sd2_87b97609f212c7374fa8bfc01fc61aa25b18b3fd.jpg HTTP/1.1" 404 20412 "-" "Googlebot-Image/1.0"
209.74.77.214 - - [21/Jul/2025:17:19:52 +0000] "POST /wp-cron.php?doing_wp_cron=1753118392.1065149307250976562500 HTTP/1.1" 200 - "-" "WordPress/6.8.2; https://alalamy.com.au"
20.171.207.22 - - [21/Jul/2025:17:19:51 +0000] "GET /shopbrand/126219800.htm HTTP/1.1" 404 20412 "-" "Mozilla/5.0 AppleWebKit/537.36 (KHTML, like Gecko; compatible; GPTBot/1.2; +https://openai.com/gptbot)"
66.249.74.12 - - [21/Jul/2025:17:19:52 +0000] "GET /items/handmade/paintings/alalamy.com.au/oreka/height/u003d323/img/x/product/details/20230206/sd2_3b84d30cbc5aaab6418aa32fedb4cb7989f2b5c2.jpg HTTP/1.1" 200 19495 "-" "Googlebot-Image/1.0"
66.249.74.14 - - [21/Jul/2025:17:20:11 +0000] "GET /items/handmade/paintings/alalamy.com.au/oreka/f_auto/ubethg1l20rnqbm3mhus.png HTTP/1.1" 200 19395 "-" "Googlebot-Image/1.0"
66.249.74.12 - - [21/Jul/2025:17:20:29 +0000] "GET /items/handmade/paintings/5377890/feature/idol/fit/u003dpad HTTP/1.1" 200 18365 "-" "Googlebot-Image/1.0"
66.249.74.12 - - [21/Jul/2025:17:20:48 +0000] "GET /items/handmade/paintings/5377890/alalamy.com.au/feature/akihabara_main/q_auto:eco/e7a069f9-4f1b-4baf-a698-9025967e0450/NIKE+DUNK+LOW+RETRO+PRM.png HTTP/1.1" 200 18501 "-" "Googlebot-Image/1.0"
209.74.77.214 - - [21/Jul/2025:17:20:52 +0000] "POST /wp-cron.php?doing_wp_cron=1753118452.2443459033966064453125 HTTP/1.1" 200 - "-" "WordPress/6.8.2; https://alalamy.com.au"
20.171.207.22 - - [21/Jul/2025:17:20:52 +0000] "GET /shopbrand/200639828.htm HTTP/1.1" 404 20412 "-" "Mozilla/5.0 AppleWebKit/537.36 (KHTML, like Gecko; compatible; GPTBot/1.2; +https://openai.com/gptbot)"
66.249.74.12 - - [21/Jul/2025:17:21:25 +0000] "GET /items/handmade/paintings/5377890/feature/idol/-20_ZA58 HTTP/1.1" 200 18358 "-" "Googlebot-Image/1.0"
66.249.74.12 - - [21/Jul/2025:17:21:30 +0000] "GET /items/handmade/paintings/5377890/feature/idol/alalamy.com.au?_bd_prev_page=alalamy.com.au/detail.php?shopbrand/56571588.htm HTTP/1.1" 200 19157 "-" "Mozilla/5.0 (Linux; Android 6.0.1; Nexus 5X Build/MMB29P) AppleWebKit/537.36 (KHTML, like Gecko) Chrome/137.0.7151.103 Mobile Safari/537.36 (compatible; GoogleOther)"
66.249.74.12 - - [21/Jul/2025:17:21:36 +0000] "GET /items/handmade/paintings/5377890/feature/idol/alalamy.com.au?_bd_prev_page=alalamy.com.au/detail.php?shopbrand/275560411.htm HTTP/1.1" 200 21593 "-" "Mozilla/5.0 (Linux; Android 6.0.1; Nexus 5X Build/MMB29P) AppleWebKit/537.36 (KHTML, like Gecko) Chrome/137.0.7151.103 Mobile Safari/537.36 (compatible; GoogleOther)"
209.74.77.214 - - [21/Jul/2025:17:21:55 +0000] "POST /wp-cron.php?doing_wp_cron=1753118514.9686810970306396484375 HTTP/1.1" 200 - "-" "WordPress/6.8.2; https://alalamy.com.au"
20.171.207.22 - - [21/Jul/2025:17:21:54 +0000] "GET /shopbrand/200685436.htm HTTP/1.1" 404 20412 "-" "Mozilla/5.0 AppleWebKit/537.36 (KHTML, like Gecko; compatible; GPTBot/1.2; +https://openai.com/gptbot)"
209.74.77.214 - - [21/Jul/2025:17:22:03 +0000] "POST /wp-cron.php?doing_wp_cron=1753118523.4097869396209716796875 HTTP/1.1" 200 - "-" "WordPress/6.8.2; https://alalamy.com.au"
66.249.74.12 - - [21/Jul/2025:17:22:03 +0000] "GET /items/handmade/paintings/5377890/feature/idol/height/u003d323/img/x/product/details/20250508/pd_5ab9b3bbacf762cb6a2ca4d40a5c8f69aee77087.jpg HTTP/1.1" 301 - "-" "Googlebot-Image/1.0"
66.249.65.174 - - [21/Jul/2025:17:22:03 +0000] "GET /items/handmade/paintings/5377890/feature/idol/height/u003d323/img/x/product/details/20250508/pd_5ab9b3bbacf762cb6a2ca4d40a5c8f69aee77087.jpg HTTP/1.1" 404 20412 "-" "Googlebot-Image/1.0"
66.249.74.13 - - [21/Jul/2025:17:22:40 +0000] "GET /items/handmade/paintings/alalamy.com.au/oreka/height/u003d323/img/x/product/details/20211206/sd5_744c2a22406a4cb161b10bf5d0ffd624c044247e.jpg HTTP/1.1" 200 19495 "-" "Googlebot-Image/1.0"
209.74.77.214 - - [21/Jul/2025:17:23:00 +0000] "POST /wp-cron.php?doing_wp_cron=1753118580.3326580524444580078125 HTTP/1.1" 200 - "-" "WordPress/6.8.2; https://alalamy.com.au"
20.171.207.22 - - [21/Jul/2025:17:23:00 +0000] "GET /shopbrand/200641637.htm HTTP/1.1" 404 20412 "-" "Mozilla/5.0 AppleWebKit/537.36 (KHTML, like Gecko; compatible; GPTBot/1.2; +https://openai.com/gptbot)"
66.249.74.14 - - [21/Jul/2025:17:23:18 +0000] "GET /items/handmade/paintings/5377890/feature/idol/q_85/5cff8b_9af369154ccd403b8bc78ff36e93fbc3~mv2.jpg HTTP/1.1" 301 - "-" "Googlebot-Image/1.0"
66.249.65.174 - - [21/Jul/2025:17:23:18 +0000] "GET /items/handmade/paintings/5377890/feature/idol/q_85/5cff8b_9af369154ccd403b8bc78ff36e93fbc3~mv2.jpg HTTP/1.1" 404 20412 "-" "Googlebot-Image/1.0"
66.249.74.13 - - [21/Jul/2025:17:23:55 +0000] "GET /items/handmade/paintings/5377890/alalamy.com.au/feature/akihabara_main/5304_PT0_SX300_V1___.jpg HTTP/1.1" 200 18397 "-" "Googlebot-Image/1.0"
209.74.77.214 - - [21/Jul/2025:17:24:02 +0000] "POST /wp-cron.php?doing_wp_cron=1753118642.5893929004669189453125 HTTP/1.1" 200 - "-" "WordPress/6.8.2; https://alalamy.com.au"
20.171.207.22 - - [21/Jul/2025:17:24:02 +0000] "GET /shopbrand/200706431.htm HTTP/1.1" 404 20412 "-" "Mozilla/5.0 AppleWebKit/537.36 (KHTML, like Gecko; compatible; GPTBot/1.2; +https://openai.com/gptbot)"
66.249.74.13 - - [21/Jul/2025:17:24:32 +0000] "GET /items/handmade/paintings/5377890/alalamy.com.au/feature/akihabara_main/-20_ZA37 HTTP/1.1" 200 18371 "-" "Googlebot-Image/1.0"
209.74.77.214 - - [21/Jul/2025:17:25:05 +0000] "POST /wp-cron.php?doing_wp_cron=1753118705.7590119838714599609375 HTTP/1.1" 200 - "-" "WordPress/6.8.2; https://alalamy.com.au"
20.171.207.22 - - [21/Jul/2025:17:25:03 +0000] "GET /shopbrand/200631645.htm HTTP/1.1" 404 20412 "-" "Mozilla/5.0 AppleWebKit/537.36 (KHTML, like Gecko; compatible; GPTBot/1.2; +https://openai.com/gptbot)"
66.249.74.14 - - [21/Jul/2025:17:25:10 +0000] "GET /items/handmade/paintings/5377890/alalamy.com.au/feature/akihabara_main/w_620/v1505280186/torimgeabl1cbrvc15nz.gif HTTP/1.1" 200 18425 "-" "Googlebot-Image/1.0"
66.249.74.12 - - [21/Jul/2025:17:25:48 +0000] "GET /items/handmade/paintings/5377890/alalamy.com.au/feature/akihabara_main/e_sharpen:60/dpr_2.0/v1719454458/TB1A2EDRF13-HERO/Mens-Redwood-Falls-Waterproof-MocToe-Boot.png HTTP/1.1" 200 18529 "-" "Googlebot-Image/1.0"
209.74.77.214 - - [21/Jul/2025:17:26:05 +0000] "POST /wp-cron.php?doing_wp_cron=1753118765.3683369159698486328125 HTTP/1.1" 200 - "-" "WordPress/6.8.2; https://alalamy.com.au"
20.171.207.22 - - [21/Jul/2025:17:26:04 +0000] "GET /shopbrand/200590467.htm HTTP/1.1" 404 20412 "-" "Mozilla/5.0 AppleWebKit/537.36 (KHTML, like Gecko; compatible; GPTBot/1.2; +https://openai.com/gptbot)"
66.249.74.13 - - [21/Jul/2025:17:26:24 +0000] "GET /items/handmade/paintings/5377890/feature/idol/g_auto/39e2da4371fa43a98a34afb2017d0d71_9366/IJ7055_21_model.jpg HTTP/1.1" 301 - "-" "Googlebot-Image/1.0"
66.249.65.174 - - [21/Jul/2025:17:26:25 +0000] "GET /items/handmade/paintings/5377890/feature/idol/g_auto/39e2da4371fa43a98a34afb2017d0d71_9366/IJ7055_21_model.jpg HTTP/1.1" 404 20412 "-" "Googlebot-Image/1.0"
209.74.77.214 - - [21/Jul/2025:17:27:02 +0000] "POST /wp-cron.php?doing_wp_cron=1753118822.3739900588989257812500 HTTP/1.1" 200 - "-" "WordPress/6.8.2; https://alalamy.com.au"
66.249.74.12 - - [21/Jul/2025:17:27:02 +0000] "GET /items/handmade/paintings/5377890/feature/idol/height/u003d323/img/x/product/details/20240322/sd5_2da909e9a752f333ca1deed023e7ce1b0ba5fad6.jpg HTTP/1.1" 301 - "-" "Googlebot-Image/1.0"
66.249.65.174 - - [21/Jul/2025:17:27:02 +0000] "GET /items/handmade/paintings/5377890/feature/idol/height/u003d323/img/x/product/details/20240322/sd5_2da909e9a752f333ca1deed023e7ce1b0ba5fad6.jpg HTTP/1.1" 404 20412 "-" "Googlebot-Image/1.0"
20.171.207.22 - - [21/Jul/2025:17:27:04 +0000] "GET /shopbrand/126133604.htm HTTP/1.1" 404 20412 "-" "Mozilla/5.0 AppleWebKit/537.36 (KHTML, like Gecko; compatible; GPTBot/1.2; +https://openai.com/gptbot)"
66.249.74.12 - - [21/Jul/2025:17:27:39 +0000] "GET /items/handmade/paintings/alalamy.com.au/oreka/height/u003d323/img/x/product/details/20211206/sd4_7bfa3270da6a4845aff7d3db0506ab0f0e85bd9f.jpg HTTP/1.1" 200 19494 "-" "Googlebot-Image/1.0"
209.74.77.214 - - [21/Jul/2025:17:28:05 +0000] "POST /wp-cron.php?doing_wp_cron=1753118885.1754961013793945312500 HTTP/1.1" 200 - "-" "WordPress/6.8.2; https://alalamy.com.au"
20.171.207.22 - - [21/Jul/2025:17:28:04 +0000] "GET /shopbrand/200655793.htm HTTP/1.1" 404 20412 "-" "Mozilla/5.0 AppleWebKit/537.36 (KHTML, like Gecko; compatible; GPTBot/1.2; +https://openai.com/gptbot)"
66.249.74.12 - - [21/Jul/2025:17:28:16 +0000] "GET /items/art/antiques/3994491/height/u003d323/img/x/product/details/20231214/sd1_24099244cb979d0228c0d887b3daa7231fb7c391.jpg HTTP/1.1" 301 - "-" "Googlebot-Image/1.0"
66.249.65.160 - - [21/Jul/2025:17:28:17 +0000] "GET /items/art/antiques/3994491/height/u003d323/img/x/product/details/20231214/sd1_24099244cb979d0228c0d887b3daa7231fb7c391.jpg HTTP/1.1" 404 20413 "-" "Googlebot-Image/1.0"
66.249.74.12 - - [21/Jul/2025:17:28:54 +0000] "GET /items/handmade/paintings/5377890/feature/idol/f_auto/products/Steering-Wheels/CSL_SW_P1_V2R/CSL_SW_P1_V2R-01.webp HTTP/1.1" 200 18433 "-" "Googlebot-Image/1.0"
209.74.77.214 - - [21/Jul/2025:17:29:06 +0000] "POST /wp-cron.php?doing_wp_cron=1753118946.9033679962158203125000 HTTP/1.1" 200 - "-" "WordPress/6.8.2; https://alalamy.com.au"
20.171.207.22 - - [21/Jul/2025:17:29:06 +0000] "GET /shopbrand/126156539.htm HTTP/1.1" 404 20413 "-" "Mozilla/5.0 AppleWebKit/537.36 (KHTML, like Gecko; compatible; GPTBot/1.2; +https://openai.com/gptbot)"
66.249.74.13 - - [21/Jul/2025:17:29:31 +0000] "GET /items/handmade/paintings/alalamy.com.au/oreka/q/u003d85/wwwroot/img/goods/ITEM/LT-0114/A11_LT_0114-BLK-01.jpg HTTP/1.1" 200 19458 "-" "Googlebot-Image/1.0"
66.249.74.12 - - [21/Jul/2025:17:30:09 +0000] "GET /items/handmade/paintings/5377890/alalamy.com.au/feature/akihabara_main/ir/u003dauto/uploads/product_image/image/2164269/image.jpg HTTP/1.1" 200 18421 "-" "Googlebot-Image/1.0"
209.74.77.214 - - [21/Jul/2025:17:30:09 +0000] "POST /wp-cron.php?doing_wp_cron=1753119009.4691629409790039062500 HTTP/1.1" 200 - "-" "WordPress/6.8.2; https://alalamy.com.au"
20.171.207.22 - - [21/Jul/2025:17:30:08 +0000] "GET /shopbrand/200681544.htm HTTP/1.1" 404 20412 "-" "Mozilla/5.0 AppleWebKit/537.36 (KHTML, like Gecko; compatible; GPTBot/1.2; +https://openai.com/gptbot)"
66.249.74.12 - - [21/Jul/2025:17:30:47 +0000] "GET /items/handmade/paintings/alalamy.com.au/oreka/height/u003d323/img/x/product/details/20241213/sd5_c8979d37a4158632a6002e46b10a4761ea011de7.jpg HTTP/1.1" 200 19494 "-" "Googlebot-Image/1.0"
20.171.207.22 - - [21/Jul/2025:17:31:13 +0000] "GET /shopbrand/200657336.htm HTTP/1.1" 404 20412 "-" "Mozilla/5.0 AppleWebKit/537.36 (KHTML, like Gecko; compatible; GPTBot/1.2; +https://openai.com/gptbot)"
66.249.74.14 - - [21/Jul/2025:17:31:23 +0000] "GET /items/handmade/paintings/5377890/feature/idol/f/u003dwebp/media.gamepedia.jp/premium/wp-content/uploads/sites/4/2023/12/21210215/2023y12m21d_205440254.jpg HTTP/1.1" 200 18495 "-" "Googlebot-Image/1.0"
209.74.77.214 - - [21/Jul/2025:17:32:01 +0000] "POST /wp-cron.php?doing_wp_cron=1753119121.3373169898986816406250 HTTP/1.1" 200 - "-" "WordPress/6.8.2; https://alalamy.com.au"
66.249.74.14 - - [21/Jul/2025:17:32:01 +0000] "GET /items/handmade/paintings/5377890/feature/idol/300_PT0_SX300_V1___.png HTTP/1.1" 301 - "-" "Googlebot-Image/1.0"
66.249.65.160 - - [21/Jul/2025:17:32:01 +0000] "GET /items/handmade/paintings/5377890/feature/idol/300_PT0_SX300_V1___.png HTTP/1.1" 404 20412 "-" "Googlebot-Image/1.0"
20.171.207.22 - - [21/Jul/2025:17:32:13 +0000] "GET /shopbrand/126209774.htm HTTP/1.1" 404 20412 "-" "Mozilla/5.0 AppleWebKit/537.36 (KHTML, like Gecko; compatible; GPTBot/1.2; +https://openai.com/gptbot)"
66.249.74.12 - - [21/Jul/2025:17:32:38 +0000] "GET /items/handmade/paintings/5377890/feature/idol/h_826 HTTP/1.1" 200 18352 "-" "Googlebot-Image/1.0"
20.171.207.22 - - [21/Jul/2025:17:33:15 +0000] "GET /shopbrand/200585763.htm HTTP/1.1" 404 20412 "-" "Mozilla/5.0 AppleWebKit/537.36 (KHTML, like Gecko; compatible; GPTBot/1.2; +https://openai.com/gptbot)"
66.249.74.14 - - [21/Jul/2025:17:33:15 +0000] "GET /items/handmade/paintings/5377890/feature/idol/900_.jpg HTTP/1.1" 301 - "-" "Googlebot-Image/1.0"
66.249.65.160 - - [21/Jul/2025:17:33:16 +0000] "GET /items/handmade/paintings/5377890/feature/idol/900_.jpg HTTP/1.1" 404 20412 "-" "Googlebot-Image/1.0"
66.249.74.12 - - [21/Jul/2025:17:33:53 +0000] "GET /items/handmade/paintings/5377890/alalamy.com.au/feature/akihabara_main/q/u003d75/201083/IMG20241023181750.jpg HTTP/1.1" 200 18421 "-" "Googlebot-Image/1.0"
209.74.77.214 - - [21/Jul/2025:17:34:19 +0000] "POST /wp-cron.php?doing_wp_cron=1753119259.5069720745086669921875 HTTP/1.1" 200 - "-" "WordPress/6.8.2; https://alalamy.com.au"
20.171.207.22 - - [21/Jul/2025:17:34:19 +0000] "GET /shopbrand/126164325.htm HTTP/1.1" 404 20412 "-" "Mozilla/5.0 AppleWebKit/537.36 (KHTML, like Gecko; compatible; GPTBot/1.2; +https://openai.com/gptbot)"
66.249.74.12 - - [21/Jul/2025:17:34:30 +0000] "GET /items/handmade/paintings/5377890/feature/idol/q/u003d75/208063/2024_05_23_12_08_28.jpg HTTP/1.1" 301 - "-" "Googlebot-Image/1.0"
66.249.65.161 - - [21/Jul/2025:17:34:31 +0000] "GET /items/handmade/paintings/5377890/feature/idol/q/u003d75/208063/2024_05_23_12_08_28.jpg HTTP/1.1" 404 20412 "-" "Googlebot-Image/1.0"
66.249.74.12 - - [21/Jul/2025:17:35:08 +0000] "GET /items/handmade/paintings/5377890/alalamy.com.au/feature/akihabara_main/height/u003d323/img/x/product/details/20230724/sd5_9041e80e7749b60d4cfce529a12353f5751391d2.jpg HTTP/1.1" 200 18502 "-" "Googlebot-Image/1.0"
209.74.77.214 - - [21/Jul/2025:17:35:21 +0000] "POST /wp-cron.php?doing_wp_cron=1753119321.9139840602874755859375 HTTP/1.1" 200 - "-" "WordPress/6.8.2; https://alalamy.com.au"
20.171.207.22 - - [21/Jul/2025:17:35:21 +0000] "GET /shopbrand/200647479.htm HTTP/1.1" 404 20412 "-" "Mozilla/5.0 AppleWebKit/537.36 (KHTML, like Gecko; compatible; GPTBot/1.2; +https://openai.com/gptbot)"
209.74.77.214 - - [21/Jul/2025:17:35:45 +0000] "POST /wp-cron.php?doing_wp_cron=1753119345.6321949958801269531250 HTTP/1.1" 200 - "-" "WordPress/6.8.2; https://alalamy.com.au"
66.249.74.12 - - [21/Jul/2025:17:35:45 +0000] "GET /items/art/antiques/3994491/height/u003d323/img/x/product/details/20230901/sd1_399354255309707a8a3ad956101f7f22b2bd4af5.jpg HTTP/1.1" 301 - "-" "Googlebot-Image/1.0"
66.249.65.174 - - [21/Jul/2025:17:35:46 +0000] "GET /items/art/antiques/3994491/height/u003d323/img/x/product/details/20230901/sd1_399354255309707a8a3ad956101f7f22b2bd4af5.jpg HTTP/1.1" 404 20412 "-" "Googlebot-Image/1.0"
66.249.74.14 - - [21/Jul/2025:17:36:09 +0000] "GET /shopbrand/82502058.htm HTTP/1.1" 200 20537 "-" "Mozilla/5.0 (Linux; Android 6.0.1; Nexus 5X Build/MMB29P) AppleWebKit/537.36 (KHTML, like Gecko) Chrome/137.0.7151.103 Mobile Safari/537.36 (compatible; Googlebot/2.1; +http://www.google.com/bot.html)"
66.249.74.12 - - [21/Jul/2025:17:36:22 +0000] "GET /items/handmade/paintings/5377890/alalamy.com.au/feature/akihabara_main/quality_auto/30th%20Anniv%20drum%20-%20snare%20side.jpg HTTP/1.1" 200 18434 "-" "Googlebot-Image/1.0"
20.171.207.22 - - [21/Jul/2025:17:36:22 +0000] "GET /shopbrand/126118749.htm HTTP/1.1" 404 20412 "-" "Mozilla/5.0 AppleWebKit/537.36 (KHTML, like Gecko; compatible; GPTBot/1.2; +https://openai.com/gptbot)"
66.249.74.13 - - [21/Jul/2025:17:37:01 +0000] "GET /items/handmade/paintings/5377890/alalamy.com.au/feature/akihabara_main/t_large/v1712901885/ofu1mdjcrq68dyntlxpl.jpg HTTP/1.1" 200 18427 "-" "Googlebot-Image/1.0"
20.171.207.22 - - [21/Jul/2025:17:37:28 +0000] "GET /shopbrand/200669137.htm HTTP/1.1" 404 20413 "-" "Mozilla/5.0 AppleWebKit/537.36 (KHTML, like Gecko; compatible; GPTBot/1.2; +https://openai.com/gptbot)"
66.249.74.12 - - [21/Jul/2025:17:37:37 +0000] "GET /items/handmade/paintings/5377890/alalamy.com.au/events/a/u003d0 HTTP/1.1" 200 18362 "-" "Googlebot-Image/1.0"
209.74.77.214 - - [21/Jul/2025:17:38:14 +0000] "POST /wp-cron.php?doing_wp_cron=1753119494.9802460670471191406250 HTTP/1.1" 200 - "-" "WordPress/6.8.2; https://alalamy.com.au"
66.249.74.12 - - [21/Jul/2025:17:38:14 +0000] "GET /items/handmade/paintings/5377890/feature/idol/ir/u003dauto/uploads/product_image/image/1611068/image.jpg HTTP/1.1" 301 - "-" "Googlebot-Image/1.0"
66.249.65.160 - - [21/Jul/2025:17:38:15 +0000] "GET /items/handmade/paintings/5377890/feature/idol/ir/u003dauto/uploads/product_image/image/1611068/image.jpg HTTP/1.1" 404 20412 "-" "Googlebot-Image/1.0"
209.74.77.214 - - [21/Jul/2025:17:38:33 +0000] "POST /wp-cron.php?doing_wp_cron=1753119513.9127330780029296875000 HTTP/1.1" 200 - "-" "WordPress/6.8.2; https://alalamy.com.au"
20.171.207.22 - - [21/Jul/2025:17:38:33 +0000] "GET /shopbrand/200679171.htm HTTP/1.1" 404 20412 "-" "Mozilla/5.0 AppleWebKit/537.36 (KHTML, like Gecko; compatible; GPTBot/1.2; +https://openai.com/gptbot)"
185.177.72.106 - - [21/Jul/2025:17:38:37 +0000] "GET /.git/HEAD HTTP/1.1" 404 20413 "-" "-"
185.177.72.106 - - [21/Jul/2025:17:38:38 +0000] "GET /.env HTTP/1.1" 404 20412 "-" "Mozilla/5.0 (Windows NT 10.0; Win64; x64) AppleWebKit/537.36 (KHTML, like Gecko) Chrome/91.0.4472.124 Safari/537.36"
185.177.72.106 - - [21/Jul/2025:17:38:39 +0000] "GET /.env.local HTTP/1.1" 404 20413 "-" "Mozilla/5.0 (Windows NT 10.0; Win64; x64) AppleWebKit/537.36 (KHTML, like Gecko) Chrome/91.0.4472.124 Safari/537.36"
185.177.72.106 - - [21/Jul/2025:17:38:39 +0000] "GET /.env.dev HTTP/1.1" 404 20412 "-" "Mozilla/5.0 (Windows NT 10.0; Win64; x64) AppleWebKit/537.36 (KHTML, like Gecko) Chrome/91.0.4472.124 Safari/537.36"
185.177.72.106 - - [21/Jul/2025:17:38:40 +0000] "GET /.env.development HTTP/1.1" 404 20412 "-" "Mozilla/5.0 (Windows NT 10.0; Win64; x64) AppleWebKit/537.36 (KHTML, like Gecko) Chrome/91.0.4472.124 Safari/537.36"
185.177.72.106 - - [21/Jul/2025:17:38:41 +0000] "GET /.env.prod HTTP/1.1" 404 20412 "-" "Mozilla/5.0 (Windows NT 10.0; Win64; x64) AppleWebKit/537.36 (KHTML, like Gecko) Chrome/91.0.4472.124 Safari/537.36"
185.177.72.106 - - [21/Jul/2025:17:38:42 +0000] "GET /.env.production HTTP/1.1" 404 20412 "-" "Mozilla/5.0 (Windows NT 10.0; Win64; x64) AppleWebKit/537.36 (KHTML, like Gecko) Chrome/91.0.4472.124 Safari/537.36"
185.177.72.106 - - [21/Jul/2025:17:38:42 +0000] "GET /.env.stage HTTP/1.1" 404 20412 "-" "Mozilla/5.0 (Windows NT 10.0; Win64; x64) AppleWebKit/537.36 (KHTML, like Gecko) Chrome/91.0.4472.124 Safari/537.36"
185.177.72.106 - - [21/Jul/2025:17:38:43 +0000] "GET /.env.test HTTP/1.1" 404 20412 "-" "Mozilla/5.0 (Windows NT 10.0; Win64; x64) AppleWebKit/537.36 (KHTML, like Gecko) Chrome/91.0.4472.124 Safari/537.36"
185.177.72.106 - - [21/Jul/2025:17:38:44 +0000] "GET /.env.example HTTP/1.1" 404 20412 "-" "Mozilla/5.0 (Windows NT 10.0; Win64; x64) AppleWebKit/537.36 (KHTML, like Gecko) Chrome/91.0.4472.124 Safari/537.36"
185.177.72.106 - - [21/Jul/2025:17:38:44 +0000] "GET /.env.bak HTTP/1.1" 404 20412 "-" "Mozilla/5.0 (Windows NT 10.0; Win64; x64) AppleWebKit/537.36 (KHTML, like Gecko) Chrome/91.0.4472.124 Safari/537.36"
185.177.72.106 - - [21/Jul/2025:17:38:45 +0000] "GET /.env.old HTTP/1.1" 404 20412 "-" "Mozilla/5.0 (Windows NT 10.0; Win64; x64) AppleWebKit/537.36 (KHTML, like Gecko) Chrome/91.0.4472.124 Safari/537.36"
185.177.72.106 - - [21/Jul/2025:17:38:46 +0000] "GET /config/.env HTTP/1.1" 404 20412 "-" "Mozilla/5.0 (Windows NT 10.0; Win64; x64) AppleWebKit/537.36 (KHTML, like Gecko) Chrome/91.0.4472.124 Safari/537.36"
185.177.72.106 - - [21/Jul/2025:17:38:46 +0000] "GET /config/config.env HTTP/1.1" 404 20413 "-" "Mozilla/5.0 (Windows NT 10.0; Win64; x64) AppleWebKit/537.36 (KHTML, like Gecko) Chrome/91.0.4472.124 Safari/537.36"
185.177.72.106 - - [21/Jul/2025:17:38:47 +0000] "GET /app/.env HTTP/1.1" 404 20413 "-" "Mozilla/5.0 (Windows NT 10.0; Win64; x64) AppleWebKit/537.36 (KHTML, like Gecko) Chrome/91.0.4472.124 Safari/537.36"
185.177.72.106 - - [21/Jul/2025:17:38:48 +0000] "GET /admin/.env HTTP/1.1" 404 20413 "-" "Mozilla/5.0 (Windows NT 10.0; Win64; x64) AppleWebKit/537.36 (KHTML, like Gecko) Chrome/91.0.4472.124 Safari/537.36"
185.177.72.106 - - [21/Jul/2025:17:38:48 +0000] "GET /api/.env HTTP/1.1" 404 20413 "-" "Mozilla/5.0 (Windows NT 10.0; Win64; x64) AppleWebKit/537.36 (KHTML, like Gecko) Chrome/91.0.4472.124 Safari/537.36"
185.177.72.106 - - [21/Jul/2025:17:38:49 +0000] "GET /apps/.env HTTP/1.1" 404 20413 "-" "Mozilla/5.0 (Windows NT 10.0; Win64; x64) AppleWebKit/537.36 (KHTML, like Gecko) Chrome/91.0.4472.124 Safari/537.36"
185.177.72.106 - - [21/Jul/2025:17:38:50 +0000] "GET /server/.env HTTP/1.1" 404 20412 "-" "Mozilla/5.0 (Windows NT 10.0; Win64; x64) AppleWebKit/537.36 (KHTML, like Gecko) Chrome/91.0.4472.124 Safari/537.36"
185.177.72.106 - - [21/Jul/2025:17:38:50 +0000] "GET /backend/.env HTTP/1.1" 404 20412 "-" "Mozilla/5.0 (Windows NT 10.0; Win64; x64) AppleWebKit/537.36 (KHTML, like Gecko) Chrome/91.0.4472.124 Safari/537.36"
209.74.77.214 - - [21/Jul/2025:17:38:51 +0000] "POST /wp-cron.php?doing_wp_cron=1753119531.5819420814514160156250 HTTP/1.1" 200 - "-" "WordPress/6.8.2; https://alalamy.com.au"
185.177.72.106 - - [21/Jul/2025:17:38:51 +0000] "GET /aws/credentials HTTP/1.1" 404 20412 "-" "Mozilla/5.0 (Windows NT 10.0; Win64; x64) AppleWebKit/537.36 (KHTML, like Gecko) Chrome/91.0.4472.124 Safari/537.36"
66.249.74.13 - - [21/Jul/2025:17:38:52 +0000] "GET /items/handmade/paintings/alalamy.com.au/oreka/-20_ZA250 HTTP/1.1" 200 21214 "-" "Googlebot-Image/1.0"
185.177.72.106 - - [21/Jul/2025:17:38:52 +0000] "GET /.aws/credentials HTTP/1.1" 404 20412 "-" "Mozilla/5.0 (Windows NT 10.0; Win64; x64) AppleWebKit/537.36 (KHTML, like Gecko) Chrome/91.0.4472.124 Safari/537.36"
185.177.72.106 - - [21/Jul/2025:17:38:53 +0000] "GET /.aws/config HTTP/1.1" 404 20412 "-" "Mozilla/5.0 (Windows NT 10.0; Win64; x64) AppleWebKit/537.36 (KHTML, like Gecko) Chrome/91.0.4472.124 Safari/537.36"
185.177.72.106 - - [21/Jul/2025:17:38:54 +0000] "GET /config/aws.yml HTTP/1.1" 404 20412 "-" "Mozilla/5.0 (Windows NT 10.0; Win64; x64) AppleWebKit/537.36 (KHTML, like Gecko) Chrome/91.0.4472.124 Safari/537.36"
185.177.72.106 - - [21/Jul/2025:17:38:54 +0000] "GET /config/aws.json HTTP/1.1" 404 20412 "-" "Mozilla/5.0 (Windows NT 10.0; Win64; x64) AppleWebKit/537.36 (KHTML, like Gecko) Chrome/91.0.4472.124 Safari/537.36"
185.177.72.106 - - [21/Jul/2025:17:38:55 +0000] "GET /docker-compose.yml HTTP/1.1" 404 20412 "-" "Mozilla/5.0 (Windows NT 10.0; Win64; x64) AppleWebKit/537.36 (KHTML, like Gecko) Chrome/91.0.4472.124 Safari/537.36"
185.177.72.106 - - [21/Jul/2025:17:38:56 +0000] "GET /docker-compose.override.yml HTTP/1.1" 404 20412 "-" "Mozilla/5.0 (Windows NT 10.0; Win64; x64) AppleWebKit/537.36 (KHTML, like Gecko) Chrome/91.0.4472.124 Safari/537.36"
185.177.72.106 - - [21/Jul/2025:17:38:56 +0000] "GET /docker-compose.prod.yml HTTP/1.1" 404 20413 "-" "Mozilla/5.0 (Windows NT 10.0; Win64; x64) AppleWebKit/537.36 (KHTML, like Gecko) Chrome/91.0.4472.124 Safari/537.36"
185.177.72.106 - - [21/Jul/2025:17:38:57 +0000] "GET /docker-compose.dev.yml HTTP/1.1" 404 20413 "-" "Mozilla/5.0 (Windows NT 10.0; Win64; x64) AppleWebKit/537.36 (KHTML, like Gecko) Chrome/91.0.4472.124 Safari/537.36"
185.177.72.106 - - [21/Jul/2025:17:38:58 +0000] "GET /config/config.json HTTP/1.1" 404 20413 "-" "Mozilla/5.0 (Windows NT 10.0; Win64; x64) AppleWebKit/537.36 (KHTML, like Gecko) Chrome/91.0.4472.124 Safari/537.36"
185.177.72.106 - - [21/Jul/2025:17:38:58 +0000] "GET /config.json HTTP/1.1" 404 20413 "-" "Mozilla/5.0 (Windows NT 10.0; Win64; x64) AppleWebKit/537.36 (KHTML, like Gecko) Chrome/91.0.4472.124 Safari/537.36"
185.177.72.106 - - [21/Jul/2025:17:38:59 +0000] "GET /config.yaml HTTP/1.1" 404 20413 "-" "Mozilla/5.0 (Windows NT 10.0; Win64; x64) AppleWebKit/537.36 (KHTML, like Gecko) Chrome/91.0.4472.124 Safari/537.36"
185.177.72.106 - - [21/Jul/2025:17:39:00 +0000] "GET /config.yml HTTP/1.1" 404 20412 "-" "Mozilla/5.0 (Windows NT 10.0; Win64; x64) AppleWebKit/537.36 (KHTML, like Gecko) Chrome/91.0.4472.124 Safari/537.36"
209.74.77.214 - - [21/Jul/2025:17:39:01 +0000] "POST /wp-cron.php?doing_wp_cron=1753119541.2188389301300048828125 HTTP/1.1" 200 - "-" "WordPress/6.8.2; https://alalamy.com.au"
185.177.72.106 - - [21/Jul/2025:17:39:00 +0000] "GET /secrets.json HTTP/1.1" 404 20412 "-" "Mozilla/5.0 (Windows NT 10.0; Win64; x64) AppleWebKit/537.36 (KHTML, like Gecko) Chrome/91.0.4472.124 Safari/537.36"
185.177.72.106 - - [21/Jul/2025:17:39:01 +0000] "GET /secrets.yml HTTP/1.1" 404 20412 "-" "Mozilla/5.0 (Windows NT 10.0; Win64; x64) AppleWebKit/537.36 (KHTML, like Gecko) Chrome/91.0.4472.124 Safari/537.36"
185.177.72.106 - - [21/Jul/2025:17:39:03 +0000] "GET /credentials.json HTTP/1.1" 404 20412 "-" "Mozilla/5.0 (Windows NT 10.0; Win64; x64) AppleWebKit/537.36 (KHTML, like Gecko) Chrome/91.0.4472.124 Safari/537.36"
185.177.72.106 - - [21/Jul/2025:17:39:04 +0000] "GET /.git-credentials HTTP/1.1" 404 20412 "-" "Mozilla/5.0 (Windows NT 10.0; Win64; x64) AppleWebKit/537.36 (KHTML, like Gecko) Chrome/91.0.4472.124 Safari/537.36"
185.177.72.106 - - [21/Jul/2025:17:39:05 +0000] "GET /.git/config HTTP/1.1" 404 20412 "-" "Mozilla/5.0 (Windows NT 10.0; Win64; x64) AppleWebKit/537.36 (KHTML, like Gecko) Chrome/91.0.4472.124 Safari/537.36"
185.177.72.106 - - [21/Jul/2025:17:39:05 +0000] "GET /.gitignore HTTP/1.1" 404 20412 "-" "Mozilla/5.0 (Windows NT 10.0; Win64; x64) AppleWebKit/537.36 (KHTML, like Gecko) Chrome/91.0.4472.124 Safari/537.36"
185.177.72.106 - - [21/Jul/2025:17:39:06 +0000] "GET /.gitlab-ci.yml HTTP/1.1" 404 20413 "-" "Mozilla/5.0 (Windows NT 10.0; Win64; x64) AppleWebKit/537.36 (KHTML, like Gecko) Chrome/91.0.4472.124 Safari/537.36"
185.177.72.106 - - [21/Jul/2025:17:39:07 +0000] "GET /.github/workflows/ HTTP/1.1" 404 20413 "-" "Mozilla/5.0 (Windows NT 10.0; Win64; x64) AppleWebKit/537.36 (KHTML, like Gecko) Chrome/91.0.4472.124 Safari/537.36"
185.177.72.106 - - [21/Jul/2025:17:39:08 +0000] "GET /.idea/workspace.xml HTTP/1.1" 404 20413 "-" "Mozilla/5.0 (Windows NT 10.0; Win64; x64) AppleWebKit/537.36 (KHTML, like Gecko) Chrome/91.0.4472.124 Safari/537.36"
185.177.72.106 - - [21/Jul/2025:17:39:08 +0000] "GET /.vscode/settings.json HTTP/1.1" 404 20413 "-" "Mozilla/5.0 (Windows NT 10.0; Win64; x64) AppleWebKit/537.36 (KHTML, like Gecko) Chrome/91.0.4472.124 Safari/537.36"
185.177.72.106 - - [21/Jul/2025:17:39:09 +0000] "GET /storage/logs/laravel.log HTTP/1.1" 404 20413 "-" "Mozilla/5.0 (Windows NT 10.0; Win64; x64) AppleWebKit/537.36 (KHTML, like Gecko) Chrome/91.0.4472.124 Safari/537.36"
185.177.72.106 - - [21/Jul/2025:17:39:10 +0000] "GET /storage/logs/error.log HTTP/1.1" 404 20412 "-" "Mozilla/5.0 (Windows NT 10.0; Win64; x64) AppleWebKit/537.36 (KHTML, like Gecko) Chrome/91.0.4472.124 Safari/537.36"
185.177.72.106 - - [21/Jul/2025:17:39:10 +0000] "GET /logs/debug.log HTTP/1.1" 404 20412 "-" "Mozilla/5.0 (Windows NT 10.0; Win64; x64) AppleWebKit/537.36 (KHTML, like Gecko) Chrome/91.0.4472.124 Safari/537.36"
185.177.72.106 - - [21/Jul/2025:17:39:11 +0000] "GET /logs/app.log HTTP/1.1" 404 20412 "-" "Mozilla/5.0 (Windows NT 10.0; Win64; x64) AppleWebKit/537.36 (KHTML, like Gecko) Chrome/91.0.4472.124 Safari/537.36"
185.177.72.106 - - [21/Jul/2025:17:39:12 +0000] "GET /debug.log HTTP/1.1" 404 20412 "-" "Mozilla/5.0 (Windows NT 10.0; Win64; x64) AppleWebKit/537.36 (KHTML, like Gecko) Chrome/91.0.4472.124 Safari/537.36"
185.177.72.106 - - [21/Jul/2025:17:39:12 +0000] "GET /error.log HTTP/1.1" 404 20412 "-" "Mozilla/5.0 (Windows NT 10.0; Win64; x64) AppleWebKit/537.36 (KHTML, like Gecko) Chrome/91.0.4472.124 Safari/537.36"
185.177.72.106 - - [21/Jul/2025:17:39:13 +0000] "GET /.DS_Store HTTP/1.1" 404 20412 "-" "Mozilla/5.0 (Windows NT 10.0; Win64; x64) AppleWebKit/537.36 (KHTML, like Gecko) Chrome/91.0.4472.124 Safari/537.36"
185.177.72.106 - - [21/Jul/2025:17:39:14 +0000] "GET /backup.zip HTTP/1.1" 404 20412 "-" "Mozilla/5.0 (Windows NT 10.0; Win64; x64) AppleWebKit/537.36 (KHTML, like Gecko) Chrome/91.0.4472.124 Safari/537.36"
185.177.72.106 - - [21/Jul/2025:17:39:14 +0000] "GET /.backup HTTP/1.1" 404 20412 "-" "Mozilla/5.0 (Windows NT 10.0; Win64; x64) AppleWebKit/537.36 (KHTML, like Gecko) Chrome/91.0.4472.124 Safari/537.36"
185.177.72.106 - - [21/Jul/2025:17:39:15 +0000] "GET /db.sql HTTP/1.1" 404 20412 "-" "Mozilla/5.0 (Windows NT 10.0; Win64; x64) AppleWebKit/537.36 (KHTML, like Gecko) Chrome/91.0.4472.124 Safari/537.36"
185.177.72.106 - - [21/Jul/2025:17:39:16 +0000] "GET /dump.sql HTTP/1.1" 404 20412 "-" "Mozilla/5.0 (Windows NT 10.0; Win64; x64) AppleWebKit/537.36 (KHTML, like Gecko) Chrome/91.0.4472.124 Safari/537.36"
185.177.72.106 - - [21/Jul/2025:17:39:17 +0000] "GET /database.sql HTTP/1.1" 404 20413 "-" "Mozilla/5.0 (Windows NT 10.0; Win64; x64) AppleWebKit/537.36 (KHTML, like Gecko) Chrome/91.0.4472.124 Safari/537.36"
185.177.72.106 - - [21/Jul/2025:17:39:17 +0000] "GET /backup.tar.gz HTTP/1.1" 404 20413 "-" "Mozilla/5.0 (Windows NT 10.0; Win64; x64) AppleWebKit/537.36 (KHTML, like Gecko) Chrome/91.0.4472.124 Safari/537.36"
66.249.74.12 - - [21/Jul/2025:17:39:29 +0000] "GET /items/handmade/paintings/5377890/alalamy.com.au/events/f/u003dwebp:auto/img/etc/0000_still_blur.jpg HTTP/1.1" 200 18413 "-" "Googlebot-Image/1.0"
209.74.77.214 - - [21/Jul/2025:17:39:38 +0000] "POST /wp-cron.php?doing_wp_cron=1753119578.8701410293579101562500 HTTP/1.1" 200 - "-" "WordPress/6.8.2; https://alalamy.com.au"
20.171.207.22 - - [21/Jul/2025:17:39:38 +0000] "GET /shopbrand/200685277.htm HTTP/1.1" 404 20412 "-" "Mozilla/5.0 AppleWebKit/537.36 (KHTML, like Gecko; compatible; GPTBot/1.2; +https://openai.com/gptbot)"
66.249.74.14 - - [21/Jul/2025:17:40:06 +0000] "GET /items/handmade/paintings/5377890/alalamy.com.au/feature/akihabara_main/C_ZA19 HTTP/1.1" 200 18367 "-" "Googlebot-Image/1.0"
20.171.207.22 - - [21/Jul/2025:17:40:40 +0000] "GET /shopbrand/126139843.htm HTTP/1.1" 404 20412 "-" "Mozilla/5.0 AppleWebKit/537.36 (KHTML, like Gecko; compatible; GPTBot/1.2; +https://openai.com/gptbot)"
66.249.74.12 - - [21/Jul/2025:17:40:46 +0000] "GET /items/handmade/paintings/5377890/feature/idol/h_2044 HTTP/1.1" 200 18355 "-" "Googlebot-Image/1.0"
66.249.65.174 - - [21/Jul/2025:17:41:11 +0000] "GET /items/handicrafts/paintings/2644745/alalamy.com.au?_bd_prev_page=alalamy.com.au/detail.php?shopbrand/7998183.htm HTTP/1.1" 200 19734 "-" "Mozilla/5.0 (Linux; Android 6.0.1; Nexus 5X Build/MMB29P) AppleWebKit/537.36 (KHTML, like Gecko) Chrome/137.0.7151.103 Mobile Safari/537.36 (compatible; GoogleOther)"
66.249.65.160 - - [21/Jul/2025:17:41:12 +0000] "GET /items/handicrafts/paintings/2644745/alalamy.com.au?_bd_prev_page=alalamy.com.au/detail.php?shopbrand/8000566.htm HTTP/1.1" 200 22673 "-" "Mozilla/5.0 (Linux; Android 6.0.1; Nexus 5X Build/MMB29P) AppleWebKit/537.36 (KHTML, like Gecko) Chrome/137.0.7151.103 Mobile Safari/537.36 (compatible; GoogleOther)"
66.249.65.160 - - [21/Jul/2025:17:41:14 +0000] "POST /get-message-notify HTTP/1.1" 200 19553 "http://alalamy.com.au/items/handicrafts/paintings/2644745/alalamy.com.au?_bd_prev_page=alalamy.com.au/detail.php?shopbrand/7998183.htm" "Mozilla/5.0 (Linux; Android 6.0.1; Nexus 5X Build/MMB29P) AppleWebKit/537.36 (KHTML, like Gecko) Chrome/137.0.7151.119 Mobile Safari/537.36 (compatible; Googlebot/2.1; +http://www.google.com/bot.html)"
66.249.74.12 - - [21/Jul/2025:17:41:15 +0000] "GET /items/handmade/paintings/5377890/feature/idol/alalamy.com.au?_bd_prev_page=alalamy.com.au/detail.php?shopbrand/58882624.htm HTTP/1.1" 200 19406 "-" "Mozilla/5.0 (Linux; Android 6.0.1; Nexus 5X Build/MMB29P) AppleWebKit/537.36 (KHTML, like Gecko) Chrome/137.0.7151.103 Mobile Safari/537.36 (compatible; GoogleOther)"
