Current File : /home/kelaby89/access-logs/alalamy.com.au.sixpack.studio-ssl_log
209.74.77.214 - - [21/Jul/2025:12:07:36 +0000] "POST /wp-cron.php?doing_wp_cron=1753099656.5126969814300537109375 HTTP/1.1" 200 - "-" "WordPress/6.8.2; https://alalamy.com.au"
51.222.253.9 - - [21/Jul/2025:12:07:36 +0000] "GET /items/fashion/womens/2661611/ HTTP/1.1" 404 20401 "-" "Mozilla/5.0 (compatible; AhrefsBot/7.0; +http://ahrefs.com/robot/)"
209.74.77.214 - - [21/Jul/2025:12:07:36 +0000] "POST /wp-admin/admin-ajax.php?action=async_litespeed&nonce=KlyRpSa5IdQvT7ADP2sYDViydFjGvkf6&litespeed_type=imgoptm HTTP/1.1" 200 21 "-" "WordPress/6.8.2; https://alalamy.com.au"
209.74.77.214 - - [21/Jul/2025:12:08:32 +0000] "POST /wp-cron.php?doing_wp_cron=1753099712.7051908969879150390625 HTTP/1.1" 200 - "-" "WordPress/6.8.2; https://alalamy.com.au"
51.222.253.15 - - [21/Jul/2025:12:08:32 +0000] "GET /items/fashion/womens/2700659/ HTTP/1.1" 404 20401 "-" "Mozilla/5.0 (compatible; AhrefsBot/7.0; +http://ahrefs.com/robot/)"
209.74.77.214 - - [21/Jul/2025:12:08:32 +0000] "POST /wp-admin/admin-ajax.php?action=async_litespeed&nonce=GwaRgL5xcymZdGOV7BI9ztySAeIkKKI3&litespeed_type=imgoptm HTTP/1.1" 200 21 "-" "WordPress/6.8.2; https://alalamy.com.au"
209.74.77.214 - - [21/Jul/2025:12:09:27 +0000] "POST /wp-cron.php?doing_wp_cron=1753099767.5052459239959716796875 HTTP/1.1" 200 - "-" "WordPress/6.8.2; https://alalamy.com.au"
51.222.253.15 - - [21/Jul/2025:12:09:27 +0000] "GET /items/fashion/womens/2942645/ HTTP/1.1" 404 20401 "-" "Mozilla/5.0 (compatible; AhrefsBot/7.0; +http://ahrefs.com/robot/)"
209.74.77.214 - - [21/Jul/2025:12:09:27 +0000] "POST /wp-admin/admin-ajax.php?action=async_litespeed&nonce=oHvphYc4zDjLTn6Wmoi4cksio01TiA8G&litespeed_type=imgoptm HTTP/1.1" 200 21 "-" "WordPress/6.8.2; https://alalamy.com.au"
57.141.2.3 - - [21/Jul/2025:12:09:30 +0000] "GET /?k=55483243031900& HTTP/1.1" 301 - "-" "meta-externalagent/1.1 (+https://developers.facebook.com/docs/sharing/webmasters/crawler)"
209.74.77.214 - - [21/Jul/2025:12:10:36 +0000] "POST /wp-cron.php?doing_wp_cron=1753099836.3376779556274414062500 HTTP/1.1" 200 - "-" "WordPress/6.8.2; https://alalamy.com.au"
51.222.253.11 - - [21/Jul/2025:12:10:36 +0000] "GET /items/fashion/womens/4006305/ HTTP/1.1" 404 20401 "-" "Mozilla/5.0 (compatible; AhrefsBot/7.0; +http://ahrefs.com/robot/)"
209.74.77.214 - - [21/Jul/2025:12:10:36 +0000] "POST /wp-admin/admin-ajax.php?action=async_litespeed&nonce=HHUs1NP6iIcEzMHldAyVizqNitzvpy4M&litespeed_type=imgoptm HTTP/1.1" 200 21 "-" "WordPress/6.8.2; https://alalamy.com.au"
66.249.65.165 - - [21/Jul/2025:12:11:22 +0000] "GET /?k=6666895021900&mod=ead6d4ad&uri=blog.php%3Fid%3D222660-374%26name%3Dmode+homme+1920 HTTP/1.1" 200 19590 "-" "Mozilla/5.0 (Linux; Android 6.0.1; Nexus 5X Build/MMB29P) AppleWebKit/537.36 (KHTML, like Gecko) Chrome/137.0.7151.103 Mobile Safari/537.36 (compatible; Googlebot/2.1; +http://www.google.com/bot.html)"
209.74.77.214 - - [21/Jul/2025:12:11:36 +0000] "POST /wp-cron.php?doing_wp_cron=1753099896.2918920516967773437500 HTTP/1.1" 200 - "-" "WordPress/6.8.2; https://alalamy.com.au"
51.222.253.9 - - [21/Jul/2025:12:11:35 +0000] "GET /items/fashion/womens/4320710/ HTTP/1.1" 404 20401 "-" "Mozilla/5.0 (compatible; AhrefsBot/7.0; +http://ahrefs.com/robot/)"
209.74.77.214 - - [21/Jul/2025:12:11:36 +0000] "POST /wp-admin/admin-ajax.php?action=async_litespeed&nonce=bdT9HehNTKSMnaB3phwKTXH17Z5KgCAm&litespeed_type=imgoptm HTTP/1.1" 200 21 "-" "WordPress/6.8.2; https://alalamy.com.au"
66.249.65.165 - - [21/Jul/2025:12:11:42 +0000] "POST /get-message-notify HTTP/1.1" 200 19553 "https://alalamy.com.au/?k=6666895021900&mod=ead6d4ad&uri=blog.php%3Fid%3D222660-374%26name%3Dmode+homme+1920" "Mozilla/5.0 (Linux; Android 6.0.1; Nexus 5X Build/MMB29P) AppleWebKit/537.36 (KHTML, like Gecko) Chrome/137.0.7151.119 Mobile Safari/537.36 (compatible; Googlebot/2.1; +http://www.google.com/bot.html)"
216.73.216.113 - - [21/Jul/2025:12:12:12 +0000] "GET /sitemap-7.xml HTTP/1.1" 200 4110 "-" "Mozilla/5.0 AppleWebKit/537.36 (KHTML, like Gecko; compatible; ClaudeBot/1.0; [email protected])"
209.74.77.214 - - [21/Jul/2025:12:12:37 +0000] "POST /wp-cron.php?doing_wp_cron=1753099957.8996911048889160156250 HTTP/1.1" 200 - "-" "WordPress/6.8.2; https://alalamy.com.au"
51.222.253.20 - - [21/Jul/2025:12:12:37 +0000] "GET /items/fashion/womens/4666337/ HTTP/1.1" 404 20401 "-" "Mozilla/5.0 (compatible; AhrefsBot/7.0; +http://ahrefs.com/robot/)"
209.74.77.214 - - [21/Jul/2025:12:12:38 +0000] "POST /wp-admin/admin-ajax.php?action=async_litespeed&nonce=K480tqdrd424vd5GuwrCIP4D92rJT3EL&litespeed_type=imgoptm HTTP/1.1" 200 21 "-" "WordPress/6.8.2; https://alalamy.com.au"
209.74.77.214 - - [21/Jul/2025:12:13:36 +0000] "POST /wp-cron.php?doing_wp_cron=1753100016.7164189815521240234375 HTTP/1.1" 200 - "-" "WordPress/6.8.2; https://alalamy.com.au"
51.222.253.3 - - [21/Jul/2025:12:13:36 +0000] "GET /items/fashion/womens/5030284/ HTTP/1.1" 404 20401 "-" "Mozilla/5.0 (compatible; AhrefsBot/7.0; +http://ahrefs.com/robot/)"
209.74.77.214 - - [21/Jul/2025:12:13:36 +0000] "POST /wp-admin/admin-ajax.php?action=async_litespeed&nonce=gIRAr54OR3kAT81RZ7kpDMfHrd4dJKoL&litespeed_type=imgoptm HTTP/1.1" 200 21 "-" "WordPress/6.8.2; https://alalamy.com.au"
209.74.77.214 - - [21/Jul/2025:12:14:33 +0000] "POST /wp-cron.php?doing_wp_cron=1753100073.6241569519042968750000 HTTP/1.1" 200 - "-" "WordPress/6.8.2; https://alalamy.com.au"
51.222.253.9 - - [21/Jul/2025:12:14:33 +0000] "GET /items/fashion/womens/5181283/ HTTP/1.1" 404 20401 "-" "Mozilla/5.0 (compatible; AhrefsBot/7.0; +http://ahrefs.com/robot/)"
209.74.77.214 - - [21/Jul/2025:12:14:33 +0000] "POST /wp-admin/admin-ajax.php?action=async_litespeed&nonce=wQi2DOX1KV6wbMz0WLaEp1NCQ6Raec3e&litespeed_type=imgoptm HTTP/1.1" 200 21 "-" "WordPress/6.8.2; https://alalamy.com.au"
209.74.77.214 - - [21/Jul/2025:12:15:46 +0000] "POST /wp-cron.php?doing_wp_cron=1753100146.8124120235443115234375 HTTP/1.1" 200 - "-" "WordPress/6.8.2; https://alalamy.com.au"
51.222.253.6 - - [21/Jul/2025:12:15:45 +0000] "GET /items/fashion/womens/5266594/ HTTP/1.1" 404 20401 "-" "Mozilla/5.0 (compatible; AhrefsBot/7.0; +http://ahrefs.com/robot/)"
209.74.77.214 - - [21/Jul/2025:12:15:47 +0000] "POST /wp-admin/admin-ajax.php?action=async_litespeed&nonce=QXIouLHeHkK6jcaklIaA5TZtN8SNXzwE&litespeed_type=imgoptm HTTP/1.1" 200 21 "-" "WordPress/6.8.2; https://alalamy.com.au"
209.74.77.214 - - [21/Jul/2025:12:16:57 +0000] "POST /wp-cron.php?doing_wp_cron=1753100217.0940849781036376953125 HTTP/1.1" 200 - "-" "WordPress/6.8.2; https://alalamy.com.au"
51.222.253.4 - - [21/Jul/2025:12:16:56 +0000] "GET /items/fashion/yukata/5548439/ HTTP/1.1" 404 20401 "-" "Mozilla/5.0 (compatible; AhrefsBot/7.0; +http://ahrefs.com/robot/)"
209.74.77.214 - - [21/Jul/2025:12:16:57 +0000] "POST /wp-admin/admin-ajax.php?action=async_litespeed&nonce=McgPZsv8S8rZpk9bvCnCm5OKH6q9wlDL&litespeed_type=imgoptm HTTP/1.1" 200 21 "-" "WordPress/6.8.2; https://alalamy.com.au"
209.74.77.214 - - [21/Jul/2025:12:17:04 +0000] "POST /wp-admin/admin-ajax.php?action=async_litespeed&nonce=QI7ep36Q6LIw7eovLnLCSlaq1Zoh5wi3&litespeed_type=imgoptm HTTP/1.1" 200 21 "-" "WordPress/6.8.2; https://alalamy.com.au"
209.74.77.214 - - [21/Jul/2025:12:17:52 +0000] "POST /wp-cron.php?doing_wp_cron=1753100272.2030689716339111328125 HTTP/1.1" 200 - "-" "WordPress/6.8.2; https://alalamy.com.au"
57.141.2.23 - - [21/Jul/2025:12:17:51 +0000] "GET /?k=4016685041900& HTTP/1.1" 301 - "-" "meta-externalagent/1.1 (+https://developers.facebook.com/docs/sharing/webmasters/crawler)"
51.222.253.1 - - [21/Jul/2025:12:18:00 +0000] "GET /items/fishing/cases/2375443/ HTTP/1.1" 404 20401 "-" "Mozilla/5.0 (compatible; AhrefsBot/7.0; +http://ahrefs.com/robot/)"
209.74.77.214 - - [21/Jul/2025:12:18:09 +0000] "POST /wp-admin/admin-ajax.php?action=async_litespeed&nonce=4OQ8IcfKUdTxRPbv4u9YJxw8NweRlDlx&litespeed_type=imgoptm HTTP/1.1" 200 21 "-" "WordPress/6.8.2; https://alalamy.com.au"
209.74.77.214 - - [21/Jul/2025:12:18:54 +0000] "POST /wp-cron.php?doing_wp_cron=1753100334.6259748935699462890625 HTTP/1.1" 200 - "-" "WordPress/6.8.2; https://alalamy.com.au"
51.222.253.4 - - [21/Jul/2025:12:18:54 +0000] "GET /items/fishing/flies/3168160/ HTTP/1.1" 404 20401 "-" "Mozilla/5.0 (compatible; AhrefsBot/7.0; +http://ahrefs.com/robot/)"
209.74.77.214 - - [21/Jul/2025:12:19:10 +0000] "POST /wp-admin/admin-ajax.php?action=async_litespeed&nonce=d5j2rwBus6Jx3sZGZo3qoBt4p8zDppHZ&litespeed_type=imgoptm HTTP/1.1" 200 21 "-" "WordPress/6.8.2; https://alalamy.com.au"
209.74.77.214 - - [21/Jul/2025:12:19:59 +0000] "POST /wp-cron.php?doing_wp_cron=1753100399.3129010200500488281250 HTTP/1.1" 200 - "-" "WordPress/6.8.2; https://alalamy.com.au"
57.141.2.20 - - [21/Jul/2025:12:19:58 +0000] "GET /?k=39724550031900& HTTP/1.1" 301 - "-" "meta-externalagent/1.1 (+https://developers.facebook.com/docs/sharing/webmasters/crawler)"
66.249.65.165 - - [21/Jul/2025:12:20:03 +0000] "GET /items/fashion/dresses/5067277 HTTP/1.1" 200 19150 "-" "Mozilla/5.0 (Linux; Android 6.0.1; Nexus 5X Build/MMB29P) AppleWebKit/537.36 (KHTML, like Gecko) Chrome/137.0.7151.103 Mobile Safari/537.36 (compatible; GoogleOther)"
66.249.65.164 - - [21/Jul/2025:12:20:03 +0000] "GET /items/diy/special-tools/4191097/ HTTP/1.1" 200 19334 "-" "Mozilla/5.0 (Linux; Android 6.0.1; Nexus 5X Build/MMB29P) AppleWebKit/537.36 (KHTML, like Gecko) Chrome/137.0.7151.103 Mobile Safari/537.36 (compatible; GoogleOther)"
66.249.65.166 - - [21/Jul/2025:12:20:04 +0000] "GET /items/diy/air-tools/2625706/ HTTP/1.1" 200 19007 "-" "Mozilla/5.0 (Linux; Android 6.0.1; Nexus 5X Build/MMB29P) AppleWebKit/537.36 (KHTML, like Gecko) Chrome/137.0.7151.103 Mobile Safari/537.36 (compatible; GoogleOther)"
66.249.65.166 - - [21/Jul/2025:12:20:06 +0000] "POST /get-message-notify HTTP/1.1" 200 19553 "https://alalamy.com.au/items/diy/special-tools/4191097/" "Mozilla/5.0 (Linux; Android 6.0.1; Nexus 5X Build/MMB29P) AppleWebKit/537.36 (KHTML, like Gecko) Chrome/137.0.7151.119 Mobile Safari/537.36 (compatible; Googlebot/2.1; +http://www.google.com/bot.html)"
209.74.77.214 - - [21/Jul/2025:12:20:07 +0000] "POST /wp-cron.php?doing_wp_cron=1753100406.8416080474853515625000 HTTP/1.1" 200 - "-" "WordPress/6.8.2; https://alalamy.com.au"
66.249.65.165 - - [21/Jul/2025:12:20:07 +0000] "POST /get-message-notify HTTP/1.1" 200 19553 "https://alalamy.com.au/items/diy/air-tools/2625706/" "Mozilla/5.0 (Linux; Android 6.0.1; Nexus 5X Build/MMB29P) AppleWebKit/537.36 (KHTML, like Gecko) Chrome/137.0.7151.119 Mobile Safari/537.36 (compatible; Googlebot/2.1; +http://www.google.com/bot.html)"
51.222.253.13 - - [21/Jul/2025:12:20:06 +0000] "GET /items/fishing/others/4343249/ HTTP/1.1" 404 20401 "-" "Mozilla/5.0 (compatible; AhrefsBot/7.0; +http://ahrefs.com/robot/)"
209.74.77.214 - - [21/Jul/2025:12:20:08 +0000] "POST /wp-admin/admin-ajax.php?action=async_litespeed&nonce=ux98dFtzXo83jwHwmNlLAlLFTWVvUReJ&litespeed_type=imgoptm HTTP/1.1" 200 21 "-" "WordPress/6.8.2; https://alalamy.com.au"
66.249.65.165 - - [21/Jul/2025:12:20:27 +0000] "GET /items/fashion/mens/4677968/ HTTP/1.1" 200 20673 "-" "Mozilla/5.0 (Linux; Android 6.0.1; Nexus 5X Build/MMB29P) AppleWebKit/537.36 (KHTML, like Gecko) Chrome/137.0.7151.103 Mobile Safari/537.36 (compatible; GoogleOther)"
66.249.65.164 - - [21/Jul/2025:12:20:31 +0000] "GET /items/fashion/outerwear/1930602/ HTTP/1.1" 200 19286 "-" "Mozilla/5.0 (Linux; Android 6.0.1; Nexus 5X Build/MMB29P) AppleWebKit/537.36 (KHTML, like Gecko) Chrome/137.0.7151.103 Mobile Safari/537.36 (compatible; GoogleOther)"
66.249.65.164 - - [21/Jul/2025:12:20:39 +0000] "POST /get-message-notify HTTP/1.1" 200 19553 "https://alalamy.com.au/items/fashion/outerwear/1930602/" "Mozilla/5.0 (Linux; Android 6.0.1; Nexus 5X Build/MMB29P) AppleWebKit/537.36 (KHTML, like Gecko) Chrome/137.0.7151.119 Mobile Safari/537.36 (compatible; Googlebot/2.1; +http://www.google.com/bot.html)"
66.249.65.164 - - [21/Jul/2025:12:20:54 +0000] "POST /get-message-notify HTTP/1.1" 200 19553 "https://alalamy.com.au/items/fashion/dresses/5067277" "Mozilla/5.0 (Linux; Android 6.0.1; Nexus 5X Build/MMB29P) AppleWebKit/537.36 (KHTML, like Gecko) Chrome/137.0.7151.119 Mobile Safari/537.36 (compatible; Googlebot/2.1; +http://www.google.com/bot.html)"
209.74.77.214 - - [21/Jul/2025:12:21:07 +0000] "POST /wp-cron.php?doing_wp_cron=1753100467.3738141059875488281250 HTTP/1.1" 200 - "-" "WordPress/6.8.2; https://alalamy.com.au"
51.222.253.4 - - [21/Jul/2025:12:21:07 +0000] "GET /items/fishing/outdoors/2204261/ HTTP/1.1" 404 20401 "-" "Mozilla/5.0 (compatible; AhrefsBot/7.0; +http://ahrefs.com/robot/)"
209.74.77.214 - - [21/Jul/2025:12:21:07 +0000] "POST /wp-admin/admin-ajax.php?action=async_litespeed&nonce=TxhBHlIlPMf4BtumH2fXQfs0nkzEFQDU&litespeed_type=imgoptm HTTP/1.1" 200 21 "-" "WordPress/6.8.2; https://alalamy.com.au"
209.74.77.214 - - [21/Jul/2025:12:22:17 +0000] "POST /wp-cron.php?doing_wp_cron=1753100537.8589661121368408203125 HTTP/1.1" 200 - "-" "WordPress/6.8.2; https://alalamy.com.au"
51.222.253.14 - - [21/Jul/2025:12:22:15 +0000] "GET /items/fishing/outdoors/2371242/ HTTP/1.1" 404 20401 "-" "Mozilla/5.0 (compatible; AhrefsBot/7.0; +http://ahrefs.com/robot/)"
209.74.77.214 - - [21/Jul/2025:12:22:18 +0000] "POST /wp-admin/admin-ajax.php?action=async_litespeed&nonce=wpiYsAGq5sZaSI87qsoLPONXQBWRxYZt&litespeed_type=imgoptm HTTP/1.1" 200 21 "-" "WordPress/6.8.2; https://alalamy.com.au"
209.74.77.214 - - [21/Jul/2025:12:22:35 +0000] "POST /wp-cron.php?doing_wp_cron=1753100555.4514770507812500000000 HTTP/1.1" 200 - "-" "WordPress/6.8.2; https://alalamy.com.au"
57.141.2.19 - - [21/Jul/2025:12:22:35 +0000] "GET /?k=97657053021900& HTTP/1.1" 301 - "-" "meta-externalagent/1.1 (+https://developers.facebook.com/docs/sharing/webmasters/crawler)"
66.249.65.164 - - [21/Jul/2025:12:22:42 +0000] "GET /items/fashion/shoes/2884066/ HTTP/1.1" 200 18850 "-" "Mozilla/5.0 (Linux; Android 6.0.1; Nexus 5X Build/MMB29P) AppleWebKit/537.36 (KHTML, like Gecko) Chrome/137.0.7151.103 Mobile Safari/537.36 (compatible; GoogleOther)"
66.249.77.224 - - [21/Jul/2025:12:22:47 +0000] "GET /items/fashion/womens/4027565/ HTTP/1.1" 200 18951 "-" "Mozilla/5.0 (Linux; Android 6.0.1; Nexus 5X Build/MMB29P) AppleWebKit/537.36 (KHTML, like Gecko) Chrome/137.0.7151.103 Mobile Safari/537.36 (compatible; GoogleOther)"
66.249.65.164 - - [21/Jul/2025:12:22:55 +0000] "POST /get-message-notify HTTP/1.1" 200 19553 "https://alalamy.com.au/items/fashion/womens/4027565/" "Mozilla/5.0 (Linux; Android 6.0.1; Nexus 5X Build/MMB29P) AppleWebKit/537.36 (KHTML, like Gecko) Chrome/137.0.7151.119 Mobile Safari/537.36 (compatible; Googlebot/2.1; +http://www.google.com/bot.html)"
209.74.77.214 - - [21/Jul/2025:12:23:06 +0000] "POST /wp-cron.php?doing_wp_cron=1753100586.0724620819091796875000 HTTP/1.1" 200 - "-" "WordPress/6.8.2; https://alalamy.com.au"
57.141.2.26 - - [21/Jul/2025:12:23:05 +0000] "GET /?k=97657053021900 HTTP/1.1" 200 144492 "-" "meta-externalagent/1.1 (+https://developers.facebook.com/docs/sharing/webmasters/crawler)"
209.74.77.214 - - [21/Jul/2025:12:23:06 +0000] "POST /wp-admin/admin-ajax.php?action=async_litespeed&nonce=zUVAXxTm1rg5Ooe4zIaRehkczuNOApjJ&litespeed_type=imgoptm HTTP/1.1" 200 21 "-" "WordPress/6.8.2; https://alalamy.com.au"
66.249.65.165 - - [21/Jul/2025:12:23:10 +0000] "GET /items/toys/sports/1671249/ HTTP/1.1" 200 20887 "-" "Mozilla/5.0 (Linux; Android 6.0.1; Nexus 5X Build/MMB29P) AppleWebKit/537.36 (KHTML, like Gecko) Chrome/137.0.7151.103 Mobile Safari/537.36 (compatible; GoogleOther)"
66.249.65.164 - - [21/Jul/2025:12:23:14 +0000] "POST /get-message-notify HTTP/1.1" 200 19553 "https://alalamy.com.au/items/fashion/shoes/2884066/" "Mozilla/5.0 (Linux; Android 6.0.1; Nexus 5X Build/MMB29P) AppleWebKit/537.36 (KHTML, like Gecko) Chrome/137.0.7151.119 Mobile Safari/537.36 (compatible; Googlebot/2.1; +http://www.google.com/bot.html)"
51.222.253.9 - - [21/Jul/2025:12:23:16 +0000] "GET /items/fishing/outdoors/4253406/ HTTP/1.1" 404 20401 "-" "Mozilla/5.0 (compatible; AhrefsBot/7.0; +http://ahrefs.com/robot/)"
66.249.65.165 - - [21/Jul/2025:12:23:30 +0000] "POST /get-message-notify HTTP/1.1" 200 19553 "https://alalamy.com.au/items/toys/sports/1671249/" "Mozilla/5.0 (Linux; Android 6.0.1; Nexus 5X Build/MMB29P) AppleWebKit/537.36 (KHTML, like Gecko) Chrome/137.0.7151.119 Mobile Safari/537.36 (compatible; Googlebot/2.1; +http://www.google.com/bot.html)"
209.74.77.214 - - [21/Jul/2025:12:24:28 +0000] "POST /wp-cron.php?doing_wp_cron=1753100668.8201150894165039062500 HTTP/1.1" 200 - "-" "WordPress/6.8.2; https://alalamy.com.au"
51.222.253.10 - - [21/Jul/2025:12:24:27 +0000] "GET /items/flowers/deciduous-trees/1691004/ HTTP/1.1" 404 20401 "-" "Mozilla/5.0 (compatible; AhrefsBot/7.0; +http://ahrefs.com/robot/)"
209.74.77.214 - - [21/Jul/2025:12:24:29 +0000] "POST /wp-admin/admin-ajax.php?action=async_litespeed&nonce=9FauOqW5Jkul0iKUs2iT96l9Yz9DvQIJ&litespeed_type=imgoptm HTTP/1.1" 200 21 "-" "WordPress/6.8.2; https://alalamy.com.au"
66.249.65.164 - - [21/Jul/2025:12:25:00 +0000] "GET /items/sports/golf/5125356/ HTTP/1.1" 200 19764 "-" "Mozilla/5.0 (Linux; Android 6.0.1; Nexus 5X Build/MMB29P) AppleWebKit/537.36 (KHTML, like Gecko) Chrome/137.0.7151.103 Mobile Safari/537.36 (compatible; GoogleOther)"
66.249.65.164 - - [21/Jul/2025:12:25:18 +0000] "POST /get-message-notify HTTP/1.1" 200 19553 "https://alalamy.com.au/items/sports/golf/5125356/" "Mozilla/5.0 (Linux; Android 6.0.1; Nexus 5X Build/MMB29P) AppleWebKit/537.36 (KHTML, like Gecko) Chrome/137.0.7151.119 Mobile Safari/537.36 (compatible; Googlebot/2.1; +http://www.google.com/bot.html)"
209.74.77.214 - - [21/Jul/2025:12:25:26 +0000] "POST /wp-cron.php?doing_wp_cron=1753100726.2179150581359863281250 HTTP/1.1" 200 - "-" "WordPress/6.8.2; https://alalamy.com.au"
57.141.2.18 - - [21/Jul/2025:12:25:24 +0000] "GET /?k=9814027071900& HTTP/1.1" 301 - "-" "meta-externalagent/1.1 (+https://developers.facebook.com/docs/sharing/webmasters/crawler)"
209.74.77.214 - - [21/Jul/2025:12:25:26 +0000] "POST /wp-admin/admin-ajax.php?action=async_litespeed&nonce=8TdtQFlgTnzqqyzzjSjXUqSWj5MHG1vK&litespeed_type=imgoptm HTTP/1.1" 200 21 "-" "WordPress/6.8.2; https://alalamy.com.au"
209.74.77.214 - - [21/Jul/2025:12:25:45 +0000] "POST /wp-cron.php?doing_wp_cron=1753100745.4872310161590576171875 HTTP/1.1" 200 - "-" "WordPress/6.8.2; https://alalamy.com.au"
51.222.253.2 - - [21/Jul/2025:12:25:45 +0000] "GET /items/flowers/dried-flowers/3493424/ HTTP/1.1" 404 20401 "-" "Mozilla/5.0 (compatible; AhrefsBot/7.0; +http://ahrefs.com/robot/)"
209.74.77.214 - - [21/Jul/2025:12:26:34 +0000] "POST /wp-admin/admin-ajax.php?action=async_litespeed&nonce=fBj4vg6xjFE5mScmYCpN3HHQy1Fyqq1s&litespeed_type=imgoptm HTTP/1.1" 200 21 "-" "WordPress/6.8.2; https://alalamy.com.au"
209.74.77.214 - - [21/Jul/2025:12:27:01 +0000] "POST /wp-cron.php?doing_wp_cron=1753100821.3600630760192871093750 HTTP/1.1" 200 - "-" "WordPress/6.8.2; https://alalamy.com.au"
51.222.253.17 - - [21/Jul/2025:12:27:00 +0000] "GET /items/flowers/flowers/4675579/ HTTP/1.1" 404 20401 "-" "Mozilla/5.0 (compatible; AhrefsBot/7.0; +http://ahrefs.com/robot/)"
209.74.77.214 - - [21/Jul/2025:12:27:01 +0000] "POST /wp-admin/admin-ajax.php?action=async_litespeed&nonce=j3McwmxXaOZju3mNazJH7NR6BmSxTN5x&litespeed_type=imgoptm HTTP/1.1" 200 21 "-" "WordPress/6.8.2; https://alalamy.com.au"
66.249.65.165 - - [21/Jul/2025:12:27:12 +0000] "GET /sitemap-14.xml HTTP/1.1" 200 4111 "-" "Mozilla/5.0 (compatible; Googlebot/2.1; +http://www.google.com/bot.html)"
209.74.77.214 - - [21/Jul/2025:12:28:09 +0000] "POST /wp-cron.php?doing_wp_cron=1753100889.0335071086883544921875 HTTP/1.1" 200 - "-" "WordPress/6.8.2; https://alalamy.com.au"
51.222.253.2 - - [21/Jul/2025:12:28:07 +0000] "GET /items/flowers/others/5300640/ HTTP/1.1" 404 20401 "-" "Mozilla/5.0 (compatible; AhrefsBot/7.0; +http://ahrefs.com/robot/)"
209.74.77.214 - - [21/Jul/2025:12:28:09 +0000] "POST /wp-admin/admin-ajax.php?action=async_litespeed&nonce=eFnNrzN5k5Ypown0gLooK1uJI0bJbIVZ&litespeed_type=imgoptm HTTP/1.1" 200 21 "-" "WordPress/6.8.2; https://alalamy.com.au"
209.74.77.214 - - [21/Jul/2025:12:29:10 +0000] "POST /wp-cron.php?doing_wp_cron=1753100950.0250890254974365234375 HTTP/1.1" 200 - "-" "WordPress/6.8.2; https://alalamy.com.au"
51.222.253.16 - - [21/Jul/2025:12:29:08 +0000] "GET /items/food/food/2101506/ HTTP/1.1" 404 20401 "-" "Mozilla/5.0 (compatible; AhrefsBot/7.0; +http://ahrefs.com/robot/)"
209.74.77.214 - - [21/Jul/2025:12:29:10 +0000] "POST /wp-admin/admin-ajax.php?action=async_litespeed&nonce=EHKQMih2GN8dgaUu888LNtyOqszDe7gi&litespeed_type=imgoptm HTTP/1.1" 200 21 "-" "WordPress/6.8.2; https://alalamy.com.au"
209.74.77.214 - - [21/Jul/2025:12:30:01 +0000] "POST /wp-cron.php?doing_wp_cron=1753101001.4376659393310546875000 HTTP/1.1" 200 - "-" "WordPress/6.8.2; https://alalamy.com.au"
51.222.253.17 - - [21/Jul/2025:12:30:01 +0000] "GET /items/food/powders/4676640/ HTTP/1.1" 404 20401 "-" "Mozilla/5.0 (compatible; AhrefsBot/7.0; +http://ahrefs.com/robot/)"
209.74.77.214 - - [21/Jul/2025:12:30:02 +0000] "POST /wp-admin/admin-ajax.php?action=async_litespeed&nonce=hefIisCqcPC8DzoxTWLW274RdA9ya506&litespeed_type=imgoptm HTTP/1.1" 200 21 "-" "WordPress/6.8.2; https://alalamy.com.au"
57.141.2.11 - - [21/Jul/2025:12:30:27 +0000] "GET /?k=4661149141900& HTTP/1.1" 301 - "-" "meta-externalagent/1.1 (+https://developers.facebook.com/docs/sharing/webmasters/crawler)"
66.249.65.165 - - [21/Jul/2025:12:30:31 +0000] "GET /items/travel-supplies/mountain-climbing/1852237 HTTP/1.1" 200 19859 "-" "Mozilla/5.0 (Linux; Android 6.0.1; Nexus 5X Build/MMB29P) AppleWebKit/537.36 (KHTML, like Gecko) Chrome/137.0.7151.103 Mobile Safari/537.36 (compatible; GoogleOther)"
66.249.65.164 - - [21/Jul/2025:12:30:34 +0000] "POST /get-message-notify HTTP/1.1" 200 19553 "https://alalamy.com.au/items/travel-supplies/mountain-climbing/1852237" "Mozilla/5.0 (Linux; Android 6.0.1; Nexus 5X Build/MMB29P) AppleWebKit/537.36 (KHTML, like Gecko) Chrome/137.0.7151.119 Mobile Safari/537.36 (compatible; Googlebot/2.1; +http://www.google.com/bot.html)"
57.141.2.14 - - [21/Jul/2025:12:30:41 +0000] "GET /?k=4661149141900 HTTP/1.1" 200 144492 "-" "meta-externalagent/1.1 (+https://developers.facebook.com/docs/sharing/webmasters/crawler)"
66.249.65.164 - - [21/Jul/2025:12:30:53 +0000] "GET /items/cameras/cameras/3153612 HTTP/1.1" 200 19723 "-" "Mozilla/5.0 (Linux; Android 6.0.1; Nexus 5X Build/MMB29P) AppleWebKit/537.36 (KHTML, like Gecko) Chrome/137.0.7151.103 Mobile Safari/537.36 (compatible; GoogleOther)"
209.74.77.214 - - [21/Jul/2025:12:30:58 +0000] "POST /wp-cron.php?doing_wp_cron=1753101058.2309620380401611328125 HTTP/1.1" 200 - "-" "WordPress/6.8.2; https://alalamy.com.au"
51.222.253.11 - - [21/Jul/2025:12:30:57 +0000] "GET /items/furniture/blinds/3646334/ HTTP/1.1" 404 20401 "-" "Mozilla/5.0 (compatible; AhrefsBot/7.0; +http://ahrefs.com/robot/)"
47.82.11.58 - - [21/Jul/2025:12:30:59 +0000] "GET /?k=6746128131900&mod=b75fccec&uri=itm.php?id%3D225303-233%26name%3Dvestido+largo+con+torera HTTP/1.1" 301 - "https://alalamy.com.au/?k=6746128131900&mod=b75fccec&uri=itm.php%3Fid%3D225303-233%26name%3Dvestido+largo+con+torera" "Mozilla/5.0 (Windows NT 10.0; Win64; x64) AppleWebKit/537.36 (KHTML, like Gecko) Chrome/114.0.0.0 Safari/537.36 Edg/114.0.1823.43"
47.82.11.58 - - [21/Jul/2025:12:31:00 +0000] "GET /?k=6746128131900&mod=b75fccec&uri=itm.php?id%3D225303-233%26name%3Dvestido%20largo%20con%20torera HTTP/1.1" 301 - "https://alalamy.com.au/?k=6746128131900&mod=b75fccec&uri=itm.php%3Fid%3D225303-233%26name%3Dvestido+largo+con+torera" "Mozilla/5.0 (Windows NT 10.0; Win64; x64) AppleWebKit/537.36 (KHTML, like Gecko) Chrome/114.0.0.0 Safari/537.36 Edg/114.0.1823.43"
66.249.65.164 - - [21/Jul/2025:12:31:01 +0000] "POST /get-message-notify HTTP/1.1" 200 19553 "https://alalamy.com.au/items/cameras/cameras/3153612" "Mozilla/5.0 (Linux; Android 6.0.1; Nexus 5X Build/MMB29P) AppleWebKit/537.36 (KHTML, like Gecko) Chrome/137.0.7151.119 Mobile Safari/537.36 (compatible; Googlebot/2.1; +http://www.google.com/bot.html)"
209.74.77.214 - - [21/Jul/2025:12:31:42 +0000] "POST /wp-admin/admin-ajax.php?action=async_litespeed&nonce=FikLoN2IvfCH30njN5UfvyoqemuorfOW&litespeed_type=imgoptm HTTP/1.1" 200 21 "-" "WordPress/6.8.2; https://alalamy.com.au"
66.249.65.166 - - [21/Jul/2025:12:32:05 +0000] "GET /items/fashion/womens/2010454/ HTTP/1.1" 200 21637 "-" "Mozilla/5.0 (Linux; Android 6.0.1; Nexus 5X Build/MMB29P) AppleWebKit/537.36 (KHTML, like Gecko) Chrome/137.0.7151.103 Mobile Safari/537.36 (compatible; GoogleOther)"
66.249.65.164 - - [21/Jul/2025:12:32:09 +0000] "POST /get-message-notify HTTP/1.1" 200 19553 "https://alalamy.com.au/items/fashion/womens/2010454/" "Mozilla/5.0 (Linux; Android 6.0.1; Nexus 5X Build/MMB29P) AppleWebKit/537.36 (KHTML, like Gecko) Chrome/137.0.7151.119 Mobile Safari/537.36 (compatible; Googlebot/2.1; +http://www.google.com/bot.html)"
209.74.77.214 - - [21/Jul/2025:12:32:11 +0000] "POST /wp-cron.php?doing_wp_cron=1753101131.4998550415039062500000 HTTP/1.1" 200 - "-" "WordPress/6.8.2; https://alalamy.com.au"
51.222.253.1 - - [21/Jul/2025:12:32:11 +0000] "GET /items/furniture/computer-desks/4216680/ HTTP/1.1" 404 20401 "-" "Mozilla/5.0 (compatible; AhrefsBot/7.0; +http://ahrefs.com/robot/)"
209.74.77.214 - - [21/Jul/2025:12:32:11 +0000] "POST /wp-admin/admin-ajax.php?action=async_litespeed&nonce=in2u1qSzNjiYrBKYuQwwVKZShz0Gqyxb&litespeed_type=imgoptm HTTP/1.1" 200 21 "-" "WordPress/6.8.2; https://alalamy.com.au"
66.249.65.164 - - [21/Jul/2025:12:32:34 +0000] "GET /items/sports/golf/2983464/ HTTP/1.1" 200 19303 "-" "Mozilla/5.0 (Linux; Android 6.0.1; Nexus 5X Build/MMB29P) AppleWebKit/537.36 (KHTML, like Gecko) Chrome/137.0.7151.103 Mobile Safari/537.36 (compatible; GoogleOther)"
209.74.77.214 - - [21/Jul/2025:12:33:17 +0000] "POST /wp-cron.php?doing_wp_cron=1753101197.1843609809875488281250 HTTP/1.1" 200 - "-" "WordPress/6.8.2; https://alalamy.com.au"
51.222.253.17 - - [21/Jul/2025:12:33:16 +0000] "GET /items/furniture/photo-frames/4589943/ HTTP/1.1" 404 20401 "-" "Mozilla/5.0 (compatible; AhrefsBot/7.0; +http://ahrefs.com/robot/)"
209.74.77.214 - - [21/Jul/2025:12:33:17 +0000] "POST /wp-admin/admin-ajax.php?action=async_litespeed&nonce=CRLvSlEsG24A8i7MhgzPBzYoxcOEKaRo&litespeed_type=imgoptm HTTP/1.1" 200 21 "-" "WordPress/6.8.2; https://alalamy.com.au"
66.249.65.165 - - [21/Jul/2025:12:33:19 +0000] "POST /get-message-notify HTTP/1.1" 200 19553 "https://alalamy.com.au/items/sports/golf/2983464/" "Mozilla/5.0 (Linux; Android 6.0.1; Nexus 5X Build/MMB29P) AppleWebKit/537.36 (KHTML, like Gecko) Chrome/137.0.7151.119 Mobile Safari/537.36 (compatible; Googlebot/2.1; +http://www.google.com/bot.html)"
66.249.65.165 - - [21/Jul/2025:12:34:06 +0000] "GET /items/outdoor/reels/2540689/ HTTP/1.1" 200 20805 "-" "Mozilla/5.0 (Linux; Android 6.0.1; Nexus 5X Build/MMB29P) AppleWebKit/537.36 (KHTML, like Gecko) Chrome/137.0.7151.103 Mobile Safari/537.36 (compatible; GoogleOther)"
66.249.65.166 - - [21/Jul/2025:12:34:09 +0000] "POST /get-message-notify HTTP/1.1" 200 19553 "https://alalamy.com.au/items/outdoor/reels/2540689/" "Mozilla/5.0 (Linux; Android 6.0.1; Nexus 5X Build/MMB29P) AppleWebKit/537.36 (KHTML, like Gecko) Chrome/137.0.7151.119 Mobile Safari/537.36 (compatible; Googlebot/2.1; +http://www.google.com/bot.html)"
209.74.77.214 - - [21/Jul/2025:12:34:17 +0000] "POST /wp-cron.php?doing_wp_cron=1753101257.7580869197845458984375 HTTP/1.1" 200 - "-" "WordPress/6.8.2; https://alalamy.com.au"
51.222.253.5 - - [21/Jul/2025:12:34:17 +0000] "GET /items/furniture/table-lights/3383376/ HTTP/1.1" 404 20401 "-" "Mozilla/5.0 (compatible; AhrefsBot/7.0; +http://ahrefs.com/robot/)"
209.74.77.214 - - [21/Jul/2025:12:34:17 +0000] "POST /wp-admin/admin-ajax.php?action=async_litespeed&nonce=gvXI74bQiO5yIROdi7fFLAUbfk6FW7VS&litespeed_type=imgoptm HTTP/1.1" 200 21 "-" "WordPress/6.8.2; https://alalamy.com.au"
209.74.77.214 - - [21/Jul/2025:12:34:36 +0000] "POST /wp-cron.php?doing_wp_cron=1753101276.7399330139160156250000 HTTP/1.1" 200 - "-" "WordPress/6.8.2; https://alalamy.com.au"
57.141.2.1 - - [21/Jul/2025:12:34:36 +0000] "GET /?k=86448064031900& HTTP/1.1" 301 - "-" "meta-externalagent/1.1 (+https://developers.facebook.com/docs/sharing/webmasters/crawler)"
66.249.65.164 - - [21/Jul/2025:12:34:44 +0000] "GET /items/fashion/womens/4216742/ HTTP/1.1" 200 19954 "-" "Mozilla/5.0 (Linux; Android 6.0.1; Nexus 5X Build/MMB29P) AppleWebKit/537.36 (KHTML, like Gecko) Chrome/137.0.7151.103 Mobile Safari/537.36 (compatible; GoogleOther)"
66.249.65.165 - - [21/Jul/2025:12:34:48 +0000] "POST /get-message-notify HTTP/1.1" 200 19553 "https://alalamy.com.au/items/fashion/womens/4216742/" "Mozilla/5.0 (Linux; Android 6.0.1; Nexus 5X Build/MMB29P) AppleWebKit/537.36 (KHTML, like Gecko) Chrome/137.0.7151.119 Mobile Safari/537.36 (compatible; Googlebot/2.1; +http://www.google.com/bot.html)"
209.74.77.214 - - [21/Jul/2025:12:35:33 +0000] "POST /wp-cron.php?doing_wp_cron=1753101333.7294740676879882812500 HTTP/1.1" 200 - "-" "WordPress/6.8.2; https://alalamy.com.au"
51.222.253.6 - - [21/Jul/2025:12:35:31 +0000] "GET /items/gardening/houseplants/1671038/ HTTP/1.1" 404 20401 "-" "Mozilla/5.0 (compatible; AhrefsBot/7.0; +http://ahrefs.com/robot/)"
209.74.77.214 - - [21/Jul/2025:12:35:33 +0000] "POST /wp-admin/admin-ajax.php?action=async_litespeed&nonce=CfemwaWUBJhULFRuBRQ9D2CeVWC5wlzT&litespeed_type=imgoptm HTTP/1.1" 200 21 "-" "WordPress/6.8.2; https://alalamy.com.au"
209.74.77.214 - - [21/Jul/2025:12:36:40 +0000] "POST /wp-cron.php?doing_wp_cron=1753101400.6975779533386230468750 HTTP/1.1" 200 - "-" "WordPress/6.8.2; https://alalamy.com.au"
51.222.253.20 - - [21/Jul/2025:12:36:38 +0000] "GET /items/gardening/preserved-flower-materials/4586333/ HTTP/1.1" 404 20401 "-" "Mozilla/5.0 (compatible; AhrefsBot/7.0; +http://ahrefs.com/robot/)"
209.74.77.214 - - [21/Jul/2025:12:36:40 +0000] "POST /wp-admin/admin-ajax.php?action=async_litespeed&nonce=HEMrPUwcEgYGYo54RxDyG6BEhl3wZzUi&litespeed_type=imgoptm HTTP/1.1" 200 21 "-" "WordPress/6.8.2; https://alalamy.com.au"
66.249.65.164 - - [21/Jul/2025:12:37:15 +0000] "GET /items/fashion/womens/3742617/ HTTP/1.1" 200 18863 "-" "Mozilla/5.0 (Linux; Android 6.0.1; Nexus 5X Build/MMB29P) AppleWebKit/537.36 (KHTML, like Gecko) Chrome/137.0.7151.103 Mobile Safari/537.36 (compatible; GoogleOther)"
66.249.65.164 - - [21/Jul/2025:12:37:27 +0000] "GET /items/outdoor/outdoor-shoes/2245182 HTTP/1.1" 200 23814 "-" "Mozilla/5.0 (Linux; Android 6.0.1; Nexus 5X Build/MMB29P) AppleWebKit/537.36 (KHTML, like Gecko) Chrome/137.0.7151.103 Mobile Safari/537.36 (compatible; GoogleOther)"
66.249.65.165 - - [21/Jul/2025:12:37:29 +0000] "POST /get-message-notify HTTP/1.1" 200 19553 "https://alalamy.com.au/items/outdoor/outdoor-shoes/2245182" "Mozilla/5.0 (Linux; Android 6.0.1; Nexus 5X Build/MMB29P) AppleWebKit/537.36 (KHTML, like Gecko) Chrome/137.0.7151.119 Mobile Safari/537.36 (compatible; Googlebot/2.1; +http://www.google.com/bot.html)"
209.74.77.214 - - [21/Jul/2025:12:37:36 +0000] "POST /wp-cron.php?doing_wp_cron=1753101456.4310650825500488281250 HTTP/1.1" 200 - "-" "WordPress/6.8.2; https://alalamy.com.au"
209.74.77.214 - - [21/Jul/2025:12:37:36 +0000] "POST /wp-admin/admin-ajax.php?action=async_litespeed&nonce=48XQD4Ar1Ic0YFE7XHHvFfdyWn2Kwac4&litespeed_type=imgoptm HTTP/1.1" 200 21 "-" "WordPress/6.8.2; https://alalamy.com.au"
51.222.253.8 - - [21/Jul/2025:12:37:35 +0000] "GET /items/gardening/vegetables/5470146/ HTTP/1.1" 404 20400 "-" "Mozilla/5.0 (compatible; AhrefsBot/7.0; +http://ahrefs.com/robot/)"
66.249.65.164 - - [21/Jul/2025:12:38:06 +0000] "POST /get-message-notify HTTP/1.1" 200 19553 "https://alalamy.com.au/items/fashion/womens/3742617/" "Mozilla/5.0 (Linux; Android 6.0.1; Nexus 5X Build/MMB29P) AppleWebKit/537.36 (KHTML, like Gecko) Chrome/137.0.7151.119 Mobile Safari/537.36 (compatible; Googlebot/2.1; +http://www.google.com/bot.html)"
209.74.77.214 - - [21/Jul/2025:12:38:23 +0000] "POST /wp-cron.php?doing_wp_cron=1753101503.1791288852691650390625 HTTP/1.1" 200 - "-" "WordPress/6.8.2; https://alalamy.com.au"
51.222.253.11 - - [21/Jul/2025:12:38:22 +0000] "GET /items/goods/25d/4726881/ HTTP/1.1" 404 20401 "-" "Mozilla/5.0 (compatible; AhrefsBot/7.0; +http://ahrefs.com/robot/)"
209.74.77.214 - - [21/Jul/2025:12:38:23 +0000] "POST /wp-admin/admin-ajax.php?action=async_litespeed&nonce=Zd8EzyqxbszCHVbeiyyjq2wsETaKbRh9&litespeed_type=imgoptm HTTP/1.1" 200 21 "-" "WordPress/6.8.2; https://alalamy.com.au"
209.74.77.214 - - [21/Jul/2025:12:39:04 +0000] "POST /wp-admin/admin-ajax.php?action=async_litespeed&nonce=S6HRuEVTQSWThUGumiyDmv66YVPelqAn&litespeed_type=imgoptm HTTP/1.1" 200 21 "-" "WordPress/6.8.2; https://alalamy.com.au"
51.222.253.16 - - [21/Jul/2025:12:39:13 +0000] "GET /items/goods/sports/5133105/ HTTP/1.1" 404 20401 "-" "Mozilla/5.0 (compatible; AhrefsBot/7.0; +http://ahrefs.com/robot/)"
66.249.65.166 - - [21/Jul/2025:12:39:35 +0000] "GET /?items/kitchen/thermos-pots/alalamy.com.au/pcmypage?callback=product%2Fdetail%2F68014270 HTTP/1.1" 200 19358 "-" "Mozilla/5.0 (Linux; Android 6.0.1; Nexus 5X Build/MMB29P) AppleWebKit/537.36 (KHTML, like Gecko) Chrome/137.0.7151.103 Mobile Safari/537.36 (compatible; GoogleOther)"
66.249.65.165 - - [21/Jul/2025:12:40:01 +0000] "POST /get-message-notify HTTP/1.1" 200 19553 "https://alalamy.com.au/?items/kitchen/thermos-pots/alalamy.com.au/pcmypage?callback=product%2Fdetail%2F68014270" "Mozilla/5.0 (Linux; Android 6.0.1; Nexus 5X Build/MMB29P) AppleWebKit/537.36 (KHTML, like Gecko) Chrome/137.0.7151.119 Mobile Safari/537.36 (compatible; Googlebot/2.1; +http://www.google.com/bot.html)"
209.74.77.214 - - [21/Jul/2025:12:40:06 +0000] "POST /wp-admin/admin-ajax.php?action=async_litespeed&nonce=zGS0IWzIEFgFmFXZDcci6fAHg7DvLa7W&litespeed_type=imgoptm HTTP/1.1" 200 21 "-" "WordPress/6.8.2; https://alalamy.com.au"
51.222.253.11 - - [21/Jul/2025:12:40:11 +0000] "GET /items/goods/weiss-schwarz/4269799/ HTTP/1.1" 404 20401 "-" "Mozilla/5.0 (compatible; AhrefsBot/7.0; +http://ahrefs.com/robot/)"
66.249.65.165 - - [21/Jul/2025:12:40:34 +0000] "GET /items/fashion/jackets/4570704 HTTP/1.1" 200 18719 "-" "Mozilla/5.0 (Linux; Android 6.0.1; Nexus 5X Build/MMB29P) AppleWebKit/537.36 (KHTML, like Gecko) Chrome/137.0.7151.103 Mobile Safari/537.36 (compatible; GoogleOther)"
66.249.65.165 - - [21/Jul/2025:12:40:37 +0000] "POST /get-message-notify HTTP/1.1" 200 19553 "https://alalamy.com.au/items/fashion/jackets/4570704" "Mozilla/5.0 (Linux; Android 6.0.1; Nexus 5X Build/MMB29P) AppleWebKit/537.36 (KHTML, like Gecko) Chrome/137.0.7151.119 Mobile Safari/537.36 (compatible; Googlebot/2.1; +http://www.google.com/bot.html)"
209.74.77.214 - - [21/Jul/2025:12:40:38 +0000] "POST /wp-cron.php?doing_wp_cron=1753101638.1534030437469482421875 HTTP/1.1" 200 - "-" "WordPress/6.8.2; https://alalamy.com.au"
57.141.2.13 - - [21/Jul/2025:12:40:37 +0000] "GET /?k=113477363011900& HTTP/1.1" 301 - "-" "meta-externalagent/1.1 (+https://developers.facebook.com/docs/sharing/webmasters/crawler)"
209.74.77.214 - - [21/Jul/2025:12:40:54 +0000] "POST /wp-cron.php?doing_wp_cron=1753101654.5477049350738525390625 HTTP/1.1" 200 - "-" "WordPress/6.8.2; https://alalamy.com.au"
57.141.2.24 - - [21/Jul/2025:12:40:54 +0000] "GET /?k=113477363011900 HTTP/1.1" 200 144492 "-" "meta-externalagent/1.1 (+https://developers.facebook.com/docs/sharing/webmasters/crawler)"
209.74.77.214 - - [21/Jul/2025:12:41:09 +0000] "POST /wp-admin/admin-ajax.php?action=async_litespeed&nonce=3RaTP7CzSTqT2ZOw1XQyLVLHf1Q1nYOS&litespeed_type=imgoptm HTTP/1.1" 200 21 "-" "WordPress/6.8.2; https://alalamy.com.au"
51.222.253.16 - - [21/Jul/2025:12:41:10 +0000] "GET /items/handicrafts/covers/4466202/ HTTP/1.1" 404 20401 "-" "Mozilla/5.0 (compatible; AhrefsBot/7.0; +http://ahrefs.com/robot/)"
57.141.2.3 - - [21/Jul/2025:12:41:15 +0000] "GET /?k=92058006011900& HTTP/1.1" 301 - "-" "meta-externalagent/1.1 (+https://developers.facebook.com/docs/sharing/webmasters/crawler)"
47.82.11.18 - - [21/Jul/2025:12:41:29 +0000] "GET /?k=6683077041900&mod=ead6d4ad&uri=brands.php?id%3D223200-374%26name%3Dvetements+tropicaux+homme HTTP/1.1" 301 - "https://alalamy.com.au/?k=6683077041900&mod=ead6d4ad&uri=brands.php%3Fid%3D223200-374%26name%3Dvetements+tropicaux+homme" "Mozilla/5.0 (Windows NT 10.0; Win64; x64) AppleWebKit/537.36 (KHTML, like Gecko) Chrome/114.0.0.0 Safari/537.36 Edg/114.0.1823.43"
47.82.11.18 - - [21/Jul/2025:12:41:30 +0000] "GET /?k=6683077041900&mod=ead6d4ad&uri=brands.php?id%3D223200-374%26name%3Dvetements%20tropicaux%20homme HTTP/1.1" 301 - "https://alalamy.com.au/?k=6683077041900&mod=ead6d4ad&uri=brands.php%3Fid%3D223200-374%26name%3Dvetements+tropicaux+homme" "Mozilla/5.0 (Windows NT 10.0; Win64; x64) AppleWebKit/537.36 (KHTML, like Gecko) Chrome/114.0.0.0 Safari/537.36 Edg/114.0.1823.43"
209.74.77.214 - - [21/Jul/2025:12:41:40 +0000] "POST /wp-cron.php?doing_wp_cron=1753101700.3702139854431152343750 HTTP/1.1" 200 - "-" "WordPress/6.8.2; https://alalamy.com.au"
57.141.2.23 - - [21/Jul/2025:12:41:40 +0000] "GET /?k=92058006011900 HTTP/1.1" 200 144492 "-" "meta-externalagent/1.1 (+https://developers.facebook.com/docs/sharing/webmasters/crawler)"
66.249.65.166 - - [21/Jul/2025:12:42:04 +0000] "GET /items/sports/golf/2752371/ HTTP/1.1" 200 19182 "-" "Mozilla/5.0 (Linux; Android 6.0.1; Nexus 5X Build/MMB29P) AppleWebKit/537.36 (KHTML, like Gecko) Chrome/137.0.7151.103 Mobile Safari/537.36 (compatible; GoogleOther)"
209.74.77.214 - - [21/Jul/2025:12:42:06 +0000] "POST /wp-cron.php?doing_wp_cron=1753101726.1722259521484375000000 HTTP/1.1" 200 - "-" "WordPress/6.8.2; https://alalamy.com.au"
51.222.253.3 - - [21/Jul/2025:12:42:05 +0000] "GET /items/handicrafts/fashion/2767151/ HTTP/1.1" 404 20401 "-" "Mozilla/5.0 (compatible; AhrefsBot/7.0; +http://ahrefs.com/robot/)"
209.74.77.214 - - [21/Jul/2025:12:42:06 +0000] "POST /wp-admin/admin-ajax.php?action=async_litespeed&nonce=uTTtbvzuGk9lsh4zs5rctTBZcWdtkNwS&litespeed_type=imgoptm HTTP/1.1" 200 21 "-" "WordPress/6.8.2; https://alalamy.com.au"
66.249.65.165 - - [21/Jul/2025:12:42:07 +0000] "POST /get-message-notify HTTP/1.1" 200 19553 "https://alalamy.com.au/items/sports/golf/2752371/" "Mozilla/5.0 (Linux; Android 6.0.1; Nexus 5X Build/MMB29P) AppleWebKit/537.36 (KHTML, like Gecko) Chrome/137.0.7151.119 Mobile Safari/537.36 (compatible; Googlebot/2.1; +http://www.google.com/bot.html)"
66.249.65.165 - - [21/Jul/2025:12:42:41 +0000] "GET /items/sports/training/3593131/ HTTP/1.1" 200 19451 "-" "Mozilla/5.0 (Linux; Android 6.0.1; Nexus 5X Build/MMB29P) AppleWebKit/537.36 (KHTML, like Gecko) Chrome/137.0.7151.103 Mobile Safari/537.36 (compatible; GoogleOther)"
66.249.65.164 - - [21/Jul/2025:12:42:46 +0000] "POST /get-message-notify HTTP/1.1" 200 19553 "https://alalamy.com.au/items/sports/training/3593131/" "Mozilla/5.0 (Linux; Android 6.0.1; Nexus 5X Build/MMB29P) AppleWebKit/537.36 (KHTML, like Gecko) Chrome/137.0.7151.119 Mobile Safari/537.36 (compatible; Googlebot/2.1; +http://www.google.com/bot.html)"
66.249.65.164 - - [21/Jul/2025:12:42:58 +0000] "GET /items/fashion/womens/3463761/ HTTP/1.1" 200 19242 "-" "Mozilla/5.0 (Linux; Android 6.0.1; Nexus 5X Build/MMB29P) AppleWebKit/537.36 (KHTML, like Gecko) Chrome/137.0.7151.103 Mobile Safari/537.36 (compatible; GoogleOther)"
66.249.65.164 - - [21/Jul/2025:12:43:01 +0000] "POST /get-message-notify HTTP/1.1" 200 19553 "https://alalamy.com.au/items/fashion/womens/3463761/" "Mozilla/5.0 (Linux; Android 6.0.1; Nexus 5X Build/MMB29P) AppleWebKit/537.36 (KHTML, like Gecko) Chrome/137.0.7151.119 Mobile Safari/537.36 (compatible; Googlebot/2.1; +http://www.google.com/bot.html)"
209.74.77.214 - - [21/Jul/2025:12:43:07 +0000] "POST /wp-cron.php?doing_wp_cron=1753101787.6771810054779052734375 HTTP/1.1" 200 - "-" "WordPress/6.8.2; https://alalamy.com.au"
51.222.253.11 - - [21/Jul/2025:12:43:05 +0000] "GET /items/handicrafts/fashion/3120733/ HTTP/1.1" 404 20401 "-" "Mozilla/5.0 (compatible; AhrefsBot/7.0; +http://ahrefs.com/robot/)"
209.74.77.214 - - [21/Jul/2025:12:43:07 +0000] "POST /wp-admin/admin-ajax.php?action=async_litespeed&nonce=dftLlS5PZtPCHs7OcZFmzdwNyhx7FQiX&litespeed_type=imgoptm HTTP/1.1" 200 21 "-" "WordPress/6.8.2; https://alalamy.com.au"
47.82.11.14 - - [21/Jul/2025:12:43:26 +0000] "GET /?k=6421256041900&mod=55e58848&uri=info.php?id%3D214471-183%26name%3Dglamour+new+model+bike+rate HTTP/1.1" 301 - "https://alalamy.com.au/?k=6421256041900&mod=55e58848&uri=info.php%3Fid%3D214471-183%26name%3Dglamour+new+model+bike+rate" "Mozilla/5.0 (Windows NT 10.0; Win64; x64) AppleWebKit/537.36 (KHTML, like Gecko) Chrome/114.0.0.0 Safari/537.36 Edg/114.0.1823.43"
47.82.11.14 - - [21/Jul/2025:12:43:26 +0000] "GET /?k=6421256041900&mod=55e58848&uri=info.php?id%3D214471-183%26name%3Dglamour%20new%20model%20bike%20rate HTTP/1.1" 301 - "https://alalamy.com.au/?k=6421256041900&mod=55e58848&uri=info.php%3Fid%3D214471-183%26name%3Dglamour+new+model+bike+rate" "Mozilla/5.0 (Windows NT 10.0; Win64; x64) AppleWebKit/537.36 (KHTML, like Gecko) Chrome/114.0.0.0 Safari/537.36 Edg/114.0.1823.43"
66.249.65.164 - - [21/Jul/2025:12:43:45 +0000] "GET /items/motorcycles/cars/3620604/ HTTP/1.1" 200 19109 "-" "Mozilla/5.0 (Linux; Android 6.0.1; Nexus 5X Build/MMB29P) AppleWebKit/537.36 (KHTML, like Gecko) Chrome/137.0.7151.103 Mobile Safari/537.36 (compatible; GoogleOther)"
209.74.77.214 - - [21/Jul/2025:12:44:13 +0000] "POST /wp-cron.php?doing_wp_cron=1753101853.4546089172363281250000 HTTP/1.1" 200 - "-" "WordPress/6.8.2; https://alalamy.com.au"
51.222.253.7 - - [21/Jul/2025:12:44:13 +0000] "GET /items/handicrafts/kitchen-supplies/4964117/ HTTP/1.1" 404 20401 "-" "Mozilla/5.0 (compatible; AhrefsBot/7.0; +http://ahrefs.com/robot/)"
209.74.77.214 - - [21/Jul/2025:12:44:13 +0000] "POST /wp-admin/admin-ajax.php?action=async_litespeed&nonce=a4h6qdmh2tg6BFJyLEQxE6vHvG0lT4RQ&litespeed_type=imgoptm HTTP/1.1" 200 21 "-" "WordPress/6.8.2; https://alalamy.com.au"
209.74.77.214 - - [21/Jul/2025:12:44:58 +0000] "POST /wp-cron.php?doing_wp_cron=1753101898.4113249778747558593750 HTTP/1.1" 200 - "-" "WordPress/6.8.2; https://alalamy.com.au"
57.141.2.21 - - [21/Jul/2025:12:44:56 +0000] "GET /?k=14910216091900& HTTP/1.1" 301 - "-" "meta-externalagent/1.1 (+https://developers.facebook.com/docs/sharing/webmasters/crawler)"
209.74.77.214 - - [21/Jul/2025:12:45:21 +0000] "POST /wp-admin/admin-ajax.php?action=async_litespeed&nonce=ZyfDrmK8m38brSuTSXrQHkYT1V3E9QrN&litespeed_type=imgoptm HTTP/1.1" 200 21 "-" "WordPress/6.8.2; https://alalamy.com.au"
51.222.253.9 - - [21/Jul/2025:12:45:22 +0000] "GET /items/handicrafts/living/4157808/ HTTP/1.1" 404 20401 "-" "Mozilla/5.0 (compatible; AhrefsBot/7.0; +http://ahrefs.com/robot/)"
209.74.77.214 - - [21/Jul/2025:12:46:23 +0000] "POST /wp-admin/admin-ajax.php?action=async_litespeed&nonce=ucrGJDOK85H1Sg6c0wkOilE4Q6hvVlrd&litespeed_type=imgoptm HTTP/1.1" 200 21 "-" "WordPress/6.8.2; https://alalamy.com.au"
209.74.77.214 - - [21/Jul/2025:12:46:36 +0000] "POST /wp-cron.php?doing_wp_cron=1753101996.5417590141296386718750 HTTP/1.1" 200 - "-" "WordPress/6.8.2; https://alalamy.com.au"
51.222.253.14 - - [21/Jul/2025:12:46:36 +0000] "GET /items/handmade/fashion/4410257/ HTTP/1.1" 404 20401 "-" "Mozilla/5.0 (compatible; AhrefsBot/7.0; +http://ahrefs.com/robot/)"
209.74.77.214 - - [21/Jul/2025:12:47:26 +0000] "POST /wp-admin/admin-ajax.php?action=async_litespeed&nonce=AltxiL691AAIxARXvJwlCDzIWui83qPV&litespeed_type=imgoptm HTTP/1.1" 200 21 "-" "WordPress/6.8.2; https://alalamy.com.au"
209.74.77.214 - - [21/Jul/2025:12:47:35 +0000] "POST /wp-cron.php?doing_wp_cron=1753102055.4665789604187011718750 HTTP/1.1" 200 - "-" "WordPress/6.8.2; https://alalamy.com.au"
51.222.253.7 - - [21/Jul/2025:12:47:35 +0000] "GET /items/handmade/photography/1848490/ HTTP/1.1" 404 20401 "-" "Mozilla/5.0 (compatible; AhrefsBot/7.0; +http://ahrefs.com/robot/)"
209.74.77.214 - - [21/Jul/2025:12:48:27 +0000] "POST /wp-admin/admin-ajax.php?action=async_litespeed&nonce=aVBI9ynpmpK1sGmhefQd1phyUWVIvHPK&litespeed_type=imgoptm HTTP/1.1" 200 21 "-" "WordPress/6.8.2; https://alalamy.com.au"
209.74.77.214 - - [21/Jul/2025:12:48:41 +0000] "POST /wp-cron.php?doing_wp_cron=1753102121.8466188907623291015625 HTTP/1.1" 200 - "-" "WordPress/6.8.2; https://alalamy.com.au"
51.222.253.7 - - [21/Jul/2025:12:48:41 +0000] "GET /items/health/dha/3672274/ HTTP/1.1" 404 20401 "-" "Mozilla/5.0 (compatible; AhrefsBot/7.0; +http://ahrefs.com/robot/)"
209.74.77.214 - - [21/Jul/2025:12:49:33 +0000] "POST /wp-admin/admin-ajax.php?action=async_litespeed&nonce=86NZ6YUN588OmPKwVVwudL4noiy2Izfm&litespeed_type=imgoptm HTTP/1.1" 200 21 "-" "WordPress/6.8.2; https://alalamy.com.au"
51.222.253.5 - - [21/Jul/2025:12:49:39 +0000] "GET /items/health/health-drinks/2485074/ HTTP/1.1" 404 20401 "-" "Mozilla/5.0 (compatible; AhrefsBot/7.0; +http://ahrefs.com/robot/)"
66.249.65.166 - - [21/Jul/2025:12:49:47 +0000] "GET /items/cameras/zoom-lens/2309359/ HTTP/1.1" 200 18957 "-" "Mozilla/5.0 (Linux; Android 6.0.1; Nexus 5X Build/MMB29P) AppleWebKit/537.36 (KHTML, like Gecko) Chrome/137.0.7151.103 Mobile Safari/537.36 (compatible; GoogleOther)"
66.249.65.166 - - [21/Jul/2025:12:50:01 +0000] "POST /get-message-notify HTTP/1.1" 200 19553 "https://alalamy.com.au/items/cameras/zoom-lens/2309359/" "Mozilla/5.0 (Linux; Android 6.0.1; Nexus 5X Build/MMB29P) AppleWebKit/537.36 (KHTML, like Gecko) Chrome/137.0.7151.119 Mobile Safari/537.36 (compatible; Googlebot/2.1; +http://www.google.com/bot.html)"
209.74.77.214 - - [21/Jul/2025:12:50:09 +0000] "POST /wp-cron.php?doing_wp_cron=1753102209.8763129711151123046875 HTTP/1.1" 200 - "-" "WordPress/6.8.2; https://alalamy.com.au"
47.82.11.23 - - [21/Jul/2025:12:50:09 +0000] "GET /?k=6930605071900&mod=b9b993f4&uri=blog.php?id%3D231461-387%26name%3Dpilates+power+gym+workouts HTTP/1.1" 301 - "https://alalamy.com.au/?k=6930605071900&mod=b9b993f4&uri=blog.php%3Fid%3D231461-387%26name%3Dpilates+power+gym+workouts" "Mozilla/5.0 (Windows NT 10.0; Win64; x64) AppleWebKit/537.36 (KHTML, like Gecko) Chrome/114.0.0.0 Safari/537.36 Edg/114.0.1823.43"
47.82.11.23 - - [21/Jul/2025:12:50:10 +0000] "GET /?k=6930605071900&mod=b9b993f4&uri=blog.php?id%3D231461-387%26name%3Dpilates%20power%20gym%20workouts HTTP/1.1" 301 - "https://alalamy.com.au/?k=6930605071900&mod=b9b993f4&uri=blog.php%3Fid%3D231461-387%26name%3Dpilates+power+gym+workouts" "Mozilla/5.0 (Windows NT 10.0; Win64; x64) AppleWebKit/537.36 (KHTML, like Gecko) Chrome/114.0.0.0 Safari/537.36 Edg/114.0.1823.43"
209.74.77.214 - - [21/Jul/2025:12:50:10 +0000] "POST /wp-admin/admin-ajax.php?action=async_litespeed&nonce=ND8WpIAUCQGDStYjSUybWGZE2SaZddyD&litespeed_type=imgoptm HTTP/1.1" 200 21 "-" "WordPress/6.8.2; https://alalamy.com.au"
66.249.65.165 - - [21/Jul/2025:12:50:31 +0000] "GET /items/fashion/womens/4099263/ HTTP/1.1" 200 18595 "-" "Mozilla/5.0 (Linux; Android 6.0.1; Nexus 5X Build/MMB29P) AppleWebKit/537.36 (KHTML, like Gecko) Chrome/137.0.7151.103 Mobile Safari/537.36 (compatible; GoogleOther)"
57.141.2.19 - - [21/Jul/2025:12:50:37 +0000] "GET /?k=69927490091900& HTTP/1.1" 301 - "-" "meta-externalagent/1.1 (+https://developers.facebook.com/docs/sharing/webmasters/crawler)"
66.249.65.164 - - [21/Jul/2025:12:50:45 +0000] "POST /get-message-notify HTTP/1.1" 200 19553 "https://alalamy.com.au/items/fashion/womens/4099263/" "Mozilla/5.0 (Linux; Android 6.0.1; Nexus 5X Build/MMB29P) AppleWebKit/537.36 (KHTML, like Gecko) Chrome/137.0.7151.119 Mobile Safari/537.36 (compatible; Googlebot/2.1; +http://www.google.com/bot.html)"
209.74.77.214 - - [21/Jul/2025:12:50:58 +0000] "POST /wp-cron.php?doing_wp_cron=1753102258.1223480701446533203125 HTTP/1.1" 200 - "-" "WordPress/6.8.2; https://alalamy.com.au"
51.222.253.9 - - [21/Jul/2025:12:50:57 +0000] "GET /items/health/health/2340040/ HTTP/1.1" 404 20401 "-" "Mozilla/5.0 (compatible; AhrefsBot/7.0; +http://ahrefs.com/robot/)"
66.249.65.166 - - [21/Jul/2025:12:51:27 +0000] "GET /items/handmade/interior/2803582/ HTTP/1.1" 200 21755 "-" "Mozilla/5.0 (Linux; Android 6.0.1; Nexus 5X Build/MMB29P) AppleWebKit/537.36 (KHTML, like Gecko) Chrome/137.0.7151.103 Mobile Safari/537.36 (compatible; GoogleOther)"
66.249.65.165 - - [21/Jul/2025:12:51:30 +0000] "POST /get-message-notify HTTP/1.1" 200 19553 "https://alalamy.com.au/items/handmade/interior/2803582/" "Mozilla/5.0 (Linux; Android 6.0.1; Nexus 5X Build/MMB29P) AppleWebKit/537.36 (KHTML, like Gecko) Chrome/137.0.7151.119 Mobile Safari/537.36 (compatible; Googlebot/2.1; +http://www.google.com/bot.html)"
209.74.77.214 - - [21/Jul/2025:12:51:40 +0000] "POST /wp-admin/admin-ajax.php?action=async_litespeed&nonce=0KZVtnE0s5SqkkOASj3ZudXJZZQAfD0P&litespeed_type=imgoptm HTTP/1.1" 200 21 "-" "WordPress/6.8.2; https://alalamy.com.au"
209.74.77.214 - - [21/Jul/2025:12:52:05 +0000] "POST /wp-cron.php?doing_wp_cron=1753102325.4950690269470214843750 HTTP/1.1" 200 - "-" "WordPress/6.8.2; https://alalamy.com.au"
51.222.253.2 - - [21/Jul/2025:12:52:05 +0000] "GET /items/health/supplements/4686588/ HTTP/1.1" 404 20401 "-" "Mozilla/5.0 (compatible; AhrefsBot/7.0; +http://ahrefs.com/robot/)"
209.74.77.214 - - [21/Jul/2025:12:52:05 +0000] "POST /wp-admin/admin-ajax.php?action=async_litespeed&nonce=RdFwTDODWX8LNQRFMfAtAOoXMeK2TngY&litespeed_type=imgoptm HTTP/1.1" 200 21 "-" "WordPress/6.8.2; https://alalamy.com.au"
66.249.65.166 - - [21/Jul/2025:12:52:31 +0000] "GET /items/handmade/fashion/3987621/ HTTP/1.1" 200 20658 "-" "Mozilla/5.0 (Linux; Android 6.0.1; Nexus 5X Build/MMB29P) AppleWebKit/537.36 (KHTML, like Gecko) Chrome/137.0.7151.103 Mobile Safari/537.36 (compatible; GoogleOther)"
66.249.65.164 - - [21/Jul/2025:12:52:35 +0000] "POST /get-message-notify HTTP/1.1" 200 19553 "https://alalamy.com.au/items/handmade/fashion/3987621/" "Mozilla/5.0 (Linux; Android 6.0.1; Nexus 5X Build/MMB29P) AppleWebKit/537.36 (KHTML, like Gecko) Chrome/137.0.7151.119 Mobile Safari/537.36 (compatible; Googlebot/2.1; +http://www.google.com/bot.html)"
