66.249.65.164 - - [21/Jul/2025:17:41:26 +0000] "GET /items/sports/golf/3998118/alalamy.com.au/hobby.html HTTP/1.1" 200 21754 "-" "Mozilla/5.0 (Linux; Android 6.0.1; Nexus 5X Build/MMB29P) AppleWebKit/537.36 (KHTML, like Gecko) Chrome/137.0.7151.103 Mobile Safari/537.36 (compatible; GoogleOther)"
66.249.65.164 - - [21/Jul/2025:17:41:28 +0000] "GET /items/fashion/womens/4889899/ HTTP/1.1" 200 19530 "-" "Mozilla/5.0 (Linux; Android 6.0.1; Nexus 5X Build/MMB29P) AppleWebKit/537.36 (KHTML, like Gecko) Chrome/137.0.7151.103 Mobile Safari/537.36 (compatible; GoogleOther)"
216.73.216.97 - - [21/Jul/2025:17:41:47 +0000] "GET /sitemap-7.xml HTTP/1.1" 200 4110 "-" "Mozilla/5.0 AppleWebKit/537.36 (KHTML, like Gecko; compatible; ClaudeBot/1.0; [email protected])"
51.222.253.15 - - [21/Jul/2025:17:41:49 +0000] "GET /items/diy/electrical-materials/3303004/ HTTP/1.1" 404 20400 "-" "Mozilla/5.0 (compatible; AhrefsBot/7.0; +http://ahrefs.com/robot/)"
209.74.77.214 - - [21/Jul/2025:17:41:52 +0000] "POST /wp-cron.php?doing_wp_cron=1753119711.9808170795440673828125 HTTP/1.1" 200 - "-" "WordPress/6.8.2; https://alalamy.com.au"
47.82.11.36 - - [21/Jul/2025:17:41:51 +0000] "GET /?k=6564625011900&mod=0bb3498d&uri=info.php?id%3D219251-367%26name%3Deasy+up+coleman+tent HTTP/1.1" 301 - "https://alalamy.com.au/?k=6564625011900&mod=0bb3498d&uri=info.php%3Fid%3D219251-367%26name%3Deasy+up+coleman+tent" "Mozilla/5.0 (Windows NT 10.0; Win64; x64) AppleWebKit/537.36 (KHTML, like Gecko) Chrome/114.0.0.0 Safari/537.36 Edg/114.0.1823.43"
47.82.11.36 - - [21/Jul/2025:17:41:52 +0000] "GET /?k=6564625011900&mod=0bb3498d&uri=info.php?id%3D219251-367%26name%3Deasy%20up%20coleman%20tent HTTP/1.1" 301 - "https://alalamy.com.au/?k=6564625011900&mod=0bb3498d&uri=info.php%3Fid%3D219251-367%26name%3Deasy+up+coleman+tent" "Mozilla/5.0 (Windows NT 10.0; Win64; x64) AppleWebKit/537.36 (KHTML, like Gecko) Chrome/114.0.0.0 Safari/537.36 Edg/114.0.1823.43"
209.74.77.214 - - [21/Jul/2025:17:42:26 +0000] "POST /wp-cron.php?doing_wp_cron=1753119746.1565821170806884765625 HTTP/1.1" 200 - "-" "WordPress/6.8.2; https://alalamy.com.au"
51.222.253.3 - - [21/Jul/2025:17:42:25 +0000] "GET /items/diy/others/3163988/ HTTP/1.1" 404 20401 "-" "Mozilla/5.0 (compatible; AhrefsBot/7.0; +http://ahrefs.com/robot/)"
209.74.77.214 - - [21/Jul/2025:17:42:26 +0000] "POST /wp-admin/admin-ajax.php?action=async_litespeed&nonce=vMdIB53PCFAeKP0lGXRSlx9bwCMxc7MG&litespeed_type=imgoptm HTTP/1.1" 200 21 "-" "WordPress/6.8.2; https://alalamy.com.au"
51.222.253.4 - - [21/Jul/2025:17:42:50 +0000] "GET /items/diy/pliers/5222221/ HTTP/1.1" 404 20401 "-" "Mozilla/5.0 (compatible; AhrefsBot/7.0; +http://ahrefs.com/robot/)"
209.74.77.214 - - [21/Jul/2025:17:43:14 +0000] "POST /wp-admin/admin-ajax.php?action=async_litespeed&nonce=8Ly1hnwCePxAzu9mWE9F4NIyXfNOz8mD&litespeed_type=imgoptm HTTP/1.1" 200 21 "-" "WordPress/6.8.2; https://alalamy.com.au"
51.222.253.8 - - [21/Jul/2025:17:43:23 +0000] "GET /items/diy/spray-paints/1966968/ HTTP/1.1" 404 20401 "-" "Mozilla/5.0 (compatible; AhrefsBot/7.0; +http://ahrefs.com/robot/)"
66.249.65.165 - - [21/Jul/2025:17:43:42 +0000] "GET / HTTP/1.1" 200 19426 "-" "Mozilla/5.0 (Linux; Android 6.0.1; Nexus 5X Build/MMB29P) AppleWebKit/537.36 (KHTML, like Gecko) Chrome/137.0.7151.103 Mobile Safari/537.36 (compatible; Googlebot/2.1; +http://www.google.com/bot.html)"
66.249.65.165 - - [21/Jul/2025:17:43:43 +0000] "POST /get-message-notify HTTP/1.1" 200 19554 "https://alalamy.com.au/" "Mozilla/5.0 (Linux; Android 6.0.1; Nexus 5X Build/MMB29P) AppleWebKit/537.36 (KHTML, like Gecko) Chrome/137.0.7151.119 Mobile Safari/537.36 (compatible; Googlebot/2.1; +http://www.google.com/bot.html)"
51.222.253.17 - - [21/Jul/2025:17:43:55 +0000] "GET /items/diy/wrenches/2312316/ HTTP/1.1" 404 20401 "-" "Mozilla/5.0 (compatible; AhrefsBot/7.0; +http://ahrefs.com/robot/)"
209.74.77.214 - - [21/Jul/2025:17:44:28 +0000] "POST /wp-cron.php?doing_wp_cron=1753119868.9162909984588623046875 HTTP/1.1" 200 - "-" "WordPress/6.8.2; https://alalamy.com.au"
51.222.253.8 - - [21/Jul/2025:17:44:28 +0000] "GET /items/drinks/drinks/3396122/ HTTP/1.1" 404 20401 "-" "Mozilla/5.0 (compatible; AhrefsBot/7.0; +http://ahrefs.com/robot/)"
209.74.77.214 - - [21/Jul/2025:17:44:29 +0000] "POST /wp-admin/admin-ajax.php?action=async_litespeed&nonce=bFHFTVBB5mw8HxkzGaexNARJzfKlI41t&litespeed_type=imgoptm HTTP/1.1" 200 21 "-" "WordPress/6.8.2; https://alalamy.com.au"
209.74.77.214 - - [21/Jul/2025:17:44:55 +0000] "POST /wp-cron.php?doing_wp_cron=1753119895.2031030654907226562500 HTTP/1.1" 200 - "-" "WordPress/6.8.2; https://alalamy.com.au"
51.222.253.10 - - [21/Jul/2025:17:44:54 +0000] "GET /items/drinks/food/2478055/ HTTP/1.1" 404 20401 "-" "Mozilla/5.0 (compatible; AhrefsBot/7.0; +http://ahrefs.com/robot/)"
209.74.77.214 - - [21/Jul/2025:17:45:23 +0000] "POST /wp-cron.php?doing_wp_cron=1753119923.2047328948974609375000 HTTP/1.1" 200 - "-" "WordPress/6.8.2; https://alalamy.com.au"
51.222.253.1 - - [21/Jul/2025:17:45:22 +0000] "GET /items/drinks/food/3832290/ HTTP/1.1" 404 20401 "-" "Mozilla/5.0 (compatible; AhrefsBot/7.0; +http://ahrefs.com/robot/)"
209.74.77.214 - - [21/Jul/2025:17:45:23 +0000] "POST /wp-admin/admin-ajax.php?action=async_litespeed&nonce=thy3S2wPvMYKuhHWgKbR9M8uAIpFLEDK&litespeed_type=imgoptm HTTP/1.1" 200 21 "-" "WordPress/6.8.2; https://alalamy.com.au"
209.74.77.214 - - [21/Jul/2025:17:45:52 +0000] "POST /wp-cron.php?doing_wp_cron=1753119952.5722210407257080078125 HTTP/1.1" 200 - "-" "WordPress/6.8.2; https://alalamy.com.au"
51.222.253.13 - - [21/Jul/2025:17:45:52 +0000] "GET /items/drinks/low-malt-beer/2352745/ HTTP/1.1" 404 20401 "-" "Mozilla/5.0 (compatible; AhrefsBot/7.0; +http://ahrefs.com/robot/)"
216.73.216.97 - - [21/Jul/2025:17:46:11 +0000] "GET /sitemap-17.xml HTTP/1.1" 200 4111 "-" "Mozilla/5.0 AppleWebKit/537.36 (KHTML, like Gecko; compatible; ClaudeBot/1.0; [email protected])"
209.74.77.214 - - [21/Jul/2025:17:46:18 +0000] "POST /wp-cron.php?doing_wp_cron=1753119977.9862139225006103515625 HTTP/1.1" 200 - "-" "WordPress/6.8.2; https://alalamy.com.au"
51.222.253.13 - - [21/Jul/2025:17:46:17 +0000] "GET /items/drinks/shochu/3201479/ HTTP/1.1" 404 20401 "-" "Mozilla/5.0 (compatible; AhrefsBot/7.0; +http://ahrefs.com/robot/)"
209.74.77.214 - - [21/Jul/2025:17:46:18 +0000] "POST /wp-admin/admin-ajax.php?action=async_litespeed&nonce=V7ThASAfU6BSr1DkZlZqSwPsHSFvoCU4&litespeed_type=imgoptm HTTP/1.1" 200 21 "-" "WordPress/6.8.2; https://alalamy.com.au"
209.74.77.214 - - [21/Jul/2025:17:46:46 +0000] "POST /wp-cron.php?doing_wp_cron=1753120006.3296821117401123046875 HTTP/1.1" 200 - "-" "WordPress/6.8.2; https://alalamy.com.au"
51.222.253.10 - - [21/Jul/2025:17:46:45 +0000] "GET /items/drinks/whiskey/3082518/ HTTP/1.1" 404 20400 "-" "Mozilla/5.0 (compatible; AhrefsBot/7.0; +http://ahrefs.com/robot/)"
209.74.77.214 - - [21/Jul/2025:17:46:54 +0000] "POST /wp-cron.php?doing_wp_cron=1753120014.0927319526672363281250 HTTP/1.1" 200 - "-" "WordPress/6.8.2; https://alalamy.com.au"
57.141.2.6 - - [21/Jul/2025:17:46:53 +0000] "GET /?k=91617913031900& HTTP/1.1" 301 - "-" "meta-externalagent/1.1 (+https://developers.facebook.com/docs/sharing/webmasters/crawler)"
209.74.77.214 - - [21/Jul/2025:17:47:11 +0000] "POST /wp-cron.php?doing_wp_cron=1753120031.2912929058074951171875 HTTP/1.1" 200 - "-" "WordPress/6.8.2; https://alalamy.com.au"
51.222.253.19 - - [21/Jul/2025:17:47:11 +0000] "GET /items/drinks/whiskey/4303432/ HTTP/1.1" 404 20401 "-" "Mozilla/5.0 (compatible; AhrefsBot/7.0; +http://ahrefs.com/robot/)"
209.74.77.214 - - [21/Jul/2025:17:47:11 +0000] "POST /wp-admin/admin-ajax.php?action=async_litespeed&nonce=87UzNKQ1swAHocvwe279oKafYOFp6hI4&litespeed_type=imgoptm HTTP/1.1" 200 21 "-" "WordPress/6.8.2; https://alalamy.com.au"
57.141.2.26 - - [21/Jul/2025:17:47:18 +0000] "GET /?k=91617913031900 HTTP/1.1" 200 144492 "-" "meta-externalagent/1.1 (+https://developers.facebook.com/docs/sharing/webmasters/crawler)"
209.74.77.214 - - [21/Jul/2025:17:47:37 +0000] "POST /wp-cron.php?doing_wp_cron=1753120057.5409629344940185546875 HTTP/1.1" 200 - "-" "WordPress/6.8.2; https://alalamy.com.au"
51.222.253.2 - - [21/Jul/2025:17:47:37 +0000] "GET /items/dvds/blu-ray/4128676/ HTTP/1.1" 404 20401 "-" "Mozilla/5.0 (compatible; AhrefsBot/7.0; +http://ahrefs.com/robot/)"
209.74.77.214 - - [21/Jul/2025:17:47:57 +0000] "POST /wp-cron.php?doing_wp_cron=1753120077.8127360343933105468750 HTTP/1.1" 200 - "-" "WordPress/6.8.2; https://alalamy.com.au"
51.222.253.6 - - [21/Jul/2025:17:47:57 +0000] "GET /items/dvds/cassette-tapes/3329494/ HTTP/1.1" 404 20401 "-" "Mozilla/5.0 (compatible; AhrefsBot/7.0; +http://ahrefs.com/robot/)"
209.74.77.214 - - [21/Jul/2025:17:48:13 +0000] "POST /wp-admin/admin-ajax.php?action=async_litespeed&nonce=UMYtkAtpg4H414GqEbuZKhQmJKz8I4SS&litespeed_type=imgoptm HTTP/1.1" 200 21 "-" "WordPress/6.8.2; https://alalamy.com.au"
51.222.253.17 - - [21/Jul/2025:17:48:21 +0000] "GET /items/dvds/cds/3678930/ HTTP/1.1" 404 20400 "-" "Mozilla/5.0 (compatible; AhrefsBot/7.0; +http://ahrefs.com/robot/)"
209.74.77.214 - - [21/Jul/2025:17:48:46 +0000] "POST /wp-cron.php?doing_wp_cron=1753120126.5253269672393798828125 HTTP/1.1" 200 - "-" "WordPress/6.8.2; https://alalamy.com.au"
51.222.253.3 - - [21/Jul/2025:17:48:46 +0000] "GET /items/dvds/dvd/2104140/ HTTP/1.1" 404 20401 "-" "Mozilla/5.0 (compatible; AhrefsBot/7.0; +http://ahrefs.com/robot/)"
209.74.77.214 - - [21/Jul/2025:17:49:05 +0000] "POST /wp-admin/admin-ajax.php?action=async_litespeed&nonce=BTOS3ZZrDycdKdCjrHSdwKrZL5aJBNUO&litespeed_type=imgoptm HTTP/1.1" 200 21 "-" "WordPress/6.8.2; https://alalamy.com.au"
51.222.253.13 - - [21/Jul/2025:17:49:14 +0000] "GET /items/dvds/dvd/2160059/ HTTP/1.1" 404 20401 "-" "Mozilla/5.0 (compatible; AhrefsBot/7.0; +http://ahrefs.com/robot/)"
209.74.77.214 - - [21/Jul/2025:17:49:41 +0000] "POST /wp-cron.php?doing_wp_cron=1753120181.8026850223541259765625 HTTP/1.1" 200 - "-" "WordPress/6.8.2; https://alalamy.com.au"
57.141.2.15 - - [21/Jul/2025:17:49:41 +0000] "GET /?k=69208344031900& HTTP/1.1" 301 - "-" "meta-externalagent/1.1 (+https://developers.facebook.com/docs/sharing/webmasters/crawler)"
51.222.253.12 - - [21/Jul/2025:17:49:43 +0000] "GET /items/dvds/dvd/3161805/ HTTP/1.1" 404 20401 "-" "Mozilla/5.0 (compatible; AhrefsBot/7.0; +http://ahrefs.com/robot/)"
209.74.77.214 - - [21/Jul/2025:17:50:06 +0000] "POST /wp-admin/admin-ajax.php?action=async_litespeed&nonce=CWV4skJbWDXgCxvLas66uS5NA93HU783&litespeed_type=imgoptm HTTP/1.1" 200 21 "-" "WordPress/6.8.2; https://alalamy.com.au"
51.222.253.9 - - [21/Jul/2025:17:50:14 +0000] "GET /items/dvds/dvd/4251229/ HTTP/1.1" 404 20401 "-" "Mozilla/5.0 (compatible; AhrefsBot/7.0; +http://ahrefs.com/robot/)"
51.222.253.11 - - [21/Jul/2025:17:50:45 +0000] "GET /items/dvds/dvd/4421672/ HTTP/1.1" 404 20401 "-" "Mozilla/5.0 (compatible; AhrefsBot/7.0; +http://ahrefs.com/robot/)"
57.141.2.25 - - [21/Jul/2025:17:50:49 +0000] "GET /?k=52108978011900& HTTP/1.1" 301 - "-" "meta-externalagent/1.1 (+https://developers.facebook.com/docs/sharing/webmasters/crawler)"
209.74.77.214 - - [21/Jul/2025:17:51:10 +0000] "POST /wp-admin/admin-ajax.php?action=async_litespeed&nonce=NaSgL03bKP7Aacc9Y60rkYJmaGDowJn2&litespeed_type=imgoptm HTTP/1.1" 200 21 "-" "WordPress/6.8.2; https://alalamy.com.au"
51.222.253.1 - - [21/Jul/2025:17:51:12 +0000] "GET /items/dvds/japanese-music/1616918/ HTTP/1.1" 404 20401 "-" "Mozilla/5.0 (compatible; AhrefsBot/7.0; +http://ahrefs.com/robot/)"
209.74.77.214 - - [21/Jul/2025:17:51:50 +0000] "POST /wp-cron.php?doing_wp_cron=1753120310.5376329421997070312500 HTTP/1.1" 200 - "-" "WordPress/6.8.2; https://alalamy.com.au"
51.222.253.15 - - [21/Jul/2025:17:51:50 +0000] "GET /items/dvds/records/3978577/ HTTP/1.1" 404 20400 "-" "Mozilla/5.0 (compatible; AhrefsBot/7.0; +http://ahrefs.com/robot/)"
209.74.77.214 - - [21/Jul/2025:17:52:11 +0000] "POST /wp-admin/admin-ajax.php?action=async_litespeed&nonce=NZsWmZ64GFmRJkinyGhTFhCX1KUHCFOJ&litespeed_type=imgoptm HTTP/1.1" 200 21 "-" "WordPress/6.8.2; https://alalamy.com.au"
51.222.253.9 - - [21/Jul/2025:17:52:14 +0000] "GET /items/dvds/records/3987873/ HTTP/1.1" 404 20401 "-" "Mozilla/5.0 (compatible; AhrefsBot/7.0; +http://ahrefs.com/robot/)"
209.74.77.214 - - [21/Jul/2025:17:52:46 +0000] "POST /wp-cron.php?doing_wp_cron=1753120366.8341369628906250000000 HTTP/1.1" 200 - "-" "WordPress/6.8.2; https://alalamy.com.au"
51.222.253.10 - - [21/Jul/2025:17:52:46 +0000] "GET /items/fashion/accessories/2625491/ HTTP/1.1" 404 20401 "-" "Mozilla/5.0 (compatible; AhrefsBot/7.0; +http://ahrefs.com/robot/)"
209.74.77.214 - - [21/Jul/2025:17:53:12 +0000] "POST /wp-admin/admin-ajax.php?action=async_litespeed&nonce=8LxYb2N4kqgf6QPz91SEK5NTRQpYHkWy&litespeed_type=imgoptm HTTP/1.1" 200 21 "-" "WordPress/6.8.2; https://alalamy.com.au"
209.74.77.214 - - [21/Jul/2025:17:53:38 +0000] "POST /wp-cron.php?doing_wp_cron=1753120418.0667290687561035156250 HTTP/1.1" 200 - "-" "WordPress/6.8.2; https://alalamy.com.au"
51.222.253.5 - - [21/Jul/2025:17:53:37 +0000] "GET /items/fashion/accessories/2840903/ HTTP/1.1" 404 20401 "-" "Mozilla/5.0 (compatible; AhrefsBot/7.0; +http://ahrefs.com/robot/)"
209.74.77.214 - - [21/Jul/2025:17:54:08 +0000] "POST /wp-cron.php?doing_wp_cron=1753120448.0131170749664306640625 HTTP/1.1" 200 - "-" "WordPress/6.8.2; https://alalamy.com.au"
51.222.253.6 - - [21/Jul/2025:17:54:07 +0000] "GET /items/fashion/accessories/3005876/ HTTP/1.1" 404 20401 "-" "Mozilla/5.0 (compatible; AhrefsBot/7.0; +http://ahrefs.com/robot/)"
209.74.77.214 - - [21/Jul/2025:17:54:08 +0000] "POST /wp-admin/admin-ajax.php?action=async_litespeed&nonce=3GtpLmAvPrkKJCX6J29jSkAcXijxPHJR&litespeed_type=imgoptm HTTP/1.1" 200 21 "-" "WordPress/6.8.2; https://alalamy.com.au"
209.74.77.214 - - [21/Jul/2025:17:54:47 +0000] "POST /wp-cron.php?doing_wp_cron=1753120487.3808989524841308593750 HTTP/1.1" 200 - "-" "WordPress/6.8.2; https://alalamy.com.au"
51.222.253.5 - - [21/Jul/2025:17:54:47 +0000] "GET /items/fashion/accessories/4748670/ HTTP/1.1" 404 20401 "-" "Mozilla/5.0 (compatible; AhrefsBot/7.0; +http://ahrefs.com/robot/)"
209.74.77.214 - - [21/Jul/2025:17:55:22 +0000] "POST /wp-admin/admin-ajax.php?action=async_litespeed&nonce=aHYcIEVsbymAocuS0G1JLpP48W7wbjIW&litespeed_type=imgoptm HTTP/1.1" 200 21 "-" "WordPress/6.8.2; https://alalamy.com.au"
51.222.253.7 - - [21/Jul/2025:17:55:23 +0000] "GET /items/fashion/accessories/4880012/ HTTP/1.1" 404 20401 "-" "Mozilla/5.0 (compatible; AhrefsBot/7.0; +http://ahrefs.com/robot/)"
209.74.77.214 - - [21/Jul/2025:17:55:37 +0000] "POST /wp-cron.php?doing_wp_cron=1753120537.5700900554656982421875 HTTP/1.1" 200 - "-" "WordPress/6.8.2; https://alalamy.com.au"
216.73.216.97 - - [21/Jul/2025:17:55:37 +0000] "GET /shopbrand/9659801.htm HTTP/1.1" 404 20401 "-" "Mozilla/5.0 AppleWebKit/537.36 (KHTML, like Gecko; compatible; ClaudeBot/1.0; [email protected])"
216.73.216.97 - - [21/Jul/2025:17:55:39 +0000] "GET /shopbrand/9773225.htm HTTP/1.1" 404 20401 "-" "Mozilla/5.0 AppleWebKit/537.36 (KHTML, like Gecko; compatible; ClaudeBot/1.0; [email protected])"
216.73.216.97 - - [21/Jul/2025:17:55:42 +0000] "GET /shopbrand/9659670.htm HTTP/1.1" 404 20401 "-" "Mozilla/5.0 AppleWebKit/537.36 (KHTML, like Gecko; compatible; ClaudeBot/1.0; [email protected])"
216.73.216.97 - - [21/Jul/2025:17:55:45 +0000] "GET /shopbrand/9772512.htm HTTP/1.1" 404 20401 "-" "Mozilla/5.0 AppleWebKit/537.36 (KHTML, like Gecko; compatible; ClaudeBot/1.0; [email protected])"
216.73.216.97 - - [21/Jul/2025:17:55:48 +0000] "GET /shopbrand/9771011.htm HTTP/1.1" 404 20401 "-" "Mozilla/5.0 AppleWebKit/537.36 (KHTML, like Gecko; compatible; ClaudeBot/1.0; [email protected])"
209.74.77.214 - - [21/Jul/2025:17:55:51 +0000] "POST /wp-cron.php?doing_wp_cron=1753120551.9082169532775878906250 HTTP/1.1" 200 - "-" "WordPress/6.8.2; https://alalamy.com.au"
216.73.216.97 - - [21/Jul/2025:17:55:51 +0000] "GET /shopbrand/9732937.htm HTTP/1.1" 404 20401 "-" "Mozilla/5.0 AppleWebKit/537.36 (KHTML, like Gecko; compatible; ClaudeBot/1.0; [email protected])"
216.73.216.97 - - [21/Jul/2025:17:55:55 +0000] "GET /shopbrand/9739990.htm HTTP/1.1" 404 20400 "-" "Mozilla/5.0 AppleWebKit/537.36 (KHTML, like Gecko; compatible; ClaudeBot/1.0; [email protected])"
216.73.216.97 - - [21/Jul/2025:17:55:57 +0000] "GET /shopbrand/9658532.htm HTTP/1.1" 404 20401 "-" "Mozilla/5.0 AppleWebKit/537.36 (KHTML, like Gecko; compatible; ClaudeBot/1.0; [email protected])"
216.73.216.97 - - [21/Jul/2025:17:56:00 +0000] "GET /shopbrand/9656906.htm HTTP/1.1" 404 20401 "-" "Mozilla/5.0 AppleWebKit/537.36 (KHTML, like Gecko; compatible; ClaudeBot/1.0; [email protected])"
209.74.77.214 - - [21/Jul/2025:17:56:03 +0000] "POST /wp-cron.php?doing_wp_cron=1753120563.9312219619750976562500 HTTP/1.1" 200 - "-" "WordPress/6.8.2; https://alalamy.com.au"
216.73.216.97 - - [21/Jul/2025:17:56:03 +0000] "GET /shopbrand/9773650.htm HTTP/1.1" 404 20401 "-" "Mozilla/5.0 AppleWebKit/537.36 (KHTML, like Gecko; compatible; ClaudeBot/1.0; [email protected])"
209.74.77.214 - - [21/Jul/2025:17:56:04 +0000] "POST /wp-admin/admin-ajax.php?action=async_litespeed&nonce=s4UX82EjbgFvbRT7UvF08nAQB70xiXiZ&litespeed_type=imgoptm HTTP/1.1" 200 21 "-" "WordPress/6.8.2; https://alalamy.com.au"
51.222.253.2 - - [21/Jul/2025:17:56:06 +0000] "GET /items/fashion/bags/1755123/ HTTP/1.1" 404 20401 "-" "Mozilla/5.0 (compatible; AhrefsBot/7.0; +http://ahrefs.com/robot/)"
216.73.216.97 - - [21/Jul/2025:17:56:06 +0000] "GET /shopbrand/9675794.htm HTTP/1.1" 404 20401 "-" "Mozilla/5.0 AppleWebKit/537.36 (KHTML, like Gecko; compatible; ClaudeBot/1.0; [email protected])"
216.73.216.97 - - [21/Jul/2025:17:56:09 +0000] "GET /shopbrand/9731966.htm HTTP/1.1" 404 20401 "-" "Mozilla/5.0 AppleWebKit/537.36 (KHTML, like Gecko; compatible; ClaudeBot/1.0; [email protected])"
216.73.216.97 - - [21/Jul/2025:17:56:12 +0000] "GET /shopbrand/9661610.htm HTTP/1.1" 404 20401 "-" "Mozilla/5.0 AppleWebKit/537.36 (KHTML, like Gecko; compatible; ClaudeBot/1.0; [email protected])"
216.73.216.97 - - [21/Jul/2025:17:56:15 +0000] "GET /shopbrand/9771285.htm HTTP/1.1" 404 20401 "-" "Mozilla/5.0 AppleWebKit/537.36 (KHTML, like Gecko; compatible; ClaudeBot/1.0; [email protected])"
216.73.216.97 - - [21/Jul/2025:17:56:18 +0000] "GET /shopbrand/9713036.htm HTTP/1.1" 404 20401 "-" "Mozilla/5.0 AppleWebKit/537.36 (KHTML, like Gecko; compatible; ClaudeBot/1.0; [email protected])"
216.73.216.97 - - [21/Jul/2025:17:56:21 +0000] "GET /shopbrand/9777798.htm HTTP/1.1" 404 20400 "-" "Mozilla/5.0 AppleWebKit/537.36 (KHTML, like Gecko; compatible; ClaudeBot/1.0; [email protected])"
216.73.216.97 - - [21/Jul/2025:17:56:24 +0000] "GET /shopbrand/9774637.htm HTTP/1.1" 404 20401 "-" "Mozilla/5.0 AppleWebKit/537.36 (KHTML, like Gecko; compatible; ClaudeBot/1.0; [email protected])"
216.73.216.97 - - [21/Jul/2025:17:56:27 +0000] "GET /shopbrand/9774903.htm HTTP/1.1" 404 20401 "-" "Mozilla/5.0 AppleWebKit/537.36 (KHTML, like Gecko; compatible; ClaudeBot/1.0; [email protected])"
216.73.216.97 - - [21/Jul/2025:17:56:30 +0000] "GET /shopbrand/9660897.htm HTTP/1.1" 404 20401 "-" "Mozilla/5.0 AppleWebKit/537.36 (KHTML, like Gecko; compatible; ClaudeBot/1.0; [email protected])"
209.74.77.214 - - [21/Jul/2025:17:56:33 +0000] "POST /wp-cron.php?doing_wp_cron=1753120593.9299829006195068359375 HTTP/1.1" 200 - "-" "WordPress/6.8.2; https://alalamy.com.au"
216.73.216.97 - - [21/Jul/2025:17:56:33 +0000] "GET /shopbrand/9668822.htm HTTP/1.1" 404 20401 "-" "Mozilla/5.0 AppleWebKit/537.36 (KHTML, like Gecko; compatible; ClaudeBot/1.0; [email protected])"
52.89.247.3 - - [21/Jul/2025:17:56:36 +0000] "GET /wp-content/uploads/2024/09/cafeee.png HTTP/1.1" 200 316309 "-" "python-requests/2.32.0"
52.89.247.3 - - [21/Jul/2025:17:56:36 +0000] "GET /wp-content/uploads/2022/03/service1.jpg HTTP/1.1" 200 168909 "-" "python-requests/2.32.0"
52.89.247.3 - - [21/Jul/2025:17:56:36 +0000] "GET /wp-content/uploads/2022/03/service2.jpg HTTP/1.1" 200 175245 "-" "python-requests/2.32.0"
216.73.216.97 - - [21/Jul/2025:17:56:36 +0000] "GET /shopbrand/9689968.htm HTTP/1.1" 404 20401 "-" "Mozilla/5.0 AppleWebKit/537.36 (KHTML, like Gecko; compatible; ClaudeBot/1.0; [email protected])"
52.89.247.3 - - [21/Jul/2025:17:56:37 +0000] "GET /wp-content/uploads/2022/03/service3.jpg HTTP/1.1" 200 206389 "-" "python-requests/2.32.0"
52.89.247.3 - - [21/Jul/2025:17:56:37 +0000] "GET /wp-content/uploads/2022/03/menu1.jpg HTTP/1.1" 200 145586 "-" "python-requests/2.32.0"
52.89.247.3 - - [21/Jul/2025:17:56:37 +0000] "GET /wp-content/uploads/2022/03/menu2.jpg HTTP/1.1" 200 193493 "-" "python-requests/2.32.0"
52.89.247.3 - - [21/Jul/2025:17:56:38 +0000] "GET /wp-content/uploads/2022/03/menu4.jpg HTTP/1.1" 200 234462 "-" "python-requests/2.32.0"
52.89.247.3 - - [21/Jul/2025:17:56:38 +0000] "GET /wp-content/uploads/2024/09/2ca013755a78033f7f17219a1ae0c002.jpg HTTP/1.1" 200 170683 "-" "python-requests/2.32.0"
52.89.247.3 - - [21/Jul/2025:17:56:40 +0000] "GET /wp-content/uploads/2022/03/grid_gal1.jpg HTTP/1.1" 200 88913 "-" "python-requests/2.32.0"
216.73.216.97 - - [21/Jul/2025:17:56:39 +0000] "GET /shopbrand/9718880.htm HTTP/1.1" 404 20401 "-" "Mozilla/5.0 AppleWebKit/537.36 (KHTML, like Gecko; compatible; ClaudeBot/1.0; [email protected])"
52.89.247.3 - - [21/Jul/2025:17:56:40 +0000] "GET /wp-content/uploads/2022/03/grid_gal2-900x601.jpg HTTP/1.1" 200 41206 "-" "python-requests/2.32.0"
52.89.247.3 - - [21/Jul/2025:17:56:40 +0000] "GET /wp-content/uploads/2022/03/grid_gal3.jpg HTTP/1.1" 200 114466 "-" "python-requests/2.32.0"
52.89.247.3 - - [21/Jul/2025:17:56:40 +0000] "GET /wp-content/uploads/2022/03/grid_gal4-900x506.jpg HTTP/1.1" 200 60982 "-" "python-requests/2.32.0"
52.89.247.3 - - [21/Jul/2025:17:56:40 +0000] "GET /wp-content/uploads/2022/03/grid_gal5.jpg HTTP/1.1" 200 109149 "-" "python-requests/2.32.0"
52.89.247.3 - - [21/Jul/2025:17:56:41 +0000] "GET /wp-content/uploads/2024/09/275622839_10224019954099472_8526428074003913221_n-1.jpg HTTP/1.1" 200 42760 "-" "python-requests/2.32.0"
52.89.247.3 - - [21/Jul/2025:17:56:41 +0000] "GET /wp-content/uploads/2024/09/unnamed.png HTTP/1.1" 200 18766 "-" "python-requests/2.32.0"
52.89.247.3 - - [21/Jul/2025:17:56:41 +0000] "GET /wp-content/uploads/2022/03/rev3.jpg HTTP/1.1" 200 58410 "-" "python-requests/2.32.0"
52.89.247.3 - - [21/Jul/2025:17:56:41 +0000] "GET /wp-content/uploads/2022/03/rev1.jpg HTTP/1.1" 200 28198 "-" "python-requests/2.32.0"
52.89.247.3 - - [21/Jul/2025:17:56:41 +0000] "GET /wp-content/uploads/2022/03/rev2.jpg HTTP/1.1" 200 27002 "-" "python-requests/2.32.0"
52.89.247.3 - - [21/Jul/2025:17:56:42 +0000] "GET /wp-content/uploads/2024/09/Kassari-Cheese-and-Mortadella-pastry.jpg HTTP/1.1" 200 114027 "-" "python-requests/2.32.0"
52.89.247.3 - - [21/Jul/2025:17:56:42 +0000] "GET /wp-content/uploads/2024/09/Savor-the-rich-flavors-of-our-exquisite-Kebbeh-Plate.-KebbehDelight-TraditionalEats-SavorTheFlavor-MediterraneanCuisine-HomemadeGoodness-FoodieFaves-CulinaryTradition-FoodGems-SavorTheMoment-kebbehlove.jpg HTTP/1.1" 200 257260 "-" "python-requests/2.32.0"
52.89.247.3 - - [21/Jul/2025:17:56:42 +0000] "GET /wp-content/uploads/2024/09/Alamy-breakfast.jpg HTTP/1.1" 200 253794 "-" "python-requests/2.32.0"
216.73.216.97 - - [21/Jul/2025:17:56:42 +0000] "GET /shopbrand/9736098.htm HTTP/1.1" 404 20401 "-" "Mozilla/5.0 AppleWebKit/537.36 (KHTML, like Gecko; compatible; ClaudeBot/1.0; [email protected])"
52.89.247.3 - - [21/Jul/2025:17:56:43 +0000] "GET /wp-content/uploads/2024/09/Chicken-Pizza-with-a-Garlic.jpg HTTP/1.1" 200 206384 "-" "python-requests/2.32.0"
52.89.247.3 - - [21/Jul/2025:17:56:43 +0000] "GET /wp-content/uploads/2024/09/Lebanese-coffee.jpg HTTP/1.1" 200 122422 "-" "python-requests/2.32.0"
52.89.247.3 - - [21/Jul/2025:17:56:43 +0000] "GET /wp-content/uploads/2024/09/Variety-Platter.jpg HTTP/1.1" 200 234193 "-" "python-requests/2.32.0"
52.89.247.3 - - [21/Jul/2025:17:56:45 +0000] "GET /wp-content/uploads/2024/09/5d897c870bb23f0d042840a0dc6d2048.png HTTP/1.1" 200 868879 "-" "python-requests/2.32.0"
216.73.216.97 - - [21/Jul/2025:17:56:45 +0000] "GET /shopbrand/9777002.htm HTTP/1.1" 404 20401 "-" "Mozilla/5.0 AppleWebKit/537.36 (KHTML, like Gecko; compatible; ClaudeBot/1.0; [email protected])"
52.89.247.3 - - [21/Jul/2025:17:56:48 +0000] "GET /wp-content/uploads/2022/03/team1.jpg HTTP/1.1" 200 172565 "-" "python-requests/2.32.0"
52.89.247.3 - - [21/Jul/2025:17:56:48 +0000] "GET /wp-content/uploads/2022/03/team2.jpg HTTP/1.1" 200 123055 "-" "python-requests/2.32.0"
52.89.247.3 - - [21/Jul/2025:17:56:48 +0000] "GET /wp-content/uploads/2022/03/team3.jpg HTTP/1.1" 200 103159 "-" "python-requests/2.32.0"
216.73.216.97 - - [21/Jul/2025:17:56:48 +0000] "GET /shopbrand/9751567.htm HTTP/1.1" 404 20401 "-" "Mozilla/5.0 AppleWebKit/537.36 (KHTML, like Gecko; compatible; ClaudeBot/1.0; [email protected])"
52.89.247.3 - - [21/Jul/2025:17:56:49 +0000] "GET /wp-content/uploads/2022/03/team4.jpg HTTP/1.1" 200 104803 "-" "python-requests/2.32.0"
209.74.77.214 - - [21/Jul/2025:17:56:51 +0000] "POST /wp-cron.php?doing_wp_cron=1753120611.8881299495697021484375 HTTP/1.1" 200 - "-" "WordPress/6.8.2; https://alalamy.com.au"
51.222.253.4 - - [21/Jul/2025:17:56:51 +0000] "GET /items/fashion/bags/1770651/ HTTP/1.1" 404 20401 "-" "Mozilla/5.0 (compatible; AhrefsBot/7.0; +http://ahrefs.com/robot/)"
216.73.216.97 - - [21/Jul/2025:17:56:51 +0000] "GET /shopbrand/9669793.htm HTTP/1.1" 404 20401 "-" "Mozilla/5.0 AppleWebKit/537.36 (KHTML, like Gecko; compatible; ClaudeBot/1.0; [email protected])"
52.89.247.3 - - [21/Jul/2025:17:56:53 +0000] "GET /wp-content/uploads/2022/03/rev1.jpg HTTP/1.1" 200 28198 "-" "python-requests/2.32.0"
52.89.247.3 - - [21/Jul/2025:17:56:53 +0000] "GET /wp-content/uploads/2022/03/rev2.jpg HTTP/1.1" 200 27002 "-" "python-requests/2.32.0"
52.89.247.3 - - [21/Jul/2025:17:56:53 +0000] "GET /wp-content/uploads/2022/03/rev3.jpg HTTP/1.1" 200 58410 "-" "python-requests/2.32.0"
52.89.247.3 - - [21/Jul/2025:17:56:53 +0000] "GET /wp-content/uploads/2024/09/Kassari-Cheese-and-Mortadella-pastry.jpg HTTP/1.1" 200 114027 "-" "python-requests/2.32.0"
52.89.247.3 - - [21/Jul/2025:17:56:53 +0000] "GET /wp-content/uploads/2024/09/Savor-the-rich-flavors-of-our-exquisite-Kebbeh-Plate.-KebbehDelight-TraditionalEats-SavorTheFlavor-MediterraneanCuisine-HomemadeGoodness-FoodieFaves-CulinaryTradition-FoodGems-SavorTheMoment-kebbehlove.jpg HTTP/1.1" 200 257260 "-" "python-requests/2.32.0"
52.89.247.3 - - [21/Jul/2025:17:56:54 +0000] "GET /wp-content/uploads/2024/09/Alamy-breakfast.jpg HTTP/1.1" 200 253794 "-" "python-requests/2.32.0"
52.89.247.3 - - [21/Jul/2025:17:56:54 +0000] "GET /wp-content/uploads/2024/09/Chicken-Pizza-with-a-Garlic.jpg HTTP/1.1" 200 206384 "-" "python-requests/2.32.0"
52.89.247.3 - - [21/Jul/2025:17:56:54 +0000] "GET /wp-content/uploads/2024/09/Lebanese-coffee.jpg HTTP/1.1" 200 122422 "-" "python-requests/2.32.0"
216.73.216.97 - - [21/Jul/2025:17:56:54 +0000] "GET /sitemap-8.xml HTTP/1.1" 200 4111 "-" "Mozilla/5.0 AppleWebKit/537.36 (KHTML, like Gecko; compatible; ClaudeBot/1.0; [email protected])"
52.89.247.3 - - [21/Jul/2025:17:56:54 +0000] "GET /wp-content/uploads/2024/09/Variety-Platter.jpg HTTP/1.1" 200 234193 "-" "python-requests/2.32.0"
52.89.247.3 - - [21/Jul/2025:17:56:55 +0000] "GET /wp-content/uploads/2024/09/Kassari-Cheese-and-Mortadella-pastry.jpg HTTP/1.1" 200 114027 "-" "python-requests/2.32.0"
52.89.247.3 - - [21/Jul/2025:17:56:55 +0000] "GET /wp-content/uploads/2024/09/Savor-the-rich-flavors-of-our-exquisite-Kebbeh-Plate.-KebbehDelight-TraditionalEats-SavorTheFlavor-MediterraneanCuisine-HomemadeGoodness-FoodieFaves-CulinaryTradition-FoodGems-SavorTheMoment-kebbehlove.jpg HTTP/1.1" 200 257260 "-" "python-requests/2.32.0"
52.89.247.3 - - [21/Jul/2025:17:56:55 +0000] "GET /wp-content/uploads/2024/09/Alamy-breakfast.jpg HTTP/1.1" 200 253794 "-" "python-requests/2.32.0"
52.89.247.3 - - [21/Jul/2025:17:56:56 +0000] "GET /wp-content/uploads/2024/09/Chicken-Pizza-with-a-Garlic.jpg HTTP/1.1" 200 206384 "-" "python-requests/2.32.0"
52.89.247.3 - - [21/Jul/2025:17:56:56 +0000] "GET /wp-content/uploads/2024/09/Lebanese-coffee.jpg HTTP/1.1" 200 122422 "-" "python-requests/2.32.0"
52.89.247.3 - - [21/Jul/2025:17:56:56 +0000] "GET /wp-content/uploads/2024/09/Variety-Platter.jpg HTTP/1.1" 200 234193 "-" "python-requests/2.32.0"
216.73.216.97 - - [21/Jul/2025:17:56:57 +0000] "GET /shopbrand/9687029.htm HTTP/1.1" 404 20401 "-" "Mozilla/5.0 AppleWebKit/537.36 (KHTML, like Gecko; compatible; ClaudeBot/1.0; [email protected])"
52.89.247.3 - - [21/Jul/2025:17:57:00 +0000] "GET /wp-content/uploads/2022/03/service1.jpg HTTP/1.1" 200 168909 "-" "python-requests/2.32.0"
216.73.216.97 - - [21/Jul/2025:17:57:00 +0000] "GET /sitemap-3.xml HTTP/1.1" 200 4114 "-" "Mozilla/5.0 AppleWebKit/537.36 (KHTML, like Gecko; compatible; ClaudeBot/1.0; [email protected])"
52.89.247.3 - - [21/Jul/2025:17:57:00 +0000] "GET /wp-content/uploads/2022/03/service2.jpg HTTP/1.1" 200 175245 "-" "python-requests/2.32.0"
52.89.247.3 - - [21/Jul/2025:17:57:01 +0000] "GET /wp-content/uploads/2022/04/menu_reservation_inner_bg2-900x506.jpg HTTP/1.1" 200 47108 "-" "python-requests/2.32.0"
209.74.77.214 - - [21/Jul/2025:17:57:03 +0000] "POST /wp-cron.php?doing_wp_cron=1753120623.8596780300140380859375 HTTP/1.1" 200 - "-" "WordPress/6.8.2; https://alalamy.com.au"
216.73.216.97 - - [21/Jul/2025:17:57:03 +0000] "GET /shopbrand/9653669.htm HTTP/1.1" 404 20401 "-" "Mozilla/5.0 AppleWebKit/537.36 (KHTML, like Gecko; compatible; ClaudeBot/1.0; [email protected])"
52.89.247.3 - - [21/Jul/2025:17:57:04 +0000] "GET /wp-content/uploads/2024/09/Kassari-Cheese-and-Mortadella-pastry.jpg HTTP/1.1" 200 114027 "-" "python-requests/2.32.0"
209.74.77.214 - - [21/Jul/2025:17:57:04 +0000] "POST /wp-admin/admin-ajax.php?action=async_litespeed&nonce=gFhIEV0XL9wfHqu4vEJlXQtoreNH27gY&litespeed_type=imgoptm HTTP/1.1" 200 21 "-" "WordPress/6.8.2; https://alalamy.com.au"
52.89.247.3 - - [21/Jul/2025:17:57:04 +0000] "GET /wp-content/uploads/2024/09/Savor-the-rich-flavors-of-our-exquisite-Kebbeh-Plate.-KebbehDelight-TraditionalEats-SavorTheFlavor-MediterraneanCuisine-HomemadeGoodness-FoodieFaves-CulinaryTradition-FoodGems-SavorTheMoment-kebbehlove.jpg HTTP/1.1" 200 257260 "-" "python-requests/2.32.0"
52.89.247.3 - - [21/Jul/2025:17:57:04 +0000] "GET /wp-content/uploads/2024/09/Alamy-breakfast.jpg HTTP/1.1" 200 253794 "-" "python-requests/2.32.0"
52.89.247.3 - - [21/Jul/2025:17:57:04 +0000] "GET /wp-content/uploads/2024/09/Chicken-Pizza-with-a-Garlic.jpg HTTP/1.1" 200 206384 "-" "python-requests/2.32.0"
52.89.247.3 - - [21/Jul/2025:17:57:05 +0000] "GET /wp-content/uploads/2024/09/Lebanese-coffee.jpg HTTP/1.1" 200 122422 "-" "python-requests/2.32.0"
52.89.247.3 - - [21/Jul/2025:17:57:05 +0000] "GET /wp-content/uploads/2024/09/Variety-Platter.jpg HTTP/1.1" 200 234193 "-" "python-requests/2.32.0"
52.89.247.3 - - [21/Jul/2025:17:57:05 +0000] "GET /wp-content/uploads/2024/09/Chicken-Pizza-with-a-Garlic.jpg HTTP/1.1" 200 206384 "-" "python-requests/2.32.0"
54.200.30.254 - - [21/Jul/2025:17:57:06 +0000] "GET /wp-content/uploads/2024/09/Chicken-Pizza-with-a-Garlic.jpg HTTP/1.1" 200 206384 "-" "-"
52.89.247.3 - - [21/Jul/2025:17:57:07 +0000] "GET /wp-content/uploads/2024/09/Lebanese-coffee.jpg HTTP/1.1" 200 122422 "-" "python-requests/2.32.0"
54.200.30.254 - - [21/Jul/2025:17:57:07 +0000] "GET /wp-content/uploads/2024/09/Lebanese-coffee.jpg HTTP/1.1" 200 122422 "-" "-"
52.89.247.3 - - [21/Jul/2025:17:57:11 +0000] "GET /wp-content/uploads/2024/09/Chicken-Pizza-with-a-Garlic.jpg HTTP/1.1" 200 206384 "-" "python-requests/2.32.0"
54.200.30.254 - - [21/Jul/2025:17:57:12 +0000] "GET /wp-content/uploads/2024/09/Chicken-Pizza-with-a-Garlic.jpg HTTP/1.1" 200 206384 "-" "-"
216.73.216.97 - - [21/Jul/2025:17:57:12 +0000] "GET /shopbrand/9717079.htm HTTP/1.1" 404 20401 "-" "Mozilla/5.0 AppleWebKit/537.36 (KHTML, like Gecko; compatible; ClaudeBot/1.0; [email protected])"
216.73.216.97 - - [21/Jul/2025:17:57:15 +0000] "GET /shopbrand/9659404.htm HTTP/1.1" 404 20401 "-" "Mozilla/5.0 AppleWebKit/537.36 (KHTML, like Gecko; compatible; ClaudeBot/1.0; [email protected])"
52.89.247.3 - - [21/Jul/2025:17:57:18 +0000] "GET /wp-content/uploads/2022/03/service1.jpg HTTP/1.1" 200 168909 "-" "python-requests/2.32.0"
54.200.30.254 - - [21/Jul/2025:17:57:18 +0000] "GET /wp-content/uploads/2022/03/service1.jpg HTTP/1.1" 200 168909 "-" "-"
216.73.216.97 - - [21/Jul/2025:17:57:18 +0000] "GET /shopbrand/9656449.htm HTTP/1.1" 404 20401 "-" "Mozilla/5.0 AppleWebKit/537.36 (KHTML, like Gecko; compatible; ClaudeBot/1.0; [email protected])"
52.89.247.3 - - [21/Jul/2025:17:57:22 +0000] "GET /wp-content/uploads/2024/09/Savor-the-rich-flavors-of-our-exquisite-Kebbeh-Plate.-KebbehDelight-TraditionalEats-SavorTheFlavor-MediterraneanCuisine-HomemadeGoodness-FoodieFaves-CulinaryTradition-FoodGems-SavorTheMoment-kebbehlove.jpg HTTP/1.1" 200 257260 "-" "python-requests/2.32.0"
216.73.216.97 - - [21/Jul/2025:17:57:21 +0000] "GET /shopbrand/9671602.htm HTTP/1.1" 404 20400 "-" "Mozilla/5.0 AppleWebKit/537.36 (KHTML, like Gecko; compatible; ClaudeBot/1.0; [email protected])"
54.200.30.254 - - [21/Jul/2025:17:57:22 +0000] "GET /wp-content/uploads/2024/09/Savor-the-rich-flavors-of-our-exquisite-Kebbeh-Plate.-KebbehDelight-TraditionalEats-SavorTheFlavor-MediterraneanCuisine-HomemadeGoodness-FoodieFaves-CulinaryTradition-FoodGems-SavorTheMoment-kebbehlove.jpg HTTP/1.1" 200 257260 "-" "-"
216.73.216.97 - - [21/Jul/2025:17:57:24 +0000] "GET /shopbrand/9733892.htm HTTP/1.1" 404 20401 "-" "Mozilla/5.0 AppleWebKit/537.36 (KHTML, like Gecko; compatible; ClaudeBot/1.0; [email protected])"
52.89.247.3 - - [21/Jul/2025:17:57:25 +0000] "GET /wp-content/uploads/2022/03/menu4.jpg HTTP/1.1" 200 234462 "-" "python-requests/2.32.0"
54.200.30.254 - - [21/Jul/2025:17:57:25 +0000] "GET /wp-content/uploads/2022/03/menu4.jpg HTTP/1.1" 200 234462 "-" "-"
216.73.216.97 - - [21/Jul/2025:17:57:27 +0000] "GET /shopbrand/9667726.htm HTTP/1.1" 404 20401 "-" "Mozilla/5.0 AppleWebKit/537.36 (KHTML, like Gecko; compatible; ClaudeBot/1.0; [email protected])"
52.89.247.3 - - [21/Jul/2025:17:57:29 +0000] "GET /wp-content/uploads/2022/03/menu2.jpg HTTP/1.1" 200 193493 "-" "python-requests/2.32.0"
54.200.30.254 - - [21/Jul/2025:17:57:29 +0000] "GET /wp-content/uploads/2022/03/menu2.jpg HTTP/1.1" 200 193493 "-" "-"
52.89.247.3 - - [21/Jul/2025:17:57:30 +0000] "GET /wp-content/uploads/2024/09/Kassari-Cheese-and-Mortadella-pastry.jpg HTTP/1.1" 200 114027 "-" "python-requests/2.32.0"
54.200.30.254 - - [21/Jul/2025:17:57:30 +0000] "GET /wp-content/uploads/2024/09/Kassari-Cheese-and-Mortadella-pastry.jpg HTTP/1.1" 200 114027 "-" "-"
216.73.216.97 - - [21/Jul/2025:17:57:30 +0000] "GET /shopbrand/9683137.htm HTTP/1.1" 404 20401 "-" "Mozilla/5.0 AppleWebKit/537.36 (KHTML, like Gecko; compatible; ClaudeBot/1.0; [email protected])"
52.89.247.3 - - [21/Jul/2025:17:57:32 +0000] "GET /wp-content/uploads/2024/09/275622839_10224019954099472_8526428074003913221_n-1.jpg HTTP/1.1" 200 42760 "-" "python-requests/2.32.0"
54.200.30.254 - - [21/Jul/2025:17:57:32 +0000] "GET /wp-content/uploads/2024/09/275622839_10224019954099472_8526428074003913221_n-1.jpg HTTP/1.1" 200 42760 "-" "-"
52.89.247.3 - - [21/Jul/2025:17:57:33 +0000] "GET /wp-content/uploads/2022/03/grid_gal1.jpg HTTP/1.1" 200 88913 "-" "python-requests/2.32.0"
54.200.30.254 - - [21/Jul/2025:17:57:33 +0000] "GET /wp-content/uploads/2022/03/grid_gal1.jpg HTTP/1.1" 200 88913 "-" "-"
209.74.77.214 - - [21/Jul/2025:17:57:33 +0000] "POST /wp-cron.php?doing_wp_cron=1753120653.8376250267028808593750 HTTP/1.1" 200 - "-" "WordPress/6.8.2; https://alalamy.com.au"
216.73.216.97 - - [21/Jul/2025:17:57:33 +0000] "GET /shopbrand/9776843.htm HTTP/1.1" 404 20401 "-" "Mozilla/5.0 AppleWebKit/537.36 (KHTML, like Gecko; compatible; ClaudeBot/1.0; [email protected])"
52.89.247.3 - - [21/Jul/2025:17:57:35 +0000] "GET /wp-content/uploads/2022/03/rev2.jpg HTTP/1.1" 200 27002 "-" "python-requests/2.32.0"
54.200.30.254 - - [21/Jul/2025:17:57:35 +0000] "GET /wp-content/uploads/2022/03/rev2.jpg HTTP/1.1" 200 27002 "-" "-"
52.89.247.3 - - [21/Jul/2025:17:57:36 +0000] "GET /wp-content/uploads/2024/09/Lebanese-coffee.jpg HTTP/1.1" 200 122422 "-" "python-requests/2.32.0"
54.200.30.254 - - [21/Jul/2025:17:57:36 +0000] "GET /wp-content/uploads/2024/09/Lebanese-coffee.jpg HTTP/1.1" 200 122422 "-" "-"
216.73.216.97 - - [21/Jul/2025:17:57:36 +0000] "GET /shopbrand/9655363.htm HTTP/1.1" 404 20401 "-" "Mozilla/5.0 AppleWebKit/537.36 (KHTML, like Gecko; compatible; ClaudeBot/1.0; [email protected])"
52.89.247.3 - - [21/Jul/2025:17:57:37 +0000] "GET /wp-content/uploads/2024/09/Alamy-breakfast.jpg HTTP/1.1" 200 253794 "-" "python-requests/2.32.0"
54.200.30.254 - - [21/Jul/2025:17:57:38 +0000] "GET /wp-content/uploads/2024/09/Alamy-breakfast.jpg HTTP/1.1" 200 253794 "-" "-"
52.89.247.3 - - [21/Jul/2025:17:57:39 +0000] "GET /wp-content/uploads/2024/09/2ca013755a78033f7f17219a1ae0c002.jpg HTTP/1.1" 200 170683 "-" "python-requests/2.32.0"
54.200.30.254 - - [21/Jul/2025:17:57:39 +0000] "GET /wp-content/uploads/2024/09/2ca013755a78033f7f17219a1ae0c002.jpg HTTP/1.1" 200 170683 "-" "-"
216.73.216.97 - - [21/Jul/2025:17:57:39 +0000] "GET /shopbrand/9705536.htm HTTP/1.1" 404 20401 "-" "Mozilla/5.0 AppleWebKit/537.36 (KHTML, like Gecko; compatible; ClaudeBot/1.0; [email protected])"
51.222.253.15 - - [21/Jul/2025:17:57:40 +0000] "GET /items/fashion/bags/3623995/ HTTP/1.1" 404 20401 "-" "Mozilla/5.0 (compatible; AhrefsBot/7.0; +http://ahrefs.com/robot/)"
216.73.216.97 - - [21/Jul/2025:17:57:42 +0000] "GET /shopbrand/9771841.htm HTTP/1.1" 404 20401 "-" "Mozilla/5.0 AppleWebKit/537.36 (KHTML, like Gecko; compatible; ClaudeBot/1.0; [email protected])"
216.73.216.97 - - [21/Jul/2025:17:57:45 +0000] "GET /shopbrand/9743044.htm HTTP/1.1" 404 20401 "-" "Mozilla/5.0 AppleWebKit/537.36 (KHTML, like Gecko; compatible; ClaudeBot/1.0; [email protected])"
216.73.216.97 - - [21/Jul/2025:17:57:48 +0000] "GET /shopbrand/9721942.htm HTTP/1.1" 404 20401 "-" "Mozilla/5.0 AppleWebKit/537.36 (KHTML, like Gecko; compatible; ClaudeBot/1.0; [email protected])"
209.74.77.214 - - [21/Jul/2025:17:57:51 +0000] "POST /wp-cron.php?doing_wp_cron=1753120671.8772990703582763671875 HTTP/1.1" 200 - "-" "WordPress/6.8.2; https://alalamy.com.au"
216.73.216.97 - - [21/Jul/2025:17:57:51 +0000] "GET /shopbrand/9773924.htm HTTP/1.1" 404 20401 "-" "Mozilla/5.0 AppleWebKit/537.36 (KHTML, like Gecko; compatible; ClaudeBot/1.0; [email protected])"
216.73.216.97 - - [21/Jul/2025:17:57:54 +0000] "GET /shopbrand/9776446.htm HTTP/1.1" 404 20401 "-" "Mozilla/5.0 AppleWebKit/537.36 (KHTML, like Gecko; compatible; ClaudeBot/1.0; [email protected])"
216.73.216.97 - - [21/Jul/2025:17:57:57 +0000] "GET /shopbrand/9675228.htm HTTP/1.1" 404 20400 "-" "Mozilla/5.0 AppleWebKit/537.36 (KHTML, like Gecko; compatible; ClaudeBot/1.0; [email protected])"
216.73.216.97 - - [21/Jul/2025:17:58:00 +0000] "GET /shopbrand/9735999.htm HTTP/1.1" 404 20401 "-" "Mozilla/5.0 AppleWebKit/537.36 (KHTML, like Gecko; compatible; ClaudeBot/1.0; [email protected])"
209.74.77.214 - - [21/Jul/2025:17:58:03 +0000] "POST /wp-cron.php?doing_wp_cron=1753120683.8819599151611328125000 HTTP/1.1" 200 - "-" "WordPress/6.8.2; https://alalamy.com.au"
216.73.216.97 - - [21/Jul/2025:17:58:03 +0000] "GET /shopbrand/9775034.htm HTTP/1.1" 404 20401 "-" "Mozilla/5.0 AppleWebKit/537.36 (KHTML, like Gecko; compatible; ClaudeBot/1.0; [email protected])"
209.74.77.214 - - [21/Jul/2025:17:58:04 +0000] "POST /wp-admin/admin-ajax.php?action=async_litespeed&nonce=ZtQHgrW5oW3VXKYPHCvjoe8kPRC79MNo&litespeed_type=imgoptm HTTP/1.1" 200 21 "-" "WordPress/6.8.2; https://alalamy.com.au"
216.73.216.97 - - [21/Jul/2025:17:58:06 +0000] "GET /shopbrand/9737510.htm HTTP/1.1" 404 20401 "-" "Mozilla/5.0 AppleWebKit/537.36 (KHTML, like Gecko; compatible; ClaudeBot/1.0; [email protected])"
216.73.216.97 - - [21/Jul/2025:17:58:09 +0000] "GET /shopbrand/9663280.htm HTTP/1.1" 404 20401 "-" "Mozilla/5.0 AppleWebKit/537.36 (KHTML, like Gecko; compatible; ClaudeBot/1.0; [email protected])"
216.73.216.97 - - [21/Jul/2025:17:58:12 +0000] "GET /shopbrand/9661479.htm HTTP/1.1" 404 20401 "-" "Mozilla/5.0 AppleWebKit/537.36 (KHTML, like Gecko; compatible; ClaudeBot/1.0; [email protected])"
216.73.216.97 - - [21/Jul/2025:17:58:15 +0000] "GET /shopbrand/9744579.htm HTTP/1.1" 404 20401 "-" "Mozilla/5.0 AppleWebKit/537.36 (KHTML, like Gecko; compatible; ClaudeBot/1.0; [email protected])"
216.73.216.97 - - [21/Jul/2025:17:58:18 +0000] "GET /shopbrand/9667611.htm HTTP/1.1" 404 20401 "-" "Mozilla/5.0 AppleWebKit/537.36 (KHTML, like Gecko; compatible; ClaudeBot/1.0; [email protected])"
216.73.216.97 - - [21/Jul/2025:17:58:21 +0000] "GET /shopbrand/9677037.htm HTTP/1.1" 404 20401 "-" "Mozilla/5.0 AppleWebKit/537.36 (KHTML, like Gecko; compatible; ClaudeBot/1.0; [email protected])"
57.141.2.11 - - [21/Jul/2025:17:58:23 +0000] "GET /?k=86447584001900& HTTP/1.1" 301 - "-" "meta-externalagent/1.1 (+https://developers.facebook.com/docs/sharing/webmasters/crawler)"
216.73.216.97 - - [21/Jul/2025:17:58:24 +0000] "GET /shopbrand/9774736.htm HTTP/1.1" 404 20401 "-" "Mozilla/5.0 AppleWebKit/537.36 (KHTML, like Gecko; compatible; ClaudeBot/1.0; [email protected])"
216.73.216.97 - - [21/Jul/2025:17:58:27 +0000] "GET /shopbrand/9663121.htm HTTP/1.1" 404 20401 "-" "Mozilla/5.0 AppleWebKit/537.36 (KHTML, like Gecko; compatible; ClaudeBot/1.0; [email protected])"
216.73.216.97 - - [21/Jul/2025:17:58:30 +0000] "GET /shopbrand/9772413.htm HTTP/1.1" 404 20401 "-" "Mozilla/5.0 AppleWebKit/537.36 (KHTML, like Gecko; compatible; ClaudeBot/1.0; [email protected])"
209.74.77.214 - - [21/Jul/2025:17:58:33 +0000] "POST /wp-cron.php?doing_wp_cron=1753120713.8881609439849853515625 HTTP/1.1" 200 - "-" "WordPress/6.8.2; https://alalamy.com.au"
216.73.216.97 - - [21/Jul/2025:17:58:33 +0000] "GET /shopbrand/9673685.htm HTTP/1.1" 404 20401 "-" "Mozilla/5.0 AppleWebKit/537.36 (KHTML, like Gecko; compatible; ClaudeBot/1.0; [email protected])"
216.73.216.97 - - [21/Jul/2025:17:58:36 +0000] "GET /shopbrand/9663022.htm HTTP/1.1" 404 20401 "-" "Mozilla/5.0 AppleWebKit/537.36 (KHTML, like Gecko; compatible; ClaudeBot/1.0; [email protected])"
51.222.253.15 - - [21/Jul/2025:17:58:37 +0000] "GET /items/fashion/bags/4521023/ HTTP/1.1" 404 20401 "-" "Mozilla/5.0 (compatible; AhrefsBot/7.0; +http://ahrefs.com/robot/)"
216.73.216.97 - - [21/Jul/2025:17:58:39 +0000] "GET /shopbrand/9677718.htm HTTP/1.1" 404 20401 "-" "Mozilla/5.0 AppleWebKit/537.36 (KHTML, like Gecko; compatible; ClaudeBot/1.0; [email protected])"
57.141.2.27 - - [21/Jul/2025:17:58:43 +0000] "GET /?k=86447584001900 HTTP/1.1" 200 144492 "-" "meta-externalagent/1.1 (+https://developers.facebook.com/docs/sharing/webmasters/crawler)"
209.74.77.214 - - [21/Jul/2025:17:59:02 +0000] "POST /wp-cron.php?doing_wp_cron=1753120742.7680010795593261718750 HTTP/1.1" 200 - "-" "WordPress/6.8.2; https://alalamy.com.au"
57.141.2.9 - - [21/Jul/2025:17:59:02 +0000] "GET /?k=87348008141900& HTTP/1.1" 301 - "-" "meta-externalagent/1.1 (+https://developers.facebook.com/docs/sharing/webmasters/crawler)"
209.74.77.214 - - [21/Jul/2025:17:59:03 +0000] "POST /wp-admin/admin-ajax.php?action=async_litespeed&nonce=RZvNdGONpdSwL03pG86L4bzRTVMSUvLA&litespeed_type=imgoptm HTTP/1.1" 200 21 "-" "WordPress/6.8.2; https://alalamy.com.au"
51.222.253.6 - - [21/Jul/2025:17:59:08 +0000] "GET /items/fashion/bags/4965929/ HTTP/1.1" 404 20401 "-" "Mozilla/5.0 (compatible; AhrefsBot/7.0; +http://ahrefs.com/robot/)"
216.73.216.97 - - [21/Jul/2025:17:59:13 +0000] "GET /shopbrand/9675113.htm HTTP/1.1" 404 20401 "-" "Mozilla/5.0 AppleWebKit/537.36 (KHTML, like Gecko; compatible; ClaudeBot/1.0; [email protected])"
216.73.216.97 - - [21/Jul/2025:17:59:15 +0000] "GET /shopbrand/9744023.htm HTTP/1.1" 404 20401 "-" "Mozilla/5.0 AppleWebKit/537.36 (KHTML, like Gecko; compatible; ClaudeBot/1.0; [email protected])"
216.73.216.97 - - [21/Jul/2025:17:59:19 +0000] "GET /shopbrand/9666739.htm HTTP/1.1" 404 20401 "-" "Mozilla/5.0 AppleWebKit/537.36 (KHTML, like Gecko; compatible; ClaudeBot/1.0; [email protected])"
216.73.216.97 - - [21/Jul/2025:17:59:21 +0000] "GET /shopbrand/9731235.htm HTTP/1.1" 404 20400 "-" "Mozilla/5.0 AppleWebKit/537.36 (KHTML, like Gecko; compatible; ClaudeBot/1.0; [email protected])"
216.73.216.97 - - [21/Jul/2025:17:59:24 +0000] "GET /shopbrand/9666898.htm HTTP/1.1" 404 20401 "-" "Mozilla/5.0 AppleWebKit/537.36 (KHTML, like Gecko; compatible; ClaudeBot/1.0; [email protected])"
216.73.216.97 - - [21/Jul/2025:17:59:27 +0000] "GET /shopbrand/9662706.htm HTTP/1.1" 404 20401 "-" "Mozilla/5.0 AppleWebKit/537.36 (KHTML, like Gecko; compatible; ClaudeBot/1.0; [email protected])"
216.73.216.97 - - [21/Jul/2025:17:59:31 +0000] "GET /shopbrand/9684124.htm HTTP/1.1" 404 20401 "-" "Mozilla/5.0 AppleWebKit/537.36 (KHTML, like Gecko; compatible; ClaudeBot/1.0; [email protected])"
209.74.77.214 - - [21/Jul/2025:17:59:34 +0000] "POST /wp-cron.php?doing_wp_cron=1753120774.1758899688720703125000 HTTP/1.1" 200 - "-" "WordPress/6.8.2; https://alalamy.com.au"
216.73.216.97 - - [21/Jul/2025:17:59:33 +0000] "GET /shopbrand/9774321.htm HTTP/1.1" 404 20401 "-" "Mozilla/5.0 AppleWebKit/537.36 (KHTML, like Gecko; compatible; ClaudeBot/1.0; [email protected])"
51.222.253.19 - - [21/Jul/2025:17:59:35 +0000] "GET /items/fashion/bags/5065169/ HTTP/1.1" 404 20401 "-" "Mozilla/5.0 (compatible; AhrefsBot/7.0; +http://ahrefs.com/robot/)"
216.73.216.97 - - [21/Jul/2025:17:59:36 +0000] "GET /shopbrand/9711950.htm HTTP/1.1" 404 20401 "-" "Mozilla/5.0 AppleWebKit/537.36 (KHTML, like Gecko; compatible; ClaudeBot/1.0; [email protected])"
216.73.216.97 - - [21/Jul/2025:17:59:39 +0000] "GET /shopbrand/9663693.htm HTTP/1.1" 404 20401 "-" "Mozilla/5.0 AppleWebKit/537.36 (KHTML, like Gecko; compatible; ClaudeBot/1.0; [email protected])"
216.73.216.97 - - [21/Jul/2025:17:59:42 +0000] "GET /shopbrand/9660226.htm HTTP/1.1" 404 20401 "-" "Mozilla/5.0 AppleWebKit/537.36 (KHTML, like Gecko; compatible; ClaudeBot/1.0; [email protected])"
216.73.216.97 - - [21/Jul/2025:17:59:45 +0000] "GET /shopbrand/9653828.htm HTTP/1.1" 404 20401 "-" "Mozilla/5.0 AppleWebKit/537.36 (KHTML, like Gecko; compatible; ClaudeBot/1.0; [email protected])"
216.73.216.97 - - [21/Jul/2025:17:59:48 +0000] "GET /shopbrand/9679976.htm HTTP/1.1" 404 20401 "-" "Mozilla/5.0 AppleWebKit/537.36 (KHTML, like Gecko; compatible; ClaudeBot/1.0; [email protected])"
209.74.77.214 - - [21/Jul/2025:17:59:52 +0000] "POST /wp-cron.php?doing_wp_cron=1753120792.2121999263763427734375 HTTP/1.1" 200 - "-" "WordPress/6.8.2; https://alalamy.com.au"
216.73.216.97 - - [21/Jul/2025:17:59:51 +0000] "GET /shopbrand/9685220.htm HTTP/1.1" 404 20401 "-" "Mozilla/5.0 AppleWebKit/537.36 (KHTML, like Gecko; compatible; ClaudeBot/1.0; [email protected])"
216.73.216.97 - - [21/Jul/2025:17:59:54 +0000] "GET /shopbrand/9721402.htm HTTP/1.1" 404 20401 "-" "Mozilla/5.0 AppleWebKit/537.36 (KHTML, like Gecko; compatible; ClaudeBot/1.0; [email protected])"
216.73.216.97 - - [21/Jul/2025:17:59:57 +0000] "GET /shopbrand/9766007.htm HTTP/1.1" 404 20401 "-" "Mozilla/5.0 AppleWebKit/537.36 (KHTML, like Gecko; compatible; ClaudeBot/1.0; [email protected])"
209.74.77.214 - - [21/Jul/2025:18:00:01 +0000] "POST /wp-cron.php?doing_wp_cron=1753120801.2947111129760742187500 HTTP/1.1" 200 - "-" "WordPress/6.8.2; https://alalamy.com.au"
216.73.216.97 - - [21/Jul/2025:18:00:00 +0000] "GET /shopbrand/9678846.htm HTTP/1.1" 404 20401 "-" "Mozilla/5.0 AppleWebKit/537.36 (KHTML, like Gecko; compatible; ClaudeBot/1.0; [email protected])"
209.74.77.214 - - [21/Jul/2025:18:00:01 +0000] "POST /wp-admin/admin-ajax.php?action=async_litespeed&nonce=YJVp2wykma3J8j0NVKpyoQGNyUbvpLxD&litespeed_type=imgoptm HTTP/1.1" 200 21 "-" "WordPress/6.8.2; https://alalamy.com.au"
216.73.216.97 - - [21/Jul/2025:18:00:03 +0000] "GET /shopbrand/9743600.htm HTTP/1.1" 404 20401 "-" "Mozilla/5.0 AppleWebKit/537.36 (KHTML, like Gecko; compatible; ClaudeBot/1.0; [email protected])"
216.73.216.97 - - [21/Jul/2025:18:00:06 +0000] "GET /shopbrand/9661769.htm HTTP/1.1" 404 20401 "-" "Mozilla/5.0 AppleWebKit/537.36 (KHTML, like Gecko; compatible; ClaudeBot/1.0; [email protected])"
216.73.216.97 - - [21/Jul/2025:18:00:10 +0000] "GET /shopbrand/9673145.htm HTTP/1.1" 404 20401 "-" "Mozilla/5.0 AppleWebKit/537.36 (KHTML, like Gecko; compatible; ClaudeBot/1.0; [email protected])"
216.73.216.97 - - [21/Jul/2025:18:00:13 +0000] "GET /shopbrand/9654807.htm HTTP/1.1" 404 20401 "-" "Mozilla/5.0 AppleWebKit/537.36 (KHTML, like Gecko; compatible; ClaudeBot/1.0; [email protected])"
216.73.216.97 - - [21/Jul/2025:18:00:15 +0000] "GET /shopbrand/9672059.htm HTTP/1.1" 404 20401 "-" "Mozilla/5.0 AppleWebKit/537.36 (KHTML, like Gecko; compatible; ClaudeBot/1.0; [email protected])"
216.73.216.97 - - [21/Jul/2025:18:00:19 +0000] "GET /shopbrand/9669112.htm HTTP/1.1" 404 20401 "-" "Mozilla/5.0 AppleWebKit/537.36 (KHTML, like Gecko; compatible; ClaudeBot/1.0; [email protected])"
51.222.253.7 - - [21/Jul/2025:18:00:21 +0000] "GET /items/fashion/bags/5160825/ HTTP/1.1" 404 20400 "-" "Mozilla/5.0 (compatible; AhrefsBot/7.0; +http://ahrefs.com/robot/)"
216.73.216.97 - - [21/Jul/2025:18:00:21 +0000] "GET /shopbrand/9747534.htm HTTP/1.1" 404 20400 "-" "Mozilla/5.0 AppleWebKit/537.36 (KHTML, like Gecko; compatible; ClaudeBot/1.0; [email protected])"
216.73.216.97 - - [21/Jul/2025:18:00:24 +0000] "GET /shopbrand/9738066.htm HTTP/1.1" 404 20401 "-" "Mozilla/5.0 AppleWebKit/537.36 (KHTML, like Gecko; compatible; ClaudeBot/1.0; [email protected])"
216.73.216.97 - - [21/Jul/2025:18:00:27 +0000] "GET /shopbrand/9729998.htm HTTP/1.1" 404 20401 "-" "Mozilla/5.0 AppleWebKit/537.36 (KHTML, like Gecko; compatible; ClaudeBot/1.0; [email protected])"
