216.73.216.97 - - [21/Jul/2025:18:44:40 +0000] "GET /shopbrand/9722754.htm HTTP/1.1" 404 20401 "-" "Mozilla/5.0 AppleWebKit/537.36 (KHTML, like Gecko; compatible; ClaudeBot/1.0; [email protected])"
20.171.207.94 - - [21/Jul/2025:18:44:41 +0000] "GET /shopbrand/169307701.htm HTTP/1.1" 301 - "-" "Mozilla/5.0 AppleWebKit/537.36 (KHTML, like Gecko; compatible; GPTBot/1.2; +https://openai.com/gptbot)"
20.171.207.94 - - [21/Jul/2025:18:44:42 +0000] "GET /shopbrand/169268797.htm HTTP/1.1" 301 - "-" "Mozilla/5.0 AppleWebKit/537.36 (KHTML, like Gecko; compatible; GPTBot/1.2; +https://openai.com/gptbot)"
20.171.207.94 - - [21/Jul/2025:18:44:43 +0000] "GET /shopbrand/169368718.htm HTTP/1.1" 301 - "-" "Mozilla/5.0 AppleWebKit/537.36 (KHTML, like Gecko; compatible; GPTBot/1.2; +https://openai.com/gptbot)"
216.73.216.97 - - [21/Jul/2025:18:44:43 +0000] "GET /shopbrand/9722655.htm HTTP/1.1" 404 20400 "-" "Mozilla/5.0 AppleWebKit/537.36 (KHTML, like Gecko; compatible; ClaudeBot/1.0; [email protected])"
20.171.207.94 - - [21/Jul/2025:18:44:44 +0000] "GET /shopbrand/169362471.htm HTTP/1.1" 301 - "-" "Mozilla/5.0 AppleWebKit/537.36 (KHTML, like Gecko; compatible; GPTBot/1.2; +https://openai.com/gptbot)"
20.171.207.94 - - [21/Jul/2025:18:44:45 +0000] "GET /shopbrand/169335201.htm HTTP/1.1" 301 - "-" "Mozilla/5.0 AppleWebKit/537.36 (KHTML, like Gecko; compatible; GPTBot/1.2; +https://openai.com/gptbot)"
20.171.207.94 - - [21/Jul/2025:18:44:46 +0000] "GET /shopbrand/169248465.htm HTTP/1.1" 301 - "-" "Mozilla/5.0 AppleWebKit/537.36 (KHTML, like Gecko; compatible; GPTBot/1.2; +https://openai.com/gptbot)"
51.222.253.6 - - [21/Jul/2025:18:44:46 +0000] "GET /items/gardening/pothos/4585458/ HTTP/1.1" 404 20401 "-" "Mozilla/5.0 (compatible; AhrefsBot/7.0; +http://ahrefs.com/robot/)"
216.73.216.97 - - [21/Jul/2025:18:44:46 +0000] "GET /shopbrand/9714571.htm HTTP/1.1" 404 20401 "-" "Mozilla/5.0 AppleWebKit/537.36 (KHTML, like Gecko; compatible; ClaudeBot/1.0; [email protected])"
20.171.207.94 - - [21/Jul/2025:18:44:47 +0000] "GET /shopbrand/169363142.htm HTTP/1.1" 301 - "-" "Mozilla/5.0 AppleWebKit/537.36 (KHTML, like Gecko; compatible; GPTBot/1.2; +https://openai.com/gptbot)"
20.171.207.94 - - [21/Jul/2025:18:44:49 +0000] "GET /shopbrand/169253644.htm HTTP/1.1" 301 - "-" "Mozilla/5.0 AppleWebKit/537.36 (KHTML, like Gecko; compatible; GPTBot/1.2; +https://openai.com/gptbot)"
216.73.216.97 - - [21/Jul/2025:18:44:49 +0000] "GET /shopbrand/9766553.htm HTTP/1.1" 404 20401 "-" "Mozilla/5.0 AppleWebKit/537.36 (KHTML, like Gecko; compatible; ClaudeBot/1.0; [email protected])"
20.171.207.94 - - [21/Jul/2025:18:44:50 +0000] "GET /shopbrand/169328132.htm HTTP/1.1" 301 - "-" "Mozilla/5.0 AppleWebKit/537.36 (KHTML, like Gecko; compatible; GPTBot/1.2; +https://openai.com/gptbot)"
209.74.77.214 - - [21/Jul/2025:18:44:51 +0000] "POST /wp-cron.php?doing_wp_cron=1753123491.5884270668029785156250 HTTP/1.1" 200 - "-" "WordPress/6.8.2; https://alalamy.com.au"
20.171.207.22 - - [21/Jul/2025:18:44:51 +0000] "GET /shopbrand/169296297.htm HTTP/1.1" 404 20401 "-" "Mozilla/5.0 AppleWebKit/537.36 (KHTML, like Gecko; compatible; GPTBot/1.2; +https://openai.com/gptbot)"
20.171.207.94 - - [21/Jul/2025:18:44:51 +0000] "GET /shopbrand/169300455.htm HTTP/1.1" 301 - "-" "Mozilla/5.0 AppleWebKit/537.36 (KHTML, like Gecko; compatible; GPTBot/1.2; +https://openai.com/gptbot)"
20.171.207.94 - - [21/Jul/2025:18:44:52 +0000] "GET /shopbrand/169252498.htm HTTP/1.1" 301 - "-" "Mozilla/5.0 AppleWebKit/537.36 (KHTML, like Gecko; compatible; GPTBot/1.2; +https://openai.com/gptbot)"
216.73.216.97 - - [21/Jul/2025:18:44:52 +0000] "GET /shopbrand/9760580.htm HTTP/1.1" 404 20401 "-" "Mozilla/5.0 AppleWebKit/537.36 (KHTML, like Gecko; compatible; ClaudeBot/1.0; [email protected])"
20.171.207.94 - - [21/Jul/2025:18:44:53 +0000] "GET /shopbrand/169371242.htm HTTP/1.1" 301 - "-" "Mozilla/5.0 AppleWebKit/537.36 (KHTML, like Gecko; compatible; GPTBot/1.2; +https://openai.com/gptbot)"
20.171.207.94 - - [21/Jul/2025:18:44:54 +0000] "GET /shopbrand/169330497.htm HTTP/1.1" 301 - "-" "Mozilla/5.0 AppleWebKit/537.36 (KHTML, like Gecko; compatible; GPTBot/1.2; +https://openai.com/gptbot)"
20.171.207.94 - - [21/Jul/2025:18:44:56 +0000] "GET /shopbrand/169286273.htm HTTP/1.1" 301 - "-" "Mozilla/5.0 AppleWebKit/537.36 (KHTML, like Gecko; compatible; GPTBot/1.2; +https://openai.com/gptbot)"
216.73.216.97 - - [21/Jul/2025:18:44:55 +0000] "GET /shopbrand/9727202.htm HTTP/1.1" 404 20401 "-" "Mozilla/5.0 AppleWebKit/537.36 (KHTML, like Gecko; compatible; ClaudeBot/1.0; [email protected])"
20.171.207.94 - - [21/Jul/2025:18:44:57 +0000] "GET /shopbrand/169360378.htm HTTP/1.1" 301 - "-" "Mozilla/5.0 AppleWebKit/537.36 (KHTML, like Gecko; compatible; GPTBot/1.2; +https://openai.com/gptbot)"
20.171.207.94 - - [21/Jul/2025:18:44:58 +0000] "GET /shopbrand/169306289.htm HTTP/1.1" 301 - "-" "Mozilla/5.0 AppleWebKit/537.36 (KHTML, like Gecko; compatible; GPTBot/1.2; +https://openai.com/gptbot)"
216.73.216.97 - - [21/Jul/2025:18:44:58 +0000] "GET /shopbrand/9705119.htm HTTP/1.1" 404 20401 "-" "Mozilla/5.0 AppleWebKit/537.36 (KHTML, like Gecko; compatible; ClaudeBot/1.0; [email protected])"
20.171.207.94 - - [21/Jul/2025:18:44:59 +0000] "GET /shopbrand/169276440.htm HTTP/1.1" 301 - "-" "Mozilla/5.0 AppleWebKit/537.36 (KHTML, like Gecko; compatible; GPTBot/1.2; +https://openai.com/gptbot)"
20.171.207.94 - - [21/Jul/2025:18:45:00 +0000] "GET /shopbrand/169257818.htm HTTP/1.1" 301 - "-" "Mozilla/5.0 AppleWebKit/537.36 (KHTML, like Gecko; compatible; GPTBot/1.2; +https://openai.com/gptbot)"
209.74.77.214 - - [21/Jul/2025:18:45:02 +0000] "POST /wp-cron.php?doing_wp_cron=1753123502.5587029457092285156250 HTTP/1.1" 200 - "-" "WordPress/6.8.2; https://alalamy.com.au"
20.171.207.94 - - [21/Jul/2025:18:45:01 +0000] "GET /shopbrand/169326720.htm HTTP/1.1" 301 - "-" "Mozilla/5.0 AppleWebKit/537.36 (KHTML, like Gecko; compatible; GPTBot/1.2; +https://openai.com/gptbot)"
20.171.207.94 - - [21/Jul/2025:18:45:03 +0000] "GET /shopbrand/169280598.htm HTTP/1.1" 301 - "-" "Mozilla/5.0 AppleWebKit/537.36 (KHTML, like Gecko; compatible; GPTBot/1.2; +https://openai.com/gptbot)"
216.73.216.97 - - [21/Jul/2025:18:45:01 +0000] "GET /shopbrand/9757526.htm HTTP/1.1" 404 20401 "-" "Mozilla/5.0 AppleWebKit/537.36 (KHTML, like Gecko; compatible; ClaudeBot/1.0; [email protected])"
209.74.77.214 - - [21/Jul/2025:18:45:03 +0000] "POST /wp-admin/admin-ajax.php?action=async_litespeed&nonce=Oe5QMEi1mYigCdw7wq6ecibBygbX4Cx3&litespeed_type=imgoptm HTTP/1.1" 200 21 "-" "WordPress/6.8.2; https://alalamy.com.au"
20.171.207.94 - - [21/Jul/2025:18:45:04 +0000] "GET /shopbrand/169336454.htm HTTP/1.1" 301 - "-" "Mozilla/5.0 AppleWebKit/537.36 (KHTML, like Gecko; compatible; GPTBot/1.2; +https://openai.com/gptbot)"
216.73.216.97 - - [21/Jul/2025:18:45:04 +0000] "GET /shopbrand/9696896.htm HTTP/1.1" 404 20401 "-" "Mozilla/5.0 AppleWebKit/537.36 (KHTML, like Gecko; compatible; ClaudeBot/1.0; [email protected])"
20.171.207.94 - - [21/Jul/2025:18:45:05 +0000] "GET /shopbrand/169348545.htm HTTP/1.1" 301 - "-" "Mozilla/5.0 AppleWebKit/537.36 (KHTML, like Gecko; compatible; GPTBot/1.2; +https://openai.com/gptbot)"
20.171.207.94 - - [21/Jul/2025:18:45:06 +0000] "GET /shopbrand/169359707.htm HTTP/1.1" 301 - "-" "Mozilla/5.0 AppleWebKit/537.36 (KHTML, like Gecko; compatible; GPTBot/1.2; +https://openai.com/gptbot)"
20.171.207.94 - - [21/Jul/2025:18:45:08 +0000] "GET /shopbrand/169300348.htm HTTP/1.1" 301 - "-" "Mozilla/5.0 AppleWebKit/537.36 (KHTML, like Gecko; compatible; GPTBot/1.2; +https://openai.com/gptbot)"
216.73.216.97 - - [21/Jul/2025:18:45:08 +0000] "GET /shopbrand/9771001.htm HTTP/1.1" 404 20401 "-" "Mozilla/5.0 AppleWebKit/537.36 (KHTML, like Gecko; compatible; ClaudeBot/1.0; [email protected])"
20.171.207.94 - - [21/Jul/2025:18:45:09 +0000] "GET /shopbrand/169344395.htm HTTP/1.1" 301 - "-" "Mozilla/5.0 AppleWebKit/537.36 (KHTML, like Gecko; compatible; GPTBot/1.2; +https://openai.com/gptbot)"
20.171.207.94 - - [21/Jul/2025:18:45:10 +0000] "GET /shopbrand/169307127.htm HTTP/1.1" 301 - "-" "Mozilla/5.0 AppleWebKit/537.36 (KHTML, like Gecko; compatible; GPTBot/1.2; +https://openai.com/gptbot)"
20.171.207.94 - - [21/Jul/2025:18:45:11 +0000] "GET /shopbrand/169339806.htm HTTP/1.1" 301 - "-" "Mozilla/5.0 AppleWebKit/537.36 (KHTML, like Gecko; compatible; GPTBot/1.2; +https://openai.com/gptbot)"
216.73.216.97 - - [21/Jul/2025:18:45:11 +0000] "GET /shopbrand/9751144.htm HTTP/1.1" 404 20401 "-" "Mozilla/5.0 AppleWebKit/537.36 (KHTML, like Gecko; compatible; ClaudeBot/1.0; [email protected])"
20.171.207.94 - - [21/Jul/2025:18:45:12 +0000] "GET /shopbrand/169278920.htm HTTP/1.1" 301 - "-" "Mozilla/5.0 AppleWebKit/537.36 (KHTML, like Gecko; compatible; GPTBot/1.2; +https://openai.com/gptbot)"
20.171.207.94 - - [21/Jul/2025:18:45:13 +0000] "GET /shopbrand/169364272.htm HTTP/1.1" 301 - "-" "Mozilla/5.0 AppleWebKit/537.36 (KHTML, like Gecko; compatible; GPTBot/1.2; +https://openai.com/gptbot)"
216.73.216.97 - - [21/Jul/2025:18:45:14 +0000] "GET /shopbrand/9716813.htm HTTP/1.1" 404 20401 "-" "Mozilla/5.0 AppleWebKit/537.36 (KHTML, like Gecko; compatible; ClaudeBot/1.0; [email protected])"
20.171.207.94 - - [21/Jul/2025:18:45:14 +0000] "GET /shopbrand/169286132.htm HTTP/1.1" 301 - "-" "Mozilla/5.0 AppleWebKit/537.36 (KHTML, like Gecko; compatible; GPTBot/1.2; +https://openai.com/gptbot)"
20.171.207.94 - - [21/Jul/2025:18:45:16 +0000] "GET /shopbrand/169370944.htm HTTP/1.1" 301 - "-" "Mozilla/5.0 AppleWebKit/537.36 (KHTML, like Gecko; compatible; GPTBot/1.2; +https://openai.com/gptbot)"
216.73.216.97 - - [21/Jul/2025:18:45:16 +0000] "GET /shopbrand/9775874.htm HTTP/1.1" 404 20401 "-" "Mozilla/5.0 AppleWebKit/537.36 (KHTML, like Gecko; compatible; ClaudeBot/1.0; [email protected])"
20.171.207.94 - - [21/Jul/2025:18:45:17 +0000] "GET /shopbrand/169301327.htm HTTP/1.1" 301 - "-" "Mozilla/5.0 AppleWebKit/537.36 (KHTML, like Gecko; compatible; GPTBot/1.2; +https://openai.com/gptbot)"
20.171.207.94 - - [21/Jul/2025:18:45:18 +0000] "GET /shopbrand/169305203.htm HTTP/1.1" 301 - "-" "Mozilla/5.0 AppleWebKit/537.36 (KHTML, like Gecko; compatible; GPTBot/1.2; +https://openai.com/gptbot)"
20.171.207.94 - - [21/Jul/2025:18:45:19 +0000] "GET /shopbrand/169371923.htm HTTP/1.1" 301 - "-" "Mozilla/5.0 AppleWebKit/537.36 (KHTML, like Gecko; compatible; GPTBot/1.2; +https://openai.com/gptbot)"
216.73.216.97 - - [21/Jul/2025:18:45:19 +0000] "GET /shopbrand/9721676.htm HTTP/1.1" 404 20401 "-" "Mozilla/5.0 AppleWebKit/537.36 (KHTML, like Gecko; compatible; ClaudeBot/1.0; [email protected])"
20.171.207.94 - - [21/Jul/2025:18:45:20 +0000] "GET /shopbrand/169248624.htm HTTP/1.1" 301 - "-" "Mozilla/5.0 AppleWebKit/537.36 (KHTML, like Gecko; compatible; GPTBot/1.2; +https://openai.com/gptbot)"
51.222.253.3 - - [21/Jul/2025:18:45:21 +0000] "GET /items/gardening/vegetables/3166380/ HTTP/1.1" 404 20400 "-" "Mozilla/5.0 (compatible; AhrefsBot/7.0; +http://ahrefs.com/robot/)"
20.171.207.94 - - [21/Jul/2025:18:45:22 +0000] "GET /shopbrand/169364685.htm HTTP/1.1" 301 - "-" "Mozilla/5.0 AppleWebKit/537.36 (KHTML, like Gecko; compatible; GPTBot/1.2; +https://openai.com/gptbot)"
20.171.207.94 - - [21/Jul/2025:18:45:23 +0000] "GET /shopbrand/169358853.htm HTTP/1.1" 301 - "-" "Mozilla/5.0 AppleWebKit/537.36 (KHTML, like Gecko; compatible; GPTBot/1.2; +https://openai.com/gptbot)"
216.73.216.97 - - [21/Jul/2025:18:45:22 +0000] "GET /shopbrand/9693427.htm HTTP/1.1" 404 20401 "-" "Mozilla/5.0 AppleWebKit/537.36 (KHTML, like Gecko; compatible; ClaudeBot/1.0; [email protected])"
20.171.207.94 - - [21/Jul/2025:18:45:24 +0000] "GET /shopbrand/169267254.htm HTTP/1.1" 301 - "-" "Mozilla/5.0 AppleWebKit/537.36 (KHTML, like Gecko; compatible; GPTBot/1.2; +https://openai.com/gptbot)"
20.171.207.94 - - [21/Jul/2025:18:45:25 +0000] "GET /shopbrand/169357300.htm HTTP/1.1" 301 - "-" "Mozilla/5.0 AppleWebKit/537.36 (KHTML, like Gecko; compatible; GPTBot/1.2; +https://openai.com/gptbot)"
216.73.216.97 - - [21/Jul/2025:18:45:25 +0000] "GET /shopbrand/9738479.htm HTTP/1.1" 404 20401 "-" "Mozilla/5.0 AppleWebKit/537.36 (KHTML, like Gecko; compatible; ClaudeBot/1.0; [email protected])"
20.171.207.94 - - [21/Jul/2025:18:45:26 +0000] "GET /shopbrand/169305352.htm HTTP/1.1" 301 - "-" "Mozilla/5.0 AppleWebKit/537.36 (KHTML, like Gecko; compatible; GPTBot/1.2; +https://openai.com/gptbot)"
20.171.207.94 - - [21/Jul/2025:18:45:27 +0000] "GET /shopbrand/169267544.htm HTTP/1.1" 301 - "-" "Mozilla/5.0 AppleWebKit/537.36 (KHTML, like Gecko; compatible; GPTBot/1.2; +https://openai.com/gptbot)"
20.171.207.94 - - [21/Jul/2025:18:45:28 +0000] "GET /shopbrand/169356927.htm HTTP/1.1" 301 - "-" "Mozilla/5.0 AppleWebKit/537.36 (KHTML, like Gecko; compatible; GPTBot/1.2; +https://openai.com/gptbot)"
216.73.216.97 - - [21/Jul/2025:18:45:28 +0000] "GET /shopbrand/9730572.htm HTTP/1.1" 404 20401 "-" "Mozilla/5.0 AppleWebKit/537.36 (KHTML, like Gecko; compatible; ClaudeBot/1.0; [email protected])"
20.171.207.94 - - [21/Jul/2025:18:45:30 +0000] "GET /shopbrand/169303809.htm HTTP/1.1" 301 - "-" "Mozilla/5.0 AppleWebKit/537.36 (KHTML, like Gecko; compatible; GPTBot/1.2; +https://openai.com/gptbot)"
20.171.207.94 - - [21/Jul/2025:18:45:31 +0000] "GET /shopbrand/169332719.htm HTTP/1.1" 301 - "-" "Mozilla/5.0 AppleWebKit/537.36 (KHTML, like Gecko; compatible; GPTBot/1.2; +https://openai.com/gptbot)"
20.171.207.94 - - [21/Jul/2025:18:45:32 +0000] "GET /shopbrand/169357898.htm HTTP/1.1" 301 - "-" "Mozilla/5.0 AppleWebKit/537.36 (KHTML, like Gecko; compatible; GPTBot/1.2; +https://openai.com/gptbot)"
209.74.77.214 - - [21/Jul/2025:18:45:33 +0000] "POST /wp-cron.php?doing_wp_cron=1753123533.7582130432128906250000 HTTP/1.1" 200 - "-" "WordPress/6.8.2; https://alalamy.com.au"
20.171.207.94 - - [21/Jul/2025:18:45:33 +0000] "GET /shopbrand/169343682.htm HTTP/1.1" 301 - "-" "Mozilla/5.0 AppleWebKit/537.36 (KHTML, like Gecko; compatible; GPTBot/1.2; +https://openai.com/gptbot)"
20.171.207.94 - - [21/Jul/2025:18:45:34 +0000] "GET /shopbrand/169314504.htm HTTP/1.1" 301 - "-" "Mozilla/5.0 AppleWebKit/537.36 (KHTML, like Gecko; compatible; GPTBot/1.2; +https://openai.com/gptbot)"
20.171.207.94 - - [21/Jul/2025:18:45:35 +0000] "GET /shopbrand/169284762.htm HTTP/1.1" 301 - "-" "Mozilla/5.0 AppleWebKit/537.36 (KHTML, like Gecko; compatible; GPTBot/1.2; +https://openai.com/gptbot)"
20.171.207.94 - - [21/Jul/2025:18:45:36 +0000] "GET /shopbrand/169308970.htm HTTP/1.1" 301 - "-" "Mozilla/5.0 AppleWebKit/537.36 (KHTML, like Gecko; compatible; GPTBot/1.2; +https://openai.com/gptbot)"
20.171.207.94 - - [21/Jul/2025:18:45:38 +0000] "GET /shopbrand/169302838.htm HTTP/1.1" 301 - "-" "Mozilla/5.0 AppleWebKit/537.36 (KHTML, like Gecko; compatible; GPTBot/1.2; +https://openai.com/gptbot)"
20.171.207.94 - - [21/Jul/2025:18:45:39 +0000] "GET /shopbrand/169290463.htm HTTP/1.1" 301 - "-" "Mozilla/5.0 AppleWebKit/537.36 (KHTML, like Gecko; compatible; GPTBot/1.2; +https://openai.com/gptbot)"
20.171.207.94 - - [21/Jul/2025:18:45:40 +0000] "GET /shopbrand/169359409.htm HTTP/1.1" 301 - "-" "Mozilla/5.0 AppleWebKit/537.36 (KHTML, like Gecko; compatible; GPTBot/1.2; +https://openai.com/gptbot)"
20.171.207.94 - - [21/Jul/2025:18:45:41 +0000] "GET /shopbrand/169340064.htm HTTP/1.1" 301 - "-" "Mozilla/5.0 AppleWebKit/537.36 (KHTML, like Gecko; compatible; GPTBot/1.2; +https://openai.com/gptbot)"
20.171.207.94 - - [21/Jul/2025:18:45:42 +0000] "GET /shopbrand/169292548.htm HTTP/1.1" 301 - "-" "Mozilla/5.0 AppleWebKit/537.36 (KHTML, like Gecko; compatible; GPTBot/1.2; +https://openai.com/gptbot)"
20.171.207.94 - - [21/Jul/2025:18:45:43 +0000] "GET /shopbrand/169355376.htm HTTP/1.1" 301 - "-" "Mozilla/5.0 AppleWebKit/537.36 (KHTML, like Gecko; compatible; GPTBot/1.2; +https://openai.com/gptbot)"
20.171.207.94 - - [21/Jul/2025:18:45:45 +0000] "GET /shopbrand/169291303.htm HTTP/1.1" 301 - "-" "Mozilla/5.0 AppleWebKit/537.36 (KHTML, like Gecko; compatible; GPTBot/1.2; +https://openai.com/gptbot)"
20.171.207.94 - - [21/Jul/2025:18:45:46 +0000] "GET /shopbrand/169250590.htm HTTP/1.1" 301 - "-" "Mozilla/5.0 AppleWebKit/537.36 (KHTML, like Gecko; compatible; GPTBot/1.2; +https://openai.com/gptbot)"
20.171.207.94 - - [21/Jul/2025:18:45:47 +0000] "GET /shopbrand/169318406.htm HTTP/1.1" 301 - "-" "Mozilla/5.0 AppleWebKit/537.36 (KHTML, like Gecko; compatible; GPTBot/1.2; +https://openai.com/gptbot)"
20.171.207.94 - - [21/Jul/2025:18:45:48 +0000] "GET /shopbrand/169286432.htm HTTP/1.1" 301 - "-" "Mozilla/5.0 AppleWebKit/537.36 (KHTML, like Gecko; compatible; GPTBot/1.2; +https://openai.com/gptbot)"
20.171.207.94 - - [21/Jul/2025:18:45:49 +0000] "GET /shopbrand/169318803.htm HTTP/1.1" 301 - "-" "Mozilla/5.0 AppleWebKit/537.36 (KHTML, like Gecko; compatible; GPTBot/1.2; +https://openai.com/gptbot)"
209.74.77.214 - - [21/Jul/2025:18:45:51 +0000] "POST /wp-cron.php?doing_wp_cron=1753123551.0152831077575683593750 HTTP/1.1" 200 - "-" "WordPress/6.8.2; https://alalamy.com.au"
20.171.207.94 - - [21/Jul/2025:18:45:50 +0000] "GET /shopbrand/169254200.htm HTTP/1.1" 301 - "-" "Mozilla/5.0 AppleWebKit/537.36 (KHTML, like Gecko; compatible; GPTBot/1.2; +https://openai.com/gptbot)"
20.171.207.22 - - [21/Jul/2025:18:45:51 +0000] "GET /shopbrand/169269768.htm HTTP/1.1" 404 20401 "-" "Mozilla/5.0 AppleWebKit/537.36 (KHTML, like Gecko; compatible; GPTBot/1.2; +https://openai.com/gptbot)"
20.171.207.94 - - [21/Jul/2025:18:45:51 +0000] "GET /shopbrand/169289784.htm HTTP/1.1" 301 - "-" "Mozilla/5.0 AppleWebKit/537.36 (KHTML, like Gecko; compatible; GPTBot/1.2; +https://openai.com/gptbot)"
51.222.253.16 - - [21/Jul/2025:18:45:52 +0000] "GET /items/goods/figures/4958404/ HTTP/1.1" 404 20401 "-" "Mozilla/5.0 (compatible; AhrefsBot/7.0; +http://ahrefs.com/robot/)"
20.171.207.94 - - [21/Jul/2025:18:45:53 +0000] "GET /shopbrand/169248781.htm HTTP/1.1" 301 - "-" "Mozilla/5.0 AppleWebKit/537.36 (KHTML, like Gecko; compatible; GPTBot/1.2; +https://openai.com/gptbot)"
20.171.207.94 - - [21/Jul/2025:18:45:54 +0000] "GET /shopbrand/169301029.htm HTTP/1.1" 301 - "-" "Mozilla/5.0 AppleWebKit/537.36 (KHTML, like Gecko; compatible; GPTBot/1.2; +https://openai.com/gptbot)"
216.73.216.97 - - [21/Jul/2025:18:45:54 +0000] "GET /shopbrand/9728348.htm HTTP/1.1" 404 20401 "-" "Mozilla/5.0 AppleWebKit/537.36 (KHTML, like Gecko; compatible; ClaudeBot/1.0; [email protected])"
20.171.207.94 - - [21/Jul/2025:18:45:55 +0000] "GET /shopbrand/169301426.htm HTTP/1.1" 301 - "-" "Mozilla/5.0 AppleWebKit/537.36 (KHTML, like Gecko; compatible; GPTBot/1.2; +https://openai.com/gptbot)"
20.171.207.94 - - [21/Jul/2025:18:45:56 +0000] "GET /shopbrand/169291434.htm HTTP/1.1" 301 - "-" "Mozilla/5.0 AppleWebKit/537.36 (KHTML, like Gecko; compatible; GPTBot/1.2; +https://openai.com/gptbot)"
20.171.207.94 - - [21/Jul/2025:18:45:57 +0000] "GET /shopbrand/169305733.htm HTTP/1.1" 301 - "-" "Mozilla/5.0 AppleWebKit/537.36 (KHTML, like Gecko; compatible; GPTBot/1.2; +https://openai.com/gptbot)"
216.73.216.97 - - [21/Jul/2025:18:45:57 +0000] "GET /shopbrand/9710812.htm HTTP/1.1" 404 20401 "-" "Mozilla/5.0 AppleWebKit/537.36 (KHTML, like Gecko; compatible; ClaudeBot/1.0; [email protected])"
20.171.207.94 - - [21/Jul/2025:18:45:58 +0000] "GET /shopbrand/169291037.htm HTTP/1.1" 301 - "-" "Mozilla/5.0 AppleWebKit/537.36 (KHTML, like Gecko; compatible; GPTBot/1.2; +https://openai.com/gptbot)"
209.74.77.214 - - [21/Jul/2025:18:46:00 +0000] "POST /wp-cron.php?doing_wp_cron=1753123560.1088008880615234375000 HTTP/1.1" 200 - "-" "WordPress/6.8.2; https://alalamy.com.au"
20.171.207.94 - - [21/Jul/2025:18:45:59 +0000] "GET /shopbrand/169294488.htm HTTP/1.1" 301 - "-" "Mozilla/5.0 AppleWebKit/537.36 (KHTML, like Gecko; compatible; GPTBot/1.2; +https://openai.com/gptbot)"
209.74.77.214 - - [21/Jul/2025:18:46:01 +0000] "POST /wp-cron.php?doing_wp_cron=1753123561.0066089630126953125000 HTTP/1.1" 200 - "-" "WordPress/6.8.2; https://alalamy.com.au"
216.73.216.97 - - [21/Jul/2025:18:46:00 +0000] "GET /shopbrand/9707186.htm HTTP/1.1" 404 20401 "-" "Mozilla/5.0 AppleWebKit/537.36 (KHTML, like Gecko; compatible; ClaudeBot/1.0; [email protected])"
20.171.207.94 - - [21/Jul/2025:18:46:01 +0000] "GET /shopbrand/169249337.htm HTTP/1.1" 301 - "-" "Mozilla/5.0 AppleWebKit/537.36 (KHTML, like Gecko; compatible; GPTBot/1.2; +https://openai.com/gptbot)"
209.74.77.214 - - [21/Jul/2025:18:46:01 +0000] "POST /wp-admin/admin-ajax.php?action=async_litespeed&nonce=Bff4Nhtn371Fyh6YmTsWW2yq3CgQSKTV&litespeed_type=imgoptm HTTP/1.1" 200 21 "-" "WordPress/6.8.2; https://alalamy.com.au"
20.171.207.94 - - [21/Jul/2025:18:46:02 +0000] "GET /shopbrand/169328114.htm HTTP/1.1" 301 - "-" "Mozilla/5.0 AppleWebKit/537.36 (KHTML, like Gecko; compatible; GPTBot/1.2; +https://openai.com/gptbot)"
20.171.207.94 - - [21/Jul/2025:18:46:03 +0000] "GET /shopbrand/169352163.htm HTTP/1.1" 301 - "-" "Mozilla/5.0 AppleWebKit/537.36 (KHTML, like Gecko; compatible; GPTBot/1.2; +https://openai.com/gptbot)"
216.73.216.97 - - [21/Jul/2025:18:46:03 +0000] "GET /shopbrand/9680955.htm HTTP/1.1" 404 20401 "-" "Mozilla/5.0 AppleWebKit/537.36 (KHTML, like Gecko; compatible; ClaudeBot/1.0; [email protected])"
20.171.207.94 - - [21/Jul/2025:18:46:04 +0000] "GET /shopbrand/169256009.htm HTTP/1.1" 301 - "-" "Mozilla/5.0 AppleWebKit/537.36 (KHTML, like Gecko; compatible; GPTBot/1.2; +https://openai.com/gptbot)"
20.171.207.94 - - [21/Jul/2025:18:46:05 +0000] "GET /shopbrand/169330795.htm HTTP/1.1" 301 - "-" "Mozilla/5.0 AppleWebKit/537.36 (KHTML, like Gecko; compatible; GPTBot/1.2; +https://openai.com/gptbot)"
20.171.207.94 - - [21/Jul/2025:18:46:06 +0000] "GET /shopbrand/169355217.htm HTTP/1.1" 301 - "-" "Mozilla/5.0 AppleWebKit/537.36 (KHTML, like Gecko; compatible; GPTBot/1.2; +https://openai.com/gptbot)"
216.73.216.97 - - [21/Jul/2025:18:46:06 +0000] "GET /shopbrand/9739875.htm HTTP/1.1" 404 20401 "-" "Mozilla/5.0 AppleWebKit/537.36 (KHTML, like Gecko; compatible; ClaudeBot/1.0; [email protected])"
20.171.207.94 - - [21/Jul/2025:18:46:07 +0000] "GET /shopbrand/169323567.htm HTTP/1.1" 301 - "-" "Mozilla/5.0 AppleWebKit/537.36 (KHTML, like Gecko; compatible; GPTBot/1.2; +https://openai.com/gptbot)"
20.171.207.94 - - [21/Jul/2025:18:46:09 +0000] "GET /shopbrand/169321442.htm HTTP/1.1" 301 - "-" "Mozilla/5.0 AppleWebKit/537.36 (KHTML, like Gecko; compatible; GPTBot/1.2; +https://openai.com/gptbot)"
216.73.216.97 - - [21/Jul/2025:18:46:09 +0000] "GET /shopbrand/9711378.htm HTTP/1.1" 404 20401 "-" "Mozilla/5.0 AppleWebKit/537.36 (KHTML, like Gecko; compatible; ClaudeBot/1.0; [email protected])"
20.171.207.94 - - [21/Jul/2025:18:46:10 +0000] "GET /shopbrand/169322588.htm HTTP/1.1" 301 - "-" "Mozilla/5.0 AppleWebKit/537.36 (KHTML, like Gecko; compatible; GPTBot/1.2; +https://openai.com/gptbot)"
20.171.207.94 - - [21/Jul/2025:18:46:11 +0000] "GET /shopbrand/169349683.htm HTTP/1.1" 301 - "-" "Mozilla/5.0 AppleWebKit/537.36 (KHTML, like Gecko; compatible; GPTBot/1.2; +https://openai.com/gptbot)"
20.171.207.94 - - [21/Jul/2025:18:46:12 +0000] "GET /shopbrand/169293783.htm HTTP/1.1" 301 - "-" "Mozilla/5.0 AppleWebKit/537.36 (KHTML, like Gecko; compatible; GPTBot/1.2; +https://openai.com/gptbot)"
216.73.216.97 - - [21/Jul/2025:18:46:12 +0000] "GET /shopbrand/9664118.htm HTTP/1.1" 404 20401 "-" "Mozilla/5.0 AppleWebKit/537.36 (KHTML, like Gecko; compatible; ClaudeBot/1.0; [email protected])"
20.171.207.94 - - [21/Jul/2025:18:46:13 +0000] "GET /shopbrand/169348148.htm HTTP/1.1" 301 - "-" "Mozilla/5.0 AppleWebKit/537.36 (KHTML, like Gecko; compatible; GPTBot/1.2; +https://openai.com/gptbot)"
20.171.207.94 - - [21/Jul/2025:18:46:14 +0000] "GET /shopbrand/169362876.htm HTTP/1.1" 301 - "-" "Mozilla/5.0 AppleWebKit/537.36 (KHTML, like Gecko; compatible; GPTBot/1.2; +https://openai.com/gptbot)"
216.73.216.97 - - [21/Jul/2025:18:46:15 +0000] "GET /shopbrand/9736829.htm HTTP/1.1" 404 20401 "-" "Mozilla/5.0 AppleWebKit/537.36 (KHTML, like Gecko; compatible; ClaudeBot/1.0; [email protected])"
20.171.207.94 - - [21/Jul/2025:18:46:16 +0000] "GET /shopbrand/169347874.htm HTTP/1.1" 301 - "-" "Mozilla/5.0 AppleWebKit/537.36 (KHTML, like Gecko; compatible; GPTBot/1.2; +https://openai.com/gptbot)"
20.171.207.94 - - [21/Jul/2025:18:46:17 +0000] "GET /shopbrand/169273386.htm HTTP/1.1" 301 - "-" "Mozilla/5.0 AppleWebKit/537.36 (KHTML, like Gecko; compatible; GPTBot/1.2; +https://openai.com/gptbot)"
20.171.207.94 - - [21/Jul/2025:18:46:18 +0000] "GET /shopbrand/169275735.htm HTTP/1.1" 301 - "-" "Mozilla/5.0 AppleWebKit/537.36 (KHTML, like Gecko; compatible; GPTBot/1.2; +https://openai.com/gptbot)"
216.73.216.97 - - [21/Jul/2025:18:46:18 +0000] "GET /shopbrand/9660639.htm HTTP/1.1" 404 20401 "-" "Mozilla/5.0 AppleWebKit/537.36 (KHTML, like Gecko; compatible; ClaudeBot/1.0; [email protected])"
20.171.207.94 - - [21/Jul/2025:18:46:19 +0000] "GET /shopbrand/169254041.htm HTTP/1.1" 301 - "-" "Mozilla/5.0 AppleWebKit/537.36 (KHTML, like Gecko; compatible; GPTBot/1.2; +https://openai.com/gptbot)"
20.171.207.94 - - [21/Jul/2025:18:46:20 +0000] "GET /shopbrand/169350513.htm HTTP/1.1" 301 - "-" "Mozilla/5.0 AppleWebKit/537.36 (KHTML, like Gecko; compatible; GPTBot/1.2; +https://openai.com/gptbot)"
51.222.253.1 - - [21/Jul/2025:18:46:20 +0000] "GET /items/goods/idols/4989222/ HTTP/1.1" 404 20401 "-" "Mozilla/5.0 (compatible; AhrefsBot/7.0; +http://ahrefs.com/robot/)"
20.171.207.94 - - [21/Jul/2025:18:46:21 +0000] "GET /shopbrand/169344254.htm HTTP/1.1" 301 - "-" "Mozilla/5.0 AppleWebKit/537.36 (KHTML, like Gecko; compatible; GPTBot/1.2; +https://openai.com/gptbot)"
216.73.216.97 - - [21/Jul/2025:18:46:21 +0000] "GET /shopbrand/9670091.htm HTTP/1.1" 404 20400 "-" "Mozilla/5.0 AppleWebKit/537.36 (KHTML, like Gecko; compatible; ClaudeBot/1.0; [email protected])"
20.171.207.94 - - [21/Jul/2025:18:46:23 +0000] "GET /shopbrand/169339252.htm HTTP/1.1" 301 - "-" "Mozilla/5.0 AppleWebKit/537.36 (KHTML, like Gecko; compatible; GPTBot/1.2; +https://openai.com/gptbot)"
20.171.207.94 - - [21/Jul/2025:18:46:24 +0000] "GET /shopbrand/169309351.htm HTTP/1.1" 301 - "-" "Mozilla/5.0 AppleWebKit/537.36 (KHTML, like Gecko; compatible; GPTBot/1.2; +https://openai.com/gptbot)"
216.73.216.97 - - [21/Jul/2025:18:46:24 +0000] "GET /shopbrand/9683038.htm HTTP/1.1" 404 20401 "-" "Mozilla/5.0 AppleWebKit/537.36 (KHTML, like Gecko; compatible; ClaudeBot/1.0; [email protected])"
20.171.207.94 - - [21/Jul/2025:18:46:25 +0000] "GET /shopbrand/169285461.htm HTTP/1.1" 301 - "-" "Mozilla/5.0 AppleWebKit/537.36 (KHTML, like Gecko; compatible; GPTBot/1.2; +https://openai.com/gptbot)"
20.171.207.94 - - [21/Jul/2025:18:46:26 +0000] "GET /shopbrand/169345225.htm HTTP/1.1" 301 - "-" "Mozilla/5.0 AppleWebKit/537.36 (KHTML, like Gecko; compatible; GPTBot/1.2; +https://openai.com/gptbot)"
20.171.207.94 - - [21/Jul/2025:18:46:27 +0000] "GET /shopbrand/169264331.htm HTTP/1.1" 301 - "-" "Mozilla/5.0 AppleWebKit/537.36 (KHTML, like Gecko; compatible; GPTBot/1.2; +https://openai.com/gptbot)"
216.73.216.97 - - [21/Jul/2025:18:46:27 +0000] "GET /shopbrand/9699277.htm HTTP/1.1" 404 20401 "-" "Mozilla/5.0 AppleWebKit/537.36 (KHTML, like Gecko; compatible; ClaudeBot/1.0; [email protected])"
20.171.207.94 - - [21/Jul/2025:18:46:28 +0000] "GET /shopbrand/169310894.htm HTTP/1.1" 301 - "-" "Mozilla/5.0 AppleWebKit/537.36 (KHTML, like Gecko; compatible; GPTBot/1.2; +https://openai.com/gptbot)"
20.171.207.94 - - [21/Jul/2025:18:46:30 +0000] "GET /shopbrand/169356089.htm HTTP/1.1" 301 - "-" "Mozilla/5.0 AppleWebKit/537.36 (KHTML, like Gecko; compatible; GPTBot/1.2; +https://openai.com/gptbot)"
216.73.216.97 - - [21/Jul/2025:18:46:30 +0000] "GET /shopbrand/9715667.htm HTTP/1.1" 404 20401 "-" "Mozilla/5.0 AppleWebKit/537.36 (KHTML, like Gecko; compatible; ClaudeBot/1.0; [email protected])"
20.171.207.94 - - [21/Jul/2025:18:46:31 +0000] "GET /shopbrand/169357600.htm HTTP/1.1" 301 - "-" "Mozilla/5.0 AppleWebKit/537.36 (KHTML, like Gecko; compatible; GPTBot/1.2; +https://openai.com/gptbot)"
20.171.207.94 - - [21/Jul/2025:18:46:32 +0000] "GET /shopbrand/169315757.htm HTTP/1.1" 301 - "-" "Mozilla/5.0 AppleWebKit/537.36 (KHTML, like Gecko; compatible; GPTBot/1.2; +https://openai.com/gptbot)"
209.74.77.214 - - [21/Jul/2025:18:46:33 +0000] "POST /wp-cron.php?doing_wp_cron=1753123593.7585990428924560546875 HTTP/1.1" 200 - "-" "WordPress/6.8.2; https://alalamy.com.au"
20.171.207.94 - - [21/Jul/2025:18:46:33 +0000] "GET /shopbrand/169305618.htm HTTP/1.1" 301 - "-" "Mozilla/5.0 AppleWebKit/537.36 (KHTML, like Gecko; compatible; GPTBot/1.2; +https://openai.com/gptbot)"
216.73.216.97 - - [21/Jul/2025:18:46:33 +0000] "GET /shopbrand/9715401.htm HTTP/1.1" 404 20401 "-" "Mozilla/5.0 AppleWebKit/537.36 (KHTML, like Gecko; compatible; ClaudeBot/1.0; [email protected])"
20.171.207.94 - - [21/Jul/2025:18:46:34 +0000] "GET /shopbrand/169303235.htm HTTP/1.1" 301 - "-" "Mozilla/5.0 AppleWebKit/537.36 (KHTML, like Gecko; compatible; GPTBot/1.2; +https://openai.com/gptbot)"
20.171.207.94 - - [21/Jul/2025:18:46:35 +0000] "GET /shopbrand/169295584.htm HTTP/1.1" 301 - "-" "Mozilla/5.0 AppleWebKit/537.36 (KHTML, like Gecko; compatible; GPTBot/1.2; +https://openai.com/gptbot)"
216.73.216.97 - - [21/Jul/2025:18:46:36 +0000] "GET /shopbrand/9684680.htm HTTP/1.1" 404 20401 "-" "Mozilla/5.0 AppleWebKit/537.36 (KHTML, like Gecko; compatible; ClaudeBot/1.0; [email protected])"
20.171.207.94 - - [21/Jul/2025:18:46:37 +0000] "GET /shopbrand/169274639.htm HTTP/1.1" 301 - "-" "Mozilla/5.0 AppleWebKit/537.36 (KHTML, like Gecko; compatible; GPTBot/1.2; +https://openai.com/gptbot)"
66.249.65.165 - - [21/Jul/2025:18:46:37 +0000] "GET /items/decor/interior/1813655/ HTTP/1.1" 200 18475 "-" "Mozilla/5.0 (Linux; Android 6.0.1; Nexus 5X Build/MMB29P) AppleWebKit/537.36 (KHTML, like Gecko) Chrome/137.0.7151.103 Mobile Safari/537.36 (compatible; GoogleOther)"
20.171.207.94 - - [21/Jul/2025:18:46:38 +0000] "GET /shopbrand/169304381.htm HTTP/1.1" 301 - "-" "Mozilla/5.0 AppleWebKit/537.36 (KHTML, like Gecko; compatible; GPTBot/1.2; +https://openai.com/gptbot)"
20.171.207.94 - - [21/Jul/2025:18:46:39 +0000] "GET /shopbrand/169275012.htm HTTP/1.1" 301 - "-" "Mozilla/5.0 AppleWebKit/537.36 (KHTML, like Gecko; compatible; GPTBot/1.2; +https://openai.com/gptbot)"
216.73.216.97 - - [21/Jul/2025:18:46:39 +0000] "GET /shopbrand/9695385.htm HTTP/1.1" 404 20401 "-" "Mozilla/5.0 AppleWebKit/537.36 (KHTML, like Gecko; compatible; ClaudeBot/1.0; [email protected])"
20.171.207.94 - - [21/Jul/2025:18:46:40 +0000] "GET /shopbrand/169251420.htm HTTP/1.1" 301 - "-" "Mozilla/5.0 AppleWebKit/537.36 (KHTML, like Gecko; compatible; GPTBot/1.2; +https://openai.com/gptbot)"
20.171.207.94 - - [21/Jul/2025:18:46:41 +0000] "GET /shopbrand/169267810.htm HTTP/1.1" 301 - "-" "Mozilla/5.0 AppleWebKit/537.36 (KHTML, like Gecko; compatible; GPTBot/1.2; +https://openai.com/gptbot)"
20.171.207.94 - - [21/Jul/2025:18:46:42 +0000] "GET /shopbrand/169329367.htm HTTP/1.1" 301 - "-" "Mozilla/5.0 AppleWebKit/537.36 (KHTML, like Gecko; compatible; GPTBot/1.2; +https://openai.com/gptbot)"
216.73.216.97 - - [21/Jul/2025:18:46:42 +0000] "GET /shopbrand/9721517.htm HTTP/1.1" 404 20401 "-" "Mozilla/5.0 AppleWebKit/537.36 (KHTML, like Gecko; compatible; ClaudeBot/1.0; [email protected])"
20.171.207.94 - - [21/Jul/2025:18:46:43 +0000] "GET /shopbrand/169364014.htm HTTP/1.1" 301 - "-" "Mozilla/5.0 AppleWebKit/537.36 (KHTML, like Gecko; compatible; GPTBot/1.2; +https://openai.com/gptbot)"
20.171.207.94 - - [21/Jul/2025:18:46:44 +0000] "GET /shopbrand/169340936.htm HTTP/1.1" 301 - "-" "Mozilla/5.0 AppleWebKit/537.36 (KHTML, like Gecko; compatible; GPTBot/1.2; +https://openai.com/gptbot)"
216.73.216.97 - - [21/Jul/2025:18:46:45 +0000] "GET /shopbrand/9675909.htm HTTP/1.1" 404 20400 "-" "Mozilla/5.0 AppleWebKit/537.36 (KHTML, like Gecko; compatible; ClaudeBot/1.0; [email protected])"
20.171.207.94 - - [21/Jul/2025:18:46:46 +0000] "GET /shopbrand/169272514.htm HTTP/1.1" 301 - "-" "Mozilla/5.0 AppleWebKit/537.36 (KHTML, like Gecko; compatible; GPTBot/1.2; +https://openai.com/gptbot)"
20.171.207.94 - - [21/Jul/2025:18:46:47 +0000] "GET /shopbrand/169358569.htm HTTP/1.1" 301 - "-" "Mozilla/5.0 AppleWebKit/537.36 (KHTML, like Gecko; compatible; GPTBot/1.2; +https://openai.com/gptbot)"
20.171.207.94 - - [21/Jul/2025:18:46:48 +0000] "GET /shopbrand/169270705.htm HTTP/1.1" 301 - "-" "Mozilla/5.0 AppleWebKit/537.36 (KHTML, like Gecko; compatible; GPTBot/1.2; +https://openai.com/gptbot)"
216.73.216.97 - - [21/Jul/2025:18:46:49 +0000] "GET /shopbrand/9653967.htm HTTP/1.1" 404 20401 "-" "Mozilla/5.0 AppleWebKit/537.36 (KHTML, like Gecko; compatible; ClaudeBot/1.0; [email protected])"
20.171.207.94 - - [21/Jul/2025:18:46:49 +0000] "GET /shopbrand/169320886.htm HTTP/1.1" 301 - "-" "Mozilla/5.0 AppleWebKit/537.36 (KHTML, like Gecko; compatible; GPTBot/1.2; +https://openai.com/gptbot)"
20.171.207.94 - - [21/Jul/2025:18:46:50 +0000] "GET /shopbrand/169320771.htm HTTP/1.1" 301 - "-" "Mozilla/5.0 AppleWebKit/537.36 (KHTML, like Gecko; compatible; GPTBot/1.2; +https://openai.com/gptbot)"
209.74.77.214 - - [21/Jul/2025:18:46:51 +0000] "POST /wp-cron.php?doing_wp_cron=1753123611.3239068984985351562500 HTTP/1.1" 200 - "-" "WordPress/6.8.2; https://alalamy.com.au"
51.222.253.8 - - [21/Jul/2025:18:46:51 +0000] "GET /items/goods/sports/1910854/ HTTP/1.1" 404 20401 "-" "Mozilla/5.0 (compatible; AhrefsBot/7.0; +http://ahrefs.com/robot/)"
20.171.207.94 - - [21/Jul/2025:18:46:51 +0000] "GET /shopbrand/169304107.htm HTTP/1.1" 301 - "-" "Mozilla/5.0 AppleWebKit/537.36 (KHTML, like Gecko; compatible; GPTBot/1.2; +https://openai.com/gptbot)"
216.73.216.97 - - [21/Jul/2025:18:46:51 +0000] "GET /shopbrand/9770171.htm HTTP/1.1" 404 20401 "-" "Mozilla/5.0 AppleWebKit/537.36 (KHTML, like Gecko; compatible; ClaudeBot/1.0; [email protected])"
20.171.207.94 - - [21/Jul/2025:18:46:52 +0000] "GET /shopbrand/169334530.htm HTTP/1.1" 301 - "-" "Mozilla/5.0 AppleWebKit/537.36 (KHTML, like Gecko; compatible; GPTBot/1.2; +https://openai.com/gptbot)"
20.171.207.94 - - [21/Jul/2025:18:46:54 +0000] "GET /shopbrand/169255137.htm HTTP/1.1" 301 - "-" "Mozilla/5.0 AppleWebKit/537.36 (KHTML, like Gecko; compatible; GPTBot/1.2; +https://openai.com/gptbot)"
216.73.216.97 - - [21/Jul/2025:18:46:54 +0000] "GET /shopbrand/9688979.htm HTTP/1.1" 404 20401 "-" "Mozilla/5.0 AppleWebKit/537.36 (KHTML, like Gecko; compatible; ClaudeBot/1.0; [email protected])"
20.171.207.94 - - [21/Jul/2025:18:46:55 +0000] "GET /shopbrand/169310223.htm HTTP/1.1" 301 - "-" "Mozilla/5.0 AppleWebKit/537.36 (KHTML, like Gecko; compatible; GPTBot/1.2; +https://openai.com/gptbot)"
20.171.207.94 - - [21/Jul/2025:18:46:56 +0000] "GET /shopbrand/169323400.htm HTTP/1.1" 301 - "-" "Mozilla/5.0 AppleWebKit/537.36 (KHTML, like Gecko; compatible; GPTBot/1.2; +https://openai.com/gptbot)"
20.171.207.22 - - [21/Jul/2025:18:46:57 +0000] "GET /shopbrand/169333293.htm HTTP/1.1" 404 20401 "-" "Mozilla/5.0 AppleWebKit/537.36 (KHTML, like Gecko; compatible; GPTBot/1.2; +https://openai.com/gptbot)"
20.171.207.94 - - [21/Jul/2025:18:46:57 +0000] "GET /shopbrand/169259627.htm HTTP/1.1" 301 - "-" "Mozilla/5.0 AppleWebKit/537.36 (KHTML, like Gecko; compatible; GPTBot/1.2; +https://openai.com/gptbot)"
216.73.216.97 - - [21/Jul/2025:18:46:57 +0000] "GET /shopbrand/9681495.htm HTTP/1.1" 404 20401 "-" "Mozilla/5.0 AppleWebKit/537.36 (KHTML, like Gecko; compatible; ClaudeBot/1.0; [email protected])"
20.171.207.94 - - [21/Jul/2025:18:46:58 +0000] "GET /shopbrand/169262947.htm HTTP/1.1" 301 - "-" "Mozilla/5.0 AppleWebKit/537.36 (KHTML, like Gecko; compatible; GPTBot/1.2; +https://openai.com/gptbot)"
20.171.207.94 - - [21/Jul/2025:18:46:59 +0000] "GET /shopbrand/169326305.htm HTTP/1.1" 301 - "-" "Mozilla/5.0 AppleWebKit/537.36 (KHTML, like Gecko; compatible; GPTBot/1.2; +https://openai.com/gptbot)"
209.74.77.214 - - [21/Jul/2025:18:47:01 +0000] "POST /wp-cron.php?doing_wp_cron=1753123621.1049261093139648437500 HTTP/1.1" 200 - "-" "WordPress/6.8.2; https://alalamy.com.au"
20.171.207.94 - - [21/Jul/2025:18:47:01 +0000] "GET /shopbrand/169272415.htm HTTP/1.1" 301 - "-" "Mozilla/5.0 AppleWebKit/537.36 (KHTML, like Gecko; compatible; GPTBot/1.2; +https://openai.com/gptbot)"
216.73.216.97 - - [21/Jul/2025:18:47:00 +0000] "GET /shopbrand/9671876.htm HTTP/1.1" 404 20401 "-" "Mozilla/5.0 AppleWebKit/537.36 (KHTML, like Gecko; compatible; ClaudeBot/1.0; [email protected])"
209.74.77.214 - - [21/Jul/2025:18:47:01 +0000] "POST /wp-admin/admin-ajax.php?action=async_litespeed&nonce=bFW3uYJhdxvJVELl6yhlLpbzhbpRVXZ7&litespeed_type=imgoptm HTTP/1.1" 200 21 "-" "WordPress/6.8.2; https://alalamy.com.au"
20.171.207.94 - - [21/Jul/2025:18:47:02 +0000] "GET /shopbrand/169372868.htm HTTP/1.1" 301 - "-" "Mozilla/5.0 AppleWebKit/537.36 (KHTML, like Gecko; compatible; GPTBot/1.2; +https://openai.com/gptbot)"
20.171.207.94 - - [21/Jul/2025:18:47:03 +0000] "GET /shopbrand/169359250.htm HTTP/1.1" 301 - "-" "Mozilla/5.0 AppleWebKit/537.36 (KHTML, like Gecko; compatible; GPTBot/1.2; +https://openai.com/gptbot)"
20.171.207.94 - - [21/Jul/2025:18:47:04 +0000] "GET /shopbrand/169254581.htm HTTP/1.1" 301 - "-" "Mozilla/5.0 AppleWebKit/537.36 (KHTML, like Gecko; compatible; GPTBot/1.2; +https://openai.com/gptbot)"
20.171.207.94 - - [21/Jul/2025:18:47:05 +0000] "GET /shopbrand/169370104.htm HTTP/1.1" 301 - "-" "Mozilla/5.0 AppleWebKit/537.36 (KHTML, like Gecko; compatible; GPTBot/1.2; +https://openai.com/gptbot)"
20.171.207.94 - - [21/Jul/2025:18:47:06 +0000] "GET /shopbrand/169320215.htm HTTP/1.1" 301 - "-" "Mozilla/5.0 AppleWebKit/537.36 (KHTML, like Gecko; compatible; GPTBot/1.2; +https://openai.com/gptbot)"
20.171.207.94 - - [21/Jul/2025:18:47:08 +0000] "GET /shopbrand/169370114.htm HTTP/1.1" 301 - "-" "Mozilla/5.0 AppleWebKit/537.36 (KHTML, like Gecko; compatible; GPTBot/1.2; +https://openai.com/gptbot)"
20.171.207.94 - - [21/Jul/2025:18:47:09 +0000] "GET /shopbrand/169315483.htm HTTP/1.1" 301 - "-" "Mozilla/5.0 AppleWebKit/537.36 (KHTML, like Gecko; compatible; GPTBot/1.2; +https://openai.com/gptbot)"
20.171.207.94 - - [21/Jul/2025:18:47:10 +0000] "GET /shopbrand/169276821.htm HTTP/1.1" 301 - "-" "Mozilla/5.0 AppleWebKit/537.36 (KHTML, like Gecko; compatible; GPTBot/1.2; +https://openai.com/gptbot)"
20.171.207.94 - - [21/Jul/2025:18:47:11 +0000] "GET /shopbrand/169250175.htm HTTP/1.1" 301 - "-" "Mozilla/5.0 AppleWebKit/537.36 (KHTML, like Gecko; compatible; GPTBot/1.2; +https://openai.com/gptbot)"
20.171.207.94 - - [21/Jul/2025:18:47:12 +0000] "GET /shopbrand/169322155.htm HTTP/1.1" 301 - "-" "Mozilla/5.0 AppleWebKit/537.36 (KHTML, like Gecko; compatible; GPTBot/1.2; +https://openai.com/gptbot)"
20.171.207.94 - - [21/Jul/2025:18:47:13 +0000] "GET /shopbrand/169365922.htm HTTP/1.1" 301 - "-" "Mozilla/5.0 AppleWebKit/537.36 (KHTML, like Gecko; compatible; GPTBot/1.2; +https://openai.com/gptbot)"
20.171.207.94 - - [21/Jul/2025:18:47:15 +0000] "GET /shopbrand/169292530.htm HTTP/1.1" 301 - "-" "Mozilla/5.0 AppleWebKit/537.36 (KHTML, like Gecko; compatible; GPTBot/1.2; +https://openai.com/gptbot)"
20.171.207.94 - - [21/Jul/2025:18:47:16 +0000] "GET /shopbrand/169332147.htm HTTP/1.1" 301 - "-" "Mozilla/5.0 AppleWebKit/537.36 (KHTML, like Gecko; compatible; GPTBot/1.2; +https://openai.com/gptbot)"
20.171.207.94 - - [21/Jul/2025:18:47:17 +0000] "GET /shopbrand/169337010.htm HTTP/1.1" 301 - "-" "Mozilla/5.0 AppleWebKit/537.36 (KHTML, like Gecko; compatible; GPTBot/1.2; +https://openai.com/gptbot)"
20.171.207.94 - - [21/Jul/2025:18:47:18 +0000] "GET /shopbrand/169350670.htm HTTP/1.1" 301 - "-" "Mozilla/5.0 AppleWebKit/537.36 (KHTML, like Gecko; compatible; GPTBot/1.2; +https://openai.com/gptbot)"
20.171.207.94 - - [21/Jul/2025:18:47:19 +0000] "GET /shopbrand/169344828.htm HTTP/1.1" 301 - "-" "Mozilla/5.0 AppleWebKit/537.36 (KHTML, like Gecko; compatible; GPTBot/1.2; +https://openai.com/gptbot)"
20.171.207.94 - - [21/Jul/2025:18:47:20 +0000] "GET /shopbrand/169285759.htm HTTP/1.1" 301 - "-" "Mozilla/5.0 AppleWebKit/537.36 (KHTML, like Gecko; compatible; GPTBot/1.2; +https://openai.com/gptbot)"
20.171.207.94 - - [21/Jul/2025:18:47:21 +0000] "GET /shopbrand/169284631.htm HTTP/1.1" 301 - "-" "Mozilla/5.0 AppleWebKit/537.36 (KHTML, like Gecko; compatible; GPTBot/1.2; +https://openai.com/gptbot)"
20.171.207.94 - - [21/Jul/2025:18:47:23 +0000] "GET /shopbrand/169310596.htm HTTP/1.1" 301 - "-" "Mozilla/5.0 AppleWebKit/537.36 (KHTML, like Gecko; compatible; GPTBot/1.2; +https://openai.com/gptbot)"
20.171.207.94 - - [21/Jul/2025:18:47:24 +0000] "GET /shopbrand/169349798.htm HTTP/1.1" 301 - "-" "Mozilla/5.0 AppleWebKit/537.36 (KHTML, like Gecko; compatible; GPTBot/1.2; +https://openai.com/gptbot)"
51.222.253.13 - - [21/Jul/2025:18:47:24 +0000] "GET /items/handicrafts/fabrics/4260115/ HTTP/1.1" 404 20401 "-" "Mozilla/5.0 (compatible; AhrefsBot/7.0; +http://ahrefs.com/robot/)"
20.171.207.94 - - [21/Jul/2025:18:47:25 +0000] "GET /shopbrand/169328271.htm HTTP/1.1" 301 - "-" "Mozilla/5.0 AppleWebKit/537.36 (KHTML, like Gecko; compatible; GPTBot/1.2; +https://openai.com/gptbot)"
20.171.207.94 - - [21/Jul/2025:18:47:26 +0000] "GET /shopbrand/169336744.htm HTTP/1.1" 301 - "-" "Mozilla/5.0 AppleWebKit/537.36 (KHTML, like Gecko; compatible; GPTBot/1.2; +https://openai.com/gptbot)"
20.171.207.94 - - [21/Jul/2025:18:47:27 +0000] "GET /shopbrand/169267925.htm HTTP/1.1" 301 - "-" "Mozilla/5.0 AppleWebKit/537.36 (KHTML, like Gecko; compatible; GPTBot/1.2; +https://openai.com/gptbot)"
66.249.65.166 - - [21/Jul/2025:18:47:28 +0000] "POST /get-message-notify HTTP/1.1" 200 19554 "https://alalamy.com.au/items/decor/interior/1813655/" "Mozilla/5.0 (Linux; Android 6.0.1; Nexus 5X Build/MMB29P) AppleWebKit/537.36 (KHTML, like Gecko) Chrome/137.0.7151.119 Mobile Safari/537.36 (compatible; Googlebot/2.1; +http://www.google.com/bot.html)"
20.171.207.94 - - [21/Jul/2025:18:47:28 +0000] "GET /shopbrand/169347715.htm HTTP/1.1" 301 - "-" "Mozilla/5.0 AppleWebKit/537.36 (KHTML, like Gecko; compatible; GPTBot/1.2; +https://openai.com/gptbot)"
20.171.207.94 - - [21/Jul/2025:18:47:29 +0000] "GET /shopbrand/169275195.htm HTTP/1.1" 301 - "-" "Mozilla/5.0 AppleWebKit/537.36 (KHTML, like Gecko; compatible; GPTBot/1.2; +https://openai.com/gptbot)"
20.171.207.94 - - [21/Jul/2025:18:47:31 +0000] "GET /shopbrand/169260872.htm HTTP/1.1" 301 - "-" "Mozilla/5.0 AppleWebKit/537.36 (KHTML, like Gecko; compatible; GPTBot/1.2; +https://openai.com/gptbot)"
20.171.207.94 - - [21/Jul/2025:18:47:32 +0000] "GET /shopbrand/169279502.htm HTTP/1.1" 301 - "-" "Mozilla/5.0 AppleWebKit/537.36 (KHTML, like Gecko; compatible; GPTBot/1.2; +https://openai.com/gptbot)"
209.74.77.214 - - [21/Jul/2025:18:47:33 +0000] "POST /wp-cron.php?doing_wp_cron=1753123653.7267251014709472656250 HTTP/1.1" 200 - "-" "WordPress/6.8.2; https://alalamy.com.au"
20.171.207.94 - - [21/Jul/2025:18:47:33 +0000] "GET /shopbrand/169332421.htm HTTP/1.1" 301 - "-" "Mozilla/5.0 AppleWebKit/537.36 (KHTML, like Gecko; compatible; GPTBot/1.2; +https://openai.com/gptbot)"
20.171.207.94 - - [21/Jul/2025:18:47:34 +0000] "GET /shopbrand/169340902.htm HTTP/1.1" 301 - "-" "Mozilla/5.0 AppleWebKit/537.36 (KHTML, like Gecko; compatible; GPTBot/1.2; +https://openai.com/gptbot)"
20.171.207.94 - - [21/Jul/2025:18:47:35 +0000] "GET /shopbrand/169287816.htm HTTP/1.1" 301 - "-" "Mozilla/5.0 AppleWebKit/537.36 (KHTML, like Gecko; compatible; GPTBot/1.2; +https://openai.com/gptbot)"
20.171.207.94 - - [21/Jul/2025:18:47:37 +0000] "GET /shopbrand/169276406.htm HTTP/1.1" 301 - "-" "Mozilla/5.0 AppleWebKit/537.36 (KHTML, like Gecko; compatible; GPTBot/1.2; +https://openai.com/gptbot)"
20.171.207.94 - - [21/Jul/2025:18:47:38 +0000] "GET /shopbrand/169273926.htm HTTP/1.1" 301 - "-" "Mozilla/5.0 AppleWebKit/537.36 (KHTML, like Gecko; compatible; GPTBot/1.2; +https://openai.com/gptbot)"
66.249.65.165 - - [21/Jul/2025:18:47:38 +0000] "GET /items/fashion/shoes/5217947/ HTTP/1.1" 200 19069 "-" "Mozilla/5.0 (Linux; Android 6.0.1; Nexus 5X Build/MMB29P) AppleWebKit/537.36 (KHTML, like Gecko) Chrome/137.0.7151.103 Mobile Safari/537.36 (compatible; GoogleOther)"
20.171.207.94 - - [21/Jul/2025:18:47:39 +0000] "GET /shopbrand/169305052.htm HTTP/1.1" 301 - "-" "Mozilla/5.0 AppleWebKit/537.36 (KHTML, like Gecko; compatible; GPTBot/1.2; +https://openai.com/gptbot)"
20.171.207.94 - - [21/Jul/2025:18:47:40 +0000] "GET /shopbrand/169297808.htm HTTP/1.1" 301 - "-" "Mozilla/5.0 AppleWebKit/537.36 (KHTML, like Gecko; compatible; GPTBot/1.2; +https://openai.com/gptbot)"
66.249.65.165 - - [21/Jul/2025:18:47:41 +0000] "POST /get-message-notify HTTP/1.1" 200 19554 "https://alalamy.com.au/items/fashion/shoes/5217947/" "Mozilla/5.0 (Linux; Android 6.0.1; Nexus 5X Build/MMB29P) AppleWebKit/537.36 (KHTML, like Gecko) Chrome/137.0.7151.119 Mobile Safari/537.36 (compatible; Googlebot/2.1; +http://www.google.com/bot.html)"
20.171.207.94 - - [21/Jul/2025:18:47:41 +0000] "GET /shopbrand/169288356.htm HTTP/1.1" 301 - "-" "Mozilla/5.0 AppleWebKit/537.36 (KHTML, like Gecko; compatible; GPTBot/1.2; +https://openai.com/gptbot)"
20.171.207.94 - - [21/Jul/2025:18:47:42 +0000] "GET /shopbrand/169318962.htm HTTP/1.1" 301 - "-" "Mozilla/5.0 AppleWebKit/537.36 (KHTML, like Gecko; compatible; GPTBot/1.2; +https://openai.com/gptbot)"
20.171.207.94 - - [21/Jul/2025:18:47:44 +0000] "GET /shopbrand/169353706.htm HTTP/1.1" 301 - "-" "Mozilla/5.0 AppleWebKit/537.36 (KHTML, like Gecko; compatible; GPTBot/1.2; +https://openai.com/gptbot)"
20.171.207.94 - - [21/Jul/2025:18:47:45 +0000] "GET /shopbrand/169283219.htm HTTP/1.1" 301 - "-" "Mozilla/5.0 AppleWebKit/537.36 (KHTML, like Gecko; compatible; GPTBot/1.2; +https://openai.com/gptbot)"
20.171.207.94 - - [21/Jul/2025:18:47:46 +0000] "GET /shopbrand/169279087.htm HTTP/1.1" 301 - "-" "Mozilla/5.0 AppleWebKit/537.36 (KHTML, like Gecko; compatible; GPTBot/1.2; +https://openai.com/gptbot)"
51.222.253.2 - - [21/Jul/2025:18:47:47 +0000] "GET /items/handicrafts/fashion-accessories/4238706/ HTTP/1.1" 404 20400 "-" "Mozilla/5.0 (compatible; AhrefsBot/7.0; +http://ahrefs.com/robot/)"
20.171.207.94 - - [21/Jul/2025:18:47:47 +0000] "GET /shopbrand/169367890.htm HTTP/1.1" 301 - "-" "Mozilla/5.0 AppleWebKit/537.36 (KHTML, like Gecko; compatible; GPTBot/1.2; +https://openai.com/gptbot)"
20.171.207.94 - - [21/Jul/2025:18:47:48 +0000] "GET /shopbrand/169293517.htm HTTP/1.1" 301 - "-" "Mozilla/5.0 AppleWebKit/537.36 (KHTML, like Gecko; compatible; GPTBot/1.2; +https://openai.com/gptbot)"
20.171.207.94 - - [21/Jul/2025:18:47:49 +0000] "GET /shopbrand/169352852.htm HTTP/1.1" 301 - "-" "Mozilla/5.0 AppleWebKit/537.36 (KHTML, like Gecko; compatible; GPTBot/1.2; +https://openai.com/gptbot)"
209.74.77.214 - - [21/Jul/2025:18:47:51 +0000] "POST /wp-cron.php?doing_wp_cron=1753123671.1578509807586669921875 HTTP/1.1" 200 - "-" "WordPress/6.8.2; https://alalamy.com.au"
20.171.207.94 - - [21/Jul/2025:18:47:50 +0000] "GET /shopbrand/169306448.htm HTTP/1.1" 301 - "-" "Mozilla/5.0 AppleWebKit/537.36 (KHTML, like Gecko; compatible; GPTBot/1.2; +https://openai.com/gptbot)"
20.171.207.94 - - [21/Jul/2025:18:47:52 +0000] "GET /shopbrand/169315044.htm HTTP/1.1" 301 - "-" "Mozilla/5.0 AppleWebKit/537.36 (KHTML, like Gecko; compatible; GPTBot/1.2; +https://openai.com/gptbot)"
20.171.207.94 - - [21/Jul/2025:18:47:53 +0000] "GET /shopbrand/169268084.htm HTTP/1.1" 301 - "-" "Mozilla/5.0 AppleWebKit/537.36 (KHTML, like Gecko; compatible; GPTBot/1.2; +https://openai.com/gptbot)"
20.171.207.94 - - [21/Jul/2025:18:47:54 +0000] "GET /shopbrand/169257933.htm HTTP/1.1" 301 - "-" "Mozilla/5.0 AppleWebKit/537.36 (KHTML, like Gecko; compatible; GPTBot/1.2; +https://openai.com/gptbot)"
20.171.207.94 - - [21/Jul/2025:18:47:55 +0000] "GET /shopbrand/169264905.htm HTTP/1.1" 301 - "-" "Mozilla/5.0 AppleWebKit/537.36 (KHTML, like Gecko; compatible; GPTBot/1.2; +https://openai.com/gptbot)"
20.171.207.94 - - [21/Jul/2025:18:47:56 +0000] "GET /shopbrand/169309244.htm HTTP/1.1" 301 - "-" "Mozilla/5.0 AppleWebKit/537.36 (KHTML, like Gecko; compatible; GPTBot/1.2; +https://openai.com/gptbot)"
20.171.207.94 - - [21/Jul/2025:18:47:57 +0000] "GET /shopbrand/169310779.htm HTTP/1.1" 301 - "-" "Mozilla/5.0 AppleWebKit/537.36 (KHTML, like Gecko; compatible; GPTBot/1.2; +https://openai.com/gptbot)"
20.171.207.94 - - [21/Jul/2025:18:47:59 +0000] "GET /shopbrand/169351897.htm HTTP/1.1" 301 - "-" "Mozilla/5.0 AppleWebKit/537.36 (KHTML, like Gecko; compatible; GPTBot/1.2; +https://openai.com/gptbot)"
20.171.207.94 - - [21/Jul/2025:18:48:00 +0000] "GET /shopbrand/169277536.htm HTTP/1.1" 301 - "-" "Mozilla/5.0 AppleWebKit/537.36 (KHTML, like Gecko; compatible; GPTBot/1.2; +https://openai.com/gptbot)"
209.74.77.214 - - [21/Jul/2025:18:48:01 +0000] "POST /wp-cron.php?doing_wp_cron=1753123681.6930439472198486328125 HTTP/1.1" 200 - "-" "WordPress/6.8.2; https://alalamy.com.au"
20.171.207.94 - - [21/Jul/2025:18:48:01 +0000] "GET /shopbrand/169325209.htm HTTP/1.1" 301 - "-" "Mozilla/5.0 AppleWebKit/537.36 (KHTML, like Gecko; compatible; GPTBot/1.2; +https://openai.com/gptbot)"
209.74.77.214 - - [21/Jul/2025:18:48:01 +0000] "POST /wp-admin/admin-ajax.php?action=async_litespeed&nonce=dpritpd3zPdXJ3t3Y9MYqngGeOPi0vnU&litespeed_type=imgoptm HTTP/1.1" 200 21 "-" "WordPress/6.8.2; https://alalamy.com.au"
20.171.207.22 - - [21/Jul/2025:18:48:01 +0000] "GET /shopbrand/169319633.htm HTTP/1.1" 404 20401 "-" "Mozilla/5.0 AppleWebKit/537.36 (KHTML, like Gecko; compatible; GPTBot/1.2; +https://openai.com/gptbot)"
20.171.207.94 - - [21/Jul/2025:18:48:02 +0000] "GET /shopbrand/169345491.htm HTTP/1.1" 301 - "-" "Mozilla/5.0 AppleWebKit/537.36 (KHTML, like Gecko; compatible; GPTBot/1.2; +https://openai.com/gptbot)"
20.171.207.94 - - [21/Jul/2025:18:48:03 +0000] "GET /shopbrand/169304937.htm HTTP/1.1" 301 - "-" "Mozilla/5.0 AppleWebKit/537.36 (KHTML, like Gecko; compatible; GPTBot/1.2; +https://openai.com/gptbot)"
