20.171.207.94 - - [21/Jul/2025:18:31:32 +0000] "GET /shopbrand/169299617.htm HTTP/1.1" 301 - "-" "Mozilla/5.0 AppleWebKit/537.36 (KHTML, like Gecko; compatible; GPTBot/1.2; +https://openai.com/gptbot)"
209.74.77.214 - - [21/Jul/2025:18:31:33 +0000] "POST /wp-cron.php?doing_wp_cron=1753122693.5138030052185058593750 HTTP/1.1" 200 - "-" "WordPress/6.8.2; https://alalamy.com.au"
20.171.207.94 - - [21/Jul/2025:18:31:33 +0000] "GET /shopbrand/169353575.htm HTTP/1.1" 301 - "-" "Mozilla/5.0 AppleWebKit/537.36 (KHTML, like Gecko; compatible; GPTBot/1.2; +https://openai.com/gptbot)"
216.73.216.97 - - [21/Jul/2025:18:31:33 +0000] "GET /shopbrand/9690522.htm HTTP/1.1" 404 20401 "-" "Mozilla/5.0 AppleWebKit/537.36 (KHTML, like Gecko; compatible; ClaudeBot/1.0; [email protected])"
20.171.207.94 - - [21/Jul/2025:18:31:34 +0000] "GET /shopbrand/169288082.htm HTTP/1.1" 301 - "-" "Mozilla/5.0 AppleWebKit/537.36 (KHTML, like Gecko; compatible; GPTBot/1.2; +https://openai.com/gptbot)"
20.171.207.94 - - [21/Jul/2025:18:31:35 +0000] "GET /shopbrand/169346736.htm HTTP/1.1" 301 - "-" "Mozilla/5.0 AppleWebKit/537.36 (KHTML, like Gecko; compatible; GPTBot/1.2; +https://openai.com/gptbot)"
20.171.207.94 - - [21/Jul/2025:18:31:36 +0000] "GET /shopbrand/169351341.htm HTTP/1.1" 301 - "-" "Mozilla/5.0 AppleWebKit/537.36 (KHTML, like Gecko; compatible; GPTBot/1.2; +https://openai.com/gptbot)"
216.73.216.97 - - [21/Jul/2025:18:31:36 +0000] "GET /shopbrand/9716356.htm HTTP/1.1" 404 20401 "-" "Mozilla/5.0 AppleWebKit/537.36 (KHTML, like Gecko; compatible; ClaudeBot/1.0; [email protected])"
20.171.207.94 - - [21/Jul/2025:18:31:37 +0000] "GET /shopbrand/169260979.htm HTTP/1.1" 301 - "-" "Mozilla/5.0 AppleWebKit/537.36 (KHTML, like Gecko; compatible; GPTBot/1.2; +https://openai.com/gptbot)"
20.171.207.94 - - [21/Jul/2025:18:31:39 +0000] "GET /shopbrand/169361889.htm HTTP/1.1" 301 - "-" "Mozilla/5.0 AppleWebKit/537.36 (KHTML, like Gecko; compatible; GPTBot/1.2; +https://openai.com/gptbot)"
216.73.216.97 - - [21/Jul/2025:18:31:39 +0000] "GET /shopbrand/9754464.htm HTTP/1.1" 404 20401 "-" "Mozilla/5.0 AppleWebKit/537.36 (KHTML, like Gecko; compatible; ClaudeBot/1.0; [email protected])"
20.171.207.94 - - [21/Jul/2025:18:31:40 +0000] "GET /shopbrand/169264192.htm HTTP/1.1" 301 - "-" "Mozilla/5.0 AppleWebKit/537.36 (KHTML, like Gecko; compatible; GPTBot/1.2; +https://openai.com/gptbot)"
20.171.207.94 - - [21/Jul/2025:18:31:41 +0000] "GET /shopbrand/169265286.htm HTTP/1.1" 301 - "-" "Mozilla/5.0 AppleWebKit/537.36 (KHTML, like Gecko; compatible; GPTBot/1.2; +https://openai.com/gptbot)"
20.171.207.94 - - [21/Jul/2025:18:31:42 +0000] "GET /shopbrand/169272117.htm HTTP/1.1" 301 - "-" "Mozilla/5.0 AppleWebKit/537.36 (KHTML, like Gecko; compatible; GPTBot/1.2; +https://openai.com/gptbot)"
216.73.216.97 - - [21/Jul/2025:18:31:42 +0000] "GET /shopbrand/9742504.htm HTTP/1.1" 404 20401 "-" "Mozilla/5.0 AppleWebKit/537.36 (KHTML, like Gecko; compatible; ClaudeBot/1.0; [email protected])"
20.171.207.94 - - [21/Jul/2025:18:31:43 +0000] "GET /shopbrand/169330338.htm HTTP/1.1" 301 - "-" "Mozilla/5.0 AppleWebKit/537.36 (KHTML, like Gecko; compatible; GPTBot/1.2; +https://openai.com/gptbot)"
20.171.207.94 - - [21/Jul/2025:18:31:44 +0000] "GET /shopbrand/169252772.htm HTTP/1.1" 301 - "-" "Mozilla/5.0 AppleWebKit/537.36 (KHTML, like Gecko; compatible; GPTBot/1.2; +https://openai.com/gptbot)"
216.73.216.97 - - [21/Jul/2025:18:31:45 +0000] "GET /shopbrand/9658258.htm HTTP/1.1" 404 20401 "-" "Mozilla/5.0 AppleWebKit/537.36 (KHTML, like Gecko; compatible; ClaudeBot/1.0; [email protected])"
20.171.207.94 - - [21/Jul/2025:18:31:45 +0000] "GET /shopbrand/169366379.htm HTTP/1.1" 301 - "-" "Mozilla/5.0 AppleWebKit/537.36 (KHTML, like Gecko; compatible; GPTBot/1.2; +https://openai.com/gptbot)"
20.171.207.94 - - [21/Jul/2025:18:31:47 +0000] "GET /shopbrand/169344669.htm HTTP/1.1" 301 - "-" "Mozilla/5.0 AppleWebKit/537.36 (KHTML, like Gecko; compatible; GPTBot/1.2; +https://openai.com/gptbot)"
20.171.207.94 - - [21/Jul/2025:18:31:48 +0000] "GET /shopbrand/169289891.htm HTTP/1.1" 301 - "-" "Mozilla/5.0 AppleWebKit/537.36 (KHTML, like Gecko; compatible; GPTBot/1.2; +https://openai.com/gptbot)"
51.222.253.19 - - [21/Jul/2025:18:31:48 +0000] "GET /items/fishing/rods/2572316/ HTTP/1.1" 404 20401 "-" "Mozilla/5.0 (compatible; AhrefsBot/7.0; +http://ahrefs.com/robot/)"
216.73.216.97 - - [21/Jul/2025:18:31:48 +0000] "GET /shopbrand/9694839.htm HTTP/1.1" 404 20401 "-" "Mozilla/5.0 AppleWebKit/537.36 (KHTML, like Gecko; compatible; ClaudeBot/1.0; [email protected])"
20.171.207.94 - - [21/Jul/2025:18:31:49 +0000] "GET /shopbrand/169330239.htm HTTP/1.1" 301 - "-" "Mozilla/5.0 AppleWebKit/537.36 (KHTML, like Gecko; compatible; GPTBot/1.2; +https://openai.com/gptbot)"
20.171.207.94 - - [21/Jul/2025:18:31:50 +0000] "GET /shopbrand/169314214.htm HTTP/1.1" 301 - "-" "Mozilla/5.0 AppleWebKit/537.36 (KHTML, like Gecko; compatible; GPTBot/1.2; +https://openai.com/gptbot)"
209.74.77.214 - - [21/Jul/2025:18:31:51 +0000] "POST /wp-cron.php?doing_wp_cron=1753122711.8804368972778320312500 HTTP/1.1" 200 - "-" "WordPress/6.8.2; https://alalamy.com.au"
20.171.207.94 - - [21/Jul/2025:18:31:51 +0000] "GET /shopbrand/169295626.htm HTTP/1.1" 301 - "-" "Mozilla/5.0 AppleWebKit/537.36 (KHTML, like Gecko; compatible; GPTBot/1.2; +https://openai.com/gptbot)"
216.73.216.97 - - [21/Jul/2025:18:31:51 +0000] "GET /shopbrand/9706789.htm HTTP/1.1" 404 20401 "-" "Mozilla/5.0 AppleWebKit/537.36 (KHTML, like Gecko; compatible; ClaudeBot/1.0; [email protected])"
20.171.207.94 - - [21/Jul/2025:18:31:52 +0000] "GET /shopbrand/169314929.htm HTTP/1.1" 301 - "-" "Mozilla/5.0 AppleWebKit/537.36 (KHTML, like Gecko; compatible; GPTBot/1.2; +https://openai.com/gptbot)"
20.171.207.94 - - [21/Jul/2025:18:31:54 +0000] "GET /shopbrand/169301998.htm HTTP/1.1" 301 - "-" "Mozilla/5.0 AppleWebKit/537.36 (KHTML, like Gecko; compatible; GPTBot/1.2; +https://openai.com/gptbot)"
216.73.216.97 - - [21/Jul/2025:18:31:54 +0000] "GET /shopbrand/9755018.htm HTTP/1.1" 404 20401 "-" "Mozilla/5.0 AppleWebKit/537.36 (KHTML, like Gecko; compatible; ClaudeBot/1.0; [email protected])"
20.171.207.94 - - [21/Jul/2025:18:31:55 +0000] "GET /shopbrand/169268896.htm HTTP/1.1" 301 - "-" "Mozilla/5.0 AppleWebKit/537.36 (KHTML, like Gecko; compatible; GPTBot/1.2; +https://openai.com/gptbot)"
20.171.207.94 - - [21/Jul/2025:18:31:56 +0000] "GET /shopbrand/169335360.htm HTTP/1.1" 301 - "-" "Mozilla/5.0 AppleWebKit/537.36 (KHTML, like Gecko; compatible; GPTBot/1.2; +https://openai.com/gptbot)"
20.171.207.94 - - [21/Jul/2025:18:31:57 +0000] "GET /shopbrand/169298946.htm HTTP/1.1" 301 - "-" "Mozilla/5.0 AppleWebKit/537.36 (KHTML, like Gecko; compatible; GPTBot/1.2; +https://openai.com/gptbot)"
216.73.216.97 - - [21/Jul/2025:18:31:57 +0000] "GET /shopbrand/9729700.htm HTTP/1.1" 404 20401 "-" "Mozilla/5.0 AppleWebKit/537.36 (KHTML, like Gecko; compatible; ClaudeBot/1.0; [email protected])"
20.171.207.94 - - [21/Jul/2025:18:31:58 +0000] "GET /shopbrand/169344669.htm HTTP/1.1" 301 - "-" "Mozilla/5.0 AppleWebKit/537.36 (KHTML, like Gecko; compatible; GPTBot/1.2; +https://openai.com/gptbot)"
20.171.207.94 - - [21/Jul/2025:18:31:59 +0000] "GET /shopbrand/169281269.htm HTTP/1.1" 301 - "-" "Mozilla/5.0 AppleWebKit/537.36 (KHTML, like Gecko; compatible; GPTBot/1.2; +https://openai.com/gptbot)"
216.73.216.97 - - [21/Jul/2025:18:32:00 +0000] "GET /shopbrand/9691618.htm HTTP/1.1" 404 20401 "-" "Mozilla/5.0 AppleWebKit/537.36 (KHTML, like Gecko; compatible; ClaudeBot/1.0; [email protected])"
209.74.77.214 - - [21/Jul/2025:18:32:01 +0000] "POST /wp-cron.php?doing_wp_cron=1753122721.3637220859527587890625 HTTP/1.1" 200 - "-" "WordPress/6.8.2; https://alalamy.com.au"
20.171.207.94 - - [21/Jul/2025:18:32:01 +0000] "GET /shopbrand/169338553.htm HTTP/1.1" 301 - "-" "Mozilla/5.0 AppleWebKit/537.36 (KHTML, like Gecko; compatible; GPTBot/1.2; +https://openai.com/gptbot)"
209.74.77.214 - - [21/Jul/2025:18:32:01 +0000] "POST /wp-admin/admin-ajax.php?action=async_litespeed&nonce=qLUa63wgij2chMJ7ECgo4NwvtLm8YMCc&litespeed_type=imgoptm HTTP/1.1" 200 21 "-" "WordPress/6.8.2; https://alalamy.com.au"
20.171.207.94 - - [21/Jul/2025:18:32:02 +0000] "GET /shopbrand/169367334.htm HTTP/1.1" 301 - "-" "Mozilla/5.0 AppleWebKit/537.36 (KHTML, like Gecko; compatible; GPTBot/1.2; +https://openai.com/gptbot)"
20.171.207.94 - - [21/Jul/2025:18:32:03 +0000] "GET /shopbrand/169258199.htm HTTP/1.1" 301 - "-" "Mozilla/5.0 AppleWebKit/537.36 (KHTML, like Gecko; compatible; GPTBot/1.2; +https://openai.com/gptbot)"
216.73.216.97 - - [21/Jul/2025:18:32:03 +0000] "GET /shopbrand/9696523.htm HTTP/1.1" 404 20401 "-" "Mozilla/5.0 AppleWebKit/537.36 (KHTML, like Gecko; compatible; ClaudeBot/1.0; [email protected])"
20.171.207.94 - - [21/Jul/2025:18:32:04 +0000] "GET /shopbrand/169319792.htm HTTP/1.1" 301 - "-" "Mozilla/5.0 AppleWebKit/537.36 (KHTML, like Gecko; compatible; GPTBot/1.2; +https://openai.com/gptbot)"
20.171.207.94 - - [21/Jul/2025:18:32:05 +0000] "GET /shopbrand/169301160.htm HTTP/1.1" 301 - "-" "Mozilla/5.0 AppleWebKit/537.36 (KHTML, like Gecko; compatible; GPTBot/1.2; +https://openai.com/gptbot)"
216.73.216.97 - - [21/Jul/2025:18:32:06 +0000] "GET /shopbrand/9750854.htm HTTP/1.1" 404 20401 "-" "Mozilla/5.0 AppleWebKit/537.36 (KHTML, like Gecko; compatible; ClaudeBot/1.0; [email protected])"
20.171.207.94 - - [21/Jul/2025:18:32:06 +0000] "GET /shopbrand/169303668.htm HTTP/1.1" 301 - "-" "Mozilla/5.0 AppleWebKit/537.36 (KHTML, like Gecko; compatible; GPTBot/1.2; +https://openai.com/gptbot)"
20.171.207.94 - - [21/Jul/2025:18:32:08 +0000] "GET /shopbrand/169268638.htm HTTP/1.1" 301 - "-" "Mozilla/5.0 AppleWebKit/537.36 (KHTML, like Gecko; compatible; GPTBot/1.2; +https://openai.com/gptbot)"
20.171.207.94 - - [21/Jul/2025:18:32:09 +0000] "GET /shopbrand/169306861.htm HTTP/1.1" 301 - "-" "Mozilla/5.0 AppleWebKit/537.36 (KHTML, like Gecko; compatible; GPTBot/1.2; +https://openai.com/gptbot)"
216.73.216.97 - - [21/Jul/2025:18:32:09 +0000] "GET /shopbrand/9706249.htm HTTP/1.1" 404 20401 "-" "Mozilla/5.0 AppleWebKit/537.36 (KHTML, like Gecko; compatible; ClaudeBot/1.0; [email protected])"
20.171.207.94 - - [21/Jul/2025:18:32:10 +0000] "GET /shopbrand/169277675.htm HTTP/1.1" 301 - "-" "Mozilla/5.0 AppleWebKit/537.36 (KHTML, like Gecko; compatible; GPTBot/1.2; +https://openai.com/gptbot)"
51.222.253.6 - - [21/Jul/2025:18:32:11 +0000] "GET /items/fishing/rods/2994637/ HTTP/1.1" 404 20401 "-" "Mozilla/5.0 (compatible; AhrefsBot/7.0; +http://ahrefs.com/robot/)"
20.171.207.94 - - [21/Jul/2025:18:32:11 +0000] "GET /shopbrand/169267651.htm HTTP/1.1" 301 - "-" "Mozilla/5.0 AppleWebKit/537.36 (KHTML, like Gecko; compatible; GPTBot/1.2; +https://openai.com/gptbot)"
20.171.207.94 - - [21/Jul/2025:18:32:12 +0000] "GET /shopbrand/169296563.htm HTTP/1.1" 301 - "-" "Mozilla/5.0 AppleWebKit/537.36 (KHTML, like Gecko; compatible; GPTBot/1.2; +https://openai.com/gptbot)"
216.73.216.97 - - [21/Jul/2025:18:32:12 +0000] "GET /shopbrand/9674656.htm HTTP/1.1" 404 20401 "-" "Mozilla/5.0 AppleWebKit/537.36 (KHTML, like Gecko; compatible; ClaudeBot/1.0; [email protected])"
20.171.207.94 - - [21/Jul/2025:18:32:13 +0000] "GET /shopbrand/169296722.htm HTTP/1.1" 301 - "-" "Mozilla/5.0 AppleWebKit/537.36 (KHTML, like Gecko; compatible; GPTBot/1.2; +https://openai.com/gptbot)"
20.171.207.94 - - [21/Jul/2025:18:32:14 +0000] "GET /shopbrand/169369973.htm HTTP/1.1" 301 - "-" "Mozilla/5.0 AppleWebKit/537.36 (KHTML, like Gecko; compatible; GPTBot/1.2; +https://openai.com/gptbot)"
216.73.216.97 - - [21/Jul/2025:18:32:15 +0000] "GET /shopbrand/9692490.htm HTTP/1.1" 404 20401 "-" "Mozilla/5.0 AppleWebKit/537.36 (KHTML, like Gecko; compatible; ClaudeBot/1.0; [email protected])"
20.171.207.94 - - [21/Jul/2025:18:32:16 +0000] "GET /shopbrand/169291136.htm HTTP/1.1" 301 - "-" "Mozilla/5.0 AppleWebKit/537.36 (KHTML, like Gecko; compatible; GPTBot/1.2; +https://openai.com/gptbot)"
20.171.207.94 - - [21/Jul/2025:18:32:17 +0000] "GET /shopbrand/169283112.htm HTTP/1.1" 301 - "-" "Mozilla/5.0 AppleWebKit/537.36 (KHTML, like Gecko; compatible; GPTBot/1.2; +https://openai.com/gptbot)"
20.171.207.94 - - [21/Jul/2025:18:32:18 +0000] "GET /shopbrand/169301700.htm HTTP/1.1" 301 - "-" "Mozilla/5.0 AppleWebKit/537.36 (KHTML, like Gecko; compatible; GPTBot/1.2; +https://openai.com/gptbot)"
216.73.216.97 - - [21/Jul/2025:18:32:18 +0000] "GET /shopbrand/9694672.htm HTTP/1.1" 404 20401 "-" "Mozilla/5.0 AppleWebKit/537.36 (KHTML, like Gecko; compatible; ClaudeBot/1.0; [email protected])"
20.171.207.94 - - [21/Jul/2025:18:32:19 +0000] "GET /shopbrand/169288912.htm HTTP/1.1" 301 - "-" "Mozilla/5.0 AppleWebKit/537.36 (KHTML, like Gecko; compatible; GPTBot/1.2; +https://openai.com/gptbot)"
20.171.207.94 - - [21/Jul/2025:18:32:20 +0000] "GET /shopbrand/169252399.htm HTTP/1.1" 301 - "-" "Mozilla/5.0 AppleWebKit/537.36 (KHTML, like Gecko; compatible; GPTBot/1.2; +https://openai.com/gptbot)"
216.73.216.97 - - [21/Jul/2025:18:32:21 +0000] "GET /shopbrand/9776148.htm HTTP/1.1" 404 20400 "-" "Mozilla/5.0 AppleWebKit/537.36 (KHTML, like Gecko; compatible; ClaudeBot/1.0; [email protected])"
20.171.207.94 - - [21/Jul/2025:18:32:21 +0000] "GET /shopbrand/169355118.htm HTTP/1.1" 301 - "-" "Mozilla/5.0 AppleWebKit/537.36 (KHTML, like Gecko; compatible; GPTBot/1.2; +https://openai.com/gptbot)"
20.171.207.94 - - [21/Jul/2025:18:32:23 +0000] "GET /shopbrand/169359981.htm HTTP/1.1" 301 - "-" "Mozilla/5.0 AppleWebKit/537.36 (KHTML, like Gecko; compatible; GPTBot/1.2; +https://openai.com/gptbot)"
20.171.207.94 - - [21/Jul/2025:18:32:24 +0000] "GET /shopbrand/169341317.htm HTTP/1.1" 301 - "-" "Mozilla/5.0 AppleWebKit/537.36 (KHTML, like Gecko; compatible; GPTBot/1.2; +https://openai.com/gptbot)"
216.73.216.97 - - [21/Jul/2025:18:32:24 +0000] "GET /shopbrand/9735427.htm HTTP/1.1" 404 20401 "-" "Mozilla/5.0 AppleWebKit/537.36 (KHTML, like Gecko; compatible; ClaudeBot/1.0; [email protected])"
20.171.207.94 - - [21/Jul/2025:18:32:25 +0000] "GET /shopbrand/169349117.htm HTTP/1.1" 301 - "-" "Mozilla/5.0 AppleWebKit/537.36 (KHTML, like Gecko; compatible; GPTBot/1.2; +https://openai.com/gptbot)"
20.171.207.94 - - [21/Jul/2025:18:32:26 +0000] "GET /shopbrand/169317153.htm HTTP/1.1" 301 - "-" "Mozilla/5.0 AppleWebKit/537.36 (KHTML, like Gecko; compatible; GPTBot/1.2; +https://openai.com/gptbot)"
20.171.207.94 - - [21/Jul/2025:18:32:27 +0000] "GET /shopbrand/169339965.htm HTTP/1.1" 301 - "-" "Mozilla/5.0 AppleWebKit/537.36 (KHTML, like Gecko; compatible; GPTBot/1.2; +https://openai.com/gptbot)"
20.171.207.94 - - [21/Jul/2025:18:32:28 +0000] "GET /shopbrand/169251686.htm HTTP/1.1" 301 - "-" "Mozilla/5.0 AppleWebKit/537.36 (KHTML, like Gecko; compatible; GPTBot/1.2; +https://openai.com/gptbot)"
20.171.207.94 - - [21/Jul/2025:18:32:30 +0000] "GET /shopbrand/169291859.htm HTTP/1.1" 301 - "-" "Mozilla/5.0 AppleWebKit/537.36 (KHTML, like Gecko; compatible; GPTBot/1.2; +https://openai.com/gptbot)"
20.171.207.94 - - [21/Jul/2025:18:32:31 +0000] "GET /shopbrand/169262681.htm HTTP/1.1" 301 - "-" "Mozilla/5.0 AppleWebKit/537.36 (KHTML, like Gecko; compatible; GPTBot/1.2; +https://openai.com/gptbot)"
20.171.207.94 - - [21/Jul/2025:18:32:32 +0000] "GET /shopbrand/169298936.htm HTTP/1.1" 301 - "-" "Mozilla/5.0 AppleWebKit/537.36 (KHTML, like Gecko; compatible; GPTBot/1.2; +https://openai.com/gptbot)"
209.74.77.214 - - [21/Jul/2025:18:32:33 +0000] "POST /wp-cron.php?doing_wp_cron=1753122753.8523850440979003906250 HTTP/1.1" 200 - "-" "WordPress/6.8.2; https://alalamy.com.au"
20.171.207.94 - - [21/Jul/2025:18:32:33 +0000] "GET /shopbrand/169290050.htm HTTP/1.1" 301 - "-" "Mozilla/5.0 AppleWebKit/537.36 (KHTML, like Gecko; compatible; GPTBot/1.2; +https://openai.com/gptbot)"
20.171.207.94 - - [21/Jul/2025:18:32:34 +0000] "GET /shopbrand/169273227.htm HTTP/1.1" 301 - "-" "Mozilla/5.0 AppleWebKit/537.36 (KHTML, like Gecko; compatible; GPTBot/1.2; +https://openai.com/gptbot)"
20.171.207.94 - - [21/Jul/2025:18:32:36 +0000] "GET /shopbrand/169251146.htm HTTP/1.1" 301 - "-" "Mozilla/5.0 AppleWebKit/537.36 (KHTML, like Gecko; compatible; GPTBot/1.2; +https://openai.com/gptbot)"
20.171.207.94 - - [21/Jul/2025:18:32:37 +0000] "GET /shopbrand/169344554.htm HTTP/1.1" 301 - "-" "Mozilla/5.0 AppleWebKit/537.36 (KHTML, like Gecko; compatible; GPTBot/1.2; +https://openai.com/gptbot)"
20.171.207.94 - - [21/Jul/2025:18:32:38 +0000] "GET /shopbrand/169362602.htm HTTP/1.1" 301 - "-" "Mozilla/5.0 AppleWebKit/537.36 (KHTML, like Gecko; compatible; GPTBot/1.2; +https://openai.com/gptbot)"
20.171.207.94 - - [21/Jul/2025:18:32:39 +0000] "GET /shopbrand/169326206.htm HTTP/1.1" 301 - "-" "Mozilla/5.0 AppleWebKit/537.36 (KHTML, like Gecko; compatible; GPTBot/1.2; +https://openai.com/gptbot)"
20.171.207.94 - - [21/Jul/2025:18:32:40 +0000] "GET /shopbrand/169297709.htm HTTP/1.1" 301 - "-" "Mozilla/5.0 AppleWebKit/537.36 (KHTML, like Gecko; compatible; GPTBot/1.2; +https://openai.com/gptbot)"
51.222.253.6 - - [21/Jul/2025:18:32:40 +0000] "GET /items/flowers/houseplants/4332654/ HTTP/1.1" 404 20401 "-" "Mozilla/5.0 (compatible; AhrefsBot/7.0; +http://ahrefs.com/robot/)"
20.171.207.94 - - [21/Jul/2025:18:32:41 +0000] "GET /shopbrand/169269194.htm HTTP/1.1" 301 - "-" "Mozilla/5.0 AppleWebKit/537.36 (KHTML, like Gecko; compatible; GPTBot/1.2; +https://openai.com/gptbot)"
216.73.216.97 - - [21/Jul/2025:18:32:41 +0000] "GET /shopbrand/9739450.htm HTTP/1.1" 404 20401 "-" "Mozilla/5.0 AppleWebKit/537.36 (KHTML, like Gecko; compatible; ClaudeBot/1.0; [email protected])"
20.171.207.94 - - [21/Jul/2025:18:32:43 +0000] "GET /shopbrand/169353990.htm HTTP/1.1" 301 - "-" "Mozilla/5.0 AppleWebKit/537.36 (KHTML, like Gecko; compatible; GPTBot/1.2; +https://openai.com/gptbot)"
20.171.207.94 - - [21/Jul/2025:18:32:44 +0000] "GET /shopbrand/169364844.htm HTTP/1.1" 301 - "-" "Mozilla/5.0 AppleWebKit/537.36 (KHTML, like Gecko; compatible; GPTBot/1.2; +https://openai.com/gptbot)"
216.73.216.97 - - [21/Jul/2025:18:32:44 +0000] "GET /shopbrand/9768787.htm HTTP/1.1" 404 20401 "-" "Mozilla/5.0 AppleWebKit/537.36 (KHTML, like Gecko; compatible; ClaudeBot/1.0; [email protected])"
20.171.207.94 - - [21/Jul/2025:18:32:45 +0000] "GET /shopbrand/169261851.htm HTTP/1.1" 301 - "-" "Mozilla/5.0 AppleWebKit/537.36 (KHTML, like Gecko; compatible; GPTBot/1.2; +https://openai.com/gptbot)"
20.171.207.94 - - [21/Jul/2025:18:32:46 +0000] "GET /shopbrand/169330910.htm HTTP/1.1" 301 - "-" "Mozilla/5.0 AppleWebKit/537.36 (KHTML, like Gecko; compatible; GPTBot/1.2; +https://openai.com/gptbot)"
20.171.207.94 - - [21/Jul/2025:18:32:47 +0000] "GET /shopbrand/169279899.htm HTTP/1.1" 301 - "-" "Mozilla/5.0 AppleWebKit/537.36 (KHTML, like Gecko; compatible; GPTBot/1.2; +https://openai.com/gptbot)"
216.73.216.97 - - [21/Jul/2025:18:32:47 +0000] "GET /shopbrand/9762389.htm HTTP/1.1" 404 20401 "-" "Mozilla/5.0 AppleWebKit/537.36 (KHTML, like Gecko; compatible; ClaudeBot/1.0; [email protected])"
20.171.207.94 - - [21/Jul/2025:18:32:49 +0000] "GET /shopbrand/169299518.htm HTTP/1.1" 301 - "-" "Mozilla/5.0 AppleWebKit/537.36 (KHTML, like Gecko; compatible; GPTBot/1.2; +https://openai.com/gptbot)"
20.171.207.94 - - [21/Jul/2025:18:32:50 +0000] "GET /shopbrand/169323269.htm HTTP/1.1" 301 - "-" "Mozilla/5.0 AppleWebKit/537.36 (KHTML, like Gecko; compatible; GPTBot/1.2; +https://openai.com/gptbot)"
209.74.77.214 - - [21/Jul/2025:18:32:51 +0000] "POST /wp-cron.php?doing_wp_cron=1753122771.1070199012756347656250 HTTP/1.1" 200 - "-" "WordPress/6.8.2; https://alalamy.com.au"
216.73.216.97 - - [21/Jul/2025:18:32:50 +0000] "GET /shopbrand/9767391.htm HTTP/1.1" 404 20401 "-" "Mozilla/5.0 AppleWebKit/537.36 (KHTML, like Gecko; compatible; ClaudeBot/1.0; [email protected])"
20.171.207.94 - - [21/Jul/2025:18:32:51 +0000] "GET /shopbrand/169291974.htm HTTP/1.1" 301 - "-" "Mozilla/5.0 AppleWebKit/537.36 (KHTML, like Gecko; compatible; GPTBot/1.2; +https://openai.com/gptbot)"
20.171.207.94 - - [21/Jul/2025:18:32:52 +0000] "GET /shopbrand/169293676.htm HTTP/1.1" 301 - "-" "Mozilla/5.0 AppleWebKit/537.36 (KHTML, like Gecko; compatible; GPTBot/1.2; +https://openai.com/gptbot)"
20.171.207.94 - - [21/Jul/2025:18:32:53 +0000] "GET /shopbrand/169324663.htm HTTP/1.1" 301 - "-" "Mozilla/5.0 AppleWebKit/537.36 (KHTML, like Gecko; compatible; GPTBot/1.2; +https://openai.com/gptbot)"
216.73.216.97 - - [21/Jul/2025:18:32:53 +0000] "GET /shopbrand/9768521.htm HTTP/1.1" 404 20401 "-" "Mozilla/5.0 AppleWebKit/537.36 (KHTML, like Gecko; compatible; ClaudeBot/1.0; [email protected])"
20.171.207.94 - - [21/Jul/2025:18:32:54 +0000] "GET /shopbrand/169327717.htm HTTP/1.1" 301 - "-" "Mozilla/5.0 AppleWebKit/537.36 (KHTML, like Gecko; compatible; GPTBot/1.2; +https://openai.com/gptbot)"
20.171.207.94 - - [21/Jul/2025:18:32:55 +0000] "GET /shopbrand/169335499.htm HTTP/1.1" 301 - "-" "Mozilla/5.0 AppleWebKit/537.36 (KHTML, like Gecko; compatible; GPTBot/1.2; +https://openai.com/gptbot)"
20.171.207.94 - - [21/Jul/2025:18:32:57 +0000] "GET /shopbrand/169334943.htm HTTP/1.1" 301 - "-" "Mozilla/5.0 AppleWebKit/537.36 (KHTML, like Gecko; compatible; GPTBot/1.2; +https://openai.com/gptbot)"
20.171.207.94 - - [21/Jul/2025:18:32:58 +0000] "GET /shopbrand/169252232.htm HTTP/1.1" 301 - "-" "Mozilla/5.0 AppleWebKit/537.36 (KHTML, like Gecko; compatible; GPTBot/1.2; +https://openai.com/gptbot)"
216.73.216.97 - - [21/Jul/2025:18:32:58 +0000] "GET /shopbrand/9707087.htm HTTP/1.1" 404 20401 "-" "Mozilla/5.0 AppleWebKit/537.36 (KHTML, like Gecko; compatible; ClaudeBot/1.0; [email protected])"
20.171.207.94 - - [21/Jul/2025:18:32:59 +0000] "GET /shopbrand/169271162.htm HTTP/1.1" 301 - "-" "Mozilla/5.0 AppleWebKit/537.36 (KHTML, like Gecko; compatible; GPTBot/1.2; +https://openai.com/gptbot)"
216.73.216.97 - - [21/Jul/2025:18:32:59 +0000] "GET /shopbrand/9722613.htm HTTP/1.1" 404 20401 "-" "Mozilla/5.0 AppleWebKit/537.36 (KHTML, like Gecko; compatible; ClaudeBot/1.0; [email protected])"
20.171.207.94 - - [21/Jul/2025:18:33:00 +0000] "GET /shopbrand/169296456.htm HTTP/1.1" 301 - "-" "Mozilla/5.0 AppleWebKit/537.36 (KHTML, like Gecko; compatible; GPTBot/1.2; +https://openai.com/gptbot)"
209.74.77.214 - - [21/Jul/2025:18:33:01 +0000] "POST /wp-cron.php?doing_wp_cron=1753122781.9216120243072509765625 HTTP/1.1" 200 - "-" "WordPress/6.8.2; https://alalamy.com.au"
20.171.207.94 - - [21/Jul/2025:18:33:01 +0000] "GET /shopbrand/169296297.htm HTTP/1.1" 301 - "-" "Mozilla/5.0 AppleWebKit/537.36 (KHTML, like Gecko; compatible; GPTBot/1.2; +https://openai.com/gptbot)"
209.74.77.214 - - [21/Jul/2025:18:33:02 +0000] "POST /wp-admin/admin-ajax.php?action=async_litespeed&nonce=ypxq42DLaxRThdvkmviWmI8rC2Gb0cgo&litespeed_type=imgoptm HTTP/1.1" 200 21 "-" "WordPress/6.8.2; https://alalamy.com.au"
20.171.207.94 - - [21/Jul/2025:18:33:02 +0000] "GET /shopbrand/169360396.htm HTTP/1.1" 301 - "-" "Mozilla/5.0 AppleWebKit/537.36 (KHTML, like Gecko; compatible; GPTBot/1.2; +https://openai.com/gptbot)"
51.222.253.6 - - [21/Jul/2025:18:33:02 +0000] "GET /items/flowers/other-houseplants/3065405/ HTTP/1.1" 404 20401 "-" "Mozilla/5.0 (compatible; AhrefsBot/7.0; +http://ahrefs.com/robot/)"
216.73.216.97 - - [21/Jul/2025:18:33:02 +0000] "GET /shopbrand/9756273.htm HTTP/1.1" 404 20401 "-" "Mozilla/5.0 AppleWebKit/537.36 (KHTML, like Gecko; compatible; ClaudeBot/1.0; [email protected])"
20.171.207.94 - - [21/Jul/2025:18:33:03 +0000] "GET /shopbrand/169293942.htm HTTP/1.1" 301 - "-" "Mozilla/5.0 AppleWebKit/537.36 (KHTML, like Gecko; compatible; GPTBot/1.2; +https://openai.com/gptbot)"
20.171.207.94 - - [21/Jul/2025:18:33:05 +0000] "GET /shopbrand/169256946.htm HTTP/1.1" 301 - "-" "Mozilla/5.0 AppleWebKit/537.36 (KHTML, like Gecko; compatible; GPTBot/1.2; +https://openai.com/gptbot)"
216.73.216.97 - - [21/Jul/2025:18:33:05 +0000] "GET /shopbrand/9686755.htm HTTP/1.1" 404 20401 "-" "Mozilla/5.0 AppleWebKit/537.36 (KHTML, like Gecko; compatible; ClaudeBot/1.0; [email protected])"
20.171.207.94 - - [21/Jul/2025:18:33:06 +0000] "GET /shopbrand/169263062.htm HTTP/1.1" 301 - "-" "Mozilla/5.0 AppleWebKit/537.36 (KHTML, like Gecko; compatible; GPTBot/1.2; +https://openai.com/gptbot)"
20.171.207.94 - - [21/Jul/2025:18:33:07 +0000] "GET /shopbrand/169297975.htm HTTP/1.1" 301 - "-" "Mozilla/5.0 AppleWebKit/537.36 (KHTML, like Gecko; compatible; GPTBot/1.2; +https://openai.com/gptbot)"
20.171.207.94 - - [21/Jul/2025:18:33:08 +0000] "GET /shopbrand/169326621.htm HTTP/1.1" 301 - "-" "Mozilla/5.0 AppleWebKit/537.36 (KHTML, like Gecko; compatible; GPTBot/1.2; +https://openai.com/gptbot)"
216.73.216.97 - - [21/Jul/2025:18:33:08 +0000] "GET /shopbrand/9689551.htm HTTP/1.1" 404 20401 "-" "Mozilla/5.0 AppleWebKit/537.36 (KHTML, like Gecko; compatible; ClaudeBot/1.0; [email protected])"
20.171.207.94 - - [21/Jul/2025:18:33:09 +0000] "GET /shopbrand/169257262.htm HTTP/1.1" 301 - "-" "Mozilla/5.0 AppleWebKit/537.36 (KHTML, like Gecko; compatible; GPTBot/1.2; +https://openai.com/gptbot)"
20.171.207.94 - - [21/Jul/2025:18:33:10 +0000] "GET /shopbrand/169346363.htm HTTP/1.1" 301 - "-" "Mozilla/5.0 AppleWebKit/537.36 (KHTML, like Gecko; compatible; GPTBot/1.2; +https://openai.com/gptbot)"
20.171.207.94 - - [21/Jul/2025:18:33:11 +0000] "GET /shopbrand/169331210.htm HTTP/1.1" 301 - "-" "Mozilla/5.0 AppleWebKit/537.36 (KHTML, like Gecko; compatible; GPTBot/1.2; +https://openai.com/gptbot)"
216.73.216.97 - - [21/Jul/2025:18:33:11 +0000] "GET /shopbrand/9777683.htm HTTP/1.1" 404 20401 "-" "Mozilla/5.0 AppleWebKit/537.36 (KHTML, like Gecko; compatible; ClaudeBot/1.0; [email protected])"
20.171.207.94 - - [21/Jul/2025:18:33:13 +0000] "GET /shopbrand/169276706.htm HTTP/1.1" 301 - "-" "Mozilla/5.0 AppleWebKit/537.36 (KHTML, like Gecko; compatible; GPTBot/1.2; +https://openai.com/gptbot)"
20.171.207.94 - - [21/Jul/2025:18:33:14 +0000] "GET /shopbrand/169269768.htm HTTP/1.1" 301 - "-" "Mozilla/5.0 AppleWebKit/537.36 (KHTML, like Gecko; compatible; GPTBot/1.2; +https://openai.com/gptbot)"
216.73.216.97 - - [21/Jul/2025:18:33:15 +0000] "GET /shopbrand/9684275.htm HTTP/1.1" 404 20401 "-" "Mozilla/5.0 AppleWebKit/537.36 (KHTML, like Gecko; compatible; ClaudeBot/1.0; [email protected])"
20.171.207.94 - - [21/Jul/2025:18:33:15 +0000] "GET /shopbrand/169322429.htm HTTP/1.1" 301 - "-" "Mozilla/5.0 AppleWebKit/537.36 (KHTML, like Gecko; compatible; GPTBot/1.2; +https://openai.com/gptbot)"
20.171.207.94 - - [21/Jul/2025:18:33:16 +0000] "GET /shopbrand/169251261.htm HTTP/1.1" 301 - "-" "Mozilla/5.0 AppleWebKit/537.36 (KHTML, like Gecko; compatible; GPTBot/1.2; +https://openai.com/gptbot)"
20.171.207.94 - - [21/Jul/2025:18:33:17 +0000] "GET /shopbrand/169298646.htm HTTP/1.1" 301 - "-" "Mozilla/5.0 AppleWebKit/537.36 (KHTML, like Gecko; compatible; GPTBot/1.2; +https://openai.com/gptbot)"
216.73.216.97 - - [21/Jul/2025:18:33:17 +0000] "GET /shopbrand/9682166.htm HTTP/1.1" 404 20401 "-" "Mozilla/5.0 AppleWebKit/537.36 (KHTML, like Gecko; compatible; ClaudeBot/1.0; [email protected])"
20.171.207.94 - - [21/Jul/2025:18:33:18 +0000] "GET /shopbrand/169261138.htm HTTP/1.1" 301 - "-" "Mozilla/5.0 AppleWebKit/537.36 (KHTML, like Gecko; compatible; GPTBot/1.2; +https://openai.com/gptbot)"
20.171.207.94 - - [21/Jul/2025:18:33:20 +0000] "GET /shopbrand/169363698.htm HTTP/1.1" 301 - "-" "Mozilla/5.0 AppleWebKit/537.36 (KHTML, like Gecko; compatible; GPTBot/1.2; +https://openai.com/gptbot)"
20.171.207.94 - - [21/Jul/2025:18:33:21 +0000] "GET /shopbrand/169338819.htm HTTP/1.1" 301 - "-" "Mozilla/5.0 AppleWebKit/537.36 (KHTML, like Gecko; compatible; GPTBot/1.2; +https://openai.com/gptbot)"
216.73.216.97 - - [21/Jul/2025:18:33:20 +0000] "GET /shopbrand/9753334.htm HTTP/1.1" 404 20401 "-" "Mozilla/5.0 AppleWebKit/537.36 (KHTML, like Gecko; compatible; ClaudeBot/1.0; [email protected])"
20.171.207.94 - - [21/Jul/2025:18:33:22 +0000] "GET /shopbrand/169277278.htm HTTP/1.1" 301 - "-" "Mozilla/5.0 AppleWebKit/537.36 (KHTML, like Gecko; compatible; GPTBot/1.2; +https://openai.com/gptbot)"
20.171.207.94 - - [21/Jul/2025:18:33:23 +0000] "GET /shopbrand/169259901.htm HTTP/1.1" 301 - "-" "Mozilla/5.0 AppleWebKit/537.36 (KHTML, like Gecko; compatible; GPTBot/1.2; +https://openai.com/gptbot)"
216.73.216.97 - - [21/Jul/2025:18:33:23 +0000] "GET /shopbrand/9725691.htm HTTP/1.1" 404 20401 "-" "Mozilla/5.0 AppleWebKit/537.36 (KHTML, like Gecko; compatible; ClaudeBot/1.0; [email protected])"
20.171.207.94 - - [21/Jul/2025:18:33:24 +0000] "GET /shopbrand/169368976.htm HTTP/1.1" 301 - "-" "Mozilla/5.0 AppleWebKit/537.36 (KHTML, like Gecko; compatible; GPTBot/1.2; +https://openai.com/gptbot)"
20.171.207.94 - - [21/Jul/2025:18:33:25 +0000] "GET /shopbrand/169356629.htm HTTP/1.1" 301 - "-" "Mozilla/5.0 AppleWebKit/537.36 (KHTML, like Gecko; compatible; GPTBot/1.2; +https://openai.com/gptbot)"
51.222.253.7 - - [21/Jul/2025:18:33:26 +0000] "GET /items/food/brandy/1880558/ HTTP/1.1" 404 20401 "-" "Mozilla/5.0 (compatible; AhrefsBot/7.0; +http://ahrefs.com/robot/)"
216.73.216.97 - - [21/Jul/2025:18:33:26 +0000] "GET /shopbrand/9717369.htm HTTP/1.1" 404 20401 "-" "Mozilla/5.0 AppleWebKit/537.36 (KHTML, like Gecko; compatible; ClaudeBot/1.0; [email protected])"
20.171.207.94 - - [21/Jul/2025:18:33:27 +0000] "GET /shopbrand/169295900.htm HTTP/1.1" 301 - "-" "Mozilla/5.0 AppleWebKit/537.36 (KHTML, like Gecko; compatible; GPTBot/1.2; +https://openai.com/gptbot)"
20.171.207.94 - - [21/Jul/2025:18:33:28 +0000] "GET /shopbrand/169368303.htm HTTP/1.1" 301 - "-" "Mozilla/5.0 AppleWebKit/537.36 (KHTML, like Gecko; compatible; GPTBot/1.2; +https://openai.com/gptbot)"
20.171.207.94 - - [21/Jul/2025:18:33:29 +0000] "GET /shopbrand/169310066.htm HTTP/1.1" 301 - "-" "Mozilla/5.0 AppleWebKit/537.36 (KHTML, like Gecko; compatible; GPTBot/1.2; +https://openai.com/gptbot)"
216.73.216.97 - - [21/Jul/2025:18:33:29 +0000] "GET /shopbrand/9763773.htm HTTP/1.1" 404 20401 "-" "Mozilla/5.0 AppleWebKit/537.36 (KHTML, like Gecko; compatible; ClaudeBot/1.0; [email protected])"
20.171.207.94 - - [21/Jul/2025:18:33:30 +0000] "GET /shopbrand/169266414.htm HTTP/1.1" 301 - "-" "Mozilla/5.0 AppleWebKit/537.36 (KHTML, like Gecko; compatible; GPTBot/1.2; +https://openai.com/gptbot)"
20.171.207.94 - - [21/Jul/2025:18:33:31 +0000] "GET /shopbrand/169252101.htm HTTP/1.1" 301 - "-" "Mozilla/5.0 AppleWebKit/537.36 (KHTML, like Gecko; compatible; GPTBot/1.2; +https://openai.com/gptbot)"
209.74.77.214 - - [21/Jul/2025:18:33:33 +0000] "POST /wp-cron.php?doing_wp_cron=1753122813.0460779666900634765625 HTTP/1.1" 200 - "-" "WordPress/6.8.2; https://alalamy.com.au"
20.171.207.94 - - [21/Jul/2025:18:33:32 +0000] "GET /shopbrand/169337997.htm HTTP/1.1" 301 - "-" "Mozilla/5.0 AppleWebKit/537.36 (KHTML, like Gecko; compatible; GPTBot/1.2; +https://openai.com/gptbot)"
216.73.216.97 - - [21/Jul/2025:18:33:32 +0000] "GET /shopbrand/9699702.htm HTTP/1.1" 404 20400 "-" "Mozilla/5.0 AppleWebKit/537.36 (KHTML, like Gecko; compatible; ClaudeBot/1.0; [email protected])"
20.171.207.94 - - [21/Jul/2025:18:33:33 +0000] "GET /shopbrand/169354959.htm HTTP/1.1" 301 - "-" "Mozilla/5.0 AppleWebKit/537.36 (KHTML, like Gecko; compatible; GPTBot/1.2; +https://openai.com/gptbot)"
20.171.207.94 - - [21/Jul/2025:18:33:35 +0000] "GET /shopbrand/169355799.htm HTTP/1.1" 301 - "-" "Mozilla/5.0 AppleWebKit/537.36 (KHTML, like Gecko; compatible; GPTBot/1.2; +https://openai.com/gptbot)"
216.73.216.97 - - [21/Jul/2025:18:33:35 +0000] "GET /shopbrand/9712208.htm HTTP/1.1" 404 20401 "-" "Mozilla/5.0 AppleWebKit/537.36 (KHTML, like Gecko; compatible; ClaudeBot/1.0; [email protected])"
20.171.207.94 - - [21/Jul/2025:18:33:36 +0000] "GET /shopbrand/169277377.htm HTTP/1.1" 301 - "-" "Mozilla/5.0 AppleWebKit/537.36 (KHTML, like Gecko; compatible; GPTBot/1.2; +https://openai.com/gptbot)"
20.171.207.94 - - [21/Jul/2025:18:33:37 +0000] "GET /shopbrand/169331168.htm HTTP/1.1" 301 - "-" "Mozilla/5.0 AppleWebKit/537.36 (KHTML, like Gecko; compatible; GPTBot/1.2; +https://openai.com/gptbot)"
20.171.207.94 - - [21/Jul/2025:18:33:38 +0000] "GET /shopbrand/169351766.htm HTTP/1.1" 301 - "-" "Mozilla/5.0 AppleWebKit/537.36 (KHTML, like Gecko; compatible; GPTBot/1.2; +https://openai.com/gptbot)"
216.73.216.97 - - [21/Jul/2025:18:33:38 +0000] "GET /shopbrand/9696481.htm HTTP/1.1" 404 20401 "-" "Mozilla/5.0 AppleWebKit/537.36 (KHTML, like Gecko; compatible; ClaudeBot/1.0; [email protected])"
20.171.207.94 - - [21/Jul/2025:18:33:39 +0000] "GET /shopbrand/169354661.htm HTTP/1.1" 301 - "-" "Mozilla/5.0 AppleWebKit/537.36 (KHTML, like Gecko; compatible; GPTBot/1.2; +https://openai.com/gptbot)"
20.171.207.94 - - [21/Jul/2025:18:33:40 +0000] "GET /shopbrand/169371516.htm HTTP/1.1" 301 - "-" "Mozilla/5.0 AppleWebKit/537.36 (KHTML, like Gecko; compatible; GPTBot/1.2; +https://openai.com/gptbot)"
20.171.207.94 - - [21/Jul/2025:18:33:41 +0000] "GET /shopbrand/169287667.htm HTTP/1.1" 301 - "-" "Mozilla/5.0 AppleWebKit/537.36 (KHTML, like Gecko; compatible; GPTBot/1.2; +https://openai.com/gptbot)"
216.73.216.97 - - [21/Jul/2025:18:33:41 +0000] "GET /shopbrand/9744738.htm HTTP/1.1" 404 20401 "-" "Mozilla/5.0 AppleWebKit/537.36 (KHTML, like Gecko; compatible; ClaudeBot/1.0; [email protected])"
20.171.207.94 - - [21/Jul/2025:18:33:43 +0000] "GET /shopbrand/169271277.htm HTTP/1.1" 301 - "-" "Mozilla/5.0 AppleWebKit/537.36 (KHTML, like Gecko; compatible; GPTBot/1.2; +https://openai.com/gptbot)"
20.171.207.94 - - [21/Jul/2025:18:33:44 +0000] "GET /shopbrand/169314099.htm HTTP/1.1" 301 - "-" "Mozilla/5.0 AppleWebKit/537.36 (KHTML, like Gecko; compatible; GPTBot/1.2; +https://openai.com/gptbot)"
216.73.216.97 - - [21/Jul/2025:18:33:44 +0000] "GET /shopbrand/9758338.htm HTTP/1.1" 404 20401 "-" "Mozilla/5.0 AppleWebKit/537.36 (KHTML, like Gecko; compatible; ClaudeBot/1.0; [email protected])"
20.171.207.94 - - [21/Jul/2025:18:33:45 +0000] "GET /shopbrand/169334389.htm HTTP/1.1" 301 - "-" "Mozilla/5.0 AppleWebKit/537.36 (KHTML, like Gecko; compatible; GPTBot/1.2; +https://openai.com/gptbot)"
20.171.207.94 - - [21/Jul/2025:18:33:46 +0000] "GET /shopbrand/169302969.htm HTTP/1.1" 301 - "-" "Mozilla/5.0 AppleWebKit/537.36 (KHTML, like Gecko; compatible; GPTBot/1.2; +https://openai.com/gptbot)"
20.171.207.94 - - [21/Jul/2025:18:33:47 +0000] "GET /shopbrand/169311053.htm HTTP/1.1" 301 - "-" "Mozilla/5.0 AppleWebKit/537.36 (KHTML, like Gecko; compatible; GPTBot/1.2; +https://openai.com/gptbot)"
216.73.216.97 - - [21/Jul/2025:18:33:47 +0000] "GET /shopbrand/9747633.htm HTTP/1.1" 404 20401 "-" "Mozilla/5.0 AppleWebKit/537.36 (KHTML, like Gecko; compatible; ClaudeBot/1.0; [email protected])"
20.171.207.94 - - [21/Jul/2025:18:33:48 +0000] "GET /shopbrand/169315916.htm HTTP/1.1" 301 - "-" "Mozilla/5.0 AppleWebKit/537.36 (KHTML, like Gecko; compatible; GPTBot/1.2; +https://openai.com/gptbot)"
20.171.207.94 - - [21/Jul/2025:18:33:49 +0000] "GET /shopbrand/169299220.htm HTTP/1.1" 301 - "-" "Mozilla/5.0 AppleWebKit/537.36 (KHTML, like Gecko; compatible; GPTBot/1.2; +https://openai.com/gptbot)"
209.74.77.214 - - [21/Jul/2025:18:33:51 +0000] "POST /wp-cron.php?doing_wp_cron=1753122831.1426479816436767578125 HTTP/1.1" 200 - "-" "WordPress/6.8.2; https://alalamy.com.au"
20.171.207.94 - - [21/Jul/2025:18:33:51 +0000] "GET /shopbrand/169273767.htm HTTP/1.1" 301 - "-" "Mozilla/5.0 AppleWebKit/537.36 (KHTML, like Gecko; compatible; GPTBot/1.2; +https://openai.com/gptbot)"
216.73.216.97 - - [21/Jul/2025:18:33:50 +0000] "GET /shopbrand/9711493.htm HTTP/1.1" 404 20401 "-" "Mozilla/5.0 AppleWebKit/537.36 (KHTML, like Gecko; compatible; ClaudeBot/1.0; [email protected])"
51.222.253.9 - - [21/Jul/2025:18:33:51 +0000] "GET /items/food/drinks/3795443/ HTTP/1.1" 404 20401 "-" "Mozilla/5.0 (compatible; AhrefsBot/7.0; +http://ahrefs.com/robot/)"
20.171.207.94 - - [21/Jul/2025:18:33:52 +0000] "GET /shopbrand/169321716.htm HTTP/1.1" 301 - "-" "Mozilla/5.0 AppleWebKit/537.36 (KHTML, like Gecko; compatible; GPTBot/1.2; +https://openai.com/gptbot)"
20.171.207.94 - - [21/Jul/2025:18:33:53 +0000] "GET /shopbrand/169313120.htm HTTP/1.1" 301 - "-" "Mozilla/5.0 AppleWebKit/537.36 (KHTML, like Gecko; compatible; GPTBot/1.2; +https://openai.com/gptbot)"
216.73.216.97 - - [21/Jul/2025:18:33:53 +0000] "GET /shopbrand/9758910.htm HTTP/1.1" 404 20401 "-" "Mozilla/5.0 AppleWebKit/537.36 (KHTML, like Gecko; compatible; ClaudeBot/1.0; [email protected])"
20.171.207.94 - - [21/Jul/2025:18:33:54 +0000] "GET /shopbrand/169335932.htm HTTP/1.1" 301 - "-" "Mozilla/5.0 AppleWebKit/537.36 (KHTML, like Gecko; compatible; GPTBot/1.2; +https://openai.com/gptbot)"
20.171.207.94 - - [21/Jul/2025:18:33:55 +0000] "GET /shopbrand/169269063.htm HTTP/1.1" 301 - "-" "Mozilla/5.0 AppleWebKit/537.36 (KHTML, like Gecko; compatible; GPTBot/1.2; +https://openai.com/gptbot)"
20.171.207.94 - - [21/Jul/2025:18:33:56 +0000] "GET /shopbrand/169360080.htm HTTP/1.1" 301 - "-" "Mozilla/5.0 AppleWebKit/537.36 (KHTML, like Gecko; compatible; GPTBot/1.2; +https://openai.com/gptbot)"
216.73.216.97 - - [21/Jul/2025:18:33:56 +0000] "GET /shopbrand/9754047.htm HTTP/1.1" 404 20401 "-" "Mozilla/5.0 AppleWebKit/537.36 (KHTML, like Gecko; compatible; ClaudeBot/1.0; [email protected])"
20.171.207.94 - - [21/Jul/2025:18:33:57 +0000] "GET /shopbrand/169311609.htm HTTP/1.1" 301 - "-" "Mozilla/5.0 AppleWebKit/537.36 (KHTML, like Gecko; compatible; GPTBot/1.2; +https://openai.com/gptbot)"
20.171.207.94 - - [21/Jul/2025:18:33:59 +0000] "GET /shopbrand/169327177.htm HTTP/1.1" 301 - "-" "Mozilla/5.0 AppleWebKit/537.36 (KHTML, like Gecko; compatible; GPTBot/1.2; +https://openai.com/gptbot)"
216.73.216.97 - - [21/Jul/2025:18:33:59 +0000] "GET /shopbrand/9678274.htm HTTP/1.1" 404 20401 "-" "Mozilla/5.0 AppleWebKit/537.36 (KHTML, like Gecko; compatible; ClaudeBot/1.0; [email protected])"
20.171.207.94 - - [21/Jul/2025:18:34:00 +0000] "GET /shopbrand/169265576.htm HTTP/1.1" 301 - "-" "Mozilla/5.0 AppleWebKit/537.36 (KHTML, like Gecko; compatible; GPTBot/1.2; +https://openai.com/gptbot)"
209.74.77.214 - - [21/Jul/2025:18:34:01 +0000] "POST /wp-cron.php?doing_wp_cron=1753122841.7191169261932373046875 HTTP/1.1" 200 - "-" "WordPress/6.8.2; https://alalamy.com.au"
20.171.207.94 - - [21/Jul/2025:18:34:01 +0000] "GET /shopbrand/169289494.htm HTTP/1.1" 301 - "-" "Mozilla/5.0 AppleWebKit/537.36 (KHTML, like Gecko; compatible; GPTBot/1.2; +https://openai.com/gptbot)"
209.74.77.214 - - [21/Jul/2025:18:34:01 +0000] "POST /wp-admin/admin-ajax.php?action=async_litespeed&nonce=78Kbz9NBszxM3gjAABNapmdk7aWEiRoZ&litespeed_type=imgoptm HTTP/1.1" 200 21 "-" "WordPress/6.8.2; https://alalamy.com.au"
20.171.207.94 - - [21/Jul/2025:18:34:02 +0000] "GET /shopbrand/169340636.htm HTTP/1.1" 301 - "-" "Mozilla/5.0 AppleWebKit/537.36 (KHTML, like Gecko; compatible; GPTBot/1.2; +https://openai.com/gptbot)"
216.73.216.97 - - [21/Jul/2025:18:34:02 +0000] "GET /shopbrand/9745012.htm HTTP/1.1" 404 20401 "-" "Mozilla/5.0 AppleWebKit/537.36 (KHTML, like Gecko; compatible; ClaudeBot/1.0; [email protected])"
20.171.207.94 - - [21/Jul/2025:18:34:03 +0000] "GET /shopbrand/169321176.htm HTTP/1.1" 301 - "-" "Mozilla/5.0 AppleWebKit/537.36 (KHTML, like Gecko; compatible; GPTBot/1.2; +https://openai.com/gptbot)"
20.171.207.94 - - [21/Jul/2025:18:34:04 +0000] "GET /shopbrand/169266001.htm HTTP/1.1" 301 - "-" "Mozilla/5.0 AppleWebKit/537.36 (KHTML, like Gecko; compatible; GPTBot/1.2; +https://openai.com/gptbot)"
216.73.216.97 - - [21/Jul/2025:18:34:05 +0000] "GET /shopbrand/9654126.htm HTTP/1.1" 404 20401 "-" "Mozilla/5.0 AppleWebKit/537.36 (KHTML, like Gecko; compatible; ClaudeBot/1.0; [email protected])"
20.171.207.94 - - [21/Jul/2025:18:34:06 +0000] "GET /shopbrand/169253229.htm HTTP/1.1" 301 - "-" "Mozilla/5.0 AppleWebKit/537.36 (KHTML, like Gecko; compatible; GPTBot/1.2; +https://openai.com/gptbot)"
20.171.207.94 - - [21/Jul/2025:18:34:07 +0000] "GET /shopbrand/169268225.htm HTTP/1.1" 301 - "-" "Mozilla/5.0 AppleWebKit/537.36 (KHTML, like Gecko; compatible; GPTBot/1.2; +https://openai.com/gptbot)"
20.171.207.94 - - [21/Jul/2025:18:34:08 +0000] "GET /shopbrand/169277949.htm HTTP/1.1" 301 - "-" "Mozilla/5.0 AppleWebKit/537.36 (KHTML, like Gecko; compatible; GPTBot/1.2; +https://openai.com/gptbot)"
20.171.207.94 - - [21/Jul/2025:18:34:09 +0000] "GET /shopbrand/169260316.htm HTTP/1.1" 301 - "-" "Mozilla/5.0 AppleWebKit/537.36 (KHTML, like Gecko; compatible; GPTBot/1.2; +https://openai.com/gptbot)"
20.171.207.94 - - [21/Jul/2025:18:34:10 +0000] "GET /shopbrand/169341615.htm HTTP/1.1" 301 - "-" "Mozilla/5.0 AppleWebKit/537.36 (KHTML, like Gecko; compatible; GPTBot/1.2; +https://openai.com/gptbot)"
20.171.207.94 - - [21/Jul/2025:18:34:11 +0000] "GET /shopbrand/169364411.htm HTTP/1.1" 301 - "-" "Mozilla/5.0 AppleWebKit/537.36 (KHTML, like Gecko; compatible; GPTBot/1.2; +https://openai.com/gptbot)"
20.171.207.94 - - [21/Jul/2025:18:34:12 +0000] "GET /shopbrand/169365525.htm HTTP/1.1" 301 - "-" "Mozilla/5.0 AppleWebKit/537.36 (KHTML, like Gecko; compatible; GPTBot/1.2; +https://openai.com/gptbot)"
20.171.207.94 - - [21/Jul/2025:18:34:14 +0000] "GET /shopbrand/169363716.htm HTTP/1.1" 301 - "-" "Mozilla/5.0 AppleWebKit/537.36 (KHTML, like Gecko; compatible; GPTBot/1.2; +https://openai.com/gptbot)"
20.171.207.94 - - [21/Jul/2025:18:34:15 +0000] "GET /shopbrand/169252955.htm HTTP/1.1" 301 - "-" "Mozilla/5.0 AppleWebKit/537.36 (KHTML, like Gecko; compatible; GPTBot/1.2; +https://openai.com/gptbot)"
20.171.207.94 - - [21/Jul/2025:18:34:16 +0000] "GET /shopbrand/169261412.htm HTTP/1.1" 301 - "-" "Mozilla/5.0 AppleWebKit/537.36 (KHTML, like Gecko; compatible; GPTBot/1.2; +https://openai.com/gptbot)"
209.74.77.214 - - [21/Jul/2025:18:34:17 +0000] "POST /wp-cron.php?doing_wp_cron=1753122857.7431299686431884765625 HTTP/1.1" 200 - "-" "WordPress/6.8.2; https://alalamy.com.au"
20.171.207.94 - - [21/Jul/2025:18:34:17 +0000] "GET /shopbrand/169335773.htm HTTP/1.1" 301 - "-" "Mozilla/5.0 AppleWebKit/537.36 (KHTML, like Gecko; compatible; GPTBot/1.2; +https://openai.com/gptbot)"
20.171.207.94 - - [21/Jul/2025:18:34:18 +0000] "GET /shopbrand/169264764.htm HTTP/1.1" 301 - "-" "Mozilla/5.0 AppleWebKit/537.36 (KHTML, like Gecko; compatible; GPTBot/1.2; +https://openai.com/gptbot)"
20.171.207.94 - - [21/Jul/2025:18:34:19 +0000] "GET /shopbrand/169317566.htm HTTP/1.1" 301 - "-" "Mozilla/5.0 AppleWebKit/537.36 (KHTML, like Gecko; compatible; GPTBot/1.2; +https://openai.com/gptbot)"
51.222.253.11 - - [21/Jul/2025:18:34:20 +0000] "GET /items/food/drinks/4545252/ HTTP/1.1" 404 20401 "-" "Mozilla/5.0 (compatible; AhrefsBot/7.0; +http://ahrefs.com/robot/)"
20.171.207.94 - - [21/Jul/2025:18:34:20 +0000] "GET /shopbrand/169292133.htm HTTP/1.1" 301 - "-" "Mozilla/5.0 AppleWebKit/537.36 (KHTML, like Gecko; compatible; GPTBot/1.2; +https://openai.com/gptbot)"
20.171.207.94 - - [21/Jul/2025:18:34:22 +0000] "GET /shopbrand/169348446.htm HTTP/1.1" 301 - "-" "Mozilla/5.0 AppleWebKit/537.36 (KHTML, like Gecko; compatible; GPTBot/1.2; +https://openai.com/gptbot)"
20.171.207.94 - - [21/Jul/2025:18:34:23 +0000] "GET /shopbrand/169309907.htm HTTP/1.1" 301 - "-" "Mozilla/5.0 AppleWebKit/537.36 (KHTML, like Gecko; compatible; GPTBot/1.2; +https://openai.com/gptbot)"
20.171.207.94 - - [21/Jul/2025:18:34:24 +0000] "GET /shopbrand/169328688.htm HTTP/1.1" 301 - "-" "Mozilla/5.0 AppleWebKit/537.36 (KHTML, like Gecko; compatible; GPTBot/1.2; +https://openai.com/gptbot)"
216.73.216.97 - - [21/Jul/2025:18:34:24 +0000] "GET /shopbrand/9719434.htm HTTP/1.1" 404 20401 "-" "Mozilla/5.0 AppleWebKit/537.36 (KHTML, like Gecko; compatible; ClaudeBot/1.0; [email protected])"
20.171.207.94 - - [21/Jul/2025:18:34:25 +0000] "GET /shopbrand/169365110.htm HTTP/1.1" 301 - "-" "Mozilla/5.0 AppleWebKit/537.36 (KHTML, like Gecko; compatible; GPTBot/1.2; +https://openai.com/gptbot)"
20.171.207.94 - - [21/Jul/2025:18:34:26 +0000] "GET /shopbrand/169291593.htm HTTP/1.1" 301 - "-" "Mozilla/5.0 AppleWebKit/537.36 (KHTML, like Gecko; compatible; GPTBot/1.2; +https://openai.com/gptbot)"
216.73.216.97 - - [21/Jul/2025:18:34:27 +0000] "GET /shopbrand/9749045.htm HTTP/1.1" 404 20401 "-" "Mozilla/5.0 AppleWebKit/537.36 (KHTML, like Gecko; compatible; ClaudeBot/1.0; [email protected])"
20.171.207.94 - - [21/Jul/2025:18:34:27 +0000] "GET /shopbrand/169265171.htm HTTP/1.1" 301 - "-" "Mozilla/5.0 AppleWebKit/537.36 (KHTML, like Gecko; compatible; GPTBot/1.2; +https://openai.com/gptbot)"
20.171.207.94 - - [21/Jul/2025:18:34:29 +0000] "GET /shopbrand/169336073.htm HTTP/1.1" 301 - "-" "Mozilla/5.0 AppleWebKit/537.36 (KHTML, like Gecko; compatible; GPTBot/1.2; +https://openai.com/gptbot)"
20.171.207.94 - - [21/Jul/2025:18:34:30 +0000] "GET /shopbrand/169314671.htm HTTP/1.1" 301 - "-" "Mozilla/5.0 AppleWebKit/537.36 (KHTML, like Gecko; compatible; GPTBot/1.2; +https://openai.com/gptbot)"
216.73.216.97 - - [21/Jul/2025:18:34:30 +0000] "GET /shopbrand/9727103.htm HTTP/1.1" 404 20401 "-" "Mozilla/5.0 AppleWebKit/537.36 (KHTML, like Gecko; compatible; ClaudeBot/1.0; [email protected])"
20.171.207.94 - - [21/Jul/2025:18:34:31 +0000] "GET /shopbrand/169321343.htm HTTP/1.1" 301 - "-" "Mozilla/5.0 AppleWebKit/537.36 (KHTML, like Gecko; compatible; GPTBot/1.2; +https://openai.com/gptbot)"
20.171.207.94 - - [21/Jul/2025:18:34:32 +0000] "GET /shopbrand/169310181.htm HTTP/1.1" 301 - "-" "Mozilla/5.0 AppleWebKit/537.36 (KHTML, like Gecko; compatible; GPTBot/1.2; +https://openai.com/gptbot)"
209.74.77.214 - - [21/Jul/2025:18:34:33 +0000] "POST /wp-cron.php?doing_wp_cron=1753122873.4713549613952636718750 HTTP/1.1" 200 - "-" "WordPress/6.8.2; https://alalamy.com.au"
216.73.216.97 - - [21/Jul/2025:18:34:33 +0000] "GET /shopbrand/9692192.htm HTTP/1.1" 404 20401 "-" "Mozilla/5.0 AppleWebKit/537.36 (KHTML, like Gecko; compatible; ClaudeBot/1.0; [email protected])"
20.171.207.94 - - [21/Jul/2025:18:34:33 +0000] "GET /shopbrand/169339093.htm HTTP/1.1" 301 - "-" "Mozilla/5.0 AppleWebKit/537.36 (KHTML, like Gecko; compatible; GPTBot/1.2; +https://openai.com/gptbot)"
20.171.207.94 - - [21/Jul/2025:18:34:34 +0000] "GET /shopbrand/169317991.htm HTTP/1.1" 301 - "-" "Mozilla/5.0 AppleWebKit/537.36 (KHTML, like Gecko; compatible; GPTBot/1.2; +https://openai.com/gptbot)"
20.171.207.94 - - [21/Jul/2025:18:34:36 +0000] "GET /shopbrand/169362761.htm HTTP/1.1" 301 - "-" "Mozilla/5.0 AppleWebKit/537.36 (KHTML, like Gecko; compatible; GPTBot/1.2; +https://openai.com/gptbot)"
216.73.216.97 - - [21/Jul/2025:18:34:36 +0000] "GET /shopbrand/9751410.htm HTTP/1.1" 404 20401 "-" "Mozilla/5.0 AppleWebKit/537.36 (KHTML, like Gecko; compatible; ClaudeBot/1.0; [email protected])"
20.171.207.94 - - [21/Jul/2025:18:34:37 +0000] "GET /shopbrand/169295211.htm HTTP/1.1" 301 - "-" "Mozilla/5.0 AppleWebKit/537.36 (KHTML, like Gecko; compatible; GPTBot/1.2; +https://openai.com/gptbot)"
20.171.207.94 - - [21/Jul/2025:18:34:38 +0000] "GET /shopbrand/169263221.htm HTTP/1.1" 301 - "-" "Mozilla/5.0 AppleWebKit/537.36 (KHTML, like Gecko; compatible; GPTBot/1.2; +https://openai.com/gptbot)"
216.73.216.97 - - [21/Jul/2025:18:34:39 +0000] "GET /shopbrand/9733874.htm HTTP/1.1" 404 20401 "-" "Mozilla/5.0 AppleWebKit/537.36 (KHTML, like Gecko; compatible; ClaudeBot/1.0; [email protected])"
20.171.207.94 - - [21/Jul/2025:18:34:39 +0000] "GET /shopbrand/169329667.htm HTTP/1.1" 301 - "-" "Mozilla/5.0 AppleWebKit/537.36 (KHTML, like Gecko; compatible; GPTBot/1.2; +https://openai.com/gptbot)"
20.171.207.94 - - [21/Jul/2025:18:34:40 +0000] "GET /shopbrand/169256964.htm HTTP/1.1" 301 - "-" "Mozilla/5.0 AppleWebKit/537.36 (KHTML, like Gecko; compatible; GPTBot/1.2; +https://openai.com/gptbot)"
20.171.207.94 - - [21/Jul/2025:18:34:41 +0000] "GET /shopbrand/169327292.htm HTTP/1.1" 301 - "-" "Mozilla/5.0 AppleWebKit/537.36 (KHTML, like Gecko; compatible; GPTBot/1.2; +https://openai.com/gptbot)"
216.73.216.97 - - [21/Jul/2025:18:34:42 +0000] "GET /shopbrand/9726936.htm HTTP/1.1" 404 20401 "-" "Mozilla/5.0 AppleWebKit/537.36 (KHTML, like Gecko; compatible; ClaudeBot/1.0; [email protected])"
20.171.207.94 - - [21/Jul/2025:18:34:43 +0000] "GET /shopbrand/169269468.htm HTTP/1.1" 301 - "-" "Mozilla/5.0 AppleWebKit/537.36 (KHTML, like Gecko; compatible; GPTBot/1.2; +https://openai.com/gptbot)"
20.171.207.94 - - [21/Jul/2025:18:34:44 +0000] "GET /shopbrand/169254466.htm HTTP/1.1" 301 - "-" "Mozilla/5.0 AppleWebKit/537.36 (KHTML, like Gecko; compatible; GPTBot/1.2; +https://openai.com/gptbot)"
20.171.207.94 - - [21/Jul/2025:18:34:45 +0000] "GET /shopbrand/169359151.htm HTTP/1.1" 301 - "-" "Mozilla/5.0 AppleWebKit/537.36 (KHTML, like Gecko; compatible; GPTBot/1.2; +https://openai.com/gptbot)"
216.73.216.97 - - [21/Jul/2025:18:34:45 +0000] "GET /shopbrand/9696084.htm HTTP/1.1" 404 20401 "-" "Mozilla/5.0 AppleWebKit/537.36 (KHTML, like Gecko; compatible; ClaudeBot/1.0; [email protected])"
20.171.207.94 - - [21/Jul/2025:18:34:46 +0000] "GET /shopbrand/169367731.htm HTTP/1.1" 301 - "-" "Mozilla/5.0 AppleWebKit/537.36 (KHTML, like Gecko; compatible; GPTBot/1.2; +https://openai.com/gptbot)"
20.171.207.94 - - [21/Jul/2025:18:34:47 +0000] "GET /shopbrand/169373166.htm HTTP/1.1" 301 - "-" "Mozilla/5.0 AppleWebKit/537.36 (KHTML, like Gecko; compatible; GPTBot/1.2; +https://openai.com/gptbot)"
216.73.216.97 - - [21/Jul/2025:18:34:48 +0000] "GET /shopbrand/9753634.htm HTTP/1.1" 404 20401 "-" "Mozilla/5.0 AppleWebKit/537.36 (KHTML, like Gecko; compatible; ClaudeBot/1.0; [email protected])"
20.171.207.94 - - [21/Jul/2025:18:34:48 +0000] "GET /shopbrand/169368164.htm HTTP/1.1" 301 - "-" "Mozilla/5.0 AppleWebKit/537.36 (KHTML, like Gecko; compatible; GPTBot/1.2; +https://openai.com/gptbot)"
20.171.207.94 - - [21/Jul/2025:18:34:50 +0000] "GET /shopbrand/169346637.htm HTTP/1.1" 301 - "-" "Mozilla/5.0 AppleWebKit/537.36 (KHTML, like Gecko; compatible; GPTBot/1.2; +https://openai.com/gptbot)"
51.222.253.10 - - [21/Jul/2025:18:34:50 +0000] "GET /items/food/meat-foods/3335609/ HTTP/1.1" 404 20401 "-" "Mozilla/5.0 (compatible; AhrefsBot/7.0; +http://ahrefs.com/robot/)"
