216.73.216.231 - - [21/Jul/2025:15:33:03 +0000] "GET /shopbrand/160867752.htm HTTP/1.1" 404 20401 "-" "Mozilla/5.0 AppleWebKit/537.36 (KHTML, like Gecko; compatible; ClaudeBot/1.0; [email protected])"
216.73.216.231 - - [21/Jul/2025:15:33:06 +0000] "GET /shopbrand/160917220.htm HTTP/1.1" 404 20401 "-" "Mozilla/5.0 AppleWebKit/537.36 (KHTML, like Gecko; compatible; ClaudeBot/1.0; [email protected])"
66.249.65.164 - - [21/Jul/2025:15:33:07 +0000] "GET /items/cameras/cameras/3927599/ HTTP/1.1" 200 19168 "-" "Mozilla/5.0 (Linux; Android 6.0.1; Nexus 5X Build/MMB29P) AppleWebKit/537.36 (KHTML, like Gecko) Chrome/137.0.7151.103 Mobile Safari/537.36 (compatible; GoogleOther)"
66.249.65.166 - - [21/Jul/2025:15:33:10 +0000] "POST /get-message-notify HTTP/1.1" 200 19553 "https://alalamy.com.au/items/cameras/cameras/3927599/" "Mozilla/5.0 (Linux; Android 6.0.1; Nexus 5X Build/MMB29P) AppleWebKit/537.36 (KHTML, like Gecko) Chrome/137.0.7151.119 Mobile Safari/537.36 (compatible; Googlebot/2.1; +http://www.google.com/bot.html)"
216.73.216.231 - - [21/Jul/2025:15:33:10 +0000] "GET /shopbrand/160915296.htm HTTP/1.1" 404 20401 "-" "Mozilla/5.0 AppleWebKit/537.36 (KHTML, like Gecko; compatible; ClaudeBot/1.0; [email protected])"
209.74.77.214 - - [21/Jul/2025:15:33:33 +0000] "POST /wp-cron.php?doing_wp_cron=1753112013.7686140537261962890625 HTTP/1.1" 200 - "-" "WordPress/6.8.2; https://alalamy.com.au"
216.73.216.231 - - [21/Jul/2025:15:33:33 +0000] "GET /shopbrand/160869164.htm HTTP/1.1" 404 20400 "-" "Mozilla/5.0 AppleWebKit/537.36 (KHTML, like Gecko; compatible; ClaudeBot/1.0; [email protected])"
216.73.216.231 - - [21/Jul/2025:15:33:35 +0000] "GET /shopbrand/160854259.htm HTTP/1.1" 404 20401 "-" "Mozilla/5.0 AppleWebKit/537.36 (KHTML, like Gecko; compatible; ClaudeBot/1.0; [email protected])"
216.73.216.231 - - [21/Jul/2025:15:33:38 +0000] "GET /shopbrand/160905985.htm HTTP/1.1" 404 20401 "-" "Mozilla/5.0 AppleWebKit/537.36 (KHTML, like Gecko; compatible; ClaudeBot/1.0; [email protected])"
216.73.216.231 - - [21/Jul/2025:15:33:41 +0000] "GET /shopbrand/160835389.htm HTTP/1.1" 404 20401 "-" "Mozilla/5.0 AppleWebKit/537.36 (KHTML, like Gecko; compatible; ClaudeBot/1.0; [email protected])"
216.73.216.231 - - [21/Jul/2025:15:33:44 +0000] "GET /shopbrand/160795339.htm HTTP/1.1" 404 20401 "-" "Mozilla/5.0 AppleWebKit/537.36 (KHTML, like Gecko; compatible; ClaudeBot/1.0; [email protected])"
216.73.216.231 - - [21/Jul/2025:15:33:47 +0000] "GET /shopbrand/160831497.htm HTTP/1.1" 404 20401 "-" "Mozilla/5.0 AppleWebKit/537.36 (KHTML, like Gecko; compatible; ClaudeBot/1.0; [email protected])"
209.74.77.214 - - [21/Jul/2025:15:33:51 +0000] "POST /wp-cron.php?doing_wp_cron=1753112031.2177948951721191406250 HTTP/1.1" 200 - "-" "WordPress/6.8.2; https://alalamy.com.au"
216.73.216.231 - - [21/Jul/2025:15:33:50 +0000] "GET /shopbrand/160864698.htm HTTP/1.1" 404 20401 "-" "Mozilla/5.0 AppleWebKit/537.36 (KHTML, like Gecko; compatible; ClaudeBot/1.0; [email protected])"
216.73.216.231 - - [21/Jul/2025:15:33:53 +0000] "GET /shopbrand/160860109.htm HTTP/1.1" 404 20401 "-" "Mozilla/5.0 AppleWebKit/537.36 (KHTML, like Gecko; compatible; ClaudeBot/1.0; [email protected])"
216.73.216.231 - - [21/Jul/2025:15:33:59 +0000] "GET /shopbrand/160829539.htm HTTP/1.1" 404 20401 "-" "Mozilla/5.0 AppleWebKit/537.36 (KHTML, like Gecko; compatible; ClaudeBot/1.0; [email protected])"
209.74.77.214 - - [21/Jul/2025:15:34:03 +0000] "POST /wp-cron.php?doing_wp_cron=1753112043.1915159225463867187500 HTTP/1.1" 200 - "-" "WordPress/6.8.2; https://alalamy.com.au"
216.73.216.231 - - [21/Jul/2025:15:34:02 +0000] "GET /shopbrand/160836741.htm HTTP/1.1" 404 20401 "-" "Mozilla/5.0 AppleWebKit/537.36 (KHTML, like Gecko; compatible; ClaudeBot/1.0; [email protected])"
209.74.77.214 - - [21/Jul/2025:15:34:03 +0000] "POST /wp-admin/admin-ajax.php?action=async_litespeed&nonce=zO7Fk3IzZ1UfrHptXFp98amDkEimkafH&litespeed_type=imgoptm HTTP/1.1" 200 21 "-" "WordPress/6.8.2; https://alalamy.com.au"
216.73.216.231 - - [21/Jul/2025:15:34:07 +0000] "GET /shopbrand/160824251.htm HTTP/1.1" 404 20401 "-" "Mozilla/5.0 AppleWebKit/537.36 (KHTML, like Gecko; compatible; ClaudeBot/1.0; [email protected])"
216.73.216.231 - - [21/Jul/2025:15:34:10 +0000] "GET /shopbrand/160793689.htm HTTP/1.1" 404 20401 "-" "Mozilla/5.0 AppleWebKit/537.36 (KHTML, like Gecko; compatible; ClaudeBot/1.0; [email protected])"
216.73.216.231 - - [21/Jul/2025:15:34:12 +0000] "GET /shopbrand/160915850.htm HTTP/1.1" 404 20401 "-" "Mozilla/5.0 AppleWebKit/537.36 (KHTML, like Gecko; compatible; ClaudeBot/1.0; [email protected])"
216.73.216.231 - - [21/Jul/2025:15:34:14 +0000] "GET /shopbrand/160858856.htm HTTP/1.1" 404 20401 "-" "Mozilla/5.0 AppleWebKit/537.36 (KHTML, like Gecko; compatible; ClaudeBot/1.0; [email protected])"
209.74.77.214 - - [21/Jul/2025:15:34:19 +0000] "POST /wp-cron.php?doing_wp_cron=1753112059.3584198951721191406250 HTTP/1.1" 200 - "-" "WordPress/6.8.2; https://alalamy.com.au"
216.73.216.231 - - [21/Jul/2025:15:34:19 +0000] "GET /shopbrand/160806318.htm HTTP/1.1" 404 20401 "-" "Mozilla/5.0 AppleWebKit/537.36 (KHTML, like Gecko; compatible; ClaudeBot/1.0; [email protected])"
216.73.216.231 - - [21/Jul/2025:15:34:20 +0000] "GET /shopbrand/160850542.htm HTTP/1.1" 404 20401 "-" "Mozilla/5.0 AppleWebKit/537.36 (KHTML, like Gecko; compatible; ClaudeBot/1.0; [email protected])"
216.73.216.231 - - [21/Jul/2025:15:34:23 +0000] "GET /shopbrand/160904059.htm HTTP/1.1" 404 20401 "-" "Mozilla/5.0 AppleWebKit/537.36 (KHTML, like Gecko; compatible; ClaudeBot/1.0; [email protected])"
216.73.216.231 - - [21/Jul/2025:15:34:26 +0000] "GET /shopbrand/160794070.htm HTTP/1.1" 404 20401 "-" "Mozilla/5.0 AppleWebKit/537.36 (KHTML, like Gecko; compatible; ClaudeBot/1.0; [email protected])"
216.73.216.231 - - [21/Jul/2025:15:34:29 +0000] "GET /shopbrand/160915137.htm HTTP/1.1" 404 20401 "-" "Mozilla/5.0 AppleWebKit/537.36 (KHTML, like Gecko; compatible; ClaudeBot/1.0; [email protected])"
209.74.77.214 - - [21/Jul/2025:15:34:33 +0000] "POST /wp-cron.php?doing_wp_cron=1753112073.2769620418548583984375 HTTP/1.1" 200 - "-" "WordPress/6.8.2; https://alalamy.com.au"
216.73.216.231 - - [21/Jul/2025:15:34:33 +0000] "GET /shopbrand/160877911.htm HTTP/1.1" 404 20401 "-" "Mozilla/5.0 AppleWebKit/537.36 (KHTML, like Gecko; compatible; ClaudeBot/1.0; [email protected])"
216.73.216.231 - - [21/Jul/2025:15:34:38 +0000] "GET /shopbrand/160796584.htm HTTP/1.1" 404 20401 "-" "Mozilla/5.0 AppleWebKit/537.36 (KHTML, like Gecko; compatible; ClaudeBot/1.0; [email protected])"
216.73.216.231 - - [21/Jul/2025:15:34:41 +0000] "GET /shopbrand/160908366.htm HTTP/1.1" 404 20401 "-" "Mozilla/5.0 AppleWebKit/537.36 (KHTML, like Gecko; compatible; ClaudeBot/1.0; [email protected])"
216.73.216.231 - - [21/Jul/2025:15:34:44 +0000] "GET /shopbrand/160797422.htm HTTP/1.1" 404 20401 "-" "Mozilla/5.0 AppleWebKit/537.36 (KHTML, like Gecko; compatible; ClaudeBot/1.0; [email protected])"
216.73.216.231 - - [21/Jul/2025:15:34:47 +0000] "GET /shopbrand/160797009.htm HTTP/1.1" 404 20401 "-" "Mozilla/5.0 AppleWebKit/537.36 (KHTML, like Gecko; compatible; ClaudeBot/1.0; [email protected])"
216.73.216.231 - - [21/Jul/2025:15:34:50 +0000] "GET /shopbrand/160891801.htm HTTP/1.1" 404 20401 "-" "Mozilla/5.0 AppleWebKit/537.36 (KHTML, like Gecko; compatible; ClaudeBot/1.0; [email protected])"
209.74.77.214 - - [21/Jul/2025:15:34:53 +0000] "POST /wp-cron.php?doing_wp_cron=1753112093.3251299858093261718750 HTTP/1.1" 200 - "-" "WordPress/6.8.2; https://alalamy.com.au"
216.73.216.231 - - [21/Jul/2025:15:34:53 +0000] "GET /shopbrand/160873868.htm HTTP/1.1" 404 20401 "-" "Mozilla/5.0 AppleWebKit/537.36 (KHTML, like Gecko; compatible; ClaudeBot/1.0; [email protected])"
216.73.216.231 - - [21/Jul/2025:15:34:56 +0000] "GET /shopbrand/160909337.htm HTTP/1.1" 404 20401 "-" "Mozilla/5.0 AppleWebKit/537.36 (KHTML, like Gecko; compatible; ClaudeBot/1.0; [email protected])"
216.73.216.231 - - [21/Jul/2025:15:35:00 +0000] "GET /shopbrand/160839007.htm HTTP/1.1" 404 20401 "-" "Mozilla/5.0 AppleWebKit/537.36 (KHTML, like Gecko; compatible; ClaudeBot/1.0; [email protected])"
209.74.77.214 - - [21/Jul/2025:15:35:02 +0000] "POST /wp-cron.php?doing_wp_cron=1753112102.4618809223175048828125 HTTP/1.1" 200 - "-" "WordPress/6.8.2; https://alalamy.com.au"
216.73.216.231 - - [21/Jul/2025:15:35:02 +0000] "GET /shopbrand/160900981.htm HTTP/1.1" 404 20401 "-" "Mozilla/5.0 AppleWebKit/537.36 (KHTML, like Gecko; compatible; ClaudeBot/1.0; [email protected])"
66.249.65.166 - - [21/Jul/2025:15:35:02 +0000] "GET /items/fashion/jackets/3468283/ HTTP/1.1" 200 18954 "-" "Mozilla/5.0 (Linux; Android 6.0.1; Nexus 5X Build/MMB29P) AppleWebKit/537.36 (KHTML, like Gecko) Chrome/137.0.7151.103 Mobile Safari/537.36 (compatible; GoogleOther)"
209.74.77.214 - - [21/Jul/2025:15:35:02 +0000] "POST /wp-admin/admin-ajax.php?action=async_litespeed&nonce=QhG2LISewoWJSsZBuXVvsw5XgeijYwG2&litespeed_type=imgoptm HTTP/1.1" 200 21 "-" "WordPress/6.8.2; https://alalamy.com.au"
66.249.65.166 - - [21/Jul/2025:15:35:04 +0000] "POST /get-message-notify HTTP/1.1" 200 19553 "https://alalamy.com.au/items/fashion/jackets/3468283/" "Mozilla/5.0 (Linux; Android 6.0.1; Nexus 5X Build/MMB29P) AppleWebKit/537.36 (KHTML, like Gecko) Chrome/137.0.7151.119 Mobile Safari/537.36 (compatible; Googlebot/2.1; +http://www.google.com/bot.html)"
216.73.216.231 - - [21/Jul/2025:15:35:05 +0000] "GET /shopbrand/160795913.htm HTTP/1.1" 404 20401 "-" "Mozilla/5.0 AppleWebKit/537.36 (KHTML, like Gecko; compatible; ClaudeBot/1.0; [email protected])"
216.73.216.231 - - [21/Jul/2025:15:35:08 +0000] "GET /shopbrand/160807714.htm HTTP/1.1" 404 20401 "-" "Mozilla/5.0 AppleWebKit/537.36 (KHTML, like Gecko; compatible; ClaudeBot/1.0; [email protected])"
216.73.216.231 - - [21/Jul/2025:15:35:12 +0000] "GET /shopbrand/160848002.htm HTTP/1.1" 404 20401 "-" "Mozilla/5.0 AppleWebKit/537.36 (KHTML, like Gecko; compatible; ClaudeBot/1.0; [email protected])"
216.73.216.231 - - [21/Jul/2025:15:35:14 +0000] "GET /shopbrand/160871644.htm HTTP/1.1" 404 20401 "-" "Mozilla/5.0 AppleWebKit/537.36 (KHTML, like Gecko; compatible; ClaudeBot/1.0; [email protected])"
216.73.216.231 - - [21/Jul/2025:15:35:17 +0000] "GET /shopbrand/160908068.htm HTTP/1.1" 404 20401 "-" "Mozilla/5.0 AppleWebKit/537.36 (KHTML, like Gecko; compatible; ClaudeBot/1.0; [email protected])"
216.73.216.231 - - [21/Jul/2025:15:35:20 +0000] "GET /shopbrand/160872782.htm HTTP/1.1" 404 20401 "-" "Mozilla/5.0 AppleWebKit/537.36 (KHTML, like Gecko; compatible; ClaudeBot/1.0; [email protected])"
216.73.216.231 - - [21/Jul/2025:15:35:24 +0000] "GET /shopbrand/160841604.htm HTTP/1.1" 404 20401 "-" "Mozilla/5.0 AppleWebKit/537.36 (KHTML, like Gecko; compatible; ClaudeBot/1.0; [email protected])"
216.73.216.231 - - [21/Jul/2025:15:35:26 +0000] "GET /shopbrand/160794360.htm HTTP/1.1" 404 20401 "-" "Mozilla/5.0 AppleWebKit/537.36 (KHTML, like Gecko; compatible; ClaudeBot/1.0; [email protected])"
216.73.216.231 - - [21/Jul/2025:15:35:29 +0000] "GET /shopbrand/160826334.htm HTTP/1.1" 404 20401 "-" "Mozilla/5.0 AppleWebKit/537.36 (KHTML, like Gecko; compatible; ClaudeBot/1.0; [email protected])"
216.73.216.231 - - [21/Jul/2025:15:35:32 +0000] "GET /shopbrand/160853437.htm HTTP/1.1" 404 20401 "-" "Mozilla/5.0 AppleWebKit/537.36 (KHTML, like Gecko; compatible; ClaudeBot/1.0; [email protected])"
209.74.77.214 - - [21/Jul/2025:15:35:35 +0000] "POST /wp-cron.php?doing_wp_cron=1753112135.3279609680175781250000 HTTP/1.1" 200 - "-" "WordPress/6.8.2; https://alalamy.com.au"
216.73.216.231 - - [21/Jul/2025:15:35:35 +0000] "GET /shopbrand/160894150.htm HTTP/1.1" 404 20400 "-" "Mozilla/5.0 AppleWebKit/537.36 (KHTML, like Gecko; compatible; ClaudeBot/1.0; [email protected])"
216.73.216.231 - - [21/Jul/2025:15:35:41 +0000] "GET /shopbrand/160811181.htm HTTP/1.1" 404 20401 "-" "Mozilla/5.0 AppleWebKit/537.36 (KHTML, like Gecko; compatible; ClaudeBot/1.0; [email protected])"
216.73.216.231 - - [21/Jul/2025:15:35:43 +0000] "GET /shopbrand/160813830.htm HTTP/1.1" 404 20401 "-" "Mozilla/5.0 AppleWebKit/537.36 (KHTML, like Gecko; compatible; ClaudeBot/1.0; [email protected])"
216.73.216.231 - - [21/Jul/2025:15:35:46 +0000] "GET /shopbrand/160810768.htm HTTP/1.1" 404 20401 "-" "Mozilla/5.0 AppleWebKit/537.36 (KHTML, like Gecko; compatible; ClaudeBot/1.0; [email protected])"
216.73.216.231 - - [21/Jul/2025:15:35:50 +0000] "GET /shopbrand/160899013.htm HTTP/1.1" 404 20401 "-" "Mozilla/5.0 AppleWebKit/537.36 (KHTML, like Gecko; compatible; ClaudeBot/1.0; [email protected])"
209.74.77.214 - - [21/Jul/2025:15:35:53 +0000] "POST /wp-cron.php?doing_wp_cron=1753112152.9632420539855957031250 HTTP/1.1" 200 - "-" "WordPress/6.8.2; https://alalamy.com.au"
216.73.216.231 - - [21/Jul/2025:15:35:52 +0000] "GET /shopbrand/160899172.htm HTTP/1.1" 404 20401 "-" "Mozilla/5.0 AppleWebKit/537.36 (KHTML, like Gecko; compatible; ClaudeBot/1.0; [email protected])"
216.73.216.231 - - [21/Jul/2025:15:35:55 +0000] "GET /shopbrand/160853703.htm HTTP/1.1" 404 20401 "-" "Mozilla/5.0 AppleWebKit/537.36 (KHTML, like Gecko; compatible; ClaudeBot/1.0; [email protected])"
216.73.216.231 - - [21/Jul/2025:15:35:58 +0000] "GET /shopbrand/160873179.htm HTTP/1.1" 404 20401 "-" "Mozilla/5.0 AppleWebKit/537.36 (KHTML, like Gecko; compatible; ClaudeBot/1.0; [email protected])"
209.74.77.214 - - [21/Jul/2025:15:36:01 +0000] "POST /wp-admin/admin-ajax.php?action=async_litespeed&nonce=wb8BZJJQScAgFMJNPe5VOvUnA4TThyro&litespeed_type=imgoptm HTTP/1.1" 200 21 "-" "WordPress/6.8.2; https://alalamy.com.au"
216.73.216.231 - - [21/Jul/2025:15:36:01 +0000] "GET /shopbrand/160876815.htm HTTP/1.1" 404 20401 "-" "Mozilla/5.0 AppleWebKit/537.36 (KHTML, like Gecko; compatible; ClaudeBot/1.0; [email protected])"
216.73.216.231 - - [21/Jul/2025:15:36:04 +0000] "GET /shopbrand/160803681.htm HTTP/1.1" 404 20401 "-" "Mozilla/5.0 AppleWebKit/537.36 (KHTML, like Gecko; compatible; ClaudeBot/1.0; [email protected])"
216.73.216.231 - - [21/Jul/2025:15:36:09 +0000] "GET /shopbrand/160868292.htm HTTP/1.1" 404 20401 "-" "Mozilla/5.0 AppleWebKit/537.36 (KHTML, like Gecko; compatible; ClaudeBot/1.0; [email protected])"
216.73.216.231 - - [21/Jul/2025:15:36:10 +0000] "GET /shopbrand/160871910.htm HTTP/1.1" 404 20401 "-" "Mozilla/5.0 AppleWebKit/537.36 (KHTML, like Gecko; compatible; ClaudeBot/1.0; [email protected])"
216.73.216.231 - - [21/Jul/2025:15:36:13 +0000] "GET /shopbrand/160877371.htm HTTP/1.1" 404 20401 "-" "Mozilla/5.0 AppleWebKit/537.36 (KHTML, like Gecko; compatible; ClaudeBot/1.0; [email protected])"
216.73.216.231 - - [21/Jul/2025:15:36:16 +0000] "GET /shopbrand/160845381.htm HTTP/1.1" 404 20401 "-" "Mozilla/5.0 AppleWebKit/537.36 (KHTML, like Gecko; compatible; ClaudeBot/1.0; [email protected])"
66.249.65.164 - - [21/Jul/2025:15:36:17 +0000] "GET /items/fashion/jackets/2886180 HTTP/1.1" 200 20556 "-" "Mozilla/5.0 (Linux; Android 6.0.1; Nexus 5X Build/MMB29P) AppleWebKit/537.36 (KHTML, like Gecko) Chrome/137.0.7151.103 Mobile Safari/537.36 (compatible; GoogleOther)"
66.249.65.164 - - [21/Jul/2025:15:36:19 +0000] "POST /get-message-notify HTTP/1.1" 200 19553 "https://alalamy.com.au/items/fashion/jackets/2886180" "Mozilla/5.0 (Linux; Android 6.0.1; Nexus 5X Build/MMB29P) AppleWebKit/537.36 (KHTML, like Gecko) Chrome/137.0.7151.119 Mobile Safari/537.36 (compatible; Googlebot/2.1; +http://www.google.com/bot.html)"
216.73.216.231 - - [21/Jul/2025:15:36:19 +0000] "GET /shopbrand/160809523.htm HTTP/1.1" 404 20401 "-" "Mozilla/5.0 AppleWebKit/537.36 (KHTML, like Gecko; compatible; ClaudeBot/1.0; [email protected])"
216.73.216.231 - - [21/Jul/2025:15:36:22 +0000] "GET /shopbrand/160845778.htm HTTP/1.1" 404 20401 "-" "Mozilla/5.0 AppleWebKit/537.36 (KHTML, like Gecko; compatible; ClaudeBot/1.0; [email protected])"
216.73.216.231 - - [21/Jul/2025:15:36:25 +0000] "GET /shopbrand/160868018.htm HTTP/1.1" 404 20401 "-" "Mozilla/5.0 AppleWebKit/537.36 (KHTML, like Gecko; compatible; ClaudeBot/1.0; [email protected])"
216.73.216.231 - - [21/Jul/2025:15:36:28 +0000] "GET /shopbrand/160832891.htm HTTP/1.1" 404 20401 "-" "Mozilla/5.0 AppleWebKit/537.36 (KHTML, like Gecko; compatible; ClaudeBot/1.0; [email protected])"
216.73.216.231 - - [21/Jul/2025:15:36:31 +0000] "GET /shopbrand/160834815.htm HTTP/1.1" 404 20401 "-" "Mozilla/5.0 AppleWebKit/537.36 (KHTML, like Gecko; compatible; ClaudeBot/1.0; [email protected])"
209.74.77.214 - - [21/Jul/2025:15:36:35 +0000] "POST /wp-cron.php?doing_wp_cron=1753112195.0410549640655517578125 HTTP/1.1" 200 - "-" "WordPress/6.8.2; https://alalamy.com.au"
216.73.216.231 - - [21/Jul/2025:15:36:34 +0000] "GET /shopbrand/160817182.htm HTTP/1.1" 404 20401 "-" "Mozilla/5.0 AppleWebKit/537.36 (KHTML, like Gecko; compatible; ClaudeBot/1.0; [email protected])"
216.73.216.231 - - [21/Jul/2025:15:36:37 +0000] "GET /shopbrand/160867347.htm HTTP/1.1" 404 20401 "-" "Mozilla/5.0 AppleWebKit/537.36 (KHTML, like Gecko; compatible; ClaudeBot/1.0; [email protected])"
66.249.65.165 - - [21/Jul/2025:15:36:42 +0000] "GET /items/fashion/formal-wear/4101747/ HTTP/1.1" 200 20924 "-" "Mozilla/5.0 (Linux; Android 6.0.1; Nexus 5X Build/MMB29P) AppleWebKit/537.36 (KHTML, like Gecko) Chrome/137.0.7151.103 Mobile Safari/537.36 (compatible; GoogleOther)"
209.74.77.214 - - [21/Jul/2025:15:36:55 +0000] "POST /wp-cron.php?doing_wp_cron=1753112215.8067779541015625000000 HTTP/1.1" 200 - "-" "WordPress/6.8.2; https://alalamy.com.au"
216.73.216.231 - - [21/Jul/2025:15:36:55 +0000] "GET /shopbrand/160839680.htm HTTP/1.1" 404 20401 "-" "Mozilla/5.0 AppleWebKit/537.36 (KHTML, like Gecko; compatible; ClaudeBot/1.0; [email protected])"
66.249.65.164 - - [21/Jul/2025:15:36:55 +0000] "GET /items/fashion/womens/3445687/ HTTP/1.1" 200 19113 "-" "Mozilla/5.0 (Linux; Android 6.0.1; Nexus 5X Build/MMB29P) AppleWebKit/537.36 (KHTML, like Gecko) Chrome/137.0.7151.103 Mobile Safari/537.36 (compatible; GoogleOther)"
66.249.65.164 - - [21/Jul/2025:15:36:56 +0000] "GET /items/cameras/cameras/2399196/ HTTP/1.1" 200 19496 "-" "Mozilla/5.0 (Linux; Android 6.0.1; Nexus 5X Build/MMB29P) AppleWebKit/537.36 (KHTML, like Gecko) Chrome/137.0.7151.103 Mobile Safari/537.36 (compatible; GoogleOther)"
66.249.65.164 - - [21/Jul/2025:15:36:57 +0000] "GET /items/sports/golf/2745123 HTTP/1.1" 200 21269 "-" "Mozilla/5.0 (Linux; Android 6.0.1; Nexus 5X Build/MMB29P) AppleWebKit/537.36 (KHTML, like Gecko) Chrome/137.0.7151.103 Mobile Safari/537.36 (compatible; GoogleOther)"
66.249.65.164 - - [21/Jul/2025:15:36:57 +0000] "POST /get-message-notify HTTP/1.1" 200 19553 "https://alalamy.com.au/items/fashion/formal-wear/4101747/" "Mozilla/5.0 (Linux; Android 6.0.1; Nexus 5X Build/MMB29P) AppleWebKit/537.36 (KHTML, like Gecko) Chrome/137.0.7151.119 Mobile Safari/537.36 (compatible; Googlebot/2.1; +http://www.google.com/bot.html)"
216.73.216.231 - - [21/Jul/2025:15:36:58 +0000] "GET /shopbrand/160869986.htm HTTP/1.1" 404 20401 "-" "Mozilla/5.0 AppleWebKit/537.36 (KHTML, like Gecko; compatible; ClaudeBot/1.0; [email protected])"
66.249.65.164 - - [21/Jul/2025:15:36:58 +0000] "POST /get-message-notify HTTP/1.1" 200 19553 "https://alalamy.com.au/items/cameras/cameras/2399196/" "Mozilla/5.0 (Linux; Android 6.0.1; Nexus 5X Build/MMB29P) AppleWebKit/537.36 (KHTML, like Gecko) Chrome/137.0.7151.119 Mobile Safari/537.36 (compatible; Googlebot/2.1; +http://www.google.com/bot.html)"
216.73.216.231 - - [21/Jul/2025:15:37:01 +0000] "GET /shopbrand/160813415.htm HTTP/1.1" 404 20401 "-" "Mozilla/5.0 AppleWebKit/537.36 (KHTML, like Gecko; compatible; ClaudeBot/1.0; [email protected])"
209.74.77.214 - - [21/Jul/2025:15:37:01 +0000] "POST /wp-admin/admin-ajax.php?action=async_litespeed&nonce=AoP11N2nOJEmtAz4NYyuOiFZX3fl1EJT&litespeed_type=imgoptm HTTP/1.1" 200 21 "-" "WordPress/6.8.2; https://alalamy.com.au"
66.249.65.166 - - [21/Jul/2025:15:37:04 +0000] "POST /get-message-notify HTTP/1.1" 200 19553 "https://alalamy.com.au/items/fashion/womens/3445687/" "Mozilla/5.0 (Linux; Android 6.0.1; Nexus 5X Build/MMB29P) AppleWebKit/537.36 (KHTML, like Gecko) Chrome/137.0.7151.119 Mobile Safari/537.36 (compatible; Googlebot/2.1; +http://www.google.com/bot.html)"
216.73.216.231 - - [21/Jul/2025:15:37:05 +0000] "GET /shopbrand/160912399.htm HTTP/1.1" 404 20401 "-" "Mozilla/5.0 AppleWebKit/537.36 (KHTML, like Gecko; compatible; ClaudeBot/1.0; [email protected])"
216.73.216.231 - - [21/Jul/2025:15:37:09 +0000] "GET /shopbrand/160850957.htm HTTP/1.1" 404 20401 "-" "Mozilla/5.0 AppleWebKit/537.36 (KHTML, like Gecko; compatible; ClaudeBot/1.0; [email protected])"
216.73.216.231 - - [21/Jul/2025:15:37:10 +0000] "GET /shopbrand/160818991.htm HTTP/1.1" 404 20401 "-" "Mozilla/5.0 AppleWebKit/537.36 (KHTML, like Gecko; compatible; ClaudeBot/1.0; [email protected])"
66.249.65.165 - - [21/Jul/2025:15:37:13 +0000] "POST /get-message-notify HTTP/1.1" 200 19553 "https://alalamy.com.au/items/sports/golf/2745123" "Mozilla/5.0 (Linux; Android 6.0.1; Nexus 5X Build/MMB29P) AppleWebKit/537.36 (KHTML, like Gecko) Chrome/137.0.7151.119 Mobile Safari/537.36 (compatible; Googlebot/2.1; +http://www.google.com/bot.html)"
216.73.216.231 - - [21/Jul/2025:15:37:14 +0000] "GET /shopbrand/160903876.htm HTTP/1.1" 404 20401 "-" "Mozilla/5.0 AppleWebKit/537.36 (KHTML, like Gecko; compatible; ClaudeBot/1.0; [email protected])"
216.73.216.231 - - [21/Jul/2025:15:37:16 +0000] "GET /shopbrand/160833687.htm HTTP/1.1" 404 20401 "-" "Mozilla/5.0 AppleWebKit/537.36 (KHTML, like Gecko; compatible; ClaudeBot/1.0; [email protected])"
216.73.216.231 - - [21/Jul/2025:15:37:19 +0000] "GET /shopbrand/160811447.htm HTTP/1.1" 404 20401 "-" "Mozilla/5.0 AppleWebKit/537.36 (KHTML, like Gecko; compatible; ClaudeBot/1.0; [email protected])"
216.73.216.231 - - [21/Jul/2025:15:37:22 +0000] "GET /shopbrand/160861346.htm HTTP/1.1" 404 20400 "-" "Mozilla/5.0 AppleWebKit/537.36 (KHTML, like Gecko; compatible; ClaudeBot/1.0; [email protected])"
216.73.216.231 - - [21/Jul/2025:15:37:25 +0000] "GET /shopbrand/160895022.htm HTTP/1.1" 404 20401 "-" "Mozilla/5.0 AppleWebKit/537.36 (KHTML, like Gecko; compatible; ClaudeBot/1.0; [email protected])"
216.73.216.231 - - [21/Jul/2025:15:37:28 +0000] "GET /shopbrand/160890258.htm HTTP/1.1" 404 20401 "-" "Mozilla/5.0 AppleWebKit/537.36 (KHTML, like Gecko; compatible; ClaudeBot/1.0; [email protected])"
216.73.216.231 - - [21/Jul/2025:15:37:31 +0000] "GET /shopbrand/160812692.htm HTTP/1.1" 404 20401 "-" "Mozilla/5.0 AppleWebKit/537.36 (KHTML, like Gecko; compatible; ClaudeBot/1.0; [email protected])"
209.74.77.214 - - [21/Jul/2025:15:37:34 +0000] "POST /wp-cron.php?doing_wp_cron=1753112254.7241289615631103515625 HTTP/1.1" 200 - "-" "WordPress/6.8.2; https://alalamy.com.au"
216.73.216.231 - - [21/Jul/2025:15:37:34 +0000] "GET /shopbrand/160896249.htm HTTP/1.1" 404 20401 "-" "Mozilla/5.0 AppleWebKit/537.36 (KHTML, like Gecko; compatible; ClaudeBot/1.0; [email protected])"
216.73.216.231 - - [21/Jul/2025:15:37:37 +0000] "GET /shopbrand/160876392.htm HTTP/1.1" 404 20400 "-" "Mozilla/5.0 AppleWebKit/537.36 (KHTML, like Gecko; compatible; ClaudeBot/1.0; [email protected])"
216.73.216.231 - - [21/Jul/2025:15:37:40 +0000] "GET /shopbrand/160861620.htm HTTP/1.1" 404 20401 "-" "Mozilla/5.0 AppleWebKit/537.36 (KHTML, like Gecko; compatible; ClaudeBot/1.0; [email protected])"
66.249.65.164 - - [21/Jul/2025:15:37:41 +0000] "GET /items/fashion/womens/4546979/ HTTP/1.1" 200 19618 "-" "Mozilla/5.0 (Linux; Android 6.0.1; Nexus 5X Build/MMB29P) AppleWebKit/537.36 (KHTML, like Gecko) Chrome/137.0.7151.103 Mobile Safari/537.36 (compatible; GoogleOther)"
216.73.216.231 - - [21/Jul/2025:15:37:43 +0000] "GET /shopbrand/160867621.htm HTTP/1.1" 404 20401 "-" "Mozilla/5.0 AppleWebKit/537.36 (KHTML, like Gecko; compatible; ClaudeBot/1.0; [email protected])"
66.249.65.164 - - [21/Jul/2025:15:37:45 +0000] "POST /get-message-notify HTTP/1.1" 200 19553 "https://alalamy.com.au/items/fashion/womens/4546979/" "Mozilla/5.0 (Linux; Android 6.0.1; Nexus 5X Build/MMB29P) AppleWebKit/537.36 (KHTML, like Gecko) Chrome/137.0.7151.119 Mobile Safari/537.36 (compatible; Googlebot/2.1; +http://www.google.com/bot.html)"
66.249.65.164 - - [21/Jul/2025:15:37:45 +0000] "GET /items/fashion/mens/3310818/ HTTP/1.1" 200 19438 "-" "Mozilla/5.0 (Linux; Android 6.0.1; Nexus 5X Build/MMB29P) AppleWebKit/537.36 (KHTML, like Gecko) Chrome/137.0.7151.103 Mobile Safari/537.36 (compatible; GoogleOther)"
66.249.65.164 - - [21/Jul/2025:15:37:45 +0000] "GET /items/outdoor/fishing/1669849/ HTTP/1.1" 200 19648 "-" "Mozilla/5.0 (Linux; Android 6.0.1; Nexus 5X Build/MMB29P) AppleWebKit/537.36 (KHTML, like Gecko) Chrome/137.0.7151.103 Mobile Safari/537.36 (compatible; GoogleOther)"
216.73.216.231 - - [21/Jul/2025:15:37:46 +0000] "GET /shopbrand/160880965.htm HTTP/1.1" 404 20401 "-" "Mozilla/5.0 AppleWebKit/537.36 (KHTML, like Gecko; compatible; ClaudeBot/1.0; [email protected])"
66.249.65.164 - - [21/Jul/2025:15:37:49 +0000] "POST /get-message-notify HTTP/1.1" 200 19553 "https://alalamy.com.au/items/outdoor/fishing/1669849/" "Mozilla/5.0 (Linux; Android 6.0.1; Nexus 5X Build/MMB29P) AppleWebKit/537.36 (KHTML, like Gecko) Chrome/137.0.7151.119 Mobile Safari/537.36 (compatible; Googlebot/2.1; +http://www.google.com/bot.html)"
209.74.77.214 - - [21/Jul/2025:15:37:52 +0000] "POST /wp-cron.php?doing_wp_cron=1753112272.5285220146179199218750 HTTP/1.1" 200 - "-" "WordPress/6.8.2; https://alalamy.com.au"
216.73.216.231 - - [21/Jul/2025:15:37:52 +0000] "GET /shopbrand/160888608.htm HTTP/1.1" 404 20401 "-" "Mozilla/5.0 AppleWebKit/537.36 (KHTML, like Gecko; compatible; ClaudeBot/1.0; [email protected])"
66.249.65.164 - - [21/Jul/2025:15:37:52 +0000] "GET /items/fashion/jackets/2084739 HTTP/1.1" 200 18871 "-" "Mozilla/5.0 (Linux; Android 6.0.1; Nexus 5X Build/MMB29P) AppleWebKit/537.36 (KHTML, like Gecko) Chrome/137.0.7151.103 Mobile Safari/537.36 (compatible; GoogleOther)"
66.249.65.164 - - [21/Jul/2025:15:37:55 +0000] "POST /get-message-notify HTTP/1.1" 200 19553 "https://alalamy.com.au/items/fashion/jackets/2084739" "Mozilla/5.0 (Linux; Android 6.0.1; Nexus 5X Build/MMB29P) AppleWebKit/537.36 (KHTML, like Gecko) Chrome/137.0.7151.119 Mobile Safari/537.36 (compatible; Googlebot/2.1; +http://www.google.com/bot.html)"
216.73.216.231 - - [21/Jul/2025:15:37:57 +0000] "GET /shopbrand/160892226.htm HTTP/1.1" 404 20401 "-" "Mozilla/5.0 AppleWebKit/537.36 (KHTML, like Gecko; compatible; ClaudeBot/1.0; [email protected])"
209.74.77.214 - - [21/Jul/2025:15:38:05 +0000] "POST /wp-admin/admin-ajax.php?action=async_litespeed&nonce=4CGfGHYWPDcJsXYE6Q8eGNOH4IUmu74b&litespeed_type=imgoptm HTTP/1.1" 200 21 "-" "WordPress/6.8.2; https://alalamy.com.au"
66.249.65.165 - - [21/Jul/2025:15:38:12 +0000] "POST /get-message-notify HTTP/1.1" 200 19553 "https://alalamy.com.au/items/fashion/mens/3310818/" "Mozilla/5.0 (Linux; Android 6.0.1; Nexus 5X Build/MMB29P) AppleWebKit/537.36 (KHTML, like Gecko) Chrome/137.0.7151.119 Mobile Safari/537.36 (compatible; Googlebot/2.1; +http://www.google.com/bot.html)"
66.249.65.165 - - [21/Jul/2025:15:38:13 +0000] "GET /items/fashion/outerwear/1669639 HTTP/1.1" 200 19651 "-" "Mozilla/5.0 (Linux; Android 6.0.1; Nexus 5X Build/MMB29P) AppleWebKit/537.36 (KHTML, like Gecko) Chrome/137.0.7151.103 Mobile Safari/537.36 (compatible; GoogleOther)"
66.249.65.164 - - [21/Jul/2025:15:38:15 +0000] "POST /get-message-notify HTTP/1.1" 200 19553 "https://alalamy.com.au/items/fashion/outerwear/1669639" "Mozilla/5.0 (Linux; Android 6.0.1; Nexus 5X Build/MMB29P) AppleWebKit/537.36 (KHTML, like Gecko) Chrome/137.0.7151.119 Mobile Safari/537.36 (compatible; Googlebot/2.1; +http://www.google.com/bot.html)"
216.73.216.231 - - [21/Jul/2025:15:38:28 +0000] "GET /shopbrand/160902091.htm HTTP/1.1" 404 20401 "-" "Mozilla/5.0 AppleWebKit/537.36 (KHTML, like Gecko; compatible; ClaudeBot/1.0; [email protected])"
216.73.216.231 - - [21/Jul/2025:15:38:31 +0000] "GET /shopbrand/160797307.htm HTTP/1.1" 404 20401 "-" "Mozilla/5.0 AppleWebKit/537.36 (KHTML, like Gecko; compatible; ClaudeBot/1.0; [email protected])"
209.74.77.214 - - [21/Jul/2025:15:38:34 +0000] "POST /wp-cron.php?doing_wp_cron=1753112314.7584691047668457031250 HTTP/1.1" 200 - "-" "WordPress/6.8.2; https://alalamy.com.au"
216.73.216.231 - - [21/Jul/2025:15:38:34 +0000] "GET /shopbrand/160878723.htm HTTP/1.1" 404 20401 "-" "Mozilla/5.0 AppleWebKit/537.36 (KHTML, like Gecko; compatible; ClaudeBot/1.0; [email protected])"
216.73.216.231 - - [21/Jul/2025:15:38:37 +0000] "GET /shopbrand/160842998.htm HTTP/1.1" 404 20401 "-" "Mozilla/5.0 AppleWebKit/537.36 (KHTML, like Gecko; compatible; ClaudeBot/1.0; [email protected])"
216.73.216.231 - - [21/Jul/2025:15:38:41 +0000] "GET /shopbrand/160917105.htm HTTP/1.1" 404 20401 "-" "Mozilla/5.0 AppleWebKit/537.36 (KHTML, like Gecko; compatible; ClaudeBot/1.0; [email protected])"
216.73.216.231 - - [21/Jul/2025:15:38:43 +0000] "GET /shopbrand/160901535.htm HTTP/1.1" 404 20401 "-" "Mozilla/5.0 AppleWebKit/537.36 (KHTML, like Gecko; compatible; ClaudeBot/1.0; [email protected])"
216.73.216.231 - - [21/Jul/2025:15:38:46 +0000] "GET /shopbrand/160821630.htm HTTP/1.1" 404 20401 "-" "Mozilla/5.0 AppleWebKit/537.36 (KHTML, like Gecko; compatible; ClaudeBot/1.0; [email protected])"
216.73.216.231 - - [21/Jul/2025:15:38:49 +0000] "GET /shopbrand/160880540.htm HTTP/1.1" 404 20401 "-" "Mozilla/5.0 AppleWebKit/537.36 (KHTML, like Gecko; compatible; ClaudeBot/1.0; [email protected])"
209.74.77.214 - - [21/Jul/2025:15:38:52 +0000] "POST /wp-cron.php?doing_wp_cron=1753112332.8103969097137451171875 HTTP/1.1" 200 - "-" "WordPress/6.8.2; https://alalamy.com.au"
216.73.216.231 - - [21/Jul/2025:15:38:52 +0000] "GET /shopbrand/160918199.htm HTTP/1.1" 404 20401 "-" "Mozilla/5.0 AppleWebKit/537.36 (KHTML, like Gecko; compatible; ClaudeBot/1.0; [email protected])"
216.73.216.231 - - [21/Jul/2025:15:38:55 +0000] "GET /shopbrand/160838550.htm HTTP/1.1" 404 20401 "-" "Mozilla/5.0 AppleWebKit/537.36 (KHTML, like Gecko; compatible; ClaudeBot/1.0; [email protected])"
216.73.216.231 - - [21/Jul/2025:15:38:58 +0000] "GET /shopbrand/160829388.htm HTTP/1.1" 404 20401 "-" "Mozilla/5.0 AppleWebKit/537.36 (KHTML, like Gecko; compatible; ClaudeBot/1.0; [email protected])"
209.74.77.214 - - [21/Jul/2025:15:39:02 +0000] "POST /wp-cron.php?doing_wp_cron=1753112342.4055678844451904296875 HTTP/1.1" 200 - "-" "WordPress/6.8.2; https://alalamy.com.au"
216.73.216.231 - - [21/Jul/2025:15:39:01 +0000] "GET /shopbrand/160880125.htm HTTP/1.1" 404 20401 "-" "Mozilla/5.0 AppleWebKit/537.36 (KHTML, like Gecko; compatible; ClaudeBot/1.0; [email protected])"
209.74.77.214 - - [21/Jul/2025:15:39:02 +0000] "POST /wp-admin/admin-ajax.php?action=async_litespeed&nonce=qbe4sjSZDbSOdrVjLumJ1mnCFDctOba2&litespeed_type=imgoptm HTTP/1.1" 200 21 "-" "WordPress/6.8.2; https://alalamy.com.au"
216.73.216.231 - - [21/Jul/2025:15:39:04 +0000] "GET /shopbrand/160904748.htm HTTP/1.1" 404 20401 "-" "Mozilla/5.0 AppleWebKit/537.36 (KHTML, like Gecko; compatible; ClaudeBot/1.0; [email protected])"
66.249.65.166 - - [21/Jul/2025:15:39:05 +0000] "GET /items/fashion/tops/2315281/ HTTP/1.1" 200 19923 "-" "Mozilla/5.0 (Linux; Android 6.0.1; Nexus 5X Build/MMB29P) AppleWebKit/537.36 (KHTML, like Gecko) Chrome/137.0.7151.103 Mobile Safari/537.36 (compatible; GoogleOther)"
216.73.216.231 - - [21/Jul/2025:15:39:07 +0000] "GET /shopbrand/160904432.htm HTTP/1.1" 404 20401 "-" "Mozilla/5.0 AppleWebKit/537.36 (KHTML, like Gecko; compatible; ClaudeBot/1.0; [email protected])"
216.73.216.231 - - [21/Jul/2025:15:39:11 +0000] "GET /shopbrand/160798933.htm HTTP/1.1" 404 20401 "-" "Mozilla/5.0 AppleWebKit/537.36 (KHTML, like Gecko; compatible; ClaudeBot/1.0; [email protected])"
216.73.216.231 - - [21/Jul/2025:15:39:15 +0000] "GET /shopbrand/160879851.htm HTTP/1.1" 404 20401 "-" "Mozilla/5.0 AppleWebKit/537.36 (KHTML, like Gecko; compatible; ClaudeBot/1.0; [email protected])"
66.249.65.164 - - [21/Jul/2025:15:39:16 +0000] "GET /items/flowers/other-houseplants/2961622/ HTTP/1.1" 200 19006 "-" "Mozilla/5.0 (Linux; Android 6.0.1; Nexus 5X Build/MMB29P) AppleWebKit/537.36 (KHTML, like Gecko) Chrome/137.0.7151.103 Mobile Safari/537.36 (compatible; GoogleOther)"
216.73.216.231 - - [21/Jul/2025:15:39:17 +0000] "GET /shopbrand/160860675.htm HTTP/1.1" 404 20401 "-" "Mozilla/5.0 AppleWebKit/537.36 (KHTML, like Gecko; compatible; ClaudeBot/1.0; [email protected])"
216.73.216.231 - - [21/Jul/2025:15:39:19 +0000] "GET /shopbrand/160844267.htm HTTP/1.1" 404 20401 "-" "Mozilla/5.0 AppleWebKit/537.36 (KHTML, like Gecko; compatible; ClaudeBot/1.0; [email protected])"
66.249.65.165 - - [21/Jul/2025:15:39:19 +0000] "POST /get-message-notify HTTP/1.1" 200 19553 "https://alalamy.com.au/items/flowers/other-houseplants/2961622/" "Mozilla/5.0 (Linux; Android 6.0.1; Nexus 5X Build/MMB29P) AppleWebKit/537.36 (KHTML, like Gecko) Chrome/137.0.7151.119 Mobile Safari/537.36 (compatible; Googlebot/2.1; +http://www.google.com/bot.html)"
66.249.65.164 - - [21/Jul/2025:15:39:22 +0000] "GET /items/fashion/outerwear/2607268 HTTP/1.1" 200 19012 "-" "Mozilla/5.0 (Linux; Android 6.0.1; Nexus 5X Build/MMB29P) AppleWebKit/537.36 (KHTML, like Gecko) Chrome/137.0.7151.103 Mobile Safari/537.36 (compatible; GoogleOther)"
216.73.216.231 - - [21/Jul/2025:15:39:23 +0000] "GET /shopbrand/160879295.htm HTTP/1.1" 404 20401 "-" "Mozilla/5.0 AppleWebKit/537.36 (KHTML, like Gecko; compatible; ClaudeBot/1.0; [email protected])"
216.73.216.231 - - [21/Jul/2025:15:39:26 +0000] "GET /shopbrand/160881936.htm HTTP/1.1" 404 20401 "-" "Mozilla/5.0 AppleWebKit/537.36 (KHTML, like Gecko; compatible; ClaudeBot/1.0; [email protected])"
66.249.65.164 - - [21/Jul/2025:15:39:27 +0000] "POST /get-message-notify HTTP/1.1" 200 19553 "https://alalamy.com.au/items/fashion/outerwear/2607268" "Mozilla/5.0 (Linux; Android 6.0.1; Nexus 5X Build/MMB29P) AppleWebKit/537.36 (KHTML, like Gecko) Chrome/137.0.7151.119 Mobile Safari/537.36 (compatible; Googlebot/2.1; +http://www.google.com/bot.html)"
66.249.65.164 - - [21/Jul/2025:15:39:35 +0000] "GET /items/fashion/shoes/1811853/alalamy.com.au/cargo/detail HTTP/1.1" 200 20015 "-" "Mozilla/5.0 (Linux; Android 6.0.1; Nexus 5X Build/MMB29P) AppleWebKit/537.36 (KHTML, like Gecko) Chrome/137.0.7151.103 Mobile Safari/537.36 (compatible; GoogleOther)"
209.74.77.214 - - [21/Jul/2025:15:39:48 +0000] "POST /wp-cron.php?doing_wp_cron=1753112388.5622019767761230468750 HTTP/1.1" 200 - "-" "WordPress/6.8.2; https://alalamy.com.au"
216.73.216.231 - - [21/Jul/2025:15:39:48 +0000] "GET /shopbrand/160833306.htm HTTP/1.1" 404 20401 "-" "Mozilla/5.0 AppleWebKit/537.36 (KHTML, like Gecko; compatible; ClaudeBot/1.0; [email protected])"
66.249.65.164 - - [21/Jul/2025:15:39:49 +0000] "POST /get-message-notify HTTP/1.1" 200 19553 "https://alalamy.com.au/items/fashion/shoes/1811853/alalamy.com.au/cargo/detail" "Mozilla/5.0 (Linux; Android 6.0.1; Nexus 5X Build/MMB29P) AppleWebKit/537.36 (KHTML, like Gecko) Chrome/137.0.7151.119 Mobile Safari/537.36 (compatible; Googlebot/2.1; +http://www.google.com/bot.html)"
209.74.77.214 - - [21/Jul/2025:15:39:52 +0000] "POST /wp-cron.php?doing_wp_cron=1753112392.2730739116668701171875 HTTP/1.1" 200 - "-" "WordPress/6.8.2; https://alalamy.com.au"
216.73.216.231 - - [21/Jul/2025:15:39:52 +0000] "GET /shopbrand/160852053.htm HTTP/1.1" 404 20401 "-" "Mozilla/5.0 AppleWebKit/537.36 (KHTML, like Gecko; compatible; ClaudeBot/1.0; [email protected])"
216.73.216.231 - - [21/Jul/2025:15:39:53 +0000] "GET /shopbrand/160829944.htm HTTP/1.1" 404 20401 "-" "Mozilla/5.0 AppleWebKit/537.36 (KHTML, like Gecko; compatible; ClaudeBot/1.0; [email protected])"
216.73.216.231 - - [21/Jul/2025:15:39:56 +0000] "GET /shopbrand/160903503.htm HTTP/1.1" 404 20401 "-" "Mozilla/5.0 AppleWebKit/537.36 (KHTML, like Gecko; compatible; ClaudeBot/1.0; [email protected])"
216.73.216.231 - - [21/Jul/2025:15:39:59 +0000] "GET /shopbrand/160862758.htm HTTP/1.1" 404 20401 "-" "Mozilla/5.0 AppleWebKit/537.36 (KHTML, like Gecko; compatible; ClaudeBot/1.0; [email protected])"
66.249.65.166 - - [21/Jul/2025:15:40:01 +0000] "GET /items/cars/motorcycles/3089412/ HTTP/1.1" 200 18923 "-" "Mozilla/5.0 (Linux; Android 6.0.1; Nexus 5X Build/MMB29P) AppleWebKit/537.36 (KHTML, like Gecko) Chrome/137.0.7151.103 Mobile Safari/537.36 (compatible; GoogleOther)"
209.74.77.214 - - [21/Jul/2025:15:40:02 +0000] "POST /wp-cron.php?doing_wp_cron=1753112402.1142230033874511718750 HTTP/1.1" 200 - "-" "WordPress/6.8.2; https://alalamy.com.au"
51.222.253.10 - - [21/Jul/2025:15:40:01 +0000] "GET /items/air-conditioning/appliances/2910628/ HTTP/1.1" 404 20401 "-" "Mozilla/5.0 (compatible; AhrefsBot/7.0; +http://ahrefs.com/robot/)"
216.73.216.231 - - [21/Jul/2025:15:40:02 +0000] "GET /shopbrand/160841787.htm HTTP/1.1" 404 20401 "-" "Mozilla/5.0 AppleWebKit/537.36 (KHTML, like Gecko; compatible; ClaudeBot/1.0; [email protected])"
209.74.77.214 - - [21/Jul/2025:15:40:02 +0000] "POST /wp-admin/admin-ajax.php?action=async_litespeed&nonce=o6lJoVV7HQmaRGWmfGs4F70zZEi8BMEI&litespeed_type=imgoptm HTTP/1.1" 200 21 "-" "WordPress/6.8.2; https://alalamy.com.au"
216.73.216.231 - - [21/Jul/2025:15:40:05 +0000] "GET /shopbrand/160815216.htm HTTP/1.1" 404 20401 "-" "Mozilla/5.0 AppleWebKit/537.36 (KHTML, like Gecko; compatible; ClaudeBot/1.0; [email protected])"
66.249.65.164 - - [21/Jul/2025:15:40:06 +0000] "POST /get-message-notify HTTP/1.1" 200 19553 "https://alalamy.com.au/items/cars/motorcycles/3089412/" "Mozilla/5.0 (Linux; Android 6.0.1; Nexus 5X Build/MMB29P) AppleWebKit/537.36 (KHTML, like Gecko) Chrome/137.0.7151.119 Mobile Safari/537.36 (compatible; Googlebot/2.1; +http://www.google.com/bot.html)"
216.73.216.231 - - [21/Jul/2025:15:40:10 +0000] "GET /shopbrand/160896930.htm HTTP/1.1" 404 20401 "-" "Mozilla/5.0 AppleWebKit/537.36 (KHTML, like Gecko; compatible; ClaudeBot/1.0; [email protected])"
216.73.216.231 - - [21/Jul/2025:15:40:11 +0000] "GET /shopbrand/160902365.htm HTTP/1.1" 404 20401 "-" "Mozilla/5.0 AppleWebKit/537.36 (KHTML, like Gecko; compatible; ClaudeBot/1.0; [email protected])"
216.73.216.231 - - [21/Jul/2025:15:40:14 +0000] "GET /shopbrand/160894035.htm HTTP/1.1" 404 20401 "-" "Mozilla/5.0 AppleWebKit/537.36 (KHTML, like Gecko; compatible; ClaudeBot/1.0; [email protected])"
216.73.216.231 - - [21/Jul/2025:15:40:17 +0000] "GET /shopbrand/160869430.htm HTTP/1.1" 404 20401 "-" "Mozilla/5.0 AppleWebKit/537.36 (KHTML, like Gecko; compatible; ClaudeBot/1.0; [email protected])"
216.73.216.231 - - [21/Jul/2025:15:40:20 +0000] "GET /shopbrand/160875403.htm HTTP/1.1" 404 20401 "-" "Mozilla/5.0 AppleWebKit/537.36 (KHTML, like Gecko; compatible; ClaudeBot/1.0; [email protected])"
66.249.65.164 - - [21/Jul/2025:15:40:23 +0000] "POST /get-message-notify HTTP/1.1" 200 19553 "https://alalamy.com.au/items/fashion/tops/2315281/" "Mozilla/5.0 (Linux; Android 6.0.1; Nexus 5X Build/MMB29P) AppleWebKit/537.36 (KHTML, like Gecko) Chrome/137.0.7151.119 Mobile Safari/537.36 (compatible; Googlebot/2.1; +http://www.google.com/bot.html)"
216.73.216.231 - - [21/Jul/2025:15:40:23 +0000] "GET /shopbrand/160837198.htm HTTP/1.1" 404 20401 "-" "Mozilla/5.0 AppleWebKit/537.36 (KHTML, like Gecko; compatible; ClaudeBot/1.0; [email protected])"
66.249.65.164 - - [21/Jul/2025:15:40:23 +0000] "GET /items/sports/golf/2682921/alalamy.com.au/alalamy.com.au/kaitori/ansin.html HTTP/1.1" 200 19502 "-" "Mozilla/5.0 (Linux; Android 6.0.1; Nexus 5X Build/MMB29P) AppleWebKit/537.36 (KHTML, like Gecko) Chrome/137.0.7151.103 Mobile Safari/537.36 (compatible; GoogleOther)"
66.249.65.164 - - [21/Jul/2025:15:40:24 +0000] "GET /?k=37538882041900&mod=d8a1e3cb&uri=search.php? HTTP/1.1" 200 19658 "-" "Mozilla/5.0 (Linux; Android 6.0.1; Nexus 5X Build/MMB29P) AppleWebKit/537.36 (KHTML, like Gecko) Chrome/137.0.7151.103 Mobile Safari/537.36 (compatible; Googlebot/2.1; +http://www.google.com/bot.html)"
216.73.216.231 - - [21/Jul/2025:15:40:26 +0000] "GET /shopbrand/160801713.htm HTTP/1.1" 404 20401 "-" "Mozilla/5.0 AppleWebKit/537.36 (KHTML, like Gecko; compatible; ClaudeBot/1.0; [email protected])"
66.249.65.164 - - [21/Jul/2025:15:40:27 +0000] "POST /get-message-notify HTTP/1.1" 200 19553 "https://alalamy.com.au/?k=37538882041900&mod=d8a1e3cb&uri=search.php?" "Mozilla/5.0 (Linux; Android 6.0.1; Nexus 5X Build/MMB29P) AppleWebKit/537.36 (KHTML, like Gecko) Chrome/137.0.7151.119 Mobile Safari/537.36 (compatible; Googlebot/2.1; +http://www.google.com/bot.html)"
216.73.216.231 - - [21/Jul/2025:15:40:29 +0000] "GET /shopbrand/160907494.htm HTTP/1.1" 404 20401 "-" "Mozilla/5.0 AppleWebKit/537.36 (KHTML, like Gecko; compatible; ClaudeBot/1.0; [email protected])"
216.73.216.231 - - [21/Jul/2025:15:40:32 +0000] "GET /shopbrand/160915709.htm HTTP/1.1" 404 20401 "-" "Mozilla/5.0 AppleWebKit/537.36 (KHTML, like Gecko; compatible; ClaudeBot/1.0; [email protected])"
209.74.77.214 - - [21/Jul/2025:15:40:35 +0000] "POST /wp-cron.php?doing_wp_cron=1753112435.7640750408172607421875 HTTP/1.1" 200 - "-" "WordPress/6.8.2; https://alalamy.com.au"
216.73.216.231 - - [21/Jul/2025:15:40:35 +0000] "GET /shopbrand/160892798.htm HTTP/1.1" 404 20401 "-" "Mozilla/5.0 AppleWebKit/537.36 (KHTML, like Gecko; compatible; ClaudeBot/1.0; [email protected])"
216.73.216.231 - - [21/Jul/2025:15:40:38 +0000] "GET /shopbrand/160825762.htm HTTP/1.1" 404 20401 "-" "Mozilla/5.0 AppleWebKit/537.36 (KHTML, like Gecko; compatible; ClaudeBot/1.0; [email protected])"
216.73.216.231 - - [21/Jul/2025:15:40:41 +0000] "GET /shopbrand/160822867.htm HTTP/1.1" 404 20401 "-" "Mozilla/5.0 AppleWebKit/537.36 (KHTML, like Gecko; compatible; ClaudeBot/1.0; [email protected])"
216.73.216.231 - - [21/Jul/2025:15:40:44 +0000] "GET /shopbrand/160916549.htm HTTP/1.1" 404 20401 "-" "Mozilla/5.0 AppleWebKit/537.36 (KHTML, like Gecko; compatible; ClaudeBot/1.0; [email protected])"
209.74.77.214 - - [21/Jul/2025:15:40:53 +0000] "POST /wp-cron.php?doing_wp_cron=1753112453.5272529125213623046875 HTTP/1.1" 200 - "-" "WordPress/6.8.2; https://alalamy.com.au"
216.73.216.231 - - [21/Jul/2025:15:40:53 +0000] "GET /shopbrand/160878042.htm HTTP/1.1" 404 20401 "-" "Mozilla/5.0 AppleWebKit/537.36 (KHTML, like Gecko; compatible; ClaudeBot/1.0; [email protected])"
216.73.216.231 - - [21/Jul/2025:15:40:55 +0000] "GET /shopbrand/160888308.htm HTTP/1.1" 404 20401 "-" "Mozilla/5.0 AppleWebKit/537.36 (KHTML, like Gecko; compatible; ClaudeBot/1.0; [email protected])"
216.73.216.231 - - [21/Jul/2025:15:40:56 +0000] "GET /shopbrand/160870401.htm HTTP/1.1" 404 20401 "-" "Mozilla/5.0 AppleWebKit/537.36 (KHTML, like Gecko; compatible; ClaudeBot/1.0; [email protected])"
216.73.216.231 - - [21/Jul/2025:15:40:59 +0000] "GET /shopbrand/160840093.htm HTTP/1.1" 404 20401 "-" "Mozilla/5.0 AppleWebKit/537.36 (KHTML, like Gecko; compatible; ClaudeBot/1.0; [email protected])"
209.74.77.214 - - [21/Jul/2025:15:41:03 +0000] "POST /wp-cron.php?doing_wp_cron=1753112463.1697649955749511718750 HTTP/1.1" 200 - "-" "WordPress/6.8.2; https://alalamy.com.au"
216.73.216.231 - - [21/Jul/2025:15:41:02 +0000] "GET /shopbrand/160795041.htm HTTP/1.1" 404 20401 "-" "Mozilla/5.0 AppleWebKit/537.36 (KHTML, like Gecko; compatible; ClaudeBot/1.0; [email protected])"
209.74.77.214 - - [21/Jul/2025:15:41:03 +0000] "POST /wp-admin/admin-ajax.php?action=async_litespeed&nonce=U0taX5B7euvkljRaDbHBIWEvwBIUZa8N&litespeed_type=imgoptm HTTP/1.1" 200 21 "-" "WordPress/6.8.2; https://alalamy.com.au"
216.73.216.231 - - [21/Jul/2025:15:41:05 +0000] "GET /shopbrand/160836060.htm HTTP/1.1" 404 20401 "-" "Mozilla/5.0 AppleWebKit/537.36 (KHTML, like Gecko; compatible; ClaudeBot/1.0; [email protected])"
216.73.216.231 - - [21/Jul/2025:15:41:08 +0000] "GET /shopbrand/160854575.htm HTTP/1.1" 404 20401 "-" "Mozilla/5.0 AppleWebKit/537.36 (KHTML, like Gecko; compatible; ClaudeBot/1.0; [email protected])"
216.73.216.231 - - [21/Jul/2025:15:41:13 +0000] "GET /shopbrand/160847587.htm HTTP/1.1" 404 20401 "-" "Mozilla/5.0 AppleWebKit/537.36 (KHTML, like Gecko; compatible; ClaudeBot/1.0; [email protected])"
216.73.216.231 - - [21/Jul/2025:15:41:17 +0000] "GET /shopbrand/160813820.htm HTTP/1.1" 404 20401 "-" "Mozilla/5.0 AppleWebKit/537.36 (KHTML, like Gecko; compatible; ClaudeBot/1.0; [email protected])"
216.73.216.231 - - [21/Jul/2025:15:41:20 +0000] "GET /shopbrand/160881362.htm HTTP/1.1" 404 20401 "-" "Mozilla/5.0 AppleWebKit/537.36 (KHTML, like Gecko; compatible; ClaudeBot/1.0; [email protected])"
216.73.216.231 - - [21/Jul/2025:15:41:23 +0000] "GET /shopbrand/160843870.htm HTTP/1.1" 404 20401 "-" "Mozilla/5.0 AppleWebKit/537.36 (KHTML, like Gecko; compatible; ClaudeBot/1.0; [email protected])"
216.73.216.231 - - [21/Jul/2025:15:41:28 +0000] "GET /shopbrand/160845222.htm HTTP/1.1" 404 20401 "-" "Mozilla/5.0 AppleWebKit/537.36 (KHTML, like Gecko; compatible; ClaudeBot/1.0; [email protected])"
216.73.216.231 - - [21/Jul/2025:15:41:30 +0000] "GET /shopbrand/160821173.htm HTTP/1.1" 404 20401 "-" "Mozilla/5.0 AppleWebKit/537.36 (KHTML, like Gecko; compatible; ClaudeBot/1.0; [email protected])"
209.74.77.214 - - [21/Jul/2025:15:41:33 +0000] "POST /wp-cron.php?doing_wp_cron=1753112493.2124819755554199218750 HTTP/1.1" 200 - "-" "WordPress/6.8.2; https://alalamy.com.au"
216.73.216.231 - - [21/Jul/2025:15:41:32 +0000] "GET /shopbrand/160886938.htm HTTP/1.1" 404 20401 "-" "Mozilla/5.0 AppleWebKit/537.36 (KHTML, like Gecko; compatible; ClaudeBot/1.0; [email protected])"
216.73.216.231 - - [21/Jul/2025:15:41:35 +0000] "GET /shopbrand/160873338.htm HTTP/1.1" 404 20401 "-" "Mozilla/5.0 AppleWebKit/537.36 (KHTML, like Gecko; compatible; ClaudeBot/1.0; [email protected])"
216.73.216.231 - - [21/Jul/2025:15:41:38 +0000] "GET /shopbrand/160850939.htm HTTP/1.1" 404 20401 "-" "Mozilla/5.0 AppleWebKit/537.36 (KHTML, like Gecko; compatible; ClaudeBot/1.0; [email protected])"
216.73.216.231 - - [21/Jul/2025:15:41:42 +0000] "GET /shopbrand/160864301.htm HTTP/1.1" 404 20401 "-" "Mozilla/5.0 AppleWebKit/537.36 (KHTML, like Gecko; compatible; ClaudeBot/1.0; [email protected])"
216.73.216.231 - - [21/Jul/2025:15:41:44 +0000] "GET /shopbrand/160802851.htm HTTP/1.1" 404 20401 "-" "Mozilla/5.0 AppleWebKit/537.36 (KHTML, like Gecko; compatible; ClaudeBot/1.0; [email protected])"
216.73.216.231 - - [21/Jul/2025:15:41:47 +0000] "GET /shopbrand/160867919.htm HTTP/1.1" 404 20401 "-" "Mozilla/5.0 AppleWebKit/537.36 (KHTML, like Gecko; compatible; ClaudeBot/1.0; [email protected])"
209.74.77.214 - - [21/Jul/2025:15:41:51 +0000] "POST /wp-cron.php?doing_wp_cron=1753112511.1997079849243164062500 HTTP/1.1" 200 - "-" "WordPress/6.8.2; https://alalamy.com.au"
216.73.216.231 - - [21/Jul/2025:15:41:50 +0000] "GET /shopbrand/160882508.htm HTTP/1.1" 404 20401 "-" "Mozilla/5.0 AppleWebKit/537.36 (KHTML, like Gecko; compatible; ClaudeBot/1.0; [email protected])"
66.249.65.166 - - [21/Jul/2025:15:41:58 +0000] "GET /robots.txt HTTP/1.1" 200 92 "-" "Mozilla/5.0 (compatible; Googlebot/2.1; +http://www.google.com/bot.html)"
66.249.65.164 - - [21/Jul/2025:15:41:58 +0000] "POST /get-message-notify HTTP/1.1" 200 19553 "https://alalamy.com.au/items/sports/golf/2682921/alalamy.com.au/alalamy.com.au/kaitori/ansin.html" "Mozilla/5.0 (Linux; Android 6.0.1; Nexus 5X Build/MMB29P) AppleWebKit/537.36 (KHTML, like Gecko) Chrome/137.0.7151.119 Mobile Safari/537.36 (compatible; Googlebot/2.1; +http://www.google.com/bot.html)"
209.74.77.214 - - [21/Jul/2025:15:42:05 +0000] "POST /wp-cron.php?doing_wp_cron=1753112525.2969009876251220703125 HTTP/1.1" 200 - "-" "WordPress/6.8.2; https://alalamy.com.au"
216.73.216.231 - - [21/Jul/2025:15:42:05 +0000] "GET /shopbrand/160796179.htm HTTP/1.1" 404 20401 "-" "Mozilla/5.0 AppleWebKit/537.36 (KHTML, like Gecko; compatible; ClaudeBot/1.0; [email protected])"
209.74.77.214 - - [21/Jul/2025:15:42:05 +0000] "POST /wp-admin/admin-ajax.php?action=async_litespeed&nonce=qY14gHyjoUX59CejPlTi2n3lG3XSotmX&litespeed_type=imgoptm HTTP/1.1" 200 21 "-" "WordPress/6.8.2; https://alalamy.com.au"
216.73.216.231 - - [21/Jul/2025:15:42:07 +0000] "GET /shopbrand/160848832.htm HTTP/1.1" 404 20401 "-" "Mozilla/5.0 AppleWebKit/537.36 (KHTML, like Gecko; compatible; ClaudeBot/1.0; [email protected])"
216.73.216.231 - - [21/Jul/2025:15:42:10 +0000] "GET /shopbrand/160824791.htm HTTP/1.1" 404 20401 "-" "Mozilla/5.0 AppleWebKit/537.36 (KHTML, like Gecko; compatible; ClaudeBot/1.0; [email protected])"
216.73.216.231 - - [21/Jul/2025:15:42:13 +0000] "GET /shopbrand/160914879.htm HTTP/1.1" 404 20401 "-" "Mozilla/5.0 AppleWebKit/537.36 (KHTML, like Gecko; compatible; ClaudeBot/1.0; [email protected])"
216.73.216.231 - - [21/Jul/2025:15:42:16 +0000] "GET /shopbrand/160840915.htm HTTP/1.1" 404 20401 "-" "Mozilla/5.0 AppleWebKit/537.36 (KHTML, like Gecko; compatible; ClaudeBot/1.0; [email protected])"
216.73.216.231 - - [21/Jul/2025:15:42:20 +0000] "GET /shopbrand/160869271.htm HTTP/1.1" 404 20401 "-" "Mozilla/5.0 AppleWebKit/537.36 (KHTML, like Gecko; compatible; ClaudeBot/1.0; [email protected])"
216.73.216.231 - - [21/Jul/2025:15:42:24 +0000] "GET /shopbrand/160800627.htm HTTP/1.1" 404 20401 "-" "Mozilla/5.0 AppleWebKit/537.36 (KHTML, like Gecko; compatible; ClaudeBot/1.0; [email protected])"
216.73.216.231 - - [21/Jul/2025:15:42:28 +0000] "GET /shopbrand/160914466.htm HTTP/1.1" 404 20401 "-" "Mozilla/5.0 AppleWebKit/537.36 (KHTML, like Gecko; compatible; ClaudeBot/1.0; [email protected])"
216.73.216.231 - - [21/Jul/2025:15:42:31 +0000] "GET /shopbrand/160903046.htm HTTP/1.1" 404 20401 "-" "Mozilla/5.0 AppleWebKit/537.36 (KHTML, like Gecko; compatible; ClaudeBot/1.0; [email protected])"
66.249.65.166 - - [21/Jul/2025:15:42:32 +0000] "GET /?k=4630309001900&mod=1792c408&uri=dp.php%3Fpcsp.html HTTP/1.1" 200 19525 "-" "Mozilla/5.0 (Linux; Android 6.0.1; Nexus 5X Build/MMB29P) AppleWebKit/537.36 (KHTML, like Gecko) Chrome/137.0.7151.103 Mobile Safari/537.36 (compatible; Googlebot/2.1; +http://www.google.com/bot.html)"
