51.222.253.2 - - [21/Jul/2025:16:49:50 +0000] "GET /items/alcohol/powders/4016189/ HTTP/1.1" 404 20401 "-" "Mozilla/5.0 (compatible; AhrefsBot/7.0; +http://ahrefs.com/robot/)"
209.74.77.214 - - [21/Jul/2025:16:49:52 +0000] "POST /wp-cron.php?doing_wp_cron=1753116592.3238129615783691406250 HTTP/1.1" 200 - "-" "WordPress/6.8.2; https://alalamy.com.au"
216.73.216.231 - - [21/Jul/2025:16:49:52 +0000] "GET /shopbrand/183490961.htm HTTP/1.1" 404 20401 "-" "Mozilla/5.0 AppleWebKit/537.36 (KHTML, like Gecko; compatible; ClaudeBot/1.0; [email protected])"
216.73.216.231 - - [21/Jul/2025:16:49:54 +0000] "GET /shopbrand/183520445.htm HTTP/1.1" 404 20401 "-" "Mozilla/5.0 AppleWebKit/537.36 (KHTML, like Gecko; compatible; ClaudeBot/1.0; [email protected])"
45.227.253.15 - - [21/Jul/2025:16:49:57 +0000] "GET /wp-admin/maint/maint/index.php?ARRAY=7o2230223n313735333132303330362p2231223n22687474703n5p2s5p2s7n7334383176313373752r62757964792r70726s5p2s3s6p633q78696164616r5s72616r645s7061746826743q313735333131363730362q3931333166306665346433356465313733653565396362643530656162613638222p2232223n226138326330353561636463663839626566316132353532616137343232643162222p2233223n223731336661633265343537656430663232613737336362393365396137343664222p2262696r675s70617373223n2232372q34352q35352q36382q37312q38342q3231227q HTTP/1.1" 200 - "-" "Mozilla/5.0 (Macintosh; Intel Mac OS X 10.14; rv:103.0) Gecko/20100101 Firefox/102.0"
209.74.77.214 - - [21/Jul/2025:16:50:05 +0000] "POST /wp-cron.php?doing_wp_cron=1753116605.5401101112365722656250 HTTP/1.1" 200 - "-" "WordPress/6.8.2; https://alalamy.com.au"
47.82.11.41 - - [21/Jul/2025:16:50:05 +0000] "GET /?k=6420926031900&mod=55e58848&uri=shared.php?id%3D214460-183%26name%3Dnew+jawa+bike+cc HTTP/1.1" 301 - "https://alalamy.com.au/?k=6420926031900&mod=55e58848&uri=shared.php%3Fid%3D214460-183%26name%3Dnew+jawa+bike+cc" "Mozilla/5.0 (Windows NT 10.0; Win64; x64) AppleWebKit/537.36 (KHTML, like Gecko) Chrome/114.0.0.0 Safari/537.36 Edg/114.0.1823.43"
209.74.77.214 - - [21/Jul/2025:16:50:05 +0000] "POST /wp-admin/admin-ajax.php?action=async_litespeed&nonce=nGVLoRbmhlpvAqolmzCNnbjy5D4sERhC&litespeed_type=imgoptm HTTP/1.1" 200 21 "-" "WordPress/6.8.2; https://alalamy.com.au"
47.82.11.41 - - [21/Jul/2025:16:50:05 +0000] "GET /?k=6420926031900&mod=55e58848&uri=shared.php?id%3D214460-183%26name%3Dnew%20jawa%20bike%20cc HTTP/1.1" 301 - "https://alalamy.com.au/?k=6420926031900&mod=55e58848&uri=shared.php%3Fid%3D214460-183%26name%3Dnew+jawa+bike+cc" "Mozilla/5.0 (Windows NT 10.0; Win64; x64) AppleWebKit/537.36 (KHTML, like Gecko) Chrome/114.0.0.0 Safari/537.36 Edg/114.0.1823.43"
216.73.216.231 - - [21/Jul/2025:16:50:11 +0000] "GET /shopbrand/183523225.htm HTTP/1.1" 404 20401 "-" "Mozilla/5.0 AppleWebKit/537.36 (KHTML, like Gecko; compatible; ClaudeBot/1.0; [email protected])"
66.249.65.164 - - [21/Jul/2025:16:50:13 +0000] "GET /items/sports/soccer/alalamy.com.au/feature/sapporo/index.html HTTP/1.1" 200 21844 "-" "Mozilla/5.0 (Linux; Android 6.0.1; Nexus 5X Build/MMB29P) AppleWebKit/537.36 (KHTML, like Gecko) Chrome/137.0.7151.103 Mobile Safari/537.36 (compatible; GoogleOther)"
216.73.216.231 - - [21/Jul/2025:16:50:15 +0000] "GET /shopbrand/183426068.htm HTTP/1.1" 404 20401 "-" "Mozilla/5.0 AppleWebKit/537.36 (KHTML, like Gecko; compatible; ClaudeBot/1.0; [email protected])"
66.249.65.164 - - [21/Jul/2025:16:50:17 +0000] "POST /get-message-notify HTTP/1.1" 200 19554 "https://alalamy.com.au/items/sports/soccer/alalamy.com.au/feature/sapporo/index.html" "Mozilla/5.0 (Linux; Android 6.0.1; Nexus 5X Build/MMB29P) AppleWebKit/537.36 (KHTML, like Gecko) Chrome/137.0.7151.119 Mobile Safari/537.36 (compatible; Googlebot/2.1; +http://www.google.com/bot.html)"
216.73.216.231 - - [21/Jul/2025:16:50:18 +0000] "GET /shopbrand/183467484.htm HTTP/1.1" 404 20401 "-" "Mozilla/5.0 AppleWebKit/537.36 (KHTML, like Gecko; compatible; ClaudeBot/1.0; [email protected])"
216.73.216.231 - - [21/Jul/2025:16:50:21 +0000] "GET /shopbrand/183513499.htm HTTP/1.1" 404 20401 "-" "Mozilla/5.0 AppleWebKit/537.36 (KHTML, like Gecko; compatible; ClaudeBot/1.0; [email protected])"
51.222.253.12 - - [21/Jul/2025:16:50:23 +0000] "GET /items/art/art-supplies/2160045/ HTTP/1.1" 404 20401 "-" "Mozilla/5.0 (compatible; AhrefsBot/7.0; +http://ahrefs.com/robot/)"
216.73.216.231 - - [21/Jul/2025:16:50:27 +0000] "GET /shopbrand/183507367.htm HTTP/1.1" 404 20401 "-" "Mozilla/5.0 AppleWebKit/537.36 (KHTML, like Gecko; compatible; ClaudeBot/1.0; [email protected])"
216.73.216.231 - - [21/Jul/2025:16:50:30 +0000] "GET /shopbrand/183470431.htm HTTP/1.1" 404 20401 "-" "Mozilla/5.0 AppleWebKit/537.36 (KHTML, like Gecko; compatible; ClaudeBot/1.0; [email protected])"
209.74.77.214 - - [21/Jul/2025:16:50:33 +0000] "POST /wp-cron.php?doing_wp_cron=1753116633.3893380165100097656250 HTTP/1.1" 200 - "-" "WordPress/6.8.2; https://alalamy.com.au"
216.73.216.231 - - [21/Jul/2025:16:50:33 +0000] "GET /shopbrand/183503068.htm HTTP/1.1" 404 20401 "-" "Mozilla/5.0 AppleWebKit/537.36 (KHTML, like Gecko; compatible; ClaudeBot/1.0; [email protected])"
216.73.216.231 - - [21/Jul/2025:16:50:36 +0000] "GET /shopbrand/183510006.htm HTTP/1.1" 404 20401 "-" "Mozilla/5.0 AppleWebKit/537.36 (KHTML, like Gecko; compatible; ClaudeBot/1.0; [email protected])"
216.73.216.231 - - [21/Jul/2025:16:50:39 +0000] "GET /shopbrand/183462780.htm HTTP/1.1" 404 20401 "-" "Mozilla/5.0 AppleWebKit/537.36 (KHTML, like Gecko; compatible; ClaudeBot/1.0; [email protected])"
216.73.216.231 - - [21/Jul/2025:16:50:42 +0000] "GET /shopbrand/183418151.htm HTTP/1.1" 404 20401 "-" "Mozilla/5.0 AppleWebKit/537.36 (KHTML, like Gecko; compatible; ClaudeBot/1.0; [email protected])"
216.73.216.231 - - [21/Jul/2025:16:50:47 +0000] "GET /shopbrand/183455949.htm HTTP/1.1" 404 20401 "-" "Mozilla/5.0 AppleWebKit/537.36 (KHTML, like Gecko; compatible; ClaudeBot/1.0; [email protected])"
209.74.77.214 - - [21/Jul/2025:16:50:51 +0000] "POST /wp-cron.php?doing_wp_cron=1753116651.5153760910034179687500 HTTP/1.1" 200 - "-" "WordPress/6.8.2; https://alalamy.com.au"
216.73.216.231 - - [21/Jul/2025:16:50:51 +0000] "GET /shopbrand/183496547.htm HTTP/1.1" 404 20400 "-" "Mozilla/5.0 AppleWebKit/537.36 (KHTML, like Gecko; compatible; ClaudeBot/1.0; [email protected])"
216.73.216.231 - - [21/Jul/2025:16:50:54 +0000] "GET /shopbrand/183505143.htm HTTP/1.1" 404 20400 "-" "Mozilla/5.0 AppleWebKit/537.36 (KHTML, like Gecko; compatible; ClaudeBot/1.0; [email protected])"
216.73.216.231 - - [21/Jul/2025:16:50:57 +0000] "GET /shopbrand/183512945.htm HTTP/1.1" 404 20400 "-" "Mozilla/5.0 AppleWebKit/537.36 (KHTML, like Gecko; compatible; ClaudeBot/1.0; [email protected])"
51.222.253.19 - - [21/Jul/2025:16:50:59 +0000] "GET /items/art/hobby-radio-controlled-cars/2987644/ HTTP/1.1" 404 20400 "-" "Mozilla/5.0 (compatible; AhrefsBot/7.0; +http://ahrefs.com/robot/)"
216.73.216.231 - - [21/Jul/2025:16:51:00 +0000] "GET /shopbrand/183469178.htm HTTP/1.1" 404 20401 "-" "Mozilla/5.0 AppleWebKit/537.36 (KHTML, like Gecko; compatible; ClaudeBot/1.0; [email protected])"
209.74.77.214 - - [21/Jul/2025:16:51:03 +0000] "POST /wp-cron.php?doing_wp_cron=1753116663.4813880920410156250000 HTTP/1.1" 200 - "-" "WordPress/6.8.2; https://alalamy.com.au"
216.73.216.231 - - [21/Jul/2025:16:51:03 +0000] "GET /shopbrand/183410639.htm HTTP/1.1" 404 20401 "-" "Mozilla/5.0 AppleWebKit/537.36 (KHTML, like Gecko; compatible; ClaudeBot/1.0; [email protected])"
209.74.77.214 - - [21/Jul/2025:16:51:03 +0000] "POST /wp-admin/admin-ajax.php?action=async_litespeed&nonce=FsxHoDejMORTTx48DiQKHZQci5qK2v5f&litespeed_type=imgoptm HTTP/1.1" 200 21 "-" "WordPress/6.8.2; https://alalamy.com.au"
216.73.216.231 - - [21/Jul/2025:16:51:06 +0000] "GET /shopbrand/183510878.htm HTTP/1.1" 404 20401 "-" "Mozilla/5.0 AppleWebKit/537.36 (KHTML, like Gecko; compatible; ClaudeBot/1.0; [email protected])"
216.73.216.231 - - [21/Jul/2025:16:51:09 +0000] "GET /shopbrand/183442331.htm HTTP/1.1" 404 20401 "-" "Mozilla/5.0 AppleWebKit/537.36 (KHTML, like Gecko; compatible; ClaudeBot/1.0; [email protected])"
216.73.216.231 - - [21/Jul/2025:16:51:12 +0000] "GET /shopbrand/183415089.htm HTTP/1.1" 404 20401 "-" "Mozilla/5.0 AppleWebKit/537.36 (KHTML, like Gecko; compatible; ClaudeBot/1.0; [email protected])"
216.73.216.231 - - [21/Jul/2025:16:51:15 +0000] "GET /shopbrand/183468622.htm HTTP/1.1" 404 20401 "-" "Mozilla/5.0 AppleWebKit/537.36 (KHTML, like Gecko; compatible; ClaudeBot/1.0; [email protected])"
216.73.216.231 - - [21/Jul/2025:16:51:18 +0000] "GET /shopbrand/183479011.htm HTTP/1.1" 404 20401 "-" "Mozilla/5.0 AppleWebKit/537.36 (KHTML, like Gecko; compatible; ClaudeBot/1.0; [email protected])"
216.73.216.231 - - [21/Jul/2025:16:51:21 +0000] "GET /shopbrand/183421761.htm HTTP/1.1" 404 20401 "-" "Mozilla/5.0 AppleWebKit/537.36 (KHTML, like Gecko; compatible; ClaudeBot/1.0; [email protected])"
209.74.77.214 - - [21/Jul/2025:16:51:33 +0000] "POST /wp-cron.php?doing_wp_cron=1753116693.5938870906829833984375 HTTP/1.1" 200 - "-" "WordPress/6.8.2; https://alalamy.com.au"
51.222.253.3 - - [21/Jul/2025:16:51:33 +0000] "GET /items/art/plastic-models/3029743/ HTTP/1.1" 404 20401 "-" "Mozilla/5.0 (compatible; AhrefsBot/7.0; +http://ahrefs.com/robot/)"
216.73.216.231 - - [21/Jul/2025:16:51:33 +0000] "GET /shopbrand/183506388.htm HTTP/1.1" 404 20401 "-" "Mozilla/5.0 AppleWebKit/537.36 (KHTML, like Gecko; compatible; ClaudeBot/1.0; [email protected])"
216.73.216.231 - - [21/Jul/2025:16:51:37 +0000] "GET /shopbrand/183447734.htm HTTP/1.1" 404 20401 "-" "Mozilla/5.0 AppleWebKit/537.36 (KHTML, like Gecko; compatible; ClaudeBot/1.0; [email protected])"
216.73.216.231 - - [21/Jul/2025:16:51:39 +0000] "GET /shopbrand/183445544.htm HTTP/1.1" 404 20401 "-" "Mozilla/5.0 AppleWebKit/537.36 (KHTML, like Gecko; compatible; ClaudeBot/1.0; [email protected])"
216.73.216.231 - - [21/Jul/2025:16:51:42 +0000] "GET /shopbrand/183529500.htm HTTP/1.1" 404 20401 "-" "Mozilla/5.0 AppleWebKit/537.36 (KHTML, like Gecko; compatible; ClaudeBot/1.0; [email protected])"
216.73.216.231 - - [21/Jul/2025:16:51:45 +0000] "GET /shopbrand/183521285.htm HTTP/1.1" 404 20401 "-" "Mozilla/5.0 AppleWebKit/537.36 (KHTML, like Gecko; compatible; ClaudeBot/1.0; [email protected])"
216.73.216.231 - - [21/Jul/2025:16:51:48 +0000] "GET /shopbrand/183495451.htm HTTP/1.1" 404 20401 "-" "Mozilla/5.0 AppleWebKit/537.36 (KHTML, like Gecko; compatible; ClaudeBot/1.0; [email protected])"
209.74.77.214 - - [21/Jul/2025:16:51:51 +0000] "POST /wp-cron.php?doing_wp_cron=1753116711.8457911014556884765625 HTTP/1.1" 200 - "-" "WordPress/6.8.2; https://alalamy.com.au"
216.73.216.231 - - [21/Jul/2025:16:51:51 +0000] "GET /shopbrand/183482363.htm HTTP/1.1" 404 20401 "-" "Mozilla/5.0 AppleWebKit/537.36 (KHTML, like Gecko; compatible; ClaudeBot/1.0; [email protected])"
216.73.216.231 - - [21/Jul/2025:16:51:54 +0000] "GET /shopbrand/183431626.htm HTTP/1.1" 404 20401 "-" "Mozilla/5.0 AppleWebKit/537.36 (KHTML, like Gecko; compatible; ClaudeBot/1.0; [email protected])"
216.73.216.231 - - [21/Jul/2025:16:51:57 +0000] "GET /shopbrand/183413280.htm HTTP/1.1" 404 20401 "-" "Mozilla/5.0 AppleWebKit/537.36 (KHTML, like Gecko; compatible; ClaudeBot/1.0; [email protected])"
216.73.216.231 - - [21/Jul/2025:16:52:00 +0000] "GET /shopbrand/183525034.htm HTTP/1.1" 404 20401 "-" "Mozilla/5.0 AppleWebKit/537.36 (KHTML, like Gecko; compatible; ClaudeBot/1.0; [email protected])"
209.74.77.214 - - [21/Jul/2025:16:52:03 +0000] "POST /wp-cron.php?doing_wp_cron=1753116723.5624320507049560546875 HTTP/1.1" 200 - "-" "WordPress/6.8.2; https://alalamy.com.au"
216.73.216.231 - - [21/Jul/2025:16:52:03 +0000] "GET /shopbrand/183531035.htm HTTP/1.1" 404 20401 "-" "Mozilla/5.0 AppleWebKit/537.36 (KHTML, like Gecko; compatible; ClaudeBot/1.0; [email protected])"
209.74.77.214 - - [21/Jul/2025:16:52:03 +0000] "POST /wp-admin/admin-ajax.php?action=async_litespeed&nonce=zAVEJQF741m2QubFw1EgITEafNurp3QE&litespeed_type=imgoptm HTTP/1.1" 200 21 "-" "WordPress/6.8.2; https://alalamy.com.au"
216.73.216.231 - - [21/Jul/2025:16:52:06 +0000] "GET /shopbrand/183510719.htm HTTP/1.1" 404 20401 "-" "Mozilla/5.0 AppleWebKit/537.36 (KHTML, like Gecko; compatible; ClaudeBot/1.0; [email protected])"
51.222.253.6 - - [21/Jul/2025:16:52:08 +0000] "GET /items/art/prints/2532035/ HTTP/1.1" 404 20401 "-" "Mozilla/5.0 (compatible; AhrefsBot/7.0; +http://ahrefs.com/robot/)"
216.73.216.231 - - [21/Jul/2025:16:52:11 +0000] "GET /shopbrand/183430955.htm HTTP/1.1" 404 20401 "-" "Mozilla/5.0 AppleWebKit/537.36 (KHTML, like Gecko; compatible; ClaudeBot/1.0; [email protected])"
216.73.216.231 - - [21/Jul/2025:16:52:12 +0000] "GET /shopbrand/183452323.htm HTTP/1.1" 404 20401 "-" "Mozilla/5.0 AppleWebKit/537.36 (KHTML, like Gecko; compatible; ClaudeBot/1.0; [email protected])"
66.249.65.164 - - [21/Jul/2025:16:52:13 +0000] "GET /items/sports/women-clothing/4284611/ HTTP/1.1" 200 21698 "-" "Mozilla/5.0 (Linux; Android 6.0.1; Nexus 5X Build/MMB29P) AppleWebKit/537.36 (KHTML, like Gecko) Chrome/137.0.7151.103 Mobile Safari/537.36 (compatible; GoogleOther)"
216.73.216.231 - - [21/Jul/2025:16:52:15 +0000] "GET /shopbrand/183497633.htm HTTP/1.1" 404 20401 "-" "Mozilla/5.0 AppleWebKit/537.36 (KHTML, like Gecko; compatible; ClaudeBot/1.0; [email protected])"
216.73.216.231 - - [21/Jul/2025:16:52:18 +0000] "GET /shopbrand/183423844.htm HTTP/1.1" 404 20401 "-" "Mozilla/5.0 AppleWebKit/537.36 (KHTML, like Gecko; compatible; ClaudeBot/1.0; [email protected])"
216.73.216.231 - - [21/Jul/2025:16:52:21 +0000] "GET /shopbrand/183494023.htm HTTP/1.1" 404 20401 "-" "Mozilla/5.0 AppleWebKit/537.36 (KHTML, like Gecko; compatible; ClaudeBot/1.0; [email protected])"
216.73.216.231 - - [21/Jul/2025:16:52:24 +0000] "GET /shopbrand/183472073.htm HTTP/1.1" 404 20401 "-" "Mozilla/5.0 AppleWebKit/537.36 (KHTML, like Gecko; compatible; ClaudeBot/1.0; [email protected])"
216.73.216.231 - - [21/Jul/2025:16:52:27 +0000] "GET /shopbrand/183523765.htm HTTP/1.1" 404 20401 "-" "Mozilla/5.0 AppleWebKit/537.36 (KHTML, like Gecko; compatible; ClaudeBot/1.0; [email protected])"
216.73.216.231 - - [21/Jul/2025:16:52:30 +0000] "GET /shopbrand/183528255.htm HTTP/1.1" 404 20401 "-" "Mozilla/5.0 AppleWebKit/537.36 (KHTML, like Gecko; compatible; ClaudeBot/1.0; [email protected])"
209.74.77.214 - - [21/Jul/2025:16:52:33 +0000] "POST /wp-cron.php?doing_wp_cron=1753116753.5330169200897216796875 HTTP/1.1" 200 - "-" "WordPress/6.8.2; https://alalamy.com.au"
216.73.216.231 - - [21/Jul/2025:16:52:33 +0000] "GET /shopbrand/183497792.htm HTTP/1.1" 404 20401 "-" "Mozilla/5.0 AppleWebKit/537.36 (KHTML, like Gecko; compatible; ClaudeBot/1.0; [email protected])"
66.249.65.165 - - [21/Jul/2025:16:52:34 +0000] "GET /items/interior/lights/3952770/ HTTP/1.1" 200 19240 "-" "Mozilla/5.0 (Linux; Android 6.0.1; Nexus 5X Build/MMB29P) AppleWebKit/537.36 (KHTML, like Gecko) Chrome/137.0.7151.103 Mobile Safari/537.36 (compatible; GoogleOther)"
216.73.216.231 - - [21/Jul/2025:16:52:36 +0000] "GET /shopbrand/183489609.htm HTTP/1.1" 404 20401 "-" "Mozilla/5.0 AppleWebKit/537.36 (KHTML, like Gecko; compatible; ClaudeBot/1.0; [email protected])"
66.249.65.165 - - [21/Jul/2025:16:52:37 +0000] "POST /get-message-notify HTTP/1.1" 200 19554 "https://alalamy.com.au/items/sports/women-clothing/4284611/" "Mozilla/5.0 (Linux; Android 6.0.1; Nexus 5X Build/MMB29P) AppleWebKit/537.36 (KHTML, like Gecko) Chrome/137.0.7151.119 Mobile Safari/537.36 (compatible; Googlebot/2.1; +http://www.google.com/bot.html)"
51.222.253.13 - - [21/Jul/2025:16:52:41 +0000] "GET /items/art/robots/1988514/ HTTP/1.1" 404 20401 "-" "Mozilla/5.0 (compatible; AhrefsBot/7.0; +http://ahrefs.com/robot/)"
216.73.216.231 - - [21/Jul/2025:16:52:46 +0000] "GET /shopbrand/183499343.htm HTTP/1.1" 404 20401 "-" "Mozilla/5.0 AppleWebKit/537.36 (KHTML, like Gecko; compatible; ClaudeBot/1.0; [email protected])"
66.249.65.164 - - [21/Jul/2025:16:52:47 +0000] "POST /get-message-notify HTTP/1.1" 200 19554 "https://alalamy.com.au/items/interior/lights/3952770/" "Mozilla/5.0 (Linux; Android 6.0.1; Nexus 5X Build/MMB29P) AppleWebKit/537.36 (KHTML, like Gecko) Chrome/137.0.7151.119 Mobile Safari/537.36 (compatible; Googlebot/2.1; +http://www.google.com/bot.html)"
216.73.216.231 - - [21/Jul/2025:16:52:49 +0000] "GET /shopbrand/183431070.htm HTTP/1.1" 404 20401 "-" "Mozilla/5.0 AppleWebKit/537.36 (KHTML, like Gecko; compatible; ClaudeBot/1.0; [email protected])"
209.74.77.214 - - [21/Jul/2025:16:52:55 +0000] "POST /wp-cron.php?doing_wp_cron=1753116775.0093700885772705078125 HTTP/1.1" 200 - "-" "WordPress/6.8.2; https://alalamy.com.au"
216.73.216.231 - - [21/Jul/2025:16:52:54 +0000] "GET /shopbrand/183457087.htm HTTP/1.1" 404 20401 "-" "Mozilla/5.0 AppleWebKit/537.36 (KHTML, like Gecko; compatible; ClaudeBot/1.0; [email protected])"
66.249.65.164 - - [21/Jul/2025:16:52:58 +0000] "GET /items/fashion/womens/2341282/ HTTP/1.1" 200 19198 "-" "Mozilla/5.0 (Linux; Android 6.0.1; Nexus 5X Build/MMB29P) AppleWebKit/537.36 (KHTML, like Gecko) Chrome/137.0.7151.103 Mobile Safari/537.36 (compatible; GoogleOther)"
209.74.77.214 - - [21/Jul/2025:16:53:01 +0000] "POST /wp-cron.php?doing_wp_cron=1753116781.4275639057159423828125 HTTP/1.1" 200 - "-" "WordPress/6.8.2; https://alalamy.com.au"
216.73.216.231 - - [21/Jul/2025:16:53:01 +0000] "GET /shopbrand/183456920.htm HTTP/1.1" 404 20401 "-" "Mozilla/5.0 AppleWebKit/537.36 (KHTML, like Gecko; compatible; ClaudeBot/1.0; [email protected])"
209.74.77.214 - - [21/Jul/2025:16:53:01 +0000] "POST /wp-admin/admin-ajax.php?action=async_litespeed&nonce=2UOyQsm9yROrFzIlx64iBBt568fsRJPs&litespeed_type=imgoptm HTTP/1.1" 200 21 "-" "WordPress/6.8.2; https://alalamy.com.au"
216.73.216.231 - - [21/Jul/2025:16:53:03 +0000] "GET /shopbrand/183528354.htm HTTP/1.1" 404 20401 "-" "Mozilla/5.0 AppleWebKit/537.36 (KHTML, like Gecko; compatible; ClaudeBot/1.0; [email protected])"
216.73.216.231 - - [21/Jul/2025:16:53:06 +0000] "GET /shopbrand/183444970.htm HTTP/1.1" 404 20401 "-" "Mozilla/5.0 AppleWebKit/537.36 (KHTML, like Gecko; compatible; ClaudeBot/1.0; [email protected])"
216.73.216.231 - - [21/Jul/2025:16:53:09 +0000] "GET /shopbrand/183495824.htm HTTP/1.1" 404 20401 "-" "Mozilla/5.0 AppleWebKit/537.36 (KHTML, like Gecko; compatible; ClaudeBot/1.0; [email protected])"
66.249.65.164 - - [21/Jul/2025:16:53:11 +0000] "GET /items/sports/shoes/5549541/ HTTP/1.1" 200 20255 "-" "Mozilla/5.0 (Linux; Android 6.0.1; Nexus 5X Build/MMB29P) AppleWebKit/537.36 (KHTML, like Gecko) Chrome/137.0.7151.103 Mobile Safari/537.36 (compatible; GoogleOther)"
216.73.216.231 - - [21/Jul/2025:16:53:12 +0000] "GET /shopbrand/183409960.htm HTTP/1.1" 404 20401 "-" "Mozilla/5.0 AppleWebKit/537.36 (KHTML, like Gecko; compatible; ClaudeBot/1.0; [email protected])"
216.73.216.231 - - [21/Jul/2025:16:53:15 +0000] "GET /shopbrand/183488638.htm HTTP/1.1" 404 20401 "-" "Mozilla/5.0 AppleWebKit/537.36 (KHTML, like Gecko; compatible; ClaudeBot/1.0; [email protected])"
51.222.253.3 - - [21/Jul/2025:16:53:17 +0000] "GET /items/audio/audio-equipment/2830773/ HTTP/1.1" 404 20401 "-" "Mozilla/5.0 (compatible; AhrefsBot/7.0; +http://ahrefs.com/robot/)"
216.73.216.231 - - [21/Jul/2025:16:53:19 +0000] "GET /shopbrand/183423570.htm HTTP/1.1" 404 20401 "-" "Mozilla/5.0 AppleWebKit/537.36 (KHTML, like Gecko; compatible; ClaudeBot/1.0; [email protected])"
216.73.216.231 - - [21/Jul/2025:16:53:21 +0000] "GET /shopbrand/183416739.htm HTTP/1.1" 404 20400 "-" "Mozilla/5.0 AppleWebKit/537.36 (KHTML, like Gecko; compatible; ClaudeBot/1.0; [email protected])"
216.73.216.231 - - [21/Jul/2025:16:53:24 +0000] "GET /shopbrand/183451086.htm HTTP/1.1" 404 20401 "-" "Mozilla/5.0 AppleWebKit/537.36 (KHTML, like Gecko; compatible; ClaudeBot/1.0; [email protected])"
216.73.216.231 - - [21/Jul/2025:16:53:27 +0000] "GET /shopbrand/183407843.htm HTTP/1.1" 404 20401 "-" "Mozilla/5.0 AppleWebKit/537.36 (KHTML, like Gecko; compatible; ClaudeBot/1.0; [email protected])"
216.73.216.231 - - [21/Jul/2025:16:53:30 +0000] "GET /shopbrand/183441519.htm HTTP/1.1" 404 20401 "-" "Mozilla/5.0 AppleWebKit/537.36 (KHTML, like Gecko; compatible; ClaudeBot/1.0; [email protected])"
66.249.65.164 - - [21/Jul/2025:16:53:31 +0000] "POST /get-message-notify HTTP/1.1" 200 19554 "https://alalamy.com.au/items/fashion/womens/2341282/" "Mozilla/5.0 (Linux; Android 6.0.1; Nexus 5X Build/MMB29P) AppleWebKit/537.36 (KHTML, like Gecko) Chrome/137.0.7151.119 Mobile Safari/537.36 (compatible; Googlebot/2.1; +http://www.google.com/bot.html)"
209.74.77.214 - - [21/Jul/2025:16:53:34 +0000] "POST /wp-cron.php?doing_wp_cron=1753116814.0393130779266357421875 HTTP/1.1" 200 - "-" "WordPress/6.8.2; https://alalamy.com.au"
216.73.216.231 - - [21/Jul/2025:16:53:33 +0000] "GET /shopbrand/183482778.htm HTTP/1.1" 404 20401 "-" "Mozilla/5.0 AppleWebKit/537.36 (KHTML, like Gecko; compatible; ClaudeBot/1.0; [email protected])"
216.73.216.231 - - [21/Jul/2025:16:53:37 +0000] "GET /shopbrand/183508795.htm HTTP/1.1" 404 20401 "-" "Mozilla/5.0 AppleWebKit/537.36 (KHTML, like Gecko; compatible; ClaudeBot/1.0; [email protected])"
216.73.216.231 - - [21/Jul/2025:16:53:39 +0000] "GET /shopbrand/183436914.htm HTTP/1.1" 404 20401 "-" "Mozilla/5.0 AppleWebKit/537.36 (KHTML, like Gecko; compatible; ClaudeBot/1.0; [email protected])"
216.73.216.231 - - [21/Jul/2025:16:53:42 +0000] "GET /shopbrand/183453866.htm HTTP/1.1" 404 20401 "-" "Mozilla/5.0 AppleWebKit/537.36 (KHTML, like Gecko; compatible; ClaudeBot/1.0; [email protected])"
216.73.216.231 - - [21/Jul/2025:16:53:45 +0000] "GET /shopbrand/183424283.htm HTTP/1.1" 404 20401 "-" "Mozilla/5.0 AppleWebKit/537.36 (KHTML, like Gecko; compatible; ClaudeBot/1.0; [email protected])"
216.73.216.231 - - [21/Jul/2025:16:53:49 +0000] "GET /shopbrand/183465941.htm HTTP/1.1" 404 20401 "-" "Mozilla/5.0 AppleWebKit/537.36 (KHTML, like Gecko; compatible; ClaudeBot/1.0; [email protected])"
209.74.77.214 - - [21/Jul/2025:16:53:51 +0000] "POST /wp-cron.php?doing_wp_cron=1753116831.7881529331207275390625 HTTP/1.1" 200 - "-" "WordPress/6.8.2; https://alalamy.com.au"
51.222.253.8 - - [21/Jul/2025:16:53:51 +0000] "GET /items/audio/cameras/1789992/ HTTP/1.1" 404 20401 "-" "Mozilla/5.0 (compatible; AhrefsBot/7.0; +http://ahrefs.com/robot/)"
216.73.216.231 - - [21/Jul/2025:16:53:51 +0000] "GET /shopbrand/183427603.htm HTTP/1.1" 404 20401 "-" "Mozilla/5.0 AppleWebKit/537.36 (KHTML, like Gecko; compatible; ClaudeBot/1.0; [email protected])"
216.73.216.231 - - [21/Jul/2025:16:53:56 +0000] "GET /shopbrand/183471783.htm HTTP/1.1" 404 20401 "-" "Mozilla/5.0 AppleWebKit/537.36 (KHTML, like Gecko; compatible; ClaudeBot/1.0; [email protected])"
216.73.216.231 - - [21/Jul/2025:16:53:59 +0000] "GET /shopbrand/183468880.htm HTTP/1.1" 404 20401 "-" "Mozilla/5.0 AppleWebKit/537.36 (KHTML, like Gecko; compatible; ClaudeBot/1.0; [email protected])"
209.74.77.214 - - [21/Jul/2025:16:54:03 +0000] "POST /wp-cron.php?doing_wp_cron=1753116843.8908720016479492187500 HTTP/1.1" 200 - "-" "WordPress/6.8.2; https://alalamy.com.au"
216.73.216.231 - - [21/Jul/2025:16:54:03 +0000] "GET /shopbrand/183511690.htm HTTP/1.1" 404 20401 "-" "Mozilla/5.0 AppleWebKit/537.36 (KHTML, like Gecko; compatible; ClaudeBot/1.0; [email protected])"
209.74.77.214 - - [21/Jul/2025:16:54:04 +0000] "POST /wp-admin/admin-ajax.php?action=async_litespeed&nonce=1QCLPb1hrhV3IZUrz7TCfYJ9taEWZUnD&litespeed_type=imgoptm HTTP/1.1" 200 21 "-" "WordPress/6.8.2; https://alalamy.com.au"
216.73.216.231 - - [21/Jul/2025:16:54:05 +0000] "GET /shopbrand/183437742.htm HTTP/1.1" 404 20401 "-" "Mozilla/5.0 AppleWebKit/537.36 (KHTML, like Gecko; compatible; ClaudeBot/1.0; [email protected])"
216.73.216.231 - - [21/Jul/2025:16:54:08 +0000] "GET /shopbrand/183426624.htm HTTP/1.1" 404 20401 "-" "Mozilla/5.0 AppleWebKit/537.36 (KHTML, like Gecko; compatible; ClaudeBot/1.0; [email protected])"
216.73.216.231 - - [21/Jul/2025:16:54:13 +0000] "GET /shopbrand/183461652.htm HTTP/1.1" 404 20401 "-" "Mozilla/5.0 AppleWebKit/537.36 (KHTML, like Gecko; compatible; ClaudeBot/1.0; [email protected])"
216.73.216.231 - - [21/Jul/2025:16:54:14 +0000] "GET /shopbrand/183528088.htm HTTP/1.1" 404 20401 "-" "Mozilla/5.0 AppleWebKit/537.36 (KHTML, like Gecko; compatible; ClaudeBot/1.0; [email protected])"
216.73.216.231 - - [21/Jul/2025:16:54:17 +0000] "GET /shopbrand/183466100.htm HTTP/1.1" 404 20401 "-" "Mozilla/5.0 AppleWebKit/537.36 (KHTML, like Gecko; compatible; ClaudeBot/1.0; [email protected])"
216.73.216.231 - - [21/Jul/2025:16:54:20 +0000] "GET /shopbrand/183507657.htm HTTP/1.1" 404 20401 "-" "Mozilla/5.0 AppleWebKit/537.36 (KHTML, like Gecko; compatible; ClaudeBot/1.0; [email protected])"
216.73.216.231 - - [21/Jul/2025:16:54:23 +0000] "GET /shopbrand/183410798.htm HTTP/1.1" 404 20401 "-" "Mozilla/5.0 AppleWebKit/537.36 (KHTML, like Gecko; compatible; ClaudeBot/1.0; [email protected])"
51.222.253.1 - - [21/Jul/2025:16:54:24 +0000] "GET /items/audio/cameras/1923538/ HTTP/1.1" 404 20401 "-" "Mozilla/5.0 (compatible; AhrefsBot/7.0; +http://ahrefs.com/robot/)"
66.249.65.165 - - [21/Jul/2025:16:54:24 +0000] "POST /get-message-notify HTTP/1.1" 200 19554 "https://alalamy.com.au/items/sports/shoes/5549541/" "Mozilla/5.0 (Linux; Android 6.0.1; Nexus 5X Build/MMB29P) AppleWebKit/537.36 (KHTML, like Gecko) Chrome/137.0.7151.119 Mobile Safari/537.36 (compatible; Googlebot/2.1; +http://www.google.com/bot.html)"
216.73.216.231 - - [21/Jul/2025:16:54:26 +0000] "GET /shopbrand/183523094.htm HTTP/1.1" 404 20401 "-" "Mozilla/5.0 AppleWebKit/537.36 (KHTML, like Gecko; compatible; ClaudeBot/1.0; [email protected])"
216.73.216.231 - - [21/Jul/2025:16:54:29 +0000] "GET /shopbrand/183417569.htm HTTP/1.1" 404 20401 "-" "Mozilla/5.0 AppleWebKit/537.36 (KHTML, like Gecko; compatible; ClaudeBot/1.0; [email protected])"
209.74.77.214 - - [21/Jul/2025:16:54:33 +0000] "POST /wp-cron.php?doing_wp_cron=1753116873.0218999385833740234375 HTTP/1.1" 200 - "-" "WordPress/6.8.2; https://alalamy.com.au"
216.73.216.231 - - [21/Jul/2025:16:54:32 +0000] "GET /shopbrand/183420524.htm HTTP/1.1" 404 20401 "-" "Mozilla/5.0 AppleWebKit/537.36 (KHTML, like Gecko; compatible; ClaudeBot/1.0; [email protected])"
216.73.216.231 - - [21/Jul/2025:16:54:35 +0000] "GET /shopbrand/183459982.htm HTTP/1.1" 404 20401 "-" "Mozilla/5.0 AppleWebKit/537.36 (KHTML, like Gecko; compatible; ClaudeBot/1.0; [email protected])"
216.73.216.231 - - [21/Jul/2025:16:54:38 +0000] "GET /shopbrand/183518636.htm HTTP/1.1" 404 20401 "-" "Mozilla/5.0 AppleWebKit/537.36 (KHTML, like Gecko; compatible; ClaudeBot/1.0; [email protected])"
216.73.216.231 - - [21/Jul/2025:16:54:41 +0000] "GET /shopbrand/183516422.htm HTTP/1.1" 404 20401 "-" "Mozilla/5.0 AppleWebKit/537.36 (KHTML, like Gecko; compatible; ClaudeBot/1.0; [email protected])"
216.73.216.231 - - [21/Jul/2025:16:54:44 +0000] "GET /shopbrand/183462347.htm HTTP/1.1" 404 20401 "-" "Mozilla/5.0 AppleWebKit/537.36 (KHTML, like Gecko; compatible; ClaudeBot/1.0; [email protected])"
216.73.216.231 - - [21/Jul/2025:16:54:47 +0000] "GET /shopbrand/183461378.htm HTTP/1.1" 404 20401 "-" "Mozilla/5.0 AppleWebKit/537.36 (KHTML, like Gecko; compatible; ClaudeBot/1.0; [email protected])"
209.74.77.214 - - [21/Jul/2025:16:54:51 +0000] "POST /wp-cron.php?doing_wp_cron=1753116891.0241880416870117187500 HTTP/1.1" 200 - "-" "WordPress/6.8.2; https://alalamy.com.au"
216.73.216.231 - - [21/Jul/2025:16:54:50 +0000] "GET /shopbrand/183441892.htm HTTP/1.1" 404 20401 "-" "Mozilla/5.0 AppleWebKit/537.36 (KHTML, like Gecko; compatible; ClaudeBot/1.0; [email protected])"
216.73.216.231 - - [21/Jul/2025:16:54:53 +0000] "GET /shopbrand/183476531.htm HTTP/1.1" 404 20400 "-" "Mozilla/5.0 AppleWebKit/537.36 (KHTML, like Gecko; compatible; ClaudeBot/1.0; [email protected])"
216.73.216.231 - - [21/Jul/2025:16:54:56 +0000] "GET /shopbrand/183494853.htm HTTP/1.1" 404 20401 "-" "Mozilla/5.0 AppleWebKit/537.36 (KHTML, like Gecko; compatible; ClaudeBot/1.0; [email protected])"
51.222.253.16 - - [21/Jul/2025:16:54:59 +0000] "GET /items/audio/cameras/2646452/ HTTP/1.1" 404 20401 "-" "Mozilla/5.0 (compatible; AhrefsBot/7.0; +http://ahrefs.com/robot/)"
216.73.216.231 - - [21/Jul/2025:16:54:59 +0000] "GET /shopbrand/183418282.htm HTTP/1.1" 404 20401 "-" "Mozilla/5.0 AppleWebKit/537.36 (KHTML, like Gecko; compatible; ClaudeBot/1.0; [email protected])"
66.249.65.166 - - [21/Jul/2025:16:55:06 +0000] "GET /items/fashion/mens/3986373/ HTTP/1.1" 200 21052 "-" "Mozilla/5.0 (Linux; Android 6.0.1; Nexus 5X Build/MMB29P) AppleWebKit/537.36 (KHTML, like Gecko) Chrome/137.0.7151.103 Mobile Safari/537.36 (compatible; GoogleOther)"
66.249.65.164 - - [21/Jul/2025:16:55:11 +0000] "POST /get-message-notify HTTP/1.1" 200 19554 "https://alalamy.com.au/items/fashion/mens/3986373/" "Mozilla/5.0 (Linux; Android 6.0.1; Nexus 5X Build/MMB29P) AppleWebKit/537.36 (KHTML, like Gecko) Chrome/137.0.7151.119 Mobile Safari/537.36 (compatible; Googlebot/2.1; +http://www.google.com/bot.html)"
66.249.65.164 - - [21/Jul/2025:16:55:12 +0000] "GET /items/fashion/outerwear/4539135/feature/idol/gradol.html HTTP/1.1" 200 19425 "-" "Mozilla/5.0 (Linux; Android 6.0.1; Nexus 5X Build/MMB29P) AppleWebKit/537.36 (KHTML, like Gecko) Chrome/137.0.7151.103 Mobile Safari/537.36 (compatible; GoogleOther)"
209.74.77.214 - - [21/Jul/2025:16:55:21 +0000] "POST /wp-cron.php?doing_wp_cron=1753116921.6479980945587158203125 HTTP/1.1" 200 - "-" "WordPress/6.8.2; https://alalamy.com.au"
216.73.216.231 - - [21/Jul/2025:16:55:21 +0000] "GET /shopbrand/183516978.htm HTTP/1.1" 404 20401 "-" "Mozilla/5.0 AppleWebKit/537.36 (KHTML, like Gecko; compatible; ClaudeBot/1.0; [email protected])"
209.74.77.214 - - [21/Jul/2025:16:55:21 +0000] "POST /wp-admin/admin-ajax.php?action=async_litespeed&nonce=AOxrJ97UeJVKVIrDuxxW5Zmy2OUMIrmw&litespeed_type=imgoptm HTTP/1.1" 200 21 "-" "WordPress/6.8.2; https://alalamy.com.au"
216.73.216.231 - - [21/Jul/2025:16:55:25 +0000] "GET /shopbrand/183456374.htm HTTP/1.1" 404 20401 "-" "Mozilla/5.0 AppleWebKit/537.36 (KHTML, like Gecko; compatible; ClaudeBot/1.0; [email protected])"
216.73.216.231 - - [21/Jul/2025:16:55:29 +0000] "GET /shopbrand/183499045.htm HTTP/1.1" 404 20401 "-" "Mozilla/5.0 AppleWebKit/537.36 (KHTML, like Gecko; compatible; ClaudeBot/1.0; [email protected])"
66.249.65.164 - - [21/Jul/2025:16:55:34 +0000] "POST /get-message-notify HTTP/1.1" 200 19554 "https://alalamy.com.au/items/fashion/outerwear/4539135/feature/idol/gradol.html" "Mozilla/5.0 (Linux; Android 6.0.1; Nexus 5X Build/MMB29P) AppleWebKit/537.36 (KHTML, like Gecko) Chrome/137.0.7151.119 Mobile Safari/537.36 (compatible; Googlebot/2.1; +http://www.google.com/bot.html)"
209.74.77.214 - - [21/Jul/2025:16:55:34 +0000] "POST /wp-cron.php?doing_wp_cron=1753116934.7654170989990234375000 HTTP/1.1" 200 - "-" "WordPress/6.8.2; https://alalamy.com.au"
216.73.216.231 - - [21/Jul/2025:16:55:34 +0000] "GET /shopbrand/183421503.htm HTTP/1.1" 404 20401 "-" "Mozilla/5.0 AppleWebKit/537.36 (KHTML, like Gecko; compatible; ClaudeBot/1.0; [email protected])"
216.73.216.231 - - [21/Jul/2025:16:55:36 +0000] "GET /shopbrand/183514039.htm HTTP/1.1" 404 20401 "-" "Mozilla/5.0 AppleWebKit/537.36 (KHTML, like Gecko; compatible; ClaudeBot/1.0; [email protected])"
216.73.216.231 - - [21/Jul/2025:16:55:40 +0000] "GET /shopbrand/183507526.htm HTTP/1.1" 404 20401 "-" "Mozilla/5.0 AppleWebKit/537.36 (KHTML, like Gecko; compatible; ClaudeBot/1.0; [email protected])"
51.222.253.15 - - [21/Jul/2025:16:55:41 +0000] "GET /items/audio/cameras/4525060/ HTTP/1.1" 404 20401 "-" "Mozilla/5.0 (compatible; AhrefsBot/7.0; +http://ahrefs.com/robot/)"
216.73.216.231 - - [21/Jul/2025:16:55:42 +0000] "GET /shopbrand/183505848.htm HTTP/1.1" 404 20401 "-" "Mozilla/5.0 AppleWebKit/537.36 (KHTML, like Gecko; compatible; ClaudeBot/1.0; [email protected])"
216.73.216.231 - - [21/Jul/2025:16:55:45 +0000] "GET /shopbrand/183492099.htm HTTP/1.1" 404 20401 "-" "Mozilla/5.0 AppleWebKit/537.36 (KHTML, like Gecko; compatible; ClaudeBot/1.0; [email protected])"
216.73.216.231 - - [21/Jul/2025:16:55:48 +0000] "GET /shopbrand/183458598.htm HTTP/1.1" 404 20401 "-" "Mozilla/5.0 AppleWebKit/537.36 (KHTML, like Gecko; compatible; ClaudeBot/1.0; [email protected])"
209.74.77.214 - - [21/Jul/2025:16:55:52 +0000] "POST /wp-cron.php?doing_wp_cron=1753116952.7658910751342773437500 HTTP/1.1" 200 - "-" "WordPress/6.8.2; https://alalamy.com.au"
216.73.216.231 - - [21/Jul/2025:16:55:52 +0000] "GET /shopbrand/183521841.htm HTTP/1.1" 404 20401 "-" "Mozilla/5.0 AppleWebKit/537.36 (KHTML, like Gecko; compatible; ClaudeBot/1.0; [email protected])"
216.73.216.231 - - [21/Jul/2025:16:55:54 +0000] "GET /shopbrand/183433975.htm HTTP/1.1" 404 20401 "-" "Mozilla/5.0 AppleWebKit/537.36 (KHTML, like Gecko; compatible; ClaudeBot/1.0; [email protected])"
216.73.216.231 - - [21/Jul/2025:16:55:57 +0000] "GET /shopbrand/183414118.htm HTTP/1.1" 404 20401 "-" "Mozilla/5.0 AppleWebKit/537.36 (KHTML, like Gecko; compatible; ClaudeBot/1.0; [email protected])"
216.73.216.231 - - [21/Jul/2025:16:56:00 +0000] "GET /shopbrand/183418707.htm HTTP/1.1" 404 20401 "-" "Mozilla/5.0 AppleWebKit/537.36 (KHTML, like Gecko; compatible; ClaudeBot/1.0; [email protected])"
209.74.77.214 - - [21/Jul/2025:16:56:03 +0000] "POST /wp-cron.php?doing_wp_cron=1753116963.3499031066894531250000 HTTP/1.1" 200 - "-" "WordPress/6.8.2; https://alalamy.com.au"
216.73.216.231 - - [21/Jul/2025:16:56:03 +0000] "GET /shopbrand/183450971.htm HTTP/1.1" 404 20401 "-" "Mozilla/5.0 AppleWebKit/537.36 (KHTML, like Gecko; compatible; ClaudeBot/1.0; [email protected])"
209.74.77.214 - - [21/Jul/2025:16:56:03 +0000] "POST /wp-admin/admin-ajax.php?action=async_litespeed&nonce=DH4ysK93dHxfGuKAdthRyMpNwJ8iA80s&litespeed_type=imgoptm HTTP/1.1" 200 21 "-" "WordPress/6.8.2; https://alalamy.com.au"
216.73.216.231 - - [21/Jul/2025:16:56:06 +0000] "GET /shopbrand/183489450.htm HTTP/1.1" 404 20401 "-" "Mozilla/5.0 AppleWebKit/537.36 (KHTML, like Gecko; compatible; ClaudeBot/1.0; [email protected])"
216.73.216.231 - - [21/Jul/2025:16:56:09 +0000] "GET /shopbrand/183457758.htm HTTP/1.1" 404 20401 "-" "Mozilla/5.0 AppleWebKit/537.36 (KHTML, like Gecko; compatible; ClaudeBot/1.0; [email protected])"
216.73.216.231 - - [21/Jul/2025:16:56:13 +0000] "GET /shopbrand/183437071.htm HTTP/1.1" 404 20401 "-" "Mozilla/5.0 AppleWebKit/537.36 (KHTML, like Gecko; compatible; ClaudeBot/1.0; [email protected])"
216.73.216.231 - - [21/Jul/2025:16:56:15 +0000] "GET /shopbrand/183483052.htm HTTP/1.1" 404 20401 "-" "Mozilla/5.0 AppleWebKit/537.36 (KHTML, like Gecko; compatible; ClaudeBot/1.0; [email protected])"
216.73.216.231 - - [21/Jul/2025:16:56:18 +0000] "GET /shopbrand/183422174.htm HTTP/1.1" 404 20401 "-" "Mozilla/5.0 AppleWebKit/537.36 (KHTML, like Gecko; compatible; ClaudeBot/1.0; [email protected])"
51.222.253.11 - - [21/Jul/2025:16:56:18 +0000] "GET /items/audio/other/5166092/ HTTP/1.1" 404 20401 "-" "Mozilla/5.0 (compatible; AhrefsBot/7.0; +http://ahrefs.com/robot/)"
216.73.216.231 - - [21/Jul/2025:16:56:21 +0000] "GET /shopbrand/183514488.htm HTTP/1.1" 404 20401 "-" "Mozilla/5.0 AppleWebKit/537.36 (KHTML, like Gecko; compatible; ClaudeBot/1.0; [email protected])"
216.73.216.231 - - [21/Jul/2025:16:56:24 +0000] "GET /shopbrand/183521682.htm HTTP/1.1" 404 20401 "-" "Mozilla/5.0 AppleWebKit/537.36 (KHTML, like Gecko; compatible; ClaudeBot/1.0; [email protected])"
216.73.216.231 - - [21/Jul/2025:16:56:27 +0000] "GET /shopbrand/183520870.htm HTTP/1.1" 404 20401 "-" "Mozilla/5.0 AppleWebKit/537.36 (KHTML, like Gecko; compatible; ClaudeBot/1.0; [email protected])"
209.74.77.214 - - [21/Jul/2025:16:56:38 +0000] "POST /wp-cron.php?doing_wp_cron=1753116998.8252151012420654296875 HTTP/1.1" 200 - "-" "WordPress/6.8.2; https://alalamy.com.au"
216.73.216.231 - - [21/Jul/2025:16:56:38 +0000] "GET /shopbrand/183460141.htm HTTP/1.1" 404 20401 "-" "Mozilla/5.0 AppleWebKit/537.36 (KHTML, like Gecko; compatible; ClaudeBot/1.0; [email protected])"
216.73.216.231 - - [21/Jul/2025:16:56:42 +0000] "GET /shopbrand/183446640.htm HTTP/1.1" 404 20401 "-" "Mozilla/5.0 AppleWebKit/537.36 (KHTML, like Gecko; compatible; ClaudeBot/1.0; [email protected])"
216.73.216.231 - - [21/Jul/2025:16:56:43 +0000] "GET /shopbrand/183472339.htm HTTP/1.1" 404 20401 "-" "Mozilla/5.0 AppleWebKit/537.36 (KHTML, like Gecko; compatible; ClaudeBot/1.0; [email protected])"
216.73.216.231 - - [21/Jul/2025:16:56:46 +0000] "GET /shopbrand/183452756.htm HTTP/1.1" 404 20401 "-" "Mozilla/5.0 AppleWebKit/537.36 (KHTML, like Gecko; compatible; ClaudeBot/1.0; [email protected])"
216.73.216.231 - - [21/Jul/2025:16:56:49 +0000] "GET /shopbrand/183482647.htm HTTP/1.1" 404 20401 "-" "Mozilla/5.0 AppleWebKit/537.36 (KHTML, like Gecko; compatible; ClaudeBot/1.0; [email protected])"
209.74.77.214 - - [21/Jul/2025:16:56:53 +0000] "POST /wp-cron.php?doing_wp_cron=1753117013.0938229560852050781250 HTTP/1.1" 200 - "-" "WordPress/6.8.2; https://alalamy.com.au"
216.73.216.231 - - [21/Jul/2025:16:56:52 +0000] "GET /shopbrand/183462049.htm HTTP/1.1" 404 20401 "-" "Mozilla/5.0 AppleWebKit/537.36 (KHTML, like Gecko; compatible; ClaudeBot/1.0; [email protected])"
216.73.216.231 - - [21/Jul/2025:16:56:55 +0000] "GET /shopbrand/183417172.htm HTTP/1.1" 404 20400 "-" "Mozilla/5.0 AppleWebKit/537.36 (KHTML, like Gecko; compatible; ClaudeBot/1.0; [email protected])"
51.222.253.16 - - [21/Jul/2025:16:56:56 +0000] "GET /items/audio/zoom-lens/5402260/ HTTP/1.1" 404 20400 "-" "Mozilla/5.0 (compatible; AhrefsBot/7.0; +http://ahrefs.com/robot/)"
216.73.216.231 - - [21/Jul/2025:16:56:59 +0000] "GET /shopbrand/183506688.htm HTTP/1.1" 404 20401 "-" "Mozilla/5.0 AppleWebKit/537.36 (KHTML, like Gecko; compatible; ClaudeBot/1.0; [email protected])"
209.74.77.214 - - [21/Jul/2025:16:57:02 +0000] "POST /wp-cron.php?doing_wp_cron=1753117022.1265470981597900390625 HTTP/1.1" 200 - "-" "WordPress/6.8.2; https://alalamy.com.au"
216.73.216.231 - - [21/Jul/2025:16:57:01 +0000] "GET /shopbrand/183409088.htm HTTP/1.1" 404 20401 "-" "Mozilla/5.0 AppleWebKit/537.36 (KHTML, like Gecko; compatible; ClaudeBot/1.0; [email protected])"
209.74.77.214 - - [21/Jul/2025:16:57:02 +0000] "POST /wp-admin/admin-ajax.php?action=async_litespeed&nonce=wHfrJafOGFyu9PKzn5RBRWDybPBHcA2T&litespeed_type=imgoptm HTTP/1.1" 200 21 "-" "WordPress/6.8.2; https://alalamy.com.au"
216.73.216.231 - - [21/Jul/2025:16:57:05 +0000] "GET /shopbrand/183472655.htm HTTP/1.1" 404 20401 "-" "Mozilla/5.0 AppleWebKit/537.36 (KHTML, like Gecko; compatible; ClaudeBot/1.0; [email protected])"
66.249.65.166 - - [21/Jul/2025:16:57:06 +0000] "GET /items/tv/headphones/2207022/ HTTP/1.1" 200 21163 "-" "Mozilla/5.0 (Linux; Android 6.0.1; Nexus 5X Build/MMB29P) AppleWebKit/537.36 (KHTML, like Gecko) Chrome/137.0.7151.103 Mobile Safari/537.36 (compatible; GoogleOther)"
216.73.216.231 - - [21/Jul/2025:16:57:07 +0000] "GET /shopbrand/183437444.htm HTTP/1.1" 404 20401 "-" "Mozilla/5.0 AppleWebKit/537.36 (KHTML, like Gecko; compatible; ClaudeBot/1.0; [email protected])"
66.249.65.166 - - [21/Jul/2025:16:57:09 +0000] "POST /get-message-notify HTTP/1.1" 200 19554 "https://alalamy.com.au/items/tv/headphones/2207022/" "Mozilla/5.0 (Linux; Android 6.0.1; Nexus 5X Build/MMB29P) AppleWebKit/537.36 (KHTML, like Gecko) Chrome/137.0.7151.119 Mobile Safari/537.36 (compatible; Googlebot/2.1; +http://www.google.com/bot.html)"
216.73.216.231 - - [21/Jul/2025:16:57:10 +0000] "GET /shopbrand/183407736.htm HTTP/1.1" 404 20401 "-" "Mozilla/5.0 AppleWebKit/537.36 (KHTML, like Gecko; compatible; ClaudeBot/1.0; [email protected])"
216.73.216.231 - - [21/Jul/2025:16:57:13 +0000] "GET /shopbrand/183476805.htm HTTP/1.1" 404 20401 "-" "Mozilla/5.0 AppleWebKit/537.36 (KHTML, like Gecko; compatible; ClaudeBot/1.0; [email protected])"
216.73.216.231 - - [21/Jul/2025:16:57:16 +0000] "GET /shopbrand/183438457.htm HTTP/1.1" 404 20401 "-" "Mozilla/5.0 AppleWebKit/537.36 (KHTML, like Gecko; compatible; ClaudeBot/1.0; [email protected])"
216.73.216.231 - - [21/Jul/2025:16:57:20 +0000] "GET /shopbrand/183441618.htm HTTP/1.1" 404 20401 "-" "Mozilla/5.0 AppleWebKit/537.36 (KHTML, like Gecko; compatible; ClaudeBot/1.0; [email protected])"
216.73.216.231 - - [21/Jul/2025:16:57:23 +0000] "GET /shopbrand/183489875.htm HTTP/1.1" 404 20401 "-" "Mozilla/5.0 AppleWebKit/537.36 (KHTML, like Gecko; compatible; ClaudeBot/1.0; [email protected])"
216.73.216.231 - - [21/Jul/2025:16:57:25 +0000] "GET /shopbrand/183527683.htm HTTP/1.1" 404 20401 "-" "Mozilla/5.0 AppleWebKit/537.36 (KHTML, like Gecko; compatible; ClaudeBot/1.0; [email protected])"
216.73.216.231 - - [21/Jul/2025:16:57:28 +0000] "GET /shopbrand/183526148.htm HTTP/1.1" 404 20401 "-" "Mozilla/5.0 AppleWebKit/537.36 (KHTML, like Gecko; compatible; ClaudeBot/1.0; [email protected])"
216.73.216.231 - - [21/Jul/2025:16:57:31 +0000] "GET /shopbrand/183476106.htm HTTP/1.1" 404 20401 "-" "Mozilla/5.0 AppleWebKit/537.36 (KHTML, like Gecko; compatible; ClaudeBot/1.0; [email protected])"
209.74.77.214 - - [21/Jul/2025:16:57:36 +0000] "POST /wp-cron.php?doing_wp_cron=1753117056.3716630935668945312500 HTTP/1.1" 200 - "-" "WordPress/6.8.2; https://alalamy.com.au"
216.73.216.231 - - [21/Jul/2025:16:57:36 +0000] "GET /shopbrand/183408989.htm HTTP/1.1" 404 20401 "-" "Mozilla/5.0 AppleWebKit/537.36 (KHTML, like Gecko; compatible; ClaudeBot/1.0; [email protected])"
216.73.216.231 - - [21/Jul/2025:16:57:37 +0000] "GET /shopbrand/183415204.htm HTTP/1.1" 404 20401 "-" "Mozilla/5.0 AppleWebKit/537.36 (KHTML, like Gecko; compatible; ClaudeBot/1.0; [email protected])"
216.73.216.231 - - [21/Jul/2025:16:57:40 +0000] "GET /shopbrand/183480969.htm HTTP/1.1" 404 20401 "-" "Mozilla/5.0 AppleWebKit/537.36 (KHTML, like Gecko; compatible; ClaudeBot/1.0; [email protected])"
51.222.253.11 - - [21/Jul/2025:16:57:41 +0000] "GET /items/beauty/face-care/2462175/ HTTP/1.1" 404 20401 "-" "Mozilla/5.0 (compatible; AhrefsBot/7.0; +http://ahrefs.com/robot/)"
66.249.65.164 - - [21/Jul/2025:16:57:54 +0000] "POST /get-message-notify HTTP/1.1" 200 19554 "https://alalamy.com.au/items/beauty/base-makeup/5391875/" "Mozilla/5.0 (Linux; Android 6.0.1; Nexus 5X Build/MMB29P) AppleWebKit/537.36 (KHTML, like Gecko) Chrome/137.0.7151.119 Mobile Safari/537.36 (compatible; Googlebot/2.1; +http://www.google.com/bot.html)"
209.74.77.214 - - [21/Jul/2025:16:58:06 +0000] "POST /wp-cron.php?doing_wp_cron=1753117086.9654738903045654296875 HTTP/1.1" 200 - "-" "WordPress/6.8.2; https://alalamy.com.au"
216.73.216.231 - - [21/Jul/2025:16:58:06 +0000] "GET /shopbrand/183475975.htm HTTP/1.1" 404 20401 "-" "Mozilla/5.0 AppleWebKit/537.36 (KHTML, like Gecko; compatible; ClaudeBot/1.0; [email protected])"
209.74.77.214 - - [21/Jul/2025:16:58:07 +0000] "POST /wp-admin/admin-ajax.php?action=async_litespeed&nonce=DsbJ3kFTYye00f2gqTA8brNQkPLX5Qvn&litespeed_type=imgoptm HTTP/1.1" 200 21 "-" "WordPress/6.8.2; https://alalamy.com.au"
216.73.216.231 - - [21/Jul/2025:16:58:10 +0000] "GET /shopbrand/183440796.htm HTTP/1.1" 404 20401 "-" "Mozilla/5.0 AppleWebKit/537.36 (KHTML, like Gecko; compatible; ClaudeBot/1.0; [email protected])"
216.73.216.231 - - [21/Jul/2025:16:58:12 +0000] "GET /shopbrand/183529184.htm HTTP/1.1" 404 20401 "-" "Mozilla/5.0 AppleWebKit/537.36 (KHTML, like Gecko; compatible; ClaudeBot/1.0; [email protected])"
216.73.216.231 - - [21/Jul/2025:16:58:16 +0000] "GET /shopbrand/183531150.htm HTTP/1.1" 404 20401 "-" "Mozilla/5.0 AppleWebKit/537.36 (KHTML, like Gecko; compatible; ClaudeBot/1.0; [email protected])"
216.73.216.231 - - [21/Jul/2025:16:58:18 +0000] "GET /shopbrand/183477776.htm HTTP/1.1" 404 20401 "-" "Mozilla/5.0 AppleWebKit/537.36 (KHTML, like Gecko; compatible; ClaudeBot/1.0; [email protected])"
216.73.216.231 - - [21/Jul/2025:16:58:22 +0000] "GET /shopbrand/183471676.htm HTTP/1.1" 404 20400 "-" "Mozilla/5.0 AppleWebKit/537.36 (KHTML, like Gecko; compatible; ClaudeBot/1.0; [email protected])"
216.73.216.231 - - [21/Jul/2025:16:58:24 +0000] "GET /shopbrand/183458016.htm HTTP/1.1" 404 20401 "-" "Mozilla/5.0 AppleWebKit/537.36 (KHTML, like Gecko; compatible; ClaudeBot/1.0; [email protected])"
216.73.216.231 - - [21/Jul/2025:16:58:27 +0000] "GET /shopbrand/183438838.htm HTTP/1.1" 404 20401 "-" "Mozilla/5.0 AppleWebKit/537.36 (KHTML, like Gecko; compatible; ClaudeBot/1.0; [email protected])"
216.73.216.231 - - [21/Jul/2025:16:58:30 +0000] "GET /shopbrand/183475965.htm HTTP/1.1" 404 20401 "-" "Mozilla/5.0 AppleWebKit/537.36 (KHTML, like Gecko; compatible; ClaudeBot/1.0; [email protected])"
51.222.253.1 - - [21/Jul/2025:16:58:30 +0000] "GET /items/beauty/face-creams/3214798/ HTTP/1.1" 404 20401 "-" "Mozilla/5.0 (compatible; AhrefsBot/7.0; +http://ahrefs.com/robot/)"
209.74.77.214 - - [21/Jul/2025:16:58:33 +0000] "POST /wp-cron.php?doing_wp_cron=1753117113.7921619415283203125000 HTTP/1.1" 200 - "-" "WordPress/6.8.2; https://alalamy.com.au"
216.73.216.231 - - [21/Jul/2025:16:58:33 +0000] "GET /shopbrand/183501144.htm HTTP/1.1" 404 20401 "-" "Mozilla/5.0 AppleWebKit/537.36 (KHTML, like Gecko; compatible; ClaudeBot/1.0; [email protected])"
216.73.216.231 - - [21/Jul/2025:16:58:36 +0000] "GET /shopbrand/183415661.htm HTTP/1.1" 404 20401 "-" "Mozilla/5.0 AppleWebKit/537.36 (KHTML, like Gecko; compatible; ClaudeBot/1.0; [email protected])"
66.249.65.166 - - [21/Jul/2025:16:58:38 +0000] "GET /items/furniture/dining-chairs/2623994/ HTTP/1.1" 200 18733 "-" "Mozilla/5.0 (Linux; Android 6.0.1; Nexus 5X Build/MMB29P) AppleWebKit/537.36 (KHTML, like Gecko) Chrome/137.0.7151.103 Mobile Safari/537.36 (compatible; GoogleOther)"
216.73.216.231 - - [21/Jul/2025:16:58:39 +0000] "GET /shopbrand/183528926.htm HTTP/1.1" 404 20401 "-" "Mozilla/5.0 AppleWebKit/537.36 (KHTML, like Gecko; compatible; ClaudeBot/1.0; [email protected])"
216.73.216.231 - - [21/Jul/2025:16:58:42 +0000] "GET /shopbrand/183491958.htm HTTP/1.1" 404 20401 "-" "Mozilla/5.0 AppleWebKit/537.36 (KHTML, like Gecko; compatible; ClaudeBot/1.0; [email protected])"
216.73.216.231 - - [21/Jul/2025:16:58:45 +0000] "GET /shopbrand/183492671.htm HTTP/1.1" 404 20401 "-" "Mozilla/5.0 AppleWebKit/537.36 (KHTML, like Gecko; compatible; ClaudeBot/1.0; [email protected])"
216.73.216.231 - - [21/Jul/2025:16:58:48 +0000] "GET /shopbrand/183494738.htm HTTP/1.1" 404 20401 "-" "Mozilla/5.0 AppleWebKit/537.36 (KHTML, like Gecko; compatible; ClaudeBot/1.0; [email protected])"
209.74.77.214 - - [21/Jul/2025:16:58:51 +0000] "POST /wp-cron.php?doing_wp_cron=1753117131.7958629131317138671875 HTTP/1.1" 200 - "-" "WordPress/6.8.2; https://alalamy.com.au"
216.73.216.231 - - [21/Jul/2025:16:58:51 +0000] "GET /shopbrand/183515582.htm HTTP/1.1" 404 20401 "-" "Mozilla/5.0 AppleWebKit/537.36 (KHTML, like Gecko; compatible; ClaudeBot/1.0; [email protected])"
51.222.253.17 - - [21/Jul/2025:16:58:53 +0000] "GET /items/beauty/hair-care/3480792/ HTTP/1.1" 404 20401 "-" "Mozilla/5.0 (compatible; AhrefsBot/7.0; +http://ahrefs.com/robot/)"
216.73.216.231 - - [21/Jul/2025:16:58:54 +0000] "GET /shopbrand/183447468.htm HTTP/1.1" 404 20401 "-" "Mozilla/5.0 AppleWebKit/537.36 (KHTML, like Gecko; compatible; ClaudeBot/1.0; [email protected])"
216.73.216.231 - - [21/Jul/2025:16:58:57 +0000] "GET /shopbrand/183492373.htm HTTP/1.1" 404 20401 "-" "Mozilla/5.0 AppleWebKit/537.36 (KHTML, like Gecko; compatible; ClaudeBot/1.0; [email protected])"
216.73.216.231 - - [21/Jul/2025:16:59:00 +0000] "GET /shopbrand/183531865.htm HTTP/1.1" 404 20401 "-" "Mozilla/5.0 AppleWebKit/537.36 (KHTML, like Gecko; compatible; ClaudeBot/1.0; [email protected])"
209.74.77.214 - - [21/Jul/2025:16:59:04 +0000] "POST /wp-cron.php?doing_wp_cron=1753117144.5399780273437500000000 HTTP/1.1" 200 - "-" "WordPress/6.8.2; https://alalamy.com.au"
216.73.216.231 - - [21/Jul/2025:16:59:04 +0000] "GET /shopbrand/183439551.htm HTTP/1.1" 404 20401 "-" "Mozilla/5.0 AppleWebKit/537.36 (KHTML, like Gecko; compatible; ClaudeBot/1.0; [email protected])"
209.74.77.214 - - [21/Jul/2025:16:59:04 +0000] "POST /wp-admin/admin-ajax.php?action=async_litespeed&nonce=1XaAdvxqglYYpCeyE9nfzXXwzgI4xgDe&litespeed_type=imgoptm HTTP/1.1" 200 21 "-" "WordPress/6.8.2; https://alalamy.com.au"
216.73.216.231 - - [21/Jul/2025:16:59:08 +0000] "GET /shopbrand/183460538.htm HTTP/1.1" 404 20401 "-" "Mozilla/5.0 AppleWebKit/537.36 (KHTML, like Gecko; compatible; ClaudeBot/1.0; [email protected])"
216.73.216.231 - - [21/Jul/2025:16:59:09 +0000] "GET /shopbrand/183488479.htm HTTP/1.1" 404 20401 "-" "Mozilla/5.0 AppleWebKit/537.36 (KHTML, like Gecko; compatible; ClaudeBot/1.0; [email protected])"
51.222.253.19 - - [21/Jul/2025:16:59:30 +0000] "GET /items/beauty/hair-dryers/3881582/ HTTP/1.1" 404 20401 "-" "Mozilla/5.0 (compatible; AhrefsBot/7.0; +http://ahrefs.com/robot/)"
66.249.65.165 - - [21/Jul/2025:16:59:33 +0000] "GET /items/fashion/womens/1745431/ HTTP/1.1" 200 18984 "-" "Mozilla/5.0 (Linux; Android 6.0.1; Nexus 5X Build/MMB29P) AppleWebKit/537.36 (KHTML, like Gecko) Chrome/137.0.7151.103 Mobile Safari/537.36 (compatible; GoogleOther)"
216.73.216.231 - - [21/Jul/2025:16:59:35 +0000] "GET /robots.txt HTTP/1.1" 200 92 "-" "Mozilla/5.0 AppleWebKit/537.36 (KHTML, like Gecko; compatible; ClaudeBot/1.0; [email protected])"
209.74.77.214 - - [21/Jul/2025:16:59:35 +0000] "POST /wp-cron.php?doing_wp_cron=1753117175.8327169418334960937500 HTTP/1.1" 200 - "-" "WordPress/6.8.2; https://alalamy.com.au"
216.73.216.231 - - [21/Jul/2025:16:59:35 +0000] "GET /shopbrand/183454140.htm HTTP/1.1" 404 20401 "-" "Mozilla/5.0 AppleWebKit/537.36 (KHTML, like Gecko; compatible; ClaudeBot/1.0; [email protected])"
216.73.216.231 - - [21/Jul/2025:16:59:38 +0000] "GET /shopbrand/183455119.htm HTTP/1.1" 404 20401 "-" "Mozilla/5.0 AppleWebKit/537.36 (KHTML, like Gecko; compatible; ClaudeBot/1.0; [email protected])"
216.73.216.231 - - [21/Jul/2025:16:59:42 +0000] "GET /shopbrand/183505443.htm HTTP/1.1" 404 20401 "-" "Mozilla/5.0 AppleWebKit/537.36 (KHTML, like Gecko; compatible; ClaudeBot/1.0; [email protected])"
