209.74.77.214 - - [21/Jul/2025:20:49:54 +0000] "POST /wp-cron.php?doing_wp_cron=1753130994.7824299335479736328125 HTTP/1.1" 200 - "-" "WordPress/6.8.2; https://alalamy.com.au"
20.171.207.22 - - [21/Jul/2025:20:49:54 +0000] "GET /shopbrand/169299359.htm HTTP/1.1" 404 20401 "-" "Mozilla/5.0 AppleWebKit/537.36 (KHTML, like Gecko; compatible; GPTBot/1.2; +https://openai.com/gptbot)"
51.222.253.3 - - [21/Jul/2025:20:49:55 +0000] "GET /items/tools/others/2105080/ HTTP/1.1" 404 20401 "-" "Mozilla/5.0 (compatible; AhrefsBot/7.0; +http://ahrefs.com/robot/)"
209.74.77.214 - - [21/Jul/2025:20:50:08 +0000] "POST /wp-cron.php?doing_wp_cron=1753131008.6637549400329589843750 HTTP/1.1" 200 - "-" "WordPress/6.8.2; https://alalamy.com.au"
47.82.11.21 - - [21/Jul/2025:20:50:08 +0000] "GET /?k=119658703071900&mod=eb035214&uri=article.php?id%3D3993377-466%26name%3Dariat+fairfax+boots HTTP/1.1" 301 - "https://alalamy.com.au/?k=119658703071900&mod=eb035214&uri=article.php%3Fid%3D3993377-466%26name%3Dariat+fairfax+boots" "Mozilla/5.0 (Windows NT 10.0; Win64; x64) AppleWebKit/537.36 (KHTML, like Gecko) Chrome/114.0.0.0 Safari/537.36 Edg/114.0.1823.43"
209.74.77.214 - - [21/Jul/2025:20:50:08 +0000] "POST /wp-admin/admin-ajax.php?action=async_litespeed&nonce=8j5QidtC2tHk0fIZa0swZtgmSqYRbOrn&litespeed_type=imgoptm HTTP/1.1" 200 21 "-" "WordPress/6.8.2; https://alalamy.com.au"
47.82.11.21 - - [21/Jul/2025:20:50:09 +0000] "GET /?k=119658703071900&mod=eb035214&uri=article.php?id%3D3993377-466%26name%3Dariat%20fairfax%20boots HTTP/1.1" 301 - "https://alalamy.com.au/?k=119658703071900&mod=eb035214&uri=article.php%3Fid%3D3993377-466%26name%3Dariat+fairfax+boots" "Mozilla/5.0 (Windows NT 10.0; Win64; x64) AppleWebKit/537.36 (KHTML, like Gecko) Chrome/114.0.0.0 Safari/537.36 Edg/114.0.1823.43"
51.222.253.17 - - [21/Jul/2025:20:50:20 +0000] "GET /items/tools/painting/1824421/ HTTP/1.1" 404 20401 "-" "Mozilla/5.0 (compatible; AhrefsBot/7.0; +http://ahrefs.com/robot/)"
216.73.216.97 - - [21/Jul/2025:20:50:24 +0000] "GET /shopbrand/183415760.htm HTTP/1.1" 404 20401 "-" "Mozilla/5.0 AppleWebKit/537.36 (KHTML, like Gecko; compatible; ClaudeBot/1.0; [email protected])"
57.141.2.18 - - [21/Jul/2025:20:50:28 +0000] "GET /?k=110491093011900& HTTP/1.1" 301 - "-" "meta-externalagent/1.1 (+https://developers.facebook.com/docs/sharing/webmasters/crawler)"
209.74.77.214 - - [21/Jul/2025:20:50:49 +0000] "POST /wp-cron.php?doing_wp_cron=1753131049.8817889690399169921875 HTTP/1.1" 200 - "-" "WordPress/6.8.2; https://alalamy.com.au"
51.222.253.10 - - [21/Jul/2025:20:50:49 +0000] "GET /items/tools/plumbing/1624098/ HTTP/1.1" 404 20400 "-" "Mozilla/5.0 (compatible; AhrefsBot/7.0; +http://ahrefs.com/robot/)"
209.74.77.214 - - [21/Jul/2025:20:50:55 +0000] "POST /wp-cron.php?doing_wp_cron=1753131055.6119749546051025390625 HTTP/1.1" 200 - "-" "WordPress/6.8.2; https://alalamy.com.au"
20.171.207.22 - - [21/Jul/2025:20:50:55 +0000] "GET /shopbrand/169266001.htm HTTP/1.1" 404 20401 "-" "Mozilla/5.0 AppleWebKit/537.36 (KHTML, like Gecko; compatible; GPTBot/1.2; +https://openai.com/gptbot)"
209.74.77.214 - - [21/Jul/2025:20:51:22 +0000] "POST /wp-cron.php?doing_wp_cron=1753131082.5808980464935302734375 HTTP/1.1" 200 - "-" "WordPress/6.8.2; https://alalamy.com.au"
51.222.253.10 - - [21/Jul/2025:20:51:22 +0000] "GET /items/tools/power-tools/3298048/ HTTP/1.1" 404 20400 "-" "Mozilla/5.0 (compatible; AhrefsBot/7.0; +http://ahrefs.com/robot/)"
209.74.77.214 - - [21/Jul/2025:20:51:22 +0000] "POST /wp-admin/admin-ajax.php?action=async_litespeed&nonce=pu9XMCYUaHR6RWHUIwHPlKfO9EFd3NXX&litespeed_type=imgoptm HTTP/1.1" 200 21 "-" "WordPress/6.8.2; https://alalamy.com.au"
209.74.77.214 - - [21/Jul/2025:20:51:56 +0000] "POST /wp-cron.php?doing_wp_cron=1753131116.8680789470672607421875 HTTP/1.1" 200 - "-" "WordPress/6.8.2; https://alalamy.com.au"
51.222.253.4 - - [21/Jul/2025:20:51:56 +0000] "GET /items/tools/stepladders/5131591/ HTTP/1.1" 404 20401 "-" "Mozilla/5.0 (compatible; AhrefsBot/7.0; +http://ahrefs.com/robot/)"
20.171.207.22 - - [21/Jul/2025:20:52:00 +0000] "GET /shopbrand/169360662.htm HTTP/1.1" 404 20401 "-" "Mozilla/5.0 AppleWebKit/537.36 (KHTML, like Gecko; compatible; GPTBot/1.2; +https://openai.com/gptbot)"
209.74.77.214 - - [21/Jul/2025:20:52:31 +0000] "POST /wp-admin/admin-ajax.php?action=async_litespeed&nonce=vPa20S4pSM0pVoxEE9INk2INftXEesTH&litespeed_type=imgoptm HTTP/1.1" 200 21 "-" "WordPress/6.8.2; https://alalamy.com.au"
209.74.77.214 - - [21/Jul/2025:20:53:05 +0000] "POST /wp-cron.php?doing_wp_cron=1753131185.7718129158020019531250 HTTP/1.1" 200 - "-" "WordPress/6.8.2; https://alalamy.com.au"
209.74.77.214 - - [21/Jul/2025:20:53:05 +0000] "POST /wp-cron.php?doing_wp_cron=1753131185.7718100547790527343750 HTTP/1.1" 200 - "-" "WordPress/6.8.2; https://alalamy.com.au"
20.171.207.22 - - [21/Jul/2025:20:53:04 +0000] "GET /shopbrand/169296722.htm HTTP/1.1" 404 20401 "-" "Mozilla/5.0 AppleWebKit/537.36 (KHTML, like Gecko; compatible; GPTBot/1.2; +https://openai.com/gptbot)"
51.222.253.10 - - [21/Jul/2025:20:53:04 +0000] "GET /items/toys/idols/4720970/ HTTP/1.1" 404 20401 "-" "Mozilla/5.0 (compatible; AhrefsBot/7.0; +http://ahrefs.com/robot/)"
209.74.77.214 - - [21/Jul/2025:20:53:06 +0000] "POST /wp-admin/admin-ajax.php?action=async_litespeed&nonce=KOj4Z9cu8kro9GU8OoVe3qUl6nKP8a6m&litespeed_type=imgoptm HTTP/1.1" 200 21 "-" "WordPress/6.8.2; https://alalamy.com.au"
51.222.253.20 - - [21/Jul/2025:20:53:31 +0000] "GET /items/toys/special-effects/3665031/ HTTP/1.1" 404 20401 "-" "Mozilla/5.0 (compatible; AhrefsBot/7.0; +http://ahrefs.com/robot/)"
209.74.77.214 - - [21/Jul/2025:20:54:02 +0000] "POST /wp-cron.php?doing_wp_cron=1753131242.0084300041198730468750 HTTP/1.1" 200 - "-" "WordPress/6.8.2; https://alalamy.com.au"
51.222.253.15 - - [21/Jul/2025:20:54:01 +0000] "GET /items/toys/sports/5030996/ HTTP/1.1" 404 20401 "-" "Mozilla/5.0 (compatible; AhrefsBot/7.0; +http://ahrefs.com/robot/)"
209.74.77.214 - - [21/Jul/2025:20:54:02 +0000] "POST /wp-admin/admin-ajax.php?action=async_litespeed&nonce=Sz0IE8C1jzmviNZOaMXF69RFE7xK0Fxj&litespeed_type=imgoptm HTTP/1.1" 200 21 "-" "WordPress/6.8.2; https://alalamy.com.au"
20.171.207.22 - - [21/Jul/2025:20:54:06 +0000] "GET /shopbrand/169341317.htm HTTP/1.1" 404 20401 "-" "Mozilla/5.0 AppleWebKit/537.36 (KHTML, like Gecko; compatible; GPTBot/1.2; +https://openai.com/gptbot)"
51.222.253.13 - - [21/Jul/2025:20:54:30 +0000] "GET /items/toys/video-games/3990214/ HTTP/1.1" 404 20401 "-" "Mozilla/5.0 (compatible; AhrefsBot/7.0; +http://ahrefs.com/robot/)"
209.74.77.214 - - [21/Jul/2025:20:54:55 +0000] "POST /wp-cron.php?doing_wp_cron=1753131295.0090980529785156250000 HTTP/1.1" 200 - "-" "WordPress/6.8.2; https://alalamy.com.au"
51.222.253.3 - - [21/Jul/2025:20:54:54 +0000] "GET /items/toys/video-games/4778139/ HTTP/1.1" 404 20400 "-" "Mozilla/5.0 (compatible; AhrefsBot/7.0; +http://ahrefs.com/robot/)"
209.74.77.214 - - [21/Jul/2025:20:55:08 +0000] "POST /wp-cron.php?doing_wp_cron=1753131308.2478671073913574218750 HTTP/1.1" 200 - "-" "WordPress/6.8.2; https://alalamy.com.au"
20.171.207.22 - - [21/Jul/2025:20:55:07 +0000] "GET /shopbrand/169273227.htm HTTP/1.1" 404 20401 "-" "Mozilla/5.0 AppleWebKit/537.36 (KHTML, like Gecko; compatible; GPTBot/1.2; +https://openai.com/gptbot)"
209.74.77.214 - - [21/Jul/2025:20:55:08 +0000] "POST /wp-admin/admin-ajax.php?action=async_litespeed&nonce=nLGT52Dyi4FghP5GOWBZ1W7fn6Lxb3G4&litespeed_type=imgoptm HTTP/1.1" 200 21 "-" "WordPress/6.8.2; https://alalamy.com.au"
51.222.253.3 - - [21/Jul/2025:20:55:27 +0000] "GET /items/travel-supplies/barbecues/5185981/ HTTP/1.1" 404 20401 "-" "Mozilla/5.0 (compatible; AhrefsBot/7.0; +http://ahrefs.com/robot/)"
51.222.253.19 - - [21/Jul/2025:20:56:00 +0000] "GET /items/travel-supplies/fishing-tools/4553083/ HTTP/1.1" 404 20401 "-" "Mozilla/5.0 (compatible; AhrefsBot/7.0; +http://ahrefs.com/robot/)"
209.74.77.214 - - [21/Jul/2025:20:56:09 +0000] "POST /wp-cron.php?doing_wp_cron=1753131369.5941860675811767578125 HTTP/1.1" 200 - "-" "WordPress/6.8.2; https://alalamy.com.au"
20.171.207.22 - - [21/Jul/2025:20:56:09 +0000] "GET /shopbrand/169296456.htm HTTP/1.1" 404 20401 "-" "Mozilla/5.0 AppleWebKit/537.36 (KHTML, like Gecko; compatible; GPTBot/1.2; +https://openai.com/gptbot)"
209.74.77.214 - - [21/Jul/2025:20:56:09 +0000] "POST /wp-admin/admin-ajax.php?action=async_litespeed&nonce=OD8oI0Fc7QxHzS2rMjztlFNOY50uWdc8&litespeed_type=imgoptm HTTP/1.1" 200 21 "-" "WordPress/6.8.2; https://alalamy.com.au"
51.222.253.19 - - [21/Jul/2025:20:56:29 +0000] "GET /items/travel-supplies/fishing/2626609/ HTTP/1.1" 404 20401 "-" "Mozilla/5.0 (compatible; AhrefsBot/7.0; +http://ahrefs.com/robot/)"
209.74.77.214 - - [21/Jul/2025:20:56:58 +0000] "POST /wp-cron.php?doing_wp_cron=1753131418.8939990997314453125000 HTTP/1.1" 200 - "-" "WordPress/6.8.2; https://alalamy.com.au"
216.73.216.97 - - [21/Jul/2025:20:56:58 +0000] "GET /shopbrand/183437901.htm HTTP/1.1" 404 20401 "-" "Mozilla/5.0 AppleWebKit/537.36 (KHTML, like Gecko; compatible; ClaudeBot/1.0; [email protected])"
209.74.77.214 - - [21/Jul/2025:20:57:09 +0000] "POST /wp-cron.php?doing_wp_cron=1753131429.0413780212402343750000 HTTP/1.1" 200 - "-" "WordPress/6.8.2; https://alalamy.com.au"
51.222.253.8 - - [21/Jul/2025:20:57:08 +0000] "GET /items/travel-supplies/fishing/3934832/ HTTP/1.1" 404 20401 "-" "Mozilla/5.0 (compatible; AhrefsBot/7.0; +http://ahrefs.com/robot/)"
209.74.77.214 - - [21/Jul/2025:20:57:09 +0000] "POST /wp-admin/admin-ajax.php?action=async_litespeed&nonce=6AyhKiM3QKiZegGHdqeL95ARBGErpDfv&litespeed_type=imgoptm HTTP/1.1" 200 21 "-" "WordPress/6.8.2; https://alalamy.com.au"
20.171.207.22 - - [21/Jul/2025:20:57:09 +0000] "GET /shopbrand/169368303.htm HTTP/1.1" 404 20401 "-" "Mozilla/5.0 AppleWebKit/537.36 (KHTML, like Gecko; compatible; GPTBot/1.2; +https://openai.com/gptbot)"
209.74.77.214 - - [21/Jul/2025:20:57:38 +0000] "POST /wp-cron.php?doing_wp_cron=1753131458.4053459167480468750000 HTTP/1.1" 200 - "-" "WordPress/6.8.2; https://alalamy.com.au"
51.222.253.16 - - [21/Jul/2025:20:57:38 +0000] "GET /items/travel-supplies/fishing/5341657/ HTTP/1.1" 404 20401 "-" "Mozilla/5.0 (compatible; AhrefsBot/7.0; +http://ahrefs.com/robot/)"
209.74.77.214 - - [21/Jul/2025:20:58:10 +0000] "POST /wp-cron.php?doing_wp_cron=1753131490.1296470165252685546875 HTTP/1.1" 200 - "-" "WordPress/6.8.2; https://alalamy.com.au"
57.141.2.9 - - [21/Jul/2025:20:58:09 +0000] "GET /?k=59655335011900& HTTP/1.1" 301 - "-" "meta-externalagent/1.1 (+https://developers.facebook.com/docs/sharing/webmasters/crawler)"
51.222.253.9 - - [21/Jul/2025:20:58:09 +0000] "GET /items/travel-supplies/flies/4776355/ HTTP/1.1" 404 20401 "-" "Mozilla/5.0 (compatible; AhrefsBot/7.0; +http://ahrefs.com/robot/)"
209.74.77.214 - - [21/Jul/2025:20:58:10 +0000] "POST /wp-admin/admin-ajax.php?action=async_litespeed&nonce=tpW8pZZgACRdMYfZ6UuY4ATvFgA59IiA&litespeed_type=imgoptm HTTP/1.1" 200 21 "-" "WordPress/6.8.2; https://alalamy.com.au"
20.171.207.22 - - [21/Jul/2025:20:58:10 +0000] "GET /shopbrand/169339965.htm HTTP/1.1" 404 20401 "-" "Mozilla/5.0 AppleWebKit/537.36 (KHTML, like Gecko; compatible; GPTBot/1.2; +https://openai.com/gptbot)"
209.74.77.214 - - [21/Jul/2025:20:58:45 +0000] "POST /wp-cron.php?doing_wp_cron=1753131525.0715200901031494140625 HTTP/1.1" 200 - "-" "WordPress/6.8.2; https://alalamy.com.au"
51.222.253.2 - - [21/Jul/2025:20:58:44 +0000] "GET /items/travel-supplies/knives/3655699/ HTTP/1.1" 404 20401 "-" "Mozilla/5.0 (compatible; AhrefsBot/7.0; +http://ahrefs.com/robot/)"
209.74.77.214 - - [21/Jul/2025:20:59:02 +0000] "POST /wp-admin/admin-ajax.php?action=async_litespeed&nonce=Z378NtzJgHzlQBLFVZNIddCvf5lnJhwe&litespeed_type=imgoptm HTTP/1.1" 200 21 "-" "WordPress/6.8.2; https://alalamy.com.au"
20.171.207.22 - - [21/Jul/2025:20:59:14 +0000] "GET /shopbrand/169353575.htm HTTP/1.1" 404 20401 "-" "Mozilla/5.0 AppleWebKit/537.36 (KHTML, like Gecko; compatible; GPTBot/1.2; +https://openai.com/gptbot)"
51.222.253.7 - - [21/Jul/2025:20:59:17 +0000] "GET /items/travel-supplies/lanterns/2576624/ HTTP/1.1" 404 20401 "-" "Mozilla/5.0 (compatible; AhrefsBot/7.0; +http://ahrefs.com/robot/)"
209.74.77.214 - - [21/Jul/2025:20:59:39 +0000] "POST /wp-cron.php?doing_wp_cron=1753131579.8222060203552246093750 HTTP/1.1" 200 - "-" "WordPress/6.8.2; https://alalamy.com.au"
216.73.216.97 - - [21/Jul/2025:20:59:39 +0000] "GET /shopbrand/183468050.htm HTTP/1.1" 404 20401 "-" "Mozilla/5.0 AppleWebKit/537.36 (KHTML, like Gecko; compatible; ClaudeBot/1.0; [email protected])"
51.222.253.13 - - [21/Jul/2025:20:59:39 +0000] "GET /items/travel-supplies/outdoors/5045894/ HTTP/1.1" 404 20401 "-" "Mozilla/5.0 (compatible; AhrefsBot/7.0; +http://ahrefs.com/robot/)"
216.73.216.97 - - [21/Jul/2025:20:59:42 +0000] "GET /shopbrand/183408258.htm HTTP/1.1" 404 20401 "-" "Mozilla/5.0 AppleWebKit/537.36 (KHTML, like Gecko; compatible; ClaudeBot/1.0; [email protected])"
216.73.216.97 - - [21/Jul/2025:20:59:45 +0000] "GET /shopbrand/183496952.htm HTTP/1.1" 404 20401 "-" "Mozilla/5.0 AppleWebKit/537.36 (KHTML, like Gecko; compatible; ClaudeBot/1.0; [email protected])"
209.74.77.214 - - [21/Jul/2025:21:00:10 +0000] "POST /wp-cron.php?doing_wp_cron=1753131610.0388948917388916015625 HTTP/1.1" 200 - "-" "WordPress/6.8.2; https://alalamy.com.au"
51.222.253.11 - - [21/Jul/2025:21:00:09 +0000] "GET /items/travel-supplies/reels/3367338/ HTTP/1.1" 404 20401 "-" "Mozilla/5.0 (compatible; AhrefsBot/7.0; +http://ahrefs.com/robot/)"
209.74.77.214 - - [21/Jul/2025:21:00:10 +0000] "POST /wp-admin/admin-ajax.php?action=async_litespeed&nonce=FNCuHyljJSY3OoRwo4QD8GZ6BqUSQEPp&litespeed_type=imgoptm HTTP/1.1" 200 21 "-" "WordPress/6.8.2; https://alalamy.com.au"
20.171.207.22 - - [21/Jul/2025:21:00:15 +0000] "GET /shopbrand/169369973.htm HTTP/1.1" 404 20401 "-" "Mozilla/5.0 AppleWebKit/537.36 (KHTML, like Gecko; compatible; GPTBot/1.2; +https://openai.com/gptbot)"
209.74.77.214 - - [21/Jul/2025:21:00:59 +0000] "POST /wp-cron.php?doing_wp_cron=1753131659.2960770130157470703125 HTTP/1.1" 200 - "-" "WordPress/6.8.2; https://alalamy.com.au"
216.73.216.97 - - [21/Jul/2025:21:00:59 +0000] "GET /shopbrand/183422333.htm HTTP/1.1" 404 20401 "-" "Mozilla/5.0 AppleWebKit/537.36 (KHTML, like Gecko; compatible; ClaudeBot/1.0; [email protected])"
51.222.253.15 - - [21/Jul/2025:21:00:59 +0000] "GET /items/tv/action-cameras/4568983/ HTTP/1.1" 404 20401 "-" "Mozilla/5.0 (compatible; AhrefsBot/7.0; +http://ahrefs.com/robot/)"
209.74.77.214 - - [21/Jul/2025:21:01:09 +0000] "POST /wp-cron.php?doing_wp_cron=1753131669.1838579177856445312500 HTTP/1.1" 200 - "-" "WordPress/6.8.2; https://alalamy.com.au"
47.82.11.25 - - [21/Jul/2025:21:01:08 +0000] "GET /?k=119505807051900&mod=16bb35ba&uri=form.php?id%3D3988275-81%26name%3Dsedia+a+dondolo+western HTTP/1.1" 301 - "https://alalamy.com.au/?k=119505807051900&mod=16bb35ba&uri=form.php%3Fid%3D3988275-81%26name%3Dsedia+a+dondolo+western" "Mozilla/5.0 (Windows NT 10.0; Win64; x64) AppleWebKit/537.36 (KHTML, like Gecko) Chrome/114.0.0.0 Safari/537.36 Edg/114.0.1823.43"
209.74.77.214 - - [21/Jul/2025:21:01:09 +0000] "POST /wp-admin/admin-ajax.php?action=async_litespeed&nonce=KQkYEtPBM2wmeoigTB9ctoEgMIBbwREC&litespeed_type=imgoptm HTTP/1.1" 200 21 "-" "WordPress/6.8.2; https://alalamy.com.au"
47.82.11.25 - - [21/Jul/2025:21:01:09 +0000] "GET /?k=119505807051900&mod=16bb35ba&uri=form.php?id%3D3988275-81%26name%3Dsedia%20a%20dondolo%20western HTTP/1.1" 301 - "https://alalamy.com.au/?k=119505807051900&mod=16bb35ba&uri=form.php%3Fid%3D3988275-81%26name%3Dsedia+a+dondolo+western" "Mozilla/5.0 (Windows NT 10.0; Win64; x64) AppleWebKit/537.36 (KHTML, like Gecko) Chrome/114.0.0.0 Safari/537.36 Edg/114.0.1823.43"
20.171.207.22 - - [21/Jul/2025:21:01:16 +0000] "GET /shopbrand/169355118.htm HTTP/1.1" 404 20401 "-" "Mozilla/5.0 AppleWebKit/537.36 (KHTML, like Gecko; compatible; GPTBot/1.2; +https://openai.com/gptbot)"
209.74.77.214 - - [21/Jul/2025:21:02:04 +0000] "POST /wp-cron.php?doing_wp_cron=1753131724.5395200252532958984375 HTTP/1.1" 200 - "-" "WordPress/6.8.2; https://alalamy.com.au"
209.74.77.214 - - [21/Jul/2025:21:02:04 +0000] "POST /wp-admin/admin-ajax.php?action=async_litespeed&nonce=8NzbcEV1aiA673ckO7T0MhhPGLrIQGmu&litespeed_type=imgoptm HTTP/1.1" 200 21 "-" "WordPress/6.8.2; https://alalamy.com.au"
51.222.253.2 - - [21/Jul/2025:21:02:02 +0000] "GET /items/tv/audio-equipment/3549912/ HTTP/1.1" 404 20401 "-" "Mozilla/5.0 (compatible; AhrefsBot/7.0; +http://ahrefs.com/robot/)"
20.171.207.22 - - [21/Jul/2025:21:02:19 +0000] "GET /shopbrand/169262391.htm HTTP/1.1" 404 20401 "-" "Mozilla/5.0 AppleWebKit/537.36 (KHTML, like Gecko; compatible; GPTBot/1.2; +https://openai.com/gptbot)"
51.222.253.12 - - [21/Jul/2025:21:02:30 +0000] "GET /items/tv/audio-equipment/5135669/ HTTP/1.1" 404 20401 "-" "Mozilla/5.0 (compatible; AhrefsBot/7.0; +http://ahrefs.com/robot/)"
209.74.77.214 - - [21/Jul/2025:21:02:56 +0000] "POST /wp-cron.php?doing_wp_cron=1753131776.1976480484008789062500 HTTP/1.1" 200 - "-" "WordPress/6.8.2; https://alalamy.com.au"
51.222.253.11 - - [21/Jul/2025:21:02:55 +0000] "GET /items/tv/camera-accessories/3161431/ HTTP/1.1" 404 20401 "-" "Mozilla/5.0 (compatible; AhrefsBot/7.0; +http://ahrefs.com/robot/)"
209.74.77.214 - - [21/Jul/2025:21:03:18 +0000] "POST /wp-cron.php?doing_wp_cron=1753131798.8720679283142089843750 HTTP/1.1" 200 - "-" "WordPress/6.8.2; https://alalamy.com.au"
51.222.253.4 - - [21/Jul/2025:21:03:18 +0000] "GET /items/tv/cameras/2811181/ HTTP/1.1" 404 20401 "-" "Mozilla/5.0 (compatible; AhrefsBot/7.0; +http://ahrefs.com/robot/)"
209.74.77.214 - - [21/Jul/2025:21:03:19 +0000] "POST /wp-admin/admin-ajax.php?action=async_litespeed&nonce=N4JRPWlfGp5GbysPthNiF21PbvGGc6s1&litespeed_type=imgoptm HTTP/1.1" 200 21 "-" "WordPress/6.8.2; https://alalamy.com.au"
20.171.207.22 - - [21/Jul/2025:21:03:20 +0000] "GET /shopbrand/169271162.htm HTTP/1.1" 404 20401 "-" "Mozilla/5.0 AppleWebKit/537.36 (KHTML, like Gecko; compatible; GPTBot/1.2; +https://openai.com/gptbot)"
209.74.77.214 - - [21/Jul/2025:21:03:50 +0000] "POST /wp-cron.php?doing_wp_cron=1753131830.3184089660644531250000 HTTP/1.1" 200 - "-" "WordPress/6.8.2; https://alalamy.com.au"
51.222.253.6 - - [21/Jul/2025:21:03:50 +0000] "GET /items/tv/cameras/3960887/ HTTP/1.1" 404 20401 "-" "Mozilla/5.0 (compatible; AhrefsBot/7.0; +http://ahrefs.com/robot/)"
209.74.77.214 - - [21/Jul/2025:21:04:16 +0000] "POST /wp-cron.php?doing_wp_cron=1753131856.8799769878387451171875 HTTP/1.1" 200 - "-" "WordPress/6.8.2; https://alalamy.com.au"
51.222.253.16 - - [21/Jul/2025:21:04:16 +0000] "GET /items/tv/cameras/4242779/ HTTP/1.1" 404 20401 "-" "Mozilla/5.0 (compatible; AhrefsBot/7.0; +http://ahrefs.com/robot/)"
209.74.77.214 - - [21/Jul/2025:21:04:17 +0000] "POST /wp-admin/admin-ajax.php?action=async_litespeed&nonce=hdFEOAe5sHTmKbYDteG7p0wr67R89nUx&litespeed_type=imgoptm HTTP/1.1" 200 21 "-" "WordPress/6.8.2; https://alalamy.com.au"
20.171.207.22 - - [21/Jul/2025:21:04:23 +0000] "GET /shopbrand/169301700.htm HTTP/1.1" 404 20401 "-" "Mozilla/5.0 AppleWebKit/537.36 (KHTML, like Gecko; compatible; GPTBot/1.2; +https://openai.com/gptbot)"
209.74.77.214 - - [21/Jul/2025:21:04:47 +0000] "POST /wp-cron.php?doing_wp_cron=1753131887.2743339538574218750000 HTTP/1.1" 200 - "-" "WordPress/6.8.2; https://alalamy.com.au"
51.222.253.7 - - [21/Jul/2025:21:04:46 +0000] "GET /items/tv/cameras/4562641/ HTTP/1.1" 404 20401 "-" "Mozilla/5.0 (compatible; AhrefsBot/7.0; +http://ahrefs.com/robot/)"
209.74.77.214 - - [21/Jul/2025:21:05:16 +0000] "POST /wp-cron.php?doing_wp_cron=1753131916.9224150180816650390625 HTTP/1.1" 200 - "-" "WordPress/6.8.2; https://alalamy.com.au"
216.73.216.97 - - [21/Jul/2025:21:05:16 +0000] "GET /shopbrand/183434124.htm HTTP/1.1" 404 20401 "-" "Mozilla/5.0 AppleWebKit/537.36 (KHTML, like Gecko; compatible; ClaudeBot/1.0; [email protected])"
209.74.77.214 - - [21/Jul/2025:21:05:17 +0000] "POST /wp-admin/admin-ajax.php?action=async_litespeed&nonce=r21LSxegWalRvX6W3dh3ICyDIEPxL92p&litespeed_type=imgoptm HTTP/1.1" 200 21 "-" "WordPress/6.8.2; https://alalamy.com.au"
51.222.253.8 - - [21/Jul/2025:21:05:20 +0000] "GET /items/tv/cameras/5292090/ HTTP/1.1" 404 20401 "-" "Mozilla/5.0 (compatible; AhrefsBot/7.0; +http://ahrefs.com/robot/)"
20.171.207.22 - - [21/Jul/2025:21:05:25 +0000] "GET /shopbrand/169334115.htm HTTP/1.1" 404 20401 "-" "Mozilla/5.0 AppleWebKit/537.36 (KHTML, like Gecko; compatible; GPTBot/1.2; +https://openai.com/gptbot)"
209.74.77.214 - - [21/Jul/2025:21:05:47 +0000] "POST /wp-cron.php?doing_wp_cron=1753131947.8924529552459716796875 HTTP/1.1" 200 - "-" "WordPress/6.8.2; https://alalamy.com.au"
51.222.253.12 - - [21/Jul/2025:21:05:47 +0000] "GET /items/tv/components/1653635/ HTTP/1.1" 404 20401 "-" "Mozilla/5.0 (compatible; AhrefsBot/7.0; +http://ahrefs.com/robot/)"
209.74.77.214 - - [21/Jul/2025:21:06:18 +0000] "POST /wp-cron.php?doing_wp_cron=1753131978.0099539756774902343750 HTTP/1.1" 200 - "-" "WordPress/6.8.2; https://alalamy.com.au"
51.222.253.9 - - [21/Jul/2025:21:06:17 +0000] "GET /items/tv/digital-cameras/1665419/ HTTP/1.1" 404 20401 "-" "Mozilla/5.0 (compatible; AhrefsBot/7.0; +http://ahrefs.com/robot/)"
209.74.77.214 - - [21/Jul/2025:21:06:18 +0000] "POST /wp-admin/admin-ajax.php?action=async_litespeed&nonce=vT0phyf9LkQOzgx0vF0je5fcEtiY8yMT&litespeed_type=imgoptm HTTP/1.1" 200 21 "-" "WordPress/6.8.2; https://alalamy.com.au"
20.171.207.22 - - [21/Jul/2025:21:06:28 +0000] "GET /shopbrand/169317566.htm HTTP/1.1" 404 20401 "-" "Mozilla/5.0 AppleWebKit/537.36 (KHTML, like Gecko; compatible; GPTBot/1.2; +https://openai.com/gptbot)"
209.74.77.214 - - [21/Jul/2025:21:06:51 +0000] "POST /wp-cron.php?doing_wp_cron=1753132011.0867838859558105468750 HTTP/1.1" 200 - "-" "WordPress/6.8.2; https://alalamy.com.au"
51.222.253.16 - - [21/Jul/2025:21:06:50 +0000] "GET /items/tv/earphones/2364838/ HTTP/1.1" 404 20401 "-" "Mozilla/5.0 (compatible; AhrefsBot/7.0; +http://ahrefs.com/robot/)"
209.74.77.214 - - [21/Jul/2025:21:07:20 +0000] "POST /wp-cron.php?doing_wp_cron=1753132040.5859949588775634765625 HTTP/1.1" 200 - "-" "WordPress/6.8.2; https://alalamy.com.au"
51.222.253.17 - - [21/Jul/2025:21:07:20 +0000] "GET /items/tv/earphones/3438456/ HTTP/1.1" 404 20401 "-" "Mozilla/5.0 (compatible; AhrefsBot/7.0; +http://ahrefs.com/robot/)"
209.74.77.214 - - [21/Jul/2025:21:07:20 +0000] "POST /wp-admin/admin-ajax.php?action=async_litespeed&nonce=cDGirSByXotsezpcnpTzIQQC4gNg49X8&litespeed_type=imgoptm HTTP/1.1" 200 21 "-" "WordPress/6.8.2; https://alalamy.com.au"
57.141.2.28 - - [21/Jul/2025:21:07:25 +0000] "GET /?k=89381652001900& HTTP/1.1" 301 - "-" "meta-externalagent/1.1 (+https://developers.facebook.com/docs/sharing/webmasters/crawler)"
57.141.2.25 - - [21/Jul/2025:21:07:25 +0000] "GET /?k=90140960031900& HTTP/1.1" 301 - "-" "meta-externalagent/1.1 (+https://developers.facebook.com/docs/sharing/webmasters/crawler)"
20.171.207.22 - - [21/Jul/2025:21:07:31 +0000] "GET /shopbrand/169277278.htm HTTP/1.1" 404 20401 "-" "Mozilla/5.0 AppleWebKit/537.36 (KHTML, like Gecko; compatible; GPTBot/1.2; +https://openai.com/gptbot)"
209.74.77.214 - - [21/Jul/2025:21:07:49 +0000] "POST /wp-cron.php?doing_wp_cron=1753132069.4484961032867431640625 HTTP/1.1" 200 - "-" "WordPress/6.8.2; https://alalamy.com.au"
51.222.253.15 - - [21/Jul/2025:21:07:49 +0000] "GET /items/tv/earphones/5250029/ HTTP/1.1" 404 20401 "-" "Mozilla/5.0 (compatible; AhrefsBot/7.0; +http://ahrefs.com/robot/)"
209.74.77.214 - - [21/Jul/2025:21:07:56 +0000] "POST /wp-cron.php?doing_wp_cron=1753132076.4354939460754394531250 HTTP/1.1" 200 - "-" "WordPress/6.8.2; https://alalamy.com.au"
216.73.216.97 - - [21/Jul/2025:21:07:56 +0000] "GET /shopbrand/183450415.htm HTTP/1.1" 404 20401 "-" "Mozilla/5.0 AppleWebKit/537.36 (KHTML, like Gecko; compatible; ClaudeBot/1.0; [email protected])"
209.74.77.214 - - [21/Jul/2025:21:08:20 +0000] "POST /wp-cron.php?doing_wp_cron=1753132099.9787719249725341796875 HTTP/1.1" 200 - "-" "WordPress/6.8.2; https://alalamy.com.au"
51.222.253.15 - - [21/Jul/2025:21:08:19 +0000] "GET /items/tv/lenses/3057998/ HTTP/1.1" 404 20401 "-" "Mozilla/5.0 (compatible; AhrefsBot/7.0; +http://ahrefs.com/robot/)"
209.74.77.214 - - [21/Jul/2025:21:08:20 +0000] "POST /wp-admin/admin-ajax.php?action=async_litespeed&nonce=k6JkSnAPYNKcY1Ict90GjEj6M2TKlBgC&litespeed_type=imgoptm HTTP/1.1" 200 21 "-" "WordPress/6.8.2; https://alalamy.com.au"
20.171.207.22 - - [21/Jul/2025:21:08:32 +0000] "GET /shopbrand/169371516.htm HTTP/1.1" 404 20401 "-" "Mozilla/5.0 AppleWebKit/537.36 (KHTML, like Gecko; compatible; GPTBot/1.2; +https://openai.com/gptbot)"
209.74.77.214 - - [21/Jul/2025:21:08:46 +0000] "POST /wp-cron.php?doing_wp_cron=1753132126.7414240837097167968750 HTTP/1.1" 200 - "-" "WordPress/6.8.2; https://alalamy.com.au"
216.73.216.97 - - [21/Jul/2025:21:08:46 +0000] "GET /shopbrand/183441352.htm HTTP/1.1" 404 20401 "-" "Mozilla/5.0 AppleWebKit/537.36 (KHTML, like Gecko; compatible; ClaudeBot/1.0; [email protected])"
51.222.253.16 - - [21/Jul/2025:21:08:50 +0000] "GET /items/tv/other/1847060/ HTTP/1.1" 404 20401 "-" "Mozilla/5.0 (compatible; AhrefsBot/7.0; +http://ahrefs.com/robot/)"
209.74.77.214 - - [21/Jul/2025:21:09:17 +0000] "POST /wp-cron.php?doing_wp_cron=1753132157.9588899612426757812500 HTTP/1.1" 200 - "-" "WordPress/6.8.2; https://alalamy.com.au"
51.222.253.14 - - [21/Jul/2025:21:09:17 +0000] "GET /items/tv/telescopes/2191778/ HTTP/1.1" 404 20401 "-" "Mozilla/5.0 (compatible; AhrefsBot/7.0; +http://ahrefs.com/robot/)"
209.74.77.214 - - [21/Jul/2025:21:09:18 +0000] "POST /wp-admin/admin-ajax.php?action=async_litespeed&nonce=QCBq1uZQc2HfjKYEFzwHfT3Ik2BQzmNk&litespeed_type=imgoptm HTTP/1.1" 200 21 "-" "WordPress/6.8.2; https://alalamy.com.au"
209.74.77.214 - - [21/Jul/2025:21:09:36 +0000] "POST /wp-cron.php?doing_wp_cron=1753132176.2093009948730468750000 HTTP/1.1" 200 - "-" "WordPress/6.8.2; https://alalamy.com.au"
20.171.207.22 - - [21/Jul/2025:21:09:35 +0000] "GET /shopbrand/169266829.htm HTTP/1.1" 404 20401 "-" "Mozilla/5.0 AppleWebKit/537.36 (KHTML, like Gecko; compatible; GPTBot/1.2; +https://openai.com/gptbot)"
51.222.253.10 - - [21/Jul/2025:21:09:40 +0000] "GET /items/tv/tvs/5548091/ HTTP/1.1" 404 20401 "-" "Mozilla/5.0 (compatible; AhrefsBot/7.0; +http://ahrefs.com/robot/)"
209.74.77.214 - - [21/Jul/2025:21:09:54 +0000] "POST /wp-cron.php?doing_wp_cron=1753132194.5432291030883789062500 HTTP/1.1" 200 - "-" "WordPress/6.8.2; https://alalamy.com.au"
216.73.216.97 - - [21/Jul/2025:21:09:54 +0000] "GET /shopbrand/160803796.htm HTTP/1.1" 404 20401 "-" "Mozilla/5.0 AppleWebKit/537.36 (KHTML, like Gecko; compatible; ClaudeBot/1.0; [email protected])"
209.74.77.214 - - [21/Jul/2025:21:10:12 +0000] "POST /wp-cron.php?doing_wp_cron=1753132212.3236429691314697265625 HTTP/1.1" 200 - "-" "WordPress/6.8.2; https://alalamy.com.au"
47.82.11.47 - - [21/Jul/2025:21:10:11 +0000] "GET /?k=6566005091900&mod=0bb3498d&uri=us.php?id%3D219297-367%26name%3Deurohike+tent+carpet HTTP/1.1" 301 - "https://alalamy.com.au/?k=6566005091900&mod=0bb3498d&uri=us.php%3Fid%3D219297-367%26name%3Deurohike+tent+carpet" "Mozilla/5.0 (Windows NT 10.0; Win64; x64) AppleWebKit/537.36 (KHTML, like Gecko) Chrome/114.0.0.0 Safari/537.36 Edg/114.0.1823.43"
47.82.11.47 - - [21/Jul/2025:21:10:12 +0000] "GET /?k=6566005091900&mod=0bb3498d&uri=us.php?id%3D219297-367%26name%3Deurohike%20tent%20carpet HTTP/1.1" 301 - "https://alalamy.com.au/?k=6566005091900&mod=0bb3498d&uri=us.php%3Fid%3D219297-367%26name%3Deurohike+tent+carpet" "Mozilla/5.0 (Windows NT 10.0; Win64; x64) AppleWebKit/537.36 (KHTML, like Gecko) Chrome/114.0.0.0 Safari/537.36 Edg/114.0.1823.43"
209.74.77.214 - - [21/Jul/2025:21:10:12 +0000] "POST /wp-admin/admin-ajax.php?action=async_litespeed&nonce=WviHM870Bd4dEssEB4jfjsUkvPwr7fMn&litespeed_type=imgoptm HTTP/1.1" 200 21 "-" "WordPress/6.8.2; https://alalamy.com.au"
51.222.253.17 - - [21/Jul/2025:21:10:13 +0000] "GET /items/tv/video-cameras/1871242/ HTTP/1.1" 404 20401 "-" "Mozilla/5.0 (compatible; AhrefsBot/7.0; +http://ahrefs.com/robot/)"
209.74.77.214 - - [21/Jul/2025:21:10:38 +0000] "POST /wp-cron.php?doing_wp_cron=1753132238.0546391010284423828125 HTTP/1.1" 200 - "-" "WordPress/6.8.2; https://alalamy.com.au"
20.171.207.22 - - [21/Jul/2025:21:10:37 +0000] "GET /shopbrand/169314671.htm HTTP/1.1" 404 20401 "-" "Mozilla/5.0 AppleWebKit/537.36 (KHTML, like Gecko; compatible; GPTBot/1.2; +https://openai.com/gptbot)"
51.222.253.5 - - [21/Jul/2025:21:10:44 +0000] "GET /items/tv/video-equipment/3576210/ HTTP/1.1" 404 20401 "-" "Mozilla/5.0 (compatible; AhrefsBot/7.0; +http://ahrefs.com/robot/)"
209.74.77.214 - - [21/Jul/2025:21:11:22 +0000] "POST /wp-cron.php?doing_wp_cron=1753132282.0249009132385253906250 HTTP/1.1" 200 - "-" "WordPress/6.8.2; https://alalamy.com.au"
51.222.253.2 - - [21/Jul/2025:21:11:20 +0000] "GET /items/tv/wearable-cameras/4581699/ HTTP/1.1" 404 20400 "-" "Mozilla/5.0 (compatible; AhrefsBot/7.0; +http://ahrefs.com/robot/)"
209.74.77.214 - - [21/Jul/2025:21:11:22 +0000] "POST /wp-admin/admin-ajax.php?action=async_litespeed&nonce=b7zYJF4qA7KFaqKZ7jDnTZKgt11NI3Bg&litespeed_type=imgoptm HTTP/1.1" 200 21 "-" "WordPress/6.8.2; https://alalamy.com.au"
209.74.77.214 - - [21/Jul/2025:21:11:43 +0000] "POST /wp-cron.php?doing_wp_cron=1753132303.0007970333099365234375 HTTP/1.1" 200 - "-" "WordPress/6.8.2; https://alalamy.com.au"
20.171.207.22 - - [21/Jul/2025:21:11:42 +0000] "GET /shopbrand/169297709.htm HTTP/1.1" 404 20401 "-" "Mozilla/5.0 AppleWebKit/537.36 (KHTML, like Gecko; compatible; GPTBot/1.2; +https://openai.com/gptbot)"
66.249.65.164 - - [21/Jul/2025:21:11:45 +0000] "GET /?k=22207917021900&mod=55e58848&uri=shared.php%3Fid%3D741274-183%26name%3Dride+the+hiawatha+bike+trail HTTP/1.1" 200 19649 "-" "Mozilla/5.0 (compatible; Googlebot/2.1; +http://www.google.com/bot.html)"
51.222.253.11 - - [21/Jul/2025:21:11:50 +0000] "GET /items/tv/woofers/1951364/ HTTP/1.1" 404 20401 "-" "Mozilla/5.0 (compatible; AhrefsBot/7.0; +http://ahrefs.com/robot/)"
209.74.77.214 - - [21/Jul/2025:21:11:56 +0000] "POST /wp-cron.php?doing_wp_cron=1753132316.0354089736938476562500 HTTP/1.1" 200 - "-" "WordPress/6.8.2; https://alalamy.com.au"
216.73.216.97 - - [21/Jul/2025:21:11:55 +0000] "GET /shopbrand/183497534.htm HTTP/1.1" 404 20401 "-" "Mozilla/5.0 AppleWebKit/537.36 (KHTML, like Gecko; compatible; ClaudeBot/1.0; [email protected])"
216.73.216.97 - - [21/Jul/2025:21:11:58 +0000] "GET /shopbrand/160888906.htm HTTP/1.1" 404 20401 "-" "Mozilla/5.0 AppleWebKit/537.36 (KHTML, like Gecko; compatible; ClaudeBot/1.0; [email protected])"
216.73.216.97 - - [21/Jul/2025:21:12:01 +0000] "GET /sitemap-20.xml HTTP/1.1" 200 4110 "-" "Mozilla/5.0 AppleWebKit/537.36 (KHTML, like Gecko; compatible; ClaudeBot/1.0; [email protected])"
209.74.77.214 - - [21/Jul/2025:21:12:21 +0000] "POST /wp-cron.php?doing_wp_cron=1753132341.0156118869781494140625 HTTP/1.1" 200 - "-" "WordPress/6.8.2; https://alalamy.com.au"
51.222.253.3 - - [21/Jul/2025:21:12:20 +0000] "GET /items/tv/zoom-lens/1853349/ HTTP/1.1" 404 20401 "-" "Mozilla/5.0 (compatible; AhrefsBot/7.0; +http://ahrefs.com/robot/)"
209.74.77.214 - - [21/Jul/2025:21:12:21 +0000] "POST /wp-admin/admin-ajax.php?action=async_litespeed&nonce=qrSbKGg4HvLWh5A6ELFNTXUilq4trZPA&litespeed_type=imgoptm HTTP/1.1" 200 21 "-" "WordPress/6.8.2; https://alalamy.com.au"
209.74.77.214 - - [21/Jul/2025:21:12:46 +0000] "POST /wp-cron.php?doing_wp_cron=1753132366.6776599884033203125000 HTTP/1.1" 200 - "-" "WordPress/6.8.2; https://alalamy.com.au"
20.171.207.22 - - [21/Jul/2025:21:12:46 +0000] "GET /shopbrand/169268223.htm HTTP/1.1" 404 20401 "-" "Mozilla/5.0 AppleWebKit/537.36 (KHTML, like Gecko; compatible; GPTBot/1.2; +https://openai.com/gptbot)"
209.74.77.214 - - [21/Jul/2025:21:13:02 +0000] "POST /wp-cron.php?doing_wp_cron=1753132382.4124419689178466796875 HTTP/1.1" 200 - "-" "WordPress/6.8.2; https://alalamy.com.au"
51.222.253.7 - - [21/Jul/2025:21:13:02 +0000] "GET /items/tv/zoom-lens/3805076/ HTTP/1.1" 404 20401 "-" "Mozilla/5.0 (compatible; AhrefsBot/7.0; +http://ahrefs.com/robot/)"
209.74.77.214 - - [21/Jul/2025:21:13:02 +0000] "POST /wp-admin/admin-ajax.php?action=async_litespeed&nonce=AtajuMbK0aQGCpOvrlU2L29W3YZV1jtv&litespeed_type=imgoptm HTTP/1.1" 200 21 "-" "WordPress/6.8.2; https://alalamy.com.au"
216.73.216.97 - - [21/Jul/2025:21:13:24 +0000] "GET /shopbrand/160823695.htm HTTP/1.1" 404 20401 "-" "Mozilla/5.0 AppleWebKit/537.36 (KHTML, like Gecko; compatible; ClaudeBot/1.0; [email protected])"
216.73.216.97 - - [21/Jul/2025:21:13:28 +0000] "GET /shopbrand/183444839.htm HTTP/1.1" 404 20401 "-" "Mozilla/5.0 AppleWebKit/537.36 (KHTML, like Gecko; compatible; ClaudeBot/1.0; [email protected])"
209.74.77.214 - - [21/Jul/2025:21:13:37 +0000] "POST /wp-cron.php?doing_wp_cron=1753132417.3120570182800292968750 HTTP/1.1" 200 - "-" "WordPress/6.8.2; https://alalamy.com.au"
51.222.253.6 - - [21/Jul/2025:21:13:37 +0000] "GET /items/tv/zoom-lens/4701884/ HTTP/1.1" 404 20401 "-" "Mozilla/5.0 (compatible; AhrefsBot/7.0; +http://ahrefs.com/robot/)"
20.171.207.22 - - [21/Jul/2025:21:13:47 +0000] "GET /shopbrand/169307161.htm HTTP/1.1" 404 20401 "-" "Mozilla/5.0 AppleWebKit/537.36 (KHTML, like Gecko; compatible; GPTBot/1.2; +https://openai.com/gptbot)"
209.74.77.214 - - [21/Jul/2025:21:14:11 +0000] "POST /wp-cron.php?doing_wp_cron=1753132451.8780930042266845703125 HTTP/1.1" 200 - "-" "WordPress/6.8.2; https://alalamy.com.au"
51.222.253.5 - - [21/Jul/2025:21:14:11 +0000] "GET /shopbrand/101748.htm HTTP/1.1" 404 20401 "-" "Mozilla/5.0 (compatible; AhrefsBot/7.0; +http://ahrefs.com/robot/)"
209.74.77.214 - - [21/Jul/2025:21:14:12 +0000] "POST /wp-admin/admin-ajax.php?action=async_litespeed&nonce=W4OquSEvYVsynMbEV4k9Rj2yTzbQ0XmU&litespeed_type=imgoptm HTTP/1.1" 200 21 "-" "WordPress/6.8.2; https://alalamy.com.au"
209.74.77.214 - - [21/Jul/2025:21:14:47 +0000] "POST /wp-cron.php?doing_wp_cron=1753132487.5294210910797119140625 HTTP/1.1" 200 - "-" "WordPress/6.8.2; https://alalamy.com.au"
51.222.253.9 - - [21/Jul/2025:21:14:45 +0000] "GET /shopbrand/101887.htm HTTP/1.1" 404 20401 "-" "Mozilla/5.0 (compatible; AhrefsBot/7.0; +http://ahrefs.com/robot/)"
20.171.207.22 - - [21/Jul/2025:21:14:49 +0000] "GET /shopbrand/169297975.htm HTTP/1.1" 404 20401 "-" "Mozilla/5.0 AppleWebKit/537.36 (KHTML, like Gecko; compatible; GPTBot/1.2; +https://openai.com/gptbot)"
209.74.77.214 - - [21/Jul/2025:21:15:26 +0000] "POST /wp-cron.php?doing_wp_cron=1753132526.4975039958953857421875 HTTP/1.1" 200 - "-" "WordPress/6.8.2; https://alalamy.com.au"
51.222.253.2 - - [21/Jul/2025:21:15:24 +0000] "GET /shopbrand/102302.htm HTTP/1.1" 404 20400 "-" "Mozilla/5.0 (compatible; AhrefsBot/7.0; +http://ahrefs.com/robot/)"
209.74.77.214 - - [21/Jul/2025:21:15:26 +0000] "POST /wp-admin/admin-ajax.php?action=async_litespeed&nonce=2dpReX4EW4OhJR0LJqmArmmsb8TvVXs9&litespeed_type=imgoptm HTTP/1.1" 200 21 "-" "WordPress/6.8.2; https://alalamy.com.au"
209.74.77.214 - - [21/Jul/2025:21:15:53 +0000] "POST /wp-cron.php?doing_wp_cron=1753132553.1245861053466796875000 HTTP/1.1" 200 - "-" "WordPress/6.8.2; https://alalamy.com.au"
20.171.207.22 - - [21/Jul/2025:21:15:52 +0000] "GET /shopbrand/169252772.htm HTTP/1.1" 404 20400 "-" "Mozilla/5.0 AppleWebKit/537.36 (KHTML, like Gecko; compatible; GPTBot/1.2; +https://openai.com/gptbot)"
51.222.253.17 - - [21/Jul/2025:21:15:54 +0000] "GET /shopbrand/102858.htm HTTP/1.1" 404 20400 "-" "Mozilla/5.0 (compatible; AhrefsBot/7.0; +http://ahrefs.com/robot/)"
209.74.77.214 - - [21/Jul/2025:21:16:11 +0000] "POST /wp-cron.php?doing_wp_cron=1753132571.6320600509643554687500 HTTP/1.1" 200 - "-" "WordPress/6.8.2; https://alalamy.com.au"
216.73.216.97 - - [21/Jul/2025:21:16:11 +0000] "GET /shopbrand/183520711.htm HTTP/1.1" 404 20401 "-" "Mozilla/5.0 AppleWebKit/537.36 (KHTML, like Gecko; compatible; ClaudeBot/1.0; [email protected])"
209.74.77.214 - - [21/Jul/2025:21:16:11 +0000] "POST /wp-admin/admin-ajax.php?action=async_litespeed&nonce=OaNTJEUCBWHG4lSu9CWikmHQUSOEhBdd&litespeed_type=imgoptm HTTP/1.1" 200 21 "-" "WordPress/6.8.2; https://alalamy.com.au"
51.222.253.3 - - [21/Jul/2025:21:16:31 +0000] "GET /shopbrand/103432.htm HTTP/1.1" 404 20401 "-" "Mozilla/5.0 (compatible; AhrefsBot/7.0; +http://ahrefs.com/robot/)"
209.74.77.214 - - [21/Jul/2025:21:16:54 +0000] "POST /wp-cron.php?doing_wp_cron=1753132614.0828061103820800781250 HTTP/1.1" 200 - "-" "WordPress/6.8.2; https://alalamy.com.au"
20.171.207.22 - - [21/Jul/2025:21:16:53 +0000] "GET /shopbrand/169267651.htm HTTP/1.1" 404 20401 "-" "Mozilla/5.0 AppleWebKit/537.36 (KHTML, like Gecko; compatible; GPTBot/1.2; +https://openai.com/gptbot)"
51.222.253.3 - - [21/Jul/2025:21:16:56 +0000] "GET /shopbrand/103972.htm HTTP/1.1" 404 20401 "-" "Mozilla/5.0 (compatible; AhrefsBot/7.0; +http://ahrefs.com/robot/)"
209.74.77.214 - - [21/Jul/2025:21:17:30 +0000] "POST /wp-cron.php?doing_wp_cron=1753132650.6035399436950683593750 HTTP/1.1" 200 - "-" "WordPress/6.8.2; https://alalamy.com.au"
51.222.253.13 - - [21/Jul/2025:21:17:28 +0000] "GET /shopbrand/104369.htm HTTP/1.1" 404 20401 "-" "Mozilla/5.0 (compatible; AhrefsBot/7.0; +http://ahrefs.com/robot/)"
209.74.77.214 - - [21/Jul/2025:21:17:30 +0000] "POST /wp-admin/admin-ajax.php?action=async_litespeed&nonce=fCEW29BsS6PsDCBHy4XJt4Dkv79MX7Gy&litespeed_type=imgoptm HTTP/1.1" 200 21 "-" "WordPress/6.8.2; https://alalamy.com.au"
209.74.77.214 - - [21/Jul/2025:21:17:53 +0000] "POST /wp-cron.php?doing_wp_cron=1753132673.3747520446777343750000 HTTP/1.1" 200 - "-" "WordPress/6.8.2; https://alalamy.com.au"
51.222.253.2 - - [21/Jul/2025:21:17:53 +0000] "GET /shopbrand/105207.htm HTTP/1.1" 404 20401 "-" "Mozilla/5.0 (compatible; AhrefsBot/7.0; +http://ahrefs.com/robot/)"
20.171.207.22 - - [21/Jul/2025:21:17:54 +0000] "GET /shopbrand/169331591.htm HTTP/1.1" 404 20401 "-" "Mozilla/5.0 AppleWebKit/537.36 (KHTML, like Gecko; compatible; GPTBot/1.2; +https://openai.com/gptbot)"
209.74.77.214 - - [21/Jul/2025:21:18:23 +0000] "POST /wp-cron.php?doing_wp_cron=1753132703.5277969837188720703125 HTTP/1.1" 200 - "-" "WordPress/6.8.2; https://alalamy.com.au"
51.222.253.16 - - [21/Jul/2025:21:18:23 +0000] "GET /shopbrand/105241.htm HTTP/1.1" 404 20401 "-" "Mozilla/5.0 (compatible; AhrefsBot/7.0; +http://ahrefs.com/robot/)"
209.74.77.214 - - [21/Jul/2025:21:18:23 +0000] "POST /wp-admin/admin-ajax.php?action=async_litespeed&nonce=CfefzHONQMr7pTom4pl4VPpFjiLF1MHz&litespeed_type=imgoptm HTTP/1.1" 200 21 "-" "WordPress/6.8.2; https://alalamy.com.au"
209.74.77.214 - - [21/Jul/2025:21:18:47 +0000] "POST /wp-cron.php?doing_wp_cron=1753132727.3262948989868164062500 HTTP/1.1" 200 - "-" "WordPress/6.8.2; https://alalamy.com.au"
51.222.253.16 - - [21/Jul/2025:21:18:47 +0000] "GET /shopbrand/105912.htm HTTP/1.1" 404 20401 "-" "Mozilla/5.0 (compatible; AhrefsBot/7.0; +http://ahrefs.com/robot/)"
209.74.77.214 - - [21/Jul/2025:21:18:55 +0000] "POST /wp-cron.php?doing_wp_cron=1753132735.8070108890533447265625 HTTP/1.1" 200 - "-" "WordPress/6.8.2; https://alalamy.com.au"
20.171.207.22 - - [21/Jul/2025:21:18:55 +0000] "GET /shopbrand/169367334.htm HTTP/1.1" 404 20401 "-" "Mozilla/5.0 AppleWebKit/537.36 (KHTML, like Gecko; compatible; GPTBot/1.2; +https://openai.com/gptbot)"
209.74.77.214 - - [21/Jul/2025:21:19:24 +0000] "POST /wp-cron.php?doing_wp_cron=1753132764.3599159717559814453125 HTTP/1.1" 200 - "-" "WordPress/6.8.2; https://alalamy.com.au"
51.222.253.9 - - [21/Jul/2025:21:19:24 +0000] "GET /shopbrand/106079.htm HTTP/1.1" 404 20401 "-" "Mozilla/5.0 (compatible; AhrefsBot/7.0; +http://ahrefs.com/robot/)"
209.74.77.214 - - [21/Jul/2025:21:19:24 +0000] "POST /wp-admin/admin-ajax.php?action=async_litespeed&nonce=Eu7C5gbX6PhxItEEpNvzKKbIIcWfU0vR&litespeed_type=imgoptm HTTP/1.1" 200 21 "-" "WordPress/6.8.2; https://alalamy.com.au"
209.74.77.214 - - [21/Jul/2025:21:19:51 +0000] "POST /wp-cron.php?doing_wp_cron=1753132791.4785931110382080078125 HTTP/1.1" 200 - "-" "WordPress/6.8.2; https://alalamy.com.au"
51.222.253.20 - - [21/Jul/2025:21:19:51 +0000] "GET /shopbrand/106178.htm HTTP/1.1" 404 20401 "-" "Mozilla/5.0 (compatible; AhrefsBot/7.0; +http://ahrefs.com/robot/)"
20.171.207.22 - - [21/Jul/2025:21:19:59 +0000] "GET /shopbrand/169277377.htm HTTP/1.1" 404 20401 "-" "Mozilla/5.0 AppleWebKit/537.36 (KHTML, like Gecko; compatible; GPTBot/1.2; +https://openai.com/gptbot)"
209.74.77.214 - - [21/Jul/2025:21:20:23 +0000] "POST /wp-cron.php?doing_wp_cron=1753132823.4138059616088867187500 HTTP/1.1" 200 - "-" "WordPress/6.8.2; https://alalamy.com.au"
51.222.253.8 - - [21/Jul/2025:21:20:23 +0000] "GET /shopbrand/106891.htm HTTP/1.1" 404 20401 "-" "Mozilla/5.0 (compatible; AhrefsBot/7.0; +http://ahrefs.com/robot/)"
209.74.77.214 - - [21/Jul/2025:21:20:23 +0000] "POST /wp-admin/admin-ajax.php?action=async_litespeed&nonce=lHHQedKPSzg9yYv89xdyDmeUuMWBsIgU&litespeed_type=imgoptm HTTP/1.1" 200 21 "-" "WordPress/6.8.2; https://alalamy.com.au"
47.82.11.80 - - [21/Jul/2025:21:20:26 +0000] "GET /?k=119744885041900&mod=c5b86fa9&uri=blog.php?id%3D3996250-141%26name%3Doutfit+con+tirantes+rojos+mujer HTTP/1.1" 301 - "https://alalamy.com.au/?k=119744885041900&mod=c5b86fa9&uri=blog.php%3Fid%3D3996250-141%26name%3Doutfit+con+tirantes+rojos+mujer" "Mozilla/5.0 (Windows NT 10.0; Win64; x64) AppleWebKit/537.36 (KHTML, like Gecko) Chrome/114.0.0.0 Safari/537.36 Edg/114.0.1823.43"
47.82.11.80 - - [21/Jul/2025:21:20:26 +0000] "GET /?k=119744885041900&mod=c5b86fa9&uri=blog.php?id%3D3996250-141%26name%3Doutfit%20con%20tirantes%20rojos%20mujer HTTP/1.1" 301 - "https://alalamy.com.au/?k=119744885041900&mod=c5b86fa9&uri=blog.php%3Fid%3D3996250-141%26name%3Doutfit+con+tirantes+rojos+mujer" "Mozilla/5.0 (Windows NT 10.0; Win64; x64) AppleWebKit/537.36 (KHTML, like Gecko) Chrome/114.0.0.0 Safari/537.36 Edg/114.0.1823.43"
47.82.11.76 - - [21/Jul/2025:21:20:30 +0000] "GET /?k=6823981021900&mod=bb4df404&uri=shop.php?id%3D227904-384%26name%3Divrose+floral+dress HTTP/1.1" 301 - "https://alalamy.com.au/?k=6823981021900&mod=bb4df404&uri=shop.php%3Fid%3D227904-384%26name%3Divrose+floral+dress" "Mozilla/5.0 (Windows NT 10.0; Win64; x64) AppleWebKit/537.36 (KHTML, like Gecko) Chrome/114.0.0.0 Safari/537.36 Edg/114.0.1823.43"
47.82.11.76 - - [21/Jul/2025:21:20:31 +0000] "GET /?k=6823981021900&mod=bb4df404&uri=shop.php?id%3D227904-384%26name%3Divrose%20floral%20dress HTTP/1.1" 301 - "https://alalamy.com.au/?k=6823981021900&mod=bb4df404&uri=shop.php%3Fid%3D227904-384%26name%3Divrose+floral+dress" "Mozilla/5.0 (Windows NT 10.0; Win64; x64) AppleWebKit/537.36 (KHTML, like Gecko) Chrome/114.0.0.0 Safari/537.36 Edg/114.0.1823.43"
209.74.77.214 - - [21/Jul/2025:21:21:02 +0000] "POST /wp-cron.php?doing_wp_cron=1753132862.2932779788970947265625 HTTP/1.1" 200 - "-" "WordPress/6.8.2; https://alalamy.com.au"
20.171.207.22 - - [21/Jul/2025:21:21:02 +0000] "GET /shopbrand/169298946.htm HTTP/1.1" 404 20401 "-" "Mozilla/5.0 AppleWebKit/537.36 (KHTML, like Gecko; compatible; GPTBot/1.2; +https://openai.com/gptbot)"
209.74.77.214 - - [21/Jul/2025:21:21:02 +0000] "POST /wp-admin/admin-ajax.php?action=async_litespeed&nonce=fQ6ulB8rSMFGzx681xeSrOhXPYlwccFc&litespeed_type=imgoptm HTTP/1.1" 200 21 "-" "WordPress/6.8.2; https://alalamy.com.au"
51.222.253.10 - - [21/Jul/2025:21:21:02 +0000] "GET /shopbrand/108261.htm HTTP/1.1" 404 20401 "-" "Mozilla/5.0 (compatible; AhrefsBot/7.0; +http://ahrefs.com/robot/)"
66.249.65.165 - - [21/Jul/2025:21:21:13 +0000] "GET /?k=57528893001900&mod=d8d7e7b1&uri=search.php%3Fid%3D1919766-383%26name%3Dcinderella+remake+dress HTTP/1.1" 200 19631 "-" "Mozilla/5.0 (compatible; Googlebot/2.1; +http://www.google.com/bot.html)"
47.82.11.70 - - [21/Jul/2025:21:21:20 +0000] "GET /?k=32544904011900&mod=f4d1f9e7&uri=pin.php?id%3D1086219-156%26name%3Dcaldesene+powder+boots HTTP/1.1" 301 - "https://alalamy.com.au/?k=32544904011900&mod=f4d1f9e7&uri=pin.php%3Fid%3D1086219-156%26name%3Dcaldesene+powder+boots" "Mozilla/5.0 (Windows NT 10.0; Win64; x64) AppleWebKit/537.36 (KHTML, like Gecko) Chrome/114.0.0.0 Safari/537.36 Edg/114.0.1823.43"
47.82.11.70 - - [21/Jul/2025:21:21:20 +0000] "GET /?k=32544904011900&mod=f4d1f9e7&uri=pin.php?id%3D1086219-156%26name%3Dcaldesene%20powder%20boots HTTP/1.1" 301 - "https://alalamy.com.au/?k=32544904011900&mod=f4d1f9e7&uri=pin.php%3Fid%3D1086219-156%26name%3Dcaldesene+powder+boots" "Mozilla/5.0 (Windows NT 10.0; Win64; x64) AppleWebKit/537.36 (KHTML, like Gecko) Chrome/114.0.0.0 Safari/537.36 Edg/114.0.1823.43"
209.74.77.214 - - [21/Jul/2025:21:21:35 +0000] "POST /wp-cron.php?doing_wp_cron=1753132895.1208479404449462890625 HTTP/1.1" 200 - "-" "WordPress/6.8.2; https://alalamy.com.au"
51.222.253.2 - - [21/Jul/2025:21:21:34 +0000] "GET /shopbrand/108303.htm HTTP/1.1" 404 20401 "-" "Mozilla/5.0 (compatible; AhrefsBot/7.0; +http://ahrefs.com/robot/)"
57.141.2.20 - - [21/Jul/2025:21:21:41 +0000] "GET /shopbrand/113288177.htm HTTP/1.1" 404 98911 "-" "meta-externalagent/1.1 (+https://developers.facebook.com/docs/sharing/webmasters/crawler)"
209.74.77.214 - - [21/Jul/2025:21:21:55 +0000] "POST /wp-cron.php?doing_wp_cron=1753132915.7282350063323974609375 HTTP/1.1" 200 - "-" "WordPress/6.8.2; https://alalamy.com.au"
57.141.2.11 - - [21/Jul/2025:21:21:55 +0000] "GET /shopbrand/113352574.htm HTTP/1.1" 404 98911 "-" "meta-externalagent/1.1 (+https://developers.facebook.com/docs/sharing/webmasters/crawler)"
209.74.77.214 - - [21/Jul/2025:21:22:03 +0000] "POST /wp-cron.php?doing_wp_cron=1753132923.4768080711364746093750 HTTP/1.1" 200 - "-" "WordPress/6.8.2; https://alalamy.com.au"
20.171.207.22 - - [21/Jul/2025:21:22:03 +0000] "GET /shopbrand/169319792.htm HTTP/1.1" 404 20401 "-" "Mozilla/5.0 AppleWebKit/537.36 (KHTML, like Gecko; compatible; GPTBot/1.2; +https://openai.com/gptbot)"
209.74.77.214 - - [21/Jul/2025:21:22:03 +0000] "POST /wp-admin/admin-ajax.php?action=async_litespeed&nonce=s9DODWQDQhyO4fEPgWU5g5C264m49EY9&litespeed_type=imgoptm HTTP/1.1" 200 21 "-" "WordPress/6.8.2; https://alalamy.com.au"
209.85.238.68 - - [21/Jul/2025:21:22:07 +0000] "GET /?k=6541045031900&mod=c5136a36&uri=products.php%3Fid%3D218465-366%26name%3Dlevi%27s+512+womens+bootcut HTTP/1.1" 301 - "-" "Mozilla/5.0 (X11; Linux x86_64) AppleWebKit/537.36 (KHTML, like Gecko) Chrome/137.0.7151.119 Safari/537.36"
209.85.238.68 - - [21/Jul/2025:21:22:08 +0000] "GET /?k=6541045031900&mod=c5136a36&uri=products.php%3Fid%3D218465-366%26name%3Dlevi%27s%20512%20womens%20bootcut HTTP/1.1" 200 26625 "-" "Mozilla/5.0 (X11; Linux x86_64) AppleWebKit/537.36 (KHTML, like Gecko) Chrome/137.0.7151.119 Safari/537.36"
209.85.238.70 - - [21/Jul/2025:21:22:08 +0000] "GET /wp-content/plugins/kaffen-plugin/elementor/assets/css/style.css?ver=1 HTTP/1.1" 200 155 "https://alalamy.com.au/?k=6541045031900&mod=c5136a36&uri=products.php%3Fid%3D218465-366%26name%3Dlevi%27s%20512%20womens%20bootcut" "Mozilla/5.0 (X11; Linux x86_64) AppleWebKit/537.36 (KHTML, like Gecko) Chrome/137.0.7151.119 Safari/537.36"
209.85.238.70 - - [21/Jul/2025:21:22:08 +0000] "GET /wp-content/plugins/contact-form-7/includes/css/styles.css?ver=6.0.6 HTTP/1.1" 200 1015 "https://alalamy.com.au/?k=6541045031900&mod=c5136a36&uri=products.php%3Fid%3D218465-366%26name%3Dlevi%27s%20512%20womens%20bootcut" "Mozilla/5.0 (X11; Linux x86_64) AppleWebKit/537.36 (KHTML, like Gecko) Chrome/137.0.7151.119 Safari/537.36"
209.85.238.70 - - [21/Jul/2025:21:22:09 +0000] "GET /wp-content/plugins/leadconnector/public/css/lc-public.css?ver=3.0.8 HTTP/1.1" 200 106 "https://alalamy.com.au/?k=6541045031900&mod=c5136a36&uri=products.php%3Fid%3D218465-366%26name%3Dlevi%27s%20512%20womens%20bootcut" "Mozilla/5.0 (X11; Linux x86_64) AppleWebKit/537.36 (KHTML, like Gecko) Chrome/137.0.7151.119 Safari/537.36"
209.85.238.69 - - [21/Jul/2025:21:22:09 +0000] "GET /wp-content/themes/kaffen/style.css?ver=6.8.2 HTTP/1.1" 200 22648 "https://alalamy.com.au/?k=6541045031900&mod=c5136a36&uri=products.php%3Fid%3D218465-366%26name%3Dlevi%27s%20512%20womens%20bootcut" "Mozilla/5.0 (X11; Linux x86_64) AppleWebKit/537.36 (KHTML, like Gecko) Chrome/137.0.7151.119 Safari/537.36"
209.85.238.69 - - [21/Jul/2025:21:22:09 +0000] "GET /wp-content/plugins/elementor/assets/css/frontend.min.css?ver=3.29.1 HTTP/1.1" 200 7106 "https://alalamy.com.au/?k=6541045031900&mod=c5136a36&uri=products.php%3Fid%3D218465-366%26name%3Dlevi%27s%20512%20womens%20bootcut" "Mozilla/5.0 (X11; Linux x86_64) AppleWebKit/537.36 (KHTML, like Gecko) Chrome/137.0.7151.119 Safari/537.36"
209.85.238.69 - - [21/Jul/2025:21:22:10 +0000] "GET /wp-content/plugins/woocommerce/assets/css/woocommerce-layout.css?ver=9.8.5 HTTP/1.1" 200 3414 "https://alalamy.com.au/?k=6541045031900&mod=c5136a36&uri=products.php%3Fid%3D218465-366%26name%3Dlevi%27s%20512%20womens%20bootcut" "Mozilla/5.0 (X11; Linux x86_64) AppleWebKit/537.36 (KHTML, like Gecko) Chrome/137.0.7151.119 Safari/537.36"
209.85.238.69 - - [21/Jul/2025:21:22:10 +0000] "GET /wp-content/themes/kaffen/assets/styles/vendors/swiper.css?ver=6.8.2 HTTP/1.1" 200 4583 "https://alalamy.com.au/?k=6541045031900&mod=c5136a36&uri=products.php%3Fid%3D218465-366%26name%3Dlevi%27s%20512%20womens%20bootcut" "Mozilla/5.0 (X11; Linux x86_64) AppleWebKit/537.36 (KHTML, like Gecko) Chrome/137.0.7151.119 Safari/537.36"
209.85.238.70 - - [21/Jul/2025:21:22:10 +0000] "GET /wp-content/themes/kaffen/assets/fonts/font-awesome/css/line-awesome.css?ver=6.8.2 HTTP/1.1" 200 16892 "https://alalamy.com.au/?k=6541045031900&mod=c5136a36&uri=products.php%3Fid%3D218465-366%26name%3Dlevi%27s%20512%20womens%20bootcut" "Mozilla/5.0 (X11; Linux x86_64) AppleWebKit/537.36 (KHTML, like Gecko) Chrome/137.0.7151.119 Safari/537.36"
209.85.238.68 - - [21/Jul/2025:21:22:11 +0000] "GET /wp-content/uploads/elementor/css/post-41.css?ver=1748846879 HTTP/1.1" 200 405 "https://alalamy.com.au/?k=6541045031900&mod=c5136a36&uri=products.php%3Fid%3D218465-366%26name%3Dlevi%27s%20512%20womens%20bootcut" "Mozilla/5.0 (X11; Linux x86_64) AppleWebKit/537.36 (KHTML, like Gecko) Chrome/137.0.7151.119 Safari/537.36"
