51.222.253.1 - - [21/Jul/2025:14:33:27 +0000] "GET /items/air-conditioning/air-conditioners/4337561/ HTTP/1.1" 404 20401 "-" "Mozilla/5.0 (compatible; AhrefsBot/7.0; +http://ahrefs.com/robot/)"
66.249.65.164 - - [21/Jul/2025:14:33:52 +0000] "GET /?k=58485398001900&mod=d8d7e7b1&uri=products.php%3Fid%3D1951686-383%26name%3Dtacera+dress+2x HTTP/1.1" 200 19626 "-" "Mozilla/5.0 (Linux; Android 6.0.1; Nexus 5X Build/MMB29P) AppleWebKit/537.36 (KHTML, like Gecko) Chrome/137.0.7151.103 Mobile Safari/537.36 (compatible; Googlebot/2.1; +http://www.google.com/bot.html)"
209.74.77.214 - - [21/Jul/2025:14:34:12 +0000] "POST /wp-admin/admin-ajax.php?action=async_litespeed&nonce=vNdIF2SLBo4m9RtWpFrE0Za2jvFQNwt6&litespeed_type=imgoptm HTTP/1.1" 200 21 "-" "WordPress/6.8.2; https://alalamy.com.au"
66.249.65.165 - - [21/Jul/2025:14:35:07 +0000] "GET /items/fashion/shoes/4774920/ HTTP/1.1" 200 18752 "-" "Mozilla/5.0 (Linux; Android 6.0.1; Nexus 5X Build/MMB29P) AppleWebKit/537.36 (KHTML, like Gecko) Chrome/137.0.7151.103 Mobile Safari/537.36 (compatible; GoogleOther)"
209.74.77.214 - - [21/Jul/2025:14:35:15 +0000] "POST /wp-admin/admin-ajax.php?action=async_litespeed&nonce=WBxpaDigjHaFJTCyXsIWG37OD9PmSXBW&litespeed_type=imgoptm HTTP/1.1" 200 21 "-" "WordPress/6.8.2; https://alalamy.com.au"
209.74.77.214 - - [21/Jul/2025:14:36:19 +0000] "POST /wp-admin/admin-ajax.php?action=async_litespeed&nonce=EL3Xcgn47lRzathrzZ2Y9OXjRRzCuIHa&litespeed_type=imgoptm HTTP/1.1" 200 21 "-" "WordPress/6.8.2; https://alalamy.com.au"
209.74.77.214 - - [21/Jul/2025:14:37:22 +0000] "POST /wp-admin/admin-ajax.php?action=async_litespeed&nonce=CwFLydPRdnaJxg6RO8NdnNzMc9oz4KUQ&litespeed_type=imgoptm HTTP/1.1" 200 21 "-" "WordPress/6.8.2; https://alalamy.com.au"
66.249.65.165 - - [21/Jul/2025:14:37:30 +0000] "POST /get-message-notify HTTP/1.1" 200 19553 "https://alalamy.com.au/items/fashion/shoes/4774920/" "Mozilla/5.0 (Linux; Android 6.0.1; Nexus 5X Build/MMB29P) AppleWebKit/537.36 (KHTML, like Gecko) Chrome/137.0.7151.119 Mobile Safari/537.36 (compatible; Googlebot/2.1; +http://www.google.com/bot.html)"
66.249.65.164 - - [21/Jul/2025:14:37:52 +0000] "GET /items/fashion/shoes/2942647/ HTTP/1.1" 200 21949 "-" "Mozilla/5.0 (Linux; Android 6.0.1; Nexus 5X Build/MMB29P) AppleWebKit/537.36 (KHTML, like Gecko) Chrome/137.0.7151.103 Mobile Safari/537.36 (compatible; GoogleOther)"
66.249.65.164 - - [21/Jul/2025:14:37:56 +0000] "POST /get-message-notify HTTP/1.1" 200 19553 "https://alalamy.com.au/items/fashion/shoes/2942647/" "Mozilla/5.0 (Linux; Android 6.0.1; Nexus 5X Build/MMB29P) AppleWebKit/537.36 (KHTML, like Gecko) Chrome/137.0.7151.119 Mobile Safari/537.36 (compatible; Googlebot/2.1; +http://www.google.com/bot.html)"
209.74.77.214 - - [21/Jul/2025:14:38:18 +0000] "POST /wp-cron.php?doing_wp_cron=1753108698.0882010459899902343750 HTTP/1.1" 200 - "-" "WordPress/6.8.2; https://alalamy.com.au"
172.182.211.195 - - [21/Jul/2025:14:38:17 +0000] "GET /?k=119852186061900&mod=34a95ac7&uri=shared.php%3Fid%3D3999830-323%26name%3Dbento+box+thermos+hot+lunch HTTP/1.1" 301 - "-" "Mozilla/5.0 (Macintosh; Intel Mac OS X 10_15_7) AppleWebKit/537.36 (KHTML, like Gecko) Chrome/131.0.0.0 Safari/537.36; compatible; OAI-SearchBot/1.0; +https://openai.com/searchbot"
209.74.77.214 - - [21/Jul/2025:14:38:18 +0000] "POST /wp-admin/admin-ajax.php?action=async_litespeed&nonce=kXpAlh1ymdi3H5Ud4mhUiUzIE7dif0EG&litespeed_type=imgoptm HTTP/1.1" 200 21 "-" "WordPress/6.8.2; https://alalamy.com.au"
172.182.211.195 - - [21/Jul/2025:14:38:18 +0000] "GET /?k=119852186061900&mod=34a95ac7&uri=shared.php%3Fid%3D3999830-323%26name%3Dbento%20box%20thermos%20hot%20lunch HTTP/1.1" 200 26625 "-" "Mozilla/5.0 (Macintosh; Intel Mac OS X 10_15_7) AppleWebKit/537.36 (KHTML, like Gecko) Chrome/131.0.0.0 Safari/537.36; compatible; OAI-SearchBot/1.0; +https://openai.com/searchbot"
209.74.77.214 - - [21/Jul/2025:14:39:28 +0000] "POST /wp-admin/admin-ajax.php?action=async_litespeed&nonce=VGSUiGOiYJ8g0g9MREpvtzJbwN4xYOLP&litespeed_type=imgoptm HTTP/1.1" 200 21 "-" "WordPress/6.8.2; https://alalamy.com.au"
66.249.65.165 - - [21/Jul/2025:14:40:06 +0000] "GET /items/fashion/womens/3495886/ HTTP/1.1" 200 18815 "-" "Mozilla/5.0 (Linux; Android 6.0.1; Nexus 5X Build/MMB29P) AppleWebKit/537.36 (KHTML, like Gecko) Chrome/137.0.7151.103 Mobile Safari/537.36 (compatible; GoogleOther)"
66.249.65.166 - - [21/Jul/2025:14:40:08 +0000] "GET /items/fashion/kimono/2858742/ HTTP/1.1" 200 19796 "-" "Mozilla/5.0 (Linux; Android 6.0.1; Nexus 5X Build/MMB29P) AppleWebKit/537.36 (KHTML, like Gecko) Chrome/137.0.7151.103 Mobile Safari/537.36 (compatible; GoogleOther)"
66.249.65.165 - - [21/Jul/2025:14:40:10 +0000] "POST /get-message-notify HTTP/1.1" 200 19553 "https://alalamy.com.au/items/fashion/kimono/2858742/" "Mozilla/5.0 (Linux; Android 6.0.1; Nexus 5X Build/MMB29P) AppleWebKit/537.36 (KHTML, like Gecko) Chrome/137.0.7151.119 Mobile Safari/537.36 (compatible; Googlebot/2.1; +http://www.google.com/bot.html)"
66.249.65.164 - - [21/Jul/2025:14:40:14 +0000] "POST /get-message-notify HTTP/1.1" 200 19553 "https://alalamy.com.au/items/fashion/womens/3495886/" "Mozilla/5.0 (Linux; Android 6.0.1; Nexus 5X Build/MMB29P) AppleWebKit/537.36 (KHTML, like Gecko) Chrome/137.0.7151.119 Mobile Safari/537.36 (compatible; Googlebot/2.1; +http://www.google.com/bot.html)"
209.74.77.214 - - [21/Jul/2025:14:40:31 +0000] "POST /wp-admin/admin-ajax.php?action=async_litespeed&nonce=27JhjG3A9rdjYDYcbNcPlOmU3sMgt6Mr&litespeed_type=imgoptm HTTP/1.1" 200 21 "-" "WordPress/6.8.2; https://alalamy.com.au"
209.74.77.214 - - [21/Jul/2025:14:40:31 +0000] "POST /wp-admin/admin-ajax.php?action=wp_1_wc_privacy_cleanup&nonce=bd4e7d5a02 HTTP/1.1" 200 - "-" "WordPress/6.8.2; https://alalamy.com.au"
66.249.65.166 - - [21/Jul/2025:14:41:13 +0000] "GET /items/cameras/cameras/3136608/ HTTP/1.1" 200 18995 "-" "Mozilla/5.0 (Linux; Android 6.0.1; Nexus 5X Build/MMB29P) AppleWebKit/537.36 (KHTML, like Gecko) Chrome/137.0.7151.103 Mobile Safari/537.36 (compatible; GoogleOther)"
66.249.65.165 - - [21/Jul/2025:14:41:27 +0000] "POST /get-message-notify HTTP/1.1" 200 19553 "https://alalamy.com.au/items/cameras/cameras/3136608/" "Mozilla/5.0 (Linux; Android 6.0.1; Nexus 5X Build/MMB29P) AppleWebKit/537.36 (KHTML, like Gecko) Chrome/137.0.7151.119 Mobile Safari/537.36 (compatible; Googlebot/2.1; +http://www.google.com/bot.html)"
66.249.65.166 - - [21/Jul/2025:14:42:21 +0000] "GET /?k=6404276011900&mod=55e58848&uri=form.php%3Fid%3D213905-183%26name%3Dhero+honda+back HTTP/1.1" 200 19588 "-" "Mozilla/5.0 (Linux; Android 6.0.1; Nexus 5X Build/MMB29P) AppleWebKit/537.36 (KHTML, like Gecko) Chrome/137.0.7151.103 Mobile Safari/537.36 (compatible; Googlebot/2.1; +http://www.google.com/bot.html)"
209.74.77.214 - - [21/Jul/2025:14:42:35 +0000] "POST /wp-admin/admin-ajax.php?action=async_litespeed&nonce=dd3UdKtYJ5L7iY83JfAHf5nulsON3nxI&litespeed_type=imgoptm HTTP/1.1" 200 21 "-" "WordPress/6.8.2; https://alalamy.com.au"
209.74.77.214 - - [21/Jul/2025:14:43:35 +0000] "POST /wp-admin/admin-ajax.php?action=async_litespeed&nonce=YfOHaVOAPsKzrqSzJDGOkjsL3Fa4lap3&litespeed_type=imgoptm HTTP/1.1" 200 21 "-" "WordPress/6.8.2; https://alalamy.com.au"
209.74.77.214 - - [21/Jul/2025:14:43:54 +0000] "POST /wp-cron.php?doing_wp_cron=1753109034.9674940109252929687500 HTTP/1.1" 200 - "-" "WordPress/6.8.2; https://alalamy.com.au"
57.141.2.10 - - [21/Jul/2025:14:43:54 +0000] "GET /?k=91953741011900& HTTP/1.1" 301 - "-" "meta-externalagent/1.1 (+https://developers.facebook.com/docs/sharing/webmasters/crawler)"
66.249.65.165 - - [21/Jul/2025:14:43:59 +0000] "POST /get-message-notify HTTP/1.1" 200 19553 "https://alalamy.com.au/?k=6404276011900&mod=55e58848&uri=form.php%3Fid%3D213905-183%26name%3Dhero+honda+back" "Mozilla/5.0 (Linux; Android 6.0.1; Nexus 5X Build/MMB29P) AppleWebKit/537.36 (KHTML, like Gecko) Chrome/137.0.7151.119 Mobile Safari/537.36 (compatible; Googlebot/2.1; +http://www.google.com/bot.html)"
209.74.77.214 - - [21/Jul/2025:14:44:38 +0000] "POST /wp-admin/admin-ajax.php?action=async_litespeed&nonce=mtMfcTbGN3xuF3GCG04ZsyRqlHVPJ1bS&litespeed_type=imgoptm HTTP/1.1" 200 21 "-" "WordPress/6.8.2; https://alalamy.com.au"
209.74.77.214 - - [21/Jul/2025:14:45:42 +0000] "POST /wp-admin/admin-ajax.php?action=async_litespeed&nonce=Jb02wDfddJPpielBCgegWxxNq9fNXy0D&litespeed_type=imgoptm HTTP/1.1" 200 21 "-" "WordPress/6.8.2; https://alalamy.com.au"
209.74.77.214 - - [21/Jul/2025:14:46:45 +0000] "POST /wp-admin/admin-ajax.php?action=async_litespeed&nonce=UUMWYOR0k8GXXV9kLCifHC3PmSfEgqRN&litespeed_type=imgoptm HTTP/1.1" 200 21 "-" "WordPress/6.8.2; https://alalamy.com.au"
209.74.77.214 - - [21/Jul/2025:14:47:48 +0000] "POST /wp-admin/admin-ajax.php?action=async_litespeed&nonce=XZaHZkmEsbnv7bg8gIyt55n7WG8nhhmn&litespeed_type=imgoptm HTTP/1.1" 200 21 "-" "WordPress/6.8.2; https://alalamy.com.au"
54.219.218.235 - - [21/Jul/2025:14:47:53 +0000] "GET / HTTP/1.1" 200 26633 "-" "Mozilla/5.0 (X11; Linux x86_64) AppleWebKit/537.36 (KHTML, like Gecko) Chrome/137.0.0.0 Safari/537.36"
209.74.77.214 - - [21/Jul/2025:14:48:48 +0000] "POST /wp-admin/admin-ajax.php?action=async_litespeed&nonce=dVkUw39qeekfjPeQITpAChGTOY21LVgj&litespeed_type=imgoptm HTTP/1.1" 200 21 "-" "WordPress/6.8.2; https://alalamy.com.au"
209.74.77.214 - - [21/Jul/2025:14:49:38 +0000] "POST /wp-admin/admin-ajax.php?action=async_litespeed&nonce=fDoqGfcJAIjVrrjEDhAaGhgqWzsL6nni&litespeed_type=imgoptm HTTP/1.1" 200 21 "-" "WordPress/6.8.2; https://alalamy.com.au"
209.74.77.214 - - [21/Jul/2025:14:50:54 +0000] "POST /wp-admin/admin-ajax.php?action=async_litespeed&nonce=kLkKbKlj4QfIzK5NUU60yipxuIEw3e8P&litespeed_type=imgoptm HTTP/1.1" 200 21 "-" "WordPress/6.8.2; https://alalamy.com.au"
209.74.77.214 - - [21/Jul/2025:14:51:23 +0000] "POST /wp-cron.php?doing_wp_cron=1753109483.3856918811798095703125 HTTP/1.1" 200 - "-" "WordPress/6.8.2; https://alalamy.com.au"
47.82.11.58 - - [21/Jul/2025:14:51:23 +0000] "GET /?k=6529105031900&mod=c5136a36&uri=brands.php?id%3D218067-366%26name%3Dlevi+wedgie+cut HTTP/1.1" 301 - "https://alalamy.com.au/?k=6529105031900&mod=c5136a36&uri=brands.php%3Fid%3D218067-366%26name%3Dlevi+wedgie+cut" "Mozilla/5.0 (Windows NT 10.0; Win64; x64) AppleWebKit/537.36 (KHTML, like Gecko) Chrome/114.0.0.0 Safari/537.36 Edg/114.0.1823.43"
209.74.77.214 - - [21/Jul/2025:14:51:23 +0000] "POST /wp-admin/admin-ajax.php?action=async_litespeed&nonce=r1KMWj2ESSUe0m6HMaglsOQivXcEdlUk&litespeed_type=imgoptm HTTP/1.1" 200 21 "-" "WordPress/6.8.2; https://alalamy.com.au"
47.82.11.58 - - [21/Jul/2025:14:51:23 +0000] "GET /?k=6529105031900&mod=c5136a36&uri=brands.php?id%3D218067-366%26name%3Dlevi%20wedgie%20cut HTTP/1.1" 301 - "https://alalamy.com.au/?k=6529105031900&mod=c5136a36&uri=brands.php%3Fid%3D218067-366%26name%3Dlevi+wedgie+cut" "Mozilla/5.0 (Windows NT 10.0; Win64; x64) AppleWebKit/537.36 (KHTML, like Gecko) Chrome/114.0.0.0 Safari/537.36 Edg/114.0.1823.43"
209.74.77.214 - - [21/Jul/2025:14:52:15 +0000] "POST /wp-cron.php?doing_wp_cron=1753109535.4529159069061279296875 HTTP/1.1" 200 - "-" "WordPress/6.8.2; https://alalamy.com.au"
57.141.2.28 - - [21/Jul/2025:14:52:15 +0000] "GET /?k=63555043061900& HTTP/1.1" 301 - "-" "meta-externalagent/1.1 (+https://developers.facebook.com/docs/sharing/webmasters/crawler)"
209.74.77.214 - - [21/Jul/2025:14:52:15 +0000] "POST /wp-admin/admin-ajax.php?action=async_litespeed&nonce=LmaTGiyD02BxFVyyR6emO0am7Iunq7Rw&litespeed_type=imgoptm HTTP/1.1" 200 21 "-" "WordPress/6.8.2; https://alalamy.com.au"
47.82.11.48 - - [21/Jul/2025:14:52:17 +0000] "GET /?k=6572245011900&mod=0bb3498d&uri=goods.php?id%3D219505-367%26name%3Dquest+canopy+10x10 HTTP/1.1" 301 - "https://alalamy.com.au/?k=6572245011900&mod=0bb3498d&uri=goods.php%3Fid%3D219505-367%26name%3Dquest+canopy+10x10" "Mozilla/5.0 (Windows NT 10.0; Win64; x64) AppleWebKit/537.36 (KHTML, like Gecko) Chrome/114.0.0.0 Safari/537.36 Edg/114.0.1823.43"
47.82.11.48 - - [21/Jul/2025:14:52:17 +0000] "GET /?k=6572245011900&mod=0bb3498d&uri=goods.php?id%3D219505-367%26name%3Dquest%20canopy%2010x10 HTTP/1.1" 301 - "https://alalamy.com.au/?k=6572245011900&mod=0bb3498d&uri=goods.php%3Fid%3D219505-367%26name%3Dquest+canopy+10x10" "Mozilla/5.0 (Windows NT 10.0; Win64; x64) AppleWebKit/537.36 (KHTML, like Gecko) Chrome/114.0.0.0 Safari/537.36 Edg/114.0.1823.43"
66.249.65.165 - - [21/Jul/2025:14:52:39 +0000] "GET /items/fashion/mens/3302267/ HTTP/1.1" 200 21438 "-" "Mozilla/5.0 (Linux; Android 6.0.1; Nexus 5X Build/MMB29P) AppleWebKit/537.36 (KHTML, like Gecko) Chrome/137.0.7151.103 Mobile Safari/537.36 (compatible; GoogleOther)"
66.249.65.165 - - [21/Jul/2025:14:52:44 +0000] "POST /get-message-notify HTTP/1.1" 200 19553 "https://alalamy.com.au/items/fashion/mens/3302267/" "Mozilla/5.0 (Linux; Android 6.0.1; Nexus 5X Build/MMB29P) AppleWebKit/537.36 (KHTML, like Gecko) Chrome/137.0.7151.119 Mobile Safari/537.36 (compatible; Googlebot/2.1; +http://www.google.com/bot.html)"
209.74.77.214 - - [21/Jul/2025:14:52:48 +0000] "POST /wp-cron.php?doing_wp_cron=1753109568.8735868930816650390625 HTTP/1.1" 200 - "-" "WordPress/6.8.2; https://alalamy.com.au"
47.82.11.37 - - [21/Jul/2025:14:52:48 +0000] "GET /?k=42074953031900&mod=4ef30115&uri=search.php?id%3D1404221-91%26name%3Dsplendor+plus+bike+2021+price HTTP/1.1" 301 - "https://alalamy.com.au/?k=42074953031900&mod=4ef30115&uri=search.php%3Fid%3D1404221-91%26name%3Dsplendor+plus+bike+2021+price" "Mozilla/5.0 (Windows NT 10.0; Win64; x64) AppleWebKit/537.36 (KHTML, like Gecko) Chrome/114.0.0.0 Safari/537.36 Edg/114.0.1823.43"
47.82.11.37 - - [21/Jul/2025:14:52:49 +0000] "GET /?k=42074953031900&mod=4ef30115&uri=search.php?id%3D1404221-91%26name%3Dsplendor%20plus%20bike%202021%20price HTTP/1.1" 301 - "https://alalamy.com.au/?k=42074953031900&mod=4ef30115&uri=search.php%3Fid%3D1404221-91%26name%3Dsplendor+plus+bike+2021+price" "Mozilla/5.0 (Windows NT 10.0; Win64; x64) AppleWebKit/537.36 (KHTML, like Gecko) Chrome/114.0.0.0 Safari/537.36 Edg/114.0.1823.43"
209.74.77.214 - - [21/Jul/2025:14:54:03 +0000] "POST /wp-admin/admin-ajax.php?action=async_litespeed&nonce=pTCZP4FIkfXkC6dfNOhVSbgiAnX0tUxM&litespeed_type=imgoptm HTTP/1.1" 200 21 "-" "WordPress/6.8.2; https://alalamy.com.au"
209.74.77.214 - - [21/Jul/2025:14:55:05 +0000] "POST /wp-admin/admin-ajax.php?action=async_litespeed&nonce=ABSldkAJxCGW4keW6T2zzDYvxQ18Ph0W&litespeed_type=imgoptm HTTP/1.1" 200 21 "-" "WordPress/6.8.2; https://alalamy.com.au"
51.222.253.3 - - [21/Jul/2025:14:55:34 +0000] "GET /robots.txt HTTP/1.1" 200 92 "-" "Mozilla/5.0 (compatible; AhrefsBot/7.0; +http://ahrefs.com/robot/)"
209.74.77.214 - - [21/Jul/2025:14:55:40 +0000] "POST /wp-cron.php?doing_wp_cron=1753109740.2591569423675537109375 HTTP/1.1" 200 - "-" "WordPress/6.8.2; https://alalamy.com.au"
51.222.253.1 - - [21/Jul/2025:14:55:38 +0000] "GET /items/air-conditioning/appliances/1951437/ HTTP/1.1" 404 20401 "-" "Mozilla/5.0 (compatible; AhrefsBot/7.0; +http://ahrefs.com/robot/)"
209.74.77.214 - - [21/Jul/2025:14:56:08 +0000] "POST /wp-admin/admin-ajax.php?action=async_litespeed&nonce=HqeqyfQwMr6KgMyNeLSJXZdX5JlZZaGi&litespeed_type=imgoptm HTTP/1.1" 200 21 "-" "WordPress/6.8.2; https://alalamy.com.au"
209.74.77.214 - - [21/Jul/2025:14:57:14 +0000] "POST /wp-admin/admin-ajax.php?action=async_litespeed&nonce=ZkYWBMZNaam6H8r3zDgiEZOkP4jhAtZG&litespeed_type=imgoptm HTTP/1.1" 200 21 "-" "WordPress/6.8.2; https://alalamy.com.au"
209.74.77.214 - - [21/Jul/2025:14:58:15 +0000] "POST /wp-admin/admin-ajax.php?action=async_litespeed&nonce=SXdZK4m9lGyxwkkAhNwjFaGP455IJsY6&litespeed_type=imgoptm HTTP/1.1" 200 21 "-" "WordPress/6.8.2; https://alalamy.com.au"
216.73.216.231 - - [21/Jul/2025:14:58:53 +0000] "GET /robots.txt HTTP/1.1" 200 92 "-" "Mozilla/5.0 AppleWebKit/537.36 (KHTML, like Gecko; compatible; ClaudeBot/1.0; [email protected])"
216.73.216.231 - - [21/Jul/2025:14:58:53 +0000] "GET /sitemap.xml HTTP/1.1" 200 4148 "-" "Mozilla/5.0 AppleWebKit/537.36 (KHTML, like Gecko; compatible; ClaudeBot/1.0; [email protected])"
209.74.77.214 - - [21/Jul/2025:14:59:16 +0000] "POST /wp-admin/admin-ajax.php?action=async_litespeed&nonce=A5eLlZeTfNR2XU4J8Bw3tA6uiezWYn0n&litespeed_type=imgoptm HTTP/1.1" 200 21 "-" "WordPress/6.8.2; https://alalamy.com.au"
66.249.65.164 - - [21/Jul/2025:15:00:16 +0000] "GET /shopbrand/7363505.htm HTTP/1.1" 200 20622 "-" "Mozilla/5.0 (Linux; Android 6.0.1; Nexus 5X Build/MMB29P) AppleWebKit/537.36 (KHTML, like Gecko) Chrome/137.0.7151.103 Mobile Safari/537.36 (compatible; Googlebot/2.1; +http://www.google.com/bot.html)"
209.74.77.214 - - [21/Jul/2025:15:00:20 +0000] "POST /wp-admin/admin-ajax.php?action=async_litespeed&nonce=oBXbl3qbgKYUTwjnzFhNnwu0toXcNa0D&litespeed_type=imgoptm HTTP/1.1" 200 21 "-" "WordPress/6.8.2; https://alalamy.com.au"
209.74.77.214 - - [21/Jul/2025:15:01:26 +0000] "POST /wp-admin/admin-ajax.php?action=async_litespeed&nonce=mL74Z1aIHB4o2QLNr52rC19t3Oz7aC2X&litespeed_type=imgoptm HTTP/1.1" 200 21 "-" "WordPress/6.8.2; https://alalamy.com.au"
209.74.77.214 - - [21/Jul/2025:15:02:00 +0000] "POST /wp-cron.php?doing_wp_cron=1753110120.9522690773010253906250 HTTP/1.1" 200 - "-" "WordPress/6.8.2; https://alalamy.com.au"
57.141.2.21 - - [21/Jul/2025:15:01:59 +0000] "GET /?k=25015275041900& HTTP/1.1" 301 - "-" "meta-externalagent/1.1 (+https://developers.facebook.com/docs/sharing/webmasters/crawler)"
209.74.77.214 - - [21/Jul/2025:15:02:01 +0000] "POST /wp-admin/admin-ajax.php?action=async_litespeed&nonce=SXnFSrFkMJkHdMmWiMQqCJIjZBUjEV59&litespeed_type=imgoptm HTTP/1.1" 200 21 "-" "WordPress/6.8.2; https://alalamy.com.au"
209.74.77.214 - - [21/Jul/2025:15:03:29 +0000] "POST /wp-admin/admin-ajax.php?action=async_litespeed&nonce=kbEvUIXXpZ4X0Y4Lobr8TYIGlT2Ek0s2&litespeed_type=imgoptm HTTP/1.1" 200 21 "-" "WordPress/6.8.2; https://alalamy.com.au"
209.74.77.214 - - [21/Jul/2025:15:04:34 +0000] "POST /wp-admin/admin-ajax.php?action=async_litespeed&nonce=Bq1IGSBCRsfJsjQ6BvsFPWdMpJqd1Yfk&litespeed_type=imgoptm HTTP/1.1" 200 21 "-" "WordPress/6.8.2; https://alalamy.com.au"
209.74.77.214 - - [21/Jul/2025:15:05:35 +0000] "POST /wp-admin/admin-ajax.php?action=async_litespeed&nonce=fQ3Ks5Gqq8kGOV5KdUYZ6X3VnvCTrVCy&litespeed_type=imgoptm HTTP/1.1" 200 21 "-" "WordPress/6.8.2; https://alalamy.com.au"
209.74.77.214 - - [21/Jul/2025:15:06:38 +0000] "POST /wp-admin/admin-ajax.php?action=async_litespeed&nonce=ihunlpeUFCYd3lLa1q843KKOrzRWotLl&litespeed_type=imgoptm HTTP/1.1" 200 21 "-" "WordPress/6.8.2; https://alalamy.com.au"
57.141.2.7 - - [21/Jul/2025:15:06:43 +0000] "GET /?k=98580159051900& HTTP/1.1" 301 - "-" "meta-externalagent/1.1 (+https://developers.facebook.com/docs/sharing/webmasters/crawler)"
209.74.77.214 - - [21/Jul/2025:15:07:44 +0000] "POST /wp-admin/admin-ajax.php?action=async_litespeed&nonce=HUQPCmDMtiheIcICoaKun2hnjn9YIQZF&litespeed_type=imgoptm HTTP/1.1" 200 21 "-" "WordPress/6.8.2; https://alalamy.com.au"
209.74.77.214 - - [21/Jul/2025:15:08:45 +0000] "POST /wp-admin/admin-ajax.php?action=async_litespeed&nonce=H0G3xR4B20P6A3qDIVwruFB6tB8ITJks&litespeed_type=imgoptm HTTP/1.1" 200 21 "-" "WordPress/6.8.2; https://alalamy.com.au"
209.74.77.214 - - [21/Jul/2025:15:09:47 +0000] "POST /wp-admin/admin-ajax.php?action=async_litespeed&nonce=IO0QJieL2xXjT6GNQ1mETxKe36ndgt0L&litespeed_type=imgoptm HTTP/1.1" 200 21 "-" "WordPress/6.8.2; https://alalamy.com.au"
209.74.77.214 - - [21/Jul/2025:15:10:48 +0000] "POST /wp-admin/admin-ajax.php?action=async_litespeed&nonce=Z0B8wcVYQ0CfweWimNrzXzUIbcfHS652&litespeed_type=imgoptm HTTP/1.1" 200 21 "-" "WordPress/6.8.2; https://alalamy.com.au"
209.74.77.214 - - [21/Jul/2025:15:11:48 +0000] "POST /wp-admin/admin-ajax.php?action=async_litespeed&nonce=bQqP3Wf9AHQvQgUubxnwiIHgrNQDyUm9&litespeed_type=imgoptm HTTP/1.1" 200 21 "-" "WordPress/6.8.2; https://alalamy.com.au"
209.74.77.214 - - [21/Jul/2025:15:12:18 +0000] "POST /wp-cron.php?doing_wp_cron=1753110738.7740709781646728515625 HTTP/1.1" 200 - "-" "WordPress/6.8.2; https://alalamy.com.au"
47.82.11.53 - - [21/Jul/2025:15:12:18 +0000] "GET /?k=6752315041900&mod=b75fccec&uri=news.php?id%3D225510-233%26name%3Dkevingston+ropa+de+mujer HTTP/1.1" 301 - "https://alalamy.com.au/?k=6752315041900&mod=b75fccec&uri=news.php%3Fid%3D225510-233%26name%3Dkevingston+ropa+de+mujer" "Mozilla/5.0 (Windows NT 10.0; Win64; x64) AppleWebKit/537.36 (KHTML, like Gecko) Chrome/114.0.0.0 Safari/537.36 Edg/114.0.1823.43"
209.74.77.214 - - [21/Jul/2025:15:12:18 +0000] "POST /wp-admin/admin-ajax.php?action=async_litespeed&nonce=Wj2UegiGTL0cq8okePMBIdG8O8wxk5UI&litespeed_type=imgoptm HTTP/1.1" 200 21 "-" "WordPress/6.8.2; https://alalamy.com.au"
47.82.11.53 - - [21/Jul/2025:15:12:18 +0000] "GET /?k=6752315041900&mod=b75fccec&uri=news.php?id%3D225510-233%26name%3Dkevingston%20ropa%20de%20mujer HTTP/1.1" 301 - "https://alalamy.com.au/?k=6752315041900&mod=b75fccec&uri=news.php%3Fid%3D225510-233%26name%3Dkevingston+ropa+de+mujer" "Mozilla/5.0 (Windows NT 10.0; Win64; x64) AppleWebKit/537.36 (KHTML, like Gecko) Chrome/114.0.0.0 Safari/537.36 Edg/114.0.1823.43"
209.74.77.214 - - [21/Jul/2025:15:13:54 +0000] "POST /wp-admin/admin-ajax.php?action=async_litespeed&nonce=QumbDVWeHlCzOzcJmYvRIMUwSSuYbmNV&litespeed_type=imgoptm HTTP/1.1" 200 21 "-" "WordPress/6.8.2; https://alalamy.com.au"
209.74.77.214 - - [21/Jul/2025:15:14:43 +0000] "POST /wp-cron.php?doing_wp_cron=1753110883.9743189811706542968750 HTTP/1.1" 200 - "-" "WordPress/6.8.2; https://alalamy.com.au"
216.73.216.231 - - [21/Jul/2025:15:14:42 +0000] "GET /shopbrand/160876233.htm HTTP/1.1" 404 20401 "-" "Mozilla/5.0 AppleWebKit/537.36 (KHTML, like Gecko; compatible; ClaudeBot/1.0; [email protected])"
209.74.77.214 - - [21/Jul/2025:15:14:44 +0000] "POST /wp-admin/admin-ajax.php?action=async_litespeed&nonce=yNSdmfL2qhgL9N4JZ5pTerXTL6rrrDtp&litespeed_type=imgoptm HTTP/1.1" 200 21 "-" "WordPress/6.8.2; https://alalamy.com.au"
216.73.216.231 - - [21/Jul/2025:15:14:45 +0000] "GET /shopbrand/160872623.htm HTTP/1.1" 404 20401 "-" "Mozilla/5.0 AppleWebKit/537.36 (KHTML, like Gecko; compatible; ClaudeBot/1.0; [email protected])"
216.73.216.231 - - [21/Jul/2025:15:14:48 +0000] "GET /shopbrand/160855246.htm HTTP/1.1" 404 20401 "-" "Mozilla/5.0 AppleWebKit/537.36 (KHTML, like Gecko; compatible; ClaudeBot/1.0; [email protected])"
216.73.216.231 - - [21/Jul/2025:15:14:50 +0000] "GET /shopbrand/160905145.htm HTTP/1.1" 404 20401 "-" "Mozilla/5.0 AppleWebKit/537.36 (KHTML, like Gecko; compatible; ClaudeBot/1.0; [email protected])"
209.74.77.214 - - [21/Jul/2025:15:14:53 +0000] "POST /wp-cron.php?doing_wp_cron=1753110893.7913630008697509765625 HTTP/1.1" 200 - "-" "WordPress/6.8.2; https://alalamy.com.au"
216.73.216.231 - - [21/Jul/2025:15:14:53 +0000] "GET /shopbrand/160798103.htm HTTP/1.1" 404 20401 "-" "Mozilla/5.0 AppleWebKit/537.36 (KHTML, like Gecko; compatible; ClaudeBot/1.0; [email protected])"
216.73.216.231 - - [21/Jul/2025:15:14:56 +0000] "GET /shopbrand/160878882.htm HTTP/1.1" 404 20401 "-" "Mozilla/5.0 AppleWebKit/537.36 (KHTML, like Gecko; compatible; ClaudeBot/1.0; [email protected])"
216.73.216.231 - - [21/Jul/2025:15:14:59 +0000] "GET /shopbrand/160797722.htm HTTP/1.1" 404 20401 "-" "Mozilla/5.0 AppleWebKit/537.36 (KHTML, like Gecko; compatible; ClaudeBot/1.0; [email protected])"
209.74.77.214 - - [21/Jul/2025:15:15:02 +0000] "POST /wp-cron.php?doing_wp_cron=1753110902.9149580001831054687500 HTTP/1.1" 200 - "-" "WordPress/6.8.2; https://alalamy.com.au"
216.73.216.231 - - [21/Jul/2025:15:15:02 +0000] "GET /shopbrand/160793399.htm HTTP/1.1" 404 20401 "-" "Mozilla/5.0 AppleWebKit/537.36 (KHTML, like Gecko; compatible; ClaudeBot/1.0; [email protected])"
209.74.77.214 - - [21/Jul/2025:15:15:03 +0000] "POST /wp-admin/admin-ajax.php?action=async_litespeed&nonce=X1vW7ILFqhiTlfQwCW2sATC9YMzP1p3Y&litespeed_type=imgoptm HTTP/1.1" 200 21 "-" "WordPress/6.8.2; https://alalamy.com.au"
216.73.216.231 - - [21/Jul/2025:15:15:05 +0000] "GET /shopbrand/160799233.htm HTTP/1.1" 404 20401 "-" "Mozilla/5.0 AppleWebKit/537.36 (KHTML, like Gecko; compatible; ClaudeBot/1.0; [email protected])"
216.73.216.231 - - [21/Jul/2025:15:15:08 +0000] "GET /shopbrand/160793530.htm HTTP/1.1" 404 20401 "-" "Mozilla/5.0 AppleWebKit/537.36 (KHTML, like Gecko; compatible; ClaudeBot/1.0; [email protected])"
216.73.216.231 - - [21/Jul/2025:15:15:13 +0000] "GET /shopbrand/160848276.htm HTTP/1.1" 404 20401 "-" "Mozilla/5.0 AppleWebKit/537.36 (KHTML, like Gecko; compatible; ClaudeBot/1.0; [email protected])"
216.73.216.231 - - [21/Jul/2025:15:15:16 +0000] "GET /shopbrand/160848999.htm HTTP/1.1" 404 20401 "-" "Mozilla/5.0 AppleWebKit/537.36 (KHTML, like Gecko; compatible; ClaudeBot/1.0; [email protected])"
216.73.216.231 - - [21/Jul/2025:15:15:19 +0000] "GET /shopbrand/160804934.htm HTTP/1.1" 404 20401 "-" "Mozilla/5.0 AppleWebKit/537.36 (KHTML, like Gecko; compatible; ClaudeBot/1.0; [email protected])"
57.141.2.18 - - [21/Jul/2025:15:15:20 +0000] "GET /?k=109065015141900& HTTP/1.1" 301 - "-" "meta-externalagent/1.1 (+https://developers.facebook.com/docs/sharing/webmasters/crawler)"
216.73.216.231 - - [21/Jul/2025:15:15:21 +0000] "GET /shopbrand/160795200.htm HTTP/1.1" 404 20401 "-" "Mozilla/5.0 AppleWebKit/537.36 (KHTML, like Gecko; compatible; ClaudeBot/1.0; [email protected])"
216.73.216.231 - - [21/Jul/2025:15:15:23 +0000] "GET /shopbrand/160914200.htm HTTP/1.1" 404 20401 "-" "Mozilla/5.0 AppleWebKit/537.36 (KHTML, like Gecko; compatible; ClaudeBot/1.0; [email protected])"
57.141.2.21 - - [21/Jul/2025:15:15:25 +0000] "GET /?k=109065015141900 HTTP/1.1" 200 144492 "-" "meta-externalagent/1.1 (+https://developers.facebook.com/docs/sharing/webmasters/crawler)"
216.73.216.231 - - [21/Jul/2025:15:15:26 +0000] "GET /sitemap-17.xml HTTP/1.1" 200 4111 "-" "Mozilla/5.0 AppleWebKit/537.36 (KHTML, like Gecko; compatible; ClaudeBot/1.0; [email protected])"
216.73.216.231 - - [21/Jul/2025:15:15:29 +0000] "GET /shopbrand/160901793.htm HTTP/1.1" 404 20401 "-" "Mozilla/5.0 AppleWebKit/537.36 (KHTML, like Gecko; compatible; ClaudeBot/1.0; [email protected])"
216.73.216.231 - - [21/Jul/2025:15:15:32 +0000] "GET /sitemap-18.xml HTTP/1.1" 200 4112 "-" "Mozilla/5.0 AppleWebKit/537.36 (KHTML, like Gecko; compatible; ClaudeBot/1.0; [email protected])"
216.73.216.231 - - [21/Jul/2025:15:15:35 +0000] "GET /sitemap-20.xml HTTP/1.1" 200 4110 "-" "Mozilla/5.0 AppleWebKit/537.36 (KHTML, like Gecko; compatible; ClaudeBot/1.0; [email protected])"
216.73.216.231 - - [21/Jul/2025:15:15:38 +0000] "GET /sitemap.xml HTTP/1.1" 200 4162 "-" "Mozilla/5.0 AppleWebKit/537.36 (KHTML, like Gecko; compatible; ClaudeBot/1.0; [email protected])"
216.73.216.231 - - [21/Jul/2025:15:15:41 +0000] "GET /sitemap-7.xml HTTP/1.1" 200 4110 "-" "Mozilla/5.0 AppleWebKit/537.36 (KHTML, like Gecko; compatible; ClaudeBot/1.0; [email protected])"
209.74.77.214 - - [21/Jul/2025:15:16:04 +0000] "POST /wp-cron.php?doing_wp_cron=1753110964.0167229175567626953125 HTTP/1.1" 200 - "-" "WordPress/6.8.2; https://alalamy.com.au"
216.73.216.231 - - [21/Jul/2025:15:16:03 +0000] "GET /shopbrand/160843139.htm HTTP/1.1" 404 20401 "-" "Mozilla/5.0 AppleWebKit/537.36 (KHTML, like Gecko; compatible; ClaudeBot/1.0; [email protected])"
209.74.77.214 - - [21/Jul/2025:15:16:04 +0000] "POST /wp-admin/admin-ajax.php?action=async_litespeed&nonce=NtvuwJkBexg2hfWIA8UJAfseV1NzQlEJ&litespeed_type=imgoptm HTTP/1.1" 200 21 "-" "WordPress/6.8.2; https://alalamy.com.au"
216.73.216.231 - - [21/Jul/2025:15:16:06 +0000] "GET /shopbrand/160861803.htm HTTP/1.1" 404 20401 "-" "Mozilla/5.0 AppleWebKit/537.36 (KHTML, like Gecko; compatible; ClaudeBot/1.0; [email protected])"
216.73.216.231 - - [21/Jul/2025:15:16:13 +0000] "GET /shopbrand/160903205.htm HTTP/1.1" 404 20401 "-" "Mozilla/5.0 AppleWebKit/537.36 (KHTML, like Gecko; compatible; ClaudeBot/1.0; [email protected])"
216.73.216.231 - - [21/Jul/2025:15:16:18 +0000] "GET /shopbrand/160907794.htm HTTP/1.1" 404 20401 "-" "Mozilla/5.0 AppleWebKit/537.36 (KHTML, like Gecko; compatible; ClaudeBot/1.0; [email protected])"
216.73.216.231 - - [21/Jul/2025:15:16:22 +0000] "GET /shopbrand/160845512.htm HTTP/1.1" 404 20400 "-" "Mozilla/5.0 AppleWebKit/537.36 (KHTML, like Gecko; compatible; ClaudeBot/1.0; [email protected])"
216.73.216.231 - - [21/Jul/2025:15:16:25 +0000] "GET /shopbrand/160908207.htm HTTP/1.1" 404 20401 "-" "Mozilla/5.0 AppleWebKit/537.36 (KHTML, like Gecko; compatible; ClaudeBot/1.0; [email protected])"
216.73.216.231 - - [21/Jul/2025:15:16:27 +0000] "GET /shopbrand/160914166.htm HTTP/1.1" 404 20401 "-" "Mozilla/5.0 AppleWebKit/537.36 (KHTML, like Gecko; compatible; ClaudeBot/1.0; [email protected])"
216.73.216.231 - - [21/Jul/2025:15:16:30 +0000] "GET /shopbrand/160904174.htm HTTP/1.1" 404 20401 "-" "Mozilla/5.0 AppleWebKit/537.36 (KHTML, like Gecko; compatible; ClaudeBot/1.0; [email protected])"
209.74.77.214 - - [21/Jul/2025:15:16:33 +0000] "POST /wp-cron.php?doing_wp_cron=1753110993.7398450374603271484375 HTTP/1.1" 200 - "-" "WordPress/6.8.2; https://alalamy.com.au"
216.73.216.231 - - [21/Jul/2025:15:16:33 +0000] "GET /shopbrand/160795879.htm HTTP/1.1" 404 20401 "-" "Mozilla/5.0 AppleWebKit/537.36 (KHTML, like Gecko; compatible; ClaudeBot/1.0; [email protected])"
216.73.216.231 - - [21/Jul/2025:15:16:36 +0000] "GET /shopbrand/160835230.htm HTTP/1.1" 404 20401 "-" "Mozilla/5.0 AppleWebKit/537.36 (KHTML, like Gecko; compatible; ClaudeBot/1.0; [email protected])"
216.73.216.231 - - [21/Jul/2025:15:16:39 +0000] "GET /shopbrand/160849404.htm HTTP/1.1" 404 20401 "-" "Mozilla/5.0 AppleWebKit/537.36 (KHTML, like Gecko; compatible; ClaudeBot/1.0; [email protected])"
216.73.216.231 - - [21/Jul/2025:15:16:42 +0000] "GET /shopbrand/160872484.htm HTTP/1.1" 404 20401 "-" "Mozilla/5.0 AppleWebKit/537.36 (KHTML, like Gecko; compatible; ClaudeBot/1.0; [email protected])"
216.73.216.231 - - [21/Jul/2025:15:16:46 +0000] "GET /shopbrand/160887363.htm HTTP/1.1" 404 20401 "-" "Mozilla/5.0 AppleWebKit/537.36 (KHTML, like Gecko; compatible; ClaudeBot/1.0; [email protected])"
216.73.216.231 - - [21/Jul/2025:15:16:48 +0000] "GET /shopbrand/160866110.htm HTTP/1.1" 404 20401 "-" "Mozilla/5.0 AppleWebKit/537.36 (KHTML, like Gecko; compatible; ClaudeBot/1.0; [email protected])"
209.74.77.214 - - [21/Jul/2025:15:16:51 +0000] "POST /wp-cron.php?doing_wp_cron=1753111011.7777280807495117187500 HTTP/1.1" 200 - "-" "WordPress/6.8.2; https://alalamy.com.au"
216.73.216.231 - - [21/Jul/2025:15:16:51 +0000] "GET /shopbrand/160874964.htm HTTP/1.1" 404 20401 "-" "Mozilla/5.0 AppleWebKit/537.36 (KHTML, like Gecko; compatible; ClaudeBot/1.0; [email protected])"
216.73.216.231 - - [21/Jul/2025:15:16:54 +0000] "GET /shopbrand/160880266.htm HTTP/1.1" 404 20401 "-" "Mozilla/5.0 AppleWebKit/537.36 (KHTML, like Gecko; compatible; ClaudeBot/1.0; [email protected])"
216.73.216.231 - - [21/Jul/2025:15:16:57 +0000] "GET /shopbrand/160829114.htm HTTP/1.1" 404 20401 "-" "Mozilla/5.0 AppleWebKit/537.36 (KHTML, like Gecko; compatible; ClaudeBot/1.0; [email protected])"
216.73.216.231 - - [21/Jul/2025:15:17:00 +0000] "GET /shopbrand/160799092.htm HTTP/1.1" 404 20401 "-" "Mozilla/5.0 AppleWebKit/537.36 (KHTML, like Gecko; compatible; ClaudeBot/1.0; [email protected])"
209.74.77.214 - - [21/Jul/2025:15:17:03 +0000] "POST /wp-cron.php?doing_wp_cron=1753111023.8977079391479492187500 HTTP/1.1" 200 - "-" "WordPress/6.8.2; https://alalamy.com.au"
216.73.216.231 - - [21/Jul/2025:15:17:03 +0000] "GET /shopbrand/160879454.htm HTTP/1.1" 404 20401 "-" "Mozilla/5.0 AppleWebKit/537.36 (KHTML, like Gecko; compatible; ClaudeBot/1.0; [email protected])"
209.74.77.214 - - [21/Jul/2025:15:17:04 +0000] "POST /wp-admin/admin-ajax.php?action=async_litespeed&nonce=uJhOYCvREqYOKCESgMZifrWHC3psODtw&litespeed_type=imgoptm HTTP/1.1" 200 21 "-" "WordPress/6.8.2; https://alalamy.com.au"
216.73.216.231 - - [21/Jul/2025:15:17:06 +0000] "GET /shopbrand/160799231.htm HTTP/1.1" 404 20401 "-" "Mozilla/5.0 AppleWebKit/537.36 (KHTML, like Gecko; compatible; ClaudeBot/1.0; [email protected])"
216.73.216.231 - - [21/Jul/2025:15:17:09 +0000] "GET /shopbrand/160884998.htm HTTP/1.1" 404 20401 "-" "Mozilla/5.0 AppleWebKit/537.36 (KHTML, like Gecko; compatible; ClaudeBot/1.0; [email protected])"
209.74.77.214 - - [21/Jul/2025:15:18:00 +0000] "POST /wp-cron.php?doing_wp_cron=1753111080.5083410739898681640625 HTTP/1.1" 200 - "-" "WordPress/6.8.2; https://alalamy.com.au"
216.73.216.231 - - [21/Jul/2025:15:17:58 +0000] "GET /shopbrand/160808544.htm HTTP/1.1" 404 20401 "-" "Mozilla/5.0 AppleWebKit/537.36 (KHTML, like Gecko; compatible; ClaudeBot/1.0; [email protected])"
209.74.77.214 - - [21/Jul/2025:15:18:01 +0000] "POST /wp-cron.php?doing_wp_cron=1753111081.7673959732055664062500 HTTP/1.1" 200 - "-" "WordPress/6.8.2; https://alalamy.com.au"
216.73.216.231 - - [21/Jul/2025:15:18:01 +0000] "GET /shopbrand/160908922.htm HTTP/1.1" 404 20401 "-" "Mozilla/5.0 AppleWebKit/537.36 (KHTML, like Gecko; compatible; ClaudeBot/1.0; [email protected])"
209.74.77.214 - - [21/Jul/2025:15:18:01 +0000] "POST /wp-admin/admin-ajax.php?action=async_litespeed&nonce=ndXhWlqc9JMeQe3oqMO7LNVC9yk6SOtb&litespeed_type=imgoptm HTTP/1.1" 200 21 "-" "WordPress/6.8.2; https://alalamy.com.au"
216.73.216.231 - - [21/Jul/2025:15:18:04 +0000] "GET /shopbrand/160796751.htm HTTP/1.1" 404 20401 "-" "Mozilla/5.0 AppleWebKit/537.36 (KHTML, like Gecko; compatible; ClaudeBot/1.0; [email protected])"
216.73.216.231 - - [21/Jul/2025:15:18:07 +0000] "GET /shopbrand/160816195.htm HTTP/1.1" 404 20401 "-" "Mozilla/5.0 AppleWebKit/537.36 (KHTML, like Gecko; compatible; ClaudeBot/1.0; [email protected])"
216.73.216.231 - - [21/Jul/2025:15:18:10 +0000] "GET /shopbrand/160872325.htm HTTP/1.1" 404 20401 "-" "Mozilla/5.0 AppleWebKit/537.36 (KHTML, like Gecko; compatible; ClaudeBot/1.0; [email protected])"
51.222.253.12 - - [21/Jul/2025:15:18:12 +0000] "GET /items/air-conditioning/appliances/2761835/ HTTP/1.1" 404 20401 "-" "Mozilla/5.0 (compatible; AhrefsBot/7.0; +http://ahrefs.com/robot/)"
216.73.216.231 - - [21/Jul/2025:15:18:16 +0000] "GET /shopbrand/160906656.htm HTTP/1.1" 404 20401 "-" "Mozilla/5.0 AppleWebKit/537.36 (KHTML, like Gecko; compatible; ClaudeBot/1.0; [email protected])"
216.73.216.231 - - [21/Jul/2025:15:18:21 +0000] "GET /shopbrand/160836211.htm HTTP/1.1" 404 20400 "-" "Mozilla/5.0 AppleWebKit/537.36 (KHTML, like Gecko; compatible; ClaudeBot/1.0; [email protected])"
216.73.216.231 - - [21/Jul/2025:15:18:23 +0000] "GET /shopbrand/160827015.htm HTTP/1.1" 404 20401 "-" "Mozilla/5.0 AppleWebKit/537.36 (KHTML, like Gecko; compatible; ClaudeBot/1.0; [email protected])"
216.73.216.231 - - [21/Jul/2025:15:18:26 +0000] "GET /shopbrand/160815929.htm HTTP/1.1" 404 20401 "-" "Mozilla/5.0 AppleWebKit/537.36 (KHTML, like Gecko; compatible; ClaudeBot/1.0; [email protected])"
216.73.216.231 - - [21/Jul/2025:15:18:28 +0000] "GET /shopbrand/160872210.htm HTTP/1.1" 404 20401 "-" "Mozilla/5.0 AppleWebKit/537.36 (KHTML, like Gecko; compatible; ClaudeBot/1.0; [email protected])"
216.73.216.231 - - [21/Jul/2025:15:18:31 +0000] "GET /shopbrand/160916009.htm HTTP/1.1" 404 20401 "-" "Mozilla/5.0 AppleWebKit/537.36 (KHTML, like Gecko; compatible; ClaudeBot/1.0; [email protected])"
209.74.77.214 - - [21/Jul/2025:15:18:34 +0000] "POST /wp-cron.php?doing_wp_cron=1753111114.7962689399719238281250 HTTP/1.1" 200 - "-" "WordPress/6.8.2; https://alalamy.com.au"
216.73.216.231 - - [21/Jul/2025:15:18:34 +0000] "GET /shopbrand/160828004.htm HTTP/1.1" 404 20401 "-" "Mozilla/5.0 AppleWebKit/537.36 (KHTML, like Gecko; compatible; ClaudeBot/1.0; [email protected])"
216.73.216.231 - - [21/Jul/2025:15:18:38 +0000] "GET /shopbrand/160870101.htm HTTP/1.1" 404 20401 "-" "Mozilla/5.0 AppleWebKit/537.36 (KHTML, like Gecko; compatible; ClaudeBot/1.0; [email protected])"
216.73.216.231 - - [21/Jul/2025:15:18:41 +0000] "GET /shopbrand/160912657.htm HTTP/1.1" 404 20401 "-" "Mozilla/5.0 AppleWebKit/537.36 (KHTML, like Gecko; compatible; ClaudeBot/1.0; [email protected])"
216.73.216.231 - - [21/Jul/2025:15:18:45 +0000] "GET /shopbrand/160805905.htm HTTP/1.1" 404 20401 "-" "Mozilla/5.0 AppleWebKit/537.36 (KHTML, like Gecko; compatible; ClaudeBot/1.0; [email protected])"
216.73.216.231 - - [21/Jul/2025:15:18:46 +0000] "GET /shopbrand/160857728.htm HTTP/1.1" 404 20401 "-" "Mozilla/5.0 AppleWebKit/537.36 (KHTML, like Gecko; compatible; ClaudeBot/1.0; [email protected])"
216.73.216.231 - - [21/Jul/2025:15:18:49 +0000] "GET /shopbrand/160892500.htm HTTP/1.1" 404 20401 "-" "Mozilla/5.0 AppleWebKit/537.36 (KHTML, like Gecko; compatible; ClaudeBot/1.0; [email protected])"
209.74.77.214 - - [21/Jul/2025:15:18:52 +0000] "POST /wp-cron.php?doing_wp_cron=1753111132.7991480827331542968750 HTTP/1.1" 200 - "-" "WordPress/6.8.2; https://alalamy.com.au"
216.73.216.231 - - [21/Jul/2025:15:18:52 +0000] "GET /shopbrand/160797680.htm HTTP/1.1" 404 20401 "-" "Mozilla/5.0 AppleWebKit/537.36 (KHTML, like Gecko; compatible; ClaudeBot/1.0; [email protected])"
216.73.216.231 - - [21/Jul/2025:15:18:55 +0000] "GET /shopbrand/160914581.htm HTTP/1.1" 404 20401 "-" "Mozilla/5.0 AppleWebKit/537.36 (KHTML, like Gecko; compatible; ClaudeBot/1.0; [email protected])"
216.73.216.231 - - [21/Jul/2025:15:18:58 +0000] "GET /shopbrand/160881521.htm HTTP/1.1" 404 20401 "-" "Mozilla/5.0 AppleWebKit/537.36 (KHTML, like Gecko; compatible; ClaudeBot/1.0; [email protected])"
209.74.77.214 - - [21/Jul/2025:15:19:03 +0000] "POST /wp-cron.php?doing_wp_cron=1753111143.6121940612792968750000 HTTP/1.1" 200 - "-" "WordPress/6.8.2; https://alalamy.com.au"
216.73.216.231 - - [21/Jul/2025:15:19:03 +0000] "GET /shopbrand/160814501.htm HTTP/1.1" 404 20401 "-" "Mozilla/5.0 AppleWebKit/537.36 (KHTML, like Gecko; compatible; ClaudeBot/1.0; [email protected])"
45.227.253.15 - - [21/Jul/2025:15:19:03 +0000] "GET /index.php/jk HTTP/1.1" 200 59 "-" "Mozilla/5.0 (Macintosh; Intel Mac OS X 10.11; rv:103.0) Gecko/20100101 Firefox/102.0"
209.74.77.214 - - [21/Jul/2025:15:19:03 +0000] "POST /wp-admin/admin-ajax.php?action=async_litespeed&nonce=ogIcFP1REpIzZ7WYuFUTfgmMfb3JAoVn&litespeed_type=imgoptm HTTP/1.1" 200 21 "-" "WordPress/6.8.2; https://alalamy.com.au"
216.73.216.231 - - [21/Jul/2025:15:19:05 +0000] "GET /shopbrand/160891404.htm HTTP/1.1" 404 20401 "-" "Mozilla/5.0 AppleWebKit/537.36 (KHTML, like Gecko; compatible; ClaudeBot/1.0; [email protected])"
216.73.216.231 - - [21/Jul/2025:15:19:07 +0000] "GET /shopbrand/160843413.htm HTTP/1.1" 404 20401 "-" "Mozilla/5.0 AppleWebKit/537.36 (KHTML, like Gecko; compatible; ClaudeBot/1.0; [email protected])"
216.73.216.231 - - [21/Jul/2025:15:19:10 +0000] "GET /shopbrand/160918092.htm HTTP/1.1" 404 20400 "-" "Mozilla/5.0 AppleWebKit/537.36 (KHTML, like Gecko; compatible; ClaudeBot/1.0; [email protected])"
216.73.216.231 - - [21/Jul/2025:15:19:14 +0000] "GET /shopbrand/160864400.htm HTTP/1.1" 404 20400 "-" "Mozilla/5.0 AppleWebKit/537.36 (KHTML, like Gecko; compatible; ClaudeBot/1.0; [email protected])"
216.73.216.231 - - [21/Jul/2025:15:19:16 +0000] "GET /shopbrand/160794783.htm HTTP/1.1" 404 20400 "-" "Mozilla/5.0 AppleWebKit/537.36 (KHTML, like Gecko; compatible; ClaudeBot/1.0; [email protected])"
216.73.216.231 - - [21/Jul/2025:15:19:19 +0000] "GET /shopbrand/160807829.htm HTTP/1.1" 404 20401 "-" "Mozilla/5.0 AppleWebKit/537.36 (KHTML, like Gecko; compatible; ClaudeBot/1.0; [email protected])"
216.73.216.231 - - [21/Jul/2025:15:19:24 +0000] "GET /shopbrand/160883064.htm HTTP/1.1" 404 20401 "-" "Mozilla/5.0 AppleWebKit/537.36 (KHTML, like Gecko; compatible; ClaudeBot/1.0; [email protected])"
216.73.216.231 - - [21/Jul/2025:15:19:25 +0000] "GET /shopbrand/160893312.htm HTTP/1.1" 404 20401 "-" "Mozilla/5.0 AppleWebKit/537.36 (KHTML, like Gecko; compatible; ClaudeBot/1.0; [email protected])"
216.73.216.231 - - [21/Jul/2025:15:19:28 +0000] "GET /shopbrand/160908624.htm HTTP/1.1" 404 20401 "-" "Mozilla/5.0 AppleWebKit/537.36 (KHTML, like Gecko; compatible; ClaudeBot/1.0; [email protected])"
216.73.216.231 - - [21/Jul/2025:15:19:32 +0000] "GET /shopbrand/160896664.htm HTTP/1.1" 404 20401 "-" "Mozilla/5.0 AppleWebKit/537.36 (KHTML, like Gecko; compatible; ClaudeBot/1.0; [email protected])"
209.74.77.214 - - [21/Jul/2025:15:19:36 +0000] "POST /wp-cron.php?doing_wp_cron=1753111176.0434648990631103515625 HTTP/1.1" 200 - "-" "WordPress/6.8.2; https://alalamy.com.au"
216.73.216.231 - - [21/Jul/2025:15:19:35 +0000] "GET /shopbrand/160895959.htm HTTP/1.1" 404 20401 "-" "Mozilla/5.0 AppleWebKit/537.36 (KHTML, like Gecko; compatible; ClaudeBot/1.0; [email protected])"
216.73.216.231 - - [21/Jul/2025:15:19:38 +0000] "GET /shopbrand/160805224.htm HTTP/1.1" 404 20401 "-" "Mozilla/5.0 AppleWebKit/537.36 (KHTML, like Gecko; compatible; ClaudeBot/1.0; [email protected])"
216.73.216.231 - - [21/Jul/2025:15:19:42 +0000] "GET /shopbrand/160803522.htm HTTP/1.1" 404 20401 "-" "Mozilla/5.0 AppleWebKit/537.36 (KHTML, like Gecko; compatible; ClaudeBot/1.0; [email protected])"
216.73.216.231 - - [21/Jul/2025:15:19:44 +0000] "GET /shopbrand/160793955.htm HTTP/1.1" 404 20401 "-" "Mozilla/5.0 AppleWebKit/537.36 (KHTML, like Gecko; compatible; ClaudeBot/1.0; [email protected])"
216.73.216.231 - - [21/Jul/2025:15:19:47 +0000] "GET /shopbrand/160900556.htm HTTP/1.1" 404 20401 "-" "Mozilla/5.0 AppleWebKit/537.36 (KHTML, like Gecko; compatible; ClaudeBot/1.0; [email protected])"
209.74.77.214 - - [21/Jul/2025:15:19:51 +0000] "POST /wp-cron.php?doing_wp_cron=1753111191.5641109943389892578125 HTTP/1.1" 200 - "-" "WordPress/6.8.2; https://alalamy.com.au"
216.73.216.231 - - [21/Jul/2025:15:19:51 +0000] "GET /shopbrand/160798818.htm HTTP/1.1" 404 20401 "-" "Mozilla/5.0 AppleWebKit/537.36 (KHTML, like Gecko; compatible; ClaudeBot/1.0; [email protected])"
216.73.216.231 - - [21/Jul/2025:15:19:53 +0000] "GET /shopbrand/160871529.htm HTTP/1.1" 404 20401 "-" "Mozilla/5.0 AppleWebKit/537.36 (KHTML, like Gecko; compatible; ClaudeBot/1.0; [email protected])"
216.73.216.231 - - [21/Jul/2025:15:19:56 +0000] "GET /shopbrand/160876658.htm HTTP/1.1" 404 20401 "-" "Mozilla/5.0 AppleWebKit/537.36 (KHTML, like Gecko; compatible; ClaudeBot/1.0; [email protected])"
216.73.216.231 - - [21/Jul/2025:15:19:59 +0000] "GET /shopbrand/160852766.htm HTTP/1.1" 404 20401 "-" "Mozilla/5.0 AppleWebKit/537.36 (KHTML, like Gecko; compatible; ClaudeBot/1.0; [email protected])"
209.74.77.214 - - [21/Jul/2025:15:20:02 +0000] "POST /wp-cron.php?doing_wp_cron=1753111202.4029369354248046875000 HTTP/1.1" 200 - "-" "WordPress/6.8.2; https://alalamy.com.au"
216.73.216.231 - - [21/Jul/2025:15:20:02 +0000] "GET /shopbrand/160911686.htm HTTP/1.1" 404 20401 "-" "Mozilla/5.0 AppleWebKit/537.36 (KHTML, like Gecko; compatible; ClaudeBot/1.0; [email protected])"
209.74.77.214 - - [21/Jul/2025:15:20:02 +0000] "POST /wp-admin/admin-ajax.php?action=async_litespeed&nonce=AlSYsYrjpghu2wOMQGAGpGiGUO656mfa&litespeed_type=imgoptm HTTP/1.1" 200 21 "-" "WordPress/6.8.2; https://alalamy.com.au"
216.73.216.231 - - [21/Jul/2025:15:20:17 +0000] "GET /shopbrand/160801455.htm HTTP/1.1" 404 20401 "-" "Mozilla/5.0 AppleWebKit/537.36 (KHTML, like Gecko; compatible; ClaudeBot/1.0; [email protected])"
216.73.216.231 - - [21/Jul/2025:15:20:21 +0000] "GET /shopbrand/160914307.htm HTTP/1.1" 404 20400 "-" "Mozilla/5.0 AppleWebKit/537.36 (KHTML, like Gecko; compatible; ClaudeBot/1.0; [email protected])"
216.73.216.231 - - [21/Jul/2025:15:20:25 +0000] "GET /shopbrand/160798552.htm HTTP/1.1" 404 20401 "-" "Mozilla/5.0 AppleWebKit/537.36 (KHTML, like Gecko; compatible; ClaudeBot/1.0; [email protected])"
216.73.216.231 - - [21/Jul/2025:15:20:26 +0000] "GET /shopbrand/160900822.htm HTTP/1.1" 404 20401 "-" "Mozilla/5.0 AppleWebKit/537.36 (KHTML, like Gecko; compatible; ClaudeBot/1.0; [email protected])"
216.73.216.231 - - [21/Jul/2025:15:20:29 +0000] "GET /shopbrand/160811896.htm HTTP/1.1" 404 20401 "-" "Mozilla/5.0 AppleWebKit/537.36 (KHTML, like Gecko; compatible; ClaudeBot/1.0; [email protected])"
209.74.77.214 - - [21/Jul/2025:15:20:34 +0000] "POST /wp-cron.php?doing_wp_cron=1753111234.8448939323425292968750 HTTP/1.1" 200 - "-" "WordPress/6.8.2; https://alalamy.com.au"
216.73.216.231 - - [21/Jul/2025:15:20:34 +0000] "GET /shopbrand/160893769.htm HTTP/1.1" 404 20401 "-" "Mozilla/5.0 AppleWebKit/537.36 (KHTML, like Gecko; compatible; ClaudeBot/1.0; [email protected])"
216.73.216.231 - - [21/Jul/2025:15:20:36 +0000] "GET /shopbrand/160816600.htm HTTP/1.1" 404 20401 "-" "Mozilla/5.0 AppleWebKit/537.36 (KHTML, like Gecko; compatible; ClaudeBot/1.0; [email protected])"
216.73.216.231 - - [21/Jul/2025:15:20:38 +0000] "GET /shopbrand/160797837.htm HTTP/1.1" 404 20401 "-" "Mozilla/5.0 AppleWebKit/537.36 (KHTML, like Gecko; compatible; ClaudeBot/1.0; [email protected])"
216.73.216.231 - - [21/Jul/2025:15:20:42 +0000] "GET /shopbrand/160854408.htm HTTP/1.1" 404 20401 "-" "Mozilla/5.0 AppleWebKit/537.36 (KHTML, like Gecko; compatible; ClaudeBot/1.0; [email protected])"
216.73.216.231 - - [21/Jul/2025:15:20:47 +0000] "GET /shopbrand/160909037.htm HTTP/1.1" 404 20401 "-" "Mozilla/5.0 AppleWebKit/537.36 (KHTML, like Gecko; compatible; ClaudeBot/1.0; [email protected])"
209.74.77.214 - - [21/Jul/2025:15:20:51 +0000] "POST /wp-cron.php?doing_wp_cron=1753111251.8993248939514160156250 HTTP/1.1" 200 - "-" "WordPress/6.8.2; https://alalamy.com.au"
216.73.216.231 - - [21/Jul/2025:15:20:51 +0000] "GET /shopbrand/160900441.htm HTTP/1.1" 404 20401 "-" "Mozilla/5.0 AppleWebKit/537.36 (KHTML, like Gecko; compatible; ClaudeBot/1.0; [email protected])"
216.73.216.231 - - [21/Jul/2025:15:20:53 +0000] "GET /shopbrand/160912772.htm HTTP/1.1" 404 20401 "-" "Mozilla/5.0 AppleWebKit/537.36 (KHTML, like Gecko; compatible; ClaudeBot/1.0; [email protected])"
216.73.216.231 - - [21/Jul/2025:15:20:56 +0000] "GET /shopbrand/160799646.htm HTTP/1.1" 404 20401 "-" "Mozilla/5.0 AppleWebKit/537.36 (KHTML, like Gecko; compatible; ClaudeBot/1.0; [email protected])"
216.73.216.231 - - [21/Jul/2025:15:20:59 +0000] "GET /shopbrand/160859438.htm HTTP/1.1" 404 20401 "-" "Mozilla/5.0 AppleWebKit/537.36 (KHTML, like Gecko; compatible; ClaudeBot/1.0; [email protected])"
209.74.77.214 - - [21/Jul/2025:15:21:03 +0000] "POST /wp-cron.php?doing_wp_cron=1753111263.1122050285339355468750 HTTP/1.1" 200 - "-" "WordPress/6.8.2; https://alalamy.com.au"
216.73.216.231 - - [21/Jul/2025:15:21:02 +0000] "GET /shopbrand/160838135.htm HTTP/1.1" 404 20401 "-" "Mozilla/5.0 AppleWebKit/537.36 (KHTML, like Gecko; compatible; ClaudeBot/1.0; [email protected])"
209.74.77.214 - - [21/Jul/2025:15:21:03 +0000] "POST /wp-admin/admin-ajax.php?action=async_litespeed&nonce=TjSFhzaJ0Nb03cmKQLWbsXBRGukNjGWj&litespeed_type=imgoptm HTTP/1.1" 200 21 "-" "WordPress/6.8.2; https://alalamy.com.au"
216.73.216.231 - - [21/Jul/2025:15:21:05 +0000] "GET /shopbrand/160825496.htm HTTP/1.1" 404 20401 "-" "Mozilla/5.0 AppleWebKit/537.36 (KHTML, like Gecko; compatible; ClaudeBot/1.0; [email protected])"
216.73.216.231 - - [21/Jul/2025:15:21:09 +0000] "GET /shopbrand/160909718.htm HTTP/1.1" 404 20401 "-" "Mozilla/5.0 AppleWebKit/537.36 (KHTML, like Gecko; compatible; ClaudeBot/1.0; [email protected])"
216.73.216.231 - - [21/Jul/2025:15:21:11 +0000] "GET /shopbrand/160845107.htm HTTP/1.1" 404 20401 "-" "Mozilla/5.0 AppleWebKit/537.36 (KHTML, like Gecko; compatible; ClaudeBot/1.0; [email protected])"
216.73.216.231 - - [21/Jul/2025:15:21:14 +0000] "GET /shopbrand/160908465.htm HTTP/1.1" 404 20401 "-" "Mozilla/5.0 AppleWebKit/537.36 (KHTML, like Gecko; compatible; ClaudeBot/1.0; [email protected])"
216.73.216.231 - - [21/Jul/2025:15:21:17 +0000] "GET /shopbrand/160865123.htm HTTP/1.1" 404 20401 "-" "Mozilla/5.0 AppleWebKit/537.36 (KHTML, like Gecko; compatible; ClaudeBot/1.0; [email protected])"
216.73.216.231 - - [21/Jul/2025:15:21:20 +0000] "GET /shopbrand/160856916.htm HTTP/1.1" 404 20400 "-" "Mozilla/5.0 AppleWebKit/537.36 (KHTML, like Gecko; compatible; ClaudeBot/1.0; [email protected])"
209.74.77.214 - - [21/Jul/2025:15:21:33 +0000] "POST /wp-cron.php?doing_wp_cron=1753111293.0027399063110351562500 HTTP/1.1" 200 - "-" "WordPress/6.8.2; https://alalamy.com.au"
216.73.216.231 - - [21/Jul/2025:15:21:32 +0000] "GET /shopbrand/160913900.htm HTTP/1.1" 404 20401 "-" "Mozilla/5.0 AppleWebKit/537.36 (KHTML, like Gecko; compatible; ClaudeBot/1.0; [email protected])"
216.73.216.231 - - [21/Jul/2025:15:21:35 +0000] "GET /shopbrand/160901112.htm HTTP/1.1" 404 20401 "-" "Mozilla/5.0 AppleWebKit/537.36 (KHTML, like Gecko; compatible; ClaudeBot/1.0; [email protected])"
216.73.216.231 - - [21/Jul/2025:15:21:38 +0000] "GET /shopbrand/160848459.htm HTTP/1.1" 404 20401 "-" "Mozilla/5.0 AppleWebKit/537.36 (KHTML, like Gecko; compatible; ClaudeBot/1.0; [email protected])"
216.73.216.231 - - [21/Jul/2025:15:21:41 +0000] "GET /shopbrand/160804775.htm HTTP/1.1" 404 20401 "-" "Mozilla/5.0 AppleWebKit/537.36 (KHTML, like Gecko; compatible; ClaudeBot/1.0; [email protected])"
216.73.216.231 - - [21/Jul/2025:15:21:44 +0000] "GET /shopbrand/160862176.htm HTTP/1.1" 404 20401 "-" "Mozilla/5.0 AppleWebKit/537.36 (KHTML, like Gecko; compatible; ClaudeBot/1.0; [email protected])"
216.73.216.231 - - [21/Jul/2025:15:21:47 +0000] "GET /shopbrand/160894724.htm HTTP/1.1" 404 20401 "-" "Mozilla/5.0 AppleWebKit/537.36 (KHTML, like Gecko; compatible; ClaudeBot/1.0; [email protected])"
216.73.216.231 - - [21/Jul/2025:15:21:50 +0000] "GET /shopbrand/160868475.htm HTTP/1.1" 404 20401 "-" "Mozilla/5.0 AppleWebKit/537.36 (KHTML, like Gecko; compatible; ClaudeBot/1.0; [email protected])"
209.74.77.214 - - [21/Jul/2025:15:21:54 +0000] "POST /wp-cron.php?doing_wp_cron=1753111314.4796679019927978515625 HTTP/1.1" 200 - "-" "WordPress/6.8.2; https://alalamy.com.au"
216.73.216.231 - - [21/Jul/2025:15:21:54 +0000] "GET /shopbrand/160846352.htm HTTP/1.1" 404 20401 "-" "Mozilla/5.0 AppleWebKit/537.36 (KHTML, like Gecko; compatible; ClaudeBot/1.0; [email protected])"
216.73.216.231 - - [21/Jul/2025:15:21:56 +0000] "GET /shopbrand/160830784.htm HTTP/1.1" 404 20401 "-" "Mozilla/5.0 AppleWebKit/537.36 (KHTML, like Gecko; compatible; ClaudeBot/1.0; [email protected])"
