51.222.253.20 - - [21/Jul/2025:23:03:29 +0000] "GET /items/fashion/jackets/5461989/ HTTP/1.1" 404 20401 "-" "Mozilla/5.0 (compatible; AhrefsBot/7.0; +http://ahrefs.com/robot/)"
20.171.207.22 - - [21/Jul/2025:23:03:32 +0000] "GET /shopbrand/169327717.htm HTTP/1.1" 404 20401 "-" "Mozilla/5.0 AppleWebKit/537.36 (KHTML, like Gecko; compatible; GPTBot/1.2; +https://openai.com/gptbot)"
66.249.65.165 - - [21/Jul/2025:23:03:42 +0000] "GET /items/fashion/jackets/3295025 HTTP/1.1" 200 20306 "-" "Mozilla/5.0 (Linux; Android 6.0.1; Nexus 5X Build/MMB29P) AppleWebKit/537.36 (KHTML, like Gecko) Chrome/137.0.7151.103 Mobile Safari/537.36 (compatible; GoogleOther)"
66.249.65.164 - - [21/Jul/2025:23:03:46 +0000] "POST /get-message-notify HTTP/1.1" 200 19554 "https://alalamy.com.au/items/fashion/jackets/3295025" "Mozilla/5.0 (Linux; Android 6.0.1; Nexus 5X Build/MMB29P) AppleWebKit/537.36 (KHTML, like Gecko) Chrome/137.0.7151.119 Mobile Safari/537.36 (compatible; Googlebot/2.1; +http://www.google.com/bot.html)"
209.74.77.214 - - [21/Jul/2025:23:03:56 +0000] "POST /wp-cron.php?doing_wp_cron=1753139036.2347528934478759765625 HTTP/1.1" 200 - "-" "WordPress/6.8.2; https://alalamy.com.au"
51.222.253.15 - - [21/Jul/2025:23:03:56 +0000] "GET /items/fashion/kimono/3948617/ HTTP/1.1" 404 20401 "-" "Mozilla/5.0 (compatible; AhrefsBot/7.0; +http://ahrefs.com/robot/)"
209.74.77.214 - - [21/Jul/2025:23:04:38 +0000] "POST /wp-cron.php?doing_wp_cron=1753139078.1273820400238037109375 HTTP/1.1" 200 - "-" "WordPress/6.8.2; https://alalamy.com.au"
20.171.207.22 - - [21/Jul/2025:23:04:36 +0000] "GET /shopbrand/169329667.htm HTTP/1.1" 404 20401 "-" "Mozilla/5.0 AppleWebKit/537.36 (KHTML, like Gecko; compatible; GPTBot/1.2; +https://openai.com/gptbot)"
209.74.77.214 - - [21/Jul/2025:23:04:38 +0000] "POST /wp-admin/admin-ajax.php?action=async_litespeed&nonce=bS4tv4KixHu9sRsYZ8FPQm46TxpkuOXf&litespeed_type=imgoptm HTTP/1.1" 200 21 "-" "WordPress/6.8.2; https://alalamy.com.au"
51.222.253.4 - - [21/Jul/2025:23:04:38 +0000] "GET /items/fashion/mens/2440951/ HTTP/1.1" 404 20401 "-" "Mozilla/5.0 (compatible; AhrefsBot/7.0; +http://ahrefs.com/robot/)"
209.74.77.214 - - [21/Jul/2025:23:05:13 +0000] "POST /wp-cron.php?doing_wp_cron=1753139113.0990769863128662109375 HTTP/1.1" 200 - "-" "WordPress/6.8.2; https://alalamy.com.au"
51.222.253.11 - - [21/Jul/2025:23:05:12 +0000] "GET /items/fashion/mens/4924516/ HTTP/1.1" 404 20401 "-" "Mozilla/5.0 (compatible; AhrefsBot/7.0; +http://ahrefs.com/robot/)"
209.74.77.214 - - [21/Jul/2025:23:05:13 +0000] "POST /wp-admin/admin-ajax.php?action=async_litespeed&nonce=VQyZGL2uaFi9otUApyIv9n0mktAXotG2&litespeed_type=imgoptm HTTP/1.1" 200 21 "-" "WordPress/6.8.2; https://alalamy.com.au"
209.74.77.214 - - [21/Jul/2025:23:05:37 +0000] "POST /wp-cron.php?doing_wp_cron=1753139137.4386920928955078125000 HTTP/1.1" 200 - "-" "WordPress/6.8.2; https://alalamy.com.au"
20.171.207.22 - - [21/Jul/2025:23:05:37 +0000] "GET /shopbrand/169271577.htm HTTP/1.1" 404 20401 "-" "Mozilla/5.0 AppleWebKit/537.36 (KHTML, like Gecko; compatible; GPTBot/1.2; +https://openai.com/gptbot)"
209.74.77.214 - - [21/Jul/2025:23:06:20 +0000] "POST /wp-cron.php?doing_wp_cron=1753139180.1917660236358642578125 HTTP/1.1" 200 - "-" "WordPress/6.8.2; https://alalamy.com.au"
216.73.216.97 - - [21/Jul/2025:23:06:18 +0000] "GET /shopbrand/9670931.htm HTTP/1.1" 404 20401 "-" "Mozilla/5.0 AppleWebKit/537.36 (KHTML, like Gecko; compatible; ClaudeBot/1.0; [email protected])"
209.74.77.214 - - [21/Jul/2025:23:06:20 +0000] "POST /wp-admin/admin-ajax.php?action=async_litespeed&nonce=8iuOjkgerV01TeMizVPeY2jj9BQ52PXO&litespeed_type=imgoptm HTTP/1.1" 200 21 "-" "WordPress/6.8.2; https://alalamy.com.au"
209.74.77.214 - - [21/Jul/2025:23:06:33 +0000] "POST /wp-cron.php?doing_wp_cron=1753139193.0446159839630126953125 HTTP/1.1" 200 - "-" "WordPress/6.8.2; https://alalamy.com.au"
51.222.253.11 - - [21/Jul/2025:23:06:32 +0000] "GET /items/fashion/mens/5392455/ HTTP/1.1" 404 20401 "-" "Mozilla/5.0 (compatible; AhrefsBot/7.0; +http://ahrefs.com/robot/)"
20.171.207.22 - - [21/Jul/2025:23:06:40 +0000] "GET /shopbrand/169303394.htm HTTP/1.1" 404 20401 "-" "Mozilla/5.0 AppleWebKit/537.36 (KHTML, like Gecko; compatible; GPTBot/1.2; +https://openai.com/gptbot)"
209.74.77.214 - - [21/Jul/2025:23:07:02 +0000] "POST /wp-cron.php?doing_wp_cron=1753139222.3016719818115234375000 HTTP/1.1" 200 - "-" "WordPress/6.8.2; https://alalamy.com.au"
51.222.253.15 - - [21/Jul/2025:23:07:02 +0000] "GET /items/fashion/outerwear/3976068/ HTTP/1.1" 404 20400 "-" "Mozilla/5.0 (compatible; AhrefsBot/7.0; +http://ahrefs.com/robot/)"
209.74.77.214 - - [21/Jul/2025:23:07:02 +0000] "POST /wp-admin/admin-ajax.php?action=async_litespeed&nonce=sPuVKjDUkKr12cqPn5PJlKvrW5Z79ogX&litespeed_type=imgoptm HTTP/1.1" 200 21 "-" "WordPress/6.8.2; https://alalamy.com.au"
209.74.77.214 - - [21/Jul/2025:23:07:33 +0000] "POST /wp-cron.php?doing_wp_cron=1753139253.5198740959167480468750 HTTP/1.1" 200 - "-" "WordPress/6.8.2; https://alalamy.com.au"
51.222.253.10 - - [21/Jul/2025:23:07:33 +0000] "GET /items/fashion/pants/4325445/ HTTP/1.1" 404 20401 "-" "Mozilla/5.0 (compatible; AhrefsBot/7.0; +http://ahrefs.com/robot/)"
20.171.207.22 - - [21/Jul/2025:23:07:40 +0000] "GET /shopbrand/169270606.htm HTTP/1.1" 404 20401 "-" "Mozilla/5.0 AppleWebKit/537.36 (KHTML, like Gecko; compatible; GPTBot/1.2; +https://openai.com/gptbot)"
209.74.77.214 - - [21/Jul/2025:23:08:08 +0000] "POST /wp-cron.php?doing_wp_cron=1753139288.2101058959960937500000 HTTP/1.1" 200 - "-" "WordPress/6.8.2; https://alalamy.com.au"
51.222.253.13 - - [21/Jul/2025:23:08:07 +0000] "GET /items/fashion/shoes/3337578/ HTTP/1.1" 404 20400 "-" "Mozilla/5.0 (compatible; AhrefsBot/7.0; +http://ahrefs.com/robot/)"
209.74.77.214 - - [21/Jul/2025:23:08:08 +0000] "POST /wp-admin/admin-ajax.php?action=async_litespeed&nonce=bskQy7kP2zBZ8h9YG9MDv8lgM7mP2TXc&litespeed_type=imgoptm HTTP/1.1" 200 21 "-" "WordPress/6.8.2; https://alalamy.com.au"
209.74.77.214 - - [21/Jul/2025:23:08:33 +0000] "POST /wp-cron.php?doing_wp_cron=1753139313.1959419250488281250000 HTTP/1.1" 200 - "-" "WordPress/6.8.2; https://alalamy.com.au"
216.73.216.97 - - [21/Jul/2025:23:08:30 +0000] "GET /shopbrand/9711112.htm HTTP/1.1" 404 20401 "-" "Mozilla/5.0 AppleWebKit/537.36 (KHTML, like Gecko; compatible; ClaudeBot/1.0; [email protected])"
51.222.253.1 - - [21/Jul/2025:23:08:34 +0000] "GET /items/fashion/shoes/3665241/ HTTP/1.1" 404 20401 "-" "Mozilla/5.0 (compatible; AhrefsBot/7.0; +http://ahrefs.com/robot/)"
20.171.207.22 - - [21/Jul/2025:23:08:40 +0000] "GET /shopbrand/169253229.htm HTTP/1.1" 404 20401 "-" "Mozilla/5.0 AppleWebKit/537.36 (KHTML, like Gecko; compatible; GPTBot/1.2; +https://openai.com/gptbot)"
209.74.77.214 - - [21/Jul/2025:23:09:05 +0000] "POST /wp-cron.php?doing_wp_cron=1753139345.6601850986480712890625 HTTP/1.1" 200 - "-" "WordPress/6.8.2; https://alalamy.com.au"
51.222.253.16 - - [21/Jul/2025:23:09:04 +0000] "GET /items/fashion/shoes/4617039/ HTTP/1.1" 404 20401 "-" "Mozilla/5.0 (compatible; AhrefsBot/7.0; +http://ahrefs.com/robot/)"
209.74.77.214 - - [21/Jul/2025:23:09:05 +0000] "POST /wp-admin/admin-ajax.php?action=async_litespeed&nonce=G85r3JKJfeywKvt8AKu1kBcJgDOY6ige&litespeed_type=imgoptm HTTP/1.1" 200 21 "-" "WordPress/6.8.2; https://alalamy.com.au"
209.74.77.214 - - [21/Jul/2025:23:09:36 +0000] "POST /wp-cron.php?doing_wp_cron=1753139376.1682870388031005859375 HTTP/1.1" 200 - "-" "WordPress/6.8.2; https://alalamy.com.au"
51.222.253.17 - - [21/Jul/2025:23:09:35 +0000] "GET /items/fashion/shoes/4638946/ HTTP/1.1" 404 20401 "-" "Mozilla/5.0 (compatible; AhrefsBot/7.0; +http://ahrefs.com/robot/)"
20.171.207.22 - - [21/Jul/2025:23:09:43 +0000] "GET /shopbrand/169321716.htm HTTP/1.1" 404 20401 "-" "Mozilla/5.0 AppleWebKit/537.36 (KHTML, like Gecko; compatible; GPTBot/1.2; +https://openai.com/gptbot)"
66.249.65.166 - - [21/Jul/2025:23:09:52 +0000] "GET /items/art/guitars/3161086/ HTTP/1.1" 200 18853 "-" "Mozilla/5.0 (Linux; Android 6.0.1; Nexus 5X Build/MMB29P) AppleWebKit/537.36 (KHTML, like Gecko) Chrome/137.0.7151.103 Mobile Safari/537.36 (compatible; GoogleOther)"
209.74.77.214 - - [21/Jul/2025:23:10:08 +0000] "POST /wp-cron.php?doing_wp_cron=1753139408.9312798976898193359375 HTTP/1.1" 200 - "-" "WordPress/6.8.2; https://alalamy.com.au"
51.222.253.12 - - [21/Jul/2025:23:10:08 +0000] "GET /items/fashion/tops/2692196/ HTTP/1.1" 404 20401 "-" "Mozilla/5.0 (compatible; AhrefsBot/7.0; +http://ahrefs.com/robot/)"
209.74.77.214 - - [21/Jul/2025:23:10:09 +0000] "POST /wp-admin/admin-ajax.php?action=async_litespeed&nonce=dqCceUwIxARo0VGKYMHBHPqmw8XJjfHq&litespeed_type=imgoptm HTTP/1.1" 200 21 "-" "WordPress/6.8.2; https://alalamy.com.au"
66.249.65.166 - - [21/Jul/2025:23:10:41 +0000] "GET /items/handicrafts/fashion/2239776/ HTTP/1.1" 200 21009 "-" "Mozilla/5.0 (Linux; Android 6.0.1; Nexus 5X Build/MMB29P) AppleWebKit/537.36 (KHTML, like Gecko) Chrome/137.0.7151.103 Mobile Safari/537.36 (compatible; GoogleOther)"
209.74.77.214 - - [21/Jul/2025:23:10:44 +0000] "POST /wp-cron.php?doing_wp_cron=1753139444.5702130794525146484375 HTTP/1.1" 200 - "-" "WordPress/6.8.2; https://alalamy.com.au"
51.222.253.5 - - [21/Jul/2025:23:10:43 +0000] "GET /items/fashion/tops/2820795/ HTTP/1.1" 404 20401 "-" "Mozilla/5.0 (compatible; AhrefsBot/7.0; +http://ahrefs.com/robot/)"
20.171.207.22 - - [21/Jul/2025:23:10:43 +0000] "GET /shopbrand/169312961.htm HTTP/1.1" 404 20401 "-" "Mozilla/5.0 AppleWebKit/537.36 (KHTML, like Gecko; compatible; GPTBot/1.2; +https://openai.com/gptbot)"
66.249.65.166 - - [21/Jul/2025:23:10:45 +0000] "POST /get-message-notify HTTP/1.1" 200 19554 "https://alalamy.com.au/items/handicrafts/fashion/2239776/" "Mozilla/5.0 (Linux; Android 6.0.1; Nexus 5X Build/MMB29P) AppleWebKit/537.36 (KHTML, like Gecko) Chrome/137.0.7151.119 Mobile Safari/537.36 (compatible; Googlebot/2.1; +http://www.google.com/bot.html)"
66.249.65.164 - - [21/Jul/2025:23:10:49 +0000] "POST /get-message-notify HTTP/1.1" 200 19554 "https://alalamy.com.au/items/art/guitars/3161086/" "Mozilla/5.0 (Linux; Android 6.0.1; Nexus 5X Build/MMB29P) AppleWebKit/537.36 (KHTML, like Gecko) Chrome/137.0.7151.119 Mobile Safari/537.36 (compatible; Googlebot/2.1; +http://www.google.com/bot.html)"
209.74.77.214 - - [21/Jul/2025:23:11:03 +0000] "POST /wp-admin/admin-ajax.php?action=async_litespeed&nonce=AX8aitYQtffhHKTk7VqxNEZu3X1puP0b&litespeed_type=imgoptm HTTP/1.1" 200 21 "-" "WordPress/6.8.2; https://alalamy.com.au"
20.169.6.236 - - [21/Jul/2025:23:11:09 +0000] "GET /?k=119508807071900&mod=43460ad1&uri=form.php%3Fid%3D3988375-827%26name%3Dgriferia+clever+cocina HTTP/1.1" 301 - "-" "Mozilla/5.0 (Macintosh; Intel Mac OS X 10_15_7) AppleWebKit/537.36 (KHTML, like Gecko) Chrome/131.0.0.0 Safari/537.36; compatible; OAI-SearchBot/1.0; +https://openai.com/searchbot"
20.169.6.236 - - [21/Jul/2025:23:11:09 +0000] "GET /?k=119508807071900&mod=43460ad1&uri=form.php%3Fid%3D3988375-827%26name%3Dgriferia%20clever%20cocina HTTP/1.1" 200 26625 "-" "Mozilla/5.0 (Macintosh; Intel Mac OS X 10_15_7) AppleWebKit/537.36 (KHTML, like Gecko) Chrome/131.0.0.0 Safari/537.36; compatible; OAI-SearchBot/1.0; +https://openai.com/searchbot"
51.222.253.20 - - [21/Jul/2025:23:11:12 +0000] "GET /items/fashion/tops/5422707/ HTTP/1.1" 404 20401 "-" "Mozilla/5.0 (compatible; AhrefsBot/7.0; +http://ahrefs.com/robot/)"
66.249.65.164 - - [21/Jul/2025:23:11:13 +0000] "GET /items/fashion/jackets/2110925/ HTTP/1.1" 200 21625 "-" "Mozilla/5.0 (Linux; Android 6.0.1; Nexus 5X Build/MMB29P) AppleWebKit/537.36 (KHTML, like Gecko) Chrome/137.0.7151.103 Mobile Safari/537.36 (compatible; GoogleOther)"
66.249.65.164 - - [21/Jul/2025:23:11:15 +0000] "POST /get-message-notify HTTP/1.1" 200 19554 "https://alalamy.com.au/items/fashion/jackets/2110925/" "Mozilla/5.0 (Linux; Android 6.0.1; Nexus 5X Build/MMB29P) AppleWebKit/537.36 (KHTML, like Gecko) Chrome/137.0.7151.119 Mobile Safari/537.36 (compatible; Googlebot/2.1; +http://www.google.com/bot.html)"
47.82.11.73 - - [21/Jul/2025:23:11:17 +0000] "GET /?k=6891546031900&mod=0afe1037&uri=dp.php?id%3D230157-345%26name%3Dvestidos+aesthetic+negros HTTP/1.1" 301 - "https://alalamy.com.au/?k=6891546031900&mod=0afe1037&uri=dp.php%3Fid%3D230157-345%26name%3Dvestidos+aesthetic+negros" "Mozilla/5.0 (Windows NT 10.0; Win64; x64) AppleWebKit/537.36 (KHTML, like Gecko) Chrome/114.0.0.0 Safari/537.36 Edg/114.0.1823.43"
47.82.11.97 - - [21/Jul/2025:23:11:17 +0000] "GET /?k=6541165071900&mod=0afe1037&uri=news.php?id%3D218469-345%26name%3Dropa+para+nieve+en+target HTTP/1.1" 301 - "https://alalamy.com.au/?k=6541165071900&mod=0afe1037&uri=news.php%3Fid%3D218469-345%26name%3Dropa+para+nieve+en+target" "Mozilla/5.0 (Windows NT 10.0; Win64; x64) AppleWebKit/537.36 (KHTML, like Gecko) Chrome/114.0.0.0 Safari/537.36 Edg/114.0.1823.43"
47.82.11.73 - - [21/Jul/2025:23:11:18 +0000] "GET /?k=6891546031900&mod=0afe1037&uri=dp.php?id%3D230157-345%26name%3Dvestidos%20aesthetic%20negros HTTP/1.1" 301 - "https://alalamy.com.au/?k=6891546031900&mod=0afe1037&uri=dp.php%3Fid%3D230157-345%26name%3Dvestidos+aesthetic+negros" "Mozilla/5.0 (Windows NT 10.0; Win64; x64) AppleWebKit/537.36 (KHTML, like Gecko) Chrome/114.0.0.0 Safari/537.36 Edg/114.0.1823.43"
47.82.11.97 - - [21/Jul/2025:23:11:18 +0000] "GET /?k=6541165071900&mod=0afe1037&uri=news.php?id%3D218469-345%26name%3Dropa%20para%20nieve%20en%20target HTTP/1.1" 301 - "https://alalamy.com.au/?k=6541165071900&mod=0afe1037&uri=news.php%3Fid%3D218469-345%26name%3Dropa+para+nieve+en+target" "Mozilla/5.0 (Windows NT 10.0; Win64; x64) AppleWebKit/537.36 (KHTML, like Gecko) Chrome/114.0.0.0 Safari/537.36 Edg/114.0.1823.43"
209.74.77.214 - - [21/Jul/2025:23:11:45 +0000] "POST /wp-cron.php?doing_wp_cron=1753139505.7914719581604003906250 HTTP/1.1" 200 - "-" "WordPress/6.8.2; https://alalamy.com.au"
20.171.207.22 - - [21/Jul/2025:23:11:45 +0000] "GET /shopbrand/169299617.htm HTTP/1.1" 404 20401 "-" "Mozilla/5.0 AppleWebKit/537.36 (KHTML, like Gecko; compatible; GPTBot/1.2; +https://openai.com/gptbot)"
51.222.253.1 - - [21/Jul/2025:23:11:50 +0000] "GET /items/fashion/watches/5546697/ HTTP/1.1" 404 20401 "-" "Mozilla/5.0 (compatible; AhrefsBot/7.0; +http://ahrefs.com/robot/)"
209.74.77.214 - - [21/Jul/2025:23:12:21 +0000] "POST /wp-cron.php?doing_wp_cron=1753139541.2155659198760986328125 HTTP/1.1" 200 - "-" "WordPress/6.8.2; https://alalamy.com.au"
51.222.253.13 - - [21/Jul/2025:23:12:20 +0000] "GET /items/fashion/womens/1622118/ HTTP/1.1" 404 20401 "-" "Mozilla/5.0 (compatible; AhrefsBot/7.0; +http://ahrefs.com/robot/)"
209.74.77.214 - - [21/Jul/2025:23:12:21 +0000] "POST /wp-admin/admin-ajax.php?action=async_litespeed&nonce=1SqJqvpTmC87yYzoKBHFFsO5HPuEGDYh&litespeed_type=imgoptm HTTP/1.1" 200 21 "-" "WordPress/6.8.2; https://alalamy.com.au"
47.82.11.89 - - [21/Jul/2025:23:12:25 +0000] "GET /?k=11602021081900&mod=8763d72b&uri=products.php?id%3D387372-57%26name%3Dsony+ericsson+bluetooth+mw600 HTTP/1.1" 301 - "https://alalamy.com.au/?k=11602021081900&mod=8763d72b&uri=products.php%3Fid%3D387372-57%26name%3Dsony+ericsson+bluetooth+mw600" "Mozilla/5.0 (Windows NT 10.0; Win64; x64) AppleWebKit/537.36 (KHTML, like Gecko) Chrome/114.0.0.0 Safari/537.36 Edg/114.0.1823.43"
47.82.11.89 - - [21/Jul/2025:23:12:26 +0000] "GET /?k=11602021081900&mod=8763d72b&uri=products.php?id%3D387372-57%26name%3Dsony%20ericsson%20bluetooth%20mw600 HTTP/1.1" 301 - "https://alalamy.com.au/?k=11602021081900&mod=8763d72b&uri=products.php%3Fid%3D387372-57%26name%3Dsony+ericsson+bluetooth+mw600" "Mozilla/5.0 (Windows NT 10.0; Win64; x64) AppleWebKit/537.36 (KHTML, like Gecko) Chrome/114.0.0.0 Safari/537.36 Edg/114.0.1823.43"
209.74.77.214 - - [21/Jul/2025:23:12:49 +0000] "POST /wp-cron.php?doing_wp_cron=1753139569.3010149002075195312500 HTTP/1.1" 200 - "-" "WordPress/6.8.2; https://alalamy.com.au"
20.171.207.22 - - [21/Jul/2025:23:12:48 +0000] "GET /shopbrand/169272117.htm HTTP/1.1" 404 20401 "-" "Mozilla/5.0 AppleWebKit/537.36 (KHTML, like Gecko; compatible; GPTBot/1.2; +https://openai.com/gptbot)"
51.222.253.3 - - [21/Jul/2025:23:12:50 +0000] "GET /items/fashion/womens/1829417/ HTTP/1.1" 404 20401 "-" "Mozilla/5.0 (compatible; AhrefsBot/7.0; +http://ahrefs.com/robot/)"
66.249.65.164 - - [21/Jul/2025:23:12:54 +0000] "GET /items/gardening/agave/3072369 HTTP/1.1" 200 18953 "-" "Mozilla/5.0 (Linux; Android 6.0.1; Nexus 5X Build/MMB29P) AppleWebKit/537.36 (KHTML, like Gecko) Chrome/137.0.7151.103 Mobile Safari/537.36 (compatible; GoogleOther)"
66.249.65.165 - - [21/Jul/2025:23:13:03 +0000] "POST /get-message-notify HTTP/1.1" 200 19554 "https://alalamy.com.au/items/gardening/agave/3072369" "Mozilla/5.0 (Linux; Android 6.0.1; Nexus 5X Build/MMB29P) AppleWebKit/537.36 (KHTML, like Gecko) Chrome/137.0.7151.119 Mobile Safari/537.36 (compatible; Googlebot/2.1; +http://www.google.com/bot.html)"
66.249.65.165 - - [21/Jul/2025:23:13:11 +0000] "GET /items/fashion/outerwear/4739206/ HTTP/1.1" 200 19053 "-" "Mozilla/5.0 (Linux; Android 6.0.1; Nexus 5X Build/MMB29P) AppleWebKit/537.36 (KHTML, like Gecko) Chrome/137.0.7151.103 Mobile Safari/537.36 (compatible; GoogleOther)"
209.74.77.214 - - [21/Jul/2025:23:13:22 +0000] "POST /wp-cron.php?doing_wp_cron=1753139602.7024679183959960937500 HTTP/1.1" 200 - "-" "WordPress/6.8.2; https://alalamy.com.au"
51.222.253.7 - - [21/Jul/2025:23:13:21 +0000] "GET /items/fashion/womens/2046852/ HTTP/1.1" 404 20401 "-" "Mozilla/5.0 (compatible; AhrefsBot/7.0; +http://ahrefs.com/robot/)"
209.74.77.214 - - [21/Jul/2025:23:13:22 +0000] "POST /wp-admin/admin-ajax.php?action=async_litespeed&nonce=yDzDjAf99ShD0SYp7sciOutvjHC0ECCy&litespeed_type=imgoptm HTTP/1.1" 200 21 "-" "WordPress/6.8.2; https://alalamy.com.au"
66.249.65.164 - - [21/Jul/2025:23:13:40 +0000] "POST /get-message-notify HTTP/1.1" 200 19554 "https://alalamy.com.au/items/fashion/outerwear/4739206/" "Mozilla/5.0 (Linux; Android 6.0.1; Nexus 5X Build/MMB29P) AppleWebKit/537.36 (KHTML, like Gecko) Chrome/137.0.7151.119 Mobile Safari/537.36 (compatible; Googlebot/2.1; +http://www.google.com/bot.html)"
209.74.77.214 - - [21/Jul/2025:23:13:49 +0000] "POST /wp-cron.php?doing_wp_cron=1753139629.8215560913085937500000 HTTP/1.1" 200 - "-" "WordPress/6.8.2; https://alalamy.com.au"
51.222.253.3 - - [21/Jul/2025:23:13:49 +0000] "GET /items/fashion/womens/2093612/ HTTP/1.1" 404 20401 "-" "Mozilla/5.0 (compatible; AhrefsBot/7.0; +http://ahrefs.com/robot/)"
209.74.77.214 - - [21/Jul/2025:23:13:52 +0000] "POST /wp-cron.php?doing_wp_cron=1753139632.0885729789733886718750 HTTP/1.1" 200 - "-" "WordPress/6.8.2; https://alalamy.com.au"
20.171.207.22 - - [21/Jul/2025:23:13:51 +0000] "GET /shopbrand/169336039.htm HTTP/1.1" 404 20401 "-" "Mozilla/5.0 AppleWebKit/537.36 (KHTML, like Gecko; compatible; GPTBot/1.2; +https://openai.com/gptbot)"
66.249.65.165 - - [21/Jul/2025:23:14:29 +0000] "GET /items/fashion/dresses/1705609/ HTTP/1.1" 200 19541 "-" "Mozilla/5.0 (Linux; Android 6.0.1; Nexus 5X Build/MMB29P) AppleWebKit/537.36 (KHTML, like Gecko) Chrome/137.0.7151.103 Mobile Safari/537.36 (compatible; GoogleOther)"
66.249.65.165 - - [21/Jul/2025:23:14:33 +0000] "POST /get-message-notify HTTP/1.1" 200 19554 "https://alalamy.com.au/items/fashion/dresses/1705609/" "Mozilla/5.0 (Linux; Android 6.0.1; Nexus 5X Build/MMB29P) AppleWebKit/537.36 (KHTML, like Gecko) Chrome/137.0.7151.119 Mobile Safari/537.36 (compatible; Googlebot/2.1; +http://www.google.com/bot.html)"
209.74.77.214 - - [21/Jul/2025:23:14:39 +0000] "POST /wp-cron.php?doing_wp_cron=1753139679.0924530029296875000000 HTTP/1.1" 200 - "-" "WordPress/6.8.2; https://alalamy.com.au"
51.222.253.11 - - [21/Jul/2025:23:14:37 +0000] "GET /items/fashion/womens/2431644/ HTTP/1.1" 404 20401 "-" "Mozilla/5.0 (compatible; AhrefsBot/7.0; +http://ahrefs.com/robot/)"
209.74.77.214 - - [21/Jul/2025:23:14:39 +0000] "POST /wp-admin/admin-ajax.php?action=async_litespeed&nonce=0yKYURX3UZPF54LY5QEHpDmb6pyuoh7D&litespeed_type=imgoptm HTTP/1.1" 200 21 "-" "WordPress/6.8.2; https://alalamy.com.au"
209.74.77.214 - - [21/Jul/2025:23:14:58 +0000] "POST /wp-cron.php?doing_wp_cron=1753139698.0039610862731933593750 HTTP/1.1" 200 - "-" "WordPress/6.8.2; https://alalamy.com.au"
20.171.207.22 - - [21/Jul/2025:23:14:57 +0000] "GET /shopbrand/169289228.htm HTTP/1.1" 404 20401 "-" "Mozilla/5.0 AppleWebKit/537.36 (KHTML, like Gecko; compatible; GPTBot/1.2; +https://openai.com/gptbot)"
209.74.77.214 - - [21/Jul/2025:23:15:12 +0000] "POST /wp-cron.php?doing_wp_cron=1753139712.5947520732879638671875 HTTP/1.1" 200 - "-" "WordPress/6.8.2; https://alalamy.com.au"
51.222.253.4 - - [21/Jul/2025:23:15:12 +0000] "GET /items/fashion/womens/3001951/ HTTP/1.1" 404 20401 "-" "Mozilla/5.0 (compatible; AhrefsBot/7.0; +http://ahrefs.com/robot/)"
209.74.77.214 - - [21/Jul/2025:23:15:12 +0000] "POST /wp-admin/admin-ajax.php?action=async_litespeed&nonce=pFG0bqx0nGktsrDH5ZBnu9fCIaxg9Tl9&litespeed_type=imgoptm HTTP/1.1" 200 21 "-" "WordPress/6.8.2; https://alalamy.com.au"
40.77.167.46 - - [21/Jul/2025:23:15:33 +0000] "GET /wp-content/uploads/2022/03/team1.jpg HTTP/1.1" 200 172565 "-" "Mozilla/5.0 AppleWebKit/537.36 (KHTML, like Gecko; compatible; bingbot/2.0; +http://www.bing.com/bingbot.htm) Chrome/116.0.1938.76 Safari/537.36"
209.74.77.214 - - [21/Jul/2025:23:15:48 +0000] "POST /wp-cron.php?doing_wp_cron=1753139748.6964330673217773437500 HTTP/1.1" 200 - "-" "WordPress/6.8.2; https://alalamy.com.au"
51.222.253.12 - - [21/Jul/2025:23:15:47 +0000] "GET /items/fashion/womens/3151395/ HTTP/1.1" 404 20401 "-" "Mozilla/5.0 (compatible; AhrefsBot/7.0; +http://ahrefs.com/robot/)"
209.74.77.214 - - [21/Jul/2025:23:16:03 +0000] "POST /wp-cron.php?doing_wp_cron=1753139763.4732370376586914062500 HTTP/1.1" 200 - "-" "WordPress/6.8.2; https://alalamy.com.au"
20.171.207.22 - - [21/Jul/2025:23:16:03 +0000] "GET /shopbrand/169299518.htm HTTP/1.1" 404 20401 "-" "Mozilla/5.0 AppleWebKit/537.36 (KHTML, like Gecko; compatible; GPTBot/1.2; +https://openai.com/gptbot)"
209.74.77.214 - - [21/Jul/2025:23:16:03 +0000] "POST /wp-admin/admin-ajax.php?action=async_litespeed&nonce=xzVm14EdCZXFTnJoVXqmqfVMujRdrgqY&litespeed_type=imgoptm HTTP/1.1" 200 21 "-" "WordPress/6.8.2; https://alalamy.com.au"
51.222.253.13 - - [21/Jul/2025:23:16:21 +0000] "GET /items/fashion/womens/3282659/ HTTP/1.1" 404 20401 "-" "Mozilla/5.0 (compatible; AhrefsBot/7.0; +http://ahrefs.com/robot/)"
209.74.77.214 - - [21/Jul/2025:23:16:51 +0000] "POST /wp-cron.php?doing_wp_cron=1753139811.3697030544281005859375 HTTP/1.1" 200 - "-" "WordPress/6.8.2; https://alalamy.com.au"
51.222.253.13 - - [21/Jul/2025:23:16:51 +0000] "GET /items/fashion/womens/3513628/ HTTP/1.1" 404 20401 "-" "Mozilla/5.0 (compatible; AhrefsBot/7.0; +http://ahrefs.com/robot/)"
209.74.77.214 - - [21/Jul/2025:23:17:04 +0000] "POST /wp-cron.php?doing_wp_cron=1753139824.5659039020538330078125 HTTP/1.1" 200 - "-" "WordPress/6.8.2; https://alalamy.com.au"
20.171.207.22 - - [21/Jul/2025:23:17:04 +0000] "GET /shopbrand/169292264.htm HTTP/1.1" 404 20400 "-" "Mozilla/5.0 AppleWebKit/537.36 (KHTML, like Gecko; compatible; GPTBot/1.2; +https://openai.com/gptbot)"
209.74.77.214 - - [21/Jul/2025:23:17:04 +0000] "POST /wp-admin/admin-ajax.php?action=async_litespeed&nonce=IIxHOsluMkAL90vepqCQS6WPZQH0mwVm&litespeed_type=imgoptm HTTP/1.1" 200 21 "-" "WordPress/6.8.2; https://alalamy.com.au"
209.74.77.214 - - [21/Jul/2025:23:17:42 +0000] "POST /wp-cron.php?doing_wp_cron=1753139862.6229081153869628906250 HTTP/1.1" 200 - "-" "WordPress/6.8.2; https://alalamy.com.au"
51.222.253.19 - - [21/Jul/2025:23:17:39 +0000] "GET /items/fashion/womens/3517157/ HTTP/1.1" 404 20400 "-" "Mozilla/5.0 (compatible; AhrefsBot/7.0; +http://ahrefs.com/robot/)"
209.74.77.214 - - [21/Jul/2025:23:18:05 +0000] "POST /wp-cron.php?doing_wp_cron=1753139885.6362919807434082031250 HTTP/1.1" 200 - "-" "WordPress/6.8.2; https://alalamy.com.au"
20.171.207.22 - - [21/Jul/2025:23:18:04 +0000] "GET /shopbrand/169309907.htm HTTP/1.1" 404 20401 "-" "Mozilla/5.0 AppleWebKit/537.36 (KHTML, like Gecko; compatible; GPTBot/1.2; +https://openai.com/gptbot)"
209.74.77.214 - - [21/Jul/2025:23:18:06 +0000] "POST /wp-admin/admin-ajax.php?action=async_litespeed&nonce=5iZsPAQPYvh5yzvZiBZLk2sKywO7e5gf&litespeed_type=imgoptm HTTP/1.1" 200 21 "-" "WordPress/6.8.2; https://alalamy.com.au"
51.222.253.1 - - [21/Jul/2025:23:18:14 +0000] "GET /items/fashion/womens/3536631/ HTTP/1.1" 404 20401 "-" "Mozilla/5.0 (compatible; AhrefsBot/7.0; +http://ahrefs.com/robot/)"
209.74.77.214 - - [21/Jul/2025:23:19:07 +0000] "POST /wp-cron.php?doing_wp_cron=1753139947.6624870300292968750000 HTTP/1.1" 200 - "-" "WordPress/6.8.2; https://alalamy.com.au"
209.74.77.214 - - [21/Jul/2025:23:19:07 +0000] "POST /wp-admin/admin-ajax.php?action=async_litespeed&nonce=62qGLz9lRETVYYPZJlBZLvsJ8iObbr7k&litespeed_type=imgoptm HTTP/1.1" 200 21 "-" "WordPress/6.8.2; https://alalamy.com.au"
20.171.207.22 - - [21/Jul/2025:23:19:04 +0000] "GET /shopbrand/169313543.htm HTTP/1.1" 404 20401 "-" "Mozilla/5.0 AppleWebKit/537.36 (KHTML, like Gecko; compatible; GPTBot/1.2; +https://openai.com/gptbot)"
209.74.77.214 - - [21/Jul/2025:23:19:33 +0000] "POST /wp-cron.php?doing_wp_cron=1753139973.7059369087219238281250 HTTP/1.1" 200 - "-" "WordPress/6.8.2; https://alalamy.com.au"
51.222.253.12 - - [21/Jul/2025:23:19:32 +0000] "GET /items/fashion/womens/3835339/ HTTP/1.1" 404 20401 "-" "Mozilla/5.0 (compatible; AhrefsBot/7.0; +http://ahrefs.com/robot/)"
209.74.77.214 - - [21/Jul/2025:23:20:11 +0000] "POST /wp-cron.php?doing_wp_cron=1753140011.5378119945526123046875 HTTP/1.1" 200 - "-" "WordPress/6.8.2; https://alalamy.com.au"
20.171.207.22 - - [21/Jul/2025:23:20:07 +0000] "GET /shopbrand/169293942.htm HTTP/1.1" 404 20401 "-" "Mozilla/5.0 AppleWebKit/537.36 (KHTML, like Gecko; compatible; GPTBot/1.2; +https://openai.com/gptbot)"
209.74.77.214 - - [21/Jul/2025:23:20:12 +0000] "POST /wp-admin/admin-ajax.php?action=async_litespeed&nonce=YaN8ndTUYUFaOesTRVEsf85fAdbOqeoe&litespeed_type=imgoptm HTTP/1.1" 200 21 "-" "WordPress/6.8.2; https://alalamy.com.au"
51.222.253.13 - - [21/Jul/2025:23:20:12 +0000] "GET /items/fashion/womens/4028429/ HTTP/1.1" 404 20401 "-" "Mozilla/5.0 (compatible; AhrefsBot/7.0; +http://ahrefs.com/robot/)"
209.74.77.214 - - [21/Jul/2025:23:20:45 +0000] "POST /wp-cron.php?doing_wp_cron=1753140045.7555329799652099609375 HTTP/1.1" 200 - "-" "WordPress/6.8.2; https://alalamy.com.au"
51.222.253.3 - - [21/Jul/2025:23:20:45 +0000] "GET /items/fashion/womens/4193619/ HTTP/1.1" 404 20401 "-" "Mozilla/5.0 (compatible; AhrefsBot/7.0; +http://ahrefs.com/robot/)"
209.74.77.214 - - [21/Jul/2025:23:20:51 +0000] "POST /wp-cron.php?doing_wp_cron=1753140051.3711180686950683593750 HTTP/1.1" 200 - "-" "WordPress/6.8.2; https://alalamy.com.au"
47.82.11.75 - - [21/Jul/2025:23:20:51 +0000] "GET /?k=6635485091900&mod=d2394127&uri=category-info.php?id%3D221613-372%26name%3D18k+tge HTTP/1.1" 301 - "https://alalamy.com.au/?k=6635485091900&mod=d2394127&uri=category-info.php%3Fid%3D221613-372%26name%3D18k+tge" "Mozilla/5.0 (Windows NT 10.0; Win64; x64) AppleWebKit/537.36 (KHTML, like Gecko) Chrome/114.0.0.0 Safari/537.36 Edg/114.0.1823.43"
47.82.11.75 - - [21/Jul/2025:23:20:51 +0000] "GET /?k=6635485091900&mod=d2394127&uri=category-info.php?id%3D221613-372%26name%3D18k%20tge HTTP/1.1" 301 - "https://alalamy.com.au/?k=6635485091900&mod=d2394127&uri=category-info.php%3Fid%3D221613-372%26name%3D18k+tge" "Mozilla/5.0 (Windows NT 10.0; Win64; x64) AppleWebKit/537.36 (KHTML, like Gecko) Chrome/114.0.0.0 Safari/537.36 Edg/114.0.1823.43"
47.82.11.91 - - [21/Jul/2025:23:20:57 +0000] "GET /?k=6777265011900&mod=9c3916c3&uri=us.php?id%3D226343-380%26name%3Ddog+in+a+bag+toy HTTP/1.1" 301 - "https://alalamy.com.au/?k=6777265011900&mod=9c3916c3&uri=us.php%3Fid%3D226343-380%26name%3Ddog+in+a+bag+toy" "Mozilla/5.0 (Windows NT 10.0; Win64; x64) AppleWebKit/537.36 (KHTML, like Gecko) Chrome/114.0.0.0 Safari/537.36 Edg/114.0.1823.43"
47.82.11.91 - - [21/Jul/2025:23:20:57 +0000] "GET /?k=6777265011900&mod=9c3916c3&uri=us.php?id%3D226343-380%26name%3Ddog%20in%20a%20bag%20toy HTTP/1.1" 301 - "https://alalamy.com.au/?k=6777265011900&mod=9c3916c3&uri=us.php%3Fid%3D226343-380%26name%3Ddog+in+a+bag+toy" "Mozilla/5.0 (Windows NT 10.0; Win64; x64) AppleWebKit/537.36 (KHTML, like Gecko) Chrome/114.0.0.0 Safari/537.36 Edg/114.0.1823.43"
209.74.77.214 - - [21/Jul/2025:23:21:10 +0000] "POST /wp-cron.php?doing_wp_cron=1753140070.5917310714721679687500 HTTP/1.1" 200 - "-" "WordPress/6.8.2; https://alalamy.com.au"
20.171.207.22 - - [21/Jul/2025:23:21:10 +0000] "GET /shopbrand/169287667.htm HTTP/1.1" 404 20401 "-" "Mozilla/5.0 AppleWebKit/537.36 (KHTML, like Gecko; compatible; GPTBot/1.2; +https://openai.com/gptbot)"
209.74.77.214 - - [21/Jul/2025:23:21:10 +0000] "POST /wp-admin/admin-ajax.php?action=async_litespeed&nonce=dOdsEFwLWXV49Oegxux4ymJ7ock7kgc4&litespeed_type=imgoptm HTTP/1.1" 200 21 "-" "WordPress/6.8.2; https://alalamy.com.au"
209.74.77.214 - - [21/Jul/2025:23:21:35 +0000] "POST /wp-cron.php?doing_wp_cron=1753140095.9379789829254150390625 HTTP/1.1" 200 - "-" "WordPress/6.8.2; https://alalamy.com.au"
51.222.253.16 - - [21/Jul/2025:23:21:35 +0000] "GET /items/fashion/womens/4831357/ HTTP/1.1" 404 20401 "-" "Mozilla/5.0 (compatible; AhrefsBot/7.0; +http://ahrefs.com/robot/)"
47.82.11.88 - - [21/Jul/2025:23:21:38 +0000] "GET /?k=6522595141900&mod=c5136a36&uri=news.php?id%3D217850-366%26name%3Dwhere+to+get+vintage+levi+jeans HTTP/1.1" 301 - "https://alalamy.com.au/?k=6522595141900&mod=c5136a36&uri=news.php%3Fid%3D217850-366%26name%3Dwhere+to+get+vintage+levi+jeans" "Mozilla/5.0 (Windows NT 10.0; Win64; x64) AppleWebKit/537.36 (KHTML, like Gecko) Chrome/114.0.0.0 Safari/537.36 Edg/114.0.1823.43"
47.82.11.88 - - [21/Jul/2025:23:21:39 +0000] "GET /?k=6522595141900&mod=c5136a36&uri=news.php?id%3D217850-366%26name%3Dwhere%20to%20get%20vintage%20levi%20jeans HTTP/1.1" 301 - "https://alalamy.com.au/?k=6522595141900&mod=c5136a36&uri=news.php%3Fid%3D217850-366%26name%3Dwhere+to+get+vintage+levi+jeans" "Mozilla/5.0 (Windows NT 10.0; Win64; x64) AppleWebKit/537.36 (KHTML, like Gecko) Chrome/114.0.0.0 Safari/537.36 Edg/114.0.1823.43"
66.249.65.166 - - [21/Jul/2025:23:21:44 +0000] "GET /?items/furniture/interior/3311167/alalamy.com.au/pcmypage?callback=product%2Fdetail%2F70557699 HTTP/1.1" 200 19875 "-" "Mozilla/5.0 (Linux; Android 6.0.1; Nexus 5X Build/MMB29P) AppleWebKit/537.36 (KHTML, like Gecko) Chrome/137.0.7151.103 Mobile Safari/537.36 (compatible; GoogleOther)"
66.249.65.164 - - [21/Jul/2025:23:21:57 +0000] "POST /get-message-notify HTTP/1.1" 200 19554 "https://alalamy.com.au/?items/furniture/interior/3311167/alalamy.com.au/pcmypage?callback=product%2Fdetail%2F70557699" "Mozilla/5.0 (Linux; Android 6.0.1; Nexus 5X Build/MMB29P) AppleWebKit/537.36 (KHTML, like Gecko) Chrome/137.0.7151.119 Mobile Safari/537.36 (compatible; Googlebot/2.1; +http://www.google.com/bot.html)"
209.74.77.214 - - [21/Jul/2025:23:22:11 +0000] "POST /wp-cron.php?doing_wp_cron=1753140131.8097760677337646484375 HTTP/1.1" 200 - "-" "WordPress/6.8.2; https://alalamy.com.au"
20.171.207.22 - - [21/Jul/2025:23:22:11 +0000] "GET /shopbrand/169337997.htm HTTP/1.1" 404 20401 "-" "Mozilla/5.0 AppleWebKit/537.36 (KHTML, like Gecko; compatible; GPTBot/1.2; +https://openai.com/gptbot)"
209.74.77.214 - - [21/Jul/2025:23:22:12 +0000] "POST /wp-admin/admin-ajax.php?action=async_litespeed&nonce=Jy8wdDOJ2uy7mN020VmYYXnBKay5xoxO&litespeed_type=imgoptm HTTP/1.1" 200 21 "-" "WordPress/6.8.2; https://alalamy.com.au"
51.222.253.12 - - [21/Jul/2025:23:22:17 +0000] "GET /items/fashion/womens/4904548/ HTTP/1.1" 404 20401 "-" "Mozilla/5.0 (compatible; AhrefsBot/7.0; +http://ahrefs.com/robot/)"
209.74.77.214 - - [21/Jul/2025:23:22:54 +0000] "POST /wp-cron.php?doing_wp_cron=1753140174.4293050765991210937500 HTTP/1.1" 200 - "-" "WordPress/6.8.2; https://alalamy.com.au"
51.222.253.19 - - [21/Jul/2025:23:22:54 +0000] "GET /items/fashion/womens/4923565/ HTTP/1.1" 404 20401 "-" "Mozilla/5.0 (compatible; AhrefsBot/7.0; +http://ahrefs.com/robot/)"
209.74.77.214 - - [21/Jul/2025:23:23:17 +0000] "POST /wp-cron.php?doing_wp_cron=1753140197.7139990329742431640625 HTTP/1.1" 200 - "-" "WordPress/6.8.2; https://alalamy.com.au"
20.171.207.22 - - [21/Jul/2025:23:23:17 +0000] "GET /shopbrand/169289891.htm HTTP/1.1" 404 20401 "-" "Mozilla/5.0 AppleWebKit/537.36 (KHTML, like Gecko; compatible; GPTBot/1.2; +https://openai.com/gptbot)"
209.74.77.214 - - [21/Jul/2025:23:23:17 +0000] "POST /wp-admin/admin-ajax.php?action=async_litespeed&nonce=PUVAEBzf6g0w6GXdj4d6Pa6ftbILe47P&litespeed_type=imgoptm HTTP/1.1" 200 21 "-" "WordPress/6.8.2; https://alalamy.com.au"
66.249.65.166 - - [21/Jul/2025:23:24:03 +0000] "GET /items/fashion/womens/alalamy.com.au/cargo/detail HTTP/1.1" 200 19665 "-" "Mozilla/5.0 (Linux; Android 6.0.1; Nexus 5X Build/MMB29P) AppleWebKit/537.36 (KHTML, like Gecko) Chrome/137.0.7151.103 Mobile Safari/537.36 (compatible; GoogleOther)"
209.74.77.214 - - [21/Jul/2025:23:24:22 +0000] "POST /wp-cron.php?doing_wp_cron=1753140262.6420760154724121093750 HTTP/1.1" 200 - "-" "WordPress/6.8.2; https://alalamy.com.au"
20.171.207.22 - - [21/Jul/2025:23:24:21 +0000] "GET /shopbrand/169306861.htm HTTP/1.1" 404 20401 "-" "Mozilla/5.0 AppleWebKit/537.36 (KHTML, like Gecko; compatible; GPTBot/1.2; +https://openai.com/gptbot)"
209.74.77.214 - - [21/Jul/2025:23:24:22 +0000] "POST /wp-admin/admin-ajax.php?action=async_litespeed&nonce=DRENUpGblwmKGu9DF3sjN2WnR7sossO4&litespeed_type=imgoptm HTTP/1.1" 200 21 "-" "WordPress/6.8.2; https://alalamy.com.au"
66.249.65.165 - - [21/Jul/2025:23:24:24 +0000] "POST /get-message-notify HTTP/1.1" 200 19554 "https://alalamy.com.au/items/fashion/womens/alalamy.com.au/cargo/detail" "Mozilla/5.0 (Linux; Android 6.0.1; Nexus 5X Build/MMB29P) AppleWebKit/537.36 (KHTML, like Gecko) Chrome/137.0.7151.119 Mobile Safari/537.36 (compatible; Googlebot/2.1; +http://www.google.com/bot.html)"
66.249.65.164 - - [21/Jul/2025:23:25:04 +0000] "GET /items/fashion/watches/4858559 HTTP/1.1" 200 19264 "-" "Mozilla/5.0 (Linux; Android 6.0.1; Nexus 5X Build/MMB29P) AppleWebKit/537.36 (KHTML, like Gecko) Chrome/137.0.7151.103 Mobile Safari/537.36 (compatible; GoogleOther)"
209.74.77.214 - - [21/Jul/2025:23:25:05 +0000] "POST /wp-cron.php?doing_wp_cron=1753140305.1873729228973388671875 HTTP/1.1" 200 - "-" "WordPress/6.8.2; https://alalamy.com.au"
66.249.65.166 - - [21/Jul/2025:23:25:05 +0000] "GET /items/fashion/womens/2197332 HTTP/1.1" 200 19722 "-" "Mozilla/5.0 (Linux; Android 6.0.1; Nexus 5X Build/MMB29P) AppleWebKit/537.36 (KHTML, like Gecko) Chrome/137.0.7151.103 Mobile Safari/537.36 (compatible; GoogleOther)"
209.74.77.214 - - [21/Jul/2025:23:25:05 +0000] "POST /wp-admin/admin-ajax.php?action=async_litespeed&nonce=zFhfvzIIF7MZSoq4ga1eXqHnsdOT39rU&litespeed_type=imgoptm HTTP/1.1" 200 21 "-" "WordPress/6.8.2; https://alalamy.com.au"
51.222.253.11 - - [21/Jul/2025:23:25:03 +0000] "GET /items/fashion/womens/5478630/ HTTP/1.1" 404 20401 "-" "Mozilla/5.0 (compatible; AhrefsBot/7.0; +http://ahrefs.com/robot/)"
66.249.65.165 - - [21/Jul/2025:23:25:25 +0000] "POST /get-message-notify HTTP/1.1" 200 19554 "https://alalamy.com.au/items/fashion/womens/2197332" "Mozilla/5.0 (Linux; Android 6.0.1; Nexus 5X Build/MMB29P) AppleWebKit/537.36 (KHTML, like Gecko) Chrome/137.0.7151.119 Mobile Safari/537.36 (compatible; Googlebot/2.1; +http://www.google.com/bot.html)"
209.74.77.214 - - [21/Jul/2025:23:25:36 +0000] "POST /wp-cron.php?doing_wp_cron=1753140336.4772379398345947265625 HTTP/1.1" 200 - "-" "WordPress/6.8.2; https://alalamy.com.au"
51.222.253.13 - - [21/Jul/2025:23:25:36 +0000] "GET /items/fashion/yukata/5450844/ HTTP/1.1" 404 20401 "-" "Mozilla/5.0 (compatible; AhrefsBot/7.0; +http://ahrefs.com/robot/)"
209.74.77.214 - - [21/Jul/2025:23:26:19 +0000] "POST /wp-cron.php?doing_wp_cron=1753140379.2583088874816894531250 HTTP/1.1" 200 - "-" "WordPress/6.8.2; https://alalamy.com.au"
51.222.253.1 - - [21/Jul/2025:23:26:17 +0000] "GET /items/fishing/barbecues/4902963/ HTTP/1.1" 404 20401 "-" "Mozilla/5.0 (compatible; AhrefsBot/7.0; +http://ahrefs.com/robot/)"
209.74.77.214 - - [21/Jul/2025:23:26:19 +0000] "POST /wp-admin/admin-ajax.php?action=async_litespeed&nonce=ncVGCCBSqCrUNX4OZRcGpOCfP5FlLoSq&litespeed_type=imgoptm HTTP/1.1" 200 21 "-" "WordPress/6.8.2; https://alalamy.com.au"
209.74.77.214 - - [21/Jul/2025:23:26:53 +0000] "POST /wp-cron.php?doing_wp_cron=1753140413.8704409599304199218750 HTTP/1.1" 200 - "-" "WordPress/6.8.2; https://alalamy.com.au"
51.222.253.10 - - [21/Jul/2025:23:26:52 +0000] "GET /items/fishing/fishing/2706299/ HTTP/1.1" 404 20401 "-" "Mozilla/5.0 (compatible; AhrefsBot/7.0; +http://ahrefs.com/robot/)"
66.249.65.166 - - [21/Jul/2025:23:27:20 +0000] "GET /items/fashion/womens/5030315/ HTTP/1.1" 200 20126 "-" "Mozilla/5.0 (Linux; Android 6.0.1; Nexus 5X Build/MMB29P) AppleWebKit/537.36 (KHTML, like Gecko) Chrome/137.0.7151.103 Mobile Safari/537.36 (compatible; GoogleOther)"
209.74.77.214 - - [21/Jul/2025:23:27:31 +0000] "POST /wp-cron.php?doing_wp_cron=1753140451.8565850257873535156250 HTTP/1.1" 200 - "-" "WordPress/6.8.2; https://alalamy.com.au"
51.222.253.13 - - [21/Jul/2025:23:27:31 +0000] "GET /items/fishing/fishing/3493555/ HTTP/1.1" 404 20401 "-" "Mozilla/5.0 (compatible; AhrefsBot/7.0; +http://ahrefs.com/robot/)"
209.74.77.214 - - [21/Jul/2025:23:27:32 +0000] "POST /wp-admin/admin-ajax.php?action=async_litespeed&nonce=C6rKHZxsh6lSy7xprmr8MJR6Fw3VKDlg&litespeed_type=imgoptm HTTP/1.1" 200 21 "-" "WordPress/6.8.2; https://alalamy.com.au"
66.249.65.165 - - [21/Jul/2025:23:27:36 +0000] "POST /get-message-notify HTTP/1.1" 200 19554 "https://alalamy.com.au/items/fashion/womens/5030315/" "Mozilla/5.0 (Linux; Android 6.0.1; Nexus 5X Build/MMB29P) AppleWebKit/537.36 (KHTML, like Gecko) Chrome/137.0.7151.119 Mobile Safari/537.36 (compatible; Googlebot/2.1; +http://www.google.com/bot.html)"
209.74.77.214 - - [21/Jul/2025:23:28:04 +0000] "POST /wp-cron.php?doing_wp_cron=1753140484.3588929176330566406250 HTTP/1.1" 200 - "-" "WordPress/6.8.2; https://alalamy.com.au"
51.222.253.8 - - [21/Jul/2025:23:28:04 +0000] "GET /items/fishing/lures/4045689/ HTTP/1.1" 404 20401 "-" "Mozilla/5.0 (compatible; AhrefsBot/7.0; +http://ahrefs.com/robot/)"
209.74.77.214 - - [21/Jul/2025:23:28:04 +0000] "POST /wp-admin/admin-ajax.php?action=async_litespeed&nonce=jvWoYuzTT6xqqs7NPTBf9J8KPALYbx9C&litespeed_type=imgoptm HTTP/1.1" 200 21 "-" "WordPress/6.8.2; https://alalamy.com.au"
20.171.207.22 - - [21/Jul/2025:23:28:24 +0000] "GET /shopbrand/169360396.htm HTTP/1.1" 404 20401 "-" "Mozilla/5.0 AppleWebKit/537.36 (KHTML, like Gecko; compatible; GPTBot/1.2; +https://openai.com/gptbot)"
209.74.77.214 - - [21/Jul/2025:23:28:42 +0000] "POST /wp-cron.php?doing_wp_cron=1753140522.7809450626373291015625 HTTP/1.1" 200 - "-" "WordPress/6.8.2; https://alalamy.com.au"
51.222.253.14 - - [21/Jul/2025:23:28:42 +0000] "GET /items/fishing/outdoor-shoes/1791194/ HTTP/1.1" 404 20401 "-" "Mozilla/5.0 (compatible; AhrefsBot/7.0; +http://ahrefs.com/robot/)"
45.227.253.15 - - [21/Jul/2025:23:29:08 +0000] "GET /index.php/jk HTTP/1.1" 200 59 "-" "Mozilla/5.0 (iPhone; CPU iPhone OS 12_4 like Mac OS X) AppleWebKit/605.1.15 (KHTML, like Gecko) Version/12.4.2 Mobile/15E148 Safari/604.1"
209.74.77.214 - - [21/Jul/2025:23:29:13 +0000] "POST /wp-cron.php?doing_wp_cron=1753140553.9461879730224609375000 HTTP/1.1" 200 - "-" "WordPress/6.8.2; https://alalamy.com.au"
51.222.253.4 - - [21/Jul/2025:23:29:13 +0000] "GET /items/fishing/outdoors/1928643/ HTTP/1.1" 404 20401 "-" "Mozilla/5.0 (compatible; AhrefsBot/7.0; +http://ahrefs.com/robot/)"
209.74.77.214 - - [21/Jul/2025:23:29:14 +0000] "POST /wp-admin/admin-ajax.php?action=async_litespeed&nonce=nPUIPlFT6ilfnQVrJ638kNR8L88WxghC&litespeed_type=imgoptm HTTP/1.1" 200 21 "-" "WordPress/6.8.2; https://alalamy.com.au"
20.171.207.22 - - [21/Jul/2025:23:29:30 +0000] "GET /shopbrand/169335932.htm HTTP/1.1" 404 20401 "-" "Mozilla/5.0 AppleWebKit/537.36 (KHTML, like Gecko; compatible; GPTBot/1.2; +https://openai.com/gptbot)"
209.74.77.214 - - [21/Jul/2025:23:29:44 +0000] "POST /wp-cron.php?doing_wp_cron=1753140584.1071310043334960937500 HTTP/1.1" 200 - "-" "WordPress/6.8.2; https://alalamy.com.au"
51.222.253.1 - - [21/Jul/2025:23:29:43 +0000] "GET /items/fishing/outdoors/4125922/ HTTP/1.1" 404 20401 "-" "Mozilla/5.0 (compatible; AhrefsBot/7.0; +http://ahrefs.com/robot/)"
209.74.77.214 - - [21/Jul/2025:23:30:35 +0000] "POST /wp-cron.php?doing_wp_cron=1753140635.5905740261077880859375 HTTP/1.1" 200 - "-" "WordPress/6.8.2; https://alalamy.com.au"
209.74.77.214 - - [21/Jul/2025:23:30:35 +0000] "POST /wp-admin/admin-ajax.php?action=async_litespeed&nonce=u7tYOUxJ4xxPh47pPRxp8AKKcvEEpcDs&litespeed_type=imgoptm HTTP/1.1" 200 21 "-" "WordPress/6.8.2; https://alalamy.com.au"
20.171.207.22 - - [21/Jul/2025:23:30:33 +0000] "GET /shopbrand/169369433.htm HTTP/1.1" 404 20401 "-" "Mozilla/5.0 AppleWebKit/537.36 (KHTML, like Gecko; compatible; GPTBot/1.2; +https://openai.com/gptbot)"
209.74.77.214 - - [21/Jul/2025:23:31:16 +0000] "POST /wp-cron.php?doing_wp_cron=1753140676.2017869949340820312500 HTTP/1.1" 200 - "-" "WordPress/6.8.2; https://alalamy.com.au"
51.222.253.8 - - [21/Jul/2025:23:31:14 +0000] "GET /items/food/food/2639392/ HTTP/1.1" 404 20401 "-" "Mozilla/5.0 (compatible; AhrefsBot/7.0; +http://ahrefs.com/robot/)"
209.74.77.214 - - [21/Jul/2025:23:31:16 +0000] "POST /wp-admin/admin-ajax.php?action=async_litespeed&nonce=4Cmxvd6gzU9aCBveE5pXjo3Nnt08pBJ9&litespeed_type=imgoptm HTTP/1.1" 200 21 "-" "WordPress/6.8.2; https://alalamy.com.au"
47.82.11.4 - - [21/Jul/2025:23:31:26 +0000] "GET /?k=6406856011900&mod=55e58848&uri=blog.php?id%3D213991-183%26name%3Dsuper+splendor+price+photo HTTP/1.1" 301 - "https://alalamy.com.au/?k=6406856011900&mod=55e58848&uri=blog.php%3Fid%3D213991-183%26name%3Dsuper+splendor+price+photo" "Mozilla/5.0 (Windows NT 10.0; Win64; x64) AppleWebKit/537.36 (KHTML, like Gecko) Chrome/114.0.0.0 Safari/537.36 Edg/114.0.1823.43"
47.82.11.4 - - [21/Jul/2025:23:31:26 +0000] "GET /?k=6406856011900&mod=55e58848&uri=blog.php?id%3D213991-183%26name%3Dsuper%20splendor%20price%20photo HTTP/1.1" 301 - "https://alalamy.com.au/?k=6406856011900&mod=55e58848&uri=blog.php%3Fid%3D213991-183%26name%3Dsuper+splendor+price+photo" "Mozilla/5.0 (Windows NT 10.0; Win64; x64) AppleWebKit/537.36 (KHTML, like Gecko) Chrome/114.0.0.0 Safari/537.36 Edg/114.0.1823.43"
209.74.77.214 - - [21/Jul/2025:23:31:36 +0000] "POST /wp-cron.php?doing_wp_cron=1753140696.4446630477905273437500 HTTP/1.1" 200 - "-" "WordPress/6.8.2; https://alalamy.com.au"
20.171.207.22 - - [21/Jul/2025:23:31:36 +0000] "GET /shopbrand/169335499.htm HTTP/1.1" 404 20401 "-" "Mozilla/5.0 AppleWebKit/537.36 (KHTML, like Gecko; compatible; GPTBot/1.2; +https://openai.com/gptbot)"
66.249.65.166 - - [21/Jul/2025:23:31:37 +0000] "GET /items/fashion/jackets/3158700/alalamy.com.au/pcmypage?callback=product%2Fdetail%2F44973367 HTTP/1.1" 200 21513 "-" "Mozilla/5.0 (Linux; Android 6.0.1; Nexus 5X Build/MMB29P) AppleWebKit/537.36 (KHTML, like Gecko) Chrome/137.0.7151.103 Mobile Safari/537.36 (compatible; GoogleOther)"
66.249.65.165 - - [21/Jul/2025:23:31:43 +0000] "POST /get-message-notify HTTP/1.1" 200 19554 "https://alalamy.com.au/items/fashion/jackets/3158700/alalamy.com.au/pcmypage?callback=product%2Fdetail%2F44973367" "Mozilla/5.0 (Linux; Android 6.0.1; Nexus 5X Build/MMB29P) AppleWebKit/537.36 (KHTML, like Gecko) Chrome/137.0.7151.119 Mobile Safari/537.36 (compatible; Googlebot/2.1; +http://www.google.com/bot.html)"
209.74.77.214 - - [21/Jul/2025:23:31:54 +0000] "POST /wp-cron.php?doing_wp_cron=1753140714.8652648925781250000000 HTTP/1.1" 200 - "-" "WordPress/6.8.2; https://alalamy.com.au"
51.222.253.9 - - [21/Jul/2025:23:31:54 +0000] "GET /items/food/whiskey/1674778/ HTTP/1.1" 404 20401 "-" "Mozilla/5.0 (compatible; AhrefsBot/7.0; +http://ahrefs.com/robot/)"
209.74.77.214 - - [21/Jul/2025:23:32:37 +0000] "POST /wp-cron.php?doing_wp_cron=1753140757.7570149898529052734375 HTTP/1.1" 200 - "-" "WordPress/6.8.2; https://alalamy.com.au"
20.171.207.22 - - [21/Jul/2025:23:32:37 +0000] "GET /shopbrand/169261966.htm HTTP/1.1" 404 20401 "-" "Mozilla/5.0 AppleWebKit/537.36 (KHTML, like Gecko; compatible; GPTBot/1.2; +https://openai.com/gptbot)"
209.74.77.214 - - [21/Jul/2025:23:32:37 +0000] "POST /wp-admin/admin-ajax.php?action=async_litespeed&nonce=ThEc0JGjK9r989Y9X1gizpfORpw1DFuB&litespeed_type=imgoptm HTTP/1.1" 200 21 "-" "WordPress/6.8.2; https://alalamy.com.au"
209.74.77.214 - - [21/Jul/2025:23:33:15 +0000] "POST /wp-cron.php?doing_wp_cron=1753140795.7768208980560302734375 HTTP/1.1" 200 - "-" "WordPress/6.8.2; https://alalamy.com.au"
51.222.253.15 - - [21/Jul/2025:23:33:13 +0000] "GET /items/furniture/interior/3338712/ HTTP/1.1" 404 20401 "-" "Mozilla/5.0 (compatible; AhrefsBot/7.0; +http://ahrefs.com/robot/)"
209.74.77.214 - - [21/Jul/2025:23:33:16 +0000] "POST /wp-admin/admin-ajax.php?action=async_litespeed&nonce=pGG9R9R9GZz9GDXCRwGHH7v57uPEYEbg&litespeed_type=imgoptm HTTP/1.1" 200 21 "-" "WordPress/6.8.2; https://alalamy.com.au"
209.74.77.214 - - [21/Jul/2025:23:33:38 +0000] "POST /wp-cron.php?doing_wp_cron=1753140818.4922950267791748046875 HTTP/1.1" 200 - "-" "WordPress/6.8.2; https://alalamy.com.au"
20.171.207.22 - - [21/Jul/2025:23:33:38 +0000] "GET /shopbrand/169266299.htm HTTP/1.1" 404 20401 "-" "Mozilla/5.0 AppleWebKit/537.36 (KHTML, like Gecko; compatible; GPTBot/1.2; +https://openai.com/gptbot)"
51.222.253.13 - - [21/Jul/2025:23:33:48 +0000] "GET /items/furniture/living-room-storage/2719066/ HTTP/1.1" 404 20401 "-" "Mozilla/5.0 (compatible; AhrefsBot/7.0; +http://ahrefs.com/robot/)"
209.74.77.214 - - [21/Jul/2025:23:34:22 +0000] "POST /wp-cron.php?doing_wp_cron=1753140862.9137489795684814453125 HTTP/1.1" 200 - "-" "WordPress/6.8.2; https://alalamy.com.au"
51.222.253.5 - - [21/Jul/2025:23:34:21 +0000] "GET /items/furniture/sofas/2791146/ HTTP/1.1" 404 20401 "-" "Mozilla/5.0 (compatible; AhrefsBot/7.0; +http://ahrefs.com/robot/)"
209.74.77.214 - - [21/Jul/2025:23:34:23 +0000] "POST /wp-admin/admin-ajax.php?action=async_litespeed&nonce=XaJX9Fb2S9QH1SlpdcWkvzL0lEmebqZm&litespeed_type=imgoptm HTTP/1.1" 200 21 "-" "WordPress/6.8.2; https://alalamy.com.au"
20.171.207.22 - - [21/Jul/2025:23:34:39 +0000] "GET /shopbrand/169336339.htm HTTP/1.1" 404 20401 "-" "Mozilla/5.0 AppleWebKit/537.36 (KHTML, like Gecko; compatible; GPTBot/1.2; +https://openai.com/gptbot)"
209.74.77.214 - - [21/Jul/2025:23:34:56 +0000] "POST /wp-cron.php?doing_wp_cron=1753140896.7797930240631103515625 HTTP/1.1" 200 - "-" "WordPress/6.8.2; https://alalamy.com.au"
51.222.253.2 - - [21/Jul/2025:23:34:56 +0000] "GET /items/games/acrylic-stands/5537651/ HTTP/1.1" 404 20401 "-" "Mozilla/5.0 (compatible; AhrefsBot/7.0; +http://ahrefs.com/robot/)"
209.74.77.214 - - [21/Jul/2025:23:35:39 +0000] "POST /wp-cron.php?doing_wp_cron=1753140939.8549549579620361328125 HTTP/1.1" 200 - "-" "WordPress/6.8.2; https://alalamy.com.au"
51.222.253.7 - - [21/Jul/2025:23:35:38 +0000] "GET /items/games/character/4058924/ HTTP/1.1" 404 20401 "-" "Mozilla/5.0 (compatible; AhrefsBot/7.0; +http://ahrefs.com/robot/)"
209.74.77.214 - - [21/Jul/2025:23:35:40 +0000] "POST /wp-admin/admin-ajax.php?action=async_litespeed&nonce=JHvAAPwyzICevXhU6OYP1uI27K5lZetX&litespeed_type=imgoptm HTTP/1.1" 200 21 "-" "WordPress/6.8.2; https://alalamy.com.au"
20.171.207.22 - - [21/Jul/2025:23:35:42 +0000] "GET /shopbrand/169366196.htm HTTP/1.1" 404 20401 "-" "Mozilla/5.0 AppleWebKit/537.36 (KHTML, like Gecko; compatible; GPTBot/1.2; +https://openai.com/gptbot)"
209.74.77.214 - - [21/Jul/2025:23:36:18 +0000] "POST /wp-cron.php?doing_wp_cron=1753140978.2799949645996093750000 HTTP/1.1" 200 - "-" "WordPress/6.8.2; https://alalamy.com.au"
51.222.253.12 - - [21/Jul/2025:23:36:16 +0000] "GET /items/games/comics/3978905/ HTTP/1.1" 404 20401 "-" "Mozilla/5.0 (compatible; AhrefsBot/7.0; +http://ahrefs.com/robot/)"
209.74.77.214 - - [21/Jul/2025:23:36:18 +0000] "POST /wp-admin/admin-ajax.php?action=async_litespeed&nonce=BbUo4PBV3DSGCfuEZqcLREoRr2sG6XMv&litespeed_type=imgoptm HTTP/1.1" 200 21 "-" "WordPress/6.8.2; https://alalamy.com.au"
209.74.77.214 - - [21/Jul/2025:23:36:43 +0000] "POST /wp-cron.php?doing_wp_cron=1753141003.1890358924865722656250 HTTP/1.1" 200 - "-" "WordPress/6.8.2; https://alalamy.com.au"
20.171.207.22 - - [21/Jul/2025:23:36:42 +0000] "GET /shopbrand/169336911.htm HTTP/1.1" 404 20401 "-" "Mozilla/5.0 AppleWebKit/537.36 (KHTML, like Gecko; compatible; GPTBot/1.2; +https://openai.com/gptbot)"
216.73.216.97 - - [21/Jul/2025:23:36:48 +0000] "GET /sitemap-18.xml HTTP/1.1" 200 4112 "-" "Mozilla/5.0 AppleWebKit/537.36 (KHTML, like Gecko; compatible; ClaudeBot/1.0; [email protected])"
209.74.77.214 - - [21/Jul/2025:23:36:51 +0000] "POST /wp-cron.php?doing_wp_cron=1753141011.8107979297637939453125 HTTP/1.1" 200 - "-" "WordPress/6.8.2; https://alalamy.com.au"
51.222.253.16 - - [21/Jul/2025:23:36:51 +0000] "GET /items/gardening/houseplants/2781498/ HTTP/1.1" 404 20401 "-" "Mozilla/5.0 (compatible; AhrefsBot/7.0; +http://ahrefs.com/robot/)"
209.74.77.214 - - [21/Jul/2025:23:37:32 +0000] "POST /wp-cron.php?doing_wp_cron=1753141051.9559609889984130859375 HTTP/1.1" 200 - "-" "WordPress/6.8.2; https://alalamy.com.au"
51.222.253.16 - - [21/Jul/2025:23:37:30 +0000] "GET /items/goods/fantasy/3039390/ HTTP/1.1" 404 20400 "-" "Mozilla/5.0 (compatible; AhrefsBot/7.0; +http://ahrefs.com/robot/)"
209.74.77.214 - - [21/Jul/2025:23:37:32 +0000] "POST /wp-admin/admin-ajax.php?action=async_litespeed&nonce=vpBm0yGEMSH4hNqZYKaotqsXoyuN9JRf&litespeed_type=imgoptm HTTP/1.1" 200 21 "-" "WordPress/6.8.2; https://alalamy.com.au"
209.74.77.214 - - [21/Jul/2025:23:37:46 +0000] "POST /wp-cron.php?doing_wp_cron=1753141066.5700159072875976562500 HTTP/1.1" 200 - "-" "WordPress/6.8.2; https://alalamy.com.au"
20.171.207.22 - - [21/Jul/2025:23:37:46 +0000] "GET /shopbrand/169319949.htm HTTP/1.1" 404 20401 "-" "Mozilla/5.0 AppleWebKit/537.36 (KHTML, like Gecko; compatible; GPTBot/1.2; +https://openai.com/gptbot)"
