216.73.216.97 - - [21/Jul/2025:18:00:30 +0000] "GET /shopbrand/9731668.htm HTTP/1.1" 404 20401 "-" "Mozilla/5.0 AppleWebKit/537.36 (KHTML, like Gecko; compatible; ClaudeBot/1.0; [email protected])"
209.74.77.214 - - [21/Jul/2025:18:00:34 +0000] "POST /wp-cron.php?doing_wp_cron=1753120834.2481350898742675781250 HTTP/1.1" 200 - "-" "WordPress/6.8.2; https://alalamy.com.au"
216.73.216.97 - - [21/Jul/2025:18:00:33 +0000] "GET /shopbrand/9661312.htm HTTP/1.1" 404 20401 "-" "Mozilla/5.0 AppleWebKit/537.36 (KHTML, like Gecko; compatible; ClaudeBot/1.0; [email protected])"
216.73.216.97 - - [21/Jul/2025:18:00:36 +0000] "GET /shopbrand/9663419.htm HTTP/1.1" 404 20401 "-" "Mozilla/5.0 AppleWebKit/537.36 (KHTML, like Gecko; compatible; ClaudeBot/1.0; [email protected])"
216.73.216.97 - - [21/Jul/2025:18:00:39 +0000] "GET /shopbrand/9663959.htm HTTP/1.1" 404 20401 "-" "Mozilla/5.0 AppleWebKit/537.36 (KHTML, like Gecko; compatible; ClaudeBot/1.0; [email protected])"
216.73.216.97 - - [21/Jul/2025:18:00:50 +0000] "GET /robots.txt HTTP/1.1" 200 92 "-" "Mozilla/5.0 AppleWebKit/537.36 (KHTML, like Gecko; compatible; ClaudeBot/1.0; [email protected])"
47.82.11.3 - - [21/Jul/2025:18:00:50 +0000] "GET /?k=6617635061900&mod=4ef30115&uri=search.php?id%3D221018-91%26name%3Dcycle+chain+repair HTTP/1.1" 301 - "https://alalamy.com.au/?k=6617635061900&mod=4ef30115&uri=search.php%3Fid%3D221018-91%26name%3Dcycle+chain+repair" "Mozilla/5.0 (Windows NT 10.0; Win64; x64) AppleWebKit/537.36 (KHTML, like Gecko) Chrome/114.0.0.0 Safari/537.36 Edg/114.0.1823.43"
216.73.216.97 - - [21/Jul/2025:18:00:50 +0000] "GET /shopbrand/9768064.htm HTTP/1.1" 404 20401 "-" "Mozilla/5.0 AppleWebKit/537.36 (KHTML, like Gecko; compatible; ClaudeBot/1.0; [email protected])"
209.74.77.214 - - [21/Jul/2025:18:00:51 +0000] "POST /wp-cron.php?doing_wp_cron=1753120851.0363640785217285156250 HTTP/1.1" 200 - "-" "WordPress/6.8.2; https://alalamy.com.au"
47.82.11.3 - - [21/Jul/2025:18:00:50 +0000] "GET /?k=6617635061900&mod=4ef30115&uri=search.php?id%3D221018-91%26name%3Dcycle%20chain%20repair HTTP/1.1" 301 - "https://alalamy.com.au/?k=6617635061900&mod=4ef30115&uri=search.php%3Fid%3D221018-91%26name%3Dcycle+chain+repair" "Mozilla/5.0 (Windows NT 10.0; Win64; x64) AppleWebKit/537.36 (KHTML, like Gecko) Chrome/114.0.0.0 Safari/537.36 Edg/114.0.1823.43"
216.73.216.97 - - [21/Jul/2025:18:00:53 +0000] "GET /shopbrand/9671503.htm HTTP/1.1" 404 20401 "-" "Mozilla/5.0 AppleWebKit/537.36 (KHTML, like Gecko; compatible; ClaudeBot/1.0; [email protected])"
216.73.216.97 - - [21/Jul/2025:18:00:56 +0000] "GET /shopbrand/9731807.htm HTTP/1.1" 404 20401 "-" "Mozilla/5.0 AppleWebKit/537.36 (KHTML, like Gecko; compatible; ClaudeBot/1.0; [email protected])"
216.73.216.97 - - [21/Jul/2025:18:00:59 +0000] "GET /shopbrand/9771956.htm HTTP/1.1" 404 20401 "-" "Mozilla/5.0 AppleWebKit/537.36 (KHTML, like Gecko; compatible; ClaudeBot/1.0; [email protected])"
209.74.77.214 - - [21/Jul/2025:18:01:02 +0000] "POST /wp-cron.php?doing_wp_cron=1753120862.7916030883789062500000 HTTP/1.1" 200 - "-" "WordPress/6.8.2; https://alalamy.com.au"
216.73.216.97 - - [21/Jul/2025:18:01:02 +0000] "GET /shopbrand/9741799.htm HTTP/1.1" 404 20401 "-" "Mozilla/5.0 AppleWebKit/537.36 (KHTML, like Gecko; compatible; ClaudeBot/1.0; [email protected])"
209.74.77.214 - - [21/Jul/2025:18:01:03 +0000] "POST /wp-admin/admin-ajax.php?action=async_litespeed&nonce=Ho0yZA6ooKlk33OLRlLR0pRwxQxNzUVA&litespeed_type=imgoptm HTTP/1.1" 200 21 "-" "WordPress/6.8.2; https://alalamy.com.au"
216.73.216.97 - - [21/Jul/2025:18:01:05 +0000] "GET /shopbrand/9658830.htm HTTP/1.1" 404 20401 "-" "Mozilla/5.0 AppleWebKit/537.36 (KHTML, like Gecko; compatible; ClaudeBot/1.0; [email protected])"
216.73.216.97 - - [21/Jul/2025:18:01:08 +0000] "GET /shopbrand/9666473.htm HTTP/1.1" 404 20401 "-" "Mozilla/5.0 AppleWebKit/537.36 (KHTML, like Gecko; compatible; ClaudeBot/1.0; [email protected])"
216.73.216.97 - - [21/Jul/2025:18:01:11 +0000] "GET /shopbrand/9741259.htm HTTP/1.1" 404 20401 "-" "Mozilla/5.0 AppleWebKit/537.36 (KHTML, like Gecko; compatible; ClaudeBot/1.0; [email protected])"
216.73.216.97 - - [21/Jul/2025:18:01:14 +0000] "GET /shopbrand/9748205.htm HTTP/1.1" 404 20401 "-" "Mozilla/5.0 AppleWebKit/537.36 (KHTML, like Gecko; compatible; ClaudeBot/1.0; [email protected])"
216.73.216.97 - - [21/Jul/2025:18:01:17 +0000] "GET /shopbrand/9667311.htm HTTP/1.1" 404 20401 "-" "Mozilla/5.0 AppleWebKit/537.36 (KHTML, like Gecko; compatible; ClaudeBot/1.0; [email protected])"
216.73.216.97 - - [21/Jul/2025:18:01:20 +0000] "GET /shopbrand/9773491.htm HTTP/1.1" 404 20401 "-" "Mozilla/5.0 AppleWebKit/537.36 (KHTML, like Gecko; compatible; ClaudeBot/1.0; [email protected])"
216.73.216.97 - - [21/Jul/2025:18:01:23 +0000] "GET /shopbrand/9715004.htm HTTP/1.1" 404 20401 "-" "Mozilla/5.0 AppleWebKit/537.36 (KHTML, like Gecko; compatible; ClaudeBot/1.0; [email protected])"
216.73.216.97 - - [21/Jul/2025:18:01:26 +0000] "GET /shopbrand/9673014.htm HTTP/1.1" 404 20401 "-" "Mozilla/5.0 AppleWebKit/537.36 (KHTML, like Gecko; compatible; ClaudeBot/1.0; [email protected])"
216.73.216.97 - - [21/Jul/2025:18:01:29 +0000] "GET /shopbrand/9766422.htm HTTP/1.1" 404 20401 "-" "Mozilla/5.0 AppleWebKit/537.36 (KHTML, like Gecko; compatible; ClaudeBot/1.0; [email protected])"
216.73.216.97 - - [21/Jul/2025:18:01:32 +0000] "GET /shopbrand/9657861.htm HTTP/1.1" 404 20401 "-" "Mozilla/5.0 AppleWebKit/537.36 (KHTML, like Gecko; compatible; ClaudeBot/1.0; [email protected])"
209.74.77.214 - - [21/Jul/2025:18:01:35 +0000] "POST /wp-cron.php?doing_wp_cron=1753120895.7856349945068359375000 HTTP/1.1" 200 - "-" "WordPress/6.8.2; https://alalamy.com.au"
216.73.216.97 - - [21/Jul/2025:18:01:35 +0000] "GET /shopbrand/9764039.htm HTTP/1.1" 404 20401 "-" "Mozilla/5.0 AppleWebKit/537.36 (KHTML, like Gecko; compatible; ClaudeBot/1.0; [email protected])"
216.73.216.97 - - [21/Jul/2025:18:01:38 +0000] "GET /shopbrand/9652998.htm HTTP/1.1" 404 20401 "-" "Mozilla/5.0 AppleWebKit/537.36 (KHTML, like Gecko; compatible; ClaudeBot/1.0; [email protected])"
216.73.216.97 - - [21/Jul/2025:18:01:41 +0000] "GET /shopbrand/9653554.htm HTTP/1.1" 404 20401 "-" "Mozilla/5.0 AppleWebKit/537.36 (KHTML, like Gecko; compatible; ClaudeBot/1.0; [email protected])"
216.73.216.97 - - [21/Jul/2025:18:01:44 +0000] "GET /shopbrand/9667885.htm HTTP/1.1" 404 20401 "-" "Mozilla/5.0 AppleWebKit/537.36 (KHTML, like Gecko; compatible; ClaudeBot/1.0; [email protected])"
216.73.216.97 - - [21/Jul/2025:18:01:47 +0000] "GET /shopbrand/9656747.htm HTTP/1.1" 404 20401 "-" "Mozilla/5.0 AppleWebKit/537.36 (KHTML, like Gecko; compatible; ClaudeBot/1.0; [email protected])"
216.73.216.97 - - [21/Jul/2025:18:01:50 +0000] "GET /shopbrand/9660067.htm HTTP/1.1" 404 20401 "-" "Mozilla/5.0 AppleWebKit/537.36 (KHTML, like Gecko; compatible; ClaudeBot/1.0; [email protected])"
209.74.77.214 - - [21/Jul/2025:18:01:53 +0000] "POST /wp-cron.php?doing_wp_cron=1753120913.8420109748840332031250 HTTP/1.1" 200 - "-" "WordPress/6.8.2; https://alalamy.com.au"
216.73.216.97 - - [21/Jul/2025:18:01:53 +0000] "GET /shopbrand/9773765.htm HTTP/1.1" 404 20401 "-" "Mozilla/5.0 AppleWebKit/537.36 (KHTML, like Gecko; compatible; ClaudeBot/1.0; [email protected])"
51.222.253.5 - - [21/Jul/2025:18:01:55 +0000] "GET /items/fashion/jackets/2029226/ HTTP/1.1" 404 20401 "-" "Mozilla/5.0 (compatible; AhrefsBot/7.0; +http://ahrefs.com/robot/)"
216.73.216.97 - - [21/Jul/2025:18:01:56 +0000] "GET /shopbrand/9664533.htm HTTP/1.1" 404 20401 "-" "Mozilla/5.0 AppleWebKit/537.36 (KHTML, like Gecko; compatible; ClaudeBot/1.0; [email protected])"
216.73.216.97 - - [21/Jul/2025:18:01:59 +0000] "GET /shopbrand/9707643.htm HTTP/1.1" 404 20400 "-" "Mozilla/5.0 AppleWebKit/537.36 (KHTML, like Gecko; compatible; ClaudeBot/1.0; [email protected])"
209.74.77.214 - - [21/Jul/2025:18:02:03 +0000] "POST /wp-cron.php?doing_wp_cron=1753120922.9898390769958496093750 HTTP/1.1" 200 - "-" "WordPress/6.8.2; https://alalamy.com.au"
216.73.216.97 - - [21/Jul/2025:18:02:02 +0000] "GET /shopbrand/9773094.htm HTTP/1.1" 404 20400 "-" "Mozilla/5.0 AppleWebKit/537.36 (KHTML, like Gecko; compatible; ClaudeBot/1.0; [email protected])"
209.74.77.214 - - [21/Jul/2025:18:02:03 +0000] "POST /wp-admin/admin-ajax.php?action=async_litespeed&nonce=MtbHHgr7cuPxvYxDfcVSNnAlXHocsd8i&litespeed_type=imgoptm HTTP/1.1" 200 21 "-" "WordPress/6.8.2; https://alalamy.com.au"
216.73.216.97 - - [21/Jul/2025:18:02:05 +0000] "GET /shopbrand/9661213.htm HTTP/1.1" 404 20400 "-" "Mozilla/5.0 AppleWebKit/537.36 (KHTML, like Gecko; compatible; ClaudeBot/1.0; [email protected])"
216.73.216.97 - - [21/Jul/2025:18:02:08 +0000] "GET /shopbrand/9657577.htm HTTP/1.1" 404 20400 "-" "Mozilla/5.0 AppleWebKit/537.36 (KHTML, like Gecko; compatible; ClaudeBot/1.0; [email protected])"
216.73.216.97 - - [21/Jul/2025:18:02:11 +0000] "GET /shopbrand/9748090.htm HTTP/1.1" 404 20401 "-" "Mozilla/5.0 AppleWebKit/537.36 (KHTML, like Gecko; compatible; ClaudeBot/1.0; [email protected])"
216.73.216.97 - - [21/Jul/2025:18:02:14 +0000] "GET /shopbrand/9667569.htm HTTP/1.1" 404 20401 "-" "Mozilla/5.0 AppleWebKit/537.36 (KHTML, like Gecko; compatible; ClaudeBot/1.0; [email protected])"
216.73.216.97 - - [21/Jul/2025:18:02:17 +0000] "GET /shopbrand/9662440.htm HTTP/1.1" 404 20401 "-" "Mozilla/5.0 AppleWebKit/537.36 (KHTML, like Gecko; compatible; ClaudeBot/1.0; [email protected])"
51.222.253.17 - - [21/Jul/2025:18:02:25 +0000] "GET /items/fashion/jackets/3757113/ HTTP/1.1" 404 20401 "-" "Mozilla/5.0 (compatible; AhrefsBot/7.0; +http://ahrefs.com/robot/)"
216.73.216.97 - - [21/Jul/2025:18:02:32 +0000] "GET /shopbrand/9741692.htm HTTP/1.1" 404 20401 "-" "Mozilla/5.0 AppleWebKit/537.36 (KHTML, like Gecko; compatible; ClaudeBot/1.0; [email protected])"
216.73.216.97 - - [21/Jul/2025:18:02:35 +0000] "GET /shopbrand/9726265.htm HTTP/1.1" 404 20401 "-" "Mozilla/5.0 AppleWebKit/537.36 (KHTML, like Gecko; compatible; ClaudeBot/1.0; [email protected])"
216.73.216.97 - - [21/Jul/2025:18:02:38 +0000] "GET /shopbrand/9680399.htm HTTP/1.1" 404 20401 "-" "Mozilla/5.0 AppleWebKit/537.36 (KHTML, like Gecko; compatible; ClaudeBot/1.0; [email protected])"
216.73.216.97 - - [21/Jul/2025:18:02:42 +0000] "GET /shopbrand/9669535.htm HTTP/1.1" 404 20401 "-" "Mozilla/5.0 AppleWebKit/537.36 (KHTML, like Gecko; compatible; ClaudeBot/1.0; [email protected])"
216.73.216.97 - - [21/Jul/2025:18:02:44 +0000] "GET /shopbrand/9772935.htm HTTP/1.1" 404 20401 "-" "Mozilla/5.0 AppleWebKit/537.36 (KHTML, like Gecko; compatible; ClaudeBot/1.0; [email protected])"
216.73.216.97 - - [21/Jul/2025:18:02:47 +0000] "GET /shopbrand/9662863.htm HTTP/1.1" 404 20401 "-" "Mozilla/5.0 AppleWebKit/537.36 (KHTML, like Gecko; compatible; ClaudeBot/1.0; [email protected])"
51.222.253.12 - - [21/Jul/2025:18:02:49 +0000] "GET /items/fashion/jackets/5000919/ HTTP/1.1" 404 20401 "-" "Mozilla/5.0 (compatible; AhrefsBot/7.0; +http://ahrefs.com/robot/)"
216.73.216.97 - - [21/Jul/2025:18:02:50 +0000] "GET /shopbrand/9676922.htm HTTP/1.1" 404 20401 "-" "Mozilla/5.0 AppleWebKit/537.36 (KHTML, like Gecko; compatible; ClaudeBot/1.0; [email protected])"
209.74.77.214 - - [21/Jul/2025:18:02:54 +0000] "POST /wp-cron.php?doing_wp_cron=1753120974.4171090126037597656250 HTTP/1.1" 200 - "-" "WordPress/6.8.2; https://alalamy.com.au"
216.73.216.97 - - [21/Jul/2025:18:02:54 +0000] "GET /shopbrand/9734587.htm HTTP/1.1" 404 20401 "-" "Mozilla/5.0 AppleWebKit/537.36 (KHTML, like Gecko; compatible; ClaudeBot/1.0; [email protected])"
216.73.216.97 - - [21/Jul/2025:18:02:56 +0000] "GET /shopbrand/9665089.htm HTTP/1.1" 404 20401 "-" "Mozilla/5.0 AppleWebKit/537.36 (KHTML, like Gecko; compatible; ClaudeBot/1.0; [email protected])"
216.73.216.97 - - [21/Jul/2025:18:02:59 +0000] "GET /shopbrand/9684390.htm HTTP/1.1" 404 20401 "-" "Mozilla/5.0 AppleWebKit/537.36 (KHTML, like Gecko; compatible; ClaudeBot/1.0; [email protected])"
209.74.77.214 - - [21/Jul/2025:18:03:02 +0000] "POST /wp-cron.php?doing_wp_cron=1753120982.6351540088653564453125 HTTP/1.1" 200 - "-" "WordPress/6.8.2; https://alalamy.com.au"
216.73.216.97 - - [21/Jul/2025:18:03:02 +0000] "GET /shopbrand/9668981.htm HTTP/1.1" 404 20401 "-" "Mozilla/5.0 AppleWebKit/537.36 (KHTML, like Gecko; compatible; ClaudeBot/1.0; [email protected])"
209.74.77.214 - - [21/Jul/2025:18:03:02 +0000] "POST /wp-admin/admin-ajax.php?action=async_litespeed&nonce=cGBnsSkyJs4JideHzSPH52vsqozdT6vx&litespeed_type=imgoptm HTTP/1.1" 200 21 "-" "WordPress/6.8.2; https://alalamy.com.au"
216.73.216.97 - - [21/Jul/2025:18:03:05 +0000] "GET /shopbrand/9777276.htm HTTP/1.1" 404 20401 "-" "Mozilla/5.0 AppleWebKit/537.36 (KHTML, like Gecko; compatible; ClaudeBot/1.0; [email protected])"
216.73.216.97 - - [21/Jul/2025:18:03:08 +0000] "GET /shopbrand/9742929.htm HTTP/1.1" 404 20401 "-" "Mozilla/5.0 AppleWebKit/537.36 (KHTML, like Gecko; compatible; ClaudeBot/1.0; [email protected])"
216.73.216.97 - - [21/Jul/2025:18:03:11 +0000] "GET /shopbrand/9756114.htm HTTP/1.1" 404 20401 "-" "Mozilla/5.0 AppleWebKit/537.36 (KHTML, like Gecko; compatible; ClaudeBot/1.0; [email protected])"
216.73.216.97 - - [21/Jul/2025:18:03:14 +0000] "GET /shopbrand/9703195.htm HTTP/1.1" 404 20401 "-" "Mozilla/5.0 AppleWebKit/537.36 (KHTML, like Gecko; compatible; ClaudeBot/1.0; [email protected])"
51.222.253.15 - - [21/Jul/2025:18:03:16 +0000] "GET /items/fashion/kimono/3404517/ HTTP/1.1" 404 20401 "-" "Mozilla/5.0 (compatible; AhrefsBot/7.0; +http://ahrefs.com/robot/)"
216.73.216.97 - - [21/Jul/2025:18:03:17 +0000] "GET /shopbrand/9746547.htm HTTP/1.1" 404 20401 "-" "Mozilla/5.0 AppleWebKit/537.36 (KHTML, like Gecko; compatible; ClaudeBot/1.0; [email protected])"
216.73.216.97 - - [21/Jul/2025:18:03:20 +0000] "GET /shopbrand/9723028.htm HTTP/1.1" 404 20401 "-" "Mozilla/5.0 AppleWebKit/537.36 (KHTML, like Gecko; compatible; ClaudeBot/1.0; [email protected])"
216.73.216.97 - - [21/Jul/2025:18:03:23 +0000] "GET /shopbrand/9663578.htm HTTP/1.1" 404 20401 "-" "Mozilla/5.0 AppleWebKit/537.36 (KHTML, like Gecko; compatible; ClaudeBot/1.0; [email protected])"
216.73.216.97 - - [21/Jul/2025:18:03:26 +0000] "GET /shopbrand/9653395.htm HTTP/1.1" 404 20401 "-" "Mozilla/5.0 AppleWebKit/537.36 (KHTML, like Gecko; compatible; ClaudeBot/1.0; [email protected])"
216.73.216.97 - - [21/Jul/2025:18:03:29 +0000] "GET /shopbrand/9671205.htm HTTP/1.1" 404 20401 "-" "Mozilla/5.0 AppleWebKit/537.36 (KHTML, like Gecko; compatible; ClaudeBot/1.0; [email protected])"
209.74.77.214 - - [21/Jul/2025:18:03:33 +0000] "POST /wp-cron.php?doing_wp_cron=1753121013.3548719882965087890625 HTTP/1.1" 200 - "-" "WordPress/6.8.2; https://alalamy.com.au"
216.73.216.97 - - [21/Jul/2025:18:03:33 +0000] "GET /shopbrand/9663852.htm HTTP/1.1" 404 20401 "-" "Mozilla/5.0 AppleWebKit/537.36 (KHTML, like Gecko; compatible; ClaudeBot/1.0; [email protected])"
216.73.216.97 - - [21/Jul/2025:18:03:35 +0000] "GET /shopbrand/9665502.htm HTTP/1.1" 404 20401 "-" "Mozilla/5.0 AppleWebKit/537.36 (KHTML, like Gecko; compatible; ClaudeBot/1.0; [email protected])"
216.73.216.97 - - [21/Jul/2025:18:03:38 +0000] "GET /shopbrand/9774363.htm HTTP/1.1" 404 20401 "-" "Mozilla/5.0 AppleWebKit/537.36 (KHTML, like Gecko; compatible; ClaudeBot/1.0; [email protected])"
216.73.216.97 - - [21/Jul/2025:18:03:42 +0000] "GET /shopbrand/9655768.htm HTTP/1.1" 404 20401 "-" "Mozilla/5.0 AppleWebKit/537.36 (KHTML, like Gecko; compatible; ClaudeBot/1.0; [email protected])"
216.73.216.97 - - [21/Jul/2025:18:03:44 +0000] "GET /shopbrand/9673844.htm HTTP/1.1" 404 20401 "-" "Mozilla/5.0 AppleWebKit/537.36 (KHTML, like Gecko; compatible; ClaudeBot/1.0; [email protected])"
51.222.253.5 - - [21/Jul/2025:18:03:46 +0000] "GET /items/fashion/mens/1657387/ HTTP/1.1" 404 20401 "-" "Mozilla/5.0 (compatible; AhrefsBot/7.0; +http://ahrefs.com/robot/)"
216.73.216.97 - - [21/Jul/2025:18:03:47 +0000] "GET /shopbrand/9689809.htm HTTP/1.1" 404 20401 "-" "Mozilla/5.0 AppleWebKit/537.36 (KHTML, like Gecko; compatible; ClaudeBot/1.0; [email protected])"
216.73.216.97 - - [21/Jul/2025:18:03:50 +0000] "GET /shopbrand/9710141.htm HTTP/1.1" 404 20401 "-" "Mozilla/5.0 AppleWebKit/537.36 (KHTML, like Gecko; compatible; ClaudeBot/1.0; [email protected])"
209.74.77.214 - - [21/Jul/2025:18:03:53 +0000] "POST /wp-cron.php?doing_wp_cron=1753121033.6373250484466552734375 HTTP/1.1" 200 - "-" "WordPress/6.8.2; https://alalamy.com.au"
216.73.216.97 - - [21/Jul/2025:18:03:53 +0000] "GET /shopbrand/9665204.htm HTTP/1.1" 404 20401 "-" "Mozilla/5.0 AppleWebKit/537.36 (KHTML, like Gecko; compatible; ClaudeBot/1.0; [email protected])"
216.73.216.97 - - [21/Jul/2025:18:03:56 +0000] "GET /shopbrand/9657843.htm HTTP/1.1" 404 20401 "-" "Mozilla/5.0 AppleWebKit/537.36 (KHTML, like Gecko; compatible; ClaudeBot/1.0; [email protected])"
66.249.65.164 - - [21/Jul/2025:18:04:30 +0000] "GET /?k=47435930001900&mod=1177967c&uri=category-info.php%3Fid%3D1583050-22%26name%3Dbering+max+rene+uhr HTTP/1.1" 200 19682 "-" "Mozilla/5.0 (Linux; Android 6.0.1; Nexus 5X Build/MMB29P) AppleWebKit/537.36 (KHTML, like Gecko) Chrome/137.0.7151.103 Mobile Safari/537.36 (compatible; Googlebot/2.1; +http://www.google.com/bot.html)"
209.74.77.214 - - [21/Jul/2025:18:04:30 +0000] "POST /wp-cron.php?doing_wp_cron=1753121070.3230841159820556640625 HTTP/1.1" 200 - "-" "WordPress/6.8.2; https://alalamy.com.au"
51.222.253.16 - - [21/Jul/2025:18:04:30 +0000] "GET /items/fashion/mens/1848359/ HTTP/1.1" 404 20401 "-" "Mozilla/5.0 (compatible; AhrefsBot/7.0; +http://ahrefs.com/robot/)"
209.74.77.214 - - [21/Jul/2025:18:04:30 +0000] "POST /wp-admin/admin-ajax.php?action=async_litespeed&nonce=K06pW7rwY1vSh9M5Hu4XFZOMGkBP2sUo&litespeed_type=imgoptm HTTP/1.1" 200 21 "-" "WordPress/6.8.2; https://alalamy.com.au"
209.74.77.214 - - [21/Jul/2025:18:04:37 +0000] "POST /wp-cron.php?doing_wp_cron=1753121076.9568080902099609375000 HTTP/1.1" 200 - "-" "WordPress/6.8.2; https://alalamy.com.au"
216.73.216.97 - - [21/Jul/2025:18:04:36 +0000] "GET /shopbrand/9681229.htm HTTP/1.1" 404 20401 "-" "Mozilla/5.0 AppleWebKit/537.36 (KHTML, like Gecko; compatible; ClaudeBot/1.0; [email protected])"
216.73.216.97 - - [21/Jul/2025:18:04:39 +0000] "GET /shopbrand/9715111.htm HTTP/1.1" 404 20401 "-" "Mozilla/5.0 AppleWebKit/537.36 (KHTML, like Gecko; compatible; ClaudeBot/1.0; [email protected])"
216.73.216.97 - - [21/Jul/2025:18:04:42 +0000] "GET /shopbrand/9762230.htm HTTP/1.1" 404 20401 "-" "Mozilla/5.0 AppleWebKit/537.36 (KHTML, like Gecko; compatible; ClaudeBot/1.0; [email protected])"
216.73.216.97 - - [21/Jul/2025:18:04:46 +0000] "GET /shopbrand/9732647.htm HTTP/1.1" 404 20401 "-" "Mozilla/5.0 AppleWebKit/537.36 (KHTML, like Gecko; compatible; ClaudeBot/1.0; [email protected])"
216.73.216.97 - - [21/Jul/2025:18:04:48 +0000] "GET /shopbrand/9674557.htm HTTP/1.1" 404 20401 "-" "Mozilla/5.0 AppleWebKit/537.36 (KHTML, like Gecko; compatible; ClaudeBot/1.0; [email protected])"
209.74.77.214 - - [21/Jul/2025:18:04:51 +0000] "POST /wp-cron.php?doing_wp_cron=1753121091.8867759704589843750000 HTTP/1.1" 200 - "-" "WordPress/6.8.2; https://alalamy.com.au"
216.73.216.97 - - [21/Jul/2025:18:04:51 +0000] "GET /shopbrand/9734861.htm HTTP/1.1" 404 20401 "-" "Mozilla/5.0 AppleWebKit/537.36 (KHTML, like Gecko; compatible; ClaudeBot/1.0; [email protected])"
216.73.216.97 - - [21/Jul/2025:18:04:54 +0000] "GET /shopbrand/9656608.htm HTTP/1.1" 404 20401 "-" "Mozilla/5.0 AppleWebKit/537.36 (KHTML, like Gecko; compatible; ClaudeBot/1.0; [email protected])"
216.73.216.97 - - [21/Jul/2025:18:04:57 +0000] "GET /shopbrand/9678433.htm HTTP/1.1" 404 20401 "-" "Mozilla/5.0 AppleWebKit/537.36 (KHTML, like Gecko; compatible; ClaudeBot/1.0; [email protected])"
51.222.253.13 - - [21/Jul/2025:18:04:59 +0000] "GET /items/fashion/mens/1993118/ HTTP/1.1" 404 20401 "-" "Mozilla/5.0 (compatible; AhrefsBot/7.0; +http://ahrefs.com/robot/)"
216.73.216.97 - - [21/Jul/2025:18:05:00 +0000] "GET /shopbrand/9673985.htm HTTP/1.1" 404 20401 "-" "Mozilla/5.0 AppleWebKit/537.36 (KHTML, like Gecko; compatible; ClaudeBot/1.0; [email protected])"
209.74.77.214 - - [21/Jul/2025:18:05:02 +0000] "POST /wp-admin/admin-ajax.php?action=async_litespeed&nonce=xmpIamI8APkShsIGI4ukdqItRMHFmWWu&litespeed_type=imgoptm HTTP/1.1" 200 21 "-" "WordPress/6.8.2; https://alalamy.com.au"
216.73.216.97 - - [21/Jul/2025:18:05:03 +0000] "GET /shopbrand/9670250.htm HTTP/1.1" 404 20401 "-" "Mozilla/5.0 AppleWebKit/537.36 (KHTML, like Gecko; compatible; ClaudeBot/1.0; [email protected])"
216.73.216.97 - - [21/Jul/2025:18:05:06 +0000] "GET /shopbrand/9661884.htm HTTP/1.1" 404 20401 "-" "Mozilla/5.0 AppleWebKit/537.36 (KHTML, like Gecko; compatible; ClaudeBot/1.0; [email protected])"
216.73.216.97 - - [21/Jul/2025:18:05:09 +0000] "GET /shopbrand/9654523.htm HTTP/1.1" 404 20401 "-" "Mozilla/5.0 AppleWebKit/537.36 (KHTML, like Gecko; compatible; ClaudeBot/1.0; [email protected])"
216.73.216.97 - - [21/Jul/2025:18:05:12 +0000] "GET /shopbrand/9743227.htm HTTP/1.1" 404 20401 "-" "Mozilla/5.0 AppleWebKit/537.36 (KHTML, like Gecko; compatible; ClaudeBot/1.0; [email protected])"
216.73.216.97 - - [21/Jul/2025:18:05:16 +0000] "GET /shopbrand/9733608.htm HTTP/1.1" 404 20401 "-" "Mozilla/5.0 AppleWebKit/537.36 (KHTML, like Gecko; compatible; ClaudeBot/1.0; [email protected])"
216.73.216.97 - - [21/Jul/2025:18:05:18 +0000] "GET /shopbrand/9730157.htm HTTP/1.1" 404 20401 "-" "Mozilla/5.0 AppleWebKit/537.36 (KHTML, like Gecko; compatible; ClaudeBot/1.0; [email protected])"
216.73.216.97 - - [21/Jul/2025:18:05:21 +0000] "GET /shopbrand/9717891.htm HTTP/1.1" 404 20400 "-" "Mozilla/5.0 AppleWebKit/537.36 (KHTML, like Gecko; compatible; ClaudeBot/1.0; [email protected])"
216.73.216.97 - - [21/Jul/2025:18:05:24 +0000] "GET /shopbrand/9671046.htm HTTP/1.1" 404 20401 "-" "Mozilla/5.0 AppleWebKit/537.36 (KHTML, like Gecko; compatible; ClaudeBot/1.0; [email protected])"
216.73.216.97 - - [21/Jul/2025:18:05:27 +0000] "GET /shopbrand/9721243.htm HTTP/1.1" 404 20401 "-" "Mozilla/5.0 AppleWebKit/537.36 (KHTML, like Gecko; compatible; ClaudeBot/1.0; [email protected])"
51.222.253.20 - - [21/Jul/2025:18:05:30 +0000] "GET /items/fashion/mens/2155549/ HTTP/1.1" 404 20401 "-" "Mozilla/5.0 (compatible; AhrefsBot/7.0; +http://ahrefs.com/robot/)"
216.73.216.97 - - [21/Jul/2025:18:05:30 +0000] "GET /shopbrand/9660341.htm HTTP/1.1" 404 20401 "-" "Mozilla/5.0 AppleWebKit/537.36 (KHTML, like Gecko; compatible; ClaudeBot/1.0; [email protected])"
209.74.77.214 - - [21/Jul/2025:18:05:33 +0000] "POST /wp-cron.php?doing_wp_cron=1753121133.9104909896850585937500 HTTP/1.1" 200 - "-" "WordPress/6.8.2; https://alalamy.com.au"
216.73.216.97 - - [21/Jul/2025:18:05:33 +0000] "GET /shopbrand/9675494.htm HTTP/1.1" 404 20401 "-" "Mozilla/5.0 AppleWebKit/537.36 (KHTML, like Gecko; compatible; ClaudeBot/1.0; [email protected])"
216.73.216.97 - - [21/Jul/2025:18:05:37 +0000] "GET /shopbrand/9746696.htm HTTP/1.1" 404 20401 "-" "Mozilla/5.0 AppleWebKit/537.36 (KHTML, like Gecko; compatible; ClaudeBot/1.0; [email protected])"
216.73.216.97 - - [21/Jul/2025:18:05:39 +0000] "GET /shopbrand/9658715.htm HTTP/1.1" 404 20401 "-" "Mozilla/5.0 AppleWebKit/537.36 (KHTML, like Gecko; compatible; ClaudeBot/1.0; [email protected])"
216.73.216.97 - - [21/Jul/2025:18:05:42 +0000] "GET /shopbrand/9700117.htm HTTP/1.1" 404 20401 "-" "Mozilla/5.0 AppleWebKit/537.36 (KHTML, like Gecko; compatible; ClaudeBot/1.0; [email protected])"
216.73.216.97 - - [21/Jul/2025:18:05:45 +0000] "GET /shopbrand/9774063.htm HTTP/1.1" 404 20401 "-" "Mozilla/5.0 AppleWebKit/537.36 (KHTML, like Gecko; compatible; ClaudeBot/1.0; [email protected])"
216.73.216.97 - - [21/Jul/2025:18:05:48 +0000] "GET /shopbrand/9687901.htm HTTP/1.1" 404 20401 "-" "Mozilla/5.0 AppleWebKit/537.36 (KHTML, like Gecko; compatible; ClaudeBot/1.0; [email protected])"
209.74.77.214 - - [21/Jul/2025:18:05:51 +0000] "POST /wp-cron.php?doing_wp_cron=1753121151.9173319339752197265625 HTTP/1.1" 200 - "-" "WordPress/6.8.2; https://alalamy.com.au"
216.73.216.97 - - [21/Jul/2025:18:05:51 +0000] "GET /shopbrand/9674823.htm HTTP/1.1" 404 20401 "-" "Mozilla/5.0 AppleWebKit/537.36 (KHTML, like Gecko; compatible; ClaudeBot/1.0; [email protected])"
216.73.216.97 - - [21/Jul/2025:18:05:54 +0000] "GET /shopbrand/9724166.htm HTTP/1.1" 404 20401 "-" "Mozilla/5.0 AppleWebKit/537.36 (KHTML, like Gecko; compatible; ClaudeBot/1.0; [email protected])"
216.73.216.97 - - [21/Jul/2025:18:05:57 +0000] "GET /shopbrand/9761690.htm HTTP/1.1" 404 20401 "-" "Mozilla/5.0 AppleWebKit/537.36 (KHTML, like Gecko; compatible; ClaudeBot/1.0; [email protected])"
216.73.216.97 - - [21/Jul/2025:18:06:00 +0000] "GET /shopbrand/9735701.htm HTTP/1.1" 404 20401 "-" "Mozilla/5.0 AppleWebKit/537.36 (KHTML, like Gecko; compatible; ClaudeBot/1.0; [email protected])"
209.74.77.214 - - [21/Jul/2025:18:06:05 +0000] "POST /wp-cron.php?doing_wp_cron=1753121165.0244300365447998046875 HTTP/1.1" 200 - "-" "WordPress/6.8.2; https://alalamy.com.au"
216.73.216.97 - - [21/Jul/2025:18:06:04 +0000] "GET /shopbrand/9704025.htm HTTP/1.1" 404 20401 "-" "Mozilla/5.0 AppleWebKit/537.36 (KHTML, like Gecko; compatible; ClaudeBot/1.0; [email protected])"
209.74.77.214 - - [21/Jul/2025:18:06:05 +0000] "POST /wp-admin/admin-ajax.php?action=async_litespeed&nonce=kr8QcMJKN9fN6H7tUdn95US9wd26jSB5&litespeed_type=imgoptm HTTP/1.1" 200 21 "-" "WordPress/6.8.2; https://alalamy.com.au"
216.73.216.97 - - [21/Jul/2025:18:06:07 +0000] "GET /shopbrand/9657446.htm HTTP/1.1" 404 20401 "-" "Mozilla/5.0 AppleWebKit/537.36 (KHTML, like Gecko; compatible; ClaudeBot/1.0; [email protected])"
51.222.253.10 - - [21/Jul/2025:18:06:07 +0000] "GET /items/fashion/mens/2182466/ HTTP/1.1" 404 20401 "-" "Mozilla/5.0 (compatible; AhrefsBot/7.0; +http://ahrefs.com/robot/)"
216.73.216.97 - - [21/Jul/2025:18:06:10 +0000] "GET /shopbrand/9667172.htm HTTP/1.1" 404 20401 "-" "Mozilla/5.0 AppleWebKit/537.36 (KHTML, like Gecko; compatible; ClaudeBot/1.0; [email protected])"
216.73.216.97 - - [21/Jul/2025:18:06:13 +0000] "GET /shopbrand/9703310.htm HTTP/1.1" 404 20401 "-" "Mozilla/5.0 AppleWebKit/537.36 (KHTML, like Gecko; compatible; ClaudeBot/1.0; [email protected])"
216.73.216.97 - - [21/Jul/2025:18:06:16 +0000] "GET /shopbrand/9767550.htm HTTP/1.1" 404 20401 "-" "Mozilla/5.0 AppleWebKit/537.36 (KHTML, like Gecko; compatible; ClaudeBot/1.0; [email protected])"
216.73.216.97 - - [21/Jul/2025:18:06:19 +0000] "GET /shopbrand/9741418.htm HTTP/1.1" 404 20401 "-" "Mozilla/5.0 AppleWebKit/537.36 (KHTML, like Gecko; compatible; ClaudeBot/1.0; [email protected])"
216.73.216.97 - - [21/Jul/2025:18:06:22 +0000] "GET /shopbrand/9689138.htm HTTP/1.1" 404 20401 "-" "Mozilla/5.0 AppleWebKit/537.36 (KHTML, like Gecko; compatible; ClaudeBot/1.0; [email protected])"
216.73.216.97 - - [21/Jul/2025:18:06:25 +0000] "GET /shopbrand/9764329.htm HTTP/1.1" 404 20401 "-" "Mozilla/5.0 AppleWebKit/537.36 (KHTML, like Gecko; compatible; ClaudeBot/1.0; [email protected])"
216.73.216.97 - - [21/Jul/2025:18:06:28 +0000] "GET /shopbrand/9732381.htm HTTP/1.1" 404 20401 "-" "Mozilla/5.0 AppleWebKit/537.36 (KHTML, like Gecko; compatible; ClaudeBot/1.0; [email protected])"
216.73.216.97 - - [21/Jul/2025:18:06:31 +0000] "GET /shopbrand/9771416.htm HTTP/1.1" 404 20401 "-" "Mozilla/5.0 AppleWebKit/537.36 (KHTML, like Gecko; compatible; ClaudeBot/1.0; [email protected])"
51.222.253.17 - - [21/Jul/2025:18:06:31 +0000] "GET /items/fashion/mens/2369601/ HTTP/1.1" 404 20401 "-" "Mozilla/5.0 (compatible; AhrefsBot/7.0; +http://ahrefs.com/robot/)"
209.74.77.214 - - [21/Jul/2025:18:06:34 +0000] "POST /wp-cron.php?doing_wp_cron=1753121194.9113039970397949218750 HTTP/1.1" 200 - "-" "WordPress/6.8.2; https://alalamy.com.au"
216.73.216.97 - - [21/Jul/2025:18:06:34 +0000] "GET /shopbrand/9679817.htm HTTP/1.1" 404 20401 "-" "Mozilla/5.0 AppleWebKit/537.36 (KHTML, like Gecko; compatible; ClaudeBot/1.0; [email protected])"
216.73.216.97 - - [21/Jul/2025:18:06:37 +0000] "GET /shopbrand/9678548.htm HTTP/1.1" 404 20401 "-" "Mozilla/5.0 AppleWebKit/537.36 (KHTML, like Gecko; compatible; ClaudeBot/1.0; [email protected])"
216.73.216.97 - - [21/Jul/2025:18:06:40 +0000] "GET /shopbrand/9738779.htm HTTP/1.1" 404 20401 "-" "Mozilla/5.0 AppleWebKit/537.36 (KHTML, like Gecko; compatible; ClaudeBot/1.0; [email protected])"
216.73.216.97 - - [21/Jul/2025:18:06:43 +0000] "GET /shopbrand/9700514.htm HTTP/1.1" 404 20401 "-" "Mozilla/5.0 AppleWebKit/537.36 (KHTML, like Gecko; compatible; ClaudeBot/1.0; [email protected])"
216.73.216.97 - - [21/Jul/2025:18:06:47 +0000] "GET /shopbrand/9672855.htm HTTP/1.1" 404 20401 "-" "Mozilla/5.0 AppleWebKit/537.36 (KHTML, like Gecko; compatible; ClaudeBot/1.0; [email protected])"
216.73.216.97 - - [21/Jul/2025:18:06:49 +0000] "GET /shopbrand/9767252.htm HTTP/1.1" 404 20401 "-" "Mozilla/5.0 AppleWebKit/537.36 (KHTML, like Gecko; compatible; ClaudeBot/1.0; [email protected])"
209.74.77.214 - - [21/Jul/2025:18:06:53 +0000] "POST /wp-cron.php?doing_wp_cron=1753121213.5704588890075683593750 HTTP/1.1" 200 - "-" "WordPress/6.8.2; https://alalamy.com.au"
216.73.216.97 - - [21/Jul/2025:18:06:53 +0000] "GET /shopbrand/9676366.htm HTTP/1.1" 404 20401 "-" "Mozilla/5.0 AppleWebKit/537.36 (KHTML, like Gecko; compatible; ClaudeBot/1.0; [email protected])"
216.73.216.97 - - [21/Jul/2025:18:06:55 +0000] "GET /shopbrand/9778088.htm HTTP/1.1" 404 20401 "-" "Mozilla/5.0 AppleWebKit/537.36 (KHTML, like Gecko; compatible; ClaudeBot/1.0; [email protected])"
216.73.216.97 - - [21/Jul/2025:18:06:58 +0000] "GET /shopbrand/9747077.htm HTTP/1.1" 404 20401 "-" "Mozilla/5.0 AppleWebKit/537.36 (KHTML, like Gecko; compatible; ClaudeBot/1.0; [email protected])"
51.222.253.12 - - [21/Jul/2025:18:06:59 +0000] "GET /items/fashion/mens/2659543/ HTTP/1.1" 404 20401 "-" "Mozilla/5.0 (compatible; AhrefsBot/7.0; +http://ahrefs.com/robot/)"
209.74.77.214 - - [21/Jul/2025:18:07:02 +0000] "POST /wp-cron.php?doing_wp_cron=1753121222.4356811046600341796875 HTTP/1.1" 200 - "-" "WordPress/6.8.2; https://alalamy.com.au"
216.73.216.97 - - [21/Jul/2025:18:07:01 +0000] "GET /shopbrand/9713302.htm HTTP/1.1" 404 20401 "-" "Mozilla/5.0 AppleWebKit/537.36 (KHTML, like Gecko; compatible; ClaudeBot/1.0; [email protected])"
209.74.77.214 - - [21/Jul/2025:18:07:03 +0000] "POST /wp-admin/admin-ajax.php?action=async_litespeed&nonce=MpLontENi4nc99C59yhPFlBXIC8E7IuX&litespeed_type=imgoptm HTTP/1.1" 200 21 "-" "WordPress/6.8.2; https://alalamy.com.au"
216.73.216.97 - - [21/Jul/2025:18:07:04 +0000] "GET /shopbrand/9738894.htm HTTP/1.1" 404 20401 "-" "Mozilla/5.0 AppleWebKit/537.36 (KHTML, like Gecko; compatible; ClaudeBot/1.0; [email protected])"
216.73.216.97 - - [21/Jul/2025:18:07:07 +0000] "GET /shopbrand/9777417.htm HTTP/1.1" 404 20401 "-" "Mozilla/5.0 AppleWebKit/537.36 (KHTML, like Gecko; compatible; ClaudeBot/1.0; [email protected])"
216.73.216.97 - - [21/Jul/2025:18:07:10 +0000] "GET /shopbrand/9666076.htm HTTP/1.1" 404 20401 "-" "Mozilla/5.0 AppleWebKit/537.36 (KHTML, like Gecko; compatible; ClaudeBot/1.0; [email protected])"
216.73.216.97 - - [21/Jul/2025:18:07:13 +0000] "GET /shopbrand/9704706.htm HTTP/1.1" 404 20401 "-" "Mozilla/5.0 AppleWebKit/537.36 (KHTML, like Gecko; compatible; ClaudeBot/1.0; [email protected])"
216.73.216.97 - - [21/Jul/2025:18:07:16 +0000] "GET /shopbrand/9669952.htm HTTP/1.1" 404 20401 "-" "Mozilla/5.0 AppleWebKit/537.36 (KHTML, like Gecko; compatible; ClaudeBot/1.0; [email protected])"
216.73.216.97 - - [21/Jul/2025:18:07:19 +0000] "GET /shopbrand/9656034.htm HTTP/1.1" 404 20401 "-" "Mozilla/5.0 AppleWebKit/537.36 (KHTML, like Gecko; compatible; ClaudeBot/1.0; [email protected])"
216.73.216.97 - - [21/Jul/2025:18:07:22 +0000] "GET /shopbrand/9777957.htm HTTP/1.1" 404 20401 "-" "Mozilla/5.0 AppleWebKit/537.36 (KHTML, like Gecko; compatible; ClaudeBot/1.0; [email protected])"
216.73.216.97 - - [21/Jul/2025:18:07:25 +0000] "GET /shopbrand/9673570.htm HTTP/1.1" 404 20401 "-" "Mozilla/5.0 AppleWebKit/537.36 (KHTML, like Gecko; compatible; ClaudeBot/1.0; [email protected])"
216.73.216.97 - - [21/Jul/2025:18:07:28 +0000] "GET /shopbrand/9762520.htm HTTP/1.1" 404 20401 "-" "Mozilla/5.0 AppleWebKit/537.36 (KHTML, like Gecko; compatible; ClaudeBot/1.0; [email protected])"
209.74.77.214 - - [21/Jul/2025:18:07:33 +0000] "POST /wp-cron.php?doing_wp_cron=1753121253.6562809944152832031250 HTTP/1.1" 200 - "-" "WordPress/6.8.2; https://alalamy.com.au"
51.222.253.2 - - [21/Jul/2025:18:07:33 +0000] "GET /items/fashion/mens/2864272/ HTTP/1.1" 404 20401 "-" "Mozilla/5.0 (compatible; AhrefsBot/7.0; +http://ahrefs.com/robot/)"
216.73.216.97 - - [21/Jul/2025:18:07:34 +0000] "GET /shopbrand/9734190.htm HTTP/1.1" 404 20401 "-" "Mozilla/5.0 AppleWebKit/537.36 (KHTML, like Gecko; compatible; ClaudeBot/1.0; [email protected])"
216.73.216.97 - - [21/Jul/2025:18:07:38 +0000] "GET /shopbrand/9672432.htm HTTP/1.1" 404 20401 "-" "Mozilla/5.0 AppleWebKit/537.36 (KHTML, like Gecko; compatible; ClaudeBot/1.0; [email protected])"
216.73.216.97 - - [21/Jul/2025:18:07:40 +0000] "GET /shopbrand/9761559.htm HTTP/1.1" 404 20401 "-" "Mozilla/5.0 AppleWebKit/537.36 (KHTML, like Gecko; compatible; ClaudeBot/1.0; [email protected])"
216.73.216.97 - - [21/Jul/2025:18:07:44 +0000] "GET /shopbrand/9657021.htm HTTP/1.1" 404 20401 "-" "Mozilla/5.0 AppleWebKit/537.36 (KHTML, like Gecko; compatible; ClaudeBot/1.0; [email protected])"
216.73.216.97 - - [21/Jul/2025:18:07:46 +0000] "GET /shopbrand/9772554.htm HTTP/1.1" 404 20401 "-" "Mozilla/5.0 AppleWebKit/537.36 (KHTML, like Gecko; compatible; ClaudeBot/1.0; [email protected])"
216.73.216.97 - - [21/Jul/2025:18:07:49 +0000] "GET /shopbrand/9673983.htm HTTP/1.1" 404 20401 "-" "Mozilla/5.0 AppleWebKit/537.36 (KHTML, like Gecko; compatible; ClaudeBot/1.0; [email protected])"
209.74.77.214 - - [21/Jul/2025:18:07:52 +0000] "POST /wp-cron.php?doing_wp_cron=1753121272.8006069660186767578125 HTTP/1.1" 200 - "-" "WordPress/6.8.2; https://alalamy.com.au"
216.73.216.97 - - [21/Jul/2025:18:07:52 +0000] "GET /shopbrand/9688872.htm HTTP/1.1" 404 20401 "-" "Mozilla/5.0 AppleWebKit/537.36 (KHTML, like Gecko; compatible; ClaudeBot/1.0; [email protected])"
216.73.216.97 - - [21/Jul/2025:18:07:55 +0000] "GET /shopbrand/9657180.htm HTTP/1.1" 404 20401 "-" "Mozilla/5.0 AppleWebKit/537.36 (KHTML, like Gecko; compatible; ClaudeBot/1.0; [email protected])"
51.222.253.13 - - [21/Jul/2025:18:07:55 +0000] "GET /items/fashion/mens/2962013/ HTTP/1.1" 404 20401 "-" "Mozilla/5.0 (compatible; AhrefsBot/7.0; +http://ahrefs.com/robot/)"
216.73.216.97 - - [21/Jul/2025:18:07:58 +0000] "GET /shopbrand/9695254.htm HTTP/1.1" 404 20401 "-" "Mozilla/5.0 AppleWebKit/537.36 (KHTML, like Gecko; compatible; ClaudeBot/1.0; [email protected])"
209.74.77.214 - - [21/Jul/2025:18:08:01 +0000] "POST /wp-cron.php?doing_wp_cron=1753121281.8317739963531494140625 HTTP/1.1" 200 - "-" "WordPress/6.8.2; https://alalamy.com.au"
216.73.216.97 - - [21/Jul/2025:18:08:01 +0000] "GET /shopbrand/9743916.htm HTTP/1.1" 404 20401 "-" "Mozilla/5.0 AppleWebKit/537.36 (KHTML, like Gecko; compatible; ClaudeBot/1.0; [email protected])"
209.74.77.214 - - [21/Jul/2025:18:08:02 +0000] "POST /wp-admin/admin-ajax.php?action=async_litespeed&nonce=TD3PpXr5XqmbkkHFvSElbEGjZce1lc50&litespeed_type=imgoptm HTTP/1.1" 200 21 "-" "WordPress/6.8.2; https://alalamy.com.au"
216.73.216.97 - - [21/Jul/2025:18:08:04 +0000] "GET /shopbrand/9708598.htm HTTP/1.1" 404 20401 "-" "Mozilla/5.0 AppleWebKit/537.36 (KHTML, like Gecko; compatible; ClaudeBot/1.0; [email protected])"
216.73.216.97 - - [21/Jul/2025:18:08:07 +0000] "GET /shopbrand/9708016.htm HTTP/1.1" 404 20401 "-" "Mozilla/5.0 AppleWebKit/537.36 (KHTML, like Gecko; compatible; ClaudeBot/1.0; [email protected])"
216.73.216.97 - - [21/Jul/2025:18:08:10 +0000] "GET /shopbrand/9680657.htm HTTP/1.1" 404 20401 "-" "Mozilla/5.0 AppleWebKit/537.36 (KHTML, like Gecko; compatible; ClaudeBot/1.0; [email protected])"
216.73.216.97 - - [21/Jul/2025:18:08:13 +0000] "GET /shopbrand/9699843.htm HTTP/1.1" 404 20401 "-" "Mozilla/5.0 AppleWebKit/537.36 (KHTML, like Gecko; compatible; ClaudeBot/1.0; [email protected])"
216.73.216.97 - - [21/Jul/2025:18:08:16 +0000] "GET /shopbrand/9709269.htm HTTP/1.1" 404 20401 "-" "Mozilla/5.0 AppleWebKit/537.36 (KHTML, like Gecko; compatible; ClaudeBot/1.0; [email protected])"
51.222.253.2 - - [21/Jul/2025:18:08:18 +0000] "GET /items/fashion/mens/3201036/ HTTP/1.1" 404 20401 "-" "Mozilla/5.0 (compatible; AhrefsBot/7.0; +http://ahrefs.com/robot/)"
216.73.216.97 - - [21/Jul/2025:18:08:19 +0000] "GET /shopbrand/9772139.htm HTTP/1.1" 404 20401 "-" "Mozilla/5.0 AppleWebKit/537.36 (KHTML, like Gecko; compatible; ClaudeBot/1.0; [email protected])"
216.73.216.97 - - [21/Jul/2025:18:08:22 +0000] "GET /shopbrand/9655097.htm HTTP/1.1" 404 20400 "-" "Mozilla/5.0 AppleWebKit/537.36 (KHTML, like Gecko; compatible; ClaudeBot/1.0; [email protected])"
216.73.216.97 - - [21/Jul/2025:18:08:26 +0000] "GET /shopbrand/9760040.htm HTTP/1.1" 404 20401 "-" "Mozilla/5.0 AppleWebKit/537.36 (KHTML, like Gecko; compatible; ClaudeBot/1.0; [email protected])"
216.73.216.97 - - [21/Jul/2025:18:08:28 +0000] "GET /shopbrand/9749601.htm HTTP/1.1" 404 20401 "-" "Mozilla/5.0 AppleWebKit/537.36 (KHTML, like Gecko; compatible; ClaudeBot/1.0; [email protected])"
216.73.216.97 - - [21/Jul/2025:18:08:31 +0000] "GET /shopbrand/9675379.htm HTTP/1.1" 404 20401 "-" "Mozilla/5.0 AppleWebKit/537.36 (KHTML, like Gecko; compatible; ClaudeBot/1.0; [email protected])"
209.74.77.214 - - [21/Jul/2025:18:08:34 +0000] "POST /wp-cron.php?doing_wp_cron=1753121314.8993868827819824218750 HTTP/1.1" 200 - "-" "WordPress/6.8.2; https://alalamy.com.au"
216.73.216.97 - - [21/Jul/2025:18:08:34 +0000] "GET /shopbrand/9760147.htm HTTP/1.1" 404 20401 "-" "Mozilla/5.0 AppleWebKit/537.36 (KHTML, like Gecko; compatible; ClaudeBot/1.0; [email protected])"
216.73.216.97 - - [21/Jul/2025:18:08:37 +0000] "GET /shopbrand/9719019.htm HTTP/1.1" 404 20401 "-" "Mozilla/5.0 AppleWebKit/537.36 (KHTML, like Gecko; compatible; ClaudeBot/1.0; [email protected])"
216.73.216.97 - - [21/Jul/2025:18:08:40 +0000] "GET /shopbrand/9664259.htm HTTP/1.1" 404 20401 "-" "Mozilla/5.0 AppleWebKit/537.36 (KHTML, like Gecko; compatible; ClaudeBot/1.0; [email protected])"
51.222.253.2 - - [21/Jul/2025:18:08:41 +0000] "GET /items/fashion/mens/3368766/ HTTP/1.1" 404 20401 "-" "Mozilla/5.0 (compatible; AhrefsBot/7.0; +http://ahrefs.com/robot/)"
216.73.216.97 - - [21/Jul/2025:18:08:43 +0000] "GET /shopbrand/9731394.htm HTTP/1.1" 404 20401 "-" "Mozilla/5.0 AppleWebKit/537.36 (KHTML, like Gecko; compatible; ClaudeBot/1.0; [email protected])"
216.73.216.97 - - [21/Jul/2025:18:08:46 +0000] "GET /shopbrand/9710963.htm HTTP/1.1" 404 20401 "-" "Mozilla/5.0 AppleWebKit/537.36 (KHTML, like Gecko; compatible; ClaudeBot/1.0; [email protected])"
216.73.216.97 - - [21/Jul/2025:18:08:49 +0000] "GET /shopbrand/9667013.htm HTTP/1.1" 404 20401 "-" "Mozilla/5.0 AppleWebKit/537.36 (KHTML, like Gecko; compatible; ClaudeBot/1.0; [email protected])"
209.74.77.214 - - [21/Jul/2025:18:08:52 +0000] "POST /wp-cron.php?doing_wp_cron=1753121332.9230580329895019531250 HTTP/1.1" 200 - "-" "WordPress/6.8.2; https://alalamy.com.au"
216.73.216.97 - - [21/Jul/2025:18:08:52 +0000] "GET /shopbrand/9687329.htm HTTP/1.1" 404 20401 "-" "Mozilla/5.0 AppleWebKit/537.36 (KHTML, like Gecko; compatible; ClaudeBot/1.0; [email protected])"
216.73.216.97 - - [21/Jul/2025:18:08:55 +0000] "GET /shopbrand/9654938.htm HTTP/1.1" 404 20401 "-" "Mozilla/5.0 AppleWebKit/537.36 (KHTML, like Gecko; compatible; ClaudeBot/1.0; [email protected])"
216.73.216.97 - - [21/Jul/2025:18:08:58 +0000] "GET /shopbrand/9759069.htm HTTP/1.1" 404 20401 "-" "Mozilla/5.0 AppleWebKit/537.36 (KHTML, like Gecko; compatible; ClaudeBot/1.0; [email protected])"
209.74.77.214 - - [21/Jul/2025:18:09:04 +0000] "POST /wp-admin/admin-ajax.php?action=async_litespeed&nonce=pcaTgwkTO9IUBv6chh4zp1mJVISGEUXQ&litespeed_type=imgoptm HTTP/1.1" 200 21 "-" "WordPress/6.8.2; https://alalamy.com.au"
216.73.216.97 - - [21/Jul/2025:18:09:04 +0000] "GET /shopbrand/9662035.htm HTTP/1.1" 404 20401 "-" "Mozilla/5.0 AppleWebKit/537.36 (KHTML, like Gecko; compatible; ClaudeBot/1.0; [email protected])"
216.73.216.97 - - [21/Jul/2025:18:09:07 +0000] "GET /shopbrand/9746962.htm HTTP/1.1" 404 20401 "-" "Mozilla/5.0 AppleWebKit/537.36 (KHTML, like Gecko; compatible; ClaudeBot/1.0; [email protected])"
51.222.253.11 - - [21/Jul/2025:18:09:08 +0000] "GET /items/fashion/mens/3529640/ HTTP/1.1" 404 20401 "-" "Mozilla/5.0 (compatible; AhrefsBot/7.0; +http://ahrefs.com/robot/)"
216.73.216.97 - - [21/Jul/2025:18:09:10 +0000] "GET /shopbrand/9743642.htm HTTP/1.1" 404 20401 "-" "Mozilla/5.0 AppleWebKit/537.36 (KHTML, like Gecko; compatible; ClaudeBot/1.0; [email protected])"
216.73.216.97 - - [21/Jul/2025:18:09:13 +0000] "GET /shopbrand/9669122.htm HTTP/1.1" 404 20401 "-" "Mozilla/5.0 AppleWebKit/537.36 (KHTML, like Gecko; compatible; ClaudeBot/1.0; [email protected])"
216.73.216.97 - - [21/Jul/2025:18:09:16 +0000] "GET /shopbrand/9677877.htm HTTP/1.1" 404 20401 "-" "Mozilla/5.0 AppleWebKit/537.36 (KHTML, like Gecko; compatible; ClaudeBot/1.0; [email protected])"
216.73.216.97 - - [21/Jul/2025:18:09:19 +0000] "GET /shopbrand/9741533.htm HTTP/1.1" 404 20401 "-" "Mozilla/5.0 AppleWebKit/537.36 (KHTML, like Gecko; compatible; ClaudeBot/1.0; [email protected])"
216.73.216.97 - - [21/Jul/2025:18:09:23 +0000] "GET /shopbrand/9765010.htm HTTP/1.1" 404 20401 "-" "Mozilla/5.0 AppleWebKit/537.36 (KHTML, like Gecko; compatible; ClaudeBot/1.0; [email protected])"
216.73.216.97 - - [21/Jul/2025:18:09:25 +0000] "GET /shopbrand/9746662.htm HTTP/1.1" 404 20401 "-" "Mozilla/5.0 AppleWebKit/537.36 (KHTML, like Gecko; compatible; ClaudeBot/1.0; [email protected])"
216.73.216.97 - - [21/Jul/2025:18:09:28 +0000] "GET /shopbrand/9764595.htm HTTP/1.1" 404 20401 "-" "Mozilla/5.0 AppleWebKit/537.36 (KHTML, like Gecko; compatible; ClaudeBot/1.0; [email protected])"
216.73.216.97 - - [21/Jul/2025:18:09:31 +0000] "GET /shopbrand/9752123.htm HTTP/1.1" 404 20401 "-" "Mozilla/5.0 AppleWebKit/537.36 (KHTML, like Gecko; compatible; ClaudeBot/1.0; [email protected])"
209.74.77.214 - - [21/Jul/2025:18:09:34 +0000] "POST /wp-cron.php?doing_wp_cron=1753121374.2304000854492187500000 HTTP/1.1" 200 - "-" "WordPress/6.8.2; https://alalamy.com.au"
51.222.253.10 - - [21/Jul/2025:18:09:34 +0000] "GET /items/fashion/mens/3580481/ HTTP/1.1" 404 20401 "-" "Mozilla/5.0 (compatible; AhrefsBot/7.0; +http://ahrefs.com/robot/)"
216.73.216.97 - - [21/Jul/2025:18:09:34 +0000] "GET /shopbrand/9672474.htm HTTP/1.1" 404 20401 "-" "Mozilla/5.0 AppleWebKit/537.36 (KHTML, like Gecko; compatible; ClaudeBot/1.0; [email protected])"
216.73.216.97 - - [21/Jul/2025:18:09:37 +0000] "GET /shopbrand/9724563.htm HTTP/1.1" 404 20401 "-" "Mozilla/5.0 AppleWebKit/537.36 (KHTML, like Gecko; compatible; ClaudeBot/1.0; [email protected])"
216.73.216.97 - - [21/Jul/2025:18:09:40 +0000] "GET /shopbrand/9736670.htm HTTP/1.1" 404 20401 "-" "Mozilla/5.0 AppleWebKit/537.36 (KHTML, like Gecko; compatible; ClaudeBot/1.0; [email protected])"
216.73.216.97 - - [21/Jul/2025:18:09:43 +0000] "GET /shopbrand/9686358.htm HTTP/1.1" 404 20401 "-" "Mozilla/5.0 AppleWebKit/537.36 (KHTML, like Gecko; compatible; ClaudeBot/1.0; [email protected])"
216.73.216.97 - - [21/Jul/2025:18:09:46 +0000] "GET /shopbrand/9768902.htm HTTP/1.1" 404 20401 "-" "Mozilla/5.0 AppleWebKit/537.36 (KHTML, like Gecko; compatible; ClaudeBot/1.0; [email protected])"
216.73.216.97 - - [21/Jul/2025:18:09:49 +0000] "GET /shopbrand/9733203.htm HTTP/1.1" 404 20401 "-" "Mozilla/5.0 AppleWebKit/537.36 (KHTML, like Gecko; compatible; ClaudeBot/1.0; [email protected])"
209.74.77.214 - - [21/Jul/2025:18:09:53 +0000] "POST /wp-cron.php?doing_wp_cron=1753121392.9909210205078125000000 HTTP/1.1" 200 - "-" "WordPress/6.8.2; https://alalamy.com.au"
216.73.216.97 - - [21/Jul/2025:18:09:52 +0000] "GET /shopbrand/9722232.htm HTTP/1.1" 404 20401 "-" "Mozilla/5.0 AppleWebKit/537.36 (KHTML, like Gecko; compatible; ClaudeBot/1.0; [email protected])"
51.222.253.17 - - [21/Jul/2025:18:09:54 +0000] "GET /items/fashion/mens/3799647/ HTTP/1.1" 404 20401 "-" "Mozilla/5.0 (compatible; AhrefsBot/7.0; +http://ahrefs.com/robot/)"
216.73.216.97 - - [21/Jul/2025:18:09:55 +0000] "GET /shopbrand/9679420.htm HTTP/1.1" 404 20401 "-" "Mozilla/5.0 AppleWebKit/537.36 (KHTML, like Gecko; compatible; ClaudeBot/1.0; [email protected])"
216.73.216.97 - - [21/Jul/2025:18:09:58 +0000] "GET /shopbrand/9715983.htm HTTP/1.1" 404 20401 "-" "Mozilla/5.0 AppleWebKit/537.36 (KHTML, like Gecko; compatible; ClaudeBot/1.0; [email protected])"
209.74.77.214 - - [21/Jul/2025:18:10:02 +0000] "POST /wp-cron.php?doing_wp_cron=1753121402.1192770004272460937500 HTTP/1.1" 200 - "-" "WordPress/6.8.2; https://alalamy.com.au"
216.73.216.97 - - [21/Jul/2025:18:10:01 +0000] "GET /shopbrand/9766712.htm HTTP/1.1" 404 20401 "-" "Mozilla/5.0 AppleWebKit/537.36 (KHTML, like Gecko; compatible; ClaudeBot/1.0; [email protected])"
209.74.77.214 - - [21/Jul/2025:18:10:02 +0000] "POST /wp-admin/admin-ajax.php?action=async_litespeed&nonce=wqY41WfyD7T2EM6GIya5QVmX1u9FQwvl&litespeed_type=imgoptm HTTP/1.1" 200 21 "-" "WordPress/6.8.2; https://alalamy.com.au"
216.73.216.97 - - [21/Jul/2025:18:10:04 +0000] "GET /shopbrand/9662150.htm HTTP/1.1" 404 20401 "-" "Mozilla/5.0 AppleWebKit/537.36 (KHTML, like Gecko; compatible; ClaudeBot/1.0; [email protected])"
216.73.216.97 - - [21/Jul/2025:18:10:07 +0000] "GET /shopbrand/9666342.htm HTTP/1.1" 404 20401 "-" "Mozilla/5.0 AppleWebKit/537.36 (KHTML, like Gecko; compatible; ClaudeBot/1.0; [email protected])"
216.73.216.97 - - [21/Jul/2025:18:10:10 +0000] "GET /shopbrand/9670365.htm HTTP/1.1" 404 20401 "-" "Mozilla/5.0 AppleWebKit/537.36 (KHTML, like Gecko; compatible; ClaudeBot/1.0; [email protected])"
216.73.216.97 - - [21/Jul/2025:18:10:13 +0000] "GET /shopbrand/9713187.htm HTTP/1.1" 404 20401 "-" "Mozilla/5.0 AppleWebKit/537.36 (KHTML, like Gecko; compatible; ClaudeBot/1.0; [email protected])"
216.73.216.97 - - [21/Jul/2025:18:10:16 +0000] "GET /shopbrand/9703469.htm HTTP/1.1" 404 20401 "-" "Mozilla/5.0 AppleWebKit/537.36 (KHTML, like Gecko; compatible; ClaudeBot/1.0; [email protected])"
216.73.216.97 - - [21/Jul/2025:18:10:19 +0000] "GET /shopbrand/9728455.htm HTTP/1.1" 404 20401 "-" "Mozilla/5.0 AppleWebKit/537.36 (KHTML, like Gecko; compatible; ClaudeBot/1.0; [email protected])"
51.222.253.12 - - [21/Jul/2025:18:10:21 +0000] "GET /items/fashion/mens/3899633/ HTTP/1.1" 404 20400 "-" "Mozilla/5.0 (compatible; AhrefsBot/7.0; +http://ahrefs.com/robot/)"
216.73.216.97 - - [21/Jul/2025:18:10:22 +0000] "GET /shopbrand/9687627.htm HTTP/1.1" 404 20401 "-" "Mozilla/5.0 AppleWebKit/537.36 (KHTML, like Gecko; compatible; ClaudeBot/1.0; [email protected])"
216.73.216.97 - - [21/Jul/2025:18:10:25 +0000] "GET /shopbrand/9725135.htm HTTP/1.1" 404 20401 "-" "Mozilla/5.0 AppleWebKit/537.36 (KHTML, like Gecko; compatible; ClaudeBot/1.0; [email protected])"
216.73.216.97 - - [21/Jul/2025:18:10:28 +0000] "GET /shopbrand/9708439.htm HTTP/1.1" 404 20401 "-" "Mozilla/5.0 AppleWebKit/537.36 (KHTML, like Gecko; compatible; ClaudeBot/1.0; [email protected])"
209.74.77.214 - - [21/Jul/2025:18:10:46 +0000] "POST /wp-cron.php?doing_wp_cron=1753121446.3222179412841796875000 HTTP/1.1" 200 - "-" "WordPress/6.8.2; https://alalamy.com.au"
51.222.253.12 - - [21/Jul/2025:18:10:45 +0000] "GET /items/fashion/mens/3931552/ HTTP/1.1" 404 20401 "-" "Mozilla/5.0 (compatible; AhrefsBot/7.0; +http://ahrefs.com/robot/)"
209.74.77.214 - - [21/Jul/2025:18:10:59 +0000] "POST /wp-cron.php?doing_wp_cron=1753121459.8558650016784667968750 HTTP/1.1" 200 - "-" "WordPress/6.8.2; https://alalamy.com.au"
216.73.216.97 - - [21/Jul/2025:18:10:59 +0000] "GET /shopbrand/9748886.htm HTTP/1.1" 404 20401 "-" "Mozilla/5.0 AppleWebKit/537.36 (KHTML, like Gecko; compatible; ClaudeBot/1.0; [email protected])"
209.74.77.214 - - [21/Jul/2025:18:11:02 +0000] "POST /wp-cron.php?doing_wp_cron=1753121462.8280909061431884765625 HTTP/1.1" 200 - "-" "WordPress/6.8.2; https://alalamy.com.au"
216.73.216.97 - - [21/Jul/2025:18:11:02 +0000] "GET /shopbrand/9777117.htm HTTP/1.1" 404 20401 "-" "Mozilla/5.0 AppleWebKit/537.36 (KHTML, like Gecko; compatible; ClaudeBot/1.0; [email protected])"
209.74.77.214 - - [21/Jul/2025:18:11:03 +0000] "POST /wp-admin/admin-ajax.php?action=async_litespeed&nonce=mwwcb2ciCxbm4qf3hlSNDTyCcqa34zvA&litespeed_type=imgoptm HTTP/1.1" 200 21 "-" "WordPress/6.8.2; https://alalamy.com.au"
216.73.216.97 - - [21/Jul/2025:18:11:05 +0000] "GET /shopbrand/9742770.htm HTTP/1.1" 404 20401 "-" "Mozilla/5.0 AppleWebKit/537.36 (KHTML, like Gecko; compatible; ClaudeBot/1.0; [email protected])"
51.222.253.13 - - [21/Jul/2025:18:11:07 +0000] "GET /items/fashion/mens/3994301/ HTTP/1.1" 404 20401 "-" "Mozilla/5.0 (compatible; AhrefsBot/7.0; +http://ahrefs.com/robot/)"
216.73.216.97 - - [21/Jul/2025:18:11:08 +0000] "GET /shopbrand/9740961.htm HTTP/1.1" 404 20401 "-" "Mozilla/5.0 AppleWebKit/537.36 (KHTML, like Gecko; compatible; ClaudeBot/1.0; [email protected])"
216.73.216.97 - - [21/Jul/2025:18:11:11 +0000] "GET /shopbrand/9736555.htm HTTP/1.1" 404 20400 "-" "Mozilla/5.0 AppleWebKit/537.36 (KHTML, like Gecko; compatible; ClaudeBot/1.0; [email protected])"
216.73.216.97 - - [21/Jul/2025:18:11:14 +0000] "GET /shopbrand/9655212.htm HTTP/1.1" 404 20401 "-" "Mozilla/5.0 AppleWebKit/537.36 (KHTML, like Gecko; compatible; ClaudeBot/1.0; [email protected])"
216.73.216.97 - - [21/Jul/2025:18:11:17 +0000] "GET /shopbrand/9766138.htm HTTP/1.1" 404 20401 "-" "Mozilla/5.0 AppleWebKit/537.36 (KHTML, like Gecko; compatible; ClaudeBot/1.0; [email protected])"
57.141.2.6 - - [21/Jul/2025:18:11:20 +0000] "GET /?k=80199347051900& HTTP/1.1" 301 - "-" "meta-externalagent/1.1 (+https://developers.facebook.com/docs/sharing/webmasters/crawler)"
