47.82.11.74 - - [21/Jul/2025:17:12:02 +0000] "GET /?k=6762648001900&mod=7a2ce833&uri=category-info.php?id%3D225855-296%26name%3Dkya%20mohabbat%20hai%20kya%20nazara%20hai%20lyrics HTTP/1.1" 301 - "https://alalamy.com.au/?k=6762648001900&mod=7a2ce833&uri=category-info.php%3Fid%3D225855-296%26name%3Dkya+mohabbat+hai+kya+nazara+hai+lyrics" "Mozilla/5.0 (Windows NT 10.0; Win64; x64) AppleWebKit/537.36 (KHTML, like Gecko) Chrome/114.0.0.0 Safari/537.36 Edg/114.0.1823.43"
66.249.65.165 - - [21/Jul/2025:17:12:08 +0000] "POST /get-message-notify HTTP/1.1" 200 19554 "https://alalamy.com.au/items/fashion/dresses/5206458" "Mozilla/5.0 (Linux; Android 6.0.1; Nexus 5X Build/MMB29P) AppleWebKit/537.36 (KHTML, like Gecko) Chrome/137.0.7151.119 Mobile Safari/537.36 (compatible; Googlebot/2.1; +http://www.google.com/bot.html)"
47.82.11.79 - - [21/Jul/2025:17:12:11 +0000] "GET /?k=119843276051900&mod=41814002&uri=article.php?id%3D3999533-321%26name%3Dhuge+pitbull+breed HTTP/1.1" 301 - "https://alalamy.com.au/?k=119843276051900&mod=41814002&uri=article.php%3Fid%3D3999533-321%26name%3Dhuge+pitbull+breed" "Mozilla/5.0 (Windows NT 10.0; Win64; x64) AppleWebKit/537.36 (KHTML, like Gecko) Chrome/114.0.0.0 Safari/537.36 Edg/114.0.1823.43"
47.82.11.79 - - [21/Jul/2025:17:12:11 +0000] "GET /?k=119843276051900&mod=41814002&uri=article.php?id%3D3999533-321%26name%3Dhuge%20pitbull%20breed HTTP/1.1" 301 - "https://alalamy.com.au/?k=119843276051900&mod=41814002&uri=article.php%3Fid%3D3999533-321%26name%3Dhuge+pitbull+breed" "Mozilla/5.0 (Windows NT 10.0; Win64; x64) AppleWebKit/537.36 (KHTML, like Gecko) Chrome/114.0.0.0 Safari/537.36 Edg/114.0.1823.43"
66.249.65.164 - - [21/Jul/2025:17:12:19 +0000] "GET /items/fashion/womens/2584028/alalamy.com.au/search?category=&search_word=&restrict[]=person_id(int)=QGM HTTP/1.1" 200 22392 "-" "Mozilla/5.0 (Linux; Android 6.0.1; Nexus 5X Build/MMB29P) AppleWebKit/537.36 (KHTML, like Gecko) Chrome/137.0.7151.103 Mobile Safari/537.36 (compatible; GoogleOther)"
51.222.253.9 - - [21/Jul/2025:17:12:21 +0000] "GET /items/books/books/3236479/ HTTP/1.1" 404 20401 "-" "Mozilla/5.0 (compatible; AhrefsBot/7.0; +http://ahrefs.com/robot/)"
66.249.65.164 - - [21/Jul/2025:17:12:33 +0000] "POST /get-message-notify HTTP/1.1" 200 19554 "https://alalamy.com.au/items/fashion/womens/2584028/alalamy.com.au/search?category=&search_word=&restrict[]=person_id(int)=QGM" "Mozilla/5.0 (Linux; Android 6.0.1; Nexus 5X Build/MMB29P) AppleWebKit/537.36 (KHTML, like Gecko) Chrome/137.0.7151.119 Mobile Safari/537.36 (compatible; Googlebot/2.1; +http://www.google.com/bot.html)"
209.74.77.214 - - [21/Jul/2025:17:12:50 +0000] "POST /wp-cron.php?doing_wp_cron=1753117970.8217198848724365234375 HTTP/1.1" 200 - "-" "WordPress/6.8.2; https://alalamy.com.au"
51.222.253.11 - - [21/Jul/2025:17:12:50 +0000] "GET /items/books/books/4406168/ HTTP/1.1" 404 20401 "-" "Mozilla/5.0 (compatible; AhrefsBot/7.0; +http://ahrefs.com/robot/)"
66.249.65.165 - - [21/Jul/2025:17:13:17 +0000] "GET /items/sports/golf/2682921/alalamy.com.au/feature/alalamy.com.au/events/ HTTP/1.1" 200 19486 "-" "Mozilla/5.0 (Linux; Android 6.0.1; Nexus 5X Build/MMB29P) AppleWebKit/537.36 (KHTML, like Gecko) Chrome/137.0.7151.103 Mobile Safari/537.36 (compatible; GoogleOther)"
66.249.65.164 - - [21/Jul/2025:17:13:26 +0000] "POST /get-message-notify HTTP/1.1" 200 19554 "https://alalamy.com.au/items/sports/golf/2682921/alalamy.com.au/feature/alalamy.com.au/events/" "Mozilla/5.0 (Linux; Android 6.0.1; Nexus 5X Build/MMB29P) AppleWebKit/537.36 (KHTML, like Gecko) Chrome/137.0.7151.119 Mobile Safari/537.36 (compatible; Googlebot/2.1; +http://www.google.com/bot.html)"
209.74.77.214 - - [21/Jul/2025:17:13:37 +0000] "POST /wp-admin/admin-ajax.php?action=async_litespeed&nonce=hTcmkDQv60BdpG04zPXcg0W1XEO7S2bw&litespeed_type=imgoptm HTTP/1.1" 200 21 "-" "WordPress/6.8.2; https://alalamy.com.au"
51.222.253.11 - - [21/Jul/2025:17:13:44 +0000] "GET /items/books/complete-sets/3202524/ HTTP/1.1" 404 20401 "-" "Mozilla/5.0 (compatible; AhrefsBot/7.0; +http://ahrefs.com/robot/)"
209.74.77.214 - - [21/Jul/2025:17:14:22 +0000] "POST /wp-cron.php?doing_wp_cron=1753118062.2165179252624511718750 HTTP/1.1" 200 - "-" "WordPress/6.8.2; https://alalamy.com.au"
51.222.253.11 - - [21/Jul/2025:17:14:20 +0000] "GET /items/books/manga/2674388/ HTTP/1.1" 404 20400 "-" "Mozilla/5.0 (compatible; AhrefsBot/7.0; +http://ahrefs.com/robot/)"
209.74.77.214 - - [21/Jul/2025:17:14:22 +0000] "POST /wp-admin/admin-ajax.php?action=async_litespeed&nonce=C1LhpBjfsgvBwMSFSk4tJInWAQChQ3c6&litespeed_type=imgoptm HTTP/1.1" 200 21 "-" "WordPress/6.8.2; https://alalamy.com.au"
209.74.77.214 - - [21/Jul/2025:17:14:54 +0000] "POST /wp-cron.php?doing_wp_cron=1753118094.1966600418090820312500 HTTP/1.1" 200 - "-" "WordPress/6.8.2; https://alalamy.com.au"
51.222.253.13 - - [21/Jul/2025:17:14:53 +0000] "GET /items/books/sports/1960420/ HTTP/1.1" 404 20401 "-" "Mozilla/5.0 (compatible; AhrefsBot/7.0; +http://ahrefs.com/robot/)"
66.249.65.165 - - [21/Jul/2025:17:15:01 +0000] "GET /items/fashion/womens/alalamy.com.au/pcmypage?callback=product/review/18087320 HTTP/1.1" 200 21774 "-" "Mozilla/5.0 (Linux; Android 6.0.1; Nexus 5X Build/MMB29P) AppleWebKit/537.36 (KHTML, like Gecko) Chrome/137.0.7151.103 Mobile Safari/537.36 (compatible; GoogleOther)"
66.249.65.166 - - [21/Jul/2025:17:15:04 +0000] "GET /items/fashion/mens/2778486/ HTTP/1.1" 200 19477 "-" "Mozilla/5.0 (Linux; Android 6.0.1; Nexus 5X Build/MMB29P) AppleWebKit/537.36 (KHTML, like Gecko) Chrome/137.0.7151.103 Mobile Safari/537.36 (compatible; GoogleOther)"
66.249.65.165 - - [21/Jul/2025:17:15:22 +0000] "POST /get-message-notify HTTP/1.1" 200 19554 "https://alalamy.com.au/items/fashion/womens/alalamy.com.au/pcmypage?callback=product/review/18087320" "Mozilla/5.0 (Linux; Android 6.0.1; Nexus 5X Build/MMB29P) AppleWebKit/537.36 (KHTML, like Gecko) Chrome/137.0.7151.119 Mobile Safari/537.36 (compatible; Googlebot/2.1; +http://www.google.com/bot.html)"
209.74.77.214 - - [21/Jul/2025:17:15:29 +0000] "POST /wp-cron.php?doing_wp_cron=1753118129.7710740566253662109375 HTTP/1.1" 200 - "-" "WordPress/6.8.2; https://alalamy.com.au"
51.222.253.2 - - [21/Jul/2025:17:15:29 +0000] "GET /items/books/sports/4742793/ HTTP/1.1" 404 20401 "-" "Mozilla/5.0 (compatible; AhrefsBot/7.0; +http://ahrefs.com/robot/)"
209.74.77.214 - - [21/Jul/2025:17:15:29 +0000] "POST /wp-admin/admin-ajax.php?action=async_litespeed&nonce=k2AtrBRWDwSXxdEPQTNqzB0kR0qtHe5r&litespeed_type=imgoptm HTTP/1.1" 200 21 "-" "WordPress/6.8.2; https://alalamy.com.au"
66.249.65.164 - - [21/Jul/2025:17:15:41 +0000] "POST /get-message-notify HTTP/1.1" 200 19554 "https://alalamy.com.au/items/fashion/mens/2778486/" "Mozilla/5.0 (Linux; Android 6.0.1; Nexus 5X Build/MMB29P) AppleWebKit/537.36 (KHTML, like Gecko) Chrome/137.0.7151.119 Mobile Safari/537.36 (compatible; Googlebot/2.1; +http://www.google.com/bot.html)"
209.74.77.214 - - [21/Jul/2025:17:16:11 +0000] "POST /wp-cron.php?doing_wp_cron=1753118171.6406040191650390625000 HTTP/1.1" 200 - "-" "WordPress/6.8.2; https://alalamy.com.au"
51.222.253.6 - - [21/Jul/2025:17:16:11 +0000] "GET /items/cameras/audio-accessories/3915785/ HTTP/1.1" 404 20401 "-" "Mozilla/5.0 (compatible; AhrefsBot/7.0; +http://ahrefs.com/robot/)"
209.74.77.214 - - [21/Jul/2025:17:16:11 +0000] "POST /wp-admin/admin-ajax.php?action=async_litespeed&nonce=zuyBn14TvG4b7KMLgkEMq8JPRscAlkTR&litespeed_type=imgoptm HTTP/1.1" 200 21 "-" "WordPress/6.8.2; https://alalamy.com.au"
51.222.253.13 - - [21/Jul/2025:17:16:45 +0000] "GET /items/cameras/audio-equipment/1638210/ HTTP/1.1" 404 20401 "-" "Mozilla/5.0 (compatible; AhrefsBot/7.0; +http://ahrefs.com/robot/)"
209.74.77.214 - - [21/Jul/2025:17:17:20 +0000] "POST /wp-cron.php?doing_wp_cron=1753118240.3676719665527343750000 HTTP/1.1" 200 - "-" "WordPress/6.8.2; https://alalamy.com.au"
51.222.253.2 - - [21/Jul/2025:17:17:18 +0000] "GET /items/cameras/audio-equipment/3158283/ HTTP/1.1" 404 20401 "-" "Mozilla/5.0 (compatible; AhrefsBot/7.0; +http://ahrefs.com/robot/)"
209.74.77.214 - - [21/Jul/2025:17:17:20 +0000] "POST /wp-admin/admin-ajax.php?action=async_litespeed&nonce=cR8notKFqJbpiYu1VpnsVuM5WYLewuuq&litespeed_type=imgoptm HTTP/1.1" 200 21 "-" "WordPress/6.8.2; https://alalamy.com.au"
209.74.77.214 - - [21/Jul/2025:17:17:59 +0000] "POST /wp-cron.php?doing_wp_cron=1753118279.4299619197845458984375 HTTP/1.1" 200 - "-" "WordPress/6.8.2; https://alalamy.com.au"
51.222.253.12 - - [21/Jul/2025:17:17:59 +0000] "GET /items/cameras/audio-equipment/3373701/ HTTP/1.1" 404 20401 "-" "Mozilla/5.0 (compatible; AhrefsBot/7.0; +http://ahrefs.com/robot/)"
209.74.77.214 - - [21/Jul/2025:17:18:06 +0000] "POST /wp-cron.php?doing_wp_cron=1753118286.2608280181884765625000 HTTP/1.1" 200 - "-" "WordPress/6.8.2; https://alalamy.com.au"
57.141.2.9 - - [21/Jul/2025:17:18:06 +0000] "GET /?k=24042725011900& HTTP/1.1" 301 - "-" "meta-externalagent/1.1 (+https://developers.facebook.com/docs/sharing/webmasters/crawler)"
209.74.77.214 - - [21/Jul/2025:17:18:06 +0000] "POST /wp-admin/admin-ajax.php?action=async_litespeed&nonce=5H4xpMkY1DhGOLRCt6pnogzOy4HjrGs0&litespeed_type=imgoptm HTTP/1.1" 200 21 "-" "WordPress/6.8.2; https://alalamy.com.au"
51.222.253.14 - - [21/Jul/2025:17:18:24 +0000] "GET /items/cameras/audio-equipment/3488782/ HTTP/1.1" 404 20401 "-" "Mozilla/5.0 (compatible; AhrefsBot/7.0; +http://ahrefs.com/robot/)"
66.249.65.165 - - [21/Jul/2025:17:18:43 +0000] "GET /items/cars/motorcycles/3247029/alalamy.com.au/events/ HTTP/1.1" 200 20034 "-" "Mozilla/5.0 (Linux; Android 6.0.1; Nexus 5X Build/MMB29P) AppleWebKit/537.36 (KHTML, like Gecko) Chrome/137.0.7151.103 Mobile Safari/537.36 (compatible; GoogleOther)"
66.249.65.165 - - [21/Jul/2025:17:18:50 +0000] "POST /get-message-notify HTTP/1.1" 200 19554 "https://alalamy.com.au/items/cars/motorcycles/3247029/alalamy.com.au/events/" "Mozilla/5.0 (Linux; Android 6.0.1; Nexus 5X Build/MMB29P) AppleWebKit/537.36 (KHTML, like Gecko) Chrome/137.0.7151.119 Mobile Safari/537.36 (compatible; Googlebot/2.1; +http://www.google.com/bot.html)"
209.74.77.214 - - [21/Jul/2025:17:18:55 +0000] "POST /wp-cron.php?doing_wp_cron=1753118335.3832499980926513671875 HTTP/1.1" 200 - "-" "WordPress/6.8.2; https://alalamy.com.au"
51.222.253.9 - - [21/Jul/2025:17:18:55 +0000] "GET /items/cameras/audio-equipment/5397685/ HTTP/1.1" 404 20401 "-" "Mozilla/5.0 (compatible; AhrefsBot/7.0; +http://ahrefs.com/robot/)"
209.74.77.214 - - [21/Jul/2025:17:19:13 +0000] "POST /wp-cron.php?doing_wp_cron=1753118353.1833250522613525390625 HTTP/1.1" 200 - "-" "WordPress/6.8.2; https://alalamy.com.au"
57.141.2.12 - - [21/Jul/2025:17:19:12 +0000] "GET /?k=39226813111900& HTTP/1.1" 301 - "-" "meta-externalagent/1.1 (+https://developers.facebook.com/docs/sharing/webmasters/crawler)"
209.74.77.214 - - [21/Jul/2025:17:19:13 +0000] "POST /wp-admin/admin-ajax.php?action=async_litespeed&nonce=9oFQacsKkZOnJSz9Uz7Lg9GTiTTiivTr&litespeed_type=imgoptm HTTP/1.1" 200 21 "-" "WordPress/6.8.2; https://alalamy.com.au"
51.222.253.4 - - [21/Jul/2025:17:19:29 +0000] "GET /items/cameras/cameras/2286650/ HTTP/1.1" 404 20401 "-" "Mozilla/5.0 (compatible; AhrefsBot/7.0; +http://ahrefs.com/robot/)"
209.74.77.214 - - [21/Jul/2025:17:20:01 +0000] "POST /wp-cron.php?doing_wp_cron=1753118401.0452098846435546875000 HTTP/1.1" 200 - "-" "WordPress/6.8.2; https://alalamy.com.au"
51.222.253.12 - - [21/Jul/2025:17:20:00 +0000] "GET /items/cameras/cameras/2729550/ HTTP/1.1" 404 20401 "-" "Mozilla/5.0 (compatible; AhrefsBot/7.0; +http://ahrefs.com/robot/)"
209.74.77.214 - - [21/Jul/2025:17:20:01 +0000] "POST /wp-admin/admin-ajax.php?action=async_litespeed&nonce=w4OTULfQtl3mzfmoAxaaN5BRiohV8vjM&litespeed_type=imgoptm HTTP/1.1" 200 21 "-" "WordPress/6.8.2; https://alalamy.com.au"
51.222.253.14 - - [21/Jul/2025:17:20:27 +0000] "GET /items/cameras/cameras/2890713/ HTTP/1.1" 404 20401 "-" "Mozilla/5.0 (compatible; AhrefsBot/7.0; +http://ahrefs.com/robot/)"
66.249.65.164 - - [21/Jul/2025:17:20:35 +0000] "GET /items/fashion/shoes/1905484/ HTTP/1.1" 200 20220 "-" "Mozilla/5.0 (Linux; Android 6.0.1; Nexus 5X Build/MMB29P) AppleWebKit/537.36 (KHTML, like Gecko) Chrome/137.0.7151.103 Mobile Safari/537.36 (compatible; GoogleOther)"
209.74.77.214 - - [21/Jul/2025:17:20:41 +0000] "POST /wp-cron.php?doing_wp_cron=1753118440.9886250495910644531250 HTTP/1.1" 200 - "-" "WordPress/6.8.2; https://alalamy.com.au"
47.82.11.44 - - [21/Jul/2025:17:20:40 +0000] "GET /?k=6389666061900&mod=4e17fdfe&uri=us.php?id%3D213418-363%26name%3Dkey+lanyard+argos HTTP/1.1" 301 - "https://alalamy.com.au/?k=6389666061900&mod=4e17fdfe&uri=us.php%3Fid%3D213418-363%26name%3Dkey+lanyard+argos" "Mozilla/5.0 (Windows NT 10.0; Win64; x64) AppleWebKit/537.36 (KHTML, like Gecko) Chrome/114.0.0.0 Safari/537.36 Edg/114.0.1823.43"
47.82.11.44 - - [21/Jul/2025:17:20:41 +0000] "GET /?k=6389666061900&mod=4e17fdfe&uri=us.php?id%3D213418-363%26name%3Dkey%20lanyard%20argos HTTP/1.1" 301 - "https://alalamy.com.au/?k=6389666061900&mod=4e17fdfe&uri=us.php%3Fid%3D213418-363%26name%3Dkey+lanyard+argos" "Mozilla/5.0 (Windows NT 10.0; Win64; x64) AppleWebKit/537.36 (KHTML, like Gecko) Chrome/114.0.0.0 Safari/537.36 Edg/114.0.1823.43"
51.222.253.19 - - [21/Jul/2025:17:20:56 +0000] "GET /items/cameras/cameras/5315222/ HTTP/1.1" 404 20401 "-" "Mozilla/5.0 (compatible; AhrefsBot/7.0; +http://ahrefs.com/robot/)"
66.249.65.164 - - [21/Jul/2025:17:20:58 +0000] "GET /items/fashion/womens/3512099/ HTTP/1.1" 200 21203 "-" "Mozilla/5.0 (Linux; Android 6.0.1; Nexus 5X Build/MMB29P) AppleWebKit/537.36 (KHTML, like Gecko) Chrome/137.0.7151.103 Mobile Safari/537.36 (compatible; GoogleOther)"
66.249.65.165 - - [21/Jul/2025:17:21:00 +0000] "GET /items/cameras/cameras/4039648/ HTTP/1.1" 200 18890 "-" "Mozilla/5.0 (Linux; Android 6.0.1; Nexus 5X Build/MMB29P) AppleWebKit/537.36 (KHTML, like Gecko) Chrome/137.0.7151.103 Mobile Safari/537.36 (compatible; GoogleOther)"
66.249.65.164 - - [21/Jul/2025:17:21:04 +0000] "POST /get-message-notify HTTP/1.1" 200 19554 "https://alalamy.com.au/items/fashion/shoes/1905484/" "Mozilla/5.0 (Linux; Android 6.0.1; Nexus 5X Build/MMB29P) AppleWebKit/537.36 (KHTML, like Gecko) Chrome/137.0.7151.119 Mobile Safari/537.36 (compatible; Googlebot/2.1; +http://www.google.com/bot.html)"
66.249.65.164 - - [21/Jul/2025:17:21:04 +0000] "GET /items/fashion/outerwear/5307825 HTTP/1.1" 200 18872 "-" "Mozilla/5.0 (Linux; Android 6.0.1; Nexus 5X Build/MMB29P) AppleWebKit/537.36 (KHTML, like Gecko) Chrome/137.0.7151.103 Mobile Safari/537.36 (compatible; GoogleOther)"
66.249.65.164 - - [21/Jul/2025:17:21:06 +0000] "GET /items/fashion/shoes/3574755/ HTTP/1.1" 200 18801 "-" "Mozilla/5.0 (Linux; Android 6.0.1; Nexus 5X Build/MMB29P) AppleWebKit/537.36 (KHTML, like Gecko) Chrome/137.0.7151.103 Mobile Safari/537.36 (compatible; GoogleOther)"
66.249.65.164 - - [21/Jul/2025:17:21:08 +0000] "GET /items/fashion/outerwear/5223292 HTTP/1.1" 200 18950 "-" "Mozilla/5.0 (Linux; Android 6.0.1; Nexus 5X Build/MMB29P) AppleWebKit/537.36 (KHTML, like Gecko) Chrome/137.0.7151.103 Mobile Safari/537.36 (compatible; GoogleOther)"
66.249.65.164 - - [21/Jul/2025:17:21:10 +0000] "GET /items/sports/table-tennis/2208884/ HTTP/1.1" 200 20382 "-" "Mozilla/5.0 (Linux; Android 6.0.1; Nexus 5X Build/MMB29P) AppleWebKit/537.36 (KHTML, like Gecko) Chrome/137.0.7151.103 Mobile Safari/537.36 (compatible; GoogleOther)"
66.249.65.164 - - [21/Jul/2025:17:21:13 +0000] "GET /items/fashion/tops/2607715/alalamy.com.au/events HTTP/1.1" 200 19342 "-" "Mozilla/5.0 (Linux; Android 6.0.1; Nexus 5X Build/MMB29P) AppleWebKit/537.36 (KHTML, like Gecko) Chrome/137.0.7151.103 Mobile Safari/537.36 (compatible; GoogleOther)"
209.74.77.214 - - [21/Jul/2025:17:21:25 +0000] "POST /wp-cron.php?doing_wp_cron=1753118485.7301681041717529296875 HTTP/1.1" 200 - "-" "WordPress/6.8.2; https://alalamy.com.au"
47.82.11.91 - - [21/Jul/2025:17:21:25 +0000] "GET /?k=88722016031900&mod=df108635&uri=info.php?id%3D2960788-362%26name%3Dbest+yoga+workout+clothes HTTP/1.1" 301 - "https://alalamy.com.au/?k=88722016031900&mod=df108635&uri=info.php%3Fid%3D2960788-362%26name%3Dbest+yoga+workout+clothes" "Mozilla/5.0 (Windows NT 10.0; Win64; x64) AppleWebKit/537.36 (KHTML, like Gecko) Chrome/114.0.0.0 Safari/537.36 Edg/114.0.1823.43"
209.74.77.214 - - [21/Jul/2025:17:21:25 +0000] "POST /wp-admin/admin-ajax.php?action=async_litespeed&nonce=q1mJI1kexQtMAR0NJD2Mdx8ejzJOqRNe&litespeed_type=imgoptm HTTP/1.1" 200 21 "-" "WordPress/6.8.2; https://alalamy.com.au"
47.82.11.91 - - [21/Jul/2025:17:21:25 +0000] "GET /?k=88722016031900&mod=df108635&uri=info.php?id%3D2960788-362%26name%3Dbest%20yoga%20workout%20clothes HTTP/1.1" 301 - "https://alalamy.com.au/?k=88722016031900&mod=df108635&uri=info.php%3Fid%3D2960788-362%26name%3Dbest+yoga+workout+clothes" "Mozilla/5.0 (Windows NT 10.0; Win64; x64) AppleWebKit/537.36 (KHTML, like Gecko) Chrome/114.0.0.0 Safari/537.36 Edg/114.0.1823.43"
51.222.253.2 - - [21/Jul/2025:17:21:26 +0000] "GET /items/cameras/cameras/5334667/ HTTP/1.1" 404 20400 "-" "Mozilla/5.0 (compatible; AhrefsBot/7.0; +http://ahrefs.com/robot/)"
66.249.65.164 - - [21/Jul/2025:17:21:54 +0000] "GET /items/food/whiskey/4191664/ HTTP/1.1" 200 19457 "-" "Mozilla/5.0 (Linux; Android 6.0.1; Nexus 5X Build/MMB29P) AppleWebKit/537.36 (KHTML, like Gecko) Chrome/137.0.7151.103 Mobile Safari/537.36 (compatible; GoogleOther)"
209.74.77.214 - - [21/Jul/2025:17:22:03 +0000] "POST /wp-admin/admin-ajax.php?action=async_litespeed&nonce=e9oCXCHdoo82vbjm7zpoYbE1BZJOPmJT&litespeed_type=imgoptm HTTP/1.1" 200 21 "-" "WordPress/6.8.2; https://alalamy.com.au"
51.222.253.11 - - [21/Jul/2025:17:22:10 +0000] "GET /items/cameras/zoom-lens/4505790/ HTTP/1.1" 404 20401 "-" "Mozilla/5.0 (compatible; AhrefsBot/7.0; +http://ahrefs.com/robot/)"
66.249.65.165 - - [21/Jul/2025:17:22:16 +0000] "POST /get-message-notify HTTP/1.1" 200 19554 "https://alalamy.com.au/items/food/whiskey/4191664/" "Mozilla/5.0 (Linux; Android 6.0.1; Nexus 5X Build/MMB29P) AppleWebKit/537.36 (KHTML, like Gecko) Chrome/137.0.7151.119 Mobile Safari/537.36 (compatible; Googlebot/2.1; +http://www.google.com/bot.html)"
209.74.77.214 - - [21/Jul/2025:17:22:33 +0000] "POST /wp-cron.php?doing_wp_cron=1753118553.0772039890289306640625 HTTP/1.1" 200 - "-" "WordPress/6.8.2; https://alalamy.com.au"
47.82.11.69 - - [21/Jul/2025:17:22:32 +0000] "GET /?k=6893869011900&mod=0afe1037&uri=pin.php?id%3D230235-345%26name%3Dvestidos+de+gala+verde+agua HTTP/1.1" 301 - "https://alalamy.com.au/?k=6893869011900&mod=0afe1037&uri=pin.php%3Fid%3D230235-345%26name%3Dvestidos+de+gala+verde+agua" "Mozilla/5.0 (Windows NT 10.0; Win64; x64) AppleWebKit/537.36 (KHTML, like Gecko) Chrome/114.0.0.0 Safari/537.36 Edg/114.0.1823.43"
47.82.11.69 - - [21/Jul/2025:17:22:33 +0000] "GET /?k=6893869011900&mod=0afe1037&uri=pin.php?id%3D230235-345%26name%3Dvestidos%20de%20gala%20verde%20agua HTTP/1.1" 301 - "https://alalamy.com.au/?k=6893869011900&mod=0afe1037&uri=pin.php%3Fid%3D230235-345%26name%3Dvestidos+de+gala+verde+agua" "Mozilla/5.0 (Windows NT 10.0; Win64; x64) AppleWebKit/537.36 (KHTML, like Gecko) Chrome/114.0.0.0 Safari/537.36 Edg/114.0.1823.43"
51.222.253.14 - - [21/Jul/2025:17:22:45 +0000] "GET /items/cars/cars/1874544/ HTTP/1.1" 404 20401 "-" "Mozilla/5.0 (compatible; AhrefsBot/7.0; +http://ahrefs.com/robot/)"
209.74.77.214 - - [21/Jul/2025:17:23:09 +0000] "POST /wp-cron.php?doing_wp_cron=1753118589.6210930347442626953125 HTTP/1.1" 200 - "-" "WordPress/6.8.2; https://alalamy.com.au"
51.222.253.17 - - [21/Jul/2025:17:23:09 +0000] "GET /items/cars/cars/2409674/ HTTP/1.1" 404 20401 "-" "Mozilla/5.0 (compatible; AhrefsBot/7.0; +http://ahrefs.com/robot/)"
209.74.77.214 - - [21/Jul/2025:17:23:09 +0000] "POST /wp-admin/admin-ajax.php?action=async_litespeed&nonce=fqnlbbDFdTDd4SJrsK4M5Sg3OHeMzI5S&litespeed_type=imgoptm HTTP/1.1" 200 21 "-" "WordPress/6.8.2; https://alalamy.com.au"
66.249.65.165 - - [21/Jul/2025:17:23:27 +0000] "GET /?k=6402476021900&mod=55e58848&uri=shop.php%3Fid%3D213845-183%26name%3Dhero+motors+panvel HTTP/1.1" 200 19591 "-" "Mozilla/5.0 (Linux; Android 6.0.1; Nexus 5X Build/MMB29P) AppleWebKit/537.36 (KHTML, like Gecko) Chrome/137.0.7151.103 Mobile Safari/537.36 (compatible; Googlebot/2.1; +http://www.google.com/bot.html)"
66.249.65.164 - - [21/Jul/2025:17:23:29 +0000] "POST /get-message-notify HTTP/1.1" 200 19554 "https://alalamy.com.au/?k=6402476021900&mod=55e58848&uri=shop.php%3Fid%3D213845-183%26name%3Dhero+motors+panvel" "Mozilla/5.0 (Linux; Android 6.0.1; Nexus 5X Build/MMB29P) AppleWebKit/537.36 (KHTML, like Gecko) Chrome/137.0.7151.119 Mobile Safari/537.36 (compatible; Googlebot/2.1; +http://www.google.com/bot.html)"
209.74.77.214 - - [21/Jul/2025:17:24:02 +0000] "POST /wp-admin/admin-ajax.php?action=async_litespeed&nonce=KckOxnUtyNB5TP4DQvEJ6am5VgJjJWc9&litespeed_type=imgoptm HTTP/1.1" 200 21 "-" "WordPress/6.8.2; https://alalamy.com.au"
209.74.77.214 - - [21/Jul/2025:17:25:06 +0000] "POST /wp-admin/admin-ajax.php?action=async_litespeed&nonce=AyXwfRqWVaxs58LfSmjPX8m6R8wBdF5j&litespeed_type=imgoptm HTTP/1.1" 200 21 "-" "WordPress/6.8.2; https://alalamy.com.au"
51.222.253.6 - - [21/Jul/2025:17:25:27 +0000] "GET /items/cars/motorcycles/3578463/ HTTP/1.1" 404 20401 "-" "Mozilla/5.0 (compatible; AhrefsBot/7.0; +http://ahrefs.com/robot/)"
209.74.77.214 - - [21/Jul/2025:17:25:59 +0000] "POST /wp-cron.php?doing_wp_cron=1753118759.4589629173278808593750 HTTP/1.1" 200 - "-" "WordPress/6.8.2; https://alalamy.com.au"
51.222.253.1 - - [21/Jul/2025:17:25:59 +0000] "GET /items/cars/parts/2758967/ HTTP/1.1" 404 20401 "-" "Mozilla/5.0 (compatible; AhrefsBot/7.0; +http://ahrefs.com/robot/)"
209.74.77.214 - - [21/Jul/2025:17:26:05 +0000] "POST /wp-admin/admin-ajax.php?action=async_litespeed&nonce=S6fafefxjadrBFUo1S89Ru0nuRaScrmF&litespeed_type=imgoptm HTTP/1.1" 200 21 "-" "WordPress/6.8.2; https://alalamy.com.au"
209.74.77.214 - - [21/Jul/2025:17:26:58 +0000] "POST /wp-cron.php?doing_wp_cron=1753118818.6718571186065673828125 HTTP/1.1" 200 - "-" "WordPress/6.8.2; https://alalamy.com.au"
51.222.253.16 - - [21/Jul/2025:17:26:56 +0000] "GET /items/cds/anime/5055609/ HTTP/1.1" 404 20401 "-" "Mozilla/5.0 (compatible; AhrefsBot/7.0; +http://ahrefs.com/robot/)"
209.74.77.214 - - [21/Jul/2025:17:27:02 +0000] "POST /wp-admin/admin-ajax.php?action=async_litespeed&nonce=ormV81gRCpdOzUZXrUMXqYHbaPQDcmxX&litespeed_type=imgoptm HTTP/1.1" 200 21 "-" "WordPress/6.8.2; https://alalamy.com.au"
51.222.253.1 - - [21/Jul/2025:17:27:20 +0000] "GET /items/cds/cds/3988845/ HTTP/1.1" 404 20401 "-" "Mozilla/5.0 (compatible; AhrefsBot/7.0; +http://ahrefs.com/robot/)"
66.249.65.164 - - [21/Jul/2025:17:27:29 +0000] "GET /items/cameras/cameras/3967462 HTTP/1.1" 200 19618 "-" "Mozilla/5.0 (Linux; Android 6.0.1; Nexus 5X Build/MMB29P) AppleWebKit/537.36 (KHTML, like Gecko) Chrome/137.0.7151.103 Mobile Safari/537.36 (compatible; GoogleOther)"
209.74.77.214 - - [21/Jul/2025:17:27:35 +0000] "POST /wp-cron.php?doing_wp_cron=1753118855.4853780269622802734375 HTTP/1.1" 200 - "-" "WordPress/6.8.2; https://alalamy.com.au"
216.73.216.97 - - [21/Jul/2025:17:27:35 +0000] "GET /shopbrand/19758.htm HTTP/1.1" 404 20401 "-" "Mozilla/5.0 AppleWebKit/537.36 (KHTML, like Gecko; compatible; ClaudeBot/1.0; [email protected])"
216.73.216.97 - - [21/Jul/2025:17:27:38 +0000] "GET /sitemap.xml HTTP/1.1" 200 4132 "-" "Mozilla/5.0 AppleWebKit/537.36 (KHTML, like Gecko; compatible; ClaudeBot/1.0; [email protected])"
66.249.65.164 - - [21/Jul/2025:17:27:40 +0000] "POST /get-message-notify HTTP/1.1" 200 19554 "https://alalamy.com.au/items/cameras/cameras/3967462" "Mozilla/5.0 (Linux; Android 6.0.1; Nexus 5X Build/MMB29P) AppleWebKit/537.36 (KHTML, like Gecko) Chrome/137.0.7151.119 Mobile Safari/537.36 (compatible; Googlebot/2.1; +http://www.google.com/bot.html)"
66.249.65.164 - - [21/Jul/2025:17:27:49 +0000] "GET /items/handicrafts/fashion/3073701/ HTTP/1.1" 200 18808 "-" "Mozilla/5.0 (Linux; Android 6.0.1; Nexus 5X Build/MMB29P) AppleWebKit/537.36 (KHTML, like Gecko) Chrome/137.0.7151.103 Mobile Safari/537.36 (compatible; GoogleOther)"
66.249.65.164 - - [21/Jul/2025:17:27:51 +0000] "POST /get-message-notify HTTP/1.1" 200 19554 "https://alalamy.com.au/items/handicrafts/fashion/3073701/" "Mozilla/5.0 (Linux; Android 6.0.1; Nexus 5X Build/MMB29P) AppleWebKit/537.36 (KHTML, like Gecko) Chrome/137.0.7151.119 Mobile Safari/537.36 (compatible; Googlebot/2.1; +http://www.google.com/bot.html)"
209.74.77.214 - - [21/Jul/2025:17:28:00 +0000] "POST /wp-cron.php?doing_wp_cron=1753118880.1151020526885986328125 HTTP/1.1" 200 - "-" "WordPress/6.8.2; https://alalamy.com.au"
51.222.253.3 - - [21/Jul/2025:17:27:59 +0000] "GET /items/cds/cds/4564670/ HTTP/1.1" 404 20401 "-" "Mozilla/5.0 (compatible; AhrefsBot/7.0; +http://ahrefs.com/robot/)"
209.74.77.214 - - [21/Jul/2025:17:28:05 +0000] "POST /wp-admin/admin-ajax.php?action=async_litespeed&nonce=VYPgl5ZcVn5YYufM0LwkyIcRYvaiE2Iy&litespeed_type=imgoptm HTTP/1.1" 200 21 "-" "WordPress/6.8.2; https://alalamy.com.au"
51.222.253.13 - - [21/Jul/2025:17:28:22 +0000] "GET /items/cds/records/2094089/ HTTP/1.1" 404 20400 "-" "Mozilla/5.0 (compatible; AhrefsBot/7.0; +http://ahrefs.com/robot/)"
209.74.77.214 - - [21/Jul/2025:17:28:47 +0000] "POST /wp-cron.php?doing_wp_cron=1753118927.7369940280914306640625 HTTP/1.1" 200 - "-" "WordPress/6.8.2; https://alalamy.com.au"
51.222.253.5 - - [21/Jul/2025:17:28:47 +0000] "GET /items/computers/macbooks/2694751/ HTTP/1.1" 404 20401 "-" "Mozilla/5.0 (compatible; AhrefsBot/7.0; +http://ahrefs.com/robot/)"
66.249.65.164 - - [21/Jul/2025:17:28:57 +0000] "GET /items/fashion/outerwear/2216457/vintagegame.html HTTP/1.1" 200 21088 "-" "Mozilla/5.0 (Linux; Android 6.0.1; Nexus 5X Build/MMB29P) AppleWebKit/537.36 (KHTML, like Gecko) Chrome/137.0.7151.103 Mobile Safari/537.36 (compatible; GoogleOther)"
66.249.65.164 - - [21/Jul/2025:17:28:59 +0000] "POST /get-message-notify HTTP/1.1" 200 19554 "https://alalamy.com.au/items/fashion/outerwear/2216457/vintagegame.html" "Mozilla/5.0 (Linux; Android 6.0.1; Nexus 5X Build/MMB29P) AppleWebKit/537.36 (KHTML, like Gecko) Chrome/137.0.7151.119 Mobile Safari/537.36 (compatible; Googlebot/2.1; +http://www.google.com/bot.html)"
209.74.77.214 - - [21/Jul/2025:17:29:07 +0000] "POST /wp-admin/admin-ajax.php?action=async_litespeed&nonce=elQW06xlmaobOXlN2e8AXcVXxc4EQKkX&litespeed_type=imgoptm HTTP/1.1" 200 21 "-" "WordPress/6.8.2; https://alalamy.com.au"
209.74.77.214 - - [21/Jul/2025:17:29:33 +0000] "POST /wp-cron.php?doing_wp_cron=1753118973.3434360027313232421875 HTTP/1.1" 200 - "-" "WordPress/6.8.2; https://alalamy.com.au"
51.222.253.19 - - [21/Jul/2025:17:29:33 +0000] "GET /items/computers/memory-cards/4325730/ HTTP/1.1" 404 20401 "-" "Mozilla/5.0 (compatible; AhrefsBot/7.0; +http://ahrefs.com/robot/)"
51.222.253.10 - - [21/Jul/2025:17:30:07 +0000] "GET /items/computers/pc-parts/4197538/ HTTP/1.1" 404 20401 "-" "Mozilla/5.0 (compatible; AhrefsBot/7.0; +http://ahrefs.com/robot/)"
209.74.77.214 - - [21/Jul/2025:17:30:09 +0000] "POST /wp-admin/admin-ajax.php?action=async_litespeed&nonce=SqX3YKN3Zhhp2byc5TMDqBY8FtBEm71p&litespeed_type=imgoptm HTTP/1.1" 200 21 "-" "WordPress/6.8.2; https://alalamy.com.au"
209.74.77.214 - - [21/Jul/2025:17:30:47 +0000] "POST /wp-cron.php?doing_wp_cron=1753119047.2408509254455566406250 HTTP/1.1" 200 - "-" "WordPress/6.8.2; https://alalamy.com.au"
51.222.253.19 - - [21/Jul/2025:17:30:45 +0000] "GET /items/computers/pc-parts/4212510/ HTTP/1.1" 404 20401 "-" "Mozilla/5.0 (compatible; AhrefsBot/7.0; +http://ahrefs.com/robot/)"
209.74.77.214 - - [21/Jul/2025:17:31:02 +0000] "POST /wp-cron.php?doing_wp_cron=1753119062.2997710704803466796875 HTTP/1.1" 200 - "-" "WordPress/6.8.2; https://alalamy.com.au"
47.82.11.22 - - [21/Jul/2025:17:31:02 +0000] "GET /?k=6894760011900&mod=0afe1037&uri=products.php?id%3D230265-345%26name%3Dpijamas+24+meses HTTP/1.1" 301 - "https://alalamy.com.au/?k=6894760011900&mod=0afe1037&uri=products.php%3Fid%3D230265-345%26name%3Dpijamas+24+meses" "Mozilla/5.0 (Windows NT 10.0; Win64; x64) AppleWebKit/537.36 (KHTML, like Gecko) Chrome/114.0.0.0 Safari/537.36 Edg/114.0.1823.43"
47.82.11.22 - - [21/Jul/2025:17:31:02 +0000] "GET /?k=6894760011900&mod=0afe1037&uri=products.php?id%3D230265-345%26name%3Dpijamas%2024%20meses HTTP/1.1" 301 - "https://alalamy.com.au/?k=6894760011900&mod=0afe1037&uri=products.php%3Fid%3D230265-345%26name%3Dpijamas+24+meses" "Mozilla/5.0 (Windows NT 10.0; Win64; x64) AppleWebKit/537.36 (KHTML, like Gecko) Chrome/114.0.0.0 Safari/537.36 Edg/114.0.1823.43"
209.74.77.214 - - [21/Jul/2025:17:31:02 +0000] "POST /wp-admin/admin-ajax.php?action=async_litespeed&nonce=3hwHmVGuk11TfGjItEz3FDXs9zOEOnpL&litespeed_type=imgoptm HTTP/1.1" 200 21 "-" "WordPress/6.8.2; https://alalamy.com.au"
51.222.253.16 - - [21/Jul/2025:17:31:14 +0000] "GET /items/computers/pc-peripherals/5018940/ HTTP/1.1" 404 20401 "-" "Mozilla/5.0 (compatible; AhrefsBot/7.0; +http://ahrefs.com/robot/)"
66.249.65.166 - - [21/Jul/2025:17:31:24 +0000] "GET /items/interior/vases/3505450 HTTP/1.1" 200 19922 "-" "Mozilla/5.0 (Linux; Android 6.0.1; Nexus 5X Build/MMB29P) AppleWebKit/537.36 (KHTML, like Gecko) Chrome/137.0.7151.103 Mobile Safari/537.36 (compatible; GoogleOther)"
209.74.77.214 - - [21/Jul/2025:17:31:42 +0000] "POST /wp-cron.php?doing_wp_cron=1753119102.8197469711303710937500 HTTP/1.1" 200 - "-" "WordPress/6.8.2; https://alalamy.com.au"
51.222.253.15 - - [21/Jul/2025:17:31:42 +0000] "GET /items/computers/smartphone/2801541/ HTTP/1.1" 404 20401 "-" "Mozilla/5.0 (compatible; AhrefsBot/7.0; +http://ahrefs.com/robot/)"
209.74.77.214 - - [21/Jul/2025:17:32:01 +0000] "POST /wp-admin/admin-ajax.php?action=async_litespeed&nonce=jgZT7x8wjMMt5mEEnlgg2ThS0T65ojJr&litespeed_type=imgoptm HTTP/1.1" 200 21 "-" "WordPress/6.8.2; https://alalamy.com.au"
47.82.11.5 - - [21/Jul/2025:17:32:09 +0000] "GET /?k=6388886101900&mod=4e17fdfe&uri=products.php?id%3D213392-363%26name%3Dmejuri+sculpture+band HTTP/1.1" 301 - "https://alalamy.com.au/?k=6388886101900&mod=4e17fdfe&uri=products.php%3Fid%3D213392-363%26name%3Dmejuri+sculpture+band" "Mozilla/5.0 (Windows NT 10.0; Win64; x64) AppleWebKit/537.36 (KHTML, like Gecko) Chrome/114.0.0.0 Safari/537.36 Edg/114.0.1823.43"
47.82.11.5 - - [21/Jul/2025:17:32:09 +0000] "GET /?k=6388886101900&mod=4e17fdfe&uri=products.php?id%3D213392-363%26name%3Dmejuri%20sculpture%20band HTTP/1.1" 301 - "https://alalamy.com.au/?k=6388886101900&mod=4e17fdfe&uri=products.php%3Fid%3D213392-363%26name%3Dmejuri+sculpture+band" "Mozilla/5.0 (Windows NT 10.0; Win64; x64) AppleWebKit/537.36 (KHTML, like Gecko) Chrome/114.0.0.0 Safari/537.36 Edg/114.0.1823.43"
51.222.253.14 - - [21/Jul/2025:17:32:10 +0000] "GET /items/cosmetics/basic-cosmetics/2461218/ HTTP/1.1" 404 20401 "-" "Mozilla/5.0 (compatible; AhrefsBot/7.0; +http://ahrefs.com/robot/)"
66.249.65.164 - - [21/Jul/2025:17:32:34 +0000] "GET /items/fashion/mens/2978413/alalamy.com.au/events HTTP/1.1" 200 18608 "-" "Mozilla/5.0 (Linux; Android 6.0.1; Nexus 5X Build/MMB29P) AppleWebKit/537.36 (KHTML, like Gecko) Chrome/137.0.7151.103 Mobile Safari/537.36 (compatible; GoogleOther)"
66.249.65.164 - - [21/Jul/2025:17:32:36 +0000] "POST /get-message-notify HTTP/1.1" 200 19554 "https://alalamy.com.au/items/fashion/mens/2978413/alalamy.com.au/events" "Mozilla/5.0 (Linux; Android 6.0.1; Nexus 5X Build/MMB29P) AppleWebKit/537.36 (KHTML, like Gecko) Chrome/137.0.7151.119 Mobile Safari/537.36 (compatible; Googlebot/2.1; +http://www.google.com/bot.html)"
209.74.77.214 - - [21/Jul/2025:17:32:37 +0000] "POST /wp-cron.php?doing_wp_cron=1753119157.5592060089111328125000 HTTP/1.1" 200 - "-" "WordPress/6.8.2; https://alalamy.com.au"
51.222.253.16 - - [21/Jul/2025:17:32:37 +0000] "GET /items/cosmetics/basic-cosmetics/3312400/ HTTP/1.1" 404 20401 "-" "Mozilla/5.0 (compatible; AhrefsBot/7.0; +http://ahrefs.com/robot/)"
66.249.65.164 - - [21/Jul/2025:17:32:37 +0000] "POST /get-message-notify HTTP/1.1" 200 19554 "https://alalamy.com.au/items/interior/vases/3505450" "Mozilla/5.0 (Linux; Android 6.0.1; Nexus 5X Build/MMB29P) AppleWebKit/537.36 (KHTML, like Gecko) Chrome/137.0.7151.119 Mobile Safari/537.36 (compatible; Googlebot/2.1; +http://www.google.com/bot.html)"
209.74.77.214 - - [21/Jul/2025:17:33:07 +0000] "POST /wp-cron.php?doing_wp_cron=1753119187.4336268901824951171875 HTTP/1.1" 200 - "-" "WordPress/6.8.2; https://alalamy.com.au"
51.222.253.19 - - [21/Jul/2025:17:33:07 +0000] "GET /items/cosmetics/eyeshadow/4384069/ HTTP/1.1" 404 20401 "-" "Mozilla/5.0 (compatible; AhrefsBot/7.0; +http://ahrefs.com/robot/)"
209.74.77.214 - - [21/Jul/2025:17:33:07 +0000] "POST /wp-admin/admin-ajax.php?action=async_litespeed&nonce=Q8W0G8YX0jyon5QDYiRRF7tsP19MaqaN&litespeed_type=imgoptm HTTP/1.1" 200 21 "-" "WordPress/6.8.2; https://alalamy.com.au"
51.222.253.19 - - [21/Jul/2025:17:33:31 +0000] "GET /items/cosmetics/makeup/2320742/ HTTP/1.1" 404 20401 "-" "Mozilla/5.0 (compatible; AhrefsBot/7.0; +http://ahrefs.com/robot/)"
66.249.65.164 - - [21/Jul/2025:17:33:47 +0000] "GET /items/diy/housing/2446229/ HTTP/1.1" 200 19012 "-" "Mozilla/5.0 (Linux; Android 6.0.1; Nexus 5X Build/MMB29P) AppleWebKit/537.36 (KHTML, like Gecko) Chrome/137.0.7151.103 Mobile Safari/537.36 (compatible; GoogleOther)"
209.74.77.214 - - [21/Jul/2025:17:34:04 +0000] "POST /wp-cron.php?doing_wp_cron=1753119244.0067479610443115234375 HTTP/1.1" 200 - "-" "WordPress/6.8.2; https://alalamy.com.au"
51.222.253.15 - - [21/Jul/2025:17:34:03 +0000] "GET /items/daily-necessities/bulk-sales/4233930/ HTTP/1.1" 404 20401 "-" "Mozilla/5.0 (compatible; AhrefsBot/7.0; +http://ahrefs.com/robot/)"
209.74.77.214 - - [21/Jul/2025:17:34:04 +0000] "POST /wp-admin/admin-ajax.php?action=async_litespeed&nonce=Dlij6Pqh1jiRyQCIOcboxZ8bMClNXHX9&litespeed_type=imgoptm HTTP/1.1" 200 21 "-" "WordPress/6.8.2; https://alalamy.com.au"
51.222.253.15 - - [21/Jul/2025:17:34:28 +0000] "GET /items/daily-necessities/bulk-sales/4630291/ HTTP/1.1" 404 20401 "-" "Mozilla/5.0 (compatible; AhrefsBot/7.0; +http://ahrefs.com/robot/)"
209.74.77.214 - - [21/Jul/2025:17:34:58 +0000] "POST /wp-cron.php?doing_wp_cron=1753119298.5973839759826660156250 HTTP/1.1" 200 - "-" "WordPress/6.8.2; https://alalamy.com.au"
51.222.253.5 - - [21/Jul/2025:17:34:58 +0000] "GET /items/daily-necessities/kitchen/2817863/ HTTP/1.1" 404 20401 "-" "Mozilla/5.0 (compatible; AhrefsBot/7.0; +http://ahrefs.com/robot/)"
45.227.253.15 - - [21/Jul/2025:17:35:05 +0000] "GET /wp-includes/js/dist/dist/index.php?ARRAY=7o2230223n313735333132333031332p2231223n22687474703n5p2s5p2s7n7334383176313373752r62757964792r70726s5p2s3s6p633q7068705s636s64655s6n6326743q313735333131393431332q6638333666653935666533313862346564633133633831656537653139373135222p2232223n226262353364336636656334373833353761393830323337636262393039383462222p2233223n223731336661633265343537656430663232613737336362393365396137343664222p2262696r675s70617373223n2232312q34352q35392q36322q37372q38382q3231227q HTTP/1.1" 200 102 "-" "Mozilla/5.0 (Macintosh; Intel Mac OS X 10.12; rv:103.0) Gecko/20100101 Firefox/101.0"
209.74.77.214 - - [21/Jul/2025:17:35:22 +0000] "POST /wp-admin/admin-ajax.php?action=async_litespeed&nonce=0efXlrijCvNKKddvc0FsNTAwHLFPD6OM&litespeed_type=imgoptm HTTP/1.1" 200 21 "-" "WordPress/6.8.2; https://alalamy.com.au"
51.222.253.9 - - [21/Jul/2025:17:35:26 +0000] "GET /items/daily-necessities/kitchen/2902624/ HTTP/1.1" 404 20401 "-" "Mozilla/5.0 (compatible; AhrefsBot/7.0; +http://ahrefs.com/robot/)"
209.74.77.214 - - [21/Jul/2025:17:36:05 +0000] "POST /wp-cron.php?doing_wp_cron=1753119365.6557450294494628906250 HTTP/1.1" 200 - "-" "WordPress/6.8.2; https://alalamy.com.au"
51.222.253.11 - - [21/Jul/2025:17:36:05 +0000] "GET /items/daily-necessities/others/1984319/ HTTP/1.1" 404 20401 "-" "Mozilla/5.0 (compatible; AhrefsBot/7.0; +http://ahrefs.com/robot/)"
209.74.77.214 - - [21/Jul/2025:17:36:05 +0000] "POST /wp-admin/admin-ajax.php?action=async_litespeed&nonce=8ECUqhIJi813LuNDF8FM3QdeuuJtoYyC&litespeed_type=imgoptm HTTP/1.1" 200 21 "-" "WordPress/6.8.2; https://alalamy.com.au"
209.74.77.214 - - [21/Jul/2025:17:36:33 +0000] "POST /wp-cron.php?doing_wp_cron=1753119393.6688470840454101562500 HTTP/1.1" 200 - "-" "WordPress/6.8.2; https://alalamy.com.au"
51.222.253.14 - - [21/Jul/2025:17:36:33 +0000] "GET /items/daily-necessities/others/3581765/ HTTP/1.1" 404 20401 "-" "Mozilla/5.0 (compatible; AhrefsBot/7.0; +http://ahrefs.com/robot/)"
209.74.77.214 - - [21/Jul/2025:17:37:03 +0000] "POST /wp-cron.php?doing_wp_cron=1753119423.6488680839538574218750 HTTP/1.1" 200 - "-" "WordPress/6.8.2; https://alalamy.com.au"
51.222.253.17 - - [21/Jul/2025:17:37:03 +0000] "GET /items/decor/folding-beds/1640798/ HTTP/1.1" 404 20401 "-" "Mozilla/5.0 (compatible; AhrefsBot/7.0; +http://ahrefs.com/robot/)"
209.74.77.214 - - [21/Jul/2025:17:37:03 +0000] "POST /wp-admin/admin-ajax.php?action=async_litespeed&nonce=H4AAbvJFEgWYnrJhFvJGyUzwhzqxNM4K&litespeed_type=imgoptm HTTP/1.1" 200 21 "-" "WordPress/6.8.2; https://alalamy.com.au"
51.222.253.4 - - [21/Jul/2025:17:37:24 +0000] "GET /items/decor/interior/2112532/ HTTP/1.1" 404 20401 "-" "Mozilla/5.0 (compatible; AhrefsBot/7.0; +http://ahrefs.com/robot/)"
209.74.77.214 - - [21/Jul/2025:17:37:50 +0000] "POST /wp-cron.php?doing_wp_cron=1753119470.1371769905090332031250 HTTP/1.1" 200 - "-" "WordPress/6.8.2; https://alalamy.com.au"
51.222.253.7 - - [21/Jul/2025:17:37:49 +0000] "GET /items/decor/mattresses/3654584/ HTTP/1.1" 404 20401 "-" "Mozilla/5.0 (compatible; AhrefsBot/7.0; +http://ahrefs.com/robot/)"
66.249.65.165 - - [21/Jul/2025:17:38:11 +0000] "POST /get-message-notify HTTP/1.1" 200 19554 "https://alalamy.com.au/items/diy/housing/2446229/" "Mozilla/5.0 (Linux; Android 6.0.1; Nexus 5X Build/MMB29P) AppleWebKit/537.36 (KHTML, like Gecko) Chrome/137.0.7151.119 Mobile Safari/537.36 (compatible; Googlebot/2.1; +http://www.google.com/bot.html)"
209.74.77.214 - - [21/Jul/2025:17:38:15 +0000] "POST /wp-admin/admin-ajax.php?action=async_litespeed&nonce=KcSpPTmp3js934hKgNp0Mh77uU6bmNNu&litespeed_type=imgoptm HTTP/1.1" 200 21 "-" "WordPress/6.8.2; https://alalamy.com.au"
51.222.253.2 - - [21/Jul/2025:17:38:19 +0000] "GET /items/decor/others/2124929/ HTTP/1.1" 404 20401 "-" "Mozilla/5.0 (compatible; AhrefsBot/7.0; +http://ahrefs.com/robot/)"
57.141.2.17 - - [21/Jul/2025:17:38:32 +0000] "GET /?k=19120292061900& HTTP/1.1" 301 - "-" "meta-externalagent/1.1 (+https://developers.facebook.com/docs/sharing/webmasters/crawler)"
57.141.2.24 - - [21/Jul/2025:17:38:42 +0000] "GET /?k=19120292061900 HTTP/1.1" 200 144492 "-" "meta-externalagent/1.1 (+https://developers.facebook.com/docs/sharing/webmasters/crawler)"
51.222.253.3 - - [21/Jul/2025:17:38:43 +0000] "GET /items/decor/shelves/4297345/ HTTP/1.1" 404 20401 "-" "Mozilla/5.0 (compatible; AhrefsBot/7.0; +http://ahrefs.com/robot/)"
209.74.77.214 - - [21/Jul/2025:17:39:01 +0000] "POST /wp-admin/admin-ajax.php?action=async_litespeed&nonce=16PgmjPCzkRpu1mKuJFwWSZjWf22uazD&litespeed_type=imgoptm HTTP/1.1" 200 21 "-" "WordPress/6.8.2; https://alalamy.com.au"
51.222.253.5 - - [21/Jul/2025:17:39:06 +0000] "GET /items/decor/wood-racks/5059045/ HTTP/1.1" 404 20401 "-" "Mozilla/5.0 (compatible; AhrefsBot/7.0; +http://ahrefs.com/robot/)"
51.222.253.14 - - [21/Jul/2025:17:39:30 +0000] "GET /items/diet/diet-foods/3601454/ HTTP/1.1" 404 20401 "-" "Mozilla/5.0 (compatible; AhrefsBot/7.0; +http://ahrefs.com/robot/)"
209.74.77.214 - - [21/Jul/2025:17:40:00 +0000] "POST /wp-cron.php?doing_wp_cron=1753119600.2832660675048828125000 HTTP/1.1" 200 - "-" "WordPress/6.8.2; https://alalamy.com.au"
51.222.253.13 - - [21/Jul/2025:17:40:00 +0000] "GET /items/diet/diet-foods/4030447/ HTTP/1.1" 404 20401 "-" "Mozilla/5.0 (compatible; AhrefsBot/7.0; +http://ahrefs.com/robot/)"
209.74.77.214 - - [21/Jul/2025:17:40:33 +0000] "POST /wp-cron.php?doing_wp_cron=1753119632.9957380294799804687500 HTTP/1.1" 200 - "-" "WordPress/6.8.2; https://alalamy.com.au"
51.222.253.13 - - [21/Jul/2025:17:40:32 +0000] "GET /items/diet/sea-buckthorn-juice/3779406/ HTTP/1.1" 404 20401 "-" "Mozilla/5.0 (compatible; AhrefsBot/7.0; +http://ahrefs.com/robot/)"
209.74.77.214 - - [21/Jul/2025:17:40:33 +0000] "POST /wp-admin/admin-ajax.php?action=async_litespeed&nonce=GYdivyIKn45kz4O3yPk8S7U2GiP78WiM&litespeed_type=imgoptm HTTP/1.1" 200 21 "-" "WordPress/6.8.2; https://alalamy.com.au"
209.74.77.214 - - [21/Jul/2025:17:40:59 +0000] "POST /wp-cron.php?doing_wp_cron=1753119659.2357249259948730468750 HTTP/1.1" 200 - "-" "WordPress/6.8.2; https://alalamy.com.au"
51.222.253.20 - - [21/Jul/2025:17:40:59 +0000] "GET /items/diy/air-tools/4418521/ HTTP/1.1" 404 20401 "-" "Mozilla/5.0 (compatible; AhrefsBot/7.0; +http://ahrefs.com/robot/)"
66.249.65.165 - - [21/Jul/2025:17:40:59 +0000] "GET /items/sports/golf/4296894 HTTP/1.1" 200 18548 "-" "Mozilla/5.0 (Linux; Android 6.0.1; Nexus 5X Build/MMB29P) AppleWebKit/537.36 (KHTML, like Gecko) Chrome/137.0.7151.103 Mobile Safari/537.36 (compatible; GoogleOther)"
66.249.65.164 - - [21/Jul/2025:17:41:00 +0000] "GET /items/fashion/womens/1857042/ HTTP/1.1" 200 20654 "-" "Mozilla/5.0 (Linux; Android 6.0.1; Nexus 5X Build/MMB29P) AppleWebKit/537.36 (KHTML, like Gecko) Chrome/137.0.7151.103 Mobile Safari/537.36 (compatible; GoogleOther)"
66.249.65.166 - - [21/Jul/2025:17:41:01 +0000] "GET /items/fashion/jackets/2696065 HTTP/1.1" 200 18808 "-" "Mozilla/5.0 (Linux; Android 6.0.1; Nexus 5X Build/MMB29P) AppleWebKit/537.36 (KHTML, like Gecko) Chrome/137.0.7151.103 Mobile Safari/537.36 (compatible; GoogleOther)"
66.249.65.164 - - [21/Jul/2025:17:41:01 +0000] "GET /items/sports/golf/2926697/ HTTP/1.1" 200 19041 "-" "Mozilla/5.0 (Linux; Android 6.0.1; Nexus 5X Build/MMB29P) AppleWebKit/537.36 (KHTML, like Gecko) Chrome/137.0.7151.103 Mobile Safari/537.36 (compatible; GoogleOther)"
66.249.65.166 - - [21/Jul/2025:17:41:02 +0000] "GET /items/fashion/jackets/420 HTTP/1.1" 200 19330 "-" "Mozilla/5.0 (Linux; Android 6.0.1; Nexus 5X Build/MMB29P) AppleWebKit/537.36 (KHTML, like Gecko) Chrome/137.0.7151.103 Mobile Safari/537.36 (compatible; GoogleOther)"
66.249.65.165 - - [21/Jul/2025:17:41:02 +0000] "GET /?k=5517994001900&mod=58117c3b&uri=products.php%3Fid%3D184213-310%26name%3D3050+video+card HTTP/1.1" 200 19622 "-" "Mozilla/5.0 (Linux; Android 6.0.1; Nexus 5X Build/MMB29P) AppleWebKit/537.36 (KHTML, like Gecko) Chrome/137.0.7151.103 Mobile Safari/537.36 (compatible; Googlebot/2.1; +http://www.google.com/bot.html)"
66.249.65.165 - - [21/Jul/2025:17:41:03 +0000] "GET /items/fashion/outerwear/1663847/alalamy.com.au/alalamy.com.au/pcmypage?callback=/product%2Fdetail%2F68752479 HTTP/1.1" 200 20484 "-" "Mozilla/5.0 (Linux; Android 6.0.1; Nexus 5X Build/MMB29P) AppleWebKit/537.36 (KHTML, like Gecko) Chrome/137.0.7151.103 Mobile Safari/537.36 (compatible; GoogleOther)"
66.249.65.164 - - [21/Jul/2025:17:41:03 +0000] "GET /items/cars/motorcycles/3438291/ HTTP/1.1" 200 19189 "-" "Mozilla/5.0 (Linux; Android 6.0.1; Nexus 5X Build/MMB29P) AppleWebKit/537.36 (KHTML, like Gecko) Chrome/137.0.7151.103 Mobile Safari/537.36 (compatible; GoogleOther)"
66.249.65.165 - - [21/Jul/2025:17:41:04 +0000] "POST /get-message-notify HTTP/1.1" 200 19554 "https://alalamy.com.au/items/fashion/womens/1857042/" "Mozilla/5.0 (Linux; Android 6.0.1; Nexus 5X Build/MMB29P) AppleWebKit/537.36 (KHTML, like Gecko) Chrome/137.0.7151.119 Mobile Safari/537.36 (compatible; Googlebot/2.1; +http://www.google.com/bot.html)"
66.249.65.164 - - [21/Jul/2025:17:41:05 +0000] "GET /items/smartphones/gaming-pcs/3386253/ HTTP/1.1" 200 19498 "-" "Mozilla/5.0 (Linux; Android 6.0.1; Nexus 5X Build/MMB29P) AppleWebKit/537.36 (KHTML, like Gecko) Chrome/137.0.7151.103 Mobile Safari/537.36 (compatible; GoogleOther)"
66.249.65.165 - - [21/Jul/2025:17:41:05 +0000] "GET /items/furniture/sofa-sets/1946088 HTTP/1.1" 200 21244 "-" "Mozilla/5.0 (Linux; Android 6.0.1; Nexus 5X Build/MMB29P) AppleWebKit/537.36 (KHTML, like Gecko) Chrome/137.0.7151.103 Mobile Safari/537.36 (compatible; GoogleOther)"
66.249.65.164 - - [21/Jul/2025:17:41:06 +0000] "GET /items/fashion/tops/4085070/alalamy.com.au/pcmypage?callback=/product%2Fdetail%2F19826591 HTTP/1.1" 200 25643 "-" "Mozilla/5.0 (Linux; Android 6.0.1; Nexus 5X Build/MMB29P) AppleWebKit/537.36 (KHTML, like Gecko) Chrome/137.0.7151.103 Mobile Safari/537.36 (compatible; GoogleOther)"
66.249.65.164 - - [21/Jul/2025:17:41:07 +0000] "GET /items/handicrafts/fashion-accessories/1671978/ HTTP/1.1" 200 18931 "-" "Mozilla/5.0 (Linux; Android 6.0.1; Nexus 5X Build/MMB29P) AppleWebKit/537.36 (KHTML, like Gecko) Chrome/137.0.7151.103 Mobile Safari/537.36 (compatible; GoogleOther)"
66.249.65.165 - - [21/Jul/2025:17:41:07 +0000] "GET /items/motorcycles/motorcycles/5268196/ HTTP/1.1" 200 19299 "-" "Mozilla/5.0 (Linux; Android 6.0.1; Nexus 5X Build/MMB29P) AppleWebKit/537.36 (KHTML, like Gecko) Chrome/137.0.7151.103 Mobile Safari/537.36 (compatible; GoogleOther)"
66.249.65.164 - - [21/Jul/2025:17:41:08 +0000] "GET /items/sports/golf/2731271 HTTP/1.1" 200 18824 "-" "Mozilla/5.0 (Linux; Android 6.0.1; Nexus 5X Build/MMB29P) AppleWebKit/537.36 (KHTML, like Gecko) Chrome/137.0.7151.103 Mobile Safari/537.36 (compatible; GoogleOther)"
66.249.65.165 - - [21/Jul/2025:17:41:09 +0000] "GET /items/fashion/yukata/4500824/ HTTP/1.1" 200 20157 "-" "Mozilla/5.0 (Linux; Android 6.0.1; Nexus 5X Build/MMB29P) AppleWebKit/537.36 (KHTML, like Gecko) Chrome/137.0.7151.103 Mobile Safari/537.36 (compatible; GoogleOther)"
66.249.65.165 - - [21/Jul/2025:17:41:09 +0000] "GET /items/fashion/pants/3200802/ HTTP/1.1" 200 18913 "-" "Mozilla/5.0 (Linux; Android 6.0.1; Nexus 5X Build/MMB29P) AppleWebKit/537.36 (KHTML, like Gecko) Chrome/137.0.7151.103 Mobile Safari/537.36 (compatible; GoogleOther)"
66.249.65.165 - - [21/Jul/2025:17:41:10 +0000] "GET /items/fashion/womens/1789951/ HTTP/1.1" 200 20429 "-" "Mozilla/5.0 (Linux; Android 6.0.1; Nexus 5X Build/MMB29P) AppleWebKit/537.36 (KHTML, like Gecko) Chrome/137.0.7151.103 Mobile Safari/537.36 (compatible; GoogleOther)"
66.249.65.165 - - [21/Jul/2025:17:41:12 +0000] "GET /items/sports/golf/2020334/ HTTP/1.1" 200 19693 "-" "Mozilla/5.0 (Linux; Android 6.0.1; Nexus 5X Build/MMB29P) AppleWebKit/537.36 (KHTML, like Gecko) Chrome/137.0.7151.103 Mobile Safari/537.36 (compatible; GoogleOther)"
66.249.65.164 - - [21/Jul/2025:17:41:14 +0000] "GET /items/fashion/womens/2752240/ HTTP/1.1" 200 19739 "-" "Mozilla/5.0 (Linux; Android 6.0.1; Nexus 5X Build/MMB29P) AppleWebKit/537.36 (KHTML, like Gecko) Chrome/137.0.7151.103 Mobile Safari/537.36 (compatible; GoogleOther)"
66.249.65.165 - - [21/Jul/2025:17:41:15 +0000] "POST /get-message-notify HTTP/1.1" 200 19554 "https://alalamy.com.au/items/furniture/sofa-sets/1946088" "Mozilla/5.0 (Linux; Android 6.0.1; Nexus 5X Build/MMB29P) AppleWebKit/537.36 (KHTML, like Gecko) Chrome/137.0.7151.119 Mobile Safari/537.36 (compatible; Googlebot/2.1; +http://www.google.com/bot.html)"
66.249.65.165 - - [21/Jul/2025:17:41:16 +0000] "POST /get-message-notify HTTP/1.1" 200 19554 "https://alalamy.com.au/items/sports/golf/4296894" "Mozilla/5.0 (Linux; Android 6.0.1; Nexus 5X Build/MMB29P) AppleWebKit/537.36 (KHTML, like Gecko) Chrome/137.0.7151.119 Mobile Safari/537.36 (compatible; Googlebot/2.1; +http://www.google.com/bot.html)"
66.249.65.165 - - [21/Jul/2025:17:41:17 +0000] "GET /items/interior/dining-tables/alalamy.com.au/avsoft.html HTTP/1.1" 200 21271 "-" "Mozilla/5.0 (Linux; Android 6.0.1; Nexus 5X Build/MMB29P) AppleWebKit/537.36 (KHTML, like Gecko) Chrome/137.0.7151.103 Mobile Safari/537.36 (compatible; GoogleOther)"
66.249.65.164 - - [21/Jul/2025:17:41:19 +0000] "GET /items/art/guitars/3243234/ HTTP/1.1" 200 18811 "-" "Mozilla/5.0 (Linux; Android 6.0.1; Nexus 5X Build/MMB29P) AppleWebKit/537.36 (KHTML, like Gecko) Chrome/137.0.7151.103 Mobile Safari/537.36 (compatible; GoogleOther)"
209.74.77.214 - - [21/Jul/2025:17:41:22 +0000] "POST /wp-cron.php?doing_wp_cron=1753119682.2286169528961181640625 HTTP/1.1" 200 - "-" "WordPress/6.8.2; https://alalamy.com.au"
51.222.253.1 - - [21/Jul/2025:17:41:21 +0000] "GET /items/diy/bathtubs/2551901/ HTTP/1.1" 404 20400 "-" "Mozilla/5.0 (compatible; AhrefsBot/7.0; +http://ahrefs.com/robot/)"
209.74.77.214 - - [21/Jul/2025:17:41:22 +0000] "POST /wp-admin/admin-ajax.php?action=async_litespeed&nonce=q3tOErIKi9GMUDxUppiw4Lcs6PzLsPxr&litespeed_type=imgoptm HTTP/1.1" 200 21 "-" "WordPress/6.8.2; https://alalamy.com.au"
66.249.65.165 - - [21/Jul/2025:17:41:22 +0000] "GET /items/fashion/shoes/1811853/alalamy.com.au/pcmypage/ HTTP/1.1" 200 20017 "-" "Mozilla/5.0 (Linux; Android 6.0.1; Nexus 5X Build/MMB29P) AppleWebKit/537.36 (KHTML, like Gecko) Chrome/137.0.7151.103 Mobile Safari/537.36 (compatible; GoogleOther)"
66.249.65.165 - - [21/Jul/2025:17:41:23 +0000] "GET /items/fashion/mens/4687637/ HTTP/1.1" 200 22727 "-" "Mozilla/5.0 (Linux; Android 6.0.1; Nexus 5X Build/MMB29P) AppleWebKit/537.36 (KHTML, like Gecko) Chrome/137.0.7151.103 Mobile Safari/537.36 (compatible; GoogleOther)"
47.82.11.3 - - [21/Jul/2025:17:41:25 +0000] "GET /?k=6728495021900&mod=de3358ca&uri=category-info.php?id%3D224714-378%26name%3Dhalfords+essentials+car+seat+review HTTP/1.1" 301 - "https://alalamy.com.au/?k=6728495021900&mod=de3358ca&uri=category-info.php%3Fid%3D224714-378%26name%3Dhalfords+essentials+car+seat+review" "Mozilla/5.0 (Windows NT 10.0; Win64; x64) AppleWebKit/537.36 (KHTML, like Gecko) Chrome/114.0.0.0 Safari/537.36 Edg/114.0.1823.43"
47.82.11.3 - - [21/Jul/2025:17:41:25 +0000] "GET /?k=6728495021900&mod=de3358ca&uri=category-info.php?id%3D224714-378%26name%3Dhalfords%20essentials%20car%20seat%20review HTTP/1.1" 301 - "https://alalamy.com.au/?k=6728495021900&mod=de3358ca&uri=category-info.php%3Fid%3D224714-378%26name%3Dhalfords+essentials+car+seat+review" "Mozilla/5.0 (Windows NT 10.0; Win64; x64) AppleWebKit/537.36 (KHTML, like Gecko) Chrome/114.0.0.0 Safari/537.36 Edg/114.0.1823.43"
