209.85.238.68 - - [21/Jul/2025:21:22:11 +0000] "GET /wp-content/plugins/woocommerce/assets/css/woocommerce.css?ver=9.8.5 HTTP/1.1" 200 10820 "https://alalamy.com.au/?k=6541045031900&mod=c5136a36&uri=products.php%3Fid%3D218465-366%26name%3Dlevi%27s%20512%20womens%20bootcut" "Mozilla/5.0 (X11; Linux x86_64) AppleWebKit/537.36 (KHTML, like Gecko) Chrome/137.0.7151.119 Safari/537.36"
209.85.238.68 - - [21/Jul/2025:21:22:11 +0000] "GET /wp-content/plugins/elementor/assets/lib/font-awesome/css/font-awesome.min.css?ver=4.7.0 HTTP/1.1" 200 7052 "https://alalamy.com.au/?k=6541045031900&mod=c5136a36&uri=products.php%3Fid%3D218465-366%26name%3Dlevi%27s%20512%20womens%20bootcut" "Mozilla/5.0 (X11; Linux x86_64) AppleWebKit/537.36 (KHTML, like Gecko) Chrome/137.0.7151.119 Safari/537.36"
209.85.238.69 - - [21/Jul/2025:21:22:12 +0000] "GET /wp-content/uploads/elementor/css/post-1481.css?ver=1748846880 HTTP/1.1" 200 634 "https://alalamy.com.au/?k=6541045031900&mod=c5136a36&uri=products.php%3Fid%3D218465-366%26name%3Dlevi%27s%20512%20womens%20bootcut" "Mozilla/5.0 (X11; Linux x86_64) AppleWebKit/537.36 (KHTML, like Gecko) Chrome/137.0.7151.119 Safari/537.36"
209.85.238.68 - - [21/Jul/2025:21:22:12 +0000] "GET /wp-content/uploads/elementor/google-fonts/css/robotoslab.css?ver=1748702421 HTTP/1.1" 200 957 "https://alalamy.com.au/?k=6541045031900&mod=c5136a36&uri=products.php%3Fid%3D218465-366%26name%3Dlevi%27s%20512%20womens%20bootcut" "Mozilla/5.0 (X11; Linux x86_64) AppleWebKit/537.36 (KHTML, like Gecko) Chrome/137.0.7151.119 Safari/537.36"
209.85.238.69 - - [21/Jul/2025:21:22:12 +0000] "GET /wp-content/plugins/happy-elementor-addons/assets/vendor/magnific-popup/magnific-popup.css?ver=3.17.0 HTTP/1.1" 200 1787 "https://alalamy.com.au/?k=6541045031900&mod=c5136a36&uri=products.php%3Fid%3D218465-366%26name%3Dlevi%27s%20512%20womens%20bootcut" "Mozilla/5.0 (X11; Linux x86_64) AppleWebKit/537.36 (KHTML, like Gecko) Chrome/137.0.7151.119 Safari/537.36"
209.85.238.69 - - [21/Jul/2025:21:22:13 +0000] "GET /wp-content/plugins/leadconnector/public/js/lc-public.js?ver=3.0.8 HTTP/1.1" 200 1322 "https://alalamy.com.au/?k=6541045031900&mod=c5136a36&uri=products.php%3Fid%3D218465-366%26name%3Dlevi%27s%20512%20womens%20bootcut" "Mozilla/5.0 (X11; Linux x86_64) AppleWebKit/537.36 (KHTML, like Gecko) Chrome/137.0.7151.119 Safari/537.36"
209.85.238.68 - - [21/Jul/2025:21:22:13 +0000] "GET /wp-content/themes/kaffen/assets/styles/vendors/bootstrap.css?ver=6.8.2 HTTP/1.1" 200 22933 "https://alalamy.com.au/?k=6541045031900&mod=c5136a36&uri=products.php%3Fid%3D218465-366%26name%3Dlevi%27s%20512%20womens%20bootcut" "Mozilla/5.0 (X11; Linux x86_64) AppleWebKit/537.36 (KHTML, like Gecko) Chrome/137.0.7151.119 Safari/537.36"
209.85.238.69 - - [21/Jul/2025:21:22:13 +0000] "GET /wp-includes/js/jquery/jquery-migrate.min.js?ver=3.4.1 HTTP/1.1" 200 4872 "https://alalamy.com.au/?k=6541045031900&mod=c5136a36&uri=products.php%3Fid%3D218465-366%26name%3Dlevi%27s%20512%20womens%20bootcut" "Mozilla/5.0 (X11; Linux x86_64) AppleWebKit/537.36 (KHTML, like Gecko) Chrome/137.0.7151.119 Safari/537.36"
209.85.238.69 - - [21/Jul/2025:21:22:14 +0000] "GET /wp-content/plugins/elementor/assets/lib/font-awesome/css/v4-shims.min.css?ver=3.29.1 HTTP/1.1" 200 4229 "https://alalamy.com.au/?k=6541045031900&mod=c5136a36&uri=products.php%3Fid%3D218465-366%26name%3Dlevi%27s%20512%20womens%20bootcut" "Mozilla/5.0 (X11; Linux x86_64) AppleWebKit/537.36 (KHTML, like Gecko) Chrome/137.0.7151.119 Safari/537.36"
209.85.238.68 - - [21/Jul/2025:21:22:14 +0000] "GET /wp-includes/js/jquery/jquery.min.js?ver=3.7.1 HTTP/1.1" 200 30368 "https://alalamy.com.au/?k=6541045031900&mod=c5136a36&uri=products.php%3Fid%3D218465-366%26name%3Dlevi%27s%20512%20womens%20bootcut" "Mozilla/5.0 (X11; Linux x86_64) AppleWebKit/537.36 (KHTML, like Gecko) Chrome/137.0.7151.119 Safari/537.36"
51.222.253.7 - - [21/Jul/2025:21:22:14 +0000] "GET /shopbrand/108676.htm HTTP/1.1" 404 20401 "-" "Mozilla/5.0 (compatible; AhrefsBot/7.0; +http://ahrefs.com/robot/)"
209.85.238.68 - - [21/Jul/2025:21:22:14 +0000] "GET /wp-content/plugins/happy-elementor-addons/assets/vendor/dom-purify/purify.min.js?ver=3.1.6 HTTP/1.1" 200 8355 "https://alalamy.com.au/?k=6541045031900&mod=c5136a36&uri=products.php%3Fid%3D218465-366%26name%3Dlevi%27s%20512%20womens%20bootcut" "Mozilla/5.0 (X11; Linux x86_64) AppleWebKit/537.36 (KHTML, like Gecko) Chrome/137.0.7151.119 Safari/537.36"
57.141.2.24 - - [21/Jul/2025:21:22:14 +0000] "GET /shopbrand/113300965.htm HTTP/1.1" 404 98911 "-" "meta-externalagent/1.1 (+https://developers.facebook.com/docs/sharing/webmasters/crawler)"
209.85.238.69 - - [21/Jul/2025:21:22:15 +0000] "GET /wp-content/uploads/2022/04/Alamy-Logo.png HTTP/1.1" 200 23792 "https://alalamy.com.au/?k=6541045031900&mod=c5136a36&uri=products.php%3Fid%3D218465-366%26name%3Dlevi%27s%20512%20womens%20bootcut" "Mozilla/5.0 (X11; Linux x86_64) AppleWebKit/537.36 (KHTML, like Gecko) Chrome/137.0.7151.119 Safari/537.36"
209.85.238.68 - - [21/Jul/2025:21:22:15 +0000] "GET /wp-content/uploads/2024/09/Halal_logo2.svg HTTP/1.1" 200 1413 "https://alalamy.com.au/?k=6541045031900&mod=c5136a36&uri=products.php%3Fid%3D218465-366%26name%3Dlevi%27s%20512%20womens%20bootcut" "Mozilla/5.0 (X11; Linux x86_64) AppleWebKit/537.36 (KHTML, like Gecko) Chrome/137.0.7151.119 Safari/537.36"
209.85.238.68 - - [21/Jul/2025:21:22:15 +0000] "GET /wp-content/themes/kaffen/assets/fonts/font-awesome/css/font-awesome.css?ver=6.8.2 HTTP/1.1" 200 13377 "https://alalamy.com.au/?k=6541045031900&mod=c5136a36&uri=products.php%3Fid%3D218465-366%26name%3Dlevi%27s%20512%20womens%20bootcut" "Mozilla/5.0 (X11; Linux x86_64) AppleWebKit/537.36 (KHTML, like Gecko) Chrome/137.0.7151.119 Safari/537.36"
209.85.238.68 - - [21/Jul/2025:21:22:16 +0000] "GET /wp-content/themes/kaffen/assets/styles/vendors/animate.css?ver=6.8.2 HTTP/1.1" 200 2922 "https://alalamy.com.au/?k=6541045031900&mod=c5136a36&uri=products.php%3Fid%3D218465-366%26name%3Dlevi%27s%20512%20womens%20bootcut" "Mozilla/5.0 (X11; Linux x86_64) AppleWebKit/537.36 (KHTML, like Gecko) Chrome/137.0.7151.119 Safari/537.36"
209.85.238.68 - - [21/Jul/2025:21:22:16 +0000] "GET /wp-content/uploads/elementor/google-fonts/css/roboto.css?ver=1748702533 HTTP/1.1" 200 2863 "https://alalamy.com.au/?k=6541045031900&mod=c5136a36&uri=products.php%3Fid%3D218465-366%26name%3Dlevi%27s%20512%20womens%20bootcut" "Mozilla/5.0 (X11; Linux x86_64) AppleWebKit/537.36 (KHTML, like Gecko) Chrome/137.0.7151.119 Safari/537.36"
209.85.238.68 - - [21/Jul/2025:21:22:17 +0000] "GET /wp-content/plugins/elementor/assets/lib/font-awesome/js/v4-shims.min.js?ver=3.29.1 HTTP/1.1" 200 4209 "https://alalamy.com.au/?k=6541045031900&mod=c5136a36&uri=products.php%3Fid%3D218465-366%26name%3Dlevi%27s%20512%20womens%20bootcut" "Mozilla/5.0 (X11; Linux x86_64) AppleWebKit/537.36 (KHTML, like Gecko) Chrome/137.0.7151.119 Safari/537.36"
209.85.238.68 - - [21/Jul/2025:21:22:17 +0000] "GET /wp-content/plugins/elementor/assets/lib/font-awesome/css/all.min.css?ver=3.29.1 HTTP/1.1" 200 12869 "https://alalamy.com.au/?k=6541045031900&mod=c5136a36&uri=products.php%3Fid%3D218465-366%26name%3Dlevi%27s%20512%20womens%20bootcut" "Mozilla/5.0 (X11; Linux x86_64) AppleWebKit/537.36 (KHTML, like Gecko) Chrome/137.0.7151.119 Safari/537.36"
209.85.238.68 - - [21/Jul/2025:21:22:17 +0000] "GET /wp-content/plugins/woocommerce/assets/css/brands.css?ver=9.8.5 HTTP/1.1" 200 684 "https://alalamy.com.au/?k=6541045031900&mod=c5136a36&uri=products.php%3Fid%3D218465-366%26name%3Dlevi%27s%20512%20womens%20bootcut" "Mozilla/5.0 (X11; Linux x86_64) AppleWebKit/537.36 (KHTML, like Gecko) Chrome/137.0.7151.119 Safari/537.36"
209.85.238.68 - - [21/Jul/2025:21:22:18 +0000] "GET /wp-content/uploads/2024/09/cafeee.png HTTP/1.1" 200 316309 "https://alalamy.com.au/?k=6541045031900&mod=c5136a36&uri=products.php%3Fid%3D218465-366%26name%3Dlevi%27s%20512%20womens%20bootcut" "Mozilla/5.0 (X11; Linux x86_64) AppleWebKit/537.36 (KHTML, like Gecko) Chrome/137.0.7151.119 Safari/537.36"
57.141.2.17 - - [21/Jul/2025:21:22:17 +0000] "GET /shopbrand/113367304.htm HTTP/1.1" 404 98911 "-" "meta-externalagent/1.1 (+https://developers.facebook.com/docs/sharing/webmasters/crawler)"
209.85.238.68 - - [21/Jul/2025:21:22:18 +0000] "GET /wp-content/uploads/2022/03/service1.jpg HTTP/1.1" 200 168909 "https://alalamy.com.au/?k=6541045031900&mod=c5136a36&uri=products.php%3Fid%3D218465-366%26name%3Dlevi%27s%20512%20womens%20bootcut" "Mozilla/5.0 (X11; Linux x86_64) AppleWebKit/537.36 (KHTML, like Gecko) Chrome/137.0.7151.119 Safari/537.36"
209.85.238.68 - - [21/Jul/2025:21:22:18 +0000] "GET /wp-content/uploads/2022/03/service2.jpg HTTP/1.1" 200 175245 "https://alalamy.com.au/?k=6541045031900&mod=c5136a36&uri=products.php%3Fid%3D218465-366%26name%3Dlevi%27s%20512%20womens%20bootcut" "Mozilla/5.0 (X11; Linux x86_64) AppleWebKit/537.36 (KHTML, like Gecko) Chrome/137.0.7151.119 Safari/537.36"
209.85.238.68 - - [21/Jul/2025:21:22:19 +0000] "GET /wp-content/plugins/woocommerce/assets/client/blocks/wc-blocks.css?ver=wc-9.8.5 HTTP/1.1" 200 2500 "https://alalamy.com.au/?k=6541045031900&mod=c5136a36&uri=products.php%3Fid%3D218465-366%26name%3Dlevi%27s%20512%20womens%20bootcut" "Mozilla/5.0 (X11; Linux x86_64) AppleWebKit/537.36 (KHTML, like Gecko) Chrome/137.0.7151.119 Safari/537.36"
209.85.238.68 - - [21/Jul/2025:21:22:19 +0000] "GET /wp-content/uploads/elementor/css/post-912.css?ver=1748846880 HTTP/1.1" 200 497 "https://alalamy.com.au/?k=6541045031900&mod=c5136a36&uri=products.php%3Fid%3D218465-366%26name%3Dlevi%27s%20512%20womens%20bootcut" "Mozilla/5.0 (X11; Linux x86_64) AppleWebKit/537.36 (KHTML, like Gecko) Chrome/137.0.7151.119 Safari/537.36"
209.85.238.68 - - [21/Jul/2025:21:22:19 +0000] "GET /wp-content/plugins/contact-form-7/includes/swv/js/index.js?ver=6.0.6 HTTP/1.1" 200 3503 "https://alalamy.com.au/?k=6541045031900&mod=c5136a36&uri=products.php%3Fid%3D218465-366%26name%3Dlevi%27s%20512%20womens%20bootcut" "Mozilla/5.0 (X11; Linux x86_64) AppleWebKit/537.36 (KHTML, like Gecko) Chrome/137.0.7151.119 Safari/537.36"
209.85.238.68 - - [21/Jul/2025:21:22:20 +0000] "GET /wp-content/uploads/elementor/css/post-1001.css?ver=1748846880 HTTP/1.1" 200 632 "https://alalamy.com.au/?k=6541045031900&mod=c5136a36&uri=products.php%3Fid%3D218465-366%26name%3Dlevi%27s%20512%20womens%20bootcut" "Mozilla/5.0 (X11; Linux x86_64) AppleWebKit/537.36 (KHTML, like Gecko) Chrome/137.0.7151.119 Safari/537.36"
209.85.238.68 - - [21/Jul/2025:21:22:20 +0000] "GET /wp-content/plugins/kaffen-plugin/elementor/assets/js/front-end-widgets.js?ver=6.8.2 HTTP/1.1" 200 293 "https://alalamy.com.au/?k=6541045031900&mod=c5136a36&uri=products.php%3Fid%3D218465-366%26name%3Dlevi%27s%20512%20womens%20bootcut" "Mozilla/5.0 (X11; Linux x86_64) AppleWebKit/537.36 (KHTML, like Gecko) Chrome/137.0.7151.119 Safari/537.36"
209.85.238.68 - - [21/Jul/2025:21:22:20 +0000] "GET /wp-content/plugins/elementor/assets/css/widget-image.min.css?ver=3.29.1 HTTP/1.1" 200 164 "https://alalamy.com.au/?k=6541045031900&mod=c5136a36&uri=products.php%3Fid%3D218465-366%26name%3Dlevi%27s%20512%20womens%20bootcut" "Mozilla/5.0 (X11; Linux x86_64) AppleWebKit/537.36 (KHTML, like Gecko) Chrome/137.0.7151.119 Safari/537.36"
209.85.238.68 - - [21/Jul/2025:21:22:20 +0000] "GET /wp-content/plugins/contact-form-7/includes/js/index.js?ver=6.0.6 HTTP/1.1" 200 4265 "https://alalamy.com.au/?k=6541045031900&mod=c5136a36&uri=products.php%3Fid%3D218465-366%26name%3Dlevi%27s%20512%20womens%20bootcut" "Mozilla/5.0 (X11; Linux x86_64) AppleWebKit/537.36 (KHTML, like Gecko) Chrome/137.0.7151.119 Safari/537.36"
209.85.238.68 - - [21/Jul/2025:21:22:21 +0000] "GET /wp-includes/js/dist/i18n.min.js?ver=5e580eb46a90c2b997e6 HTTP/1.1" 200 3667 "https://alalamy.com.au/?k=6541045031900&mod=c5136a36&uri=products.php%3Fid%3D218465-366%26name%3Dlevi%27s%20512%20womens%20bootcut" "Mozilla/5.0 (X11; Linux x86_64) AppleWebKit/537.36 (KHTML, like Gecko) Chrome/137.0.7151.119 Safari/537.36"
209.85.238.68 - - [21/Jul/2025:21:22:21 +0000] "GET /wp-content/themes/kaffen/assets/js/skip-link-focus-fix.js?ver=20151215 HTTP/1.1" 200 438 "https://alalamy.com.au/?k=6541045031900&mod=c5136a36&uri=products.php%3Fid%3D218465-366%26name%3Dlevi%27s%20512%20womens%20bootcut" "Mozilla/5.0 (X11; Linux x86_64) AppleWebKit/537.36 (KHTML, like Gecko) Chrome/137.0.7151.119 Safari/537.36"
209.85.238.68 - - [21/Jul/2025:21:22:21 +0000] "GET /wp-content/themes/kaffen/assets/js/imagesloaded.pkgd.js?ver=1.0.0 HTTP/1.1" 200 1810 "https://alalamy.com.au/?k=6541045031900&mod=c5136a36&uri=products.php%3Fid%3D218465-366%26name%3Dlevi%27s%20512%20womens%20bootcut" "Mozilla/5.0 (X11; Linux x86_64) AppleWebKit/537.36 (KHTML, like Gecko) Chrome/137.0.7151.119 Safari/537.36"
209.85.238.68 - - [21/Jul/2025:21:22:22 +0000] "GET /wp-content/plugins/elementor/assets/js/webpack.runtime.min.js?ver=3.29.1 HTTP/1.1" 200 2516 "https://alalamy.com.au/?k=6541045031900&mod=c5136a36&uri=products.php%3Fid%3D218465-366%26name%3Dlevi%27s%20512%20womens%20bootcut" "Mozilla/5.0 (X11; Linux x86_64) AppleWebKit/537.36 (KHTML, like Gecko) Chrome/137.0.7151.119 Safari/537.36"
209.85.238.68 - - [21/Jul/2025:21:22:22 +0000] "GET /wp-content/themes/kaffen/assets/js/jquery.paroller.min.js?ver=1.0.0 HTTP/1.1" 200 1198 "https://alalamy.com.au/?k=6541045031900&mod=c5136a36&uri=products.php%3Fid%3D218465-366%26name%3Dlevi%27s%20512%20womens%20bootcut" "Mozilla/5.0 (X11; Linux x86_64) AppleWebKit/537.36 (KHTML, like Gecko) Chrome/137.0.7151.119 Safari/537.36"
209.85.238.68 - - [21/Jul/2025:21:22:22 +0000] "GET /wp-content/plugins/happy-elementor-addons/assets/vendor/jquery-match-height/jquery.matchHeight-min.js?ver=3.17.0 HTTP/1.1" 200 1389 "https://alalamy.com.au/?k=6541045031900&mod=c5136a36&uri=products.php%3Fid%3D218465-366%26name%3Dlevi%27s%20512%20womens%20bootcut" "Mozilla/5.0 (X11; Linux x86_64) AppleWebKit/537.36 (KHTML, like Gecko) Chrome/137.0.7151.119 Safari/537.36"
209.85.238.68 - - [21/Jul/2025:21:22:22 +0000] "GET /wp-content/themes/kaffen/assets/js/isotope.pkgd.js?ver=1.0.0 HTTP/1.1" 200 21617 "https://alalamy.com.au/?k=6541045031900&mod=c5136a36&uri=products.php%3Fid%3D218465-366%26name%3Dlevi%27s%20512%20womens%20bootcut" "Mozilla/5.0 (X11; Linux x86_64) AppleWebKit/537.36 (KHTML, like Gecko) Chrome/137.0.7151.119 Safari/537.36"
209.85.238.68 - - [21/Jul/2025:21:22:23 +0000] "GET /wp-content/themes/kaffen/assets/js/bootstrap.js?ver=1.0.0 HTTP/1.1" 200 22411 "https://alalamy.com.au/?k=6541045031900&mod=c5136a36&uri=products.php%3Fid%3D218465-366%26name%3Dlevi%27s%20512%20womens%20bootcut" "Mozilla/5.0 (X11; Linux x86_64) AppleWebKit/537.36 (KHTML, like Gecko) Chrome/137.0.7151.119 Safari/537.36"
209.85.238.68 - - [21/Jul/2025:21:22:23 +0000] "GET /wp-content/themes/kaffen/assets/js/magnific-popup.js?ver=1.0.0 HTTP/1.1" 200 7346 "https://alalamy.com.au/?k=6541045031900&mod=c5136a36&uri=products.php%3Fid%3D218465-366%26name%3Dlevi%27s%20512%20womens%20bootcut" "Mozilla/5.0 (X11; Linux x86_64) AppleWebKit/537.36 (KHTML, like Gecko) Chrome/137.0.7151.119 Safari/537.36"
209.85.238.68 - - [21/Jul/2025:21:22:23 +0000] "GET /wp-content/themes/kaffen/assets/js/skrollr.js?ver=1.0.0 HTTP/1.1" 200 13874 "https://alalamy.com.au/?k=6541045031900&mod=c5136a36&uri=products.php%3Fid%3D218465-366%26name%3Dlevi%27s%20512%20womens%20bootcut" "Mozilla/5.0 (X11; Linux x86_64) AppleWebKit/537.36 (KHTML, like Gecko) Chrome/137.0.7151.119 Safari/537.36"
209.85.238.68 - - [21/Jul/2025:21:22:24 +0000] "GET /wp-content/plugins/elementor-pro/assets/js/frontend.min.js?ver=3.29.1 HTTP/1.1" 200 6511 "https://alalamy.com.au/?k=6541045031900&mod=c5136a36&uri=products.php%3Fid%3D218465-366%26name%3Dlevi%27s%20512%20womens%20bootcut" "Mozilla/5.0 (X11; Linux x86_64) AppleWebKit/537.36 (KHTML, like Gecko) Chrome/137.0.7151.119 Safari/537.36"
209.85.238.68 - - [21/Jul/2025:21:22:24 +0000] "GET /wp-content/plugins/happy-elementor-addons/assets/js/happy-addons.min.js?ver=3.17.0 HTTP/1.1" 200 8561 "https://alalamy.com.au/?k=6541045031900&mod=c5136a36&uri=products.php%3Fid%3D218465-366%26name%3Dlevi%27s%20512%20womens%20bootcut" "Mozilla/5.0 (X11; Linux x86_64) AppleWebKit/537.36 (KHTML, like Gecko) Chrome/137.0.7151.119 Safari/537.36"
209.85.238.68 - - [21/Jul/2025:21:22:24 +0000] "GET /wp-content/themes/kaffen/assets/js/parallax.js?ver=1.0.0 HTTP/1.1" 200 4003 "https://alalamy.com.au/?k=6541045031900&mod=c5136a36&uri=products.php%3Fid%3D218465-366%26name%3Dlevi%27s%20512%20womens%20bootcut" "Mozilla/5.0 (X11; Linux x86_64) AppleWebKit/537.36 (KHTML, like Gecko) Chrome/137.0.7151.119 Safari/537.36"
209.85.238.68 - - [21/Jul/2025:21:22:24 +0000] "GET /wp-content/uploads/2022/03/menu2.jpg HTTP/1.1" 200 193493 "https://alalamy.com.au/?k=6541045031900&mod=c5136a36&uri=products.php%3Fid%3D218465-366%26name%3Dlevi%27s%20512%20womens%20bootcut" "Mozilla/5.0 (X11; Linux x86_64) AppleWebKit/537.36 (KHTML, like Gecko) Chrome/137.0.7151.119 Safari/537.36"
209.85.238.68 - - [21/Jul/2025:21:22:25 +0000] "GET /wp-content/plugins/elementor-pro/assets/js/elements-handlers.min.js?ver=3.29.1 HTTP/1.1" 200 10701 "https://alalamy.com.au/?k=6541045031900&mod=c5136a36&uri=products.php%3Fid%3D218465-366%26name%3Dlevi%27s%20512%20womens%20bootcut" "Mozilla/5.0 (X11; Linux x86_64) AppleWebKit/537.36 (KHTML, like Gecko) Chrome/137.0.7151.119 Safari/537.36"
209.85.238.68 - - [21/Jul/2025:21:22:25 +0000] "GET /wp-content/plugins/elementor-pro/assets/js/webpack-pro.runtime.min.js?ver=3.29.1 HTTP/1.1" 200 2855 "https://alalamy.com.au/?k=6541045031900&mod=c5136a36&uri=products.php%3Fid%3D218465-366%26name%3Dlevi%27s%20512%20womens%20bootcut" "Mozilla/5.0 (X11; Linux x86_64) AppleWebKit/537.36 (KHTML, like Gecko) Chrome/137.0.7151.119 Safari/537.36"
209.85.238.68 - - [21/Jul/2025:21:22:25 +0000] "GET /wp-content/plugins/woocommerce/assets/js/frontend/order-attribution.min.js?ver=9.8.5 HTTP/1.1" 200 1137 "https://alalamy.com.au/?k=6541045031900&mod=c5136a36&uri=products.php%3Fid%3D218465-366%26name%3Dlevi%27s%20512%20womens%20bootcut" "Mozilla/5.0 (X11; Linux x86_64) AppleWebKit/537.36 (KHTML, like Gecko) Chrome/137.0.7151.119 Safari/537.36"
209.85.238.68 - - [21/Jul/2025:21:22:26 +0000] "GET /wp-content/themes/kaffen/assets/js/rrssb.js?ver=1.0.0 HTTP/1.1" 200 1642 "https://alalamy.com.au/?k=6541045031900&mod=c5136a36&uri=products.php%3Fid%3D218465-366%26name%3Dlevi%27s%20512%20womens%20bootcut" "Mozilla/5.0 (X11; Linux x86_64) AppleWebKit/537.36 (KHTML, like Gecko) Chrome/137.0.7151.119 Safari/537.36"
209.85.238.68 - - [21/Jul/2025:21:22:26 +0000] "GET /wp-content/plugins/woocommerce/assets/js/frontend/add-to-cart.min.js?ver=9.8.5 HTTP/1.1" 200 1368 "https://alalamy.com.au/?k=6541045031900&mod=c5136a36&uri=products.php%3Fid%3D218465-366%26name%3Dlevi%27s%20512%20womens%20bootcut" "Mozilla/5.0 (X11; Linux x86_64) AppleWebKit/537.36 (KHTML, like Gecko) Chrome/137.0.7151.119 Safari/537.36"
57.141.2.26 - - [21/Jul/2025:21:22:26 +0000] "GET /shopbrand/113281108.htm HTTP/1.1" 404 98911 "-" "meta-externalagent/1.1 (+https://developers.facebook.com/docs/sharing/webmasters/crawler)"
209.85.238.68 - - [21/Jul/2025:21:22:26 +0000] "GET /wp-content/plugins/woocommerce/assets/js/jquery-blockui/jquery.blockUI.min.js?ver=2.7.0-wc.9.8.5 HTTP/1.1" 200 3537 "https://alalamy.com.au/?k=6541045031900&mod=c5136a36&uri=products.php%3Fid%3D218465-366%26name%3Dlevi%27s%20512%20womens%20bootcut" "Mozilla/5.0 (X11; Linux x86_64) AppleWebKit/537.36 (KHTML, like Gecko) Chrome/137.0.7151.119 Safari/537.36"
209.85.238.68 - - [21/Jul/2025:21:22:27 +0000] "GET /wp-content/themes/kaffen/assets/js/jquery.easy_number_animate.js?ver=1.0.0 HTTP/1.1" 200 854 "https://alalamy.com.au/?k=6541045031900&mod=c5136a36&uri=products.php%3Fid%3D218465-366%26name%3Dlevi%27s%20512%20womens%20bootcut" "Mozilla/5.0 (X11; Linux x86_64) AppleWebKit/537.36 (KHTML, like Gecko) Chrome/137.0.7151.119 Safari/537.36"
209.85.238.68 - - [21/Jul/2025:21:22:27 +0000] "GET /wp-content/themes/kaffen/assets/js/common.js?ver=1.0.0 HTTP/1.1" 200 3661 "https://alalamy.com.au/?k=6541045031900&mod=c5136a36&uri=products.php%3Fid%3D218465-366%26name%3Dlevi%27s%20512%20womens%20bootcut" "Mozilla/5.0 (X11; Linux x86_64) AppleWebKit/537.36 (KHTML, like Gecko) Chrome/137.0.7151.119 Safari/537.36"
209.85.238.68 - - [21/Jul/2025:21:22:27 +0000] "GET /wp-content/plugins/woocommerce/assets/js/frontend/woocommerce.min.js?ver=9.8.5 HTTP/1.1" 200 1437 "https://alalamy.com.au/?k=6541045031900&mod=c5136a36&uri=products.php%3Fid%3D218465-366%26name%3Dlevi%27s%20512%20womens%20bootcut" "Mozilla/5.0 (X11; Linux x86_64) AppleWebKit/537.36 (KHTML, like Gecko) Chrome/137.0.7151.119 Safari/537.36"
209.85.238.68 - - [21/Jul/2025:21:22:28 +0000] "GET /wp-includes/js/jquery/ui/core.min.js?ver=1.13.3 HTTP/1.1" 200 7106 "https://alalamy.com.au/?k=6541045031900&mod=c5136a36&uri=products.php%3Fid%3D218465-366%26name%3Dlevi%27s%20512%20womens%20bootcut" "Mozilla/5.0 (X11; Linux x86_64) AppleWebKit/537.36 (KHTML, like Gecko) Chrome/137.0.7151.119 Safari/537.36"
209.85.238.69 - - [21/Jul/2025:21:22:28 +0000] "GET /wp-content/uploads/2022/03/service3.jpg HTTP/1.1" 200 206389 "https://alalamy.com.au/?k=6541045031900&mod=c5136a36&uri=products.php%3Fid%3D218465-366%26name%3Dlevi%27s%20512%20womens%20bootcut" "Mozilla/5.0 (X11; Linux x86_64) AppleWebKit/537.36 (KHTML, like Gecko) Chrome/137.0.7151.119 Safari/537.36"
209.85.238.69 - - [21/Jul/2025:21:22:28 +0000] "GET /wp-content/uploads/2022/03/rev2.jpg HTTP/1.1" 200 27002 "https://alalamy.com.au/?k=6541045031900&mod=c5136a36&uri=products.php%3Fid%3D218465-366%26name%3Dlevi%27s%20512%20womens%20bootcut" "Mozilla/5.0 (X11; Linux x86_64) AppleWebKit/537.36 (KHTML, like Gecko) Chrome/137.0.7151.119 Safari/537.36"
209.85.238.69 - - [21/Jul/2025:21:22:29 +0000] "GET /wp-content/plugins/elementor/assets/lib/swiper/v8/swiper.min.js?ver=8.4.5 HTTP/1.1" 200 39695 "https://alalamy.com.au/?k=6541045031900&mod=c5136a36&uri=products.php%3Fid%3D218465-366%26name%3Dlevi%27s%20512%20womens%20bootcut" "Mozilla/5.0 (X11; Linux x86_64) AppleWebKit/537.36 (KHTML, like Gecko) Chrome/137.0.7151.119 Safari/537.36"
209.85.238.68 - - [21/Jul/2025:21:22:29 +0000] "GET /wp-content/uploads/2022/03/menu4.jpg HTTP/1.1" 200 234462 "https://alalamy.com.au/?k=6541045031900&mod=c5136a36&uri=products.php%3Fid%3D218465-366%26name%3Dlevi%27s%20512%20womens%20bootcut" "Mozilla/5.0 (X11; Linux x86_64) AppleWebKit/537.36 (KHTML, like Gecko) Chrome/137.0.7151.119 Safari/537.36"
209.85.238.68 - - [21/Jul/2025:21:22:29 +0000] "GET /wp-content/plugins/elementor/assets/js/frontend-modules.min.js?ver=3.29.1 HTTP/1.1" 200 14815 "https://alalamy.com.au/?k=6541045031900&mod=c5136a36&uri=products.php%3Fid%3D218465-366%26name%3Dlevi%27s%20512%20womens%20bootcut" "Mozilla/5.0 (X11; Linux x86_64) AppleWebKit/537.36 (KHTML, like Gecko) Chrome/137.0.7151.119 Safari/537.36"
209.85.238.69 - - [21/Jul/2025:21:22:29 +0000] "GET /wp-content/uploads/2024/09/unnamed.png HTTP/1.1" 200 18766 "https://alalamy.com.au/?k=6541045031900&mod=c5136a36&uri=products.php%3Fid%3D218465-366%26name%3Dlevi%27s%20512%20womens%20bootcut" "Mozilla/5.0 (X11; Linux x86_64) AppleWebKit/537.36 (KHTML, like Gecko) Chrome/137.0.7151.119 Safari/537.36"
209.85.238.69 - - [21/Jul/2025:21:22:30 +0000] "GET /wp-content/uploads/2024/09/Alamy-breakfast.jpg HTTP/1.1" 200 253794 "https://alalamy.com.au/?k=6541045031900&mod=c5136a36&uri=products.php%3Fid%3D218465-366%26name%3Dlevi%27s%20512%20womens%20bootcut" "Mozilla/5.0 (X11; Linux x86_64) AppleWebKit/537.36 (KHTML, like Gecko) Chrome/137.0.7151.119 Safari/537.36"
209.85.238.68 - - [21/Jul/2025:21:22:30 +0000] "GET /wp-content/uploads/2022/03/grid_gal4-900x506.jpg HTTP/1.1" 200 60982 "https://alalamy.com.au/?k=6541045031900&mod=c5136a36&uri=products.php%3Fid%3D218465-366%26name%3Dlevi%27s%20512%20womens%20bootcut" "Mozilla/5.0 (X11; Linux x86_64) AppleWebKit/537.36 (KHTML, like Gecko) Chrome/137.0.7151.119 Safari/537.36"
209.85.238.68 - - [21/Jul/2025:21:22:30 +0000] "GET /wp-content/uploads/2024/09/Chicken-Pizza-with-a-Garlic.jpg HTTP/1.1" 200 206384 "https://alalamy.com.au/?k=6541045031900&mod=c5136a36&uri=products.php%3Fid%3D218465-366%26name%3Dlevi%27s%20512%20womens%20bootcut" "Mozilla/5.0 (X11; Linux x86_64) AppleWebKit/537.36 (KHTML, like Gecko) Chrome/137.0.7151.119 Safari/537.36"
209.85.238.69 - - [21/Jul/2025:21:22:31 +0000] "GET /wp-content/uploads/2022/03/grid_gal1.jpg HTTP/1.1" 200 88913 "https://alalamy.com.au/?k=6541045031900&mod=c5136a36&uri=products.php%3Fid%3D218465-366%26name%3Dlevi%27s%20512%20womens%20bootcut" "Mozilla/5.0 (X11; Linux x86_64) AppleWebKit/537.36 (KHTML, like Gecko) Chrome/137.0.7151.119 Safari/537.36"
209.85.238.68 - - [21/Jul/2025:21:22:31 +0000] "GET /wp-content/plugins/woocommerce/assets/css/woocommerce-smallscreen.css?ver=9.8.5 HTTP/1.1" 200 1279 "https://alalamy.com.au/?k=6541045031900&mod=c5136a36&uri=products.php%3Fid%3D218465-366%26name%3Dlevi%27s%20512%20womens%20bootcut" "Mozilla/5.0 (X11; Linux x86_64) AppleWebKit/537.36 (KHTML, like Gecko) Chrome/137.0.7151.119 Safari/537.36"
209.85.238.69 - - [21/Jul/2025:21:22:31 +0000] "GET /wp-content/uploads/2022/03/rev3.jpg HTTP/1.1" 200 58410 "https://alalamy.com.au/?k=6541045031900&mod=c5136a36&uri=products.php%3Fid%3D218465-366%26name%3Dlevi%27s%20512%20womens%20bootcut" "Mozilla/5.0 (X11; Linux x86_64) AppleWebKit/537.36 (KHTML, like Gecko) Chrome/137.0.7151.119 Safari/537.36"
209.85.238.69 - - [21/Jul/2025:21:22:31 +0000] "GET /wp-content/uploads/2024/09/Variety-Platter.jpg HTTP/1.1" 200 234193 "https://alalamy.com.au/?k=6541045031900&mod=c5136a36&uri=products.php%3Fid%3D218465-366%26name%3Dlevi%27s%20512%20womens%20bootcut" "Mozilla/5.0 (X11; Linux x86_64) AppleWebKit/537.36 (KHTML, like Gecko) Chrome/137.0.7151.119 Safari/537.36"
209.85.238.68 - - [21/Jul/2025:21:22:32 +0000] "GET /wp-content/uploads/2022/03/grid_gal5.jpg HTTP/1.1" 200 109149 "https://alalamy.com.au/?k=6541045031900&mod=c5136a36&uri=products.php%3Fid%3D218465-366%26name%3Dlevi%27s%20512%20womens%20bootcut" "Mozilla/5.0 (X11; Linux x86_64) AppleWebKit/537.36 (KHTML, like Gecko) Chrome/137.0.7151.119 Safari/537.36"
209.85.238.69 - - [21/Jul/2025:21:22:32 +0000] "GET /wp-content/themes/kaffen/assets/js/jquery.scrolla.js?ver=1.0.0 HTTP/1.1" 200 733 "https://alalamy.com.au/?k=6541045031900&mod=c5136a36&uri=products.php%3Fid%3D218465-366%26name%3Dlevi%27s%20512%20womens%20bootcut" "Mozilla/5.0 (X11; Linux x86_64) AppleWebKit/537.36 (KHTML, like Gecko) Chrome/137.0.7151.119 Safari/537.36"
209.85.238.68 - - [21/Jul/2025:21:22:32 +0000] "GET /wp-content/uploads/2022/03/menu1.jpg HTTP/1.1" 200 145586 "https://alalamy.com.au/?k=6541045031900&mod=c5136a36&uri=products.php%3Fid%3D218465-366%26name%3Dlevi%27s%20512%20womens%20bootcut" "Mozilla/5.0 (X11; Linux x86_64) AppleWebKit/537.36 (KHTML, like Gecko) Chrome/137.0.7151.119 Safari/537.36"
209.85.238.68 - - [21/Jul/2025:21:22:33 +0000] "GET /wp-content/uploads/2024/09/Kassari-Cheese-and-Mortadella-pastry.jpg HTTP/1.1" 200 114027 "https://alalamy.com.au/?k=6541045031900&mod=c5136a36&uri=products.php%3Fid%3D218465-366%26name%3Dlevi%27s%20512%20womens%20bootcut" "Mozilla/5.0 (X11; Linux x86_64) AppleWebKit/537.36 (KHTML, like Gecko) Chrome/137.0.7151.119 Safari/537.36"
209.85.238.68 - - [21/Jul/2025:21:22:33 +0000] "GET /wp-includes/js/dist/hooks.min.js?ver=4d63a3d491d11ffd8ac6 HTTP/1.1" 200 1648 "https://alalamy.com.au/?k=6541045031900&mod=c5136a36&uri=products.php%3Fid%3D218465-366%26name%3Dlevi%27s%20512%20womens%20bootcut" "Mozilla/5.0 (X11; Linux x86_64) AppleWebKit/537.36 (KHTML, like Gecko) Chrome/137.0.7151.119 Safari/537.36"
209.85.238.69 - - [21/Jul/2025:21:22:33 +0000] "GET /wp-content/uploads/2022/03/rev1.jpg HTTP/1.1" 200 28198 "https://alalamy.com.au/?k=6541045031900&mod=c5136a36&uri=products.php%3Fid%3D218465-366%26name%3Dlevi%27s%20512%20womens%20bootcut" "Mozilla/5.0 (X11; Linux x86_64) AppleWebKit/537.36 (KHTML, like Gecko) Chrome/137.0.7151.119 Safari/537.36"
209.85.238.68 - - [21/Jul/2025:21:22:33 +0000] "GET /wp-content/uploads/2024/09/Lebanese-coffee.jpg HTTP/1.1" 200 122422 "https://alalamy.com.au/?k=6541045031900&mod=c5136a36&uri=products.php%3Fid%3D218465-366%26name%3Dlevi%27s%20512%20womens%20bootcut" "Mozilla/5.0 (X11; Linux x86_64) AppleWebKit/537.36 (KHTML, like Gecko) Chrome/137.0.7151.119 Safari/537.36"
209.85.238.68 - - [21/Jul/2025:21:22:34 +0000] "GET /wp-content/themes/kaffen/assets/js/splitting.js?ver=1.0.0 HTTP/1.1" 200 1735 "https://alalamy.com.au/?k=6541045031900&mod=c5136a36&uri=products.php%3Fid%3D218465-366%26name%3Dlevi%27s%20512%20womens%20bootcut" "Mozilla/5.0 (X11; Linux x86_64) AppleWebKit/537.36 (KHTML, like Gecko) Chrome/137.0.7151.119 Safari/537.36"
209.85.238.68 - - [21/Jul/2025:21:22:34 +0000] "GET /wp-content/uploads/2024/09/275622839_10224019954099472_8526428074003913221_n-1.jpg HTTP/1.1" 200 42760 "https://alalamy.com.au/?k=6541045031900&mod=c5136a36&uri=products.php%3Fid%3D218465-366%26name%3Dlevi%27s%20512%20womens%20bootcut" "Mozilla/5.0 (X11; Linux x86_64) AppleWebKit/537.36 (KHTML, like Gecko) Chrome/137.0.7151.119 Safari/537.36"
209.85.238.69 - - [21/Jul/2025:21:22:34 +0000] "GET /wp-content/uploads/2024/09/2ca013755a78033f7f17219a1ae0c002.jpg HTTP/1.1" 200 170683 "https://alalamy.com.au/?k=6541045031900&mod=c5136a36&uri=products.php%3Fid%3D218465-366%26name%3Dlevi%27s%20512%20womens%20bootcut" "Mozilla/5.0 (X11; Linux x86_64) AppleWebKit/537.36 (KHTML, like Gecko) Chrome/137.0.7151.119 Safari/537.36"
209.85.238.68 - - [21/Jul/2025:21:22:35 +0000] "GET /wp-content/uploads/2022/03/grid_gal3.jpg HTTP/1.1" 200 114466 "https://alalamy.com.au/?k=6541045031900&mod=c5136a36&uri=products.php%3Fid%3D218465-366%26name%3Dlevi%27s%20512%20womens%20bootcut" "Mozilla/5.0 (X11; Linux x86_64) AppleWebKit/537.36 (KHTML, like Gecko) Chrome/137.0.7151.119 Safari/537.36"
209.85.238.68 - - [21/Jul/2025:21:22:35 +0000] "GET /wp-content/uploads/2024/09/166064144_4191888957521915_280825211889539789_n.jpg HTTP/1.1" 200 118653 "https://alalamy.com.au/?k=6541045031900&mod=c5136a36&uri=products.php%3Fid%3D218465-366%26name%3Dlevi%27s%20512%20womens%20bootcut" "Mozilla/5.0 (X11; Linux x86_64) AppleWebKit/537.36 (KHTML, like Gecko) Chrome/137.0.7151.119 Safari/537.36"
209.85.238.68 - - [21/Jul/2025:21:22:35 +0000] "GET /wp-content/uploads/2024/09/147472321_4055799534464192_9209196638484611931_n.jpg HTTP/1.1" 200 479057 "https://alalamy.com.au/?k=6541045031900&mod=c5136a36&uri=products.php%3Fid%3D218465-366%26name%3Dlevi%27s%20512%20womens%20bootcut" "Mozilla/5.0 (X11; Linux x86_64) AppleWebKit/537.36 (KHTML, like Gecko) Chrome/137.0.7151.119 Safari/537.36"
209.85.238.69 - - [21/Jul/2025:21:22:35 +0000] "GET /wp-content/themes/kaffen/assets/images/nav2.png HTTP/1.1" 200 3186 "https://alalamy.com.au/wp-content/themes/kaffen/style.css?ver=6.8.2" "Mozilla/5.0 (X11; Linux x86_64) AppleWebKit/537.36 (KHTML, like Gecko) Chrome/137.0.7151.119 Safari/537.36"
209.85.238.69 - - [21/Jul/2025:21:22:35 +0000] "GET /wp-content/themes/kaffen/assets/images/nav.png HTTP/1.1" 200 3216 "https://alalamy.com.au/wp-content/themes/kaffen/style.css?ver=6.8.2" "Mozilla/5.0 (X11; Linux x86_64) AppleWebKit/537.36 (KHTML, like Gecko) Chrome/137.0.7151.119 Safari/537.36"
209.85.238.68 - - [21/Jul/2025:21:22:36 +0000] "GET /wp-content/uploads/2022/04/category_bg.jpg HTTP/1.1" 200 133344 "https://alalamy.com.au/wp-content/uploads/elementor/css/post-1481.css?ver=1748846880" "Mozilla/5.0 (X11; Linux x86_64) AppleWebKit/537.36 (KHTML, like Gecko) Chrome/137.0.7151.119 Safari/537.36"
209.85.238.69 - - [21/Jul/2025:21:22:36 +0000] "GET /wp-content/uploads/2024/09/366625665_774723794657202_549346495632988092_n.jpg HTTP/1.1" 200 109382 "https://alalamy.com.au/?k=6541045031900&mod=c5136a36&uri=products.php%3Fid%3D218465-366%26name%3Dlevi%27s%20512%20womens%20bootcut" "Mozilla/5.0 (X11; Linux x86_64) AppleWebKit/537.36 (KHTML, like Gecko) Chrome/137.0.7151.119 Safari/537.36"
209.85.238.69 - - [21/Jul/2025:21:22:36 +0000] "GET /wp-content/uploads/2022/04/testimonials_bg2.jpg HTTP/1.1" 200 60079 "https://alalamy.com.au/wp-content/uploads/elementor/css/post-1481.css?ver=1748846880" "Mozilla/5.0 (X11; Linux x86_64) AppleWebKit/537.36 (KHTML, like Gecko) Chrome/137.0.7151.119 Safari/537.36"
209.85.238.69 - - [21/Jul/2025:21:22:36 +0000] "GET /wp-content/uploads/elementor/google-fonts/fonts/roboto-kfo5cnqeu92fr1mu53zec9_vu3r1gihoszmkbnka.woff2 HTTP/1.1" 200 44220 "https://alalamy.com.au/wp-content/uploads/elementor/google-fonts/css/roboto.css?ver=1748702533" "Mozilla/5.0 (X11; Linux x86_64) AppleWebKit/537.36 (KHTML, like Gecko) Chrome/137.0.7151.119 Safari/537.36"
209.85.238.70 - - [21/Jul/2025:21:22:36 +0000] "GET /wp-content/plugins/elementor/assets/lib/font-awesome/webfonts/fa-brands-400.woff2 HTTP/1.1" 200 81604 "https://alalamy.com.au/wp-content/plugins/elementor/assets/lib/font-awesome/css/all.min.css?ver=3.29.1" "Mozilla/5.0 (X11; Linux x86_64) AppleWebKit/537.36 (KHTML, like Gecko) Chrome/137.0.7151.119 Safari/537.36"
209.85.238.70 - - [21/Jul/2025:21:22:36 +0000] "GET /wp-content/uploads/elementor/google-fonts/fonts/roboto-kfo7cnqeu92fr1me7ksn66agldtyluama3yuba.woff2 HTTP/1.1" 200 40156 "https://alalamy.com.au/wp-content/uploads/elementor/google-fonts/css/roboto.css?ver=1748702533" "Mozilla/5.0 (X11; Linux x86_64) AppleWebKit/537.36 (KHTML, like Gecko) Chrome/137.0.7151.119 Safari/537.36"
209.85.238.68 - - [21/Jul/2025:21:22:36 +0000] "GET /wp-content/plugins/elementor/assets/lib/font-awesome/webfonts/fa-solid-900.woff2 HTTP/1.1" 200 78099 "https://alalamy.com.au/wp-content/plugins/elementor/assets/lib/font-awesome/css/all.min.css?ver=3.29.1" "Mozilla/5.0 (X11; Linux x86_64) AppleWebKit/537.36 (KHTML, like Gecko) Chrome/137.0.7151.119 Safari/537.36"
209.85.238.68 - - [21/Jul/2025:21:22:37 +0000] "GET /wp-content/themes/kaffen/assets/fonts/font-awesome/fonts/la-solid-900.woff2 HTTP/1.1" 200 96652 "https://alalamy.com.au/wp-content/themes/kaffen/assets/fonts/font-awesome/css/line-awesome.css?ver=6.8.2" "Mozilla/5.0 (X11; Linux x86_64) AppleWebKit/537.36 (KHTML, like Gecko) Chrome/137.0.7151.119 Safari/537.36"
209.85.238.69 - - [21/Jul/2025:21:22:37 +0000] "GET /wp-includes/js/wp-emoji-release.min.js?ver=6.8.2 HTTP/1.1" 200 5163 "https://alalamy.com.au/?k=6541045031900&mod=c5136a36&uri=products.php%3Fid%3D218465-366%26name%3Dlevi%27s%20512%20womens%20bootcut" "Mozilla/5.0 (X11; Linux x86_64) AppleWebKit/537.36 (KHTML, like Gecko) Chrome/137.0.7151.119 Safari/537.36"
209.85.238.68 - - [21/Jul/2025:21:22:38 +0000] "GET /wp-content/uploads/2022/03/grid_gal2-900x601.jpg HTTP/1.1" 200 41206 "https://alalamy.com.au/?k=6541045031900&mod=c5136a36&uri=products.php%3Fid%3D218465-366%26name%3Dlevi%27s%20512%20womens%20bootcut" "Mozilla/5.0 (X11; Linux x86_64) AppleWebKit/537.36 (KHTML, like Gecko) Chrome/137.0.7151.119 Safari/537.36"
209.74.77.214 - - [21/Jul/2025:21:22:38 +0000] "POST /wp-cron.php?doing_wp_cron=1753132958.3318119049072265625000 HTTP/1.1" 200 - "-" "WordPress/6.8.2; https://alalamy.com.au"
51.222.253.8 - - [21/Jul/2025:21:22:38 +0000] "GET /shopbrand/109530.htm HTTP/1.1" 404 20401 "-" "Mozilla/5.0 (compatible; AhrefsBot/7.0; +http://ahrefs.com/robot/)"
209.74.77.214 - - [21/Jul/2025:21:23:03 +0000] "POST /wp-cron.php?doing_wp_cron=1753132983.7200520038604736328125 HTTP/1.1" 200 - "-" "WordPress/6.8.2; https://alalamy.com.au"
20.171.207.22 - - [21/Jul/2025:21:23:03 +0000] "GET /shopbrand/169353309.htm HTTP/1.1" 404 20401 "-" "Mozilla/5.0 AppleWebKit/537.36 (KHTML, like Gecko; compatible; GPTBot/1.2; +https://openai.com/gptbot)"
209.74.77.214 - - [21/Jul/2025:21:23:03 +0000] "POST /wp-admin/admin-ajax.php?action=async_litespeed&nonce=u3yjtEdIploylNcJwW4OQ1OvpzM2WZNn&litespeed_type=imgoptm HTTP/1.1" 200 21 "-" "WordPress/6.8.2; https://alalamy.com.au"
51.222.253.3 - - [21/Jul/2025:21:23:08 +0000] "GET /shopbrand/109689.htm HTTP/1.1" 404 20401 "-" "Mozilla/5.0 (compatible; AhrefsBot/7.0; +http://ahrefs.com/robot/)"
57.141.2.14 - - [21/Jul/2025:21:23:10 +0000] "GET /shopbrand/113267224.htm HTTP/1.1" 404 98911 "-" "meta-externalagent/1.1 (+https://developers.facebook.com/docs/sharing/webmasters/crawler)"
57.141.2.25 - - [21/Jul/2025:21:23:11 +0000] "GET /shopbrand/113277216.htm HTTP/1.1" 404 98911 "-" "meta-externalagent/1.1 (+https://developers.facebook.com/docs/sharing/webmasters/crawler)"
57.141.2.7 - - [21/Jul/2025:21:23:14 +0000] "GET /shopbrand/113287621.htm HTTP/1.1" 404 98911 "-" "meta-externalagent/1.1 (+https://developers.facebook.com/docs/sharing/webmasters/crawler)"
57.141.2.3 - - [21/Jul/2025:21:23:15 +0000] "GET /shopbrand/113344192.htm HTTP/1.1" 404 98911 "-" "meta-externalagent/1.1 (+https://developers.facebook.com/docs/sharing/webmasters/crawler)"
57.141.2.7 - - [21/Jul/2025:21:23:16 +0000] "GET /shopbrand/113279025.htm HTTP/1.1" 404 98911 "-" "meta-externalagent/1.1 (+https://developers.facebook.com/docs/sharing/webmasters/crawler)"
57.141.2.25 - - [21/Jul/2025:21:23:23 +0000] "GET /shopbrand/113267490.htm HTTP/1.1" 404 98911 "-" "meta-externalagent/1.1 (+https://developers.facebook.com/docs/sharing/webmasters/crawler)"
57.141.2.29 - - [21/Jul/2025:21:23:38 +0000] "GET /shopbrand/113260933.htm HTTP/1.1" 404 98911 "-" "meta-externalagent/1.1 (+https://developers.facebook.com/docs/sharing/webmasters/crawler)"
66.249.65.165 - - [21/Jul/2025:21:23:50 +0000] "GET /?k=7580089041900&mod=ec5df877&uri=dp.php?shopbrand/7365588.htm HTTP/1.1" 200 19147 "-" "Mozilla/5.0 (compatible; Googlebot/2.1; +http://www.google.com/bot.html)"
209.74.77.214 - - [21/Jul/2025:21:24:07 +0000] "POST /wp-cron.php?doing_wp_cron=1753133047.4263629913330078125000 HTTP/1.1" 200 - "-" "WordPress/6.8.2; https://alalamy.com.au"
20.171.207.22 - - [21/Jul/2025:21:24:06 +0000] "GET /shopbrand/169260316.htm HTTP/1.1" 404 20401 "-" "Mozilla/5.0 AppleWebKit/537.36 (KHTML, like Gecko; compatible; GPTBot/1.2; +https://openai.com/gptbot)"
209.74.77.214 - - [21/Jul/2025:21:24:07 +0000] "POST /wp-admin/admin-ajax.php?action=async_litespeed&nonce=5RFjDbshzI4olka5DxzDlGenM0Uc6MLO&litespeed_type=imgoptm HTTP/1.1" 200 21 "-" "WordPress/6.8.2; https://alalamy.com.au"
209.74.77.214 - - [21/Jul/2025:21:25:09 +0000] "POST /wp-cron.php?doing_wp_cron=1753133109.0485489368438720703125 HTTP/1.1" 200 - "-" "WordPress/6.8.2; https://alalamy.com.au"
20.171.207.22 - - [21/Jul/2025:21:25:07 +0000] "GET /shopbrand/169351341.htm HTTP/1.1" 404 20401 "-" "Mozilla/5.0 AppleWebKit/537.36 (KHTML, like Gecko; compatible; GPTBot/1.2; +https://openai.com/gptbot)"
209.74.77.214 - - [21/Jul/2025:21:25:09 +0000] "POST /wp-admin/admin-ajax.php?action=async_litespeed&nonce=KCUXGPnLNNmm2zO7RYf4R03uf8plHowT&litespeed_type=imgoptm HTTP/1.1" 200 21 "-" "WordPress/6.8.2; https://alalamy.com.au"
51.222.253.19 - - [21/Jul/2025:21:25:11 +0000] "GET /shopbrand/112294.htm HTTP/1.1" 404 20401 "-" "Mozilla/5.0 (compatible; AhrefsBot/7.0; +http://ahrefs.com/robot/)"
57.141.2.9 - - [21/Jul/2025:21:25:21 +0000] "GET /shopbrand/113355735.htm HTTP/1.1" 404 98911 "-" "meta-externalagent/1.1 (+https://developers.facebook.com/docs/sharing/webmasters/crawler)"
209.74.77.214 - - [21/Jul/2025:21:25:38 +0000] "POST /wp-cron.php?doing_wp_cron=1753133138.7681570053100585937500 HTTP/1.1" 200 - "-" "WordPress/6.8.2; https://alalamy.com.au"
57.141.2.10 - - [21/Jul/2025:21:25:38 +0000] "GET /shopbrand/113256900.htm HTTP/1.1" 404 98911 "-" "meta-externalagent/1.1 (+https://developers.facebook.com/docs/sharing/webmasters/crawler)"
57.141.2.29 - - [21/Jul/2025:21:25:42 +0000] "GET /shopbrand/113246793.htm HTTP/1.1" 404 98911 "-" "meta-externalagent/1.1 (+https://developers.facebook.com/docs/sharing/webmasters/crawler)"
57.141.2.16 - - [21/Jul/2025:21:25:45 +0000] "GET /shopbrand/113288890.htm HTTP/1.1" 404 98911 "-" "meta-externalagent/1.1 (+https://developers.facebook.com/docs/sharing/webmasters/crawler)"
51.222.253.14 - - [21/Jul/2025:21:25:45 +0000] "GET /shopbrand/112850.htm HTTP/1.1" 404 20401 "-" "Mozilla/5.0 (compatible; AhrefsBot/7.0; +http://ahrefs.com/robot/)"
57.141.2.10 - - [21/Jul/2025:21:25:46 +0000] "GET /shopbrand/113294591.htm HTTP/1.1" 404 98911 "-" "meta-externalagent/1.1 (+https://developers.facebook.com/docs/sharing/webmasters/crawler)"
209.74.77.214 - - [21/Jul/2025:21:25:51 +0000] "POST /wp-cron.php?doing_wp_cron=1753133151.5553159713745117187500 HTTP/1.1" 200 - "-" "WordPress/6.8.2; https://alalamy.com.au"
57.141.2.10 - - [21/Jul/2025:21:25:51 +0000] "GET /shopbrand/113287780.htm HTTP/1.1" 404 98911 "-" "meta-externalagent/1.1 (+https://developers.facebook.com/docs/sharing/webmasters/crawler)"
57.141.2.9 - - [21/Jul/2025:21:25:54 +0000] "GET /shopbrand/113282377.htm HTTP/1.1" 404 98911 "-" "meta-externalagent/1.1 (+https://developers.facebook.com/docs/sharing/webmasters/crawler)"
57.141.2.28 - - [21/Jul/2025:21:25:57 +0000] "GET /shopbrand/113299869.htm HTTP/1.1" 404 98911 "-" "meta-externalagent/1.1 (+https://developers.facebook.com/docs/sharing/webmasters/crawler)"
57.141.2.20 - - [21/Jul/2025:21:26:00 +0000] "GET /shopbrand/113339329.htm HTTP/1.1" 404 98911 "-" "meta-externalagent/1.1 (+https://developers.facebook.com/docs/sharing/webmasters/crawler)"
209.74.77.214 - - [21/Jul/2025:21:26:02 +0000] "POST /wp-cron.php?doing_wp_cron=1753133162.8623321056365966796875 HTTP/1.1" 200 - "-" "WordPress/6.8.2; https://alalamy.com.au"
57.141.2.28 - - [21/Jul/2025:21:26:02 +0000] "GET /shopbrand/113309480.htm HTTP/1.1" 404 98911 "-" "meta-externalagent/1.1 (+https://developers.facebook.com/docs/sharing/webmasters/crawler)"
209.74.77.214 - - [21/Jul/2025:21:26:03 +0000] "POST /wp-admin/admin-ajax.php?action=async_litespeed&nonce=TO0PgNYV8ZJmw0u2Yx7pWV14vY7yVeOT&litespeed_type=imgoptm HTTP/1.1" 200 21 "-" "WordPress/6.8.2; https://alalamy.com.au"
57.141.2.27 - - [21/Jul/2025:21:26:09 +0000] "GET /shopbrand/113334625.htm HTTP/1.1" 404 98911 "-" "meta-externalagent/1.1 (+https://developers.facebook.com/docs/sharing/webmasters/crawler)"
20.171.207.22 - - [21/Jul/2025:21:26:12 +0000] "GET /shopbrand/169359981.htm HTTP/1.1" 404 20401 "-" "Mozilla/5.0 AppleWebKit/537.36 (KHTML, like Gecko; compatible; GPTBot/1.2; +https://openai.com/gptbot)"
57.141.2.4 - - [21/Jul/2025:21:26:31 +0000] "GET /shopbrand/113271116.htm HTTP/1.1" 404 98911 "-" "meta-externalagent/1.1 (+https://developers.facebook.com/docs/sharing/webmasters/crawler)"
209.74.77.214 - - [21/Jul/2025:21:26:34 +0000] "POST /wp-cron.php?doing_wp_cron=1753133194.3923759460449218750000 HTTP/1.1" 200 - "-" "WordPress/6.8.2; https://alalamy.com.au"
57.141.2.21 - - [21/Jul/2025:21:26:34 +0000] "GET /shopbrand/113321281.htm HTTP/1.1" 404 98911 "-" "meta-externalagent/1.1 (+https://developers.facebook.com/docs/sharing/webmasters/crawler)"
57.141.2.6 - - [21/Jul/2025:21:26:35 +0000] "GET /shopbrand/113269871.htm HTTP/1.1" 404 98911 "-" "meta-externalagent/1.1 (+https://developers.facebook.com/docs/sharing/webmasters/crawler)"
57.141.2.6 - - [21/Jul/2025:21:26:40 +0000] "GET /shopbrand/113296402.htm HTTP/1.1" 404 98911 "-" "meta-externalagent/1.1 (+https://developers.facebook.com/docs/sharing/webmasters/crawler)"
57.141.2.10 - - [21/Jul/2025:21:26:47 +0000] "GET /shopbrand/113365461.htm HTTP/1.1" 404 98911 "-" "meta-externalagent/1.1 (+https://developers.facebook.com/docs/sharing/webmasters/crawler)"
209.74.77.214 - - [21/Jul/2025:21:26:52 +0000] "POST /wp-cron.php?doing_wp_cron=1753133212.4970519542694091796875 HTTP/1.1" 200 - "-" "WordPress/6.8.2; https://alalamy.com.au"
51.222.253.7 - - [21/Jul/2025:21:26:52 +0000] "GET /shopbrand/113996.htm HTTP/1.1" 404 20401 "-" "Mozilla/5.0 (compatible; AhrefsBot/7.0; +http://ahrefs.com/robot/)"
57.141.2.18 - - [21/Jul/2025:21:26:52 +0000] "GET /shopbrand/113361728.htm HTTP/1.1" 404 98911 "-" "meta-externalagent/1.1 (+https://developers.facebook.com/docs/sharing/webmasters/crawler)"
216.73.216.97 - - [21/Jul/2025:21:27:00 +0000] "GET /shopbrand/160907379.htm HTTP/1.1" 404 20401 "-" "Mozilla/5.0 AppleWebKit/537.36 (KHTML, like Gecko; compatible; ClaudeBot/1.0; [email protected])"
57.141.2.12 - - [21/Jul/2025:21:27:00 +0000] "GET /shopbrand/113303646.htm HTTP/1.1" 404 98911 "-" "meta-externalagent/1.1 (+https://developers.facebook.com/docs/sharing/webmasters/crawler)"
209.74.77.214 - - [21/Jul/2025:21:27:04 +0000] "POST /wp-cron.php?doing_wp_cron=1753133224.6696310043334960937500 HTTP/1.1" 200 - "-" "WordPress/6.8.2; https://alalamy.com.au"
57.141.2.19 - - [21/Jul/2025:21:27:04 +0000] "GET /shopbrand/113291273.htm HTTP/1.1" 404 98911 "-" "meta-externalagent/1.1 (+https://developers.facebook.com/docs/sharing/webmasters/crawler)"
209.74.77.214 - - [21/Jul/2025:21:27:04 +0000] "POST /wp-admin/admin-ajax.php?action=async_litespeed&nonce=o2Eso7apiM4fBmsxtx8pNbWoTq5Cq0rN&litespeed_type=imgoptm HTTP/1.1" 200 21 "-" "WordPress/6.8.2; https://alalamy.com.au"
57.141.2.6 - - [21/Jul/2025:21:27:12 +0000] "GET /shopbrand/113354085.htm HTTP/1.1" 404 98911 "-" "meta-externalagent/1.1 (+https://developers.facebook.com/docs/sharing/webmasters/crawler)"
20.171.207.22 - - [21/Jul/2025:21:27:13 +0000] "GET /shopbrand/169277959.htm HTTP/1.1" 404 20401 "-" "Mozilla/5.0 AppleWebKit/537.36 (KHTML, like Gecko; compatible; GPTBot/1.2; +https://openai.com/gptbot)"
57.141.2.28 - - [21/Jul/2025:21:27:16 +0000] "GET /shopbrand/113351180.htm HTTP/1.1" 404 98911 "-" "meta-externalagent/1.1 (+https://developers.facebook.com/docs/sharing/webmasters/crawler)"
57.141.2.7 - - [21/Jul/2025:21:27:21 +0000] "GET /shopbrand/113293082.htm HTTP/1.1" 404 98911 "-" "meta-externalagent/1.1 (+https://developers.facebook.com/docs/sharing/webmasters/crawler)"
51.222.253.14 - - [21/Jul/2025:21:27:23 +0000] "GET /shopbrand/114262.htm HTTP/1.1" 404 20401 "-" "Mozilla/5.0 (compatible; AhrefsBot/7.0; +http://ahrefs.com/robot/)"
209.74.77.214 - - [21/Jul/2025:21:27:33 +0000] "POST /wp-cron.php?doing_wp_cron=1753133253.7022180557250976562500 HTTP/1.1" 200 - "-" "WordPress/6.8.2; https://alalamy.com.au"
198.235.24.169 - - [21/Jul/2025:21:27:33 +0000] "GET / HTTP/1.1" 200 144510 "http://209.74.77.214:80/" "-"
209.74.77.214 - - [21/Jul/2025:21:27:54 +0000] "POST /wp-cron.php?doing_wp_cron=1753133274.8437299728393554687500 HTTP/1.1" 200 - "-" "WordPress/6.8.2; https://alalamy.com.au"
51.222.253.5 - - [21/Jul/2025:21:27:54 +0000] "GET /shopbrand/114975.htm HTTP/1.1" 404 20401 "-" "Mozilla/5.0 (compatible; AhrefsBot/7.0; +http://ahrefs.com/robot/)"
209.74.77.214 - - [21/Jul/2025:21:28:01 +0000] "POST /wp-cron.php?doing_wp_cron=1753133281.0890910625457763671875 HTTP/1.1" 200 - "-" "WordPress/6.8.2; https://alalamy.com.au"
57.141.2.20 - - [21/Jul/2025:21:28:00 +0000] "GET /shopbrand/113331571.htm HTTP/1.1" 404 98911 "-" "meta-externalagent/1.1 (+https://developers.facebook.com/docs/sharing/webmasters/crawler)"
209.74.77.214 - - [21/Jul/2025:21:28:01 +0000] "POST /wp-admin/admin-ajax.php?action=async_litespeed&nonce=nR57IBjBmHEQEFFbCHqcNbrIJ1WiA0eH&litespeed_type=imgoptm HTTP/1.1" 200 21 "-" "WordPress/6.8.2; https://alalamy.com.au"
216.73.216.97 - - [21/Jul/2025:21:28:11 +0000] "GET /shopbrand/247700903.htm HTTP/1.1" 404 20401 "-" "Mozilla/5.0 AppleWebKit/537.36 (KHTML, like Gecko; compatible; ClaudeBot/1.0; [email protected])"
216.73.216.97 - - [21/Jul/2025:21:28:14 +0000] "GET /shopbrand/247735234.htm HTTP/1.1" 404 20401 "-" "Mozilla/5.0 AppleWebKit/537.36 (KHTML, like Gecko; compatible; ClaudeBot/1.0; [email protected])"
216.73.216.97 - - [21/Jul/2025:21:28:17 +0000] "GET /shopbrand/247766114.htm HTTP/1.1" 404 20401 "-" "Mozilla/5.0 AppleWebKit/537.36 (KHTML, like Gecko; compatible; ClaudeBot/1.0; [email protected])"
20.171.207.22 - - [21/Jul/2025:21:28:19 +0000] "GET /shopbrand/169252232.htm HTTP/1.1" 404 20401 "-" "Mozilla/5.0 AppleWebKit/537.36 (KHTML, like Gecko; compatible; GPTBot/1.2; +https://openai.com/gptbot)"
216.73.216.97 - - [21/Jul/2025:21:28:20 +0000] "GET /shopbrand/247706056.htm HTTP/1.1" 404 20401 "-" "Mozilla/5.0 AppleWebKit/537.36 (KHTML, like Gecko; compatible; ClaudeBot/1.0; [email protected])"
216.73.216.97 - - [21/Jul/2025:21:28:23 +0000] "GET /shopbrand/247670897.htm HTTP/1.1" 404 20401 "-" "Mozilla/5.0 AppleWebKit/537.36 (KHTML, like Gecko; compatible; ClaudeBot/1.0; [email protected])"
216.73.216.97 - - [21/Jul/2025:21:28:26 +0000] "GET /shopbrand/247769881.htm HTTP/1.1" 404 20401 "-" "Mozilla/5.0 AppleWebKit/537.36 (KHTML, like Gecko; compatible; ClaudeBot/1.0; [email protected])"
51.222.253.7 - - [21/Jul/2025:21:28:28 +0000] "GET /shopbrand/116071.htm HTTP/1.1" 404 20401 "-" "Mozilla/5.0 (compatible; AhrefsBot/7.0; +http://ahrefs.com/robot/)"
216.73.216.97 - - [21/Jul/2025:21:28:29 +0000] "GET /shopbrand/247658540.htm HTTP/1.1" 404 20401 "-" "Mozilla/5.0 AppleWebKit/537.36 (KHTML, like Gecko; compatible; ClaudeBot/1.0; [email protected])"
209.74.77.214 - - [21/Jul/2025:21:28:33 +0000] "POST /wp-cron.php?doing_wp_cron=1753133313.6263809204101562500000 HTTP/1.1" 200 - "-" "WordPress/6.8.2; https://alalamy.com.au"
216.73.216.97 - - [21/Jul/2025:21:28:33 +0000] "GET /shopbrand/247668830.htm HTTP/1.1" 404 20401 "-" "Mozilla/5.0 AppleWebKit/537.36 (KHTML, like Gecko; compatible; ClaudeBot/1.0; [email protected])"
216.73.216.97 - - [21/Jul/2025:21:28:35 +0000] "GET /shopbrand/247685909.htm HTTP/1.1" 404 20401 "-" "Mozilla/5.0 AppleWebKit/537.36 (KHTML, like Gecko; compatible; ClaudeBot/1.0; [email protected])"
216.73.216.97 - - [21/Jul/2025:21:28:38 +0000] "GET /shopbrand/247657851.htm HTTP/1.1" 404 20401 "-" "Mozilla/5.0 AppleWebKit/537.36 (KHTML, like Gecko; compatible; ClaudeBot/1.0; [email protected])"
216.73.216.97 - - [21/Jul/2025:21:28:41 +0000] "GET /shopbrand/247761100.htm HTTP/1.1" 404 20401 "-" "Mozilla/5.0 AppleWebKit/537.36 (KHTML, like Gecko; compatible; ClaudeBot/1.0; [email protected])"
216.73.216.97 - - [21/Jul/2025:21:28:44 +0000] "GET /shopbrand/247719110.htm HTTP/1.1" 404 20401 "-" "Mozilla/5.0 AppleWebKit/537.36 (KHTML, like Gecko; compatible; ClaudeBot/1.0; [email protected])"
