209.74.77.214 - - [21/Jul/2025:12:53:07 +0000] "POST /wp-cron.php?doing_wp_cron=1753102387.4957029819488525390625 HTTP/1.1" 200 - "-" "WordPress/6.8.2; https://alalamy.com.au"
51.222.253.7 - - [21/Jul/2025:12:53:07 +0000] "GET /items/health/vitamins/5149212/ HTTP/1.1" 404 20401 "-" "Mozilla/5.0 (compatible; AhrefsBot/7.0; +http://ahrefs.com/robot/)"
209.74.77.214 - - [21/Jul/2025:12:53:07 +0000] "POST /wp-admin/admin-ajax.php?action=async_litespeed&nonce=rUqDzCqhnpxuKqADZttyrQOWgYD48Hcw&litespeed_type=imgoptm HTTP/1.1" 200 21 "-" "WordPress/6.8.2; https://alalamy.com.au"
209.74.77.214 - - [21/Jul/2025:12:54:13 +0000] "POST /wp-cron.php?doing_wp_cron=1753102453.4472401142120361328125 HTTP/1.1" 200 - "-" "WordPress/6.8.2; https://alalamy.com.au"
51.222.253.1 - - [21/Jul/2025:12:54:10 +0000] "GET /items/hobbies/painting-brushes/5497889/ HTTP/1.1" 404 20401 "-" "Mozilla/5.0 (compatible; AhrefsBot/7.0; +http://ahrefs.com/robot/)"
209.74.77.214 - - [21/Jul/2025:12:54:13 +0000] "POST /wp-admin/admin-ajax.php?action=async_litespeed&nonce=d96sE1XsuWU4rztIgP8LGCqMSOBYCmNw&litespeed_type=imgoptm HTTP/1.1" 200 21 "-" "WordPress/6.8.2; https://alalamy.com.au"
209.74.77.214 - - [21/Jul/2025:12:55:08 +0000] "POST /wp-cron.php?doing_wp_cron=1753102508.2238740921020507812500 HTTP/1.1" 200 - "-" "WordPress/6.8.2; https://alalamy.com.au"
51.222.253.3 - - [21/Jul/2025:12:55:07 +0000] "GET /items/hobbies/paintings/1647279/ HTTP/1.1" 404 20401 "-" "Mozilla/5.0 (compatible; AhrefsBot/7.0; +http://ahrefs.com/robot/)"
209.74.77.214 - - [21/Jul/2025:12:55:08 +0000] "POST /wp-admin/admin-ajax.php?action=async_litespeed&nonce=OTJqjCO40jR0vMHnA2KxY76MQSA7TbPJ&litespeed_type=imgoptm HTTP/1.1" 200 21 "-" "WordPress/6.8.2; https://alalamy.com.au"
66.249.65.166 - - [21/Jul/2025:12:55:39 +0000] "GET /items/sports/golf/2111973 HTTP/1.1" 200 20075 "-" "Mozilla/5.0 (Linux; Android 6.0.1; Nexus 5X Build/MMB29P) AppleWebKit/537.36 (KHTML, like Gecko) Chrome/137.0.7151.103 Mobile Safari/537.36 (compatible; GoogleOther)"
51.222.253.8 - - [21/Jul/2025:12:55:59 +0000] "GET /items/home-appliances/air-conditioning/3525538/ HTTP/1.1" 404 20401 "-" "Mozilla/5.0 (compatible; AhrefsBot/7.0; +http://ahrefs.com/robot/)"
66.249.65.164 - - [21/Jul/2025:12:56:19 +0000] "POST /get-message-notify HTTP/1.1" 200 19553 "https://alalamy.com.au/items/sports/golf/2111973" "Mozilla/5.0 (Linux; Android 6.0.1; Nexus 5X Build/MMB29P) AppleWebKit/537.36 (KHTML, like Gecko) Chrome/137.0.7151.119 Mobile Safari/537.36 (compatible; Googlebot/2.1; +http://www.google.com/bot.html)"
209.74.77.214 - - [21/Jul/2025:12:56:56 +0000] "POST /wp-admin/admin-ajax.php?action=async_litespeed&nonce=Sz14HbVk7YI896qBx4odYIcnLENXOFCV&litespeed_type=imgoptm HTTP/1.1" 200 21 "-" "WordPress/6.8.2; https://alalamy.com.au"
51.222.253.19 - - [21/Jul/2025:12:56:58 +0000] "GET /items/home-appliances/air-purifiers/2270165/ HTTP/1.1" 404 20400 "-" "Mozilla/5.0 (compatible; AhrefsBot/7.0; +http://ahrefs.com/robot/)"
209.74.77.214 - - [21/Jul/2025:12:57:58 +0000] "POST /wp-admin/admin-ajax.php?action=async_litespeed&nonce=qKr5EhMBj9jXM7BMBUTWHghfcKNfghkc&litespeed_type=imgoptm HTTP/1.1" 200 21 "-" "WordPress/6.8.2; https://alalamy.com.au"
209.74.77.214 - - [21/Jul/2025:12:58:02 +0000] "POST /wp-cron.php?doing_wp_cron=1753102682.5997729301452636718750 HTTP/1.1" 200 - "-" "WordPress/6.8.2; https://alalamy.com.au"
51.222.253.4 - - [21/Jul/2025:12:58:02 +0000] "GET /items/home-appliances/appliances/2582545/ HTTP/1.1" 404 20401 "-" "Mozilla/5.0 (compatible; AhrefsBot/7.0; +http://ahrefs.com/robot/)"
209.74.77.214 - - [21/Jul/2025:12:58:02 +0000] "POST /wp-admin/admin-ajax.php?action=async_litespeed&nonce=5HkGipKg53nLPgXu5SoNEDr76wYnoeSW&litespeed_type=imgoptm HTTP/1.1" 200 21 "-" "WordPress/6.8.2; https://alalamy.com.au"
66.249.65.166 - - [21/Jul/2025:12:58:44 +0000] "GET /?k=119508447051900&mod=43460ad1&uri=itm.php%3Fid%3D3988363-827%26name%3Dgrifo+cocina+hosteleria HTTP/1.1" 200 19608 "-" "Mozilla/5.0 (Linux; Android 6.0.1; Nexus 5X Build/MMB29P) AppleWebKit/537.36 (KHTML, like Gecko) Chrome/137.0.7151.103 Mobile Safari/537.36 (compatible; Googlebot/2.1; +http://www.google.com/bot.html)"
209.74.77.214 - - [21/Jul/2025:12:58:59 +0000] "POST /wp-cron.php?doing_wp_cron=1753102739.4819068908691406250000 HTTP/1.1" 200 - "-" "WordPress/6.8.2; https://alalamy.com.au"
51.222.253.3 - - [21/Jul/2025:12:58:57 +0000] "GET /items/home-appliances/freezer/3694332/ HTTP/1.1" 404 20401 "-" "Mozilla/5.0 (compatible; AhrefsBot/7.0; +http://ahrefs.com/robot/)"
209.74.77.214 - - [21/Jul/2025:12:59:39 +0000] "POST /wp-cron.php?doing_wp_cron=1753102779.5663759708404541015625 HTTP/1.1" 200 - "-" "WordPress/6.8.2; https://alalamy.com.au"
51.222.253.16 - - [21/Jul/2025:12:59:37 +0000] "GET /items/home-appliances/mochi-maker/1834385/ HTTP/1.1" 404 20401 "-" "Mozilla/5.0 (compatible; AhrefsBot/7.0; +http://ahrefs.com/robot/)"
209.74.77.214 - - [21/Jul/2025:12:59:39 +0000] "POST /wp-admin/admin-ajax.php?action=async_litespeed&nonce=JCRBEe9zSgDBiY5Aiez2yiUrtl3cfEc5&litespeed_type=imgoptm HTTP/1.1" 200 21 "-" "WordPress/6.8.2; https://alalamy.com.au"
209.74.77.214 - - [21/Jul/2025:13:00:13 +0000] "POST /wp-cron.php?doing_wp_cron=1753102813.6769809722900390625000 HTTP/1.1" 200 - "-" "WordPress/6.8.2; https://alalamy.com.au"
47.82.11.63 - - [21/Jul/2025:13:00:13 +0000] "GET /?k=6406706011900&mod=55e58848&uri=shared.php?id%3D213986-183%26name%3Dhero+bikes+bs6+model+price HTTP/1.1" 301 - "https://alalamy.com.au/?k=6406706011900&mod=55e58848&uri=shared.php%3Fid%3D213986-183%26name%3Dhero+bikes+bs6+model+price" "Mozilla/5.0 (Windows NT 10.0; Win64; x64) AppleWebKit/537.36 (KHTML, like Gecko) Chrome/114.0.0.0 Safari/537.36 Edg/114.0.1823.43"
209.74.77.214 - - [21/Jul/2025:13:00:14 +0000] "POST /wp-admin/admin-ajax.php?action=async_litespeed&nonce=X4fRIHNtlNxXSNkSmDmkL1OWrnnulrNs&litespeed_type=imgoptm HTTP/1.1" 200 21 "-" "WordPress/6.8.2; https://alalamy.com.au"
47.82.11.63 - - [21/Jul/2025:13:00:14 +0000] "GET /?k=6406706011900&mod=55e58848&uri=shared.php?id%3D213986-183%26name%3Dhero%20bikes%20bs6%20model%20price HTTP/1.1" 301 - "https://alalamy.com.au/?k=6406706011900&mod=55e58848&uri=shared.php%3Fid%3D213986-183%26name%3Dhero+bikes+bs6+model+price" "Mozilla/5.0 (Windows NT 10.0; Win64; x64) AppleWebKit/537.36 (KHTML, like Gecko) Chrome/114.0.0.0 Safari/537.36 Edg/114.0.1823.43"
209.74.77.214 - - [21/Jul/2025:13:00:55 +0000] "POST /wp-cron.php?doing_wp_cron=1753102855.2732470035552978515625 HTTP/1.1" 200 - "-" "WordPress/6.8.2; https://alalamy.com.au"
51.222.253.3 - - [21/Jul/2025:13:00:51 +0000] "GET /items/home-appliances/refrigerator/4283968/ HTTP/1.1" 404 20401 "-" "Mozilla/5.0 (compatible; AhrefsBot/7.0; +http://ahrefs.com/robot/)"
66.249.65.164 - - [21/Jul/2025:13:00:57 +0000] "GET /?items/fashion/womens/4623718/alalamy.com.au/events/alalamy.com.au/pcmypage?callback=/product%2Fdetail%2F32709750 HTTP/1.1" 200 20758 "-" "Mozilla/5.0 (Linux; Android 6.0.1; Nexus 5X Build/MMB29P) AppleWebKit/537.36 (KHTML, like Gecko) Chrome/137.0.7151.103 Mobile Safari/537.36 (compatible; GoogleOther)"
66.249.65.164 - - [21/Jul/2025:13:01:00 +0000] "POST /get-message-notify HTTP/1.1" 200 19553 "https://alalamy.com.au/?items/fashion/womens/4623718/alalamy.com.au/events/alalamy.com.au/pcmypage?callback=/product%2Fdetail%2F32709750" "Mozilla/5.0 (Linux; Android 6.0.1; Nexus 5X Build/MMB29P) AppleWebKit/537.36 (KHTML, like Gecko) Chrome/137.0.7151.119 Mobile Safari/537.36 (compatible; Googlebot/2.1; +http://www.google.com/bot.html)"
209.74.77.214 - - [21/Jul/2025:13:01:40 +0000] "POST /wp-cron.php?doing_wp_cron=1753102900.7674989700317382812500 HTTP/1.1" 200 - "-" "WordPress/6.8.2; https://alalamy.com.au"
57.141.2.29 - - [21/Jul/2025:13:01:37 +0000] "GET /?k=43577845111900& HTTP/1.1" 301 - "-" "meta-externalagent/1.1 (+https://developers.facebook.com/docs/sharing/webmasters/crawler)"
209.74.77.214 - - [21/Jul/2025:13:01:41 +0000] "POST /wp-admin/admin-ajax.php?action=async_litespeed&nonce=ZFXxhS8gZSETD1PDol5xnpnYdduF2ntz&litespeed_type=imgoptm HTTP/1.1" 200 21 "-" "WordPress/6.8.2; https://alalamy.com.au"
209.74.77.214 - - [21/Jul/2025:13:02:03 +0000] "POST /wp-admin/admin-ajax.php?action=async_litespeed&nonce=vtaw2Zf4VNJyylD4BJ8LRqfXaemzqSXC&litespeed_type=imgoptm HTTP/1.1" 200 21 "-" "WordPress/6.8.2; https://alalamy.com.au"
51.222.253.3 - - [21/Jul/2025:13:02:10 +0000] "GET /items/home-appliances/smoking-accessories/4883175/ HTTP/1.1" 404 20401 "-" "Mozilla/5.0 (compatible; AhrefsBot/7.0; +http://ahrefs.com/robot/)"
209.74.77.214 - - [21/Jul/2025:13:03:10 +0000] "POST /wp-admin/admin-ajax.php?action=async_litespeed&nonce=WAtdkMWxgJ8GmCaJ6XRLItXWvq3wAGSF&litespeed_type=imgoptm HTTP/1.1" 200 21 "-" "WordPress/6.8.2; https://alalamy.com.au"
51.222.253.9 - - [21/Jul/2025:13:03:23 +0000] "GET /items/interior/bedding/2766201/ HTTP/1.1" 404 20401 "-" "Mozilla/5.0 (compatible; AhrefsBot/7.0; +http://ahrefs.com/robot/)"
209.74.77.214 - - [21/Jul/2025:13:04:10 +0000] "POST /wp-admin/admin-ajax.php?action=async_litespeed&nonce=2Ergb18hyLFt0uhwApQVgEZSI2dli36l&litespeed_type=imgoptm HTTP/1.1" 200 21 "-" "WordPress/6.8.2; https://alalamy.com.au"
209.74.77.214 - - [21/Jul/2025:13:04:34 +0000] "POST /wp-cron.php?doing_wp_cron=1753103074.0830399990081787109375 HTTP/1.1" 200 - "-" "WordPress/6.8.2; https://alalamy.com.au"
51.222.253.15 - - [21/Jul/2025:13:04:33 +0000] "GET /items/interior/interior-clocks/4647525/ HTTP/1.1" 404 20401 "-" "Mozilla/5.0 (compatible; AhrefsBot/7.0; +http://ahrefs.com/robot/)"
57.141.2.21 - - [21/Jul/2025:13:04:47 +0000] "GET /?k=19228147031900& HTTP/1.1" 301 - "-" "meta-externalagent/1.1 (+https://developers.facebook.com/docs/sharing/webmasters/crawler)"
209.74.77.214 - - [21/Jul/2025:13:05:15 +0000] "POST /wp-admin/admin-ajax.php?action=async_litespeed&nonce=B0u8ytO5w8an6cIUYe2JxzRtKjHXfgE8&litespeed_type=imgoptm HTTP/1.1" 200 21 "-" "WordPress/6.8.2; https://alalamy.com.au"
51.222.253.10 - - [21/Jul/2025:13:05:31 +0000] "GET /items/magazines/books/2793229/ HTTP/1.1" 404 20401 "-" "Mozilla/5.0 (compatible; AhrefsBot/7.0; +http://ahrefs.com/robot/)"
209.74.77.214 - - [21/Jul/2025:13:06:18 +0000] "POST /wp-admin/admin-ajax.php?action=async_litespeed&nonce=eo7j11CpYHMmrMYUiZ6zqvGERlfupYTy&litespeed_type=imgoptm HTTP/1.1" 200 21 "-" "WordPress/6.8.2; https://alalamy.com.au"
209.74.77.214 - - [21/Jul/2025:13:06:47 +0000] "POST /wp-cron.php?doing_wp_cron=1753103207.4866020679473876953125 HTTP/1.1" 200 - "-" "WordPress/6.8.2; https://alalamy.com.au"
51.222.253.4 - - [21/Jul/2025:13:06:47 +0000] "GET /items/magazines/health/1706838/ HTTP/1.1" 404 20401 "-" "Mozilla/5.0 (compatible; AhrefsBot/7.0; +http://ahrefs.com/robot/)"
209.74.77.214 - - [21/Jul/2025:13:07:18 +0000] "POST /wp-admin/admin-ajax.php?action=async_litespeed&nonce=yOASANTMYtqqEaEHyxmpGyq86f14f3JW&litespeed_type=imgoptm HTTP/1.1" 200 21 "-" "WordPress/6.8.2; https://alalamy.com.au"
209.74.77.214 - - [21/Jul/2025:13:07:54 +0000] "POST /wp-cron.php?doing_wp_cron=1753103274.6779739856719970703125 HTTP/1.1" 200 - "-" "WordPress/6.8.2; https://alalamy.com.au"
51.222.253.15 - - [21/Jul/2025:13:07:54 +0000] "GET /items/magazines/others/3097370/ HTTP/1.1" 404 20400 "-" "Mozilla/5.0 (compatible; AhrefsBot/7.0; +http://ahrefs.com/robot/)"
209.74.77.214 - - [21/Jul/2025:13:08:19 +0000] "POST /wp-admin/admin-ajax.php?action=async_litespeed&nonce=wJUf9G3x0ufi4Mhjn6EKI4YFBTDjf0ve&litespeed_type=imgoptm HTTP/1.1" 200 21 "-" "WordPress/6.8.2; https://alalamy.com.au"
209.74.77.214 - - [21/Jul/2025:13:08:46 +0000] "POST /wp-cron.php?doing_wp_cron=1753103326.1896829605102539062500 HTTP/1.1" 200 - "-" "WordPress/6.8.2; https://alalamy.com.au"
51.222.253.1 - - [21/Jul/2025:13:08:45 +0000] "GET /items/magazines/sports/5265666/ HTTP/1.1" 404 20401 "-" "Mozilla/5.0 (compatible; AhrefsBot/7.0; +http://ahrefs.com/robot/)"
209.74.77.214 - - [21/Jul/2025:13:09:25 +0000] "POST /wp-admin/admin-ajax.php?action=async_litespeed&nonce=vhtt6nOwVTqYSrWPyyh76rJmTow2Ekqf&litespeed_type=imgoptm HTTP/1.1" 200 21 "-" "WordPress/6.8.2; https://alalamy.com.au"
209.74.77.214 - - [21/Jul/2025:13:09:47 +0000] "POST /wp-cron.php?doing_wp_cron=1753103387.9570939540863037109375 HTTP/1.1" 200 - "-" "WordPress/6.8.2; https://alalamy.com.au"
51.222.253.9 - - [21/Jul/2025:13:09:47 +0000] "GET /items/manga/others/1639559/ HTTP/1.1" 404 20401 "-" "Mozilla/5.0 (compatible; AhrefsBot/7.0; +http://ahrefs.com/robot/)"
209.74.77.214 - - [21/Jul/2025:13:10:30 +0000] "POST /wp-admin/admin-ajax.php?action=async_litespeed&nonce=XluinmCOqiaqyCXtqvKDYLBd05PHp7mG&litespeed_type=imgoptm HTTP/1.1" 200 21 "-" "WordPress/6.8.2; https://alalamy.com.au"
209.74.77.214 - - [21/Jul/2025:13:10:46 +0000] "POST /wp-cron.php?doing_wp_cron=1753103446.3176140785217285156250 HTTP/1.1" 200 - "-" "WordPress/6.8.2; https://alalamy.com.au"
51.222.253.9 - - [21/Jul/2025:13:10:46 +0000] "GET /items/motorcycles/bicycles/2124231/ HTTP/1.1" 404 20401 "-" "Mozilla/5.0 (compatible; AhrefsBot/7.0; +http://ahrefs.com/robot/)"
209.74.77.214 - - [21/Jul/2025:13:11:08 +0000] "POST /wp-cron.php?doing_wp_cron=1753103468.2896149158477783203125 HTTP/1.1" 200 - "-" "WordPress/6.8.2; https://alalamy.com.au"
57.141.2.21 - - [21/Jul/2025:13:11:07 +0000] "GET /?k=114672395071900& HTTP/1.1" 301 - "-" "meta-externalagent/1.1 (+https://developers.facebook.com/docs/sharing/webmasters/crawler)"
209.74.77.214 - - [21/Jul/2025:13:11:08 +0000] "POST /wp-admin/admin-ajax.php?action=async_litespeed&nonce=1uS1sP2ry8mGrqH8QKfAppEiAJggSKaU&litespeed_type=imgoptm HTTP/1.1" 200 21 "-" "WordPress/6.8.2; https://alalamy.com.au"
57.141.2.24 - - [21/Jul/2025:13:11:22 +0000] "GET /?k=110201050041900& HTTP/1.1" 301 - "-" "meta-externalagent/1.1 (+https://developers.facebook.com/docs/sharing/webmasters/crawler)"
51.222.253.8 - - [21/Jul/2025:13:11:50 +0000] "GET /items/motorcycles/bicycles/5023953/ HTTP/1.1" 404 20401 "-" "Mozilla/5.0 (compatible; AhrefsBot/7.0; +http://ahrefs.com/robot/)"
209.74.77.214 - - [21/Jul/2025:13:12:40 +0000] "POST /wp-admin/admin-ajax.php?action=async_litespeed&nonce=C1vKOGDnAlrUjRjoARZ2f9wLeLeU4i8e&litespeed_type=imgoptm HTTP/1.1" 200 21 "-" "WordPress/6.8.2; https://alalamy.com.au"
51.222.253.13 - - [21/Jul/2025:13:12:49 +0000] "GET /items/motorcycles/cars/2215551/ HTTP/1.1" 404 20401 "-" "Mozilla/5.0 (compatible; AhrefsBot/7.0; +http://ahrefs.com/robot/)"
209.74.77.214 - - [21/Jul/2025:13:13:40 +0000] "POST /wp-cron.php?doing_wp_cron=1753103620.5360820293426513671875 HTTP/1.1" 200 - "-" "WordPress/6.8.2; https://alalamy.com.au"
47.82.11.37 - - [21/Jul/2025:13:13:38 +0000] "GET /?k=6669475021900&mod=ead6d4ad&uri=dp.php?id%3D222746-374%26name%3Dveste+jaune+fluo+nike HTTP/1.1" 301 - "https://alalamy.com.au/?k=6669475021900&mod=ead6d4ad&uri=dp.php%3Fid%3D222746-374%26name%3Dveste+jaune+fluo+nike" "Mozilla/5.0 (Windows NT 10.0; Win64; x64) AppleWebKit/537.36 (KHTML, like Gecko) Chrome/114.0.0.0 Safari/537.36 Edg/114.0.1823.43"
47.82.11.37 - - [21/Jul/2025:13:13:40 +0000] "GET /?k=6669475021900&mod=ead6d4ad&uri=dp.php?id%3D222746-374%26name%3Dveste%20jaune%20fluo%20nike HTTP/1.1" 301 - "https://alalamy.com.au/?k=6669475021900&mod=ead6d4ad&uri=dp.php%3Fid%3D222746-374%26name%3Dveste+jaune+fluo+nike" "Mozilla/5.0 (Windows NT 10.0; Win64; x64) AppleWebKit/537.36 (KHTML, like Gecko) Chrome/114.0.0.0 Safari/537.36 Edg/114.0.1823.43"
209.74.77.214 - - [21/Jul/2025:13:13:40 +0000] "POST /wp-admin/admin-ajax.php?action=async_litespeed&nonce=hWMuCeB8eQjMlflQ7MpGBIjZDoXOEpJj&litespeed_type=imgoptm HTTP/1.1" 200 21 "-" "WordPress/6.8.2; https://alalamy.com.au"
51.222.253.20 - - [21/Jul/2025:13:13:44 +0000] "GET /items/motorcycles/cars/2898666/ HTTP/1.1" 404 20401 "-" "Mozilla/5.0 (compatible; AhrefsBot/7.0; +http://ahrefs.com/robot/)"
66.249.65.164 - - [21/Jul/2025:13:14:05 +0000] "GET /?k=7356379021900&mod=8a1df180&uri=shop.php%3Fid%3D245686-143%26name%3Dshoes+37+in+us HTTP/1.1" 200 19587 "-" "Mozilla/5.0 (compatible; Googlebot/2.1; +http://www.google.com/bot.html)"
209.74.77.214 - - [21/Jul/2025:13:14:43 +0000] "POST /wp-cron.php?doing_wp_cron=1753103683.4895019531250000000000 HTTP/1.1" 200 - "-" "WordPress/6.8.2; https://alalamy.com.au"
51.222.253.1 - - [21/Jul/2025:13:14:41 +0000] "GET /items/motorcycles/cars/3498877/ HTTP/1.1" 404 20401 "-" "Mozilla/5.0 (compatible; AhrefsBot/7.0; +http://ahrefs.com/robot/)"
209.74.77.214 - - [21/Jul/2025:13:14:43 +0000] "POST /wp-admin/admin-ajax.php?action=async_litespeed&nonce=Cvv1BC9mAu44kojzL2K4UErTdqx4o3a4&litespeed_type=imgoptm HTTP/1.1" 200 21 "-" "WordPress/6.8.2; https://alalamy.com.au"
209.74.77.214 - - [21/Jul/2025:13:15:48 +0000] "POST /wp-cron.php?doing_wp_cron=1753103748.9181649684906005859375 HTTP/1.1" 200 - "-" "WordPress/6.8.2; https://alalamy.com.au"
209.74.77.214 - - [21/Jul/2025:13:15:49 +0000] "POST /wp-admin/admin-ajax.php?action=async_litespeed&nonce=WY2bg4ztFt2Hclz6rdEfjTd2Sc9zhwOt&litespeed_type=imgoptm HTTP/1.1" 200 21 "-" "WordPress/6.8.2; https://alalamy.com.au"
51.222.253.15 - - [21/Jul/2025:13:15:47 +0000] "GET /items/motorcycles/motorcycles/2954449/ HTTP/1.1" 404 20401 "-" "Mozilla/5.0 (compatible; AhrefsBot/7.0; +http://ahrefs.com/robot/)"
66.249.65.165 - - [21/Jul/2025:13:16:37 +0000] "GET /items/flowers/tuberous-plants/alalamy.com.au/kaitori/kaitoritop.html HTTP/1.1" 200 18954 "-" "Mozilla/5.0 (Linux; Android 6.0.1; Nexus 5X Build/MMB29P) AppleWebKit/537.36 (KHTML, like Gecko) Chrome/137.0.7151.103 Mobile Safari/537.36 (compatible; GoogleOther)"
209.74.77.214 - - [21/Jul/2025:13:16:52 +0000] "POST /wp-admin/admin-ajax.php?action=async_litespeed&nonce=ogCSQkX035dwsm0Pmv6uEATuW9ei6Mcd&litespeed_type=imgoptm HTTP/1.1" 200 21 "-" "WordPress/6.8.2; https://alalamy.com.au"
209.74.77.214 - - [21/Jul/2025:13:17:03 +0000] "POST /wp-cron.php?doing_wp_cron=1753103823.0277919769287109375000 HTTP/1.1" 200 - "-" "WordPress/6.8.2; https://alalamy.com.au"
51.222.253.3 - - [21/Jul/2025:13:17:02 +0000] "GET /items/musical-instruments/automobiles/4681523/ HTTP/1.1" 404 20401 "-" "Mozilla/5.0 (compatible; AhrefsBot/7.0; +http://ahrefs.com/robot/)"
209.74.77.214 - - [21/Jul/2025:13:17:03 +0000] "POST /wp-admin/admin-ajax.php?action=async_litespeed&nonce=rYQ7oYKRYX3XdZ6PY65mMxRN8HaQW3l0&litespeed_type=imgoptm HTTP/1.1" 200 21 "-" "WordPress/6.8.2; https://alalamy.com.au"
57.141.2.26 - - [21/Jul/2025:13:17:17 +0000] "GET /?k=102073197091900& HTTP/1.1" 301 - "-" "meta-externalagent/1.1 (+https://developers.facebook.com/docs/sharing/webmasters/crawler)"
209.74.77.214 - - [21/Jul/2025:13:18:07 +0000] "POST /wp-cron.php?doing_wp_cron=1753103887.7210750579833984375000 HTTP/1.1" 200 - "-" "WordPress/6.8.2; https://alalamy.com.au"
51.222.253.8 - - [21/Jul/2025:13:18:07 +0000] "GET /items/outdoor/fishing/4979651/ HTTP/1.1" 404 20401 "-" "Mozilla/5.0 (compatible; AhrefsBot/7.0; +http://ahrefs.com/robot/)"
209.74.77.214 - - [21/Jul/2025:13:18:07 +0000] "POST /wp-admin/admin-ajax.php?action=async_litespeed&nonce=SAolUB3DT7r08tLJvJ86qrI6GB3CbAi5&litespeed_type=imgoptm HTTP/1.1" 200 21 "-" "WordPress/6.8.2; https://alalamy.com.au"
57.141.2.19 - - [21/Jul/2025:13:18:24 +0000] "GET /?k=105907864001900& HTTP/1.1" 301 - "-" "meta-externalagent/1.1 (+https://developers.facebook.com/docs/sharing/webmasters/crawler)"
209.74.77.214 - - [21/Jul/2025:13:18:39 +0000] "POST /wp-cron.php?doing_wp_cron=1753103919.1691141128540039062500 HTTP/1.1" 200 - "-" "WordPress/6.8.2; https://alalamy.com.au"
57.141.2.9 - - [21/Jul/2025:13:18:38 +0000] "GET /?k=105907864001900 HTTP/1.1" 200 144492 "-" "meta-externalagent/1.1 (+https://developers.facebook.com/docs/sharing/webmasters/crawler)"
209.74.77.214 - - [21/Jul/2025:13:19:00 +0000] "POST /wp-cron.php?doing_wp_cron=1753103940.8327260017395019531250 HTTP/1.1" 200 - "-" "WordPress/6.8.2; https://alalamy.com.au"
51.222.253.2 - - [21/Jul/2025:13:19:00 +0000] "GET /items/outdoor/outdoor-bedding/3810515/ HTTP/1.1" 404 20401 "-" "Mozilla/5.0 (compatible; AhrefsBot/7.0; +http://ahrefs.com/robot/)"
209.74.77.214 - - [21/Jul/2025:13:19:01 +0000] "POST /wp-admin/admin-ajax.php?action=async_litespeed&nonce=RMeuENAFJN04hG35XKfKQM2130EeJ9rU&litespeed_type=imgoptm HTTP/1.1" 200 21 "-" "WordPress/6.8.2; https://alalamy.com.au"
57.141.2.23 - - [21/Jul/2025:13:19:13 +0000] "GET /?k=104965824011900& HTTP/1.1" 301 - "-" "meta-externalagent/1.1 (+https://developers.facebook.com/docs/sharing/webmasters/crawler)"
57.141.2.5 - - [21/Jul/2025:13:19:29 +0000] "GET /?k=104965824011900 HTTP/1.1" 200 144492 "-" "meta-externalagent/1.1 (+https://developers.facebook.com/docs/sharing/webmasters/crawler)"
209.74.77.214 - - [21/Jul/2025:13:19:52 +0000] "POST /wp-cron.php?doing_wp_cron=1753103992.1675031185150146484375 HTTP/1.1" 200 - "-" "WordPress/6.8.2; https://alalamy.com.au"
51.222.253.8 - - [21/Jul/2025:13:19:51 +0000] "GET /items/outdoor/reels/2132629/ HTTP/1.1" 404 20401 "-" "Mozilla/5.0 (compatible; AhrefsBot/7.0; +http://ahrefs.com/robot/)"
209.74.77.214 - - [21/Jul/2025:13:20:02 +0000] "POST /wp-admin/admin-ajax.php?action=async_litespeed&nonce=DgsGnDg1POkvcOFSM2CR2C9aMNgwXD90&litespeed_type=imgoptm HTTP/1.1" 200 21 "-" "WordPress/6.8.2; https://alalamy.com.au"
209.74.77.214 - - [21/Jul/2025:13:21:07 +0000] "POST /wp-admin/admin-ajax.php?action=async_litespeed&nonce=pGGaroEmBwqJWeidK8jHPvQGTWXBCgno&litespeed_type=imgoptm HTTP/1.1" 200 21 "-" "WordPress/6.8.2; https://alalamy.com.au"
66.249.65.165 - - [21/Jul/2025:13:21:32 +0000] "GET /items/decor/desk-chairs/4431964/ HTTP/1.1" 200 20291 "-" "Mozilla/5.0 (Linux; Android 6.0.1; Nexus 5X Build/MMB29P) AppleWebKit/537.36 (KHTML, like Gecko) Chrome/137.0.7151.103 Mobile Safari/537.36 (compatible; GoogleOther)"
209.74.77.214 - - [21/Jul/2025:13:21:37 +0000] "POST /wp-cron.php?doing_wp_cron=1753104097.6952660083770751953125 HTTP/1.1" 200 - "-" "WordPress/6.8.2; https://alalamy.com.au"
47.82.11.59 - - [21/Jul/2025:13:21:37 +0000] "GET /?k=6783715081900&mod=9c3916c3&uri=search.php?id%3D226558-380%26name%3Dpet+supplies+plus+nail+trim+cost HTTP/1.1" 301 - "https://alalamy.com.au/?k=6783715081900&mod=9c3916c3&uri=search.php%3Fid%3D226558-380%26name%3Dpet+supplies+plus+nail+trim+cost" "Mozilla/5.0 (Windows NT 10.0; Win64; x64) AppleWebKit/537.36 (KHTML, like Gecko) Chrome/114.0.0.0 Safari/537.36 Edg/114.0.1823.43"
47.82.11.59 - - [21/Jul/2025:13:21:37 +0000] "GET /?k=6783715081900&mod=9c3916c3&uri=search.php?id%3D226558-380%26name%3Dpet%20supplies%20plus%20nail%20trim%20cost HTTP/1.1" 301 - "https://alalamy.com.au/?k=6783715081900&mod=9c3916c3&uri=search.php%3Fid%3D226558-380%26name%3Dpet+supplies+plus+nail+trim+cost" "Mozilla/5.0 (Windows NT 10.0; Win64; x64) AppleWebKit/537.36 (KHTML, like Gecko) Chrome/114.0.0.0 Safari/537.36 Edg/114.0.1823.43"
47.82.11.59 - - [21/Jul/2025:13:21:38 +0000] "GET /?k=6672585021900&mod=ead6d4ad&uri=article.php?id%3D222850-374%26name%3Dtrench+burberry+femme HTTP/1.1" 301 - "https://alalamy.com.au/?k=6672585021900&mod=ead6d4ad&uri=article.php%3Fid%3D222850-374%26name%3Dtrench+burberry+femme" "Mozilla/5.0 (Windows NT 10.0; Win64; x64) AppleWebKit/537.36 (KHTML, like Gecko) Chrome/114.0.0.0 Safari/537.36 Edg/114.0.1823.43"
47.82.11.59 - - [21/Jul/2025:13:21:38 +0000] "GET /?k=6672585021900&mod=ead6d4ad&uri=article.php?id%3D222850-374%26name%3Dtrench%20burberry%20femme HTTP/1.1" 301 - "https://alalamy.com.au/?k=6672585021900&mod=ead6d4ad&uri=article.php%3Fid%3D222850-374%26name%3Dtrench+burberry+femme" "Mozilla/5.0 (Windows NT 10.0; Win64; x64) AppleWebKit/537.36 (KHTML, like Gecko) Chrome/114.0.0.0 Safari/537.36 Edg/114.0.1823.43"
66.249.65.165 - - [21/Jul/2025:13:21:50 +0000] "POST /get-message-notify HTTP/1.1" 200 19553 "https://alalamy.com.au/items/decor/desk-chairs/4431964/" "Mozilla/5.0 (Linux; Android 6.0.1; Nexus 5X Build/MMB29P) AppleWebKit/537.36 (KHTML, like Gecko) Chrome/137.0.7151.119 Mobile Safari/537.36 (compatible; Googlebot/2.1; +http://www.google.com/bot.html)"
209.74.77.214 - - [21/Jul/2025:13:22:02 +0000] "POST /wp-cron.php?doing_wp_cron=1753104122.0708999633789062500000 HTTP/1.1" 200 - "-" "WordPress/6.8.2; https://alalamy.com.au"
51.222.253.6 - - [21/Jul/2025:13:22:01 +0000] "GET /items/pet-supplies/cat-supplies/2331815/ HTTP/1.1" 404 20401 "-" "Mozilla/5.0 (compatible; AhrefsBot/7.0; +http://ahrefs.com/robot/)"
209.74.77.214 - - [21/Jul/2025:13:22:02 +0000] "POST /wp-admin/admin-ajax.php?action=async_litespeed&nonce=QYe2i6nsTqQQgSYwgttYjSOKfI2riSpU&litespeed_type=imgoptm HTTP/1.1" 200 21 "-" "WordPress/6.8.2; https://alalamy.com.au"
57.141.2.29 - - [21/Jul/2025:13:22:05 +0000] "GET /?k=29831926011900& HTTP/1.1" 301 - "-" "meta-externalagent/1.1 (+https://developers.facebook.com/docs/sharing/webmasters/crawler)"
57.141.2.14 - - [21/Jul/2025:13:22:29 +0000] "GET /?k=29831926011900 HTTP/1.1" 200 144492 "-" "meta-externalagent/1.1 (+https://developers.facebook.com/docs/sharing/webmasters/crawler)"
209.74.77.214 - - [21/Jul/2025:13:22:50 +0000] "POST /wp-cron.php?doing_wp_cron=1753104170.4918251037597656250000 HTTP/1.1" 200 - "-" "WordPress/6.8.2; https://alalamy.com.au"
51.222.253.16 - - [21/Jul/2025:13:22:50 +0000] "GET /items/pet-supplies/fish-supplies/4968252/ HTTP/1.1" 404 20401 "-" "Mozilla/5.0 (compatible; AhrefsBot/7.0; +http://ahrefs.com/robot/)"
209.74.77.214 - - [21/Jul/2025:13:23:08 +0000] "POST /wp-admin/admin-ajax.php?action=async_litespeed&nonce=5NEBIrG2WJUOgAuIO96VmTmjQI91aEw7&litespeed_type=imgoptm HTTP/1.1" 200 21 "-" "WordPress/6.8.2; https://alalamy.com.au"
209.74.77.214 - - [21/Jul/2025:13:23:43 +0000] "POST /wp-cron.php?doing_wp_cron=1753104223.8324220180511474609375 HTTP/1.1" 200 - "-" "WordPress/6.8.2; https://alalamy.com.au"
51.222.253.13 - - [21/Jul/2025:13:23:41 +0000] "GET /items/smartphones/ipads/4270213/ HTTP/1.1" 404 20401 "-" "Mozilla/5.0 (compatible; AhrefsBot/7.0; +http://ahrefs.com/robot/)"
209.74.77.214 - - [21/Jul/2025:13:24:01 +0000] "POST /wp-cron.php?doing_wp_cron=1753104241.6790139675140380859375 HTTP/1.1" 200 - "-" "WordPress/6.8.2; https://alalamy.com.au"
57.141.2.6 - - [21/Jul/2025:13:24:01 +0000] "GET /product-category/seafood/ HTTP/1.1" 200 101737 "-" "meta-externalagent/1.1 (+https://developers.facebook.com/docs/sharing/webmasters/crawler)"
209.74.77.214 - - [21/Jul/2025:13:24:01 +0000] "POST /wp-admin/admin-ajax.php?action=async_litespeed&nonce=7jEP04YVxCZn3dB7t4uzwALqHg3e6ZBU&litespeed_type=imgoptm HTTP/1.1" 200 21 "-" "WordPress/6.8.2; https://alalamy.com.au"
51.222.253.20 - - [21/Jul/2025:13:24:27 +0000] "GET /items/smartphones/macbooks/4720742/ HTTP/1.1" 404 20401 "-" "Mozilla/5.0 (compatible; AhrefsBot/7.0; +http://ahrefs.com/robot/)"
209.74.77.214 - - [21/Jul/2025:13:50:09 +0000] "POST /wp-cron.php?doing_wp_cron=1753105809.6923029422760009765625 HTTP/1.1" 200 - "-" "WordPress/6.8.2; https://alalamy.com.au"
47.82.11.38 - - [21/Jul/2025:13:50:08 +0000] "GET /?k=7304791001900&mod=1177967c&uri=blog.php?id%3D243963-22%26name%3Dherrenuhr+kautschukband HTTP/1.1" 301 - "https://alalamy.com.au/?k=7304791001900&mod=1177967c&uri=blog.php%3Fid%3D243963-22%26name%3Dherrenuhr+kautschukband" "Mozilla/5.0 (Windows NT 10.0; Win64; x64) AppleWebKit/537.36 (KHTML, like Gecko) Chrome/114.0.0.0 Safari/537.36 Edg/114.0.1823.43"
47.82.11.38 - - [21/Jul/2025:13:50:10 +0000] "GET /?k=7304791001900&mod=1177967c&uri=blog.php?id%3D243963-22%26name%3Dherrenuhr%20kautschukband HTTP/1.1" 301 - "https://alalamy.com.au/?k=7304791001900&mod=1177967c&uri=blog.php%3Fid%3D243963-22%26name%3Dherrenuhr+kautschukband" "Mozilla/5.0 (Windows NT 10.0; Win64; x64) AppleWebKit/537.36 (KHTML, like Gecko) Chrome/114.0.0.0 Safari/537.36 Edg/114.0.1823.43"
209.74.77.214 - - [21/Jul/2025:13:50:09 +0000] "POST /wp-admin/admin-ajax.php?action=async_litespeed&nonce=RukYOfML47GcOtA6jSC14iiGGUc3iLYC&litespeed_type=imgoptm HTTP/1.1" 200 21 "-" "WordPress/6.8.2; https://alalamy.com.au"
209.74.77.214 - - [21/Jul/2025:13:51:22 +0000] "POST /wp-admin/admin-ajax.php?action=async_litespeed&nonce=TucFuEx5A3AdSsIqldsvgKl5FmdhQvfK&litespeed_type=imgoptm HTTP/1.1" 200 21 "-" "WordPress/6.8.2; https://alalamy.com.au"
209.74.77.214 - - [21/Jul/2025:13:52:14 +0000] "POST /wp-cron.php?doing_wp_cron=1753105934.8696849346160888671875 HTTP/1.1" 200 - "-" "WordPress/6.8.2; https://alalamy.com.au"
47.82.11.58 - - [21/Jul/2025:13:52:14 +0000] "GET /?k=6409916021900&mod=55e58848&uri=dp.php?id%3D214093-183%26name%3Dfuel+capacity+of+hero+honda+splendor HTTP/1.1" 301 - "https://alalamy.com.au/?k=6409916021900&mod=55e58848&uri=dp.php%3Fid%3D214093-183%26name%3Dfuel+capacity+of+hero+honda+splendor" "Mozilla/5.0 (Windows NT 10.0; Win64; x64) AppleWebKit/537.36 (KHTML, like Gecko) Chrome/114.0.0.0 Safari/537.36 Edg/114.0.1823.43"
209.74.77.214 - - [21/Jul/2025:13:52:15 +0000] "POST /wp-admin/admin-ajax.php?action=async_litespeed&nonce=Xxufoyp9ajQvT3QGHkuiIcvgn48Jzx0C&litespeed_type=imgoptm HTTP/1.1" 200 21 "-" "WordPress/6.8.2; https://alalamy.com.au"
47.82.11.58 - - [21/Jul/2025:13:52:15 +0000] "GET /?k=6409916021900&mod=55e58848&uri=dp.php?id%3D214093-183%26name%3Dfuel%20capacity%20of%20hero%20honda%20splendor HTTP/1.1" 301 - "https://alalamy.com.au/?k=6409916021900&mod=55e58848&uri=dp.php%3Fid%3D214093-183%26name%3Dfuel+capacity+of+hero+honda+splendor" "Mozilla/5.0 (Windows NT 10.0; Win64; x64) AppleWebKit/537.36 (KHTML, like Gecko) Chrome/114.0.0.0 Safari/537.36 Edg/114.0.1823.43"
47.82.11.65 - - [21/Jul/2025:13:52:18 +0000] "GET /?k=6679237101900&mod=ead6d4ad&uri=shared.php?id%3D223072-374%26name%3Dbombers+femme+tommy+hilfiger HTTP/1.1" 301 - "https://alalamy.com.au/?k=6679237101900&mod=ead6d4ad&uri=shared.php%3Fid%3D223072-374%26name%3Dbombers+femme+tommy+hilfiger" "Mozilla/5.0 (Windows NT 10.0; Win64; x64) AppleWebKit/537.36 (KHTML, like Gecko) Chrome/114.0.0.0 Safari/537.36 Edg/114.0.1823.43"
47.82.11.65 - - [21/Jul/2025:13:52:19 +0000] "GET /?k=6679237101900&mod=ead6d4ad&uri=shared.php?id%3D223072-374%26name%3Dbombers%20femme%20tommy%20hilfiger HTTP/1.1" 301 - "https://alalamy.com.au/?k=6679237101900&mod=ead6d4ad&uri=shared.php%3Fid%3D223072-374%26name%3Dbombers+femme+tommy+hilfiger" "Mozilla/5.0 (Windows NT 10.0; Win64; x64) AppleWebKit/537.36 (KHTML, like Gecko) Chrome/114.0.0.0 Safari/537.36 Edg/114.0.1823.43"
66.249.65.166 - - [21/Jul/2025:13:52:47 +0000] "GET /avsoft.html HTTP/1.1" 200 19170 "-" "Mozilla/5.0 (Linux; Android 6.0.1; Nexus 5X Build/MMB29P) AppleWebKit/537.36 (KHTML, like Gecko) Chrome/137.0.7151.103 Mobile Safari/537.36 (compatible; Googlebot/2.1; +http://www.google.com/bot.html)"
209.74.77.214 - - [21/Jul/2025:13:53:29 +0000] "POST /wp-admin/admin-ajax.php?action=async_litespeed&nonce=2grQwn37FvPdjU0RNGkCZ6AG2XVVPzvF&litespeed_type=imgoptm HTTP/1.1" 200 21 "-" "WordPress/6.8.2; https://alalamy.com.au"
209.74.77.214 - - [21/Jul/2025:13:54:36 +0000] "POST /wp-admin/admin-ajax.php?action=async_litespeed&nonce=I5p1NFVEF7rYCP6DJ4rpezb1omWdfN01&litespeed_type=imgoptm HTTP/1.1" 200 21 "-" "WordPress/6.8.2; https://alalamy.com.au"
209.74.77.214 - - [21/Jul/2025:13:55:35 +0000] "POST /wp-admin/admin-ajax.php?action=async_litespeed&nonce=ZI0Dl6FHQlDLGQmvihNhxLIAMOcOZ1hd&litespeed_type=imgoptm HTTP/1.1" 200 21 "-" "WordPress/6.8.2; https://alalamy.com.au"
209.74.77.214 - - [21/Jul/2025:13:56:38 +0000] "POST /wp-admin/admin-ajax.php?action=async_litespeed&nonce=Vjvzh25xzw0nYBcoLuvw1NAif2m1nGmJ&litespeed_type=imgoptm HTTP/1.1" 200 21 "-" "WordPress/6.8.2; https://alalamy.com.au"
209.74.77.214 - - [21/Jul/2025:13:57:39 +0000] "POST /wp-admin/admin-ajax.php?action=async_litespeed&nonce=5kYXtsjeP2yxh3SjpRxDR18zI8qJdhPS&litespeed_type=imgoptm HTTP/1.1" 200 21 "-" "WordPress/6.8.2; https://alalamy.com.au"
87.250.224.215 - - [21/Jul/2025:13:57:41 +0000] "GET /robots.txt HTTP/1.1" 200 79 "-" "Mozilla/5.0 (compatible; YandexBot/3.0; +http://yandex.com/bots)"
95.108.213.130 - - [21/Jul/2025:13:57:42 +0000] "GET /shopbrand/151903805.htm HTTP/1.1" 404 20401 "-" "Mozilla/5.0 (compatible; YandexBot/3.0; +http://yandex.com/bots)"
45.227.253.15 - - [21/Jul/2025:13:57:48 +0000] "GET /index.php/jk HTTP/1.1" 200 59 "-" "Mozilla/5.0 (Macintosh; Intel Mac OS X 10.13; rv:103.0) Gecko/20100101 Firefox/103.0"
209.74.77.214 - - [21/Jul/2025:13:58:41 +0000] "POST /wp-admin/admin-ajax.php?action=async_litespeed&nonce=H9nHE4XThcdv4ft9KIBqBWdjY27fm8h7&litespeed_type=imgoptm HTTP/1.1" 200 21 "-" "WordPress/6.8.2; https://alalamy.com.au"
57.141.2.29 - - [21/Jul/2025:13:58:42 +0000] "GET /shopbrand/43619991.htm HTTP/1.1" 404 98911 "-" "meta-externalagent/1.1 (+https://developers.facebook.com/docs/sharing/webmasters/crawler)"
209.74.77.214 - - [21/Jul/2025:13:59:43 +0000] "POST /wp-admin/admin-ajax.php?action=async_litespeed&nonce=ljXx2azkg8nfa6OwTPt6KE8GtvNHI4Vz&litespeed_type=imgoptm HTTP/1.1" 200 21 "-" "WordPress/6.8.2; https://alalamy.com.au"
66.249.65.166 - - [21/Jul/2025:14:00:17 +0000] "GET /?k=6405446041900&mod=55e58848&uri=info.php%3Fid%3D213944-183%26name%3Dyamaha+fazer+bs6+new+model HTTP/1.1" 200 19610 "-" "Mozilla/5.0 (Linux; Android 6.0.1; Nexus 5X Build/MMB29P) AppleWebKit/537.36 (KHTML, like Gecko) Chrome/137.0.7151.103 Mobile Safari/537.36 (compatible; Googlebot/2.1; +http://www.google.com/bot.html)"
66.249.65.166 - - [21/Jul/2025:14:00:20 +0000] "POST /get-message-notify HTTP/1.1" 200 19553 "https://alalamy.com.au/?k=6405446041900&mod=55e58848&uri=info.php%3Fid%3D213944-183%26name%3Dyamaha+fazer+bs6+new+model" "Mozilla/5.0 (Linux; Android 6.0.1; Nexus 5X Build/MMB29P) AppleWebKit/537.36 (KHTML, like Gecko) Chrome/137.0.7151.119 Mobile Safari/537.36 (compatible; Googlebot/2.1; +http://www.google.com/bot.html)"
209.74.77.214 - - [21/Jul/2025:14:00:42 +0000] "POST /wp-admin/admin-ajax.php?action=async_litespeed&nonce=z1amvxNpGIg70GCo9AUsbeYdAiNJC4lG&litespeed_type=imgoptm HTTP/1.1" 200 21 "-" "WordPress/6.8.2; https://alalamy.com.au"
209.74.77.214 - - [21/Jul/2025:14:01:44 +0000] "POST /wp-admin/admin-ajax.php?action=async_litespeed&nonce=5HB8wcdD4bQRblQjEoC6VdNtGrKokcKF&litespeed_type=imgoptm HTTP/1.1" 200 21 "-" "WordPress/6.8.2; https://alalamy.com.au"
209.74.77.214 - - [21/Jul/2025:14:02:37 +0000] "POST /wp-cron.php?doing_wp_cron=1753106557.5592598915100097656250 HTTP/1.1" 200 - "-" "WordPress/6.8.2; https://alalamy.com.au"
57.141.2.24 - - [21/Jul/2025:14:02:35 +0000] "GET /?k=56927202011900& HTTP/1.1" 301 - "-" "meta-externalagent/1.1 (+https://developers.facebook.com/docs/sharing/webmasters/crawler)"
209.74.77.214 - - [21/Jul/2025:14:02:37 +0000] "POST /wp-admin/admin-ajax.php?action=async_litespeed&nonce=bMrDcLiDFVkYgvsO41hy4z28EOYCDmLX&litespeed_type=imgoptm HTTP/1.1" 200 21 "-" "WordPress/6.8.2; https://alalamy.com.au"
209.74.77.214 - - [21/Jul/2025:14:03:30 +0000] "POST /wp-cron.php?doing_wp_cron=1753106610.5531508922576904296875 HTTP/1.1" 200 - "-" "WordPress/6.8.2; https://alalamy.com.au"
51.222.253.16 - - [21/Jul/2025:14:03:28 +0000] "GET /items/sports/golf/2264195/ HTTP/1.1" 404 20401 "-" "Mozilla/5.0 (compatible; AhrefsBot/7.0; +http://ahrefs.com/robot/)"
209.74.77.214 - - [21/Jul/2025:14:03:30 +0000] "POST /wp-admin/admin-ajax.php?action=async_litespeed&nonce=AzGbccScPJfC9Y3BNX2egwmuVHel7qxL&litespeed_type=imgoptm HTTP/1.1" 200 21 "-" "WordPress/6.8.2; https://alalamy.com.au"
209.74.77.214 - - [21/Jul/2025:14:04:48 +0000] "POST /wp-admin/admin-ajax.php?action=async_litespeed&nonce=Z7y9BjfKj7hCct860yzILEqtsPay3oMH&litespeed_type=imgoptm HTTP/1.1" 200 21 "-" "WordPress/6.8.2; https://alalamy.com.au"
209.74.77.214 - - [21/Jul/2025:14:05:53 +0000] "POST /wp-admin/admin-ajax.php?action=async_litespeed&nonce=b0QwWht3wElTzwtozMurv7O0aPpDJvG8&litespeed_type=imgoptm HTTP/1.1" 200 21 "-" "WordPress/6.8.2; https://alalamy.com.au"
66.249.65.165 - - [21/Jul/2025:14:06:07 +0000] "GET /items/fashion/womens/4346519/ HTTP/1.1" 200 18901 "-" "Mozilla/5.0 (Linux; Android 6.0.1; Nexus 5X Build/MMB29P) AppleWebKit/537.36 (KHTML, like Gecko) Chrome/137.0.7151.103 Mobile Safari/537.36 (compatible; GoogleOther)"
66.249.65.165 - - [21/Jul/2025:14:06:29 +0000] "POST /get-message-notify HTTP/1.1" 200 19553 "https://alalamy.com.au/items/fashion/womens/4346519/" "Mozilla/5.0 (Linux; Android 6.0.1; Nexus 5X Build/MMB29P) AppleWebKit/537.36 (KHTML, like Gecko) Chrome/137.0.7151.119 Mobile Safari/537.36 (compatible; Googlebot/2.1; +http://www.google.com/bot.html)"
209.74.77.214 - - [21/Jul/2025:14:06:55 +0000] "POST /wp-admin/admin-ajax.php?action=async_litespeed&nonce=RPBM7s0P7xXmipi3wBOxHkjC9odszfB1&litespeed_type=imgoptm HTTP/1.1" 200 21 "-" "WordPress/6.8.2; https://alalamy.com.au"
209.74.77.214 - - [21/Jul/2025:14:07:38 +0000] "POST /wp-admin/admin-ajax.php?action=async_litespeed&nonce=XsWtLjURSRGyyPzYr6GfHOnIjcnlnPaI&litespeed_type=imgoptm HTTP/1.1" 200 21 "-" "WordPress/6.8.2; https://alalamy.com.au"
209.74.77.214 - - [21/Jul/2025:14:09:05 +0000] "POST /wp-admin/admin-ajax.php?action=async_litespeed&nonce=mluSDkxzU2UBySFsZurvpoyR6RXHAqYK&litespeed_type=imgoptm HTTP/1.1" 200 21 "-" "WordPress/6.8.2; https://alalamy.com.au"
209.74.77.214 - - [21/Jul/2025:14:10:08 +0000] "POST /wp-admin/admin-ajax.php?action=async_litespeed&nonce=WJIr30nUEZwpssTe6pmDUoFFH741H64Y&litespeed_type=imgoptm HTTP/1.1" 200 21 "-" "WordPress/6.8.2; https://alalamy.com.au"
209.74.77.214 - - [21/Jul/2025:14:11:10 +0000] "POST /wp-admin/admin-ajax.php?action=async_litespeed&nonce=V6cR3TQsOCCEIrLiusDNbLb2moiY5Tq3&litespeed_type=imgoptm HTTP/1.1" 200 21 "-" "WordPress/6.8.2; https://alalamy.com.au"
209.74.77.214 - - [21/Jul/2025:14:11:59 +0000] "POST /wp-cron.php?doing_wp_cron=1753107119.6835269927978515625000 HTTP/1.1" 200 - "-" "WordPress/6.8.2; https://alalamy.com.au"
47.82.11.59 - - [21/Jul/2025:14:11:57 +0000] "GET /?k=6798509031900&mod=90fa69c8&uri=shop.php?id%3D227053-219%26name%3Dlife+pro+heater+reviews HTTP/1.1" 301 - "https://alalamy.com.au/?k=6798509031900&mod=90fa69c8&uri=shop.php%3Fid%3D227053-219%26name%3Dlife+pro+heater+reviews" "Mozilla/5.0 (Windows NT 10.0; Win64; x64) AppleWebKit/537.36 (KHTML, like Gecko) Chrome/114.0.0.0 Safari/537.36 Edg/114.0.1823.43"
47.82.11.59 - - [21/Jul/2025:14:11:59 +0000] "GET /?k=6798509031900&mod=90fa69c8&uri=shop.php?id%3D227053-219%26name%3Dlife%20pro%20heater%20reviews HTTP/1.1" 301 - "https://alalamy.com.au/?k=6798509031900&mod=90fa69c8&uri=shop.php%3Fid%3D227053-219%26name%3Dlife+pro+heater+reviews" "Mozilla/5.0 (Windows NT 10.0; Win64; x64) AppleWebKit/537.36 (KHTML, like Gecko) Chrome/114.0.0.0 Safari/537.36 Edg/114.0.1823.43"
209.74.77.214 - - [21/Jul/2025:14:12:12 +0000] "POST /wp-admin/admin-ajax.php?action=async_litespeed&nonce=ADex5vyaCLo5qA3oj3p8CRZyAPihdHHc&litespeed_type=imgoptm HTTP/1.1" 200 21 "-" "WordPress/6.8.2; https://alalamy.com.au"
209.74.77.214 - - [21/Jul/2025:14:13:17 +0000] "POST /wp-admin/admin-ajax.php?action=async_litespeed&nonce=EJaMhn4O5wijiXGcHxpK4b5kfBKQOagj&litespeed_type=imgoptm HTTP/1.1" 200 21 "-" "WordPress/6.8.2; https://alalamy.com.au"
209.74.77.214 - - [21/Jul/2025:14:14:10 +0000] "POST /wp-cron.php?doing_wp_cron=1753107250.6596679687500000000000 HTTP/1.1" 200 - "-" "WordPress/6.8.2; https://alalamy.com.au"
57.141.2.8 - - [21/Jul/2025:14:14:08 +0000] "GET /?k=21240770001900& HTTP/1.1" 301 - "-" "meta-externalagent/1.1 (+https://developers.facebook.com/docs/sharing/webmasters/crawler)"
209.74.77.214 - - [21/Jul/2025:14:14:10 +0000] "POST /wp-admin/admin-ajax.php?action=async_litespeed&nonce=cEJlBHQsIxCMgsRe3ff5t2Z8RyB1W7yA&litespeed_type=imgoptm HTTP/1.1" 200 21 "-" "WordPress/6.8.2; https://alalamy.com.au"
66.249.65.164 - - [21/Jul/2025:14:15:03 +0000] "GET /events/ HTTP/1.1" 200 19911 "-" "Mozilla/5.0 (Linux; Android 6.0.1; Nexus 5X Build/MMB29P) AppleWebKit/537.36 (KHTML, like Gecko) Chrome/137.0.7151.103 Mobile Safari/537.36 (compatible; Googlebot/2.1; +http://www.google.com/bot.html)"
209.74.77.214 - - [21/Jul/2025:14:15:21 +0000] "POST /wp-admin/admin-ajax.php?action=async_litespeed&nonce=XkaTGhKXN8gFIUUpBV8fE03DBdGS8ZIh&litespeed_type=imgoptm HTTP/1.1" 200 21 "-" "WordPress/6.8.2; https://alalamy.com.au"
209.74.77.214 - - [21/Jul/2025:14:16:24 +0000] "POST /wp-admin/admin-ajax.php?action=async_litespeed&nonce=8e7XKtAMFZmJvy5IkP8meSxxmtIWTe5T&litespeed_type=imgoptm HTTP/1.1" 200 21 "-" "WordPress/6.8.2; https://alalamy.com.au"
66.249.65.166 - - [21/Jul/2025:14:16:55 +0000] "GET /items/sports/golf/2682921/alalamy.com.au/feature/alalamy.com.au/pcmypage/ HTTP/1.1" 200 19488 "-" "Mozilla/5.0 (Linux; Android 6.0.1; Nexus 5X Build/MMB29P) AppleWebKit/537.36 (KHTML, like Gecko) Chrome/137.0.7151.103 Mobile Safari/537.36 (compatible; GoogleOther)"
66.249.65.164 - - [21/Jul/2025:14:16:59 +0000] "POST /get-message-notify HTTP/1.1" 200 19553 "https://alalamy.com.au/items/sports/golf/2682921/alalamy.com.au/feature/alalamy.com.au/pcmypage/" "Mozilla/5.0 (Linux; Android 6.0.1; Nexus 5X Build/MMB29P) AppleWebKit/537.36 (KHTML, like Gecko) Chrome/137.0.7151.119 Mobile Safari/537.36 (compatible; Googlebot/2.1; +http://www.google.com/bot.html)"
209.74.77.214 - - [21/Jul/2025:14:17:26 +0000] "POST /wp-admin/admin-ajax.php?action=async_litespeed&nonce=VX09RFhAAiE0VJmR5NrtkbKmtIT5nrlO&litespeed_type=imgoptm HTTP/1.1" 200 21 "-" "WordPress/6.8.2; https://alalamy.com.au"
209.74.77.214 - - [21/Jul/2025:14:18:31 +0000] "POST /wp-admin/admin-ajax.php?action=async_litespeed&nonce=jvLJJNBhLJekI5FMj6lANE4R1Da6DXhH&litespeed_type=imgoptm HTTP/1.1" 200 21 "-" "WordPress/6.8.2; https://alalamy.com.au"
209.74.77.214 - - [21/Jul/2025:14:19:35 +0000] "POST /wp-admin/admin-ajax.php?action=async_litespeed&nonce=yVEQjE732nuMV6jWM5esejwE23IhoQbg&litespeed_type=imgoptm HTTP/1.1" 200 21 "-" "WordPress/6.8.2; https://alalamy.com.au"
66.249.65.164 - - [21/Jul/2025:14:20:08 +0000] "GET /items/interior/ornaments/5230958/ HTTP/1.1" 200 20576 "-" "Mozilla/5.0 (Linux; Android 6.0.1; Nexus 5X Build/MMB29P) AppleWebKit/537.36 (KHTML, like Gecko) Chrome/137.0.7151.103 Mobile Safari/537.36 (compatible; GoogleOther)"
66.249.65.165 - - [21/Jul/2025:14:20:18 +0000] "POST /get-message-notify HTTP/1.1" 200 19553 "https://alalamy.com.au/items/interior/ornaments/5230958/" "Mozilla/5.0 (Linux; Android 6.0.1; Nexus 5X Build/MMB29P) AppleWebKit/537.36 (KHTML, like Gecko) Chrome/137.0.7151.119 Mobile Safari/537.36 (compatible; Googlebot/2.1; +http://www.google.com/bot.html)"
209.74.77.214 - - [21/Jul/2025:14:20:37 +0000] "POST /wp-admin/admin-ajax.php?action=async_litespeed&nonce=fQ7Wc7GLQmZ8RPZBkqnBKDgS1Sn0jiwY&litespeed_type=imgoptm HTTP/1.1" 200 21 "-" "WordPress/6.8.2; https://alalamy.com.au"
209.74.77.214 - - [21/Jul/2025:14:21:40 +0000] "POST /wp-admin/admin-ajax.php?action=async_litespeed&nonce=KbWSbKRKMRQFx8GMKamuRwZqqazFF6ex&litespeed_type=imgoptm HTTP/1.1" 200 21 "-" "WordPress/6.8.2; https://alalamy.com.au"
209.74.77.214 - - [21/Jul/2025:14:22:42 +0000] "POST /wp-admin/admin-ajax.php?action=async_litespeed&nonce=bbnbtZYuZbhVLrkE7XhqegA5sSoV8PJB&litespeed_type=imgoptm HTTP/1.1" 200 21 "-" "WordPress/6.8.2; https://alalamy.com.au"
66.249.65.164 - - [21/Jul/2025:14:23:26 +0000] "GET /items/fashion/outerwear/3137340 HTTP/1.1" 200 19007 "-" "Mozilla/5.0 (Linux; Android 6.0.1; Nexus 5X Build/MMB29P) AppleWebKit/537.36 (KHTML, like Gecko) Chrome/137.0.7151.103 Mobile Safari/537.36 (compatible; GoogleOther)"
66.249.65.164 - - [21/Jul/2025:14:23:31 +0000] "POST /get-message-notify HTTP/1.1" 200 19553 "https://alalamy.com.au/items/fashion/outerwear/3137340" "Mozilla/5.0 (Linux; Android 6.0.1; Nexus 5X Build/MMB29P) AppleWebKit/537.36 (KHTML, like Gecko) Chrome/137.0.7151.119 Mobile Safari/537.36 (compatible; Googlebot/2.1; +http://www.google.com/bot.html)"
209.74.77.214 - - [21/Jul/2025:14:23:47 +0000] "POST /wp-admin/admin-ajax.php?action=async_litespeed&nonce=spiZrgkqpF0bZ8n3xGuSyiRAVzB06LPt&litespeed_type=imgoptm HTTP/1.1" 200 21 "-" "WordPress/6.8.2; https://alalamy.com.au"
209.74.77.214 - - [21/Jul/2025:14:24:49 +0000] "POST /wp-admin/admin-ajax.php?action=async_litespeed&nonce=NzAuDQvenW8RC40RayQqeh1WuntSlFTQ&litespeed_type=imgoptm HTTP/1.1" 200 21 "-" "WordPress/6.8.2; https://alalamy.com.au"
209.74.77.214 - - [21/Jul/2025:14:25:55 +0000] "POST /wp-admin/admin-ajax.php?action=async_litespeed&nonce=5jEiUpBoD0tSDvZ7456cLId6C5gagmyy&litespeed_type=imgoptm HTTP/1.1" 200 21 "-" "WordPress/6.8.2; https://alalamy.com.au"
209.74.77.214 - - [21/Jul/2025:14:26:59 +0000] "POST /wp-admin/admin-ajax.php?action=async_litespeed&nonce=uEbHpxCExFw3NGJ07CvrA4EcivBJhel0&litespeed_type=imgoptm HTTP/1.1" 200 21 "-" "WordPress/6.8.2; https://alalamy.com.au"
66.249.65.166 - - [21/Jul/2025:14:27:09 +0000] "GET /items/fashion/watches/2489285 HTTP/1.1" 200 18648 "-" "Mozilla/5.0 (Linux; Android 6.0.1; Nexus 5X Build/MMB29P) AppleWebKit/537.36 (KHTML, like Gecko) Chrome/137.0.7151.103 Mobile Safari/537.36 (compatible; GoogleOther)"
66.249.65.164 - - [21/Jul/2025:14:27:16 +0000] "GET /items/sports/golf/2581407/ HTTP/1.1" 200 19539 "-" "Mozilla/5.0 (Linux; Android 6.0.1; Nexus 5X Build/MMB29P) AppleWebKit/537.36 (KHTML, like Gecko) Chrome/137.0.7151.103 Mobile Safari/537.36 (compatible; GoogleOther)"
66.249.65.164 - - [21/Jul/2025:14:27:41 +0000] "POST /get-message-notify HTTP/1.1" 200 19553 "https://alalamy.com.au/items/fashion/watches/2489285" "Mozilla/5.0 (Linux; Android 6.0.1; Nexus 5X Build/MMB29P) AppleWebKit/537.36 (KHTML, like Gecko) Chrome/137.0.7151.119 Mobile Safari/537.36 (compatible; Googlebot/2.1; +http://www.google.com/bot.html)"
209.74.77.214 - - [21/Jul/2025:14:27:58 +0000] "POST /wp-admin/admin-ajax.php?action=async_litespeed&nonce=KkK3e4MdMZGfYHIUDgKZDITDvcO86yiP&litespeed_type=imgoptm HTTP/1.1" 200 21 "-" "WordPress/6.8.2; https://alalamy.com.au"
66.249.65.164 - - [21/Jul/2025:14:28:07 +0000] "GET /?k=6732365031900&mod=b75fccec&uri=shop.php%3Fid%3D224843-233%26name%3Dstradivarius+chaqueta+hombre HTTP/1.1" 200 19608 "-" "Mozilla/5.0 (Linux; Android 6.0.1; Nexus 5X Build/MMB29P) AppleWebKit/537.36 (KHTML, like Gecko) Chrome/137.0.7151.103 Mobile Safari/537.36 (compatible; Googlebot/2.1; +http://www.google.com/bot.html)"
209.74.77.214 - - [21/Jul/2025:14:29:04 +0000] "POST /wp-admin/admin-ajax.php?action=async_litespeed&nonce=bOqWKO7XFwPc9n8HydGDvDio5m9xZFdQ&litespeed_type=imgoptm HTTP/1.1" 200 21 "-" "WordPress/6.8.2; https://alalamy.com.au"
57.141.2.8 - - [21/Jul/2025:14:29:09 +0000] "GET /?k=63871809011900& HTTP/1.1" 301 - "-" "meta-externalagent/1.1 (+https://developers.facebook.com/docs/sharing/webmasters/crawler)"
66.249.65.166 - - [21/Jul/2025:14:29:13 +0000] "GET /?items/fashion/jackets/alalamy.com.au/pcmypage?callback=/product%2Fdetail%2F21697626 HTTP/1.1" 200 19346 "-" "Mozilla/5.0 (Linux; Android 6.0.1; Nexus 5X Build/MMB29P) AppleWebKit/537.36 (KHTML, like Gecko) Chrome/137.0.7151.103 Mobile Safari/537.36 (compatible; GoogleOther)"
57.141.2.3 - - [21/Jul/2025:14:29:22 +0000] "GET /?k=63871809011900 HTTP/1.1" 200 144492 "-" "meta-externalagent/1.1 (+https://developers.facebook.com/docs/sharing/webmasters/crawler)"
66.249.65.165 - - [21/Jul/2025:14:29:31 +0000] "POST /get-message-notify HTTP/1.1" 200 19553 "https://alalamy.com.au/?items/fashion/jackets/alalamy.com.au/pcmypage?callback=/product%2Fdetail%2F21697626" "Mozilla/5.0 (Linux; Android 6.0.1; Nexus 5X Build/MMB29P) AppleWebKit/537.36 (KHTML, like Gecko) Chrome/137.0.7151.119 Mobile Safari/537.36 (compatible; Googlebot/2.1; +http://www.google.com/bot.html)"
209.74.77.214 - - [21/Jul/2025:14:30:08 +0000] "POST /wp-admin/admin-ajax.php?action=async_litespeed&nonce=ygkZ7RWhFOqNih7MIpt4FIFJ6dpzcn6z&litespeed_type=imgoptm HTTP/1.1" 200 21 "-" "WordPress/6.8.2; https://alalamy.com.au"
209.74.77.214 - - [21/Jul/2025:14:31:10 +0000] "POST /wp-admin/admin-ajax.php?action=async_litespeed&nonce=pBuMZnZXe61ux7rl4tILuFivFGUN5ZN0&litespeed_type=imgoptm HTTP/1.1" 200 21 "-" "WordPress/6.8.2; https://alalamy.com.au"
47.82.11.11 - - [21/Jul/2025:14:31:28 +0000] "GET /?k=6681127131900&mod=ead6d4ad&uri=us.php?id%3D223135-374%26name%3Dveste+matelassee+sans+manche HTTP/1.1" 301 - "https://alalamy.com.au/?k=6681127131900&mod=ead6d4ad&uri=us.php%3Fid%3D223135-374%26name%3Dveste+matelassee+sans+manche" "Mozilla/5.0 (Windows NT 10.0; Win64; x64) AppleWebKit/537.36 (KHTML, like Gecko) Chrome/114.0.0.0 Safari/537.36 Edg/114.0.1823.43"
47.82.11.11 - - [21/Jul/2025:14:31:29 +0000] "GET /?k=6681127131900&mod=ead6d4ad&uri=us.php?id%3D223135-374%26name%3Dveste%20matelassee%20sans%20manche HTTP/1.1" 301 - "https://alalamy.com.au/?k=6681127131900&mod=ead6d4ad&uri=us.php%3Fid%3D223135-374%26name%3Dveste+matelassee+sans+manche" "Mozilla/5.0 (Windows NT 10.0; Win64; x64) AppleWebKit/537.36 (KHTML, like Gecko) Chrome/114.0.0.0 Safari/537.36 Edg/114.0.1823.43"
209.74.77.214 - - [21/Jul/2025:14:32:11 +0000] "POST /wp-admin/admin-ajax.php?action=async_litespeed&nonce=VRW0uZ0JIsZsDFEZz24MXb3X79hq2kKy&litespeed_type=imgoptm HTTP/1.1" 200 21 "-" "WordPress/6.8.2; https://alalamy.com.au"
209.74.77.214 - - [21/Jul/2025:14:32:41 +0000] "POST /wp-cron.php?doing_wp_cron=1753108361.0187768936157226562500 HTTP/1.1" 200 - "-" "WordPress/6.8.2; https://alalamy.com.au"
47.82.11.64 - - [21/Jul/2025:14:32:40 +0000] "GET /?k=6673425021900&mod=ead6d4ad&uri=category-info.php?id%3D222878-374%26name%3Dfuseau+ski+homme+vintage HTTP/1.1" 301 - "https://alalamy.com.au/?k=6673425021900&mod=ead6d4ad&uri=category-info.php%3Fid%3D222878-374%26name%3Dfuseau+ski+homme+vintage" "Mozilla/5.0 (Windows NT 10.0; Win64; x64) AppleWebKit/537.36 (KHTML, like Gecko) Chrome/114.0.0.0 Safari/537.36 Edg/114.0.1823.43"
47.82.11.64 - - [21/Jul/2025:14:32:41 +0000] "GET /?k=6673425021900&mod=ead6d4ad&uri=category-info.php?id%3D222878-374%26name%3Dfuseau%20ski%20homme%20vintage HTTP/1.1" 301 - "https://alalamy.com.au/?k=6673425021900&mod=ead6d4ad&uri=category-info.php%3Fid%3D222878-374%26name%3Dfuseau+ski+homme+vintage" "Mozilla/5.0 (Windows NT 10.0; Win64; x64) AppleWebKit/537.36 (KHTML, like Gecko) Chrome/114.0.0.0 Safari/537.36 Edg/114.0.1823.43"
209.74.77.214 - - [21/Jul/2025:14:33:12 +0000] "POST /wp-admin/admin-ajax.php?action=async_litespeed&nonce=vWE8s1RH7V9bERFDRf0zs9A6UMLbWAwq&litespeed_type=imgoptm HTTP/1.1" 200 21 "-" "WordPress/6.8.2; https://alalamy.com.au"
