66.249.65.166 - - [21/Jul/2025:15:42:32 +0000] "GET /?k=6438836031900&mod=462b7359&uri=category-info.php%3Fid%3D215057-220%26name%3Doakley+flight+deck+xm+blackout HTTP/1.1" 200 19675 "-" "Mozilla/5.0 (Linux; Android 6.0.1; Nexus 5X Build/MMB29P) AppleWebKit/537.36 (KHTML, like Gecko) Chrome/137.0.7151.103 Mobile Safari/537.36 (compatible; Googlebot/2.1; +http://www.google.com/bot.html)"
209.74.77.214 - - [21/Jul/2025:15:42:34 +0000] "POST /wp-cron.php?doing_wp_cron=1753112554.2836110591888427734375 HTTP/1.1" 200 - "-" "WordPress/6.8.2; https://alalamy.com.au"
216.73.216.231 - - [21/Jul/2025:15:42:34 +0000] "GET /shopbrand/160832037.htm HTTP/1.1" 404 20401 "-" "Mozilla/5.0 AppleWebKit/537.36 (KHTML, like Gecko; compatible; ClaudeBot/1.0; [email protected])"
216.73.216.231 - - [21/Jul/2025:15:42:37 +0000] "GET /shopbrand/160893610.htm HTTP/1.1" 404 20401 "-" "Mozilla/5.0 AppleWebKit/537.36 (KHTML, like Gecko; compatible; ClaudeBot/1.0; [email protected])"
216.73.216.231 - - [21/Jul/2025:15:42:40 +0000] "GET /shopbrand/160844682.htm HTTP/1.1" 404 20401 "-" "Mozilla/5.0 AppleWebKit/537.36 (KHTML, like Gecko; compatible; ClaudeBot/1.0; [email protected])"
216.73.216.231 - - [21/Jul/2025:15:42:43 +0000] "GET /shopbrand/160900151.htm HTTP/1.1" 404 20401 "-" "Mozilla/5.0 AppleWebKit/537.36 (KHTML, like Gecko; compatible; ClaudeBot/1.0; [email protected])"
66.249.65.164 - - [21/Jul/2025:15:42:45 +0000] "POST /get-message-notify HTTP/1.1" 200 19553 "https://alalamy.com.au/?k=6438836031900&mod=462b7359&uri=category-info.php%3Fid%3D215057-220%26name%3Doakley+flight+deck+xm+blackout" "Mozilla/5.0 (Linux; Android 6.0.1; Nexus 5X Build/MMB29P) AppleWebKit/537.36 (KHTML, like Gecko) Chrome/137.0.7151.119 Mobile Safari/537.36 (compatible; Googlebot/2.1; +http://www.google.com/bot.html)"
216.73.216.231 - - [21/Jul/2025:15:42:46 +0000] "GET /shopbrand/160799805.htm HTTP/1.1" 404 20401 "-" "Mozilla/5.0 AppleWebKit/537.36 (KHTML, like Gecko; compatible; ClaudeBot/1.0; [email protected])"
216.73.216.231 - - [21/Jul/2025:15:42:49 +0000] "GET /shopbrand/160822982.htm HTTP/1.1" 404 20401 "-" "Mozilla/5.0 AppleWebKit/537.36 (KHTML, like Gecko; compatible; ClaudeBot/1.0; [email protected])"
209.74.77.214 - - [21/Jul/2025:15:42:52 +0000] "POST /wp-cron.php?doing_wp_cron=1753112572.2840940952301025390625 HTTP/1.1" 200 - "-" "WordPress/6.8.2; https://alalamy.com.au"
216.73.216.231 - - [21/Jul/2025:15:42:52 +0000] "GET /shopbrand/160874424.htm HTTP/1.1" 404 20401 "-" "Mozilla/5.0 AppleWebKit/537.36 (KHTML, like Gecko; compatible; ClaudeBot/1.0; [email protected])"
66.249.65.164 - - [21/Jul/2025:15:42:53 +0000] "GET /?k=6704705121900&mod=de3358ca&uri=news.php? HTTP/1.1" 200 19653 "-" "Mozilla/5.0 (Linux; Android 6.0.1; Nexus 5X Build/MMB29P) AppleWebKit/537.36 (KHTML, like Gecko) Chrome/137.0.7151.103 Mobile Safari/537.36 (compatible; Googlebot/2.1; +http://www.google.com/bot.html)"
216.73.216.231 - - [21/Jul/2025:15:42:55 +0000] "GET /shopbrand/160890830.htm HTTP/1.1" 404 20401 "-" "Mozilla/5.0 AppleWebKit/537.36 (KHTML, like Gecko; compatible; ClaudeBot/1.0; [email protected])"
216.73.216.231 - - [21/Jul/2025:15:42:58 +0000] "GET /shopbrand/160916124.htm HTTP/1.1" 404 20401 "-" "Mozilla/5.0 AppleWebKit/537.36 (KHTML, like Gecko; compatible; ClaudeBot/1.0; [email protected])"
209.74.77.214 - - [21/Jul/2025:15:43:01 +0000] "POST /wp-cron.php?doing_wp_cron=1753112581.2908220291137695312500 HTTP/1.1" 200 - "-" "WordPress/6.8.2; https://alalamy.com.au"
216.73.216.231 - - [21/Jul/2025:15:43:01 +0000] "GET /shopbrand/160893479.htm HTTP/1.1" 404 20401 "-" "Mozilla/5.0 AppleWebKit/537.36 (KHTML, like Gecko; compatible; ClaudeBot/1.0; [email protected])"
209.74.77.214 - - [21/Jul/2025:15:43:01 +0000] "POST /wp-admin/admin-ajax.php?action=async_litespeed&nonce=VJdhXt5H15c0ojmMoFmEqFpVAcO4TV67&litespeed_type=imgoptm HTTP/1.1" 200 21 "-" "WordPress/6.8.2; https://alalamy.com.au"
216.73.216.231 - - [21/Jul/2025:15:43:08 +0000] "GET /shopbrand/160873453.htm HTTP/1.1" 404 20401 "-" "Mozilla/5.0 AppleWebKit/537.36 (KHTML, like Gecko; compatible; ClaudeBot/1.0; [email protected])"
216.73.216.231 - - [21/Jul/2025:15:43:09 +0000] "GET /shopbrand/160903602.htm HTTP/1.1" 404 20401 "-" "Mozilla/5.0 AppleWebKit/537.36 (KHTML, like Gecko; compatible; ClaudeBot/1.0; [email protected])"
216.73.216.231 - - [21/Jul/2025:15:43:12 +0000] "GET /shopbrand/160821058.htm HTTP/1.1" 404 20401 "-" "Mozilla/5.0 AppleWebKit/537.36 (KHTML, like Gecko; compatible; ClaudeBot/1.0; [email protected])"
216.73.216.231 - - [21/Jul/2025:15:43:15 +0000] "GET /shopbrand/160861247.htm HTTP/1.1" 404 20401 "-" "Mozilla/5.0 AppleWebKit/537.36 (KHTML, like Gecko; compatible; ClaudeBot/1.0; [email protected])"
216.73.216.231 - - [21/Jul/2025:15:43:18 +0000] "GET /shopbrand/160807414.htm HTTP/1.1" 404 20401 "-" "Mozilla/5.0 AppleWebKit/537.36 (KHTML, like Gecko; compatible; ClaudeBot/1.0; [email protected])"
216.73.216.231 - - [21/Jul/2025:15:43:21 +0000] "GET /shopbrand/160906283.htm HTTP/1.1" 404 20401 "-" "Mozilla/5.0 AppleWebKit/537.36 (KHTML, like Gecko; compatible; ClaudeBot/1.0; [email protected])"
216.73.216.231 - - [21/Jul/2025:15:43:24 +0000] "GET /shopbrand/160819821.htm HTTP/1.1" 404 20401 "-" "Mozilla/5.0 AppleWebKit/537.36 (KHTML, like Gecko; compatible; ClaudeBot/1.0; [email protected])"
216.73.216.231 - - [21/Jul/2025:15:43:27 +0000] "GET /shopbrand/160904855.htm HTTP/1.1" 404 20401 "-" "Mozilla/5.0 AppleWebKit/537.36 (KHTML, like Gecko; compatible; ClaudeBot/1.0; [email protected])"
216.73.216.231 - - [21/Jul/2025:15:43:30 +0000] "GET /shopbrand/160903761.htm HTTP/1.1" 404 20401 "-" "Mozilla/5.0 AppleWebKit/537.36 (KHTML, like Gecko; compatible; ClaudeBot/1.0; [email protected])"
209.74.77.214 - - [21/Jul/2025:15:43:33 +0000] "POST /wp-cron.php?doing_wp_cron=1753112613.5741961002349853515625 HTTP/1.1" 200 - "-" "WordPress/6.8.2; https://alalamy.com.au"
216.73.216.231 - - [21/Jul/2025:15:43:33 +0000] "GET /shopbrand/160840518.htm HTTP/1.1" 404 20401 "-" "Mozilla/5.0 AppleWebKit/537.36 (KHTML, like Gecko; compatible; ClaudeBot/1.0; [email protected])"
216.73.216.231 - - [21/Jul/2025:15:43:36 +0000] "GET /shopbrand/160825365.htm HTTP/1.1" 404 20401 "-" "Mozilla/5.0 AppleWebKit/537.36 (KHTML, like Gecko; compatible; ClaudeBot/1.0; [email protected])"
216.73.216.231 - - [21/Jul/2025:15:43:39 +0000] "GET /shopbrand/160868177.htm HTTP/1.1" 404 20401 "-" "Mozilla/5.0 AppleWebKit/537.36 (KHTML, like Gecko; compatible; ClaudeBot/1.0; [email protected])"
216.73.216.231 - - [21/Jul/2025:15:43:42 +0000] "GET /shopbrand/160887097.htm HTTP/1.1" 404 20401 "-" "Mozilla/5.0 AppleWebKit/537.36 (KHTML, like Gecko; compatible; ClaudeBot/1.0; [email protected])"
216.73.216.231 - - [21/Jul/2025:15:43:45 +0000] "GET /shopbrand/160814660.htm HTTP/1.1" 404 20401 "-" "Mozilla/5.0 AppleWebKit/537.36 (KHTML, like Gecko; compatible; ClaudeBot/1.0; [email protected])"
216.73.216.231 - - [21/Jul/2025:15:43:48 +0000] "GET /shopbrand/160795498.htm HTTP/1.1" 404 20401 "-" "Mozilla/5.0 AppleWebKit/537.36 (KHTML, like Gecko; compatible; ClaudeBot/1.0; [email protected])"
66.249.65.165 - - [21/Jul/2025:15:43:49 +0000] "GET /robots.txt HTTP/1.1" 200 92 "-" "Mozilla/5.0 (compatible; Googlebot/2.1; +http://www.google.com/bot.html)"
66.249.65.164 - - [21/Jul/2025:15:43:49 +0000] "GET /items/sports/golf/alalamy.com.au/feature/shoplist-friendly/index.html HTTP/1.1" 200 19762 "-" "Mozilla/5.0 (Linux; Android 6.0.1; Nexus 5X Build/MMB29P) AppleWebKit/537.36 (KHTML, like Gecko) Chrome/137.0.7151.103 Mobile Safari/537.36 (compatible; GoogleOther)"
209.74.77.214 - - [21/Jul/2025:15:43:52 +0000] "POST /wp-cron.php?doing_wp_cron=1753112632.3903930187225341796875 HTTP/1.1" 200 - "-" "WordPress/6.8.2; https://alalamy.com.au"
216.73.216.231 - - [21/Jul/2025:15:43:51 +0000] "GET /shopbrand/160880806.htm HTTP/1.1" 404 20401 "-" "Mozilla/5.0 AppleWebKit/537.36 (KHTML, like Gecko; compatible; ClaudeBot/1.0; [email protected])"
216.73.216.231 - - [21/Jul/2025:15:43:55 +0000] "GET /shopbrand/160895852.htm HTTP/1.1" 404 20401 "-" "Mozilla/5.0 AppleWebKit/537.36 (KHTML, like Gecko; compatible; ClaudeBot/1.0; [email protected])"
216.73.216.231 - - [21/Jul/2025:15:43:58 +0000] "GET /shopbrand/160885669.htm HTTP/1.1" 404 20401 "-" "Mozilla/5.0 AppleWebKit/537.36 (KHTML, like Gecko; compatible; ClaudeBot/1.0; [email protected])"
216.73.216.231 - - [21/Jul/2025:15:44:00 +0000] "GET /shopbrand/160874134.htm HTTP/1.1" 404 20401 "-" "Mozilla/5.0 AppleWebKit/537.36 (KHTML, like Gecko; compatible; ClaudeBot/1.0; [email protected])"
209.74.77.214 - - [21/Jul/2025:15:44:03 +0000] "POST /wp-cron.php?doing_wp_cron=1753112643.6100740432739257812500 HTTP/1.1" 200 - "-" "WordPress/6.8.2; https://alalamy.com.au"
216.73.216.231 - - [21/Jul/2025:15:44:03 +0000] "GET /shopbrand/160830625.htm HTTP/1.1" 404 20401 "-" "Mozilla/5.0 AppleWebKit/537.36 (KHTML, like Gecko; compatible; ClaudeBot/1.0; [email protected])"
209.74.77.214 - - [21/Jul/2025:15:44:03 +0000] "POST /wp-admin/admin-ajax.php?action=async_litespeed&nonce=hPnRPxNXxUJhfT3goquRsFh3MpWg2EGR&litespeed_type=imgoptm HTTP/1.1" 200 21 "-" "WordPress/6.8.2; https://alalamy.com.au"
216.73.216.231 - - [21/Jul/2025:15:44:16 +0000] "GET /shopbrand/160904474.htm HTTP/1.1" 404 20401 "-" "Mozilla/5.0 AppleWebKit/537.36 (KHTML, like Gecko; compatible; ClaudeBot/1.0; [email protected])"
216.73.216.231 - - [21/Jul/2025:15:44:21 +0000] "GET /shopbrand/160815355.htm HTTP/1.1" 404 20401 "-" "Mozilla/5.0 AppleWebKit/537.36 (KHTML, like Gecko; compatible; ClaudeBot/1.0; [email protected])"
216.73.216.231 - - [21/Jul/2025:15:44:22 +0000] "GET /shopbrand/160849130.htm HTTP/1.1" 404 20400 "-" "Mozilla/5.0 AppleWebKit/537.36 (KHTML, like Gecko; compatible; ClaudeBot/1.0; [email protected])"
216.73.216.231 - - [21/Jul/2025:15:44:25 +0000] "GET /shopbrand/160856376.htm HTTP/1.1" 404 20401 "-" "Mozilla/5.0 AppleWebKit/537.36 (KHTML, like Gecko; compatible; ClaudeBot/1.0; [email protected])"
216.73.216.231 - - [21/Jul/2025:15:44:28 +0000] "GET /shopbrand/160850244.htm HTTP/1.1" 404 20401 "-" "Mozilla/5.0 AppleWebKit/537.36 (KHTML, like Gecko; compatible; ClaudeBot/1.0; [email protected])"
216.73.216.231 - - [21/Jul/2025:15:44:31 +0000] "GET /shopbrand/160811066.htm HTTP/1.1" 404 20401 "-" "Mozilla/5.0 AppleWebKit/537.36 (KHTML, like Gecko; compatible; ClaudeBot/1.0; [email protected])"
209.74.77.214 - - [21/Jul/2025:15:44:37 +0000] "POST /wp-cron.php?doing_wp_cron=1753112677.2668819427490234375000 HTTP/1.1" 200 - "-" "WordPress/6.8.2; https://alalamy.com.au"
216.73.216.231 - - [21/Jul/2025:15:44:37 +0000] "GET /shopbrand/160889861.htm HTTP/1.1" 404 20401 "-" "Mozilla/5.0 AppleWebKit/537.36 (KHTML, like Gecko; compatible; ClaudeBot/1.0; [email protected])"
216.73.216.231 - - [21/Jul/2025:15:44:40 +0000] "GET /shopbrand/160909303.htm HTTP/1.1" 404 20401 "-" "Mozilla/5.0 AppleWebKit/537.36 (KHTML, like Gecko; compatible; ClaudeBot/1.0; [email protected])"
216.73.216.231 - - [21/Jul/2025:15:44:43 +0000] "GET /shopbrand/160812418.htm HTTP/1.1" 404 20401 "-" "Mozilla/5.0 AppleWebKit/537.36 (KHTML, like Gecko; compatible; ClaudeBot/1.0; [email protected])"
216.73.216.231 - - [21/Jul/2025:15:44:47 +0000] "GET /shopbrand/160838435.htm HTTP/1.1" 404 20401 "-" "Mozilla/5.0 AppleWebKit/537.36 (KHTML, like Gecko; compatible; ClaudeBot/1.0; [email protected])"
216.73.216.231 - - [21/Jul/2025:15:44:49 +0000] "GET /shopbrand/160905685.htm HTTP/1.1" 404 20401 "-" "Mozilla/5.0 AppleWebKit/537.36 (KHTML, like Gecko; compatible; ClaudeBot/1.0; [email protected])"
209.74.77.214 - - [21/Jul/2025:15:44:53 +0000] "POST /wp-cron.php?doing_wp_cron=1753112693.7681500911712646484375 HTTP/1.1" 200 - "-" "WordPress/6.8.2; https://alalamy.com.au"
216.73.216.231 - - [21/Jul/2025:15:44:53 +0000] "GET /shopbrand/160879712.htm HTTP/1.1" 404 20401 "-" "Mozilla/5.0 AppleWebKit/537.36 (KHTML, like Gecko; compatible; ClaudeBot/1.0; [email protected])"
216.73.216.231 - - [21/Jul/2025:15:44:55 +0000] "GET /shopbrand/160880425.htm HTTP/1.1" 404 20401 "-" "Mozilla/5.0 AppleWebKit/537.36 (KHTML, like Gecko; compatible; ClaudeBot/1.0; [email protected])"
216.73.216.231 - - [21/Jul/2025:15:44:58 +0000] "GET /shopbrand/160812875.htm HTTP/1.1" 404 20401 "-" "Mozilla/5.0 AppleWebKit/537.36 (KHTML, like Gecko; compatible; ClaudeBot/1.0; [email protected])"
209.74.77.214 - - [21/Jul/2025:15:45:01 +0000] "POST /wp-cron.php?doing_wp_cron=1753112701.4208130836486816406250 HTTP/1.1" 200 - "-" "WordPress/6.8.2; https://alalamy.com.au"
216.73.216.231 - - [21/Jul/2025:15:45:01 +0000] "GET /shopbrand/160829813.htm HTTP/1.1" 404 20401 "-" "Mozilla/5.0 AppleWebKit/537.36 (KHTML, like Gecko; compatible; ClaudeBot/1.0; [email protected])"
209.74.77.214 - - [21/Jul/2025:15:45:01 +0000] "POST /wp-admin/admin-ajax.php?action=async_litespeed&nonce=wpllGoiuAOzfsO3kQs0RfjBp60ex9WGd&litespeed_type=imgoptm HTTP/1.1" 200 21 "-" "WordPress/6.8.2; https://alalamy.com.au"
216.73.216.231 - - [21/Jul/2025:15:45:04 +0000] "GET /shopbrand/160823272.htm HTTP/1.1" 404 20401 "-" "Mozilla/5.0 AppleWebKit/537.36 (KHTML, like Gecko; compatible; ClaudeBot/1.0; [email protected])"
216.73.216.231 - - [21/Jul/2025:15:45:07 +0000] "GET /shopbrand/160902250.htm HTTP/1.1" 404 20401 "-" "Mozilla/5.0 AppleWebKit/537.36 (KHTML, like Gecko; compatible; ClaudeBot/1.0; [email protected])"
216.73.216.231 - - [21/Jul/2025:15:45:10 +0000] "GET /shopbrand/160824525.htm HTTP/1.1" 404 20401 "-" "Mozilla/5.0 AppleWebKit/537.36 (KHTML, like Gecko; compatible; ClaudeBot/1.0; [email protected])"
216.73.216.231 - - [21/Jul/2025:15:45:13 +0000] "GET /shopbrand/160912955.htm HTTP/1.1" 404 20401 "-" "Mozilla/5.0 AppleWebKit/537.36 (KHTML, like Gecko; compatible; ClaudeBot/1.0; [email protected])"
216.73.216.231 - - [21/Jul/2025:15:45:16 +0000] "GET /shopbrand/160814386.htm HTTP/1.1" 404 20401 "-" "Mozilla/5.0 AppleWebKit/537.36 (KHTML, like Gecko; compatible; ClaudeBot/1.0; [email protected])"
52.167.144.166 - - [21/Jul/2025:15:45:28 +0000] "GET /img-sys/server_moved.png HTTP/1.1" 200 3327 "-" "Mozilla/5.0 AppleWebKit/537.36 (KHTML, like Gecko; compatible; bingbot/2.0; +http://www.bing.com/bingbot.htm) Chrome/116.0.1938.76 Safari/537.36"
209.74.77.214 - - [21/Jul/2025:15:45:40 +0000] "POST /wp-cron.php?doing_wp_cron=1753112740.4347739219665527343750 HTTP/1.1" 200 - "-" "WordPress/6.8.2; https://alalamy.com.au"
47.82.11.21 - - [21/Jul/2025:15:45:40 +0000] "GET /?k=6840991031900&mod=d8d7e7b1&uri=brands.php?id%3D228471-383%26name%3Dtfnc+debby+pale+mauve+maxi+dress HTTP/1.1" 301 - "https://alalamy.com.au/?k=6840991031900&mod=d8d7e7b1&uri=brands.php%3Fid%3D228471-383%26name%3Dtfnc+debby+pale+mauve+maxi+dress" "Mozilla/5.0 (Windows NT 10.0; Win64; x64) AppleWebKit/537.36 (KHTML, like Gecko) Chrome/114.0.0.0 Safari/537.36 Edg/114.0.1823.43"
47.82.11.21 - - [21/Jul/2025:15:45:40 +0000] "GET /?k=6840991031900&mod=d8d7e7b1&uri=brands.php?id%3D228471-383%26name%3Dtfnc%20debby%20pale%20mauve%20maxi%20dress HTTP/1.1" 301 - "https://alalamy.com.au/?k=6840991031900&mod=d8d7e7b1&uri=brands.php%3Fid%3D228471-383%26name%3Dtfnc+debby+pale+mauve+maxi+dress" "Mozilla/5.0 (Windows NT 10.0; Win64; x64) AppleWebKit/537.36 (KHTML, like Gecko) Chrome/114.0.0.0 Safari/537.36 Edg/114.0.1823.43"
216.73.216.231 - - [21/Jul/2025:15:45:48 +0000] "GET /shopbrand/160794229.htm HTTP/1.1" 404 20401 "-" "Mozilla/5.0 AppleWebKit/537.36 (KHTML, like Gecko; compatible; ClaudeBot/1.0; [email protected])"
209.74.77.214 - - [21/Jul/2025:15:45:53 +0000] "POST /wp-cron.php?doing_wp_cron=1753112753.8709650039672851562500 HTTP/1.1" 200 - "-" "WordPress/6.8.2; https://alalamy.com.au"
216.73.216.231 - - [21/Jul/2025:15:45:53 +0000] "GET /shopbrand/160888747.htm HTTP/1.1" 404 20401 "-" "Mozilla/5.0 AppleWebKit/537.36 (KHTML, like Gecko; compatible; ClaudeBot/1.0; [email protected])"
216.73.216.231 - - [21/Jul/2025:15:45:55 +0000] "GET /shopbrand/160856086.htm HTTP/1.1" 404 20401 "-" "Mozilla/5.0 AppleWebKit/537.36 (KHTML, like Gecko; compatible; ClaudeBot/1.0; [email protected])"
216.73.216.231 - - [21/Jul/2025:15:45:59 +0000] "GET /shopbrand/160854833.htm HTTP/1.1" 404 20401 "-" "Mozilla/5.0 AppleWebKit/537.36 (KHTML, like Gecko; compatible; ClaudeBot/1.0; [email protected])"
209.74.77.214 - - [21/Jul/2025:15:46:01 +0000] "POST /wp-cron.php?doing_wp_cron=1753112761.0072350502014160156250 HTTP/1.1" 200 - "-" "WordPress/6.8.2; https://alalamy.com.au"
216.73.216.231 - - [21/Jul/2025:15:46:00 +0000] "GET /shopbrand/160844956.htm HTTP/1.1" 404 20401 "-" "Mozilla/5.0 AppleWebKit/537.36 (KHTML, like Gecko; compatible; ClaudeBot/1.0; [email protected])"
209.74.77.214 - - [21/Jul/2025:15:46:01 +0000] "POST /wp-admin/admin-ajax.php?action=async_litespeed&nonce=ZT26qPVHMqUnpLYQI2K6isQHi8X9Lp4T&litespeed_type=imgoptm HTTP/1.1" 200 21 "-" "WordPress/6.8.2; https://alalamy.com.au"
216.73.216.231 - - [21/Jul/2025:15:46:05 +0000] "GET /shopbrand/160837039.htm HTTP/1.1" 404 20401 "-" "Mozilla/5.0 AppleWebKit/537.36 (KHTML, like Gecko; compatible; ClaudeBot/1.0; [email protected])"
216.73.216.231 - - [21/Jul/2025:15:46:06 +0000] "GET /shopbrand/160898342.htm HTTP/1.1" 404 20401 "-" "Mozilla/5.0 AppleWebKit/537.36 (KHTML, like Gecko; compatible; ClaudeBot/1.0; [email protected])"
216.73.216.231 - - [21/Jul/2025:15:46:09 +0000] "GET /shopbrand/160853862.htm HTTP/1.1" 404 20401 "-" "Mozilla/5.0 AppleWebKit/537.36 (KHTML, like Gecko; compatible; ClaudeBot/1.0; [email protected])"
216.73.216.231 - - [21/Jul/2025:15:46:12 +0000] "GET /shopbrand/160800476.htm HTTP/1.1" 404 20401 "-" "Mozilla/5.0 AppleWebKit/537.36 (KHTML, like Gecko; compatible; ClaudeBot/1.0; [email protected])"
216.73.216.231 - - [21/Jul/2025:15:46:15 +0000] "GET /shopbrand/160813248.htm HTTP/1.1" 404 20401 "-" "Mozilla/5.0 AppleWebKit/537.36 (KHTML, like Gecko; compatible; ClaudeBot/1.0; [email protected])"
216.73.216.231 - - [21/Jul/2025:15:46:20 +0000] "GET /shopbrand/160852351.htm HTTP/1.1" 404 20401 "-" "Mozilla/5.0 AppleWebKit/537.36 (KHTML, like Gecko; compatible; ClaudeBot/1.0; [email protected])"
216.73.216.231 - - [21/Jul/2025:15:46:21 +0000] "GET /shopbrand/160817440.htm HTTP/1.1" 404 20400 "-" "Mozilla/5.0 AppleWebKit/537.36 (KHTML, like Gecko; compatible; ClaudeBot/1.0; [email protected])"
216.73.216.231 - - [21/Jul/2025:15:46:27 +0000] "GET /shopbrand/160824410.htm HTTP/1.1" 404 20401 "-" "Mozilla/5.0 AppleWebKit/537.36 (KHTML, like Gecko; compatible; ClaudeBot/1.0; [email protected])"
216.73.216.231 - - [21/Jul/2025:15:46:30 +0000] "GET /shopbrand/160899569.htm HTTP/1.1" 404 20401 "-" "Mozilla/5.0 AppleWebKit/537.36 (KHTML, like Gecko; compatible; ClaudeBot/1.0; [email protected])"
209.74.77.214 - - [21/Jul/2025:15:46:33 +0000] "POST /wp-cron.php?doing_wp_cron=1753112793.8815140724182128906250 HTTP/1.1" 200 - "-" "WordPress/6.8.2; https://alalamy.com.au"
216.73.216.231 - - [21/Jul/2025:15:46:33 +0000] "GET /shopbrand/160863429.htm HTTP/1.1" 404 20401 "-" "Mozilla/5.0 AppleWebKit/537.36 (KHTML, like Gecko; compatible; ClaudeBot/1.0; [email protected])"
216.73.216.231 - - [21/Jul/2025:15:46:36 +0000] "GET /shopbrand/160821332.htm HTTP/1.1" 404 20401 "-" "Mozilla/5.0 AppleWebKit/537.36 (KHTML, like Gecko; compatible; ClaudeBot/1.0; [email protected])"
216.73.216.231 - - [21/Jul/2025:15:46:39 +0000] "GET /shopbrand/160819662.htm HTTP/1.1" 404 20401 "-" "Mozilla/5.0 AppleWebKit/537.36 (KHTML, like Gecko; compatible; ClaudeBot/1.0; [email protected])"
216.73.216.231 - - [21/Jul/2025:15:46:42 +0000] "GET /shopbrand/160794644.htm HTTP/1.1" 404 20401 "-" "Mozilla/5.0 AppleWebKit/537.36 (KHTML, like Gecko; compatible; ClaudeBot/1.0; [email protected])"
216.73.216.231 - - [21/Jul/2025:15:46:45 +0000] "GET /shopbrand/160891960.htm HTTP/1.1" 404 20400 "-" "Mozilla/5.0 AppleWebKit/537.36 (KHTML, like Gecko; compatible; ClaudeBot/1.0; [email protected])"
216.73.216.231 - - [21/Jul/2025:15:46:48 +0000] "GET /shopbrand/160854674.htm HTTP/1.1" 404 20401 "-" "Mozilla/5.0 AppleWebKit/537.36 (KHTML, like Gecko; compatible; ClaudeBot/1.0; [email protected])"
209.74.77.214 - - [21/Jul/2025:15:47:10 +0000] "POST /wp-cron.php?doing_wp_cron=1753112830.1159260272979736328125 HTTP/1.1" 200 - "-" "WordPress/6.8.2; https://alalamy.com.au"
216.73.216.231 - - [21/Jul/2025:15:47:09 +0000] "GET /shopbrand/160870699.htm HTTP/1.1" 404 20401 "-" "Mozilla/5.0 AppleWebKit/537.36 (KHTML, like Gecko; compatible; ClaudeBot/1.0; [email protected])"
209.74.77.214 - - [21/Jul/2025:15:47:10 +0000] "POST /wp-admin/admin-ajax.php?action=async_litespeed&nonce=GViMkhsSGJdCf9tOOLNIDSFkxRJVLWFp&litespeed_type=imgoptm HTTP/1.1" 200 21 "-" "WordPress/6.8.2; https://alalamy.com.au"
216.73.216.231 - - [21/Jul/2025:15:47:12 +0000] "GET /shopbrand/160801316.htm HTTP/1.1" 404 20401 "-" "Mozilla/5.0 AppleWebKit/537.36 (KHTML, like Gecko; compatible; ClaudeBot/1.0; [email protected])"
216.73.216.231 - - [21/Jul/2025:15:47:16 +0000] "GET /shopbrand/160862889.htm HTTP/1.1" 404 20401 "-" "Mozilla/5.0 AppleWebKit/537.36 (KHTML, like Gecko; compatible; ClaudeBot/1.0; [email protected])"
216.73.216.231 - - [21/Jul/2025:15:47:21 +0000] "GET /shopbrand/160860268.htm HTTP/1.1" 404 20401 "-" "Mozilla/5.0 AppleWebKit/537.36 (KHTML, like Gecko; compatible; ClaudeBot/1.0; [email protected])"
216.73.216.231 - - [21/Jul/2025:15:47:24 +0000] "GET /shopbrand/160880691.htm HTTP/1.1" 404 20401 "-" "Mozilla/5.0 AppleWebKit/537.36 (KHTML, like Gecko; compatible; ClaudeBot/1.0; [email protected])"
216.73.216.231 - - [21/Jul/2025:15:47:26 +0000] "GET /shopbrand/160851779.htm HTTP/1.1" 404 20401 "-" "Mozilla/5.0 AppleWebKit/537.36 (KHTML, like Gecko; compatible; ClaudeBot/1.0; [email protected])"
216.73.216.231 - - [21/Jul/2025:15:47:29 +0000] "GET /shopbrand/160894863.htm HTTP/1.1" 404 20401 "-" "Mozilla/5.0 AppleWebKit/537.36 (KHTML, like Gecko; compatible; ClaudeBot/1.0; [email protected])"
209.74.77.214 - - [21/Jul/2025:15:47:33 +0000] "POST /wp-cron.php?doing_wp_cron=1753112853.2725310325622558593750 HTTP/1.1" 200 - "-" "WordPress/6.8.2; https://alalamy.com.au"
216.73.216.231 - - [21/Jul/2025:15:47:33 +0000] "GET /shopbrand/160805331.htm HTTP/1.1" 404 20401 "-" "Mozilla/5.0 AppleWebKit/537.36 (KHTML, like Gecko; compatible; ClaudeBot/1.0; [email protected])"
216.73.216.231 - - [21/Jul/2025:15:47:35 +0000] "GET /shopbrand/160839380.htm HTTP/1.1" 404 20401 "-" "Mozilla/5.0 AppleWebKit/537.36 (KHTML, like Gecko; compatible; ClaudeBot/1.0; [email protected])"
216.73.216.231 - - [21/Jul/2025:15:47:39 +0000] "GET /shopbrand/160890159.htm HTTP/1.1" 404 20401 "-" "Mozilla/5.0 AppleWebKit/537.36 (KHTML, like Gecko; compatible; ClaudeBot/1.0; [email protected])"
216.73.216.231 - - [21/Jul/2025:15:47:42 +0000] "GET /shopbrand/160837754.htm HTTP/1.1" 404 20401 "-" "Mozilla/5.0 AppleWebKit/537.36 (KHTML, like Gecko; compatible; ClaudeBot/1.0; [email protected])"
216.73.216.231 - - [21/Jul/2025:15:47:44 +0000] "GET /shopbrand/160852865.htm HTTP/1.1" 404 20401 "-" "Mozilla/5.0 AppleWebKit/537.36 (KHTML, like Gecko; compatible; ClaudeBot/1.0; [email protected])"
216.73.216.231 - - [21/Jul/2025:15:47:47 +0000] "GET /shopbrand/160895578.htm HTTP/1.1" 404 20401 "-" "Mozilla/5.0 AppleWebKit/537.36 (KHTML, like Gecko; compatible; ClaudeBot/1.0; [email protected])"
209.74.77.214 - - [21/Jul/2025:15:47:52 +0000] "POST /wp-cron.php?doing_wp_cron=1753112872.3286299705505371093750 HTTP/1.1" 200 - "-" "WordPress/6.8.2; https://alalamy.com.au"
216.73.216.231 - - [21/Jul/2025:15:47:52 +0000] "GET /shopbrand/160834243.htm HTTP/1.1" 404 20401 "-" "Mozilla/5.0 AppleWebKit/537.36 (KHTML, like Gecko; compatible; ClaudeBot/1.0; [email protected])"
216.73.216.231 - - [21/Jul/2025:15:47:53 +0000] "GET /shopbrand/160886225.htm HTTP/1.1" 404 20401 "-" "Mozilla/5.0 AppleWebKit/537.36 (KHTML, like Gecko; compatible; ClaudeBot/1.0; [email protected])"
216.73.216.231 - - [21/Jul/2025:15:47:56 +0000] "GET /shopbrand/160826592.htm HTTP/1.1" 404 20401 "-" "Mozilla/5.0 AppleWebKit/537.36 (KHTML, like Gecko; compatible; ClaudeBot/1.0; [email protected])"
216.73.216.231 - - [21/Jul/2025:15:47:59 +0000] "GET /shopbrand/160867081.htm HTTP/1.1" 404 20401 "-" "Mozilla/5.0 AppleWebKit/537.36 (KHTML, like Gecko; compatible; ClaudeBot/1.0; [email protected])"
209.74.77.214 - - [21/Jul/2025:15:48:03 +0000] "POST /wp-cron.php?doing_wp_cron=1753112883.2367200851440429687500 HTTP/1.1" 200 - "-" "WordPress/6.8.2; https://alalamy.com.au"
216.73.216.231 - - [21/Jul/2025:15:48:03 +0000] "GET /shopbrand/160911817.htm HTTP/1.1" 404 20401 "-" "Mozilla/5.0 AppleWebKit/537.36 (KHTML, like Gecko; compatible; ClaudeBot/1.0; [email protected])"
209.74.77.214 - - [21/Jul/2025:15:48:03 +0000] "POST /wp-admin/admin-ajax.php?action=async_litespeed&nonce=UstHAgHFojt0T1yrGcBWYYIiWzd67Dym&litespeed_type=imgoptm HTTP/1.1" 200 21 "-" "WordPress/6.8.2; https://alalamy.com.au"
216.73.216.231 - - [21/Jul/2025:15:48:08 +0000] "GET /shopbrand/160913626.htm HTTP/1.1" 404 20401 "-" "Mozilla/5.0 AppleWebKit/537.36 (KHTML, like Gecko; compatible; ClaudeBot/1.0; [email protected])"
216.73.216.231 - - [21/Jul/2025:15:48:13 +0000] "GET /shopbrand/160832708.htm HTTP/1.1" 404 20401 "-" "Mozilla/5.0 AppleWebKit/537.36 (KHTML, like Gecko; compatible; ClaudeBot/1.0; [email protected])"
66.249.65.166 - - [21/Jul/2025:15:48:54 +0000] "GET /robots.txt HTTP/1.1" 200 92 "-" "Mozilla/5.0 (compatible; Googlebot/2.1; +http://www.google.com/bot.html)"
66.249.65.166 - - [21/Jul/2025:15:48:54 +0000] "GET /items/kitchen/coffee/4958100 HTTP/1.1" 200 21915 "-" "Mozilla/5.0 (Linux; Android 6.0.1; Nexus 5X Build/MMB29P) AppleWebKit/537.36 (KHTML, like Gecko) Chrome/137.0.7151.103 Mobile Safari/537.36 (compatible; GoogleOther)"
209.74.77.214 - - [21/Jul/2025:15:49:06 +0000] "POST /wp-cron.php?doing_wp_cron=1753112946.9402320384979248046875 HTTP/1.1" 200 - "-" "WordPress/6.8.2; https://alalamy.com.au"
216.73.216.231 - - [21/Jul/2025:15:49:06 +0000] "GET /shopbrand/160848733.htm HTTP/1.1" 404 20401 "-" "Mozilla/5.0 AppleWebKit/537.36 (KHTML, like Gecko; compatible; ClaudeBot/1.0; [email protected])"
209.74.77.214 - - [21/Jul/2025:15:49:07 +0000] "POST /wp-admin/admin-ajax.php?action=async_litespeed&nonce=5jaq067w0bNw5F9IwK5PO2yofHaLlXs2&litespeed_type=imgoptm HTTP/1.1" 200 21 "-" "WordPress/6.8.2; https://alalamy.com.au"
216.73.216.231 - - [21/Jul/2025:15:49:09 +0000] "GET /shopbrand/160890532.htm HTTP/1.1" 404 20401 "-" "Mozilla/5.0 AppleWebKit/537.36 (KHTML, like Gecko; compatible; ClaudeBot/1.0; [email protected])"
216.73.216.231 - - [21/Jul/2025:15:49:12 +0000] "GET /shopbrand/160798393.htm HTTP/1.1" 404 20401 "-" "Mozilla/5.0 AppleWebKit/537.36 (KHTML, like Gecko; compatible; ClaudeBot/1.0; [email protected])"
216.73.216.231 - - [21/Jul/2025:15:49:15 +0000] "GET /shopbrand/160869561.htm HTTP/1.1" 404 20401 "-" "Mozilla/5.0 AppleWebKit/537.36 (KHTML, like Gecko; compatible; ClaudeBot/1.0; [email protected])"
216.73.216.231 - - [21/Jul/2025:15:49:20 +0000] "GET /shopbrand/160835655.htm HTTP/1.1" 404 20401 "-" "Mozilla/5.0 AppleWebKit/537.36 (KHTML, like Gecko; compatible; ClaudeBot/1.0; [email protected])"
216.73.216.231 - - [21/Jul/2025:15:49:22 +0000] "GET /shopbrand/160849545.htm HTTP/1.1" 404 20400 "-" "Mozilla/5.0 AppleWebKit/537.36 (KHTML, like Gecko; compatible; ClaudeBot/1.0; [email protected])"
216.73.216.231 - - [21/Jul/2025:15:49:24 +0000] "GET /shopbrand/160868848.htm HTTP/1.1" 404 20401 "-" "Mozilla/5.0 AppleWebKit/537.36 (KHTML, like Gecko; compatible; ClaudeBot/1.0; [email protected])"
216.73.216.231 - - [21/Jul/2025:15:49:27 +0000] "GET /shopbrand/160910274.htm HTTP/1.1" 404 20401 "-" "Mozilla/5.0 AppleWebKit/537.36 (KHTML, like Gecko; compatible; ClaudeBot/1.0; [email protected])"
216.73.216.231 - - [21/Jul/2025:15:49:30 +0000] "GET /shopbrand/160884158.htm HTTP/1.1" 404 20401 "-" "Mozilla/5.0 AppleWebKit/537.36 (KHTML, like Gecko; compatible; ClaudeBot/1.0; [email protected])"
209.74.77.214 - - [21/Jul/2025:15:49:33 +0000] "POST /wp-cron.php?doing_wp_cron=1753112973.7846961021423339843750 HTTP/1.1" 200 - "-" "WordPress/6.8.2; https://alalamy.com.au"
216.73.216.231 - - [21/Jul/2025:15:49:33 +0000] "GET /shopbrand/160859994.htm HTTP/1.1" 404 20401 "-" "Mozilla/5.0 AppleWebKit/537.36 (KHTML, like Gecko; compatible; ClaudeBot/1.0; [email protected])"
216.73.216.231 - - [21/Jul/2025:15:49:36 +0000] "GET /shopbrand/160842458.htm HTTP/1.1" 404 20401 "-" "Mozilla/5.0 AppleWebKit/537.36 (KHTML, like Gecko; compatible; ClaudeBot/1.0; [email protected])"
216.73.216.231 - - [21/Jul/2025:15:49:39 +0000] "GET /shopbrand/160911976.htm HTTP/1.1" 404 20401 "-" "Mozilla/5.0 AppleWebKit/537.36 (KHTML, like Gecko; compatible; ClaudeBot/1.0; [email protected])"
216.73.216.231 - - [21/Jul/2025:15:49:44 +0000] "GET /shopbrand/160913070.htm HTTP/1.1" 404 20400 "-" "Mozilla/5.0 AppleWebKit/537.36 (KHTML, like Gecko; compatible; ClaudeBot/1.0; [email protected])"
216.73.216.231 - - [21/Jul/2025:15:49:46 +0000] "GET /shopbrand/160910008.htm HTTP/1.1" 404 20400 "-" "Mozilla/5.0 AppleWebKit/537.36 (KHTML, like Gecko; compatible; ClaudeBot/1.0; [email protected])"
209.74.77.214 - - [21/Jul/2025:15:49:51 +0000] "POST /wp-cron.php?doing_wp_cron=1753112991.3535590171813964843750 HTTP/1.1" 200 - "-" "WordPress/6.8.2; https://alalamy.com.au"
216.73.216.231 - - [21/Jul/2025:15:49:51 +0000] "GET /shopbrand/160887478.htm HTTP/1.1" 404 20401 "-" "Mozilla/5.0 AppleWebKit/537.36 (KHTML, like Gecko; compatible; ClaudeBot/1.0; [email protected])"
216.73.216.231 - - [21/Jul/2025:15:49:55 +0000] "GET /shopbrand/160837595.htm HTTP/1.1" 404 20401 "-" "Mozilla/5.0 AppleWebKit/537.36 (KHTML, like Gecko; compatible; ClaudeBot/1.0; [email protected])"
216.73.216.231 - - [21/Jul/2025:15:49:57 +0000] "GET /shopbrand/160877744.htm HTTP/1.1" 404 20401 "-" "Mozilla/5.0 AppleWebKit/537.36 (KHTML, like Gecko; compatible; ClaudeBot/1.0; [email protected])"
216.73.216.231 - - [21/Jul/2025:15:50:00 +0000] "GET /shopbrand/160808967.htm HTTP/1.1" 404 20401 "-" "Mozilla/5.0 AppleWebKit/537.36 (KHTML, like Gecko; compatible; ClaudeBot/1.0; [email protected])"
209.74.77.214 - - [21/Jul/2025:15:50:03 +0000] "POST /wp-cron.php?doing_wp_cron=1753113003.8846030235290527343750 HTTP/1.1" 200 - "-" "WordPress/6.8.2; https://alalamy.com.au"
216.73.216.231 - - [21/Jul/2025:15:50:03 +0000] "GET /shopbrand/160843032.htm HTTP/1.1" 404 20401 "-" "Mozilla/5.0 AppleWebKit/537.36 (KHTML, like Gecko; compatible; ClaudeBot/1.0; [email protected])"
209.74.77.214 - - [21/Jul/2025:15:50:04 +0000] "POST /wp-admin/admin-ajax.php?action=async_litespeed&nonce=yD1e58LJvvoiSTEFZU5orSddnZe70367&litespeed_type=imgoptm HTTP/1.1" 200 21 "-" "WordPress/6.8.2; https://alalamy.com.au"
216.73.216.231 - - [21/Jul/2025:15:50:06 +0000] "GET /shopbrand/160798262.htm HTTP/1.1" 404 20401 "-" "Mozilla/5.0 AppleWebKit/537.36 (KHTML, like Gecko; compatible; ClaudeBot/1.0; [email protected])"
66.249.65.166 - - [21/Jul/2025:15:50:11 +0000] "GET /robots.txt HTTP/1.1" 200 92 "-" "Mozilla/5.0 (compatible; Googlebot/2.1; +http://www.google.com/bot.html)"
66.249.65.166 - - [21/Jul/2025:15:50:11 +0000] "GET /items/handicrafts/fashion/4086898/alalamy.com.au/hobby.html HTTP/1.1" 200 18832 "-" "Mozilla/5.0 (Linux; Android 6.0.1; Nexus 5X Build/MMB29P) AppleWebKit/537.36 (KHTML, like Gecko) Chrome/137.0.7151.103 Mobile Safari/537.36 (compatible; GoogleOther)"
216.73.216.231 - - [21/Jul/2025:15:50:16 +0000] "GET /shopbrand/160910987.htm HTTP/1.1" 404 20401 "-" "Mozilla/5.0 AppleWebKit/537.36 (KHTML, like Gecko; compatible; ClaudeBot/1.0; [email protected])"
216.73.216.231 - - [21/Jul/2025:15:50:18 +0000] "GET /shopbrand/160846491.htm HTTP/1.1" 404 20401 "-" "Mozilla/5.0 AppleWebKit/537.36 (KHTML, like Gecko; compatible; ClaudeBot/1.0; [email protected])"
216.73.216.231 - - [21/Jul/2025:15:50:21 +0000] "GET /shopbrand/160882075.htm HTTP/1.1" 404 20401 "-" "Mozilla/5.0 AppleWebKit/537.36 (KHTML, like Gecko; compatible; ClaudeBot/1.0; [email protected])"
216.73.216.231 - - [21/Jul/2025:15:50:25 +0000] "GET /shopbrand/160860534.htm HTTP/1.1" 404 20401 "-" "Mozilla/5.0 AppleWebKit/537.36 (KHTML, like Gecko; compatible; ClaudeBot/1.0; [email protected])"
216.73.216.231 - - [21/Jul/2025:15:50:27 +0000] "GET /shopbrand/160885828.htm HTTP/1.1" 404 20401 "-" "Mozilla/5.0 AppleWebKit/537.36 (KHTML, like Gecko; compatible; ClaudeBot/1.0; [email protected])"
66.249.65.165 - - [21/Jul/2025:15:50:30 +0000] "POST /get-message-notify HTTP/1.1" 200 19553 "https://alalamy.com.au/items/handicrafts/fashion/4086898/alalamy.com.au/hobby.html" "Mozilla/5.0 (Linux; Android 6.0.1; Nexus 5X Build/MMB29P) AppleWebKit/537.36 (KHTML, like Gecko) Chrome/137.0.7151.119 Mobile Safari/537.36 (compatible; Googlebot/2.1; +http://www.google.com/bot.html)"
216.73.216.231 - - [21/Jul/2025:15:50:30 +0000] "GET /shopbrand/160851354.htm HTTP/1.1" 404 20401 "-" "Mozilla/5.0 AppleWebKit/537.36 (KHTML, like Gecko; compatible; ClaudeBot/1.0; [email protected])"
209.74.77.214 - - [21/Jul/2025:15:50:33 +0000] "POST /wp-cron.php?doing_wp_cron=1753113033.3151779174804687500000 HTTP/1.1" 200 - "-" "WordPress/6.8.2; https://alalamy.com.au"
216.73.216.231 - - [21/Jul/2025:15:50:33 +0000] "GET /shopbrand/160826493.htm HTTP/1.1" 404 20401 "-" "Mozilla/5.0 AppleWebKit/537.36 (KHTML, like Gecko; compatible; ClaudeBot/1.0; [email protected])"
216.73.216.231 - - [21/Jul/2025:15:50:36 +0000] "GET /shopbrand/160855504.htm HTTP/1.1" 404 20401 "-" "Mozilla/5.0 AppleWebKit/537.36 (KHTML, like Gecko; compatible; ClaudeBot/1.0; [email protected])"
216.73.216.231 - - [21/Jul/2025:15:50:39 +0000] "GET /shopbrand/160837869.htm HTTP/1.1" 404 20401 "-" "Mozilla/5.0 AppleWebKit/537.36 (KHTML, like Gecko; compatible; ClaudeBot/1.0; [email protected])"
216.73.216.231 - - [21/Jul/2025:15:50:42 +0000] "GET /shopbrand/160855131.htm HTTP/1.1" 404 20401 "-" "Mozilla/5.0 AppleWebKit/537.36 (KHTML, like Gecko; compatible; ClaudeBot/1.0; [email protected])"
216.73.216.231 - - [21/Jul/2025:15:50:45 +0000] "GET /shopbrand/160832335.htm HTTP/1.1" 404 20401 "-" "Mozilla/5.0 AppleWebKit/537.36 (KHTML, like Gecko; compatible; ClaudeBot/1.0; [email protected])"
216.73.216.231 - - [21/Jul/2025:15:50:48 +0000] "GET /shopbrand/160882774.htm HTTP/1.1" 404 20401 "-" "Mozilla/5.0 AppleWebKit/537.36 (KHTML, like Gecko; compatible; ClaudeBot/1.0; [email protected])"
209.74.77.214 - - [21/Jul/2025:15:50:51 +0000] "POST /wp-cron.php?doing_wp_cron=1753113051.3116939067840576171875 HTTP/1.1" 200 - "-" "WordPress/6.8.2; https://alalamy.com.au"
216.73.216.231 - - [21/Jul/2025:15:50:51 +0000] "GET /shopbrand/160902665.htm HTTP/1.1" 404 20401 "-" "Mozilla/5.0 AppleWebKit/537.36 (KHTML, like Gecko; compatible; ClaudeBot/1.0; [email protected])"
216.73.216.231 - - [21/Jul/2025:15:50:54 +0000] "GET /shopbrand/160814958.htm HTTP/1.1" 404 20401 "-" "Mozilla/5.0 AppleWebKit/537.36 (KHTML, like Gecko; compatible; ClaudeBot/1.0; [email protected])"
216.73.216.231 - - [21/Jul/2025:15:50:57 +0000] "GET /shopbrand/160878582.htm HTTP/1.1" 404 20401 "-" "Mozilla/5.0 AppleWebKit/537.36 (KHTML, like Gecko; compatible; ClaudeBot/1.0; [email protected])"
216.73.216.231 - - [21/Jul/2025:15:51:00 +0000] "GET /shopbrand/160825921.htm HTTP/1.1" 404 20401 "-" "Mozilla/5.0 AppleWebKit/537.36 (KHTML, like Gecko; compatible; ClaudeBot/1.0; [email protected])"
47.82.11.21 - - [21/Jul/2025:15:51:00 +0000] "GET /?k=6565975031900&mod=0bb3498d&uri=article.php?id%3D219296-367%26name%3Dbest+tent+in+wind HTTP/1.1" 301 - "https://alalamy.com.au/?k=6565975031900&mod=0bb3498d&uri=article.php%3Fid%3D219296-367%26name%3Dbest+tent+in+wind" "Mozilla/5.0 (Windows NT 10.0; Win64; x64) AppleWebKit/537.36 (KHTML, like Gecko) Chrome/114.0.0.0 Safari/537.36 Edg/114.0.1823.43"
209.74.77.214 - - [21/Jul/2025:15:51:01 +0000] "POST /wp-cron.php?doing_wp_cron=1753113061.1801500320434570312500 HTTP/1.1" 200 - "-" "WordPress/6.8.2; https://alalamy.com.au"
47.82.11.21 - - [21/Jul/2025:15:51:00 +0000] "GET /?k=6565975031900&mod=0bb3498d&uri=article.php?id%3D219296-367%26name%3Dbest%20tent%20in%20wind HTTP/1.1" 301 - "https://alalamy.com.au/?k=6565975031900&mod=0bb3498d&uri=article.php%3Fid%3D219296-367%26name%3Dbest+tent+in+wind" "Mozilla/5.0 (Windows NT 10.0; Win64; x64) AppleWebKit/537.36 (KHTML, like Gecko) Chrome/114.0.0.0 Safari/537.36 Edg/114.0.1823.43"
209.74.77.214 - - [21/Jul/2025:15:51:01 +0000] "POST /wp-admin/admin-ajax.php?action=async_litespeed&nonce=CTHK0pYIXh0MnPsKXFF47RI2fmiPICUK&litespeed_type=imgoptm HTTP/1.1" 200 21 "-" "WordPress/6.8.2; https://alalamy.com.au"
216.73.216.231 - - [21/Jul/2025:15:51:03 +0000] "GET /shopbrand/160901952.htm HTTP/1.1" 404 20401 "-" "Mozilla/5.0 AppleWebKit/537.36 (KHTML, like Gecko; compatible; ClaudeBot/1.0; [email protected])"
216.73.216.231 - - [21/Jul/2025:15:51:06 +0000] "GET /shopbrand/160846650.htm HTTP/1.1" 404 20401 "-" "Mozilla/5.0 AppleWebKit/537.36 (KHTML, like Gecko; compatible; ClaudeBot/1.0; [email protected])"
216.73.216.231 - - [21/Jul/2025:15:51:09 +0000] "GET /shopbrand/160916847.htm HTTP/1.1" 404 20401 "-" "Mozilla/5.0 AppleWebKit/537.36 (KHTML, like Gecko; compatible; ClaudeBot/1.0; [email protected])"
66.249.65.164 - - [21/Jul/2025:15:51:11 +0000] "GET /items/gardening/houseplants/5121037/vintagegame.html HTTP/1.1" 200 18922 "-" "Mozilla/5.0 (Linux; Android 6.0.1; Nexus 5X Build/MMB29P) AppleWebKit/537.36 (KHTML, like Gecko) Chrome/137.0.7151.103 Mobile Safari/537.36 (compatible; GoogleOther)"
66.249.65.165 - - [21/Jul/2025:15:51:12 +0000] "GET /robots.txt HTTP/1.1" 200 92 "-" "Mozilla/5.0 (compatible; Googlebot/2.1; +http://www.google.com/bot.html)"
66.249.65.165 - - [21/Jul/2025:15:51:12 +0000] "POST /get-message-notify HTTP/1.1" 200 19553 "https://alalamy.com.au/items/sports/golf/alalamy.com.au/feature/shoplist-friendly/index.html" "Mozilla/5.0 (Linux; Android 6.0.1; Nexus 5X Build/MMB29P) AppleWebKit/537.36 (KHTML, like Gecko) Chrome/137.0.7151.119 Mobile Safari/537.36 (compatible; Googlebot/2.1; +http://www.google.com/bot.html)"
216.73.216.231 - - [21/Jul/2025:15:51:13 +0000] "GET /shopbrand/160818675.htm HTTP/1.1" 404 20401 "-" "Mozilla/5.0 AppleWebKit/537.36 (KHTML, like Gecko; compatible; ClaudeBot/1.0; [email protected])"
216.73.216.231 - - [21/Jul/2025:15:51:17 +0000] "GET /shopbrand/160871239.htm HTTP/1.1" 404 20401 "-" "Mozilla/5.0 AppleWebKit/537.36 (KHTML, like Gecko; compatible; ClaudeBot/1.0; [email protected])"
216.73.216.231 - - [21/Jul/2025:15:51:20 +0000] "GET /shopbrand/160850085.htm HTTP/1.1" 404 20401 "-" "Mozilla/5.0 AppleWebKit/537.36 (KHTML, like Gecko; compatible; ClaudeBot/1.0; [email protected])"
216.73.216.231 - - [21/Jul/2025:15:51:23 +0000] "GET /shopbrand/160836360.htm HTTP/1.1" 404 20401 "-" "Mozilla/5.0 AppleWebKit/537.36 (KHTML, like Gecko; compatible; ClaudeBot/1.0; [email protected])"
216.73.216.231 - - [21/Jul/2025:15:51:26 +0000] "GET /shopbrand/160823854.htm HTTP/1.1" 404 20401 "-" "Mozilla/5.0 AppleWebKit/537.36 (KHTML, like Gecko; compatible; ClaudeBot/1.0; [email protected])"
216.73.216.231 - - [21/Jul/2025:15:51:29 +0000] "GET /shopbrand/160818824.htm HTTP/1.1" 404 20401 "-" "Mozilla/5.0 AppleWebKit/537.36 (KHTML, like Gecko; compatible; ClaudeBot/1.0; [email protected])"
216.73.216.231 - - [21/Jul/2025:15:51:32 +0000] "GET /shopbrand/160835945.htm HTTP/1.1" 404 20401 "-" "Mozilla/5.0 AppleWebKit/537.36 (KHTML, like Gecko; compatible; ClaudeBot/1.0; [email protected])"
209.74.77.214 - - [21/Jul/2025:15:51:35 +0000] "POST /wp-cron.php?doing_wp_cron=1753113095.8704469203948974609375 HTTP/1.1" 200 - "-" "WordPress/6.8.2; https://alalamy.com.au"
216.73.216.231 - - [21/Jul/2025:15:51:35 +0000] "GET /shopbrand/160839819.htm HTTP/1.1" 404 20401 "-" "Mozilla/5.0 AppleWebKit/537.36 (KHTML, like Gecko; compatible; ClaudeBot/1.0; [email protected])"
216.73.216.231 - - [21/Jul/2025:15:51:39 +0000] "GET /shopbrand/160800202.htm HTTP/1.1" 404 20401 "-" "Mozilla/5.0 AppleWebKit/537.36 (KHTML, like Gecko; compatible; ClaudeBot/1.0; [email protected])"
216.73.216.231 - - [21/Jul/2025:15:51:42 +0000] "GET /shopbrand/160856757.htm HTTP/1.1" 404 20401 "-" "Mozilla/5.0 AppleWebKit/537.36 (KHTML, like Gecko; compatible; ClaudeBot/1.0; [email protected])"
216.73.216.231 - - [21/Jul/2025:15:51:44 +0000] "GET /shopbrand/160833580.htm HTTP/1.1" 404 20401 "-" "Mozilla/5.0 AppleWebKit/537.36 (KHTML, like Gecko; compatible; ClaudeBot/1.0; [email protected])"
66.249.65.164 - - [21/Jul/2025:15:51:47 +0000] "GET /items/art/guitars/2918824/ HTTP/1.1" 200 19113 "-" "Mozilla/5.0 (Linux; Android 6.0.1; Nexus 5X Build/MMB29P) AppleWebKit/537.36 (KHTML, like Gecko) Chrome/137.0.7151.103 Mobile Safari/537.36 (compatible; GoogleOther)"
216.73.216.231 - - [21/Jul/2025:15:51:48 +0000] "GET /shopbrand/160834817.htm HTTP/1.1" 404 20401 "-" "Mozilla/5.0 AppleWebKit/537.36 (KHTML, like Gecko; compatible; ClaudeBot/1.0; [email protected])"
66.249.65.165 - - [21/Jul/2025:15:51:50 +0000] "POST /get-message-notify HTTP/1.1" 200 19553 "https://alalamy.com.au/items/art/guitars/2918824/" "Mozilla/5.0 (Linux; Android 6.0.1; Nexus 5X Build/MMB29P) AppleWebKit/537.36 (KHTML, like Gecko) Chrome/137.0.7151.119 Mobile Safari/537.36 (compatible; Googlebot/2.1; +http://www.google.com/bot.html)"
209.74.77.214 - - [21/Jul/2025:15:51:51 +0000] "POST /wp-cron.php?doing_wp_cron=1753113111.4291090965270996093750 HTTP/1.1" 200 - "-" "WordPress/6.8.2; https://alalamy.com.au"
216.73.216.231 - - [21/Jul/2025:15:51:51 +0000] "GET /shopbrand/160863985.htm HTTP/1.1" 404 20400 "-" "Mozilla/5.0 AppleWebKit/537.36 (KHTML, like Gecko; compatible; ClaudeBot/1.0; [email protected])"
216.73.216.231 - - [21/Jul/2025:15:51:54 +0000] "GET /shopbrand/160797996.htm HTTP/1.1" 404 20401 "-" "Mozilla/5.0 AppleWebKit/537.36 (KHTML, like Gecko; compatible; ClaudeBot/1.0; [email protected])"
216.73.216.231 - - [21/Jul/2025:15:51:59 +0000] "GET /shopbrand/160905411.htm HTTP/1.1" 404 20401 "-" "Mozilla/5.0 AppleWebKit/537.36 (KHTML, like Gecko; compatible; ClaudeBot/1.0; [email protected])"
209.74.77.214 - - [21/Jul/2025:15:52:02 +0000] "POST /wp-cron.php?doing_wp_cron=1753113122.9113399982452392578125 HTTP/1.1" 200 - "-" "WordPress/6.8.2; https://alalamy.com.au"
216.73.216.231 - - [21/Jul/2025:15:52:02 +0000] "GET /shopbrand/160828558.htm HTTP/1.1" 404 20401 "-" "Mozilla/5.0 AppleWebKit/537.36 (KHTML, like Gecko; compatible; ClaudeBot/1.0; [email protected])"
209.74.77.214 - - [21/Jul/2025:15:52:03 +0000] "POST /wp-admin/admin-ajax.php?action=async_litespeed&nonce=6JutvxB4XGXxlO2OyF2rwrzctIte8cgx&litespeed_type=imgoptm HTTP/1.1" 200 21 "-" "WordPress/6.8.2; https://alalamy.com.au"
216.73.216.231 - - [21/Jul/2025:15:52:05 +0000] "GET /shopbrand/160872881.htm HTTP/1.1" 404 20401 "-" "Mozilla/5.0 AppleWebKit/537.36 (KHTML, like Gecko; compatible; ClaudeBot/1.0; [email protected])"
216.73.216.231 - - [21/Jul/2025:15:52:09 +0000] "GET /shopbrand/160855671.htm HTTP/1.1" 404 20401 "-" "Mozilla/5.0 AppleWebKit/537.36 (KHTML, like Gecko; compatible; ClaudeBot/1.0; [email protected])"
216.73.216.231 - - [21/Jul/2025:15:52:11 +0000] "GET /shopbrand/160892067.htm HTTP/1.1" 404 20401 "-" "Mozilla/5.0 AppleWebKit/537.36 (KHTML, like Gecko; compatible; ClaudeBot/1.0; [email protected])"
216.73.216.231 - - [21/Jul/2025:15:52:14 +0000] "GET /shopbrand/160817738.htm HTTP/1.1" 404 20401 "-" "Mozilla/5.0 AppleWebKit/537.36 (KHTML, like Gecko; compatible; ClaudeBot/1.0; [email protected])"
216.73.216.231 - - [21/Jul/2025:15:52:17 +0000] "GET /shopbrand/160844841.htm HTTP/1.1" 404 20401 "-" "Mozilla/5.0 AppleWebKit/537.36 (KHTML, like Gecko; compatible; ClaudeBot/1.0; [email protected])"
216.73.216.231 - - [21/Jul/2025:15:52:25 +0000] "GET /shopbrand/160853596.htm HTTP/1.1" 404 20401 "-" "Mozilla/5.0 AppleWebKit/537.36 (KHTML, like Gecko; compatible; ClaudeBot/1.0; [email protected])"
216.73.216.231 - - [21/Jul/2025:15:52:28 +0000] "GET /shopbrand/160850800.htm HTTP/1.1" 404 20401 "-" "Mozilla/5.0 AppleWebKit/537.36 (KHTML, like Gecko; compatible; ClaudeBot/1.0; [email protected])"
216.73.216.231 - - [21/Jul/2025:15:52:31 +0000] "GET /shopbrand/160878997.htm HTTP/1.1" 404 20401 "-" "Mozilla/5.0 AppleWebKit/537.36 (KHTML, like Gecko; compatible; ClaudeBot/1.0; [email protected])"
209.74.77.214 - - [21/Jul/2025:15:52:34 +0000] "POST /wp-cron.php?doing_wp_cron=1753113154.7735240459442138671875 HTTP/1.1" 200 - "-" "WordPress/6.8.2; https://alalamy.com.au"
216.73.216.231 - - [21/Jul/2025:15:52:34 +0000] "GET /shopbrand/160893884.htm HTTP/1.1" 404 20401 "-" "Mozilla/5.0 AppleWebKit/537.36 (KHTML, like Gecko; compatible; ClaudeBot/1.0; [email protected])"
216.73.216.231 - - [21/Jul/2025:15:52:37 +0000] "GET /shopbrand/160815639.htm HTTP/1.1" 404 20401 "-" "Mozilla/5.0 AppleWebKit/537.36 (KHTML, like Gecko; compatible; ClaudeBot/1.0; [email protected])"
216.73.216.231 - - [21/Jul/2025:15:52:40 +0000] "GET /shopbrand/160829654.htm HTTP/1.1" 404 20401 "-" "Mozilla/5.0 AppleWebKit/537.36 (KHTML, like Gecko; compatible; ClaudeBot/1.0; [email protected])"
216.73.216.231 - - [21/Jul/2025:15:52:43 +0000] "GET /shopbrand/160877645.htm HTTP/1.1" 404 20401 "-" "Mozilla/5.0 AppleWebKit/537.36 (KHTML, like Gecko; compatible; ClaudeBot/1.0; [email protected])"
216.73.216.231 - - [21/Jul/2025:15:52:48 +0000] "GET /shopbrand/160881263.htm HTTP/1.1" 404 20401 "-" "Mozilla/5.0 AppleWebKit/537.36 (KHTML, like Gecko; compatible; ClaudeBot/1.0; [email protected])"
216.73.216.231 - - [21/Jul/2025:15:52:50 +0000] "GET /shopbrand/160857355.htm HTTP/1.1" 404 20401 "-" "Mozilla/5.0 AppleWebKit/537.36 (KHTML, like Gecko; compatible; ClaudeBot/1.0; [email protected])"
209.74.77.214 - - [21/Jul/2025:15:52:52 +0000] "POST /wp-cron.php?doing_wp_cron=1753113172.8085849285125732421875 HTTP/1.1" 200 - "-" "WordPress/6.8.2; https://alalamy.com.au"
216.73.216.231 - - [21/Jul/2025:15:52:52 +0000] "GET /shopbrand/160909877.htm HTTP/1.1" 404 20400 "-" "Mozilla/5.0 AppleWebKit/537.36 (KHTML, like Gecko; compatible; ClaudeBot/1.0; [email protected])"
216.73.216.231 - - [21/Jul/2025:15:52:55 +0000] "GET /shopbrand/160874849.htm HTTP/1.1" 404 20401 "-" "Mozilla/5.0 AppleWebKit/537.36 (KHTML, like Gecko; compatible; ClaudeBot/1.0; [email protected])"
216.73.216.231 - - [21/Jul/2025:15:52:59 +0000] "GET /shopbrand/160823538.htm HTTP/1.1" 404 20401 "-" "Mozilla/5.0 AppleWebKit/537.36 (KHTML, like Gecko; compatible; ClaudeBot/1.0; [email protected])"
209.74.77.214 - - [21/Jul/2025:15:53:01 +0000] "POST /wp-cron.php?doing_wp_cron=1753113181.8350880146026611328125 HTTP/1.1" 200 - "-" "WordPress/6.8.2; https://alalamy.com.au"
216.73.216.231 - - [21/Jul/2025:15:53:01 +0000] "GET /shopbrand/160895280.htm HTTP/1.1" 404 20401 "-" "Mozilla/5.0 AppleWebKit/537.36 (KHTML, like Gecko; compatible; ClaudeBot/1.0; [email protected])"
209.74.77.214 - - [21/Jul/2025:15:53:02 +0000] "POST /wp-admin/admin-ajax.php?action=async_litespeed&nonce=ydmAqUOXb0dIQM0ZQ93zMXczuUaP2ape&litespeed_type=imgoptm HTTP/1.1" 200 21 "-" "WordPress/6.8.2; https://alalamy.com.au"
216.73.216.231 - - [21/Jul/2025:15:53:04 +0000] "GET /shopbrand/160816044.htm HTTP/1.1" 404 20401 "-" "Mozilla/5.0 AppleWebKit/537.36 (KHTML, like Gecko; compatible; ClaudeBot/1.0; [email protected])"
216.73.216.231 - - [21/Jul/2025:15:53:08 +0000] "GET /shopbrand/160834517.htm HTTP/1.1" 404 20401 "-" "Mozilla/5.0 AppleWebKit/537.36 (KHTML, like Gecko; compatible; ClaudeBot/1.0; [email protected])"
216.73.216.231 - - [21/Jul/2025:15:53:10 +0000] "GET /shopbrand/160881678.htm HTTP/1.1" 404 20401 "-" "Mozilla/5.0 AppleWebKit/537.36 (KHTML, like Gecko; compatible; ClaudeBot/1.0; [email protected])"
216.73.216.231 - - [21/Jul/2025:15:53:21 +0000] "GET /shopbrand/160849970.htm HTTP/1.1" 404 20401 "-" "Mozilla/5.0 AppleWebKit/537.36 (KHTML, like Gecko; compatible; ClaudeBot/1.0; [email protected])"
216.73.216.231 - - [21/Jul/2025:15:53:24 +0000] "GET /shopbrand/160897089.htm HTTP/1.1" 404 20401 "-" "Mozilla/5.0 AppleWebKit/537.36 (KHTML, like Gecko; compatible; ClaudeBot/1.0; [email protected])"
216.73.216.231 - - [21/Jul/2025:15:53:26 +0000] "GET /shopbrand/160841231.htm HTTP/1.1" 404 20401 "-" "Mozilla/5.0 AppleWebKit/537.36 (KHTML, like Gecko; compatible; ClaudeBot/1.0; [email protected])"
216.73.216.231 - - [21/Jul/2025:15:53:28 +0000] "GET /shopbrand/160874690.htm HTTP/1.1" 404 20401 "-" "Mozilla/5.0 AppleWebKit/537.36 (KHTML, like Gecko; compatible; ClaudeBot/1.0; [email protected])"
216.73.216.231 - - [21/Jul/2025:15:53:31 +0000] "GET /shopbrand/160896118.htm HTTP/1.1" 404 20401 "-" "Mozilla/5.0 AppleWebKit/537.36 (KHTML, like Gecko; compatible; ClaudeBot/1.0; [email protected])"
66.249.65.164 - - [21/Jul/2025:15:53:35 +0000] "GET /robots.txt HTTP/1.1" 200 92 "-" "Mozilla/5.0 (compatible; Googlebot/2.1; +http://www.google.com/bot.html)"
66.249.65.166 - - [21/Jul/2025:15:53:34 +0000] "POST /get-message-notify HTTP/1.1" 200 19553 "https://alalamy.com.au/items/gardening/houseplants/5121037/vintagegame.html" "Mozilla/5.0 (Linux; Android 6.0.1; Nexus 5X Build/MMB29P) AppleWebKit/537.36 (KHTML, like Gecko) Chrome/137.0.7151.119 Mobile Safari/537.36 (compatible; Googlebot/2.1; +http://www.google.com/bot.html)"
209.74.77.214 - - [21/Jul/2025:15:53:35 +0000] "POST /wp-cron.php?doing_wp_cron=1753113215.2400450706481933593750 HTTP/1.1" 200 - "-" "WordPress/6.8.2; https://alalamy.com.au"
216.73.216.231 - - [21/Jul/2025:15:53:34 +0000] "GET /shopbrand/160823556.htm HTTP/1.1" 404 20401 "-" "Mozilla/5.0 AppleWebKit/537.36 (KHTML, like Gecko; compatible; ClaudeBot/1.0; [email protected])"
216.73.216.231 - - [21/Jul/2025:15:53:37 +0000] "GET /shopbrand/160877073.htm HTTP/1.1" 404 20401 "-" "Mozilla/5.0 AppleWebKit/537.36 (KHTML, like Gecko; compatible; ClaudeBot/1.0; [email protected])"
216.73.216.231 - - [21/Jul/2025:15:53:41 +0000] "GET /shopbrand/160875836.htm HTTP/1.1" 404 20401 "-" "Mozilla/5.0 AppleWebKit/537.36 (KHTML, like Gecko; compatible; ClaudeBot/1.0; [email protected])"
216.73.216.231 - - [21/Jul/2025:15:53:44 +0000] "GET /shopbrand/160857313.htm HTTP/1.1" 404 20401 "-" "Mozilla/5.0 AppleWebKit/537.36 (KHTML, like Gecko; compatible; ClaudeBot/1.0; [email protected])"
