216.73.216.231 - - [21/Jul/2025:16:17:32 +0000] "GET /shopbrand/183513658.htm HTTP/1.1" 404 20401 "-" "Mozilla/5.0 AppleWebKit/537.36 (KHTML, like Gecko; compatible; ClaudeBot/1.0; [email protected])"
66.249.65.165 - - [21/Jul/2025:16:17:32 +0000] "POST /get-message-notify HTTP/1.1" 200 19554 "https://alalamy.com.au/items/fashion/yukata/5090540/" "Mozilla/5.0 (Linux; Android 6.0.1; Nexus 5X Build/MMB29P) AppleWebKit/537.36 (KHTML, like Gecko) Chrome/137.0.7151.119 Mobile Safari/537.36 (compatible; Googlebot/2.1; +http://www.google.com/bot.html)"
209.74.77.214 - - [21/Jul/2025:16:17:34 +0000] "POST /wp-cron.php?doing_wp_cron=1753114654.8445808887481689453125 HTTP/1.1" 200 - "-" "WordPress/6.8.2; https://alalamy.com.au"
216.73.216.231 - - [21/Jul/2025:16:17:34 +0000] "GET /shopbrand/183437627.htm HTTP/1.1" 404 20401 "-" "Mozilla/5.0 AppleWebKit/537.36 (KHTML, like Gecko; compatible; ClaudeBot/1.0; [email protected])"
216.73.216.231 - - [21/Jul/2025:16:17:37 +0000] "GET /shopbrand/183511136.htm HTTP/1.1" 404 20401 "-" "Mozilla/5.0 AppleWebKit/537.36 (KHTML, like Gecko; compatible; ClaudeBot/1.0; [email protected])"
216.73.216.231 - - [21/Jul/2025:16:17:40 +0000] "GET /shopbrand/183485701.htm HTTP/1.1" 404 20401 "-" "Mozilla/5.0 AppleWebKit/537.36 (KHTML, like Gecko; compatible; ClaudeBot/1.0; [email protected])"
216.73.216.231 - - [21/Jul/2025:16:17:43 +0000] "GET /shopbrand/183506827.htm HTTP/1.1" 404 20401 "-" "Mozilla/5.0 AppleWebKit/537.36 (KHTML, like Gecko; compatible; ClaudeBot/1.0; [email protected])"
216.73.216.231 - - [21/Jul/2025:16:17:46 +0000] "GET /shopbrand/183500588.htm HTTP/1.1" 404 20401 "-" "Mozilla/5.0 AppleWebKit/537.36 (KHTML, like Gecko; compatible; ClaudeBot/1.0; [email protected])"
216.73.216.231 - - [21/Jul/2025:16:17:49 +0000] "GET /shopbrand/183474837.htm HTTP/1.1" 404 20401 "-" "Mozilla/5.0 AppleWebKit/537.36 (KHTML, like Gecko; compatible; ClaudeBot/1.0; [email protected])"
209.74.77.214 - - [21/Jul/2025:16:17:52 +0000] "POST /wp-cron.php?doing_wp_cron=1753114672.8252530097961425781250 HTTP/1.1" 200 - "-" "WordPress/6.8.2; https://alalamy.com.au"
216.73.216.231 - - [21/Jul/2025:16:17:52 +0000] "GET /shopbrand/183532959.htm HTTP/1.1" 404 20401 "-" "Mozilla/5.0 AppleWebKit/537.36 (KHTML, like Gecko; compatible; ClaudeBot/1.0; [email protected])"
209.74.77.214 - - [21/Jul/2025:16:18:02 +0000] "POST /wp-admin/admin-ajax.php?action=async_litespeed&nonce=53sUAxsCHIgvuMb0U2UMv5zoegGV0Dcc&litespeed_type=imgoptm HTTP/1.1" 200 21 "-" "WordPress/6.8.2; https://alalamy.com.au"
216.73.216.231 - - [21/Jul/2025:16:18:13 +0000] "GET /shopbrand/183465667.htm HTTP/1.1" 404 20401 "-" "Mozilla/5.0 AppleWebKit/537.36 (KHTML, like Gecko; compatible; ClaudeBot/1.0; [email protected])"
216.73.216.231 - - [21/Jul/2025:16:18:18 +0000] "GET /shopbrand/183448564.htm HTTP/1.1" 404 20400 "-" "Mozilla/5.0 AppleWebKit/537.36 (KHTML, like Gecko; compatible; ClaudeBot/1.0; [email protected])"
216.73.216.231 - - [21/Jul/2025:16:18:20 +0000] "GET /shopbrand/183421205.htm HTTP/1.1" 404 20401 "-" "Mozilla/5.0 AppleWebKit/537.36 (KHTML, like Gecko; compatible; ClaudeBot/1.0; [email protected])"
216.73.216.231 - - [21/Jul/2025:16:18:22 +0000] "GET /shopbrand/183443320.htm HTTP/1.1" 404 20400 "-" "Mozilla/5.0 AppleWebKit/537.36 (KHTML, like Gecko; compatible; ClaudeBot/1.0; [email protected])"
216.73.216.231 - - [21/Jul/2025:16:18:25 +0000] "GET /shopbrand/183478904.htm HTTP/1.1" 404 20401 "-" "Mozilla/5.0 AppleWebKit/537.36 (KHTML, like Gecko; compatible; ClaudeBot/1.0; [email protected])"
216.73.216.231 - - [21/Jul/2025:16:18:28 +0000] "GET /shopbrand/183480554.htm HTTP/1.1" 404 20401 "-" "Mozilla/5.0 AppleWebKit/537.36 (KHTML, like Gecko; compatible; ClaudeBot/1.0; [email protected])"
216.73.216.231 - - [21/Jul/2025:16:18:31 +0000] "GET /shopbrand/183476265.htm HTTP/1.1" 404 20401 "-" "Mozilla/5.0 AppleWebKit/537.36 (KHTML, like Gecko; compatible; ClaudeBot/1.0; [email protected])"
209.74.77.214 - - [21/Jul/2025:16:18:36 +0000] "POST /wp-cron.php?doing_wp_cron=1753114716.9267458915710449218750 HTTP/1.1" 200 - "-" "WordPress/6.8.2; https://alalamy.com.au"
216.73.216.231 - - [21/Jul/2025:16:18:36 +0000] "GET /shopbrand/183417611.htm HTTP/1.1" 404 20401 "-" "Mozilla/5.0 AppleWebKit/537.36 (KHTML, like Gecko; compatible; ClaudeBot/1.0; [email protected])"
216.73.216.231 - - [21/Jul/2025:16:18:37 +0000] "GET /shopbrand/183479426.htm HTTP/1.1" 404 20401 "-" "Mozilla/5.0 AppleWebKit/537.36 (KHTML, like Gecko; compatible; ClaudeBot/1.0; [email protected])"
66.249.65.164 - - [21/Jul/2025:16:18:40 +0000] "GET /items/fashion/jackets/4874173 HTTP/1.1" 200 20917 "-" "Mozilla/5.0 (Linux; Android 6.0.1; Nexus 5X Build/MMB29P) AppleWebKit/537.36 (KHTML, like Gecko) Chrome/137.0.7151.103 Mobile Safari/537.36 (compatible; GoogleOther)"
216.73.216.231 - - [21/Jul/2025:16:18:40 +0000] "GET /shopbrand/183467784.htm HTTP/1.1" 404 20401 "-" "Mozilla/5.0 AppleWebKit/537.36 (KHTML, like Gecko; compatible; ClaudeBot/1.0; [email protected])"
216.73.216.231 - - [21/Jul/2025:16:18:43 +0000] "GET /shopbrand/183488066.htm HTTP/1.1" 404 20401 "-" "Mozilla/5.0 AppleWebKit/537.36 (KHTML, like Gecko; compatible; ClaudeBot/1.0; [email protected])"
66.249.65.164 - - [21/Jul/2025:16:18:45 +0000] "GET /items/diy/air-tools/5235387/ HTTP/1.1" 200 21010 "-" "Mozilla/5.0 (Linux; Android 6.0.1; Nexus 5X Build/MMB29P) AppleWebKit/537.36 (KHTML, like Gecko) Chrome/137.0.7151.103 Mobile Safari/537.36 (compatible; GoogleOther)"
216.73.216.231 - - [21/Jul/2025:16:18:46 +0000] "GET /shopbrand/183479285.htm HTTP/1.1" 404 20401 "-" "Mozilla/5.0 AppleWebKit/537.36 (KHTML, like Gecko; compatible; ClaudeBot/1.0; [email protected])"
216.73.216.231 - - [21/Jul/2025:16:18:49 +0000] "GET /shopbrand/183453054.htm HTTP/1.1" 404 20401 "-" "Mozilla/5.0 AppleWebKit/537.36 (KHTML, like Gecko; compatible; ClaudeBot/1.0; [email protected])"
209.74.77.214 - - [21/Jul/2025:16:18:52 +0000] "POST /wp-cron.php?doing_wp_cron=1753114732.8258109092712402343750 HTTP/1.1" 200 - "-" "WordPress/6.8.2; https://alalamy.com.au"
216.73.216.231 - - [21/Jul/2025:16:18:52 +0000] "GET /shopbrand/183487510.htm HTTP/1.1" 404 20401 "-" "Mozilla/5.0 AppleWebKit/537.36 (KHTML, like Gecko; compatible; ClaudeBot/1.0; [email protected])"
216.73.216.231 - - [21/Jul/2025:16:18:55 +0000] "GET /shopbrand/183493227.htm HTTP/1.1" 404 20401 "-" "Mozilla/5.0 AppleWebKit/537.36 (KHTML, like Gecko; compatible; ClaudeBot/1.0; [email protected])"
216.73.216.231 - - [21/Jul/2025:16:18:58 +0000] "GET /shopbrand/183452895.htm HTTP/1.1" 404 20401 "-" "Mozilla/5.0 AppleWebKit/537.36 (KHTML, like Gecko; compatible; ClaudeBot/1.0; [email protected])"
209.74.77.214 - - [21/Jul/2025:16:19:01 +0000] "POST /wp-cron.php?doing_wp_cron=1753114741.8685369491577148437500 HTTP/1.1" 200 - "-" "WordPress/6.8.2; https://alalamy.com.au"
216.73.216.231 - - [21/Jul/2025:16:19:01 +0000] "GET /shopbrand/183518902.htm HTTP/1.1" 404 20401 "-" "Mozilla/5.0 AppleWebKit/537.36 (KHTML, like Gecko; compatible; ClaudeBot/1.0; [email protected])"
209.74.77.214 - - [21/Jul/2025:16:19:02 +0000] "POST /wp-admin/admin-ajax.php?action=async_litespeed&nonce=GDa1qq1M2bubg0I7hhac7ahIWwPOD28a&litespeed_type=imgoptm HTTP/1.1" 200 21 "-" "WordPress/6.8.2; https://alalamy.com.au"
66.249.65.165 - - [21/Jul/2025:16:19:02 +0000] "POST /get-message-notify HTTP/1.1" 200 19554 "https://alalamy.com.au/items/fashion/jackets/4874173" "Mozilla/5.0 (Linux; Android 6.0.1; Nexus 5X Build/MMB29P) AppleWebKit/537.36 (KHTML, like Gecko) Chrome/137.0.7151.119 Mobile Safari/537.36 (compatible; Googlebot/2.1; +http://www.google.com/bot.html)"
216.73.216.231 - - [21/Jul/2025:16:19:04 +0000] "GET /shopbrand/183471243.htm HTTP/1.1" 404 20401 "-" "Mozilla/5.0 AppleWebKit/537.36 (KHTML, like Gecko; compatible; ClaudeBot/1.0; [email protected])"
216.73.216.231 - - [21/Jul/2025:16:19:07 +0000] "GET /shopbrand/183514911.htm HTTP/1.1" 404 20401 "-" "Mozilla/5.0 AppleWebKit/537.36 (KHTML, like Gecko; compatible; ClaudeBot/1.0; [email protected])"
66.249.65.165 - - [21/Jul/2025:16:19:09 +0000] "POST /get-message-notify HTTP/1.1" 200 19554 "https://alalamy.com.au/items/diy/air-tools/5235387/" "Mozilla/5.0 (Linux; Android 6.0.1; Nexus 5X Build/MMB29P) AppleWebKit/537.36 (KHTML, like Gecko) Chrome/137.0.7151.119 Mobile Safari/537.36 (compatible; Googlebot/2.1; +http://www.google.com/bot.html)"
216.73.216.231 - - [21/Jul/2025:16:19:10 +0000] "GET /shopbrand/183527383.htm HTTP/1.1" 404 20401 "-" "Mozilla/5.0 AppleWebKit/537.36 (KHTML, like Gecko; compatible; ClaudeBot/1.0; [email protected])"
216.73.216.231 - - [21/Jul/2025:16:19:13 +0000] "GET /shopbrand/183414515.htm HTTP/1.1" 404 20401 "-" "Mozilla/5.0 AppleWebKit/537.36 (KHTML, like Gecko; compatible; ClaudeBot/1.0; [email protected])"
216.73.216.231 - - [21/Jul/2025:16:19:16 +0000] "GET /shopbrand/183522254.htm HTTP/1.1" 404 20401 "-" "Mozilla/5.0 AppleWebKit/537.36 (KHTML, like Gecko; compatible; ClaudeBot/1.0; [email protected])"
66.249.65.164 - - [21/Jul/2025:16:19:30 +0000] "GET /items/decor/interior/alalamy.com.au/cargo/detail HTTP/1.1" 200 19298 "-" "Mozilla/5.0 (Linux; Android 6.0.1; Nexus 5X Build/MMB29P) AppleWebKit/537.36 (KHTML, like Gecko) Chrome/137.0.7151.103 Mobile Safari/537.36 (compatible; GoogleOther)"
216.73.216.231 - - [21/Jul/2025:16:19:45 +0000] "GET /shopbrand/183459825.htm HTTP/1.1" 404 20401 "-" "Mozilla/5.0 AppleWebKit/537.36 (KHTML, like Gecko; compatible; ClaudeBot/1.0; [email protected])"
216.73.216.231 - - [21/Jul/2025:16:19:50 +0000] "GET /shopbrand/183454980.htm HTTP/1.1" 404 20401 "-" "Mozilla/5.0 AppleWebKit/537.36 (KHTML, like Gecko; compatible; ClaudeBot/1.0; [email protected])"
209.74.77.214 - - [21/Jul/2025:16:19:55 +0000] "POST /wp-cron.php?doing_wp_cron=1753114795.3165719509124755859375 HTTP/1.1" 200 - "-" "WordPress/6.8.2; https://alalamy.com.au"
216.73.216.231 - - [21/Jul/2025:16:19:55 +0000] "GET /shopbrand/183461237.htm HTTP/1.1" 404 20401 "-" "Mozilla/5.0 AppleWebKit/537.36 (KHTML, like Gecko; compatible; ClaudeBot/1.0; [email protected])"
216.73.216.231 - - [21/Jul/2025:16:19:56 +0000] "GET /shopbrand/183468721.htm HTTP/1.1" 404 20401 "-" "Mozilla/5.0 AppleWebKit/537.36 (KHTML, like Gecko; compatible; ClaudeBot/1.0; [email protected])"
209.74.77.214 - - [21/Jul/2025:16:20:02 +0000] "POST /wp-cron.php?doing_wp_cron=1753114802.3486220836639404296875 HTTP/1.1" 200 - "-" "WordPress/6.8.2; https://alalamy.com.au"
216.73.216.231 - - [21/Jul/2025:16:20:01 +0000] "GET /shopbrand/183419112.htm HTTP/1.1" 404 20401 "-" "Mozilla/5.0 AppleWebKit/537.36 (KHTML, like Gecko; compatible; ClaudeBot/1.0; [email protected])"
209.74.77.214 - - [21/Jul/2025:16:20:02 +0000] "POST /wp-admin/admin-ajax.php?action=async_litespeed&nonce=J2YeUNbIjWdWY0EmA3txrZRD6snnEkjX&litespeed_type=imgoptm HTTP/1.1" 200 21 "-" "WordPress/6.8.2; https://alalamy.com.au"
216.73.216.231 - - [21/Jul/2025:16:20:05 +0000] "GET /shopbrand/183419378.htm HTTP/1.1" 404 20401 "-" "Mozilla/5.0 AppleWebKit/537.36 (KHTML, like Gecko; compatible; ClaudeBot/1.0; [email protected])"
216.73.216.231 - - [21/Jul/2025:16:20:09 +0000] "GET /shopbrand/183486555.htm HTTP/1.1" 404 20401 "-" "Mozilla/5.0 AppleWebKit/537.36 (KHTML, like Gecko; compatible; ClaudeBot/1.0; [email protected])"
216.73.216.231 - - [21/Jul/2025:16:20:14 +0000] "GET /shopbrand/183410226.htm HTTP/1.1" 404 20401 "-" "Mozilla/5.0 AppleWebKit/537.36 (KHTML, like Gecko; compatible; ClaudeBot/1.0; [email protected])"
216.73.216.231 - - [21/Jul/2025:16:20:17 +0000] "GET /shopbrand/183451642.htm HTTP/1.1" 404 20401 "-" "Mozilla/5.0 AppleWebKit/537.36 (KHTML, like Gecko; compatible; ClaudeBot/1.0; [email protected])"
216.73.216.231 - - [21/Jul/2025:16:20:20 +0000] "GET /shopbrand/183435518.htm HTTP/1.1" 404 20399 "-" "Mozilla/5.0 AppleWebKit/537.36 (KHTML, like Gecko; compatible; ClaudeBot/1.0; [email protected])"
216.73.216.231 - - [21/Jul/2025:16:20:23 +0000] "GET /shopbrand/183497236.htm HTTP/1.1" 404 20400 "-" "Mozilla/5.0 AppleWebKit/537.36 (KHTML, like Gecko; compatible; ClaudeBot/1.0; [email protected])"
66.249.65.165 - - [21/Jul/2025:16:20:25 +0000] "GET /items/fashion/shoes/3019197/alalamy.com.au/pcmypage?callback=product/review/33879543 HTTP/1.1" 200 20762 "-" "Mozilla/5.0 (Linux; Android 6.0.1; Nexus 5X Build/MMB29P) AppleWebKit/537.36 (KHTML, like Gecko) Chrome/137.0.7151.103 Mobile Safari/537.36 (compatible; GoogleOther)"
216.73.216.231 - - [21/Jul/2025:16:20:26 +0000] "GET /shopbrand/183479883.htm HTTP/1.1" 404 20400 "-" "Mozilla/5.0 AppleWebKit/537.36 (KHTML, like Gecko; compatible; ClaudeBot/1.0; [email protected])"
216.73.216.231 - - [21/Jul/2025:16:20:29 +0000] "GET /shopbrand/183526287.htm HTTP/1.1" 404 20400 "-" "Mozilla/5.0 AppleWebKit/537.36 (KHTML, like Gecko; compatible; ClaudeBot/1.0; [email protected])"
216.73.216.231 - - [21/Jul/2025:16:20:32 +0000] "GET /shopbrand/183469593.htm HTTP/1.1" 404 20401 "-" "Mozilla/5.0 AppleWebKit/537.36 (KHTML, like Gecko; compatible; ClaudeBot/1.0; [email protected])"
209.74.77.214 - - [21/Jul/2025:16:20:35 +0000] "POST /wp-cron.php?doing_wp_cron=1753114835.8221158981323242187500 HTTP/1.1" 200 - "-" "WordPress/6.8.2; https://alalamy.com.au"
216.73.216.231 - - [21/Jul/2025:16:20:35 +0000] "GET /shopbrand/183494579.htm HTTP/1.1" 404 20401 "-" "Mozilla/5.0 AppleWebKit/537.36 (KHTML, like Gecko; compatible; ClaudeBot/1.0; [email protected])"
216.73.216.231 - - [21/Jul/2025:16:20:39 +0000] "GET /shopbrand/183502238.htm HTTP/1.1" 404 20401 "-" "Mozilla/5.0 AppleWebKit/537.36 (KHTML, like Gecko; compatible; ClaudeBot/1.0; [email protected])"
216.73.216.231 - - [21/Jul/2025:16:20:41 +0000] "GET /shopbrand/183466912.htm HTTP/1.1" 404 20401 "-" "Mozilla/5.0 AppleWebKit/537.36 (KHTML, like Gecko; compatible; ClaudeBot/1.0; [email protected])"
216.73.216.231 - - [21/Jul/2025:16:20:45 +0000] "GET /shopbrand/183532131.htm HTTP/1.1" 404 20401 "-" "Mozilla/5.0 AppleWebKit/537.36 (KHTML, like Gecko; compatible; ClaudeBot/1.0; [email protected])"
66.249.65.165 - - [21/Jul/2025:16:20:46 +0000] "GET /items/handmade/fashion/2022395/alalamy.com.au/pcmypage?callback=product/review/84297332 HTTP/1.1" 200 21695 "-" "Mozilla/5.0 (Linux; Android 6.0.1; Nexus 5X Build/MMB29P) AppleWebKit/537.36 (KHTML, like Gecko) Chrome/137.0.7151.103 Mobile Safari/537.36 (compatible; GoogleOther)"
216.73.216.231 - - [21/Jul/2025:16:20:47 +0000] "GET /shopbrand/183518231.htm HTTP/1.1" 404 20401 "-" "Mozilla/5.0 AppleWebKit/537.36 (KHTML, like Gecko; compatible; ClaudeBot/1.0; [email protected])"
216.73.216.231 - - [21/Jul/2025:16:20:50 +0000] "GET /shopbrand/183434390.htm HTTP/1.1" 404 20401 "-" "Mozilla/5.0 AppleWebKit/537.36 (KHTML, like Gecko; compatible; ClaudeBot/1.0; [email protected])"
66.249.65.164 - - [21/Jul/2025:16:20:50 +0000] "GET /items/outdoor/reels/3306505 HTTP/1.1" 200 20934 "-" "Mozilla/5.0 (Linux; Android 6.0.1; Nexus 5X Build/MMB29P) AppleWebKit/537.36 (KHTML, like Gecko) Chrome/137.0.7151.103 Mobile Safari/537.36 (compatible; GoogleOther)"
209.74.77.214 - - [21/Jul/2025:16:20:53 +0000] "POST /wp-cron.php?doing_wp_cron=1753114853.6864140033721923828125 HTTP/1.1" 200 - "-" "WordPress/6.8.2; https://alalamy.com.au"
216.73.216.231 - - [21/Jul/2025:16:20:53 +0000] "GET /shopbrand/183496281.htm HTTP/1.1" 404 20401 "-" "Mozilla/5.0 AppleWebKit/537.36 (KHTML, like Gecko; compatible; ClaudeBot/1.0; [email protected])"
66.249.65.164 - - [21/Jul/2025:16:20:54 +0000] "POST /get-message-notify HTTP/1.1" 200 19554 "https://alalamy.com.au/items/outdoor/reels/3306505" "Mozilla/5.0 (Linux; Android 6.0.1; Nexus 5X Build/MMB29P) AppleWebKit/537.36 (KHTML, like Gecko) Chrome/137.0.7151.119 Mobile Safari/537.36 (compatible; Googlebot/2.1; +http://www.google.com/bot.html)"
57.141.2.12 - - [21/Jul/2025:16:20:54 +0000] "GET /shopbrand/9156208.htm HTTP/1.1" 404 98911 "-" "meta-externalagent/1.1 (+https://developers.facebook.com/docs/sharing/webmasters/crawler)"
216.73.216.231 - - [21/Jul/2025:16:20:56 +0000] "GET /shopbrand/183486257.htm HTTP/1.1" 404 20401 "-" "Mozilla/5.0 AppleWebKit/537.36 (KHTML, like Gecko; compatible; ClaudeBot/1.0; [email protected])"
216.73.216.231 - - [21/Jul/2025:16:20:59 +0000] "GET /shopbrand/183490280.htm HTTP/1.1" 404 20401 "-" "Mozilla/5.0 AppleWebKit/537.36 (KHTML, like Gecko; compatible; ClaudeBot/1.0; [email protected])"
209.74.77.214 - - [21/Jul/2025:16:21:02 +0000] "POST /wp-cron.php?doing_wp_cron=1753114862.6968851089477539062500 HTTP/1.1" 200 - "-" "WordPress/6.8.2; https://alalamy.com.au"
216.73.216.231 - - [21/Jul/2025:16:21:02 +0000] "GET /shopbrand/183494472.htm HTTP/1.1" 404 20401 "-" "Mozilla/5.0 AppleWebKit/537.36 (KHTML, like Gecko; compatible; ClaudeBot/1.0; [email protected])"
209.74.77.214 - - [21/Jul/2025:16:21:02 +0000] "POST /wp-admin/admin-ajax.php?action=async_litespeed&nonce=iv2TlXt91HEuMzbTJcu1dk2L4J7mvFHZ&litespeed_type=imgoptm HTTP/1.1" 200 21 "-" "WordPress/6.8.2; https://alalamy.com.au"
66.249.65.165 - - [21/Jul/2025:16:21:04 +0000] "POST /get-message-notify HTTP/1.1" 200 19554 "https://alalamy.com.au/items/handmade/fashion/2022395/alalamy.com.au/pcmypage?callback=product/review/84297332" "Mozilla/5.0 (Linux; Android 6.0.1; Nexus 5X Build/MMB29P) AppleWebKit/537.36 (KHTML, like Gecko) Chrome/137.0.7151.119 Mobile Safari/537.36 (compatible; Googlebot/2.1; +http://www.google.com/bot.html)"
216.73.216.231 - - [21/Jul/2025:16:21:05 +0000] "GET /shopbrand/183455834.htm HTTP/1.1" 404 20401 "-" "Mozilla/5.0 AppleWebKit/537.36 (KHTML, like Gecko; compatible; ClaudeBot/1.0; [email protected])"
216.73.216.231 - - [21/Jul/2025:16:21:08 +0000] "GET /shopbrand/183492504.htm HTTP/1.1" 404 20401 "-" "Mozilla/5.0 AppleWebKit/537.36 (KHTML, like Gecko; compatible; ClaudeBot/1.0; [email protected])"
216.73.216.231 - - [21/Jul/2025:16:21:11 +0000] "GET /shopbrand/183516712.htm HTTP/1.1" 404 20401 "-" "Mozilla/5.0 AppleWebKit/537.36 (KHTML, like Gecko; compatible; ClaudeBot/1.0; [email protected])"
216.73.216.231 - - [21/Jul/2025:16:21:14 +0000] "GET /shopbrand/183479327.htm HTTP/1.1" 404 20401 "-" "Mozilla/5.0 AppleWebKit/537.36 (KHTML, like Gecko; compatible; ClaudeBot/1.0; [email protected])"
66.249.65.164 - - [21/Jul/2025:16:21:15 +0000] "POST /get-message-notify HTTP/1.1" 200 19554 "https://alalamy.com.au/items/fashion/shoes/3019197/alalamy.com.au/pcmypage?callback=product/review/33879543" "Mozilla/5.0 (Linux; Android 6.0.1; Nexus 5X Build/MMB29P) AppleWebKit/537.36 (KHTML, like Gecko) Chrome/137.0.7151.119 Mobile Safari/537.36 (compatible; Googlebot/2.1; +http://www.google.com/bot.html)"
216.73.216.231 - - [21/Jul/2025:16:21:17 +0000] "GET /shopbrand/183409660.htm HTTP/1.1" 404 20401 "-" "Mozilla/5.0 AppleWebKit/537.36 (KHTML, like Gecko; compatible; ClaudeBot/1.0; [email protected])"
216.73.216.231 - - [21/Jul/2025:16:21:20 +0000] "GET /shopbrand/183494313.htm HTTP/1.1" 404 20401 "-" "Mozilla/5.0 AppleWebKit/537.36 (KHTML, like Gecko; compatible; ClaudeBot/1.0; [email protected])"
47.82.11.93 - - [21/Jul/2025:16:21:22 +0000] "GET /?k=6647605131900&mod=d2394127&uri=category-info.php?id%3D222017-372%26name%3Dsmall+baby+rings HTTP/1.1" 301 - "https://alalamy.com.au/?k=6647605131900&mod=d2394127&uri=category-info.php%3Fid%3D222017-372%26name%3Dsmall+baby+rings" "Mozilla/5.0 (Windows NT 10.0; Win64; x64) AppleWebKit/537.36 (KHTML, like Gecko) Chrome/114.0.0.0 Safari/537.36 Edg/114.0.1823.43"
47.82.11.93 - - [21/Jul/2025:16:21:22 +0000] "GET /?k=6647605131900&mod=d2394127&uri=category-info.php?id%3D222017-372%26name%3Dsmall%20baby%20rings HTTP/1.1" 301 - "https://alalamy.com.au/?k=6647605131900&mod=d2394127&uri=category-info.php%3Fid%3D222017-372%26name%3Dsmall+baby+rings" "Mozilla/5.0 (Windows NT 10.0; Win64; x64) AppleWebKit/537.36 (KHTML, like Gecko) Chrome/114.0.0.0 Safari/537.36 Edg/114.0.1823.43"
216.73.216.231 - - [21/Jul/2025:16:21:23 +0000] "GET /shopbrand/183529226.htm HTTP/1.1" 404 20401 "-" "Mozilla/5.0 AppleWebKit/537.36 (KHTML, like Gecko; compatible; ClaudeBot/1.0; [email protected])"
216.73.216.231 - - [21/Jul/2025:16:21:26 +0000] "GET /shopbrand/183448864.htm HTTP/1.1" 404 20401 "-" "Mozilla/5.0 AppleWebKit/537.36 (KHTML, like Gecko; compatible; ClaudeBot/1.0; [email protected])"
216.73.216.231 - - [21/Jul/2025:16:21:29 +0000] "GET /shopbrand/183472232.htm HTTP/1.1" 404 20401 "-" "Mozilla/5.0 AppleWebKit/537.36 (KHTML, like Gecko; compatible; ClaudeBot/1.0; [email protected])"
216.73.216.231 - - [21/Jul/2025:16:21:32 +0000] "GET /shopbrand/183531706.htm HTTP/1.1" 404 20401 "-" "Mozilla/5.0 AppleWebKit/537.36 (KHTML, like Gecko; compatible; ClaudeBot/1.0; [email protected])"
209.74.77.214 - - [21/Jul/2025:16:21:36 +0000] "POST /wp-cron.php?doing_wp_cron=1753114896.6779179573059082031250 HTTP/1.1" 200 - "-" "WordPress/6.8.2; https://alalamy.com.au"
51.222.253.4 - - [21/Jul/2025:16:21:36 +0000] "GET /items/air-conditioning/freezer/4814984/ HTTP/1.1" 404 20401 "-" "Mozilla/5.0 (compatible; AhrefsBot/7.0; +http://ahrefs.com/robot/)"
216.73.216.231 - - [21/Jul/2025:16:21:37 +0000] "GET /shopbrand/183526843.htm HTTP/1.1" 404 20401 "-" "Mozilla/5.0 AppleWebKit/537.36 (KHTML, like Gecko; compatible; ClaudeBot/1.0; [email protected])"
216.73.216.231 - - [21/Jul/2025:16:21:39 +0000] "GET /shopbrand/183412309.htm HTTP/1.1" 404 20401 "-" "Mozilla/5.0 AppleWebKit/537.36 (KHTML, like Gecko; compatible; ClaudeBot/1.0; [email protected])"
66.249.65.164 - - [21/Jul/2025:16:21:48 +0000] "GET /items/motorcycles/cars/3664937/ HTTP/1.1" 200 19081 "-" "Mozilla/5.0 (Linux; Android 6.0.1; Nexus 5X Build/MMB29P) AppleWebKit/537.36 (KHTML, like Gecko) Chrome/137.0.7151.103 Mobile Safari/537.36 (compatible; GoogleOther)"
209.74.77.214 - - [21/Jul/2025:16:21:54 +0000] "POST /wp-cron.php?doing_wp_cron=1753114914.1363639831542968750000 HTTP/1.1" 200 - "-" "WordPress/6.8.2; https://alalamy.com.au"
216.73.216.231 - - [21/Jul/2025:16:21:53 +0000] "GET /shopbrand/183411213.htm HTTP/1.1" 404 20401 "-" "Mozilla/5.0 AppleWebKit/537.36 (KHTML, like Gecko; compatible; ClaudeBot/1.0; [email protected])"
66.249.65.164 - - [21/Jul/2025:16:21:57 +0000] "POST /get-message-notify HTTP/1.1" 200 19554 "https://alalamy.com.au/items/motorcycles/cars/3664937/" "Mozilla/5.0 (Linux; Android 6.0.1; Nexus 5X Build/MMB29P) AppleWebKit/537.36 (KHTML, like Gecko) Chrome/137.0.7151.119 Mobile Safari/537.36 (compatible; Googlebot/2.1; +http://www.google.com/bot.html)"
216.73.216.231 - - [21/Jul/2025:16:21:57 +0000] "GET /shopbrand/183443743.htm HTTP/1.1" 404 20401 "-" "Mozilla/5.0 AppleWebKit/537.36 (KHTML, like Gecko; compatible; ClaudeBot/1.0; [email protected])"
216.73.216.231 - - [21/Jul/2025:16:21:59 +0000] "GET /shopbrand/183519732.htm HTTP/1.1" 404 20401 "-" "Mozilla/5.0 AppleWebKit/537.36 (KHTML, like Gecko; compatible; ClaudeBot/1.0; [email protected])"
209.74.77.214 - - [21/Jul/2025:16:22:03 +0000] "POST /wp-cron.php?doing_wp_cron=1753114922.9978981018066406250000 HTTP/1.1" 200 - "-" "WordPress/6.8.2; https://alalamy.com.au"
216.73.216.231 - - [21/Jul/2025:16:22:02 +0000] "GET /shopbrand/183507923.htm HTTP/1.1" 404 20401 "-" "Mozilla/5.0 AppleWebKit/537.36 (KHTML, like Gecko; compatible; ClaudeBot/1.0; [email protected])"
209.74.77.214 - - [21/Jul/2025:16:22:03 +0000] "POST /wp-admin/admin-ajax.php?action=async_litespeed&nonce=OmZozfwZMMl4AA8sYlAtqGMcIqaZp1qs&litespeed_type=imgoptm HTTP/1.1" 200 21 "-" "WordPress/6.8.2; https://alalamy.com.au"
216.73.216.231 - - [21/Jul/2025:16:22:05 +0000] "GET /shopbrand/183413578.htm HTTP/1.1" 404 20401 "-" "Mozilla/5.0 AppleWebKit/537.36 (KHTML, like Gecko; compatible; ClaudeBot/1.0; [email protected])"
216.73.216.231 - - [21/Jul/2025:16:22:08 +0000] "GET /shopbrand/183528513.htm HTTP/1.1" 404 20401 "-" "Mozilla/5.0 AppleWebKit/537.36 (KHTML, like Gecko; compatible; ClaudeBot/1.0; [email protected])"
216.73.216.231 - - [21/Jul/2025:16:22:11 +0000] "GET /shopbrand/183419694.htm HTTP/1.1" 404 20401 "-" "Mozilla/5.0 AppleWebKit/537.36 (KHTML, like Gecko; compatible; ClaudeBot/1.0; [email protected])"
216.73.216.231 - - [21/Jul/2025:16:22:14 +0000] "GET /shopbrand/183409670.htm HTTP/1.1" 404 20401 "-" "Mozilla/5.0 AppleWebKit/537.36 (KHTML, like Gecko; compatible; ClaudeBot/1.0; [email protected])"
216.73.216.231 - - [21/Jul/2025:16:22:17 +0000] "GET /shopbrand/183495991.htm HTTP/1.1" 404 20401 "-" "Mozilla/5.0 AppleWebKit/537.36 (KHTML, like Gecko; compatible; ClaudeBot/1.0; [email protected])"
216.73.216.231 - - [21/Jul/2025:16:22:20 +0000] "GET /shopbrand/183433709.htm HTTP/1.1" 404 20401 "-" "Mozilla/5.0 AppleWebKit/537.36 (KHTML, like Gecko; compatible; ClaudeBot/1.0; [email protected])"
216.73.216.231 - - [21/Jul/2025:16:22:23 +0000] "GET /shopbrand/183522810.htm HTTP/1.1" 404 20401 "-" "Mozilla/5.0 AppleWebKit/537.36 (KHTML, like Gecko; compatible; ClaudeBot/1.0; [email protected])"
216.73.216.231 - - [21/Jul/2025:16:22:27 +0000] "GET /shopbrand/183447619.htm HTTP/1.1" 404 20401 "-" "Mozilla/5.0 AppleWebKit/537.36 (KHTML, like Gecko; compatible; ClaudeBot/1.0; [email protected])"
216.73.216.231 - - [21/Jul/2025:16:22:29 +0000] "GET /shopbrand/183417013.htm HTTP/1.1" 404 20401 "-" "Mozilla/5.0 AppleWebKit/537.36 (KHTML, like Gecko; compatible; ClaudeBot/1.0; [email protected])"
209.74.77.214 - - [21/Jul/2025:16:22:33 +0000] "POST /wp-cron.php?doing_wp_cron=1753114953.4510529041290283203125 HTTP/1.1" 200 - "-" "WordPress/6.8.2; https://alalamy.com.au"
216.73.216.231 - - [21/Jul/2025:16:22:33 +0000] "GET /shopbrand/183416632.htm HTTP/1.1" 404 20401 "-" "Mozilla/5.0 AppleWebKit/537.36 (KHTML, like Gecko; compatible; ClaudeBot/1.0; [email protected])"
216.73.216.231 - - [21/Jul/2025:16:22:35 +0000] "GET /shopbrand/183527002.htm HTTP/1.1" 404 20401 "-" "Mozilla/5.0 AppleWebKit/537.36 (KHTML, like Gecko; compatible; ClaudeBot/1.0; [email protected])"
216.73.216.231 - - [21/Jul/2025:16:22:38 +0000] "GET /shopbrand/183438298.htm HTTP/1.1" 404 20401 "-" "Mozilla/5.0 AppleWebKit/537.36 (KHTML, like Gecko; compatible; ClaudeBot/1.0; [email protected])"
216.73.216.231 - - [21/Jul/2025:16:22:41 +0000] "GET /shopbrand/183501410.htm HTTP/1.1" 404 20401 "-" "Mozilla/5.0 AppleWebKit/537.36 (KHTML, like Gecko; compatible; ClaudeBot/1.0; [email protected])"
216.73.216.231 - - [21/Jul/2025:16:22:44 +0000] "GET /shopbrand/183522679.htm HTTP/1.1" 404 20401 "-" "Mozilla/5.0 AppleWebKit/537.36 (KHTML, like Gecko; compatible; ClaudeBot/1.0; [email protected])"
216.73.216.231 - - [21/Jul/2025:16:22:47 +0000] "GET /shopbrand/183426207.htm HTTP/1.1" 404 20401 "-" "Mozilla/5.0 AppleWebKit/537.36 (KHTML, like Gecko; compatible; ClaudeBot/1.0; [email protected])"
209.74.77.214 - - [21/Jul/2025:16:22:53 +0000] "POST /wp-cron.php?doing_wp_cron=1753114973.8478019237518310546875 HTTP/1.1" 200 - "-" "WordPress/6.8.2; https://alalamy.com.au"
216.73.216.231 - - [21/Jul/2025:16:22:53 +0000] "GET /shopbrand/183460407.htm HTTP/1.1" 404 20401 "-" "Mozilla/5.0 AppleWebKit/537.36 (KHTML, like Gecko; compatible; ClaudeBot/1.0; [email protected])"
216.73.216.231 - - [21/Jul/2025:16:22:56 +0000] "GET /shopbrand/183501251.htm HTTP/1.1" 404 20401 "-" "Mozilla/5.0 AppleWebKit/537.36 (KHTML, like Gecko; compatible; ClaudeBot/1.0; [email protected])"
216.73.216.231 - - [21/Jul/2025:16:22:59 +0000] "GET /shopbrand/183450117.htm HTTP/1.1" 404 20401 "-" "Mozilla/5.0 AppleWebKit/537.36 (KHTML, like Gecko; compatible; ClaudeBot/1.0; [email protected])"
209.74.77.214 - - [21/Jul/2025:16:23:13 +0000] "POST /wp-cron.php?doing_wp_cron=1753114993.2065439224243164062500 HTTP/1.1" 200 - "-" "WordPress/6.8.2; https://alalamy.com.au"
216.73.216.231 - - [21/Jul/2025:16:23:12 +0000] "GET /shopbrand/183483874.htm HTTP/1.1" 404 20401 "-" "Mozilla/5.0 AppleWebKit/537.36 (KHTML, like Gecko; compatible; ClaudeBot/1.0; [email protected])"
209.74.77.214 - - [21/Jul/2025:16:23:13 +0000] "POST /wp-admin/admin-ajax.php?action=async_litespeed&nonce=oqiT4QiWg7HOTIQi6mqIXgKXkef9pFT4&litespeed_type=imgoptm HTTP/1.1" 200 21 "-" "WordPress/6.8.2; https://alalamy.com.au"
216.73.216.231 - - [21/Jul/2025:16:23:17 +0000] "GET /shopbrand/183512230.htm HTTP/1.1" 404 20401 "-" "Mozilla/5.0 AppleWebKit/537.36 (KHTML, like Gecko; compatible; ClaudeBot/1.0; [email protected])"
216.73.216.231 - - [21/Jul/2025:16:23:24 +0000] "GET /shopbrand/183461950.htm HTTP/1.1" 404 20401 "-" "Mozilla/5.0 AppleWebKit/537.36 (KHTML, like Gecko; compatible; ClaudeBot/1.0; [email protected])"
216.73.216.231 - - [21/Jul/2025:16:23:27 +0000] "GET /shopbrand/183464730.htm HTTP/1.1" 404 20401 "-" "Mozilla/5.0 AppleWebKit/537.36 (KHTML, like Gecko; compatible; ClaudeBot/1.0; [email protected])"
216.73.216.231 - - [21/Jul/2025:16:23:29 +0000] "GET /shopbrand/183522512.htm HTTP/1.1" 404 20401 "-" "Mozilla/5.0 AppleWebKit/537.36 (KHTML, like Gecko; compatible; ClaudeBot/1.0; [email protected])"
209.74.77.214 - - [21/Jul/2025:16:23:33 +0000] "POST /wp-cron.php?doing_wp_cron=1753115013.0270149707794189453125 HTTP/1.1" 200 - "-" "WordPress/6.8.2; https://alalamy.com.au"
216.73.216.231 - - [21/Jul/2025:16:23:32 +0000] "GET /shopbrand/183530596.htm HTTP/1.1" 404 20401 "-" "Mozilla/5.0 AppleWebKit/537.36 (KHTML, like Gecko; compatible; ClaudeBot/1.0; [email protected])"
216.73.216.231 - - [21/Jul/2025:16:23:35 +0000] "GET /shopbrand/183495566.htm HTTP/1.1" 404 20401 "-" "Mozilla/5.0 AppleWebKit/537.36 (KHTML, like Gecko; compatible; ClaudeBot/1.0; [email protected])"
216.73.216.231 - - [21/Jul/2025:16:23:38 +0000] "GET /shopbrand/183469859.htm HTTP/1.1" 404 20401 "-" "Mozilla/5.0 AppleWebKit/537.36 (KHTML, like Gecko; compatible; ClaudeBot/1.0; [email protected])"
216.73.216.231 - - [21/Jul/2025:16:23:41 +0000] "GET /shopbrand/183409801.htm HTTP/1.1" 404 20401 "-" "Mozilla/5.0 AppleWebKit/537.36 (KHTML, like Gecko; compatible; ClaudeBot/1.0; [email protected])"
216.73.216.231 - - [21/Jul/2025:16:23:45 +0000] "GET /shopbrand/183413693.htm HTTP/1.1" 404 20401 "-" "Mozilla/5.0 AppleWebKit/537.36 (KHTML, like Gecko; compatible; ClaudeBot/1.0; [email protected])"
216.73.216.231 - - [21/Jul/2025:16:23:47 +0000] "GET /shopbrand/183460812.htm HTTP/1.1" 404 20401 "-" "Mozilla/5.0 AppleWebKit/537.36 (KHTML, like Gecko; compatible; ClaudeBot/1.0; [email protected])"
209.74.77.214 - - [21/Jul/2025:16:23:51 +0000] "POST /wp-cron.php?doing_wp_cron=1753115031.0481040477752685546875 HTTP/1.1" 200 - "-" "WordPress/6.8.2; https://alalamy.com.au"
216.73.216.231 - - [21/Jul/2025:16:23:50 +0000] "GET /shopbrand/183439710.htm HTTP/1.1" 404 20401 "-" "Mozilla/5.0 AppleWebKit/537.36 (KHTML, like Gecko; compatible; ClaudeBot/1.0; [email protected])"
216.73.216.231 - - [21/Jul/2025:16:23:53 +0000] "GET /shopbrand/183440107.htm HTTP/1.1" 404 20401 "-" "Mozilla/5.0 AppleWebKit/537.36 (KHTML, like Gecko; compatible; ClaudeBot/1.0; [email protected])"
216.73.216.231 - - [21/Jul/2025:16:23:56 +0000] "GET /shopbrand/183457345.htm HTTP/1.1" 404 20401 "-" "Mozilla/5.0 AppleWebKit/537.36 (KHTML, like Gecko; compatible; ClaudeBot/1.0; [email protected])"
216.73.216.231 - - [21/Jul/2025:16:23:59 +0000] "GET /shopbrand/183433296.htm HTTP/1.1" 404 20401 "-" "Mozilla/5.0 AppleWebKit/537.36 (KHTML, like Gecko; compatible; ClaudeBot/1.0; [email protected])"
209.74.77.214 - - [21/Jul/2025:16:24:03 +0000] "POST /wp-cron.php?doing_wp_cron=1753115043.0291221141815185546875 HTTP/1.1" 200 - "-" "WordPress/6.8.2; https://alalamy.com.au"
216.73.216.231 - - [21/Jul/2025:16:24:02 +0000] "GET /shopbrand/183509740.htm HTTP/1.1" 404 20401 "-" "Mozilla/5.0 AppleWebKit/537.36 (KHTML, like Gecko; compatible; ClaudeBot/1.0; [email protected])"
209.74.77.214 - - [21/Jul/2025:16:24:03 +0000] "POST /wp-admin/admin-ajax.php?action=async_litespeed&nonce=G36kCVVK9aANrbRgT1IVAvmbJL3f4XxU&litespeed_type=imgoptm HTTP/1.1" 200 21 "-" "WordPress/6.8.2; https://alalamy.com.au"
216.73.216.231 - - [21/Jul/2025:16:24:05 +0000] "GET /shopbrand/183443030.htm HTTP/1.1" 404 20401 "-" "Mozilla/5.0 AppleWebKit/537.36 (KHTML, like Gecko; compatible; ClaudeBot/1.0; [email protected])"
216.73.216.231 - - [21/Jul/2025:16:24:08 +0000] "GET /shopbrand/183526446.htm HTTP/1.1" 404 20401 "-" "Mozilla/5.0 AppleWebKit/537.36 (KHTML, like Gecko; compatible; ClaudeBot/1.0; [email protected])"
216.73.216.231 - - [21/Jul/2025:16:24:12 +0000] "GET /shopbrand/183469559.htm HTTP/1.1" 404 20400 "-" "Mozilla/5.0 AppleWebKit/537.36 (KHTML, like Gecko; compatible; ClaudeBot/1.0; [email protected])"
216.73.216.231 - - [21/Jul/2025:16:24:16 +0000] "GET /shopbrand/183500014.htm HTTP/1.1" 404 20401 "-" "Mozilla/5.0 AppleWebKit/537.36 (KHTML, like Gecko; compatible; ClaudeBot/1.0; [email protected])"
216.73.216.231 - - [21/Jul/2025:16:24:20 +0000] "GET /shopbrand/183431785.htm HTTP/1.1" 404 20401 "-" "Mozilla/5.0 AppleWebKit/537.36 (KHTML, like Gecko; compatible; ClaudeBot/1.0; [email protected])"
216.73.216.231 - - [21/Jul/2025:16:24:23 +0000] "GET /shopbrand/183412150.htm HTTP/1.1" 404 20401 "-" "Mozilla/5.0 AppleWebKit/537.36 (KHTML, like Gecko; compatible; ClaudeBot/1.0; [email protected])"
66.249.65.166 - - [21/Jul/2025:16:24:24 +0000] "POST /get-message-notify HTTP/1.1" 200 19554 "https://alalamy.com.au/items/decor/interior/alalamy.com.au/cargo/detail" "Mozilla/5.0 (Linux; Android 6.0.1; Nexus 5X Build/MMB29P) AppleWebKit/537.36 (KHTML, like Gecko) Chrome/137.0.7151.119 Mobile Safari/537.36 (compatible; Googlebot/2.1; +http://www.google.com/bot.html)"
66.249.65.164 - - [21/Jul/2025:16:24:25 +0000] "GET /items/handmade/fashion/alalamy.com.au/pcmypage?callback=product%2Fdetail%2F12960203 HTTP/1.1" 200 19352 "-" "Mozilla/5.0 (Linux; Android 6.0.1; Nexus 5X Build/MMB29P) AppleWebKit/537.36 (KHTML, like Gecko) Chrome/137.0.7151.103 Mobile Safari/537.36 (compatible; GoogleOther)"
216.73.216.231 - - [21/Jul/2025:16:24:27 +0000] "GET /shopbrand/183431328.htm HTTP/1.1" 404 20401 "-" "Mozilla/5.0 AppleWebKit/537.36 (KHTML, like Gecko; compatible; ClaudeBot/1.0; [email protected])"
216.73.216.231 - - [21/Jul/2025:16:24:29 +0000] "GET /shopbrand/20016.htm HTTP/1.1" 404 20401 "-" "Mozilla/5.0 AppleWebKit/537.36 (KHTML, like Gecko; compatible; ClaudeBot/1.0; [email protected])"
216.73.216.231 - - [21/Jul/2025:16:24:31 +0000] "GET /shopbrand/183408830.htm HTTP/1.1" 404 20401 "-" "Mozilla/5.0 AppleWebKit/537.36 (KHTML, like Gecko; compatible; ClaudeBot/1.0; [email protected])"
209.74.77.214 - - [21/Jul/2025:16:24:34 +0000] "POST /wp-cron.php?doing_wp_cron=1753115074.8022100925445556640625 HTTP/1.1" 200 - "-" "WordPress/6.8.2; https://alalamy.com.au"
216.73.216.231 - - [21/Jul/2025:16:24:34 +0000] "GET /shopbrand/183439138.htm HTTP/1.1" 404 20401 "-" "Mozilla/5.0 AppleWebKit/537.36 (KHTML, like Gecko; compatible; ClaudeBot/1.0; [email protected])"
216.73.216.231 - - [21/Jul/2025:16:24:37 +0000] "GET /shopbrand/183501823.htm HTTP/1.1" 404 20401 "-" "Mozilla/5.0 AppleWebKit/537.36 (KHTML, like Gecko; compatible; ClaudeBot/1.0; [email protected])"
216.73.216.231 - - [21/Jul/2025:16:24:40 +0000] "GET /shopbrand/183444672.htm HTTP/1.1" 404 20401 "-" "Mozilla/5.0 AppleWebKit/537.36 (KHTML, like Gecko; compatible; ClaudeBot/1.0; [email protected])"
216.73.216.231 - - [21/Jul/2025:16:24:43 +0000] "GET /shopbrand/183499176.htm HTTP/1.1" 404 20401 "-" "Mozilla/5.0 AppleWebKit/537.36 (KHTML, like Gecko; compatible; ClaudeBot/1.0; [email protected])"
216.73.216.231 - - [21/Jul/2025:16:24:46 +0000] "GET /shopbrand/183498364.htm HTTP/1.1" 404 20401 "-" "Mozilla/5.0 AppleWebKit/537.36 (KHTML, like Gecko; compatible; ClaudeBot/1.0; [email protected])"
209.74.77.214 - - [21/Jul/2025:16:24:51 +0000] "POST /wp-cron.php?doing_wp_cron=1753115091.6691401004791259765625 HTTP/1.1" 200 - "-" "WordPress/6.8.2; https://alalamy.com.au"
216.73.216.231 - - [21/Jul/2025:16:24:51 +0000] "GET /shopbrand/183518521.htm HTTP/1.1" 404 20401 "-" "Mozilla/5.0 AppleWebKit/537.36 (KHTML, like Gecko; compatible; ClaudeBot/1.0; [email protected])"
216.73.216.231 - - [21/Jul/2025:16:24:54 +0000] "GET /shopbrand/183445810.htm HTTP/1.1" 404 20401 "-" "Mozilla/5.0 AppleWebKit/537.36 (KHTML, like Gecko; compatible; ClaudeBot/1.0; [email protected])"
216.73.216.231 - - [21/Jul/2025:16:24:55 +0000] "GET /shopbrand/183431900.htm HTTP/1.1" 404 20401 "-" "Mozilla/5.0 AppleWebKit/537.36 (KHTML, like Gecko; compatible; ClaudeBot/1.0; [email protected])"
216.73.216.231 - - [21/Jul/2025:16:24:58 +0000] "GET /shopbrand/183463187.htm HTTP/1.1" 404 20401 "-" "Mozilla/5.0 AppleWebKit/537.36 (KHTML, like Gecko; compatible; ClaudeBot/1.0; [email protected])"
209.74.77.214 - - [21/Jul/2025:16:25:02 +0000] "POST /wp-cron.php?doing_wp_cron=1753115102.1472139358520507812500 HTTP/1.1" 200 - "-" "WordPress/6.8.2; https://alalamy.com.au"
216.73.216.231 - - [21/Jul/2025:16:25:01 +0000] "GET /shopbrand/183438572.htm HTTP/1.1" 404 20401 "-" "Mozilla/5.0 AppleWebKit/537.36 (KHTML, like Gecko; compatible; ClaudeBot/1.0; [email protected])"
66.249.65.165 - - [21/Jul/2025:16:25:02 +0000] "GET /items/fashion/hats/4984498/ HTTP/1.1" 200 19084 "-" "Mozilla/5.0 (Linux; Android 6.0.1; Nexus 5X Build/MMB29P) AppleWebKit/537.36 (KHTML, like Gecko) Chrome/137.0.7151.103 Mobile Safari/537.36 (compatible; GoogleOther)"
209.74.77.214 - - [21/Jul/2025:16:25:02 +0000] "POST /wp-admin/admin-ajax.php?action=async_litespeed&nonce=28UPw91FS82tUKpO54L1qVnOds6FtOwP&litespeed_type=imgoptm HTTP/1.1" 200 21 "-" "WordPress/6.8.2; https://alalamy.com.au"
216.73.216.231 - - [21/Jul/2025:16:25:05 +0000] "GET /shopbrand/183473326.htm HTTP/1.1" 404 20401 "-" "Mozilla/5.0 AppleWebKit/537.36 (KHTML, like Gecko; compatible; ClaudeBot/1.0; [email protected])"
216.73.216.231 - - [21/Jul/2025:16:25:07 +0000] "GET /shopbrand/183484448.htm HTTP/1.1" 404 20401 "-" "Mozilla/5.0 AppleWebKit/537.36 (KHTML, like Gecko; compatible; ClaudeBot/1.0; [email protected])"
216.73.216.231 - - [21/Jul/2025:16:25:10 +0000] "GET /shopbrand/183422059.htm HTTP/1.1" 404 20401 "-" "Mozilla/5.0 AppleWebKit/537.36 (KHTML, like Gecko; compatible; ClaudeBot/1.0; [email protected])"
216.73.216.231 - - [21/Jul/2025:16:25:13 +0000] "GET /shopbrand/183425228.htm HTTP/1.1" 404 20401 "-" "Mozilla/5.0 AppleWebKit/537.36 (KHTML, like Gecko; compatible; ClaudeBot/1.0; [email protected])"
216.73.216.231 - - [21/Jul/2025:16:25:16 +0000] "GET /shopbrand/183457917.htm HTTP/1.1" 404 20401 "-" "Mozilla/5.0 AppleWebKit/537.36 (KHTML, like Gecko; compatible; ClaudeBot/1.0; [email protected])"
216.73.216.231 - - [21/Jul/2025:16:25:20 +0000] "GET /shopbrand/183520032.htm HTTP/1.1" 404 20401 "-" "Mozilla/5.0 AppleWebKit/537.36 (KHTML, like Gecko; compatible; ClaudeBot/1.0; [email protected])"
66.249.65.164 - - [21/Jul/2025:16:25:22 +0000] "POST /get-message-notify HTTP/1.1" 200 19554 "https://alalamy.com.au/items/handmade/fashion/alalamy.com.au/pcmypage?callback=product%2Fdetail%2F12960203" "Mozilla/5.0 (Linux; Android 6.0.1; Nexus 5X Build/MMB29P) AppleWebKit/537.36 (KHTML, like Gecko) Chrome/137.0.7151.119 Mobile Safari/537.36 (compatible; Googlebot/2.1; +http://www.google.com/bot.html)"
66.249.65.164 - - [21/Jul/2025:16:25:33 +0000] "POST /get-message-notify HTTP/1.1" 200 19554 "https://alalamy.com.au/items/fashion/hats/4984498/" "Mozilla/5.0 (Linux; Android 6.0.1; Nexus 5X Build/MMB29P) AppleWebKit/537.36 (KHTML, like Gecko) Chrome/137.0.7151.119 Mobile Safari/537.36 (compatible; Googlebot/2.1; +http://www.google.com/bot.html)"
209.74.77.214 - - [21/Jul/2025:16:25:51 +0000] "POST /wp-cron.php?doing_wp_cron=1753115151.7390499114990234375000 HTTP/1.1" 200 - "-" "WordPress/6.8.2; https://alalamy.com.au"
216.73.216.231 - - [21/Jul/2025:16:25:51 +0000] "GET /shopbrand/183431495.htm HTTP/1.1" 404 20401 "-" "Mozilla/5.0 AppleWebKit/537.36 (KHTML, like Gecko; compatible; ClaudeBot/1.0; [email protected])"
216.73.216.231 - - [21/Jul/2025:16:25:55 +0000] "GET /shopbrand/183475135.htm HTTP/1.1" 404 20401 "-" "Mozilla/5.0 AppleWebKit/537.36 (KHTML, like Gecko; compatible; ClaudeBot/1.0; [email protected])"
216.73.216.231 - - [21/Jul/2025:16:25:56 +0000] "GET /shopbrand/183477103.htm HTTP/1.1" 404 20401 "-" "Mozilla/5.0 AppleWebKit/537.36 (KHTML, like Gecko; compatible; ClaudeBot/1.0; [email protected])"
216.73.216.231 - - [21/Jul/2025:16:25:59 +0000] "GET /shopbrand/183415927.htm HTTP/1.1" 404 20401 "-" "Mozilla/5.0 AppleWebKit/537.36 (KHTML, like Gecko; compatible; ClaudeBot/1.0; [email protected])"
209.74.77.214 - - [21/Jul/2025:16:26:02 +0000] "POST /wp-cron.php?doing_wp_cron=1753115162.9403340816497802734375 HTTP/1.1" 200 - "-" "WordPress/6.8.2; https://alalamy.com.au"
216.73.216.231 - - [21/Jul/2025:16:26:02 +0000] "GET /shopbrand/183451245.htm HTTP/1.1" 404 20401 "-" "Mozilla/5.0 AppleWebKit/537.36 (KHTML, like Gecko; compatible; ClaudeBot/1.0; [email protected])"
209.74.77.214 - - [21/Jul/2025:16:26:03 +0000] "POST /wp-admin/admin-ajax.php?action=async_litespeed&nonce=t7iXasBBNYAfHYlh5EIoDxeo5Y6LLHIR&litespeed_type=imgoptm HTTP/1.1" 200 21 "-" "WordPress/6.8.2; https://alalamy.com.au"
216.73.216.231 - - [21/Jul/2025:16:26:05 +0000] "GET /shopbrand/183446779.htm HTTP/1.1" 404 20401 "-" "Mozilla/5.0 AppleWebKit/537.36 (KHTML, like Gecko; compatible; ClaudeBot/1.0; [email protected])"
216.73.216.231 - - [21/Jul/2025:16:26:08 +0000] "GET /shopbrand/183424954.htm HTTP/1.1" 404 20401 "-" "Mozilla/5.0 AppleWebKit/537.36 (KHTML, like Gecko; compatible; ClaudeBot/1.0; [email protected])"
216.73.216.231 - - [21/Jul/2025:16:26:11 +0000] "GET /shopbrand/183470133.htm HTTP/1.1" 404 20401 "-" "Mozilla/5.0 AppleWebKit/537.36 (KHTML, like Gecko; compatible; ClaudeBot/1.0; [email protected])"
216.73.216.231 - - [21/Jul/2025:16:26:14 +0000] "GET /shopbrand/183463759.htm HTTP/1.1" 404 20401 "-" "Mozilla/5.0 AppleWebKit/537.36 (KHTML, like Gecko; compatible; ClaudeBot/1.0; [email protected])"
216.73.216.231 - - [21/Jul/2025:16:26:17 +0000] "GET /shopbrand/183513360.htm HTTP/1.1" 404 20401 "-" "Mozilla/5.0 AppleWebKit/537.36 (KHTML, like Gecko; compatible; ClaudeBot/1.0; [email protected])"
216.73.216.231 - - [21/Jul/2025:16:26:20 +0000] "GET /shopbrand/183416342.htm HTTP/1.1" 404 20401 "-" "Mozilla/5.0 AppleWebKit/537.36 (KHTML, like Gecko; compatible; ClaudeBot/1.0; [email protected])"
216.73.216.231 - - [21/Jul/2025:16:26:24 +0000] "GET /shopbrand/183449543.htm HTTP/1.1" 404 20401 "-" "Mozilla/5.0 AppleWebKit/537.36 (KHTML, like Gecko; compatible; ClaudeBot/1.0; [email protected])"
216.73.216.231 - - [21/Jul/2025:16:26:27 +0000] "GET /shopbrand/183436358.htm HTTP/1.1" 404 20401 "-" "Mozilla/5.0 AppleWebKit/537.36 (KHTML, like Gecko; compatible; ClaudeBot/1.0; [email protected])"
209.74.77.214 - - [21/Jul/2025:16:26:31 +0000] "POST /wp-cron.php?doing_wp_cron=1753115191.0914349555969238281250 HTTP/1.1" 200 - "-" "WordPress/6.8.2; https://alalamy.com.au"
216.73.216.231 - - [21/Jul/2025:16:26:30 +0000] "GET /shopbrand/183439809.htm HTTP/1.1" 404 20401 "-" "Mozilla/5.0 AppleWebKit/537.36 (KHTML, like Gecko; compatible; ClaudeBot/1.0; [email protected])"
209.74.77.214 - - [21/Jul/2025:16:26:32 +0000] "POST /wp-cron.php?doing_wp_cron=1753115192.9445490837097167968750 HTTP/1.1" 200 - "-" "WordPress/6.8.2; https://alalamy.com.au"
216.73.216.231 - - [21/Jul/2025:16:26:32 +0000] "GET /shopbrand/183453469.htm HTTP/1.1" 404 20401 "-" "Mozilla/5.0 AppleWebKit/537.36 (KHTML, like Gecko; compatible; ClaudeBot/1.0; [email protected])"
216.73.216.231 - - [21/Jul/2025:16:26:35 +0000] "GET /shopbrand/183440947.htm HTTP/1.1" 404 20401 "-" "Mozilla/5.0 AppleWebKit/537.36 (KHTML, like Gecko; compatible; ClaudeBot/1.0; [email protected])"
216.73.216.231 - - [21/Jul/2025:16:26:39 +0000] "GET /shopbrand/183481807.htm HTTP/1.1" 404 20401 "-" "Mozilla/5.0 AppleWebKit/537.36 (KHTML, like Gecko; compatible; ClaudeBot/1.0; [email protected])"
216.73.216.231 - - [21/Jul/2025:16:26:41 +0000] "GET /shopbrand/183464430.htm HTTP/1.1" 404 20401 "-" "Mozilla/5.0 AppleWebKit/537.36 (KHTML, like Gecko; compatible; ClaudeBot/1.0; [email protected])"
216.73.216.231 - - [21/Jul/2025:16:26:47 +0000] "GET /shopbrand/183437029.htm HTTP/1.1" 404 20401 "-" "Mozilla/5.0 AppleWebKit/537.36 (KHTML, like Gecko; compatible; ClaudeBot/1.0; [email protected])"
209.74.77.214 - - [21/Jul/2025:16:26:52 +0000] "POST /wp-cron.php?doing_wp_cron=1753115212.0005679130554199218750 HTTP/1.1" 200 - "-" "WordPress/6.8.2; https://alalamy.com.au"
216.73.216.231 - - [21/Jul/2025:16:26:51 +0000] "GET /shopbrand/183515840.htm HTTP/1.1" 404 20401 "-" "Mozilla/5.0 AppleWebKit/537.36 (KHTML, like Gecko; compatible; ClaudeBot/1.0; [email protected])"
216.73.216.231 - - [21/Jul/2025:16:26:53 +0000] "GET /shopbrand/183473882.htm HTTP/1.1" 404 20401 "-" "Mozilla/5.0 AppleWebKit/537.36 (KHTML, like Gecko; compatible; ClaudeBot/1.0; [email protected])"
216.73.216.231 - - [21/Jul/2025:16:26:56 +0000] "GET /shopbrand/183488181.htm HTTP/1.1" 404 20401 "-" "Mozilla/5.0 AppleWebKit/537.36 (KHTML, like Gecko; compatible; ClaudeBot/1.0; [email protected])"
209.74.77.214 - - [21/Jul/2025:16:27:11 +0000] "POST /wp-cron.php?doing_wp_cron=1753115231.8282520771026611328125 HTTP/1.1" 200 - "-" "WordPress/6.8.2; https://alalamy.com.au"
216.73.216.231 - - [21/Jul/2025:16:27:11 +0000] "GET /shopbrand/183424656.htm HTTP/1.1" 404 20401 "-" "Mozilla/5.0 AppleWebKit/537.36 (KHTML, like Gecko; compatible; ClaudeBot/1.0; [email protected])"
209.74.77.214 - - [21/Jul/2025:16:27:11 +0000] "POST /wp-admin/admin-ajax.php?action=async_litespeed&nonce=zioFvXkYVQYgU75GrUSSEQQ3ZaOtZh9y&litespeed_type=imgoptm HTTP/1.1" 200 21 "-" "WordPress/6.8.2; https://alalamy.com.au"
66.249.65.166 - - [21/Jul/2025:16:27:13 +0000] "GET /items/fashion/womens/4644336/ HTTP/1.1" 200 20044 "-" "Mozilla/5.0 (Linux; Android 6.0.1; Nexus 5X Build/MMB29P) AppleWebKit/537.36 (KHTML, like Gecko) Chrome/137.0.7151.103 Mobile Safari/537.36 (compatible; GoogleOther)"
209.74.77.214 - - [21/Jul/2025:16:27:15 +0000] "POST /wp-cron.php?doing_wp_cron=1753115235.0766549110412597656250 HTTP/1.1" 200 - "-" "WordPress/6.8.2; https://alalamy.com.au"
216.73.216.231 - - [21/Jul/2025:16:27:14 +0000] "GET /shopbrand/183451926.htm HTTP/1.1" 404 20401 "-" "Mozilla/5.0 AppleWebKit/537.36 (KHTML, like Gecko; compatible; ClaudeBot/1.0; [email protected])"
216.73.216.231 - - [21/Jul/2025:16:27:17 +0000] "GET /shopbrand/183478614.htm HTTP/1.1" 404 20401 "-" "Mozilla/5.0 AppleWebKit/537.36 (KHTML, like Gecko; compatible; ClaudeBot/1.0; [email protected])"
216.73.216.231 - - [21/Jul/2025:16:27:20 +0000] "GET /shopbrand/183483477.htm HTTP/1.1" 404 20401 "-" "Mozilla/5.0 AppleWebKit/537.36 (KHTML, like Gecko; compatible; ClaudeBot/1.0; [email protected])"
216.73.216.231 - - [21/Jul/2025:16:27:23 +0000] "GET /shopbrand/183469293.htm HTTP/1.1" 404 20401 "-" "Mozilla/5.0 AppleWebKit/537.36 (KHTML, like Gecko; compatible; ClaudeBot/1.0; [email protected])"
216.73.216.231 - - [21/Jul/2025:16:27:26 +0000] "GET /shopbrand/183428274.htm HTTP/1.1" 404 20401 "-" "Mozilla/5.0 AppleWebKit/537.36 (KHTML, like Gecko; compatible; ClaudeBot/1.0; [email protected])"
66.249.65.164 - - [21/Jul/2025:16:27:29 +0000] "POST /get-message-notify HTTP/1.1" 200 19554 "https://alalamy.com.au/items/fashion/womens/4644336/" "Mozilla/5.0 (Linux; Android 6.0.1; Nexus 5X Build/MMB29P) AppleWebKit/537.36 (KHTML, like Gecko) Chrome/137.0.7151.119 Mobile Safari/537.36 (compatible; Googlebot/2.1; +http://www.google.com/bot.html)"
216.73.216.231 - - [21/Jul/2025:16:27:29 +0000] "GET /shopbrand/183420921.htm HTTP/1.1" 404 20401 "-" "Mozilla/5.0 AppleWebKit/537.36 (KHTML, like Gecko; compatible; ClaudeBot/1.0; [email protected])"
216.73.216.231 - - [21/Jul/2025:16:27:32 +0000] "GET /shopbrand/183450099.htm HTTP/1.1" 404 20401 "-" "Mozilla/5.0 AppleWebKit/537.36 (KHTML, like Gecko; compatible; ClaudeBot/1.0; [email protected])"
209.74.77.214 - - [21/Jul/2025:16:27:35 +0000] "POST /wp-cron.php?doing_wp_cron=1753115255.6846010684967041015625 HTTP/1.1" 200 - "-" "WordPress/6.8.2; https://alalamy.com.au"
216.73.216.231 - - [21/Jul/2025:16:27:35 +0000] "GET /shopbrand/183479700.htm HTTP/1.1" 404 20401 "-" "Mozilla/5.0 AppleWebKit/537.36 (KHTML, like Gecko; compatible; ClaudeBot/1.0; [email protected])"
216.73.216.231 - - [21/Jul/2025:16:27:38 +0000] "GET /shopbrand/183507816.htm HTTP/1.1" 404 20401 "-" "Mozilla/5.0 AppleWebKit/537.36 (KHTML, like Gecko; compatible; ClaudeBot/1.0; [email protected])"
216.73.216.231 - - [21/Jul/2025:16:27:41 +0000] "GET /shopbrand/183512115.htm HTTP/1.1" 404 20401 "-" "Mozilla/5.0 AppleWebKit/537.36 (KHTML, like Gecko; compatible; ClaudeBot/1.0; [email protected])"
216.73.216.231 - - [21/Jul/2025:16:27:44 +0000] "GET /shopbrand/183473584.htm HTTP/1.1" 404 20401 "-" "Mozilla/5.0 AppleWebKit/537.36 (KHTML, like Gecko; compatible; ClaudeBot/1.0; [email protected])"
216.73.216.231 - - [21/Jul/2025:16:27:47 +0000] "GET /shopbrand/183524637.htm HTTP/1.1" 404 20401 "-" "Mozilla/5.0 AppleWebKit/537.36 (KHTML, like Gecko; compatible; ClaudeBot/1.0; [email protected])"
216.73.216.231 - - [21/Jul/2025:16:27:50 +0000] "GET /shopbrand/183429420.htm HTTP/1.1" 404 20401 "-" "Mozilla/5.0 AppleWebKit/537.36 (KHTML, like Gecko; compatible; ClaudeBot/1.0; [email protected])"
209.74.77.214 - - [21/Jul/2025:16:27:54 +0000] "POST /wp-cron.php?doing_wp_cron=1753115274.7377400398254394531250 HTTP/1.1" 200 - "-" "WordPress/6.8.2; https://alalamy.com.au"
216.73.216.231 - - [21/Jul/2025:16:27:54 +0000] "GET /shopbrand/183485020.htm HTTP/1.1" 404 20401 "-" "Mozilla/5.0 AppleWebKit/537.36 (KHTML, like Gecko; compatible; ClaudeBot/1.0; [email protected])"
216.73.216.231 - - [21/Jul/2025:16:27:56 +0000] "GET /shopbrand/183430357.htm HTTP/1.1" 404 20401 "-" "Mozilla/5.0 AppleWebKit/537.36 (KHTML, like Gecko; compatible; ClaudeBot/1.0; [email protected])"
209.74.77.214 - - [21/Jul/2025:16:28:02 +0000] "POST /wp-cron.php?doing_wp_cron=1753115282.3635480403900146484375 HTTP/1.1" 200 - "-" "WordPress/6.8.2; https://alalamy.com.au"
216.73.216.231 - - [21/Jul/2025:16:28:02 +0000] "GET /shopbrand/183481235.htm HTTP/1.1" 404 20401 "-" "Mozilla/5.0 AppleWebKit/537.36 (KHTML, like Gecko; compatible; ClaudeBot/1.0; [email protected])"
