20.171.207.22 - - [21/Jul/2025:20:21:31 +0000] "GET /shopbrand/169283112.htm HTTP/1.1" 404 20401 "-" "Mozilla/5.0 AppleWebKit/537.36 (KHTML, like Gecko; compatible; GPTBot/1.2; +https://openai.com/gptbot)"
47.82.11.88 - - [21/Jul/2025:20:21:31 +0000] "GET /?k=6541525111900&mod=0bb3498d&uri=shared.php?id%3D218481-367%26name%3Dmotorcycle+tarp+camping HTTP/1.1" 301 - "https://alalamy.com.au/?k=6541525111900&mod=0bb3498d&uri=shared.php%3Fid%3D218481-367%26name%3Dmotorcycle+tarp+camping" "Mozilla/5.0 (Windows NT 10.0; Win64; x64) AppleWebKit/537.36 (KHTML, like Gecko) Chrome/114.0.0.0 Safari/537.36 Edg/114.0.1823.43"
47.82.11.88 - - [21/Jul/2025:20:21:32 +0000] "GET /?k=6541525111900&mod=0bb3498d&uri=shared.php?id%3D218481-367%26name%3Dmotorcycle%20tarp%20camping HTTP/1.1" 301 - "https://alalamy.com.au/?k=6541525111900&mod=0bb3498d&uri=shared.php%3Fid%3D218481-367%26name%3Dmotorcycle+tarp+camping" "Mozilla/5.0 (Windows NT 10.0; Win64; x64) AppleWebKit/537.36 (KHTML, like Gecko) Chrome/114.0.0.0 Safari/537.36 Edg/114.0.1823.43"
66.249.65.164 - - [21/Jul/2025:20:21:35 +0000] "GET /items/art/collections/2047698/alalamy.com.au?_bd_prev_page=alalamy.com.au/detail.php?product/edit/A2385001763 HTTP/1.1" 200 20084 "-" "Mozilla/5.0 (Linux; Android 6.0.1; Nexus 5X Build/MMB29P) AppleWebKit/537.36 (KHTML, like Gecko) Chrome/137.0.7151.103 Mobile Safari/537.36 (compatible; GoogleOther)"
66.249.65.164 - - [21/Jul/2025:20:21:36 +0000] "GET /items/tools/painting/2344784/alalamy.com.au/cargo/alalamy.com.au?_bd_prev_page=alalamy.com.au/detail.php?product/edit/A4276231124 HTTP/1.1" 200 20825 "-" "Mozilla/5.0 (Linux; Android 6.0.1; Nexus 5X Build/MMB29P) AppleWebKit/537.36 (KHTML, like Gecko) Chrome/137.0.7151.103 Mobile Safari/537.36 (compatible; GoogleOther)"
66.249.65.164 - - [21/Jul/2025:20:21:38 +0000] "GET /items/art/good-luck/3295083/alalamy.com.au/al_c HTTP/1.1" 200 20314 "-" "Mozilla/5.0 (Linux; Android 6.0.1; Nexus 5X Build/MMB29P) AppleWebKit/537.36 (KHTML, like Gecko) Chrome/137.0.7151.103 Mobile Safari/537.36 (compatible; GoogleOther)"
209.74.77.214 - - [21/Jul/2025:20:21:43 +0000] "POST /wp-cron.php?doing_wp_cron=1753129303.0285251140594482421875 HTTP/1.1" 200 - "-" "WordPress/6.8.2; https://alalamy.com.au"
51.222.253.11 - - [21/Jul/2025:20:21:42 +0000] "GET /items/sports/marine-sports/5233026/ HTTP/1.1" 404 20401 "-" "Mozilla/5.0 (compatible; AhrefsBot/7.0; +http://ahrefs.com/robot/)"
66.249.65.164 - - [21/Jul/2025:20:21:42 +0000] "GET /items/tools/painting/2344784/alalamy.com.au/feature/yokohama_maruicity/alalamy.com.au?_bd_prev_page=alalamy.com.au/detail.php?shopbrand/49990655.htm HTTP/1.1" 200 21343 "-" "Mozilla/5.0 (Linux; Android 6.0.1; Nexus 5X Build/MMB29P) AppleWebKit/537.36 (KHTML, like Gecko) Chrome/137.0.7151.103 Mobile Safari/537.36 (compatible; GoogleOther)"
66.249.65.164 - - [21/Jul/2025:20:21:43 +0000] "GET /items/tools/painting/2344784/alalamy.com.au/feature/yokohama_maruicity/alalamy.com.au?_bd_prev_page=alalamy.com.au/detail.php?shopbrand/49992581.htm HTTP/1.1" 200 20197 "-" "Mozilla/5.0 (Linux; Android 6.0.1; Nexus 5X Build/MMB29P) AppleWebKit/537.36 (KHTML, like Gecko) Chrome/137.0.7151.103 Mobile Safari/537.36 (compatible; GoogleOther)"
66.249.65.164 - - [21/Jul/2025:20:21:44 +0000] "GET /items/tools/painting/2344784/alalamy.com.au/cargo/alalamy.com.au?_bd_prev_page=alalamy.com.au/detail.php?product/edit/A2874239893 HTTP/1.1" 200 19288 "-" "Mozilla/5.0 (Linux; Android 6.0.1; Nexus 5X Build/MMB29P) AppleWebKit/537.36 (KHTML, like Gecko) Chrome/137.0.7151.103 Mobile Safari/537.36 (compatible; GoogleOther)"
66.249.65.164 - - [21/Jul/2025:20:21:45 +0000] "GET /items/tools/painting/2344784/alalamy.com.au/feature/yokohama_maruicity/alalamy.com.au?_bd_prev_page=alalamy.com.au/detail.php?shopbrand/49986763.htm HTTP/1.1" 200 19973 "-" "Mozilla/5.0 (Linux; Android 6.0.1; Nexus 5X Build/MMB29P) AppleWebKit/537.36 (KHTML, like Gecko) Chrome/137.0.7151.103 Mobile Safari/537.36 (compatible; GoogleOther)"
66.249.65.164 - - [21/Jul/2025:20:21:47 +0000] "GET /items/tools/painting/2344784/alalamy.com.au/cargo/alalamy.com.au?_bd_prev_page=alalamy.com.au/detail.php?product/edit/A160283610 HTTP/1.1" 200 19304 "-" "Mozilla/5.0 (Linux; Android 6.0.1; Nexus 5X Build/MMB29P) AppleWebKit/537.36 (KHTML, like Gecko) Chrome/137.0.7151.103 Mobile Safari/537.36 (compatible; GoogleOther)"
66.249.65.164 - - [21/Jul/2025:20:21:48 +0000] "GET /items/tools/painting/2344784/alalamy.com.au/feature/yokohama_maruicity/alalamy.com.au?_bd_prev_page=alalamy.com.au/detail.php?shopbrand/49985494.htm HTTP/1.1" 200 24332 "-" "Mozilla/5.0 (Linux; Android 6.0.1; Nexus 5X Build/MMB29P) AppleWebKit/537.36 (KHTML, like Gecko) Chrome/137.0.7151.103 Mobile Safari/537.36 (compatible; GoogleOther)"
66.249.65.164 - - [21/Jul/2025:20:21:48 +0000] "GET /items/tools/painting/2344784/alalamy.com.au/feature/yokohama_maruicity/alalamy.com.au?_bd_prev_page=alalamy.com.au/detail.php?shopbrand/49984656.htm HTTP/1.1" 200 19743 "-" "Mozilla/5.0 (Linux; Android 6.0.1; Nexus 5X Build/MMB29P) AppleWebKit/537.36 (KHTML, like Gecko) Chrome/137.0.7151.103 Mobile Safari/537.36 (compatible; GoogleOther)"
66.249.65.164 - - [21/Jul/2025:20:21:49 +0000] "GET /items/tools/painting/2344784/alalamy.com.au/feature/yokohama_maruicity/alalamy.com.au?_bd_prev_page=alalamy.com.au/detail.php?shopbrand/49986624.htm HTTP/1.1" 200 22441 "-" "Mozilla/5.0 (Linux; Android 6.0.1; Nexus 5X Build/MMB29P) AppleWebKit/537.36 (KHTML, like Gecko) Chrome/137.0.7151.103 Mobile Safari/537.36 (compatible; GoogleOther)"
66.249.65.165 - - [21/Jul/2025:20:21:51 +0000] "GET /items/tools/painting/2344784/alalamy.com.au/feature/yokohama_maruicity/alalamy.com.au?_bd_prev_page=alalamy.com.au/detail.php?shopbrand/49991495.htm HTTP/1.1" 200 21650 "-" "Mozilla/5.0 (Linux; Android 6.0.1; Nexus 5X Build/MMB29P) AppleWebKit/537.36 (KHTML, like Gecko) Chrome/137.0.7151.103 Mobile Safari/537.36 (compatible; GoogleOther)"
66.249.65.165 - - [21/Jul/2025:20:21:53 +0000] "GET /items/tools/painting/2344784/alalamy.com.au/cargo/alalamy.com.au?_bd_prev_page=alalamy.com.au/detail.php?product/edit/A3080866049 HTTP/1.1" 200 19394 "-" "Mozilla/5.0 (Linux; Android 6.0.1; Nexus 5X Build/MMB29P) AppleWebKit/537.36 (KHTML, like Gecko) Chrome/137.0.7151.103 Mobile Safari/537.36 (compatible; GoogleOther)"
66.249.65.165 - - [21/Jul/2025:20:21:54 +0000] "GET /items/tools/painting/2344784/alalamy.com.au/feature/yokohama_maruicity/alalamy.com.au?_bd_prev_page=alalamy.com.au/detail.php?shopbrand/49992200.htm HTTP/1.1" 200 20185 "-" "Mozilla/5.0 (Linux; Android 6.0.1; Nexus 5X Build/MMB29P) AppleWebKit/537.36 (KHTML, like Gecko) Chrome/137.0.7151.103 Mobile Safari/537.36 (compatible; GoogleOther)"
66.249.65.165 - - [21/Jul/2025:20:21:54 +0000] "GET /items/tools/painting/2344784/alalamy.com.au/feature/yokohama_maruicity/alalamy.com.au?_bd_prev_page=alalamy.com.au/detail.php?shopbrand/49985784.htm HTTP/1.1" 200 19841 "-" "Mozilla/5.0 (Linux; Android 6.0.1; Nexus 5X Build/MMB29P) AppleWebKit/537.36 (KHTML, like Gecko) Chrome/137.0.7151.103 Mobile Safari/537.36 (compatible; GoogleOther)"
66.249.65.164 - - [21/Jul/2025:20:21:55 +0000] "GET /items/tools/painting/2344784/alalamy.com.au/feature/yokohama_maruicity/alalamy.com.au?_bd_prev_page=alalamy.com.au/detail.php?shopbrand/49987037.htm HTTP/1.1" 200 19997 "-" "Mozilla/5.0 (Linux; Android 6.0.1; Nexus 5X Build/MMB29P) AppleWebKit/537.36 (KHTML, like Gecko) Chrome/137.0.7151.103 Mobile Safari/537.36 (compatible; GoogleOther)"
66.249.65.165 - - [21/Jul/2025:20:21:56 +0000] "GET /items/tools/painting/2344784/alalamy.com.au/feature/yokohama_maruicity/alalamy.com.au?_bd_prev_page=alalamy.com.au/detail.php?shopbrand/49981761.htm HTTP/1.1" 200 20273 "-" "Mozilla/5.0 (Linux; Android 6.0.1; Nexus 5X Build/MMB29P) AppleWebKit/537.36 (KHTML, like Gecko) Chrome/137.0.7151.103 Mobile Safari/537.36 (compatible; GoogleOther)"
66.249.65.164 - - [21/Jul/2025:20:21:57 +0000] "GET /items/tools/painting/2344784/alalamy.com.au/feature/yokohama_maruicity/alalamy.com.au?_bd_prev_page=alalamy.com.au/detail.php?shopbrand/49990516.htm HTTP/1.1" 200 19989 "-" "Mozilla/5.0 (Linux; Android 6.0.1; Nexus 5X Build/MMB29P) AppleWebKit/537.36 (KHTML, like Gecko) Chrome/137.0.7151.103 Mobile Safari/537.36 (compatible; GoogleOther)"
66.249.65.165 - - [21/Jul/2025:20:21:58 +0000] "GET /items/tools/painting/2344784/alalamy.com.au/feature/yokohama_maruicity/alalamy.com.au?_bd_prev_page=alalamy.com.au/detail.php?shopbrand/49987303.htm HTTP/1.1" 200 21202 "-" "Mozilla/5.0 (Linux; Android 6.0.1; Nexus 5X Build/MMB29P) AppleWebKit/537.36 (KHTML, like Gecko) Chrome/137.0.7151.103 Mobile Safari/537.36 (compatible; GoogleOther)"
66.249.65.165 - - [21/Jul/2025:20:21:59 +0000] "GET /items/tools/painting/2344784/alalamy.com.au/feature/yokohama_maruicity/alalamy.com.au?_bd_prev_page=alalamy.com.au/detail.php?shopbrand/49984557.htm HTTP/1.1" 200 22650 "-" "Mozilla/5.0 (Linux; Android 6.0.1; Nexus 5X Build/MMB29P) AppleWebKit/537.36 (KHTML, like Gecko) Chrome/137.0.7151.103 Mobile Safari/537.36 (compatible; GoogleOther)"
66.249.65.165 - - [21/Jul/2025:20:22:00 +0000] "GET /items/tools/painting/2344784/alalamy.com.au/feature/yokohama_maruicity/alalamy.com.au?_bd_prev_page=alalamy.com.au/detail.php?shopbrand/49990242.htm HTTP/1.1" 200 19359 "-" "Mozilla/5.0 (Linux; Android 6.0.1; Nexus 5X Build/MMB29P) AppleWebKit/537.36 (KHTML, like Gecko) Chrome/137.0.7151.103 Mobile Safari/537.36 (compatible; GoogleOther)"
66.249.65.164 - - [21/Jul/2025:20:22:01 +0000] "GET /items/tools/painting/2344784/alalamy.com.au/feature/yokohama_maruicity/alalamy.com.au?_bd_prev_page=alalamy.com.au/detail.php?shopbrand/49989976.htm HTTP/1.1" 200 21140 "-" "Mozilla/5.0 (Linux; Android 6.0.1; Nexus 5X Build/MMB29P) AppleWebKit/537.36 (KHTML, like Gecko) Chrome/137.0.7151.103 Mobile Safari/537.36 (compatible; GoogleOther)"
66.249.65.165 - - [21/Jul/2025:20:22:02 +0000] "GET /items/tools/painting/2344784/alalamy.com.au/feature/yokohama_maruicity/alalamy.com.au?_bd_prev_page=alalamy.com.au/detail.php?shopbrand/49986922.htm HTTP/1.1" 200 20372 "-" "Mozilla/5.0 (Linux; Android 6.0.1; Nexus 5X Build/MMB29P) AppleWebKit/537.36 (KHTML, like Gecko) Chrome/137.0.7151.103 Mobile Safari/537.36 (compatible; GoogleOther)"
66.249.65.166 - - [21/Jul/2025:20:22:03 +0000] "GET /items/tools/painting/2344784/alalamy.com.au/feature/yokohama_maruicity/alalamy.com.au?_bd_prev_page=alalamy.com.au/detail.php?shopbrand/49991900.htm HTTP/1.1" 200 21121 "-" "Mozilla/5.0 (Linux; Android 6.0.1; Nexus 5X Build/MMB29P) AppleWebKit/537.36 (KHTML, like Gecko) Chrome/137.0.7151.103 Mobile Safari/537.36 (compatible; GoogleOther)"
209.74.77.214 - - [21/Jul/2025:20:22:04 +0000] "POST /wp-admin/admin-ajax.php?action=async_litespeed&nonce=xSiTDJ8zcJIVyb9hverzMRvXxSRXxCwM&litespeed_type=imgoptm HTTP/1.1" 200 21 "-" "WordPress/6.8.2; https://alalamy.com.au"
66.249.65.164 - - [21/Jul/2025:20:22:05 +0000] "GET /items/tools/painting/2344784/alalamy.com.au/feature/yokohama_maruicity/alalamy.com.au?_bd_prev_page=alalamy.com.au/detail.php?shopbrand/49984954.htm HTTP/1.1" 200 19296 "-" "Mozilla/5.0 (Linux; Android 6.0.1; Nexus 5X Build/MMB29P) AppleWebKit/537.36 (KHTML, like Gecko) Chrome/137.0.7151.103 Mobile Safari/537.36 (compatible; GoogleOther)"
66.249.65.164 - - [21/Jul/2025:20:22:07 +0000] "GET /items/tools/painting/2344784/alalamy.com.au/feature/yokohama_maruicity/alalamy.com.au?_bd_prev_page=alalamy.com.au/detail.php?shopbrand/49985379.htm HTTP/1.1" 200 21909 "-" "Mozilla/5.0 (Linux; Android 6.0.1; Nexus 5X Build/MMB29P) AppleWebKit/537.36 (KHTML, like Gecko) Chrome/137.0.7151.103 Mobile Safari/537.36 (compatible; GoogleOther)"
66.249.65.164 - - [21/Jul/2025:20:22:08 +0000] "GET /items/tools/painting/2344784/alalamy.com.au/feature/yokohama_maruicity/alalamy.com.au?_bd_prev_page=alalamy.com.au/detail.php?shopbrand/49990357.htm HTTP/1.1" 200 19449 "-" "Mozilla/5.0 (Linux; Android 6.0.1; Nexus 5X Build/MMB29P) AppleWebKit/537.36 (KHTML, like Gecko) Chrome/137.0.7151.103 Mobile Safari/537.36 (compatible; GoogleOther)"
66.249.65.164 - - [21/Jul/2025:20:22:10 +0000] "GET /items/tools/painting/2344784/alalamy.com.au/feature/yokohama_maruicity/alalamy.com.au?_bd_prev_page=alalamy.com.au/detail.php?shopbrand/49982059.htm HTTP/1.1" 200 21331 "-" "Mozilla/5.0 (Linux; Android 6.0.1; Nexus 5X Build/MMB29P) AppleWebKit/537.36 (KHTML, like Gecko) Chrome/137.0.7151.103 Mobile Safari/537.36 (compatible; GoogleOther)"
51.222.253.3 - - [21/Jul/2025:20:22:13 +0000] "GET /items/sports/men-shoes/5016293/ HTTP/1.1" 404 20401 "-" "Mozilla/5.0 (compatible; AhrefsBot/7.0; +http://ahrefs.com/robot/)"
216.73.216.97 - - [21/Jul/2025:20:22:23 +0000] "GET /shopbrand/19599.htm HTTP/1.1" 404 20401 "-" "Mozilla/5.0 AppleWebKit/537.36 (KHTML, like Gecko; compatible; ClaudeBot/1.0; [email protected])"
209.74.77.214 - - [21/Jul/2025:20:22:35 +0000] "POST /wp-cron.php?doing_wp_cron=1753129355.8315041065216064453125 HTTP/1.1" 200 - "-" "WordPress/6.8.2; https://alalamy.com.au"
20.171.207.22 - - [21/Jul/2025:20:22:35 +0000] "GET /shopbrand/169326621.htm HTTP/1.1" 404 20401 "-" "Mozilla/5.0 AppleWebKit/537.36 (KHTML, like Gecko; compatible; GPTBot/1.2; +https://openai.com/gptbot)"
51.222.253.16 - - [21/Jul/2025:20:22:46 +0000] "GET /items/sports/men-wear/4005038/ HTTP/1.1" 404 20401 "-" "Mozilla/5.0 (compatible; AhrefsBot/7.0; +http://ahrefs.com/robot/)"
209.74.77.214 - - [21/Jul/2025:20:23:12 +0000] "POST /wp-cron.php?doing_wp_cron=1753129392.1908879280090332031250 HTTP/1.1" 200 - "-" "WordPress/6.8.2; https://alalamy.com.au"
51.222.253.4 - - [21/Jul/2025:20:23:11 +0000] "GET /items/sports/running/4041391/ HTTP/1.1" 404 20401 "-" "Mozilla/5.0 (compatible; AhrefsBot/7.0; +http://ahrefs.com/robot/)"
209.74.77.214 - - [21/Jul/2025:20:23:12 +0000] "POST /wp-admin/admin-ajax.php?action=async_litespeed&nonce=1miJAgySfy7rUx49Wsn4cfDzjkKgAtNr&litespeed_type=imgoptm HTTP/1.1" 200 21 "-" "WordPress/6.8.2; https://alalamy.com.au"
209.74.77.214 - - [21/Jul/2025:20:23:36 +0000] "POST /wp-cron.php?doing_wp_cron=1753129416.8287699222564697265625 HTTP/1.1" 200 - "-" "WordPress/6.8.2; https://alalamy.com.au"
20.171.207.22 - - [21/Jul/2025:20:23:36 +0000] "GET /shopbrand/169310066.htm HTTP/1.1" 404 20401 "-" "Mozilla/5.0 AppleWebKit/537.36 (KHTML, like Gecko; compatible; GPTBot/1.2; +https://openai.com/gptbot)"
209.74.77.214 - - [21/Jul/2025:20:24:42 +0000] "POST /wp-cron.php?doing_wp_cron=1753129482.0679049491882324218750 HTTP/1.1" 200 - "-" "WordPress/6.8.2; https://alalamy.com.au"
20.171.207.22 - - [21/Jul/2025:20:24:41 +0000] "GET /shopbrand/169327292.htm HTTP/1.1" 404 20401 "-" "Mozilla/5.0 AppleWebKit/537.36 (KHTML, like Gecko; compatible; GPTBot/1.2; +https://openai.com/gptbot)"
209.74.77.214 - - [21/Jul/2025:20:24:42 +0000] "POST /wp-admin/admin-ajax.php?action=async_litespeed&nonce=yJkNt7TNZMhWdusENuNtB8DJ7xYLUSbJ&litespeed_type=imgoptm HTTP/1.1" 200 21 "-" "WordPress/6.8.2; https://alalamy.com.au"
209.74.77.214 - - [21/Jul/2025:20:25:19 +0000] "POST /wp-cron.php?doing_wp_cron=1753129519.2695059776306152343750 HTTP/1.1" 200 - "-" "WordPress/6.8.2; https://alalamy.com.au"
51.222.253.4 - - [21/Jul/2025:20:25:18 +0000] "GET /items/sports/winter-sports/4577701/ HTTP/1.1" 404 20401 "-" "Mozilla/5.0 (compatible; AhrefsBot/7.0; +http://ahrefs.com/robot/)"
209.74.77.214 - - [21/Jul/2025:20:25:19 +0000] "POST /wp-admin/admin-ajax.php?action=async_litespeed&nonce=p7Mcm0nDPStdvsRDsiRz9QgviSfBAoTw&litespeed_type=imgoptm HTTP/1.1" 200 21 "-" "WordPress/6.8.2; https://alalamy.com.au"
209.74.77.214 - - [21/Jul/2025:20:25:46 +0000] "POST /wp-cron.php?doing_wp_cron=1753129546.2623660564422607421875 HTTP/1.1" 200 - "-" "WordPress/6.8.2; https://alalamy.com.au"
20.171.207.22 - - [21/Jul/2025:20:25:46 +0000] "GET /shopbrand/169343011.htm HTTP/1.1" 404 20401 "-" "Mozilla/5.0 AppleWebKit/537.36 (KHTML, like Gecko; compatible; GPTBot/1.2; +https://openai.com/gptbot)"
51.222.253.14 - - [21/Jul/2025:20:25:50 +0000] "GET /items/sports/women-clothing/3565429/ HTTP/1.1" 404 20401 "-" "Mozilla/5.0 (compatible; AhrefsBot/7.0; +http://ahrefs.com/robot/)"
209.74.77.214 - - [21/Jul/2025:20:26:20 +0000] "POST /wp-cron.php?doing_wp_cron=1753129580.1483259201049804687500 HTTP/1.1" 200 - "-" "WordPress/6.8.2; https://alalamy.com.au"
51.222.253.5 - - [21/Jul/2025:20:26:19 +0000] "GET /items/tablets/desktop-pcs/2441309/ HTTP/1.1" 404 20401 "-" "Mozilla/5.0 (compatible; AhrefsBot/7.0; +http://ahrefs.com/robot/)"
209.74.77.214 - - [21/Jul/2025:20:26:20 +0000] "POST /wp-admin/admin-ajax.php?action=async_litespeed&nonce=y8BWVpW0Zyb7UfA35FTW4dN5WN9AZvvV&litespeed_type=imgoptm HTTP/1.1" 200 21 "-" "WordPress/6.8.2; https://alalamy.com.au"
51.222.253.13 - - [21/Jul/2025:20:26:48 +0000] "GET /items/tablets/keyboards/2005118/ HTTP/1.1" 404 20401 "-" "Mozilla/5.0 (compatible; AhrefsBot/7.0; +http://ahrefs.com/robot/)"
209.74.77.214 - - [21/Jul/2025:20:26:51 +0000] "POST /wp-cron.php?doing_wp_cron=1753129611.9051809310913085937500 HTTP/1.1" 200 - "-" "WordPress/6.8.2; https://alalamy.com.au"
20.171.207.22 - - [21/Jul/2025:20:26:51 +0000] "GET /shopbrand/169269468.htm HTTP/1.1" 404 20401 "-" "Mozilla/5.0 AppleWebKit/537.36 (KHTML, like Gecko; compatible; GPTBot/1.2; +https://openai.com/gptbot)"
209.74.77.214 - - [21/Jul/2025:20:27:17 +0000] "POST /wp-cron.php?doing_wp_cron=1753129637.2064089775085449218750 HTTP/1.1" 200 - "-" "WordPress/6.8.2; https://alalamy.com.au"
51.222.253.7 - - [21/Jul/2025:20:27:16 +0000] "GET /items/tablets/mobile-phones/5272958/ HTTP/1.1" 404 20401 "-" "Mozilla/5.0 (compatible; AhrefsBot/7.0; +http://ahrefs.com/robot/)"
209.74.77.214 - - [21/Jul/2025:20:27:17 +0000] "POST /wp-admin/admin-ajax.php?action=async_litespeed&nonce=NvYU4THj3K5pAZXDQMpuwVCWOY1uWna2&litespeed_type=imgoptm HTTP/1.1" 200 21 "-" "WordPress/6.8.2; https://alalamy.com.au"
66.249.65.165 - - [21/Jul/2025:20:27:37 +0000] "GET /sitemap-10.xml HTTP/1.1" 200 4113 "-" "Mozilla/5.0 (compatible; Googlebot/2.1; +http://www.google.com/bot.html)"
209.74.77.214 - - [21/Jul/2025:20:27:39 +0000] "POST /wp-cron.php?doing_wp_cron=1753129659.8427219390869140625000 HTTP/1.1" 200 - "-" "WordPress/6.8.2; https://alalamy.com.au"
51.222.253.1 - - [21/Jul/2025:20:27:39 +0000] "GET /items/tablets/notebook/2215712/ HTTP/1.1" 404 20401 "-" "Mozilla/5.0 (compatible; AhrefsBot/7.0; +http://ahrefs.com/robot/)"
216.73.216.97 - - [21/Jul/2025:20:27:43 +0000] "GET /shopbrand/160916390.htm HTTP/1.1" 404 20401 "-" "Mozilla/5.0 AppleWebKit/537.36 (KHTML, like Gecko; compatible; ClaudeBot/1.0; [email protected])"
209.74.77.214 - - [21/Jul/2025:20:27:57 +0000] "POST /wp-cron.php?doing_wp_cron=1753129677.8689301013946533203125 HTTP/1.1" 200 - "-" "WordPress/6.8.2; https://alalamy.com.au"
20.171.207.22 - - [21/Jul/2025:20:27:57 +0000] "GET /shopbrand/169354661.htm HTTP/1.1" 404 20401 "-" "Mozilla/5.0 AppleWebKit/537.36 (KHTML, like Gecko; compatible; GPTBot/1.2; +https://openai.com/gptbot)"
209.74.77.214 - - [21/Jul/2025:20:28:03 +0000] "POST /wp-cron.php?doing_wp_cron=1753129683.8476960659027099609375 HTTP/1.1" 200 - "-" "WordPress/6.8.2; https://alalamy.com.au"
51.222.253.12 - - [21/Jul/2025:20:28:03 +0000] "GET /items/tablets/notebook/5287195/ HTTP/1.1" 404 20401 "-" "Mozilla/5.0 (compatible; AhrefsBot/7.0; +http://ahrefs.com/robot/)"
209.74.77.214 - - [21/Jul/2025:20:28:04 +0000] "POST /wp-admin/admin-ajax.php?action=async_litespeed&nonce=5JtSqHqSAIQ6bpi4J641l5U3wt2ESDYE&litespeed_type=imgoptm HTTP/1.1" 200 21 "-" "WordPress/6.8.2; https://alalamy.com.au"
209.74.77.214 - - [21/Jul/2025:20:28:35 +0000] "POST /wp-cron.php?doing_wp_cron=1753129715.7934470176696777343750 HTTP/1.1" 200 - "-" "WordPress/6.8.2; https://alalamy.com.au"
51.222.253.15 - - [21/Jul/2025:20:28:35 +0000] "GET /items/tablets/others/4660120/ HTTP/1.1" 404 20401 "-" "Mozilla/5.0 (compatible; AhrefsBot/7.0; +http://ahrefs.com/robot/)"
216.73.216.97 - - [21/Jul/2025:20:28:50 +0000] "GET /shopbrand/160831082.htm HTTP/1.1" 404 20401 "-" "Mozilla/5.0 AppleWebKit/537.36 (KHTML, like Gecko; compatible; ClaudeBot/1.0; [email protected])"
209.74.77.214 - - [21/Jul/2025:20:28:52 +0000] "POST /wp-cron.php?doing_wp_cron=1753129732.4621269702911376953125 HTTP/1.1" 200 - "-" "WordPress/6.8.2; https://alalamy.com.au"
57.141.2.19 - - [21/Jul/2025:20:28:52 +0000] "GET /?k=30479375051900& HTTP/1.1" 301 - "-" "meta-externalagent/1.1 (+https://developers.facebook.com/docs/sharing/webmasters/crawler)"
20.171.207.22 - - [21/Jul/2025:20:28:57 +0000] "GET /shopbrand/169291593.htm HTTP/1.1" 404 20401 "-" "Mozilla/5.0 AppleWebKit/537.36 (KHTML, like Gecko; compatible; GPTBot/1.2; +https://openai.com/gptbot)"
209.74.77.214 - - [21/Jul/2025:20:29:05 +0000] "POST /wp-cron.php?doing_wp_cron=1753129745.6086249351501464843750 HTTP/1.1" 200 - "-" "WordPress/6.8.2; https://alalamy.com.au"
57.141.2.27 - - [21/Jul/2025:20:29:05 +0000] "GET /?k=30479375051900 HTTP/1.1" 200 144492 "-" "meta-externalagent/1.1 (+https://developers.facebook.com/docs/sharing/webmasters/crawler)"
209.74.77.214 - - [21/Jul/2025:20:29:05 +0000] "POST /wp-admin/admin-ajax.php?action=async_litespeed&nonce=rLywQHfUi2xZP9sgySMYIBtaLvkRcgZy&litespeed_type=imgoptm HTTP/1.1" 200 21 "-" "WordPress/6.8.2; https://alalamy.com.au"
51.222.253.6 - - [21/Jul/2025:20:29:17 +0000] "GET /items/tablets/pc-peripherals/1870598/ HTTP/1.1" 404 20401 "-" "Mozilla/5.0 (compatible; AhrefsBot/7.0; +http://ahrefs.com/robot/)"
209.74.77.214 - - [21/Jul/2025:20:29:48 +0000] "POST /wp-cron.php?doing_wp_cron=1753129788.2842490673065185546875 HTTP/1.1" 200 - "-" "WordPress/6.8.2; https://alalamy.com.au"
51.222.253.1 - - [21/Jul/2025:20:29:47 +0000] "GET /items/tablets/pc-peripherals/3147825/ HTTP/1.1" 404 20401 "-" "Mozilla/5.0 (compatible; AhrefsBot/7.0; +http://ahrefs.com/robot/)"
209.74.77.214 - - [21/Jul/2025:20:30:02 +0000] "POST /wp-cron.php?doing_wp_cron=1753129801.7208299636840820312500 HTTP/1.1" 200 - "-" "WordPress/6.8.2; https://alalamy.com.au"
20.171.207.22 - - [21/Jul/2025:20:30:01 +0000] "GET /shopbrand/169277119.htm HTTP/1.1" 404 20401 "-" "Mozilla/5.0 AppleWebKit/537.36 (KHTML, like Gecko; compatible; GPTBot/1.2; +https://openai.com/gptbot)"
209.74.77.214 - - [21/Jul/2025:20:30:03 +0000] "POST /wp-admin/admin-ajax.php?action=async_litespeed&nonce=yXNjkKFqF8C9jPZo95ZjfnTGo0oG4ceB&litespeed_type=imgoptm HTTP/1.1" 200 21 "-" "WordPress/6.8.2; https://alalamy.com.au"
51.222.253.20 - - [21/Jul/2025:20:30:18 +0000] "GET /items/tablets/pc-peripherals/3229461/ HTTP/1.1" 404 20401 "-" "Mozilla/5.0 (compatible; AhrefsBot/7.0; +http://ahrefs.com/robot/)"
209.74.77.214 - - [21/Jul/2025:20:30:52 +0000] "POST /wp-cron.php?doing_wp_cron=1753129852.6999828815460205078125 HTTP/1.1" 200 - "-" "WordPress/6.8.2; https://alalamy.com.au"
51.222.253.13 - - [21/Jul/2025:20:30:51 +0000] "GET /items/tablets/pc-peripherals/3642030/ HTTP/1.1" 404 20401 "-" "Mozilla/5.0 (compatible; AhrefsBot/7.0; +http://ahrefs.com/robot/)"
209.74.77.214 - - [21/Jul/2025:20:31:02 +0000] "POST /wp-cron.php?doing_wp_cron=1753129862.3443810939788818359375 HTTP/1.1" 200 - "-" "WordPress/6.8.2; https://alalamy.com.au"
20.171.207.22 - - [21/Jul/2025:20:31:02 +0000] "GET /shopbrand/169363301.htm HTTP/1.1" 404 20401 "-" "Mozilla/5.0 AppleWebKit/537.36 (KHTML, like Gecko; compatible; GPTBot/1.2; +https://openai.com/gptbot)"
209.74.77.214 - - [21/Jul/2025:20:31:02 +0000] "POST /wp-admin/admin-ajax.php?action=async_litespeed&nonce=5nnUmeQe556dDcCUtq7U14LBxwVBpf90&litespeed_type=imgoptm HTTP/1.1" 200 21 "-" "WordPress/6.8.2; https://alalamy.com.au"
57.141.2.6 - - [21/Jul/2025:20:31:05 +0000] "GET /?k=7506089091900& HTTP/1.1" 301 - "-" "meta-externalagent/1.1 (+https://developers.facebook.com/docs/sharing/webmasters/crawler)"
51.222.253.19 - - [21/Jul/2025:20:31:15 +0000] "GET /items/tablets/smart-watch/5046991/ HTTP/1.1" 404 20401 "-" "Mozilla/5.0 (compatible; AhrefsBot/7.0; +http://ahrefs.com/robot/)"
209.74.77.214 - - [21/Jul/2025:20:31:46 +0000] "POST /wp-cron.php?doing_wp_cron=1753129906.6271519660949707031250 HTTP/1.1" 200 - "-" "WordPress/6.8.2; https://alalamy.com.au"
51.222.253.16 - - [21/Jul/2025:20:31:46 +0000] "GET /items/tablets/smartphone/5356741/ HTTP/1.1" 404 20401 "-" "Mozilla/5.0 (compatible; AhrefsBot/7.0; +http://ahrefs.com/robot/)"
209.74.77.214 - - [21/Jul/2025:20:31:51 +0000] "POST /wp-cron.php?doing_wp_cron=1753129911.3007459640502929687500 HTTP/1.1" 200 - "-" "WordPress/6.8.2; https://alalamy.com.au"
47.82.11.76 - - [21/Jul/2025:20:31:51 +0000] "GET /?k=43755639041900&mod=4ef30115&uri=brands.php?id%3D1460273-91%26name%3Dpulsar+220f+engine+cc HTTP/1.1" 301 - "https://alalamy.com.au/?k=43755639041900&mod=4ef30115&uri=brands.php%3Fid%3D1460273-91%26name%3Dpulsar+220f+engine+cc" "Mozilla/5.0 (Windows NT 10.0; Win64; x64) AppleWebKit/537.36 (KHTML, like Gecko) Chrome/114.0.0.0 Safari/537.36 Edg/114.0.1823.43"
47.82.11.76 - - [21/Jul/2025:20:31:51 +0000] "GET /?k=43755639041900&mod=4ef30115&uri=brands.php?id%3D1460273-91%26name%3Dpulsar%20220f%20engine%20cc HTTP/1.1" 301 - "https://alalamy.com.au/?k=43755639041900&mod=4ef30115&uri=brands.php%3Fid%3D1460273-91%26name%3Dpulsar+220f+engine+cc" "Mozilla/5.0 (Windows NT 10.0; Win64; x64) AppleWebKit/537.36 (KHTML, like Gecko) Chrome/114.0.0.0 Safari/537.36 Edg/114.0.1823.43"
47.82.11.65 - - [21/Jul/2025:20:31:54 +0000] "GET /?k=6888366011900&mod=0afe1037&uri=shared.php?id%3D230051-345%26name%3Dshasa+vestidos+2021 HTTP/1.1" 301 - "https://alalamy.com.au/?k=6888366011900&mod=0afe1037&uri=shared.php%3Fid%3D230051-345%26name%3Dshasa+vestidos+2021" "Mozilla/5.0 (Windows NT 10.0; Win64; x64) AppleWebKit/537.36 (KHTML, like Gecko) Chrome/114.0.0.0 Safari/537.36 Edg/114.0.1823.43"
47.82.11.65 - - [21/Jul/2025:20:31:55 +0000] "GET /?k=6888366011900&mod=0afe1037&uri=shared.php?id%3D230051-345%26name%3Dshasa%20vestidos%202021 HTTP/1.1" 301 - "https://alalamy.com.au/?k=6888366011900&mod=0afe1037&uri=shared.php%3Fid%3D230051-345%26name%3Dshasa+vestidos+2021" "Mozilla/5.0 (Windows NT 10.0; Win64; x64) AppleWebKit/537.36 (KHTML, like Gecko) Chrome/114.0.0.0 Safari/537.36 Edg/114.0.1823.43"
209.74.77.214 - - [21/Jul/2025:20:32:07 +0000] "POST /wp-cron.php?doing_wp_cron=1753129927.0974130630493164062500 HTTP/1.1" 200 - "-" "WordPress/6.8.2; https://alalamy.com.au"
20.171.207.22 - - [21/Jul/2025:20:32:06 +0000] "GET /shopbrand/169343416.htm HTTP/1.1" 404 20401 "-" "Mozilla/5.0 AppleWebKit/537.36 (KHTML, like Gecko; compatible; GPTBot/1.2; +https://openai.com/gptbot)"
209.74.77.214 - - [21/Jul/2025:20:32:07 +0000] "POST /wp-admin/admin-ajax.php?action=async_litespeed&nonce=1bJSn6mlrStw8IT60of2ew2UcORczzm9&litespeed_type=imgoptm HTTP/1.1" 200 21 "-" "WordPress/6.8.2; https://alalamy.com.au"
216.73.216.97 - - [21/Jul/2025:20:32:14 +0000] "GET /shopbrand/183479585.htm HTTP/1.1" 404 20401 "-" "Mozilla/5.0 AppleWebKit/537.36 (KHTML, like Gecko; compatible; ClaudeBot/1.0; [email protected])"
216.73.216.97 - - [21/Jul/2025:20:32:16 +0000] "GET /sitemap-7.xml HTTP/1.1" 200 4110 "-" "Mozilla/5.0 AppleWebKit/537.36 (KHTML, like Gecko; compatible; ClaudeBot/1.0; [email protected])"
51.222.253.13 - - [21/Jul/2025:20:32:21 +0000] "GET /items/tablets/tablet/5276828/ HTTP/1.1" 404 20401 "-" "Mozilla/5.0 (compatible; AhrefsBot/7.0; +http://ahrefs.com/robot/)"
209.74.77.214 - - [21/Jul/2025:20:32:45 +0000] "POST /wp-cron.php?doing_wp_cron=1753129965.1299419403076171875000 HTTP/1.1" 200 - "-" "WordPress/6.8.2; https://alalamy.com.au"
51.222.253.8 - - [21/Jul/2025:20:32:44 +0000] "GET /items/tickets/accommodation-tickets/3697648/ HTTP/1.1" 404 20401 "-" "Mozilla/5.0 (compatible; AhrefsBot/7.0; +http://ahrefs.com/robot/)"
209.74.77.214 - - [21/Jul/2025:20:33:10 +0000] "POST /wp-cron.php?doing_wp_cron=1753129990.2804419994354248046875 HTTP/1.1" 200 - "-" "WordPress/6.8.2; https://alalamy.com.au"
51.222.253.12 - - [21/Jul/2025:20:33:10 +0000] "GET /items/tickets/accommodation-tickets/4403807/ HTTP/1.1" 404 20401 "-" "Mozilla/5.0 (compatible; AhrefsBot/7.0; +http://ahrefs.com/robot/)"
209.74.77.214 - - [21/Jul/2025:20:33:10 +0000] "POST /wp-admin/admin-ajax.php?action=async_litespeed&nonce=SAeiUPy6CzTldLyH2tLsl8QtxIUNIGNv&litespeed_type=imgoptm HTTP/1.1" 200 21 "-" "WordPress/6.8.2; https://alalamy.com.au"
20.171.207.22 - - [21/Jul/2025:20:33:10 +0000] "GET /shopbrand/169329941.htm HTTP/1.1" 404 20401 "-" "Mozilla/5.0 AppleWebKit/537.36 (KHTML, like Gecko; compatible; GPTBot/1.2; +https://openai.com/gptbot)"
209.74.77.214 - - [21/Jul/2025:20:33:34 +0000] "POST /wp-cron.php?doing_wp_cron=1753130014.4921081066131591796875 HTTP/1.1" 200 - "-" "WordPress/6.8.2; https://alalamy.com.au"
51.222.253.1 - - [21/Jul/2025:20:33:34 +0000] "GET /items/tickets/discount-coupons/3091559/ HTTP/1.1" 404 20401 "-" "Mozilla/5.0 (compatible; AhrefsBot/7.0; +http://ahrefs.com/robot/)"
66.249.65.166 - - [21/Jul/2025:20:33:47 +0000] "GET /?k=6685597131900&mod=1366e101&uri=goods.php%3Fid%3D223284-376%26name%3Dtimex+tw2p84100 HTTP/1.1" 200 19595 "-" "Mozilla/5.0 (compatible; Googlebot/2.1; +http://www.google.com/bot.html)"
209.74.77.214 - - [21/Jul/2025:20:34:03 +0000] "POST /wp-cron.php?doing_wp_cron=1753130043.6609520912170410156250 HTTP/1.1" 200 - "-" "WordPress/6.8.2; https://alalamy.com.au"
51.222.253.9 - - [21/Jul/2025:20:34:03 +0000] "GET /items/tickets/discount-coupons/3874159/ HTTP/1.1" 404 20401 "-" "Mozilla/5.0 (compatible; AhrefsBot/7.0; +http://ahrefs.com/robot/)"
209.74.77.214 - - [21/Jul/2025:20:34:03 +0000] "POST /wp-admin/admin-ajax.php?action=async_litespeed&nonce=vl2p4TP9ORhWAHCt4qv2NYswyK2tFzu4&litespeed_type=imgoptm HTTP/1.1" 200 21 "-" "WordPress/6.8.2; https://alalamy.com.au"
20.171.207.22 - - [21/Jul/2025:20:34:13 +0000] "GET /shopbrand/169261412.htm HTTP/1.1" 404 20401 "-" "Mozilla/5.0 AppleWebKit/537.36 (KHTML, like Gecko; compatible; GPTBot/1.2; +https://openai.com/gptbot)"
209.74.77.214 - - [21/Jul/2025:20:34:28 +0000] "POST /wp-cron.php?doing_wp_cron=1753130068.6380710601806640625000 HTTP/1.1" 200 - "-" "WordPress/6.8.2; https://alalamy.com.au"
51.222.253.4 - - [21/Jul/2025:20:34:28 +0000] "GET /items/tickets/facility-tickets/3051532/ HTTP/1.1" 404 20401 "-" "Mozilla/5.0 (compatible; AhrefsBot/7.0; +http://ahrefs.com/robot/)"
209.74.77.214 - - [21/Jul/2025:20:34:37 +0000] "POST /wp-cron.php?doing_wp_cron=1753130077.7368509769439697265625 HTTP/1.1" 200 - "-" "WordPress/6.8.2; https://alalamy.com.au"
216.73.216.97 - - [21/Jul/2025:20:34:37 +0000] "GET /shopbrand/183489053.htm HTTP/1.1" 404 20400 "-" "Mozilla/5.0 AppleWebKit/537.36 (KHTML, like Gecko; compatible; ClaudeBot/1.0; [email protected])"
209.74.77.214 - - [21/Jul/2025:20:34:53 +0000] "POST /wp-cron.php?doing_wp_cron=1753130093.3644409179687500000000 HTTP/1.1" 200 - "-" "WordPress/6.8.2; https://alalamy.com.au"
51.222.253.1 - - [21/Jul/2025:20:34:53 +0000] "GET /items/tickets/female-idols/3097271/ HTTP/1.1" 404 20401 "-" "Mozilla/5.0 (compatible; AhrefsBot/7.0; +http://ahrefs.com/robot/)"
209.74.77.214 - - [21/Jul/2025:20:35:17 +0000] "POST /wp-cron.php?doing_wp_cron=1753130117.5278980731964111328125 HTTP/1.1" 200 - "-" "WordPress/6.8.2; https://alalamy.com.au"
20.171.207.22 - - [21/Jul/2025:20:35:17 +0000] "GET /shopbrand/169298936.htm HTTP/1.1" 404 20401 "-" "Mozilla/5.0 AppleWebKit/537.36 (KHTML, like Gecko; compatible; GPTBot/1.2; +https://openai.com/gptbot)"
209.74.77.214 - - [21/Jul/2025:20:35:17 +0000] "POST /wp-admin/admin-ajax.php?action=async_litespeed&nonce=6F3NF9ctozIZa4bBTYj96g9KtjtJiJik&litespeed_type=imgoptm HTTP/1.1" 200 21 "-" "WordPress/6.8.2; https://alalamy.com.au"
209.74.77.214 - - [21/Jul/2025:20:35:55 +0000] "POST /wp-cron.php?doing_wp_cron=1753130155.8465650081634521484375 HTTP/1.1" 200 - "-" "WordPress/6.8.2; https://alalamy.com.au"
51.222.253.6 - - [21/Jul/2025:20:35:55 +0000] "GET /items/tickets/fireworks/3425629/ HTTP/1.1" 404 20401 "-" "Mozilla/5.0 (compatible; AhrefsBot/7.0; +http://ahrefs.com/robot/)"
209.74.77.214 - - [21/Jul/2025:20:36:19 +0000] "POST /wp-cron.php?doing_wp_cron=1753130179.8772099018096923828125 HTTP/1.1" 200 - "-" "WordPress/6.8.2; https://alalamy.com.au"
20.171.207.22 - - [21/Jul/2025:20:36:19 +0000] "GET /shopbrand/169258199.htm HTTP/1.1" 404 20401 "-" "Mozilla/5.0 AppleWebKit/537.36 (KHTML, like Gecko; compatible; GPTBot/1.2; +https://openai.com/gptbot)"
209.74.77.214 - - [21/Jul/2025:20:36:20 +0000] "POST /wp-admin/admin-ajax.php?action=async_litespeed&nonce=pzVxnOIZZpSaKcJsfPmQrH2671gCNmx0&litespeed_type=imgoptm HTTP/1.1" 200 21 "-" "WordPress/6.8.2; https://alalamy.com.au"
209.74.77.214 - - [21/Jul/2025:20:37:06 +0000] "POST /wp-cron.php?doing_wp_cron=1753130226.5257060527801513671875 HTTP/1.1" 200 - "-" "WordPress/6.8.2; https://alalamy.com.au"
51.222.253.19 - - [21/Jul/2025:20:37:06 +0000] "GET /items/tickets/meal-tickets/5308086/ HTTP/1.1" 404 20401 "-" "Mozilla/5.0 (compatible; AhrefsBot/7.0; +http://ahrefs.com/robot/)"
209.74.77.214 - - [21/Jul/2025:20:37:06 +0000] "POST /wp-admin/admin-ajax.php?action=async_litespeed&nonce=oE0C7CzpV6BA9U4CX2kiW2DR5F0Uc7bz&litespeed_type=imgoptm HTTP/1.1" 200 21 "-" "WordPress/6.8.2; https://alalamy.com.au"
20.171.207.22 - - [21/Jul/2025:20:37:20 +0000] "GET /shopbrand/169288082.htm HTTP/1.1" 404 20401 "-" "Mozilla/5.0 AppleWebKit/537.36 (KHTML, like Gecko; compatible; GPTBot/1.2; +https://openai.com/gptbot)"
209.74.77.214 - - [21/Jul/2025:20:38:04 +0000] "POST /wp-cron.php?doing_wp_cron=1753130284.9555981159210205078125 HTTP/1.1" 200 - "-" "WordPress/6.8.2; https://alalamy.com.au"
51.222.253.17 - - [21/Jul/2025:20:38:04 +0000] "GET /items/tickets/shareholder-benefits/2708114/ HTTP/1.1" 404 20401 "-" "Mozilla/5.0 (compatible; AhrefsBot/7.0; +http://ahrefs.com/robot/)"
209.74.77.214 - - [21/Jul/2025:20:38:05 +0000] "POST /wp-admin/admin-ajax.php?action=async_litespeed&nonce=vlfBvoR2lxwvnWmScqPoIo8bpzurNCld&litespeed_type=imgoptm HTTP/1.1" 200 21 "-" "WordPress/6.8.2; https://alalamy.com.au"
66.249.65.165 - - [21/Jul/2025:20:38:21 +0000] "GET /?k=7361989101900&mod=8a1df180&uri=form.php%3Fid%3D245873-143%26name%3Dnets+city+socks HTTP/1.1" 200 19594 "-" "Mozilla/5.0 (Linux; Android 6.0.1; Nexus 5X Build/MMB29P) AppleWebKit/537.36 (KHTML, like Gecko) Chrome/137.0.7151.103 Mobile Safari/537.36 (compatible; Googlebot/2.1; +http://www.google.com/bot.html)"
20.171.207.22 - - [21/Jul/2025:20:38:24 +0000] "GET /shopbrand/169319236.htm HTTP/1.1" 404 20401 "-" "Mozilla/5.0 AppleWebKit/537.36 (KHTML, like Gecko; compatible; GPTBot/1.2; +https://openai.com/gptbot)"
209.74.77.214 - - [21/Jul/2025:20:38:59 +0000] "POST /wp-cron.php?doing_wp_cron=1753130339.7938780784606933593750 HTTP/1.1" 200 - "-" "WordPress/6.8.2; https://alalamy.com.au"
51.222.253.10 - - [21/Jul/2025:20:38:58 +0000] "GET /items/tickets/shareholder-benefits/3818849/ HTTP/1.1" 404 20401 "-" "Mozilla/5.0 (compatible; AhrefsBot/7.0; +http://ahrefs.com/robot/)"
216.73.216.97 - - [21/Jul/2025:20:39:02 +0000] "GET /robots.txt HTTP/1.1" 200 92 "-" "Mozilla/5.0 AppleWebKit/537.36 (KHTML, like Gecko; compatible; ClaudeBot/1.0; [email protected])"
209.74.77.214 - - [21/Jul/2025:20:39:02 +0000] "POST /wp-cron.php?doing_wp_cron=1753130342.7173759937286376953125 HTTP/1.1" 200 - "-" "WordPress/6.8.2; https://alalamy.com.au"
216.73.216.97 - - [21/Jul/2025:20:39:02 +0000] "GET /shopbrand/160833846.htm HTTP/1.1" 404 20401 "-" "Mozilla/5.0 AppleWebKit/537.36 (KHTML, like Gecko; compatible; ClaudeBot/1.0; [email protected])"
209.74.77.214 - - [21/Jul/2025:20:39:03 +0000] "POST /wp-admin/admin-ajax.php?action=async_litespeed&nonce=Os19XufRHkfKT0wRoi9gOEE0t9MUvOM7&litespeed_type=imgoptm HTTP/1.1" 200 21 "-" "WordPress/6.8.2; https://alalamy.com.au"
20.171.207.22 - - [21/Jul/2025:20:39:25 +0000] "GET /shopbrand/169261551.htm HTTP/1.1" 404 20401 "-" "Mozilla/5.0 AppleWebKit/537.36 (KHTML, like Gecko; compatible; GPTBot/1.2; +https://openai.com/gptbot)"
209.74.77.214 - - [21/Jul/2025:20:39:34 +0000] "POST /wp-cron.php?doing_wp_cron=1753130374.2452769279479980468750 HTTP/1.1" 200 - "-" "WordPress/6.8.2; https://alalamy.com.au"
51.222.253.1 - - [21/Jul/2025:20:39:33 +0000] "GET /items/tickets/shareholder-benefits/4980840/ HTTP/1.1" 404 20401 "-" "Mozilla/5.0 (compatible; AhrefsBot/7.0; +http://ahrefs.com/robot/)"
209.74.77.214 - - [21/Jul/2025:20:40:08 +0000] "POST /wp-cron.php?doing_wp_cron=1753130408.5503549575805664062500 HTTP/1.1" 200 - "-" "WordPress/6.8.2; https://alalamy.com.au"
51.222.253.16 - - [21/Jul/2025:20:40:08 +0000] "GET /items/tickets/shopping/3375306/ HTTP/1.1" 404 20401 "-" "Mozilla/5.0 (compatible; AhrefsBot/7.0; +http://ahrefs.com/robot/)"
209.74.77.214 - - [21/Jul/2025:20:40:08 +0000] "POST /wp-admin/admin-ajax.php?action=async_litespeed&nonce=hRlTypDBYoVwZPNfKLNavrSIftB26rV8&litespeed_type=imgoptm HTTP/1.1" 200 21 "-" "WordPress/6.8.2; https://alalamy.com.au"
20.171.207.22 - - [21/Jul/2025:20:40:31 +0000] "GET /shopbrand/169266714.htm HTTP/1.1" 404 20401 "-" "Mozilla/5.0 AppleWebKit/537.36 (KHTML, like Gecko; compatible; GPTBot/1.2; +https://openai.com/gptbot)"
209.74.77.214 - - [21/Jul/2025:20:40:59 +0000] "POST /wp-cron.php?doing_wp_cron=1753130459.2276558876037597656250 HTTP/1.1" 200 - "-" "WordPress/6.8.2; https://alalamy.com.au"
51.222.253.9 - - [21/Jul/2025:20:40:58 +0000] "GET /items/tickets/shopping/5227115/ HTTP/1.1" 404 20401 "-" "Mozilla/5.0 (compatible; AhrefsBot/7.0; +http://ahrefs.com/robot/)"
209.74.77.214 - - [21/Jul/2025:20:41:14 +0000] "POST /wp-cron.php?doing_wp_cron=1753130474.1536331176757812500000 HTTP/1.1" 200 - "-" "WordPress/6.8.2; https://alalamy.com.au"
47.82.11.20 - - [21/Jul/2025:20:41:13 +0000] "GET /?k=6892982011900&mod=0afe1037&uri=news.php?id%3D230205-345%26name%3Dvestidos+aesthetic+para+ni%C3%83%C2%B1as HTTP/1.1" 301 - "https://alalamy.com.au/?k=6892982011900&mod=0afe1037&uri=news.php%3Fid%3D230205-345%26name%3Dvestidos+aesthetic+para+ni%C3%83%C2%B1as" "Mozilla/5.0 (Windows NT 10.0; Win64; x64) AppleWebKit/537.36 (KHTML, like Gecko) Chrome/114.0.0.0 Safari/537.36 Edg/114.0.1823.43"
209.74.77.214 - - [21/Jul/2025:20:41:14 +0000] "POST /wp-admin/admin-ajax.php?action=async_litespeed&nonce=L77S2FIQflCwiN7TML557yLwIulzfARo&litespeed_type=imgoptm HTTP/1.1" 200 21 "-" "WordPress/6.8.2; https://alalamy.com.au"
47.82.11.20 - - [21/Jul/2025:20:41:14 +0000] "GET /?k=6892982011900&mod=0afe1037&uri=news.php?id%3D230205-345%26name%3Dvestidos%20aesthetic%20para%20ni%C3%83%C2%B1as HTTP/1.1" 301 - "https://alalamy.com.au/?k=6892982011900&mod=0afe1037&uri=news.php%3Fid%3D230205-345%26name%3Dvestidos+aesthetic+para+ni%C3%83%C2%B1as" "Mozilla/5.0 (Windows NT 10.0; Win64; x64) AppleWebKit/537.36 (KHTML, like Gecko) Chrome/114.0.0.0 Safari/537.36 Edg/114.0.1823.43"
66.249.65.164 - - [21/Jul/2025:20:41:15 +0000] "GET /items/fashion/womens/2846857/ HTTP/1.1" 200 19810 "-" "Mozilla/5.0 (Linux; Android 6.0.1; Nexus 5X Build/MMB29P) AppleWebKit/537.36 (KHTML, like Gecko) Chrome/137.0.7151.103 Mobile Safari/537.36 (compatible; GoogleOther)"
47.82.11.19 - - [21/Jul/2025:20:41:28 +0000] "GET /?k=6620665011900&mod=4ef30115&uri=products.php?id%3D221119-91%26name%3Daxa+plug+in+chain HTTP/1.1" 301 - "https://alalamy.com.au/?k=6620665011900&mod=4ef30115&uri=products.php%3Fid%3D221119-91%26name%3Daxa+plug+in+chain" "Mozilla/5.0 (Windows NT 10.0; Win64; x64) AppleWebKit/537.36 (KHTML, like Gecko) Chrome/114.0.0.0 Safari/537.36 Edg/114.0.1823.43"
47.82.11.19 - - [21/Jul/2025:20:41:28 +0000] "GET /?k=6620665011900&mod=4ef30115&uri=products.php?id%3D221119-91%26name%3Daxa%20plug%20in%20chain HTTP/1.1" 301 - "https://alalamy.com.au/?k=6620665011900&mod=4ef30115&uri=products.php%3Fid%3D221119-91%26name%3Daxa+plug+in+chain" "Mozilla/5.0 (Windows NT 10.0; Win64; x64) AppleWebKit/537.36 (KHTML, like Gecko) Chrome/114.0.0.0 Safari/537.36 Edg/114.0.1823.43"
51.222.253.17 - - [21/Jul/2025:20:41:31 +0000] "GET /items/tickets/sports/1933886/ HTTP/1.1" 404 20401 "-" "Mozilla/5.0 (compatible; AhrefsBot/7.0; +http://ahrefs.com/robot/)"
209.74.77.214 - - [21/Jul/2025:20:41:33 +0000] "POST /wp-cron.php?doing_wp_cron=1753130493.5582029819488525390625 HTTP/1.1" 200 - "-" "WordPress/6.8.2; https://alalamy.com.au"
20.171.207.22 - - [21/Jul/2025:20:41:33 +0000] "GET /shopbrand/169309800.htm HTTP/1.1" 404 20401 "-" "Mozilla/5.0 AppleWebKit/537.36 (KHTML, like Gecko; compatible; GPTBot/1.2; +https://openai.com/gptbot)"
209.74.77.214 - - [21/Jul/2025:20:42:14 +0000] "POST /wp-cron.php?doing_wp_cron=1753130534.4706339836120605468750 HTTP/1.1" 200 - "-" "WordPress/6.8.2; https://alalamy.com.au"
51.222.253.8 - - [21/Jul/2025:20:42:12 +0000] "GET /items/tickets/sports/2349986/ HTTP/1.1" 404 20401 "-" "Mozilla/5.0 (compatible; AhrefsBot/7.0; +http://ahrefs.com/robot/)"
209.74.77.214 - - [21/Jul/2025:20:42:14 +0000] "POST /wp-admin/admin-ajax.php?action=async_litespeed&nonce=wCnDi2QDiICMfFxT2ov72yZ0fmRgcLYg&litespeed_type=imgoptm HTTP/1.1" 200 21 "-" "WordPress/6.8.2; https://alalamy.com.au"
209.74.77.214 - - [21/Jul/2025:20:42:35 +0000] "POST /wp-cron.php?doing_wp_cron=1753130555.1212399005889892578125 HTTP/1.1" 200 - "-" "WordPress/6.8.2; https://alalamy.com.au"
20.171.207.22 - - [21/Jul/2025:20:42:34 +0000] "GET /shopbrand/169331069.htm HTTP/1.1" 404 20401 "-" "Mozilla/5.0 AppleWebKit/537.36 (KHTML, like Gecko; compatible; GPTBot/1.2; +https://openai.com/gptbot)"
216.73.216.97 - - [21/Jul/2025:20:42:39 +0000] "GET /shopbrand/183526545.htm HTTP/1.1" 404 20401 "-" "Mozilla/5.0 AppleWebKit/537.36 (KHTML, like Gecko; compatible; ClaudeBot/1.0; [email protected])"
51.222.253.1 - - [21/Jul/2025:20:42:42 +0000] "GET /items/tickets/sports/3887045/ HTTP/1.1" 404 20400 "-" "Mozilla/5.0 (compatible; AhrefsBot/7.0; +http://ahrefs.com/robot/)"
209.74.77.214 - - [21/Jul/2025:20:43:02 +0000] "POST /wp-admin/admin-ajax.php?action=async_litespeed&nonce=oI6i4qpujNQsACSi6831iOAtLm6SCtJV&litespeed_type=imgoptm HTTP/1.1" 200 21 "-" "WordPress/6.8.2; https://alalamy.com.au"
51.222.253.12 - - [21/Jul/2025:20:43:09 +0000] "GET /items/tickets/sports/3976238/ HTTP/1.1" 404 20401 "-" "Mozilla/5.0 (compatible; AhrefsBot/7.0; +http://ahrefs.com/robot/)"
209.74.77.214 - - [21/Jul/2025:20:43:35 +0000] "POST /wp-cron.php?doing_wp_cron=1753130615.0583178997039794921875 HTTP/1.1" 200 - "-" "WordPress/6.8.2; https://alalamy.com.au"
51.222.253.15 - - [21/Jul/2025:20:43:34 +0000] "GET /items/tickets/sports/4131705/ HTTP/1.1" 404 20401 "-" "Mozilla/5.0 (compatible; AhrefsBot/7.0; +http://ahrefs.com/robot/)"
20.171.207.22 - - [21/Jul/2025:20:43:38 +0000] "GET /shopbrand/169252101.htm HTTP/1.1" 404 20401 "-" "Mozilla/5.0 AppleWebKit/537.36 (KHTML, like Gecko; compatible; GPTBot/1.2; +https://openai.com/gptbot)"
209.74.77.214 - - [21/Jul/2025:20:43:56 +0000] "POST /wp-cron.php?doing_wp_cron=1753130636.5009729862213134765625 HTTP/1.1" 200 - "-" "WordPress/6.8.2; https://alalamy.com.au"
51.222.253.17 - - [21/Jul/2025:20:43:56 +0000] "GET /items/tickets/sports/4280683/ HTTP/1.1" 404 20401 "-" "Mozilla/5.0 (compatible; AhrefsBot/7.0; +http://ahrefs.com/robot/)"
209.74.77.214 - - [21/Jul/2025:20:44:21 +0000] "POST /wp-cron.php?doing_wp_cron=1753130661.8381519317626953125000 HTTP/1.1" 200 - "-" "WordPress/6.8.2; https://alalamy.com.au"
51.222.253.9 - - [21/Jul/2025:20:44:21 +0000] "GET /items/tickets/sports/4813282/ HTTP/1.1" 404 20401 "-" "Mozilla/5.0 (compatible; AhrefsBot/7.0; +http://ahrefs.com/robot/)"
209.74.77.214 - - [21/Jul/2025:20:44:22 +0000] "POST /wp-admin/admin-ajax.php?action=async_litespeed&nonce=rgTtQBFl6nqmA6P5KEAcBiz2MK8Y6rw4&litespeed_type=imgoptm HTTP/1.1" 200 21 "-" "WordPress/6.8.2; https://alalamy.com.au"
209.74.77.214 - - [21/Jul/2025:20:44:39 +0000] "POST /wp-cron.php?doing_wp_cron=1753130679.7840199470520019531250 HTTP/1.1" 200 - "-" "WordPress/6.8.2; https://alalamy.com.au"
20.171.207.22 - - [21/Jul/2025:20:44:39 +0000] "GET /shopbrand/169277675.htm HTTP/1.1" 404 20401 "-" "Mozilla/5.0 AppleWebKit/537.36 (KHTML, like Gecko; compatible; GPTBot/1.2; +https://openai.com/gptbot)"
51.222.253.2 - - [21/Jul/2025:20:44:45 +0000] "GET /items/tickets/sports/5149702/ HTTP/1.1" 404 20400 "-" "Mozilla/5.0 (compatible; AhrefsBot/7.0; +http://ahrefs.com/robot/)"
209.74.77.214 - - [21/Jul/2025:20:45:04 +0000] "POST /wp-admin/admin-ajax.php?action=async_litespeed&nonce=ATGtY0IYrp7jqgn12eLkV5HLWT37KDTK&litespeed_type=imgoptm HTTP/1.1" 200 21 "-" "WordPress/6.8.2; https://alalamy.com.au"
51.222.253.7 - - [21/Jul/2025:20:45:14 +0000] "GET /items/tickets/sports/5397635/ HTTP/1.1" 404 20401 "-" "Mozilla/5.0 (compatible; AhrefsBot/7.0; +http://ahrefs.com/robot/)"
209.74.77.214 - - [21/Jul/2025:20:45:43 +0000] "POST /wp-cron.php?doing_wp_cron=1753130743.2034890651702880859375 HTTP/1.1" 200 - "-" "WordPress/6.8.2; https://alalamy.com.au"
51.222.253.11 - - [21/Jul/2025:20:45:42 +0000] "GET /items/tickets/tennis/1746330/ HTTP/1.1" 404 20401 "-" "Mozilla/5.0 (compatible; AhrefsBot/7.0; +http://ahrefs.com/robot/)"
20.171.207.22 - - [21/Jul/2025:20:45:45 +0000] "GET /shopbrand/169290622.htm HTTP/1.1" 404 20400 "-" "Mozilla/5.0 AppleWebKit/537.36 (KHTML, like Gecko; compatible; GPTBot/1.2; +https://openai.com/gptbot)"
209.74.77.214 - - [21/Jul/2025:20:46:11 +0000] "POST /wp-cron.php?doing_wp_cron=1753130771.2071430683135986328125 HTTP/1.1" 200 - "-" "WordPress/6.8.2; https://alalamy.com.au"
51.222.253.12 - - [21/Jul/2025:20:46:10 +0000] "GET /items/tickets/theatre/3049747/ HTTP/1.1" 404 20401 "-" "Mozilla/5.0 (compatible; AhrefsBot/7.0; +http://ahrefs.com/robot/)"
209.74.77.214 - - [21/Jul/2025:20:46:11 +0000] "POST /wp-admin/admin-ajax.php?action=async_litespeed&nonce=ekTgWOzviJ2E5oeyp0V7Ebhyn9QHSl2T&litespeed_type=imgoptm HTTP/1.1" 200 21 "-" "WordPress/6.8.2; https://alalamy.com.au"
209.74.77.214 - - [21/Jul/2025:20:46:41 +0000] "POST /wp-cron.php?doing_wp_cron=1753130801.5116479396820068359375 HTTP/1.1" 200 - "-" "WordPress/6.8.2; https://alalamy.com.au"
51.222.253.4 - - [21/Jul/2025:20:46:41 +0000] "GET /items/tools/cutting/3470651/ HTTP/1.1" 404 20401 "-" "Mozilla/5.0 (compatible; AhrefsBot/7.0; +http://ahrefs.com/robot/)"
209.74.77.214 - - [21/Jul/2025:20:46:51 +0000] "POST /wp-cron.php?doing_wp_cron=1753130811.2646150588989257812500 HTTP/1.1" 200 - "-" "WordPress/6.8.2; https://alalamy.com.au"
20.171.207.22 - - [21/Jul/2025:20:46:51 +0000] "GET /shopbrand/169330910.htm HTTP/1.1" 404 20401 "-" "Mozilla/5.0 AppleWebKit/537.36 (KHTML, like Gecko; compatible; GPTBot/1.2; +https://openai.com/gptbot)"
209.74.77.214 - - [21/Jul/2025:20:47:41 +0000] "POST /wp-cron.php?doing_wp_cron=1753130861.3535740375518798828125 HTTP/1.1" 200 - "-" "WordPress/6.8.2; https://alalamy.com.au"
51.222.253.3 - - [21/Jul/2025:20:47:38 +0000] "GET /items/tools/drills/2276596/ HTTP/1.1" 404 20401 "-" "Mozilla/5.0 (compatible; AhrefsBot/7.0; +http://ahrefs.com/robot/)"
209.74.77.214 - - [21/Jul/2025:20:47:41 +0000] "POST /wp-admin/admin-ajax.php?action=async_litespeed&nonce=PxZCYxa13Jlcu2EtNw7nOr1xBZZLCbos&litespeed_type=imgoptm HTTP/1.1" 200 21 "-" "WordPress/6.8.2; https://alalamy.com.au"
209.74.77.214 - - [21/Jul/2025:20:47:52 +0000] "POST /wp-cron.php?doing_wp_cron=1753130872.0193040370941162109375 HTTP/1.1" 200 - "-" "WordPress/6.8.2; https://alalamy.com.au"
20.171.207.22 - - [21/Jul/2025:20:47:51 +0000] "GET /shopbrand/169321343.htm HTTP/1.1" 404 20401 "-" "Mozilla/5.0 AppleWebKit/537.36 (KHTML, like Gecko; compatible; GPTBot/1.2; +https://openai.com/gptbot)"
51.222.253.2 - - [21/Jul/2025:20:47:52 +0000] "GET /items/tools/electric-hammers/3353637/ HTTP/1.1" 404 20401 "-" "Mozilla/5.0 (compatible; AhrefsBot/7.0; +http://ahrefs.com/robot/)"
209.74.77.214 - - [21/Jul/2025:20:48:28 +0000] "POST /wp-cron.php?doing_wp_cron=1753130908.5084109306335449218750 HTTP/1.1" 200 - "-" "WordPress/6.8.2; https://alalamy.com.au"
51.222.253.17 - - [21/Jul/2025:20:48:26 +0000] "GET /items/tools/electrical-materials/1675208/ HTTP/1.1" 404 20401 "-" "Mozilla/5.0 (compatible; AhrefsBot/7.0; +http://ahrefs.com/robot/)"
209.74.77.214 - - [21/Jul/2025:20:48:28 +0000] "POST /wp-admin/admin-ajax.php?action=async_litespeed&nonce=H5dt9vLNqzetX0tkXSdIZBRgsiqMiMwE&litespeed_type=imgoptm HTTP/1.1" 200 21 "-" "WordPress/6.8.2; https://alalamy.com.au"
209.74.77.214 - - [21/Jul/2025:20:48:38 +0000] "POST /wp-cron.php?doing_wp_cron=1753130917.9778859615325927734375 HTTP/1.1" 200 - "-" "WordPress/6.8.2; https://alalamy.com.au"
57.141.2.22 - - [21/Jul/2025:20:48:37 +0000] "GET /?k=29145312031900& HTTP/1.1" 301 - "-" "meta-externalagent/1.1 (+https://developers.facebook.com/docs/sharing/webmasters/crawler)"
57.141.2.4 - - [21/Jul/2025:20:48:47 +0000] "GET /?k=29145312031900 HTTP/1.1" 200 144492 "-" "meta-externalagent/1.1 (+https://developers.facebook.com/docs/sharing/webmasters/crawler)"
209.74.77.214 - - [21/Jul/2025:20:48:52 +0000] "POST /wp-cron.php?doing_wp_cron=1753130932.0444750785827636718750 HTTP/1.1" 200 - "-" "WordPress/6.8.2; https://alalamy.com.au"
20.171.207.22 - - [21/Jul/2025:20:48:51 +0000] "GET /shopbrand/169366494.htm HTTP/1.1" 404 20401 "-" "Mozilla/5.0 AppleWebKit/537.36 (KHTML, like Gecko; compatible; GPTBot/1.2; +https://openai.com/gptbot)"
209.74.77.214 - - [21/Jul/2025:20:49:03 +0000] "POST /wp-cron.php?doing_wp_cron=1753130943.7936010360717773437500 HTTP/1.1" 200 - "-" "WordPress/6.8.2; https://alalamy.com.au"
51.222.253.11 - - [21/Jul/2025:20:49:03 +0000] "GET /items/tools/electrical-materials/4807131/ HTTP/1.1" 404 20401 "-" "Mozilla/5.0 (compatible; AhrefsBot/7.0; +http://ahrefs.com/robot/)"
209.74.77.214 - - [21/Jul/2025:20:49:04 +0000] "POST /wp-admin/admin-ajax.php?action=async_litespeed&nonce=ucyJpHB4J0NqmBsbxf16CwetQKVlTSLu&litespeed_type=imgoptm HTTP/1.1" 200 21 "-" "WordPress/6.8.2; https://alalamy.com.au"
216.73.216.97 - - [21/Jul/2025:20:49:04 +0000] "GET /sitemap-17.xml HTTP/1.1" 200 4111 "-" "Mozilla/5.0 AppleWebKit/537.36 (KHTML, like Gecko; compatible; ClaudeBot/1.0; [email protected])"
51.222.253.16 - - [21/Jul/2025:20:49:31 +0000] "GET /items/tools/interior/2946136/ HTTP/1.1" 404 20401 "-" "Mozilla/5.0 (compatible; AhrefsBot/7.0; +http://ahrefs.com/robot/)"
