47.82.11.17 - - [21/Jul/2025:19:43:29 +0000] "GET /?k=6746038001900&mod=b75fccec&uri=article.php?id%3D225300-233%26name%3Dtop+blanco+con+falda HTTP/1.1" 301 - "https://alalamy.com.au/?k=6746038001900&mod=b75fccec&uri=article.php%3Fid%3D225300-233%26name%3Dtop+blanco+con+falda" "Mozilla/5.0 (Windows NT 10.0; Win64; x64) AppleWebKit/537.36 (KHTML, like Gecko) Chrome/114.0.0.0 Safari/537.36 Edg/114.0.1823.43"
47.82.11.17 - - [21/Jul/2025:19:43:30 +0000] "GET /?k=6746038001900&mod=b75fccec&uri=article.php?id%3D225300-233%26name%3Dtop%20blanco%20con%20falda HTTP/1.1" 301 - "https://alalamy.com.au/?k=6746038001900&mod=b75fccec&uri=article.php%3Fid%3D225300-233%26name%3Dtop+blanco+con+falda" "Mozilla/5.0 (Windows NT 10.0; Win64; x64) AppleWebKit/537.36 (KHTML, like Gecko) Chrome/114.0.0.0 Safari/537.36 Edg/114.0.1823.43"
216.73.216.97 - - [21/Jul/2025:19:43:37 +0000] "GET /sitemap-18.xml HTTP/1.1" 200 4112 "-" "Mozilla/5.0 AppleWebKit/537.36 (KHTML, like Gecko; compatible; ClaudeBot/1.0; [email protected])"
209.74.77.214 - - [21/Jul/2025:19:43:37 +0000] "POST /wp-cron.php?doing_wp_cron=1753127017.9256479740142822265625 HTTP/1.1" 200 - "-" "WordPress/6.8.2; https://alalamy.com.au"
20.171.207.22 - - [21/Jul/2025:19:43:37 +0000] "GET /shopbrand/169259329.htm HTTP/1.1" 404 20401 "-" "Mozilla/5.0 AppleWebKit/537.36 (KHTML, like Gecko; compatible; GPTBot/1.2; +https://openai.com/gptbot)"
51.222.253.9 - - [21/Jul/2025:19:43:50 +0000] "GET /items/interior/others/2078796/ HTTP/1.1" 404 20401 "-" "Mozilla/5.0 (compatible; AhrefsBot/7.0; +http://ahrefs.com/robot/)"
209.74.77.214 - - [21/Jul/2025:19:44:22 +0000] "POST /wp-cron.php?doing_wp_cron=1753127062.2227740287780761718750 HTTP/1.1" 200 - "-" "WordPress/6.8.2; https://alalamy.com.au"
51.222.253.2 - - [21/Jul/2025:19:44:21 +0000] "GET /items/interior/tables/4945416/ HTTP/1.1" 404 20400 "-" "Mozilla/5.0 (compatible; AhrefsBot/7.0; +http://ahrefs.com/robot/)"
209.74.77.214 - - [21/Jul/2025:19:44:22 +0000] "POST /wp-admin/admin-ajax.php?action=async_litespeed&nonce=DoYToK4b4nktSkx3OO09tdaQsyQAgzry&litespeed_type=imgoptm HTTP/1.1" 200 21 "-" "WordPress/6.8.2; https://alalamy.com.au"
209.74.77.214 - - [21/Jul/2025:19:44:42 +0000] "POST /wp-cron.php?doing_wp_cron=1753127082.1533300876617431640625 HTTP/1.1" 200 - "-" "WordPress/6.8.2; https://alalamy.com.au"
20.171.207.22 - - [21/Jul/2025:19:44:41 +0000] "GET /shopbrand/169295900.htm HTTP/1.1" 404 20401 "-" "Mozilla/5.0 AppleWebKit/537.36 (KHTML, like Gecko; compatible; GPTBot/1.2; +https://openai.com/gptbot)"
209.74.77.214 - - [21/Jul/2025:19:44:56 +0000] "POST /wp-cron.php?doing_wp_cron=1753127096.1124401092529296875000 HTTP/1.1" 200 - "-" "WordPress/6.8.2; https://alalamy.com.au"
51.222.253.2 - - [21/Jul/2025:19:44:55 +0000] "GET /items/kitchen/bulk-sales/4293816/ HTTP/1.1" 404 20401 "-" "Mozilla/5.0 (compatible; AhrefsBot/7.0; +http://ahrefs.com/robot/)"
66.249.65.165 - - [21/Jul/2025:19:45:00 +0000] "GET /items/fashion/womens/3227492/ HTTP/1.1" 200 18902 "-" "Mozilla/5.0 (Linux; Android 6.0.1; Nexus 5X Build/MMB29P) AppleWebKit/537.36 (KHTML, like Gecko) Chrome/137.0.7151.103 Mobile Safari/537.36 (compatible; GoogleOther)"
209.74.77.214 - - [21/Jul/2025:19:45:19 +0000] "POST /wp-admin/admin-ajax.php?action=async_litespeed&nonce=NEWk4nK0mUzWN9cEwVbQf6aoyXS6LJQW&litespeed_type=imgoptm HTTP/1.1" 200 21 "-" "WordPress/6.8.2; https://alalamy.com.au"
66.249.65.164 - - [21/Jul/2025:19:45:20 +0000] "POST /get-message-notify HTTP/1.1" 200 19554 "https://alalamy.com.au/items/fashion/womens/3227492/" "Mozilla/5.0 (Linux; Android 6.0.1; Nexus 5X Build/MMB29P) AppleWebKit/537.36 (KHTML, like Gecko) Chrome/137.0.7151.119 Mobile Safari/537.36 (compatible; Googlebot/2.1; +http://www.google.com/bot.html)"
209.74.77.214 - - [21/Jul/2025:19:45:34 +0000] "POST /wp-cron.php?doing_wp_cron=1753127134.9507238864898681640625 HTTP/1.1" 200 - "-" "WordPress/6.8.2; https://alalamy.com.au"
51.222.253.8 - - [21/Jul/2025:19:45:34 +0000] "GET /items/kitchen/kitchen/2290582/ HTTP/1.1" 404 20401 "-" "Mozilla/5.0 (compatible; AhrefsBot/7.0; +http://ahrefs.com/robot/)"
20.171.207.22 - - [21/Jul/2025:19:45:43 +0000] "GET /shopbrand/169314929.htm HTTP/1.1" 404 20401 "-" "Mozilla/5.0 AppleWebKit/537.36 (KHTML, like Gecko; compatible; GPTBot/1.2; +https://openai.com/gptbot)"
209.74.77.214 - - [21/Jul/2025:19:46:15 +0000] "POST /wp-cron.php?doing_wp_cron=1753127175.9670429229736328125000 HTTP/1.1" 200 - "-" "WordPress/6.8.2; https://alalamy.com.au"
51.222.253.19 - - [21/Jul/2025:19:46:15 +0000] "GET /items/kitchen/laundry/1780021/ HTTP/1.1" 404 20401 "-" "Mozilla/5.0 (compatible; AhrefsBot/7.0; +http://ahrefs.com/robot/)"
209.74.77.214 - - [21/Jul/2025:19:46:16 +0000] "POST /wp-admin/admin-ajax.php?action=async_litespeed&nonce=N7guFK74tqqBweAHZghJkulwE9dqIrQg&litespeed_type=imgoptm HTTP/1.1" 200 21 "-" "WordPress/6.8.2; https://alalamy.com.au"
66.249.65.165 - - [21/Jul/2025:19:46:30 +0000] "GET /items/cameras/lenses/1827979/ HTTP/1.1" 200 18994 "-" "Mozilla/5.0 (Linux; Android 6.0.1; Nexus 5X Build/MMB29P) AppleWebKit/537.36 (KHTML, like Gecko) Chrome/137.0.7151.103 Mobile Safari/537.36 (compatible; GoogleOther)"
66.249.65.165 - - [21/Jul/2025:19:46:35 +0000] "GET /items/art/antique/3822700/alalamy.com.au/feature/akihabara_main/alalamy.com.au?_bd_prev_page=alalamy.com.au/detail.php?product/edit/A294957333 HTTP/1.1" 200 20466 "-" "Mozilla/5.0 (Linux; Android 6.0.1; Nexus 5X Build/MMB29P) AppleWebKit/537.36 (KHTML, like Gecko) Chrome/137.0.7151.103 Mobile Safari/537.36 (compatible; GoogleOther)"
66.249.65.164 - - [21/Jul/2025:19:46:43 +0000] "GET /items/fashion/mens/4836587/ HTTP/1.1" 200 19267 "-" "Mozilla/5.0 (Linux; Android 6.0.1; Nexus 5X Build/MMB29P) AppleWebKit/537.36 (KHTML, like Gecko) Chrome/137.0.7151.103 Mobile Safari/537.36 (compatible; GoogleOther)"
66.249.65.164 - - [21/Jul/2025:19:46:46 +0000] "POST /get-message-notify HTTP/1.1" 200 19554 "https://alalamy.com.au/items/cameras/lenses/1827979/" "Mozilla/5.0 (Linux; Android 6.0.1; Nexus 5X Build/MMB29P) AppleWebKit/537.36 (KHTML, like Gecko) Chrome/137.0.7151.119 Mobile Safari/537.36 (compatible; Googlebot/2.1; +http://www.google.com/bot.html)"
209.74.77.214 - - [21/Jul/2025:19:46:49 +0000] "POST /wp-cron.php?doing_wp_cron=1753127209.5058319568634033203125 HTTP/1.1" 200 - "-" "WordPress/6.8.2; https://alalamy.com.au"
20.171.207.22 - - [21/Jul/2025:19:46:49 +0000] "GET /shopbrand/169281982.htm HTTP/1.1" 404 20401 "-" "Mozilla/5.0 AppleWebKit/537.36 (KHTML, like Gecko; compatible; GPTBot/1.2; +https://openai.com/gptbot)"
209.74.77.214 - - [21/Jul/2025:19:47:04 +0000] "POST /wp-cron.php?doing_wp_cron=1753127224.2908000946044921875000 HTTP/1.1" 200 - "-" "WordPress/6.8.2; https://alalamy.com.au"
51.222.253.2 - - [21/Jul/2025:19:47:04 +0000] "GET /items/magazines/books/2453627/ HTTP/1.1" 404 20401 "-" "Mozilla/5.0 (compatible; AhrefsBot/7.0; +http://ahrefs.com/robot/)"
209.74.77.214 - - [21/Jul/2025:19:47:04 +0000] "POST /wp-admin/admin-ajax.php?action=async_litespeed&nonce=L0aXfmcp2cTbDgdsn1Z3QbrGQZxRlxLB&litespeed_type=imgoptm HTTP/1.1" 200 21 "-" "WordPress/6.8.2; https://alalamy.com.au"
66.249.65.166 - - [21/Jul/2025:19:47:08 +0000] "POST /get-message-notify HTTP/1.1" 200 19554 "https://alalamy.com.au/items/fashion/mens/4836587/" "Mozilla/5.0 (Linux; Android 6.0.1; Nexus 5X Build/MMB29P) AppleWebKit/537.36 (KHTML, like Gecko) Chrome/137.0.7151.119 Mobile Safari/537.36 (compatible; Googlebot/2.1; +http://www.google.com/bot.html)"
216.73.216.97 - - [21/Jul/2025:19:47:32 +0000] "GET /shopbrand/160813961.htm HTTP/1.1" 404 20401 "-" "Mozilla/5.0 AppleWebKit/537.36 (KHTML, like Gecko; compatible; ClaudeBot/1.0; [email protected])"
209.74.77.214 - - [21/Jul/2025:19:47:40 +0000] "POST /wp-cron.php?doing_wp_cron=1753127260.0764629840850830078125 HTTP/1.1" 200 - "-" "WordPress/6.8.2; https://alalamy.com.au"
51.222.253.20 - - [21/Jul/2025:19:47:39 +0000] "GET /items/magazines/books/4873433/ HTTP/1.1" 404 20401 "-" "Mozilla/5.0 (compatible; AhrefsBot/7.0; +http://ahrefs.com/robot/)"
66.249.65.164 - - [21/Jul/2025:19:47:54 +0000] "POST /get-message-notify HTTP/1.1" 200 19554 "https://alalamy.com.au/items/fashion/tops/4085070/alalamy.com.au/1000" "Mozilla/5.0 (Linux; Android 6.0.1; Nexus 5X Build/MMB29P) AppleWebKit/537.36 (KHTML, like Gecko) Chrome/137.0.7151.119 Mobile Safari/537.36 (compatible; Googlebot/2.1; +http://www.google.com/bot.html)"
209.74.77.214 - - [21/Jul/2025:19:47:55 +0000] "POST /wp-cron.php?doing_wp_cron=1753127275.0430641174316406250000 HTTP/1.1" 200 - "-" "WordPress/6.8.2; https://alalamy.com.au"
20.171.207.22 - - [21/Jul/2025:19:47:54 +0000] "GET /shopbrand/169263362.htm HTTP/1.1" 404 20401 "-" "Mozilla/5.0 AppleWebKit/537.36 (KHTML, like Gecko; compatible; GPTBot/1.2; +https://openai.com/gptbot)"
209.74.77.214 - - [21/Jul/2025:19:48:20 +0000] "POST /wp-cron.php?doing_wp_cron=1753127300.4822380542755126953125 HTTP/1.1" 200 - "-" "WordPress/6.8.2; https://alalamy.com.au"
216.73.216.97 - - [21/Jul/2025:19:48:20 +0000] "GET /shopbrand/160814799.htm HTTP/1.1" 404 20401 "-" "Mozilla/5.0 AppleWebKit/537.36 (KHTML, like Gecko; compatible; ClaudeBot/1.0; [email protected])"
209.74.77.214 - - [21/Jul/2025:19:48:20 +0000] "POST /wp-admin/admin-ajax.php?action=async_litespeed&nonce=uQDcsPUgFGET8xu5UcdxsE63u9nyLUZW&litespeed_type=imgoptm HTTP/1.1" 200 21 "-" "WordPress/6.8.2; https://alalamy.com.au"
209.74.77.214 - - [21/Jul/2025:19:48:42 +0000] "POST /wp-cron.php?doing_wp_cron=1753127322.1577920913696289062500 HTTP/1.1" 200 - "-" "WordPress/6.8.2; https://alalamy.com.au"
51.222.253.20 - - [21/Jul/2025:19:48:41 +0000] "GET /items/magazines/medicine/2216606/ HTTP/1.1" 404 20401 "-" "Mozilla/5.0 (compatible; AhrefsBot/7.0; +http://ahrefs.com/robot/)"
66.249.65.164 - - [21/Jul/2025:19:48:49 +0000] "GET /items/art/antique/3822700/alalamy.com.au/feature/akihabara_main/alalamy.com.au?_bd_prev_page=alalamy.com.au/detail.php?product/edit/A3377815403 HTTP/1.1" 200 20667 "-" "Mozilla/5.0 (Linux; Android 6.0.1; Nexus 5X Build/MMB29P) AppleWebKit/537.36 (KHTML, like Gecko) Chrome/137.0.7151.103 Mobile Safari/537.36 (compatible; GoogleOther)"
209.74.77.214 - - [21/Jul/2025:19:48:58 +0000] "POST /wp-cron.php?doing_wp_cron=1753127338.6407709121704101562500 HTTP/1.1" 200 - "-" "WordPress/6.8.2; https://alalamy.com.au"
20.171.207.22 - - [21/Jul/2025:19:48:58 +0000] "GET /shopbrand/169313120.htm HTTP/1.1" 404 20401 "-" "Mozilla/5.0 AppleWebKit/537.36 (KHTML, like Gecko; compatible; GPTBot/1.2; +https://openai.com/gptbot)"
209.74.77.214 - - [21/Jul/2025:19:49:18 +0000] "POST /wp-cron.php?doing_wp_cron=1753127358.4027340412139892578125 HTTP/1.1" 200 - "-" "WordPress/6.8.2; https://alalamy.com.au"
51.222.253.17 - - [21/Jul/2025:19:49:18 +0000] "GET /items/manga/books/3748514/ HTTP/1.1" 404 20401 "-" "Mozilla/5.0 (compatible; AhrefsBot/7.0; +http://ahrefs.com/robot/)"
209.74.77.214 - - [21/Jul/2025:19:49:18 +0000] "POST /wp-admin/admin-ajax.php?action=async_litespeed&nonce=9CYwPs22XaBAr4mGx7O205W9AU1KEnS1&litespeed_type=imgoptm HTTP/1.1" 200 21 "-" "WordPress/6.8.2; https://alalamy.com.au"
209.74.77.214 - - [21/Jul/2025:19:49:51 +0000] "POST /wp-cron.php?doing_wp_cron=1753127391.3610200881958007812500 HTTP/1.1" 200 - "-" "WordPress/6.8.2; https://alalamy.com.au"
51.222.253.14 - - [21/Jul/2025:19:49:51 +0000] "GET /items/manga/children-books/5048710/ HTTP/1.1" 404 20401 "-" "Mozilla/5.0 (compatible; AhrefsBot/7.0; +http://ahrefs.com/robot/)"
20.171.207.22 - - [21/Jul/2025:19:49:58 +0000] "GET /shopbrand/169317991.htm HTTP/1.1" 404 20401 "-" "Mozilla/5.0 AppleWebKit/537.36 (KHTML, like Gecko; compatible; GPTBot/1.2; +https://openai.com/gptbot)"
209.74.77.214 - - [21/Jul/2025:19:50:17 +0000] "POST /wp-admin/admin-ajax.php?action=async_litespeed&nonce=HTY2iwtU2C7CybrT4HRFwVk7SU01msYD&litespeed_type=imgoptm HTTP/1.1" 200 21 "-" "WordPress/6.8.2; https://alalamy.com.au"
51.222.253.5 - - [21/Jul/2025:19:50:23 +0000] "GET /items/manga/games/4083317/ HTTP/1.1" 404 20401 "-" "Mozilla/5.0 (compatible; AhrefsBot/7.0; +http://ahrefs.com/robot/)"
209.74.77.214 - - [21/Jul/2025:19:50:59 +0000] "POST /wp-cron.php?doing_wp_cron=1753127459.7663590908050537109375 HTTP/1.1" 200 - "-" "WordPress/6.8.2; https://alalamy.com.au"
51.222.253.2 - - [21/Jul/2025:19:50:59 +0000] "GET /items/manga/magazines/5051444/ HTTP/1.1" 404 20401 "-" "Mozilla/5.0 (compatible; AhrefsBot/7.0; +http://ahrefs.com/robot/)"
209.74.77.214 - - [21/Jul/2025:19:51:02 +0000] "POST /wp-cron.php?doing_wp_cron=1753127462.1934220790863037109375 HTTP/1.1" 200 - "-" "WordPress/6.8.2; https://alalamy.com.au"
20.171.207.22 - - [21/Jul/2025:19:51:01 +0000] "GET /shopbrand/169252399.htm HTTP/1.1" 404 20401 "-" "Mozilla/5.0 AppleWebKit/537.36 (KHTML, like Gecko; compatible; GPTBot/1.2; +https://openai.com/gptbot)"
209.74.77.214 - - [21/Jul/2025:19:51:02 +0000] "POST /wp-admin/admin-ajax.php?action=async_litespeed&nonce=3vZN1u3YSQnfeQ0b2s6cAoId2F2LkQEM&litespeed_type=imgoptm HTTP/1.1" 200 21 "-" "WordPress/6.8.2; https://alalamy.com.au"
47.82.11.39 - - [21/Jul/2025:19:51:20 +0000] "GET /?k=6748364061900&mod=b75fccec&uri=itm.php?id%3D225378-233%26name%3Dcamisas+hawaianas+flores HTTP/1.1" 301 - "https://alalamy.com.au/?k=6748364061900&mod=b75fccec&uri=itm.php%3Fid%3D225378-233%26name%3Dcamisas+hawaianas+flores" "Mozilla/5.0 (Windows NT 10.0; Win64; x64) AppleWebKit/537.36 (KHTML, like Gecko) Chrome/114.0.0.0 Safari/537.36 Edg/114.0.1823.43"
47.82.11.39 - - [21/Jul/2025:19:51:20 +0000] "GET /?k=6748364061900&mod=b75fccec&uri=itm.php?id%3D225378-233%26name%3Dcamisas%20hawaianas%20flores HTTP/1.1" 301 - "https://alalamy.com.au/?k=6748364061900&mod=b75fccec&uri=itm.php%3Fid%3D225378-233%26name%3Dcamisas+hawaianas+flores" "Mozilla/5.0 (Windows NT 10.0; Win64; x64) AppleWebKit/537.36 (KHTML, like Gecko) Chrome/114.0.0.0 Safari/537.36 Edg/114.0.1823.43"
209.74.77.214 - - [21/Jul/2025:19:51:38 +0000] "POST /wp-cron.php?doing_wp_cron=1753127497.9961469173431396484375 HTTP/1.1" 200 - "-" "WordPress/6.8.2; https://alalamy.com.au"
51.222.253.9 - - [21/Jul/2025:19:51:37 +0000] "GET /items/manga/magazines/5295600/ HTTP/1.1" 404 20401 "-" "Mozilla/5.0 (compatible; AhrefsBot/7.0; +http://ahrefs.com/robot/)"
209.74.77.214 - - [21/Jul/2025:19:52:02 +0000] "POST /wp-cron.php?doing_wp_cron=1753127522.2323939800262451171875 HTTP/1.1" 200 - "-" "WordPress/6.8.2; https://alalamy.com.au"
20.171.207.22 - - [21/Jul/2025:19:52:01 +0000] "GET /shopbrand/169311609.htm HTTP/1.1" 404 20401 "-" "Mozilla/5.0 AppleWebKit/537.36 (KHTML, like Gecko; compatible; GPTBot/1.2; +https://openai.com/gptbot)"
209.74.77.214 - - [21/Jul/2025:19:52:02 +0000] "POST /wp-admin/admin-ajax.php?action=async_litespeed&nonce=vDq1klKW8rL5brOXT7eFiZZGg2lHaz2D&litespeed_type=imgoptm HTTP/1.1" 200 21 "-" "WordPress/6.8.2; https://alalamy.com.au"
47.82.11.17 - - [21/Jul/2025:19:52:11 +0000] "GET /?k=6731645031900&mod=26bcbaf7&uri=dp.php?id%3D224819-377%26name%3Dgraco+fast+action+jogging+stroller+travel+system HTTP/1.1" 301 - "https://alalamy.com.au/?k=6731645031900&mod=26bcbaf7&uri=dp.php%3Fid%3D224819-377%26name%3Dgraco+fast+action+jogging+stroller+travel+system" "Mozilla/5.0 (Windows NT 10.0; Win64; x64) AppleWebKit/537.36 (KHTML, like Gecko) Chrome/114.0.0.0 Safari/537.36 Edg/114.0.1823.43"
47.82.11.17 - - [21/Jul/2025:19:52:11 +0000] "GET /?k=6731645031900&mod=26bcbaf7&uri=dp.php?id%3D224819-377%26name%3Dgraco%20fast%20action%20jogging%20stroller%20travel%20system HTTP/1.1" 301 - "https://alalamy.com.au/?k=6731645031900&mod=26bcbaf7&uri=dp.php%3Fid%3D224819-377%26name%3Dgraco+fast+action+jogging+stroller+travel+system" "Mozilla/5.0 (Windows NT 10.0; Win64; x64) AppleWebKit/537.36 (KHTML, like Gecko) Chrome/114.0.0.0 Safari/537.36 Edg/114.0.1823.43"
51.222.253.2 - - [21/Jul/2025:19:52:13 +0000] "GET /items/manga/manga/3434781/ HTTP/1.1" 404 20401 "-" "Mozilla/5.0 (compatible; AhrefsBot/7.0; +http://ahrefs.com/robot/)"
209.74.77.214 - - [21/Jul/2025:19:52:53 +0000] "POST /wp-cron.php?doing_wp_cron=1753127573.3440461158752441406250 HTTP/1.1" 200 - "-" "WordPress/6.8.2; https://alalamy.com.au"
51.222.253.3 - - [21/Jul/2025:19:52:53 +0000] "GET /items/manga/sports/2239206/ HTTP/1.1" 404 20401 "-" "Mozilla/5.0 (compatible; AhrefsBot/7.0; +http://ahrefs.com/robot/)"
209.74.77.214 - - [21/Jul/2025:19:53:03 +0000] "POST /wp-cron.php?doing_wp_cron=1753127583.7296841144561767578125 HTTP/1.1" 200 - "-" "WordPress/6.8.2; https://alalamy.com.au"
20.171.207.22 - - [21/Jul/2025:19:53:03 +0000] "GET /shopbrand/169252955.htm HTTP/1.1" 404 20401 "-" "Mozilla/5.0 AppleWebKit/537.36 (KHTML, like Gecko; compatible; GPTBot/1.2; +https://openai.com/gptbot)"
209.74.77.214 - - [21/Jul/2025:19:53:03 +0000] "POST /wp-admin/admin-ajax.php?action=async_litespeed&nonce=ADDhl8Nl6UXYrZSMleK4nVf1LnEQJZeN&litespeed_type=imgoptm HTTP/1.1" 200 21 "-" "WordPress/6.8.2; https://alalamy.com.au"
51.222.253.5 - - [21/Jul/2025:19:53:27 +0000] "GET /items/manga/young-adult-manga/3946198/ HTTP/1.1" 404 20401 "-" "Mozilla/5.0 (compatible; AhrefsBot/7.0; +http://ahrefs.com/robot/)"
66.249.65.165 - - [21/Jul/2025:19:53:40 +0000] "GET /items/art/antique/3822700/alalamy.com.au/feature/akihabara_main/alalamy.com.au?_bd_prev_page=alalamy.com.au/detail.php?product/edit/A2610278236 HTTP/1.1" 200 20957 "-" "Mozilla/5.0 (Linux; Android 6.0.1; Nexus 5X Build/MMB29P) AppleWebKit/537.36 (KHTML, like Gecko) Chrome/137.0.7151.103 Mobile Safari/537.36 (compatible; GoogleOther)"
216.73.216.97 - - [21/Jul/2025:19:53:41 +0000] "GET /sitemap-20.xml HTTP/1.1" 200 4110 "-" "Mozilla/5.0 AppleWebKit/537.36 (KHTML, like Gecko; compatible; ClaudeBot/1.0; [email protected])"
209.74.77.214 - - [21/Jul/2025:19:53:51 +0000] "POST /wp-cron.php?doing_wp_cron=1753127631.6037559509277343750000 HTTP/1.1" 200 - "-" "WordPress/6.8.2; https://alalamy.com.au"
51.222.253.11 - - [21/Jul/2025:19:53:51 +0000] "GET /items/motorcycles/accessories/2391118/ HTTP/1.1" 404 20400 "-" "Mozilla/5.0 (compatible; AhrefsBot/7.0; +http://ahrefs.com/robot/)"
209.74.77.214 - - [21/Jul/2025:19:54:08 +0000] "POST /wp-cron.php?doing_wp_cron=1753127648.5575690269470214843750 HTTP/1.1" 200 - "-" "WordPress/6.8.2; https://alalamy.com.au"
20.171.207.22 - - [21/Jul/2025:19:54:08 +0000] "GET /shopbrand/169311053.htm HTTP/1.1" 404 20401 "-" "Mozilla/5.0 AppleWebKit/537.36 (KHTML, like Gecko; compatible; GPTBot/1.2; +https://openai.com/gptbot)"
209.74.77.214 - - [21/Jul/2025:19:54:08 +0000] "POST /wp-admin/admin-ajax.php?action=async_litespeed&nonce=uDSa2Wv6u6pG5urdXxR3V4UF97ceAKBs&litespeed_type=imgoptm HTTP/1.1" 200 21 "-" "WordPress/6.8.2; https://alalamy.com.au"
209.74.77.214 - - [21/Jul/2025:19:54:37 +0000] "POST /wp-cron.php?doing_wp_cron=1753127677.1143980026245117187500 HTTP/1.1" 200 - "-" "WordPress/6.8.2; https://alalamy.com.au"
51.222.253.20 - - [21/Jul/2025:19:54:36 +0000] "GET /items/motorcycles/accessories/2848737/ HTTP/1.1" 404 20401 "-" "Mozilla/5.0 (compatible; AhrefsBot/7.0; +http://ahrefs.com/robot/)"
209.74.77.214 - - [21/Jul/2025:19:55:13 +0000] "POST /wp-cron.php?doing_wp_cron=1753127713.0987188816070556640625 HTTP/1.1" 200 - "-" "WordPress/6.8.2; https://alalamy.com.au"
20.171.207.22 - - [21/Jul/2025:19:55:12 +0000] "GET /shopbrand/169322429.htm HTTP/1.1" 404 20401 "-" "Mozilla/5.0 AppleWebKit/537.36 (KHTML, like Gecko; compatible; GPTBot/1.2; +https://openai.com/gptbot)"
209.74.77.214 - - [21/Jul/2025:19:55:13 +0000] "POST /wp-admin/admin-ajax.php?action=async_litespeed&nonce=JAgdREG9yOKw8mFz0meQ6H3ML4UonWkm&litespeed_type=imgoptm HTTP/1.1" 200 21 "-" "WordPress/6.8.2; https://alalamy.com.au"
51.222.253.5 - - [21/Jul/2025:19:55:18 +0000] "GET /items/motorcycles/cars/2389564/ HTTP/1.1" 404 20401 "-" "Mozilla/5.0 (compatible; AhrefsBot/7.0; +http://ahrefs.com/robot/)"
216.73.216.97 - - [21/Jul/2025:19:55:54 +0000] "GET /shopbrand/160879553.htm HTTP/1.1" 404 20401 "-" "Mozilla/5.0 AppleWebKit/537.36 (KHTML, like Gecko; compatible; ClaudeBot/1.0; [email protected])"
216.73.216.97 - - [21/Jul/2025:19:55:56 +0000] "GET /shopbrand/160902931.htm HTTP/1.1" 404 20401 "-" "Mozilla/5.0 AppleWebKit/537.36 (KHTML, like Gecko; compatible; ClaudeBot/1.0; [email protected])"
51.222.253.14 - - [21/Jul/2025:19:55:57 +0000] "GET /items/motorcycles/cars/2662616/ HTTP/1.1" 404 20401 "-" "Mozilla/5.0 (compatible; AhrefsBot/7.0; +http://ahrefs.com/robot/)"
66.249.65.165 - - [21/Jul/2025:19:56:08 +0000] "GET /items/cars/motorcycles/4143156/ HTTP/1.1" 200 18951 "-" "Mozilla/5.0 (Linux; Android 6.0.1; Nexus 5X Build/MMB29P) AppleWebKit/537.36 (KHTML, like Gecko) Chrome/137.0.7151.103 Mobile Safari/537.36 (compatible; GoogleOther)"
209.74.77.214 - - [21/Jul/2025:19:56:16 +0000] "POST /wp-cron.php?doing_wp_cron=1753127776.6475000381469726562500 HTTP/1.1" 200 - "-" "WordPress/6.8.2; https://alalamy.com.au"
20.171.207.22 - - [21/Jul/2025:19:56:16 +0000] "GET /shopbrand/169330338.htm HTTP/1.1" 404 20401 "-" "Mozilla/5.0 AppleWebKit/537.36 (KHTML, like Gecko; compatible; GPTBot/1.2; +https://openai.com/gptbot)"
209.74.77.214 - - [21/Jul/2025:19:56:16 +0000] "POST /wp-admin/admin-ajax.php?action=async_litespeed&nonce=JviDpNzbiCbhanWix8gLwEaWPw5I8R9F&litespeed_type=imgoptm HTTP/1.1" 200 21 "-" "WordPress/6.8.2; https://alalamy.com.au"
209.85.238.68 - - [21/Jul/2025:19:56:22 +0000] "GET /?k=6755841001900&mod=b75fccec&uri=shop.php%3Fid%3D225628-233%26name%3Dchandal+fila+amarillo HTTP/1.1" 301 - "-" "Mozilla/5.0 (X11; Linux x86_64) AppleWebKit/537.36 (KHTML, like Gecko) Chrome/137.0.7151.119 Safari/537.36"
209.85.238.68 - - [21/Jul/2025:19:56:22 +0000] "GET /?k=6755841001900&mod=b75fccec&uri=shop.php%3Fid%3D225628-233%26name%3Dchandal%20fila%20amarillo HTTP/1.1" 200 26625 "-" "Mozilla/5.0 (X11; Linux x86_64) AppleWebKit/537.36 (KHTML, like Gecko) Chrome/137.0.7151.119 Safari/537.36"
209.85.238.69 - - [21/Jul/2025:19:56:23 +0000] "GET /wp-content/plugins/kaffen-plugin/elementor/assets/css/style.css?ver=1 HTTP/1.1" 200 155 "https://alalamy.com.au/?k=6755841001900&mod=b75fccec&uri=shop.php%3Fid%3D225628-233%26name%3Dchandal%20fila%20amarillo" "Mozilla/5.0 (X11; Linux x86_64) AppleWebKit/537.36 (KHTML, like Gecko) Chrome/137.0.7151.119 Safari/537.36"
209.85.238.68 - - [21/Jul/2025:19:56:23 +0000] "GET /wp-content/plugins/contact-form-7/includes/css/styles.css?ver=6.0.6 HTTP/1.1" 200 1015 "https://alalamy.com.au/?k=6755841001900&mod=b75fccec&uri=shop.php%3Fid%3D225628-233%26name%3Dchandal%20fila%20amarillo" "Mozilla/5.0 (X11; Linux x86_64) AppleWebKit/537.36 (KHTML, like Gecko) Chrome/137.0.7151.119 Safari/537.36"
209.85.238.68 - - [21/Jul/2025:19:56:23 +0000] "GET /wp-content/plugins/woocommerce/assets/css/woocommerce.css?ver=9.8.5 HTTP/1.1" 200 10820 "https://alalamy.com.au/?k=6755841001900&mod=b75fccec&uri=shop.php%3Fid%3D225628-233%26name%3Dchandal%20fila%20amarillo" "Mozilla/5.0 (X11; Linux x86_64) AppleWebKit/537.36 (KHTML, like Gecko) Chrome/137.0.7151.119 Safari/537.36"
209.85.238.68 - - [21/Jul/2025:19:56:23 +0000] "GET /wp-content/themes/kaffen/style.css?ver=6.8.2 HTTP/1.1" 200 22648 "https://alalamy.com.au/?k=6755841001900&mod=b75fccec&uri=shop.php%3Fid%3D225628-233%26name%3Dchandal%20fila%20amarillo" "Mozilla/5.0 (X11; Linux x86_64) AppleWebKit/537.36 (KHTML, like Gecko) Chrome/137.0.7151.119 Safari/537.36"
209.85.238.69 - - [21/Jul/2025:19:56:23 +0000] "GET /wp-content/plugins/elementor/assets/css/frontend.min.css?ver=3.29.1 HTTP/1.1" 200 7106 "https://alalamy.com.au/?k=6755841001900&mod=b75fccec&uri=shop.php%3Fid%3D225628-233%26name%3Dchandal%20fila%20amarillo" "Mozilla/5.0 (X11; Linux x86_64) AppleWebKit/537.36 (KHTML, like Gecko) Chrome/137.0.7151.119 Safari/537.36"
209.85.238.68 - - [21/Jul/2025:19:56:24 +0000] "GET /wp-content/themes/kaffen/assets/styles/vendors/animate.css?ver=6.8.2 HTTP/1.1" 200 2922 "https://alalamy.com.au/?k=6755841001900&mod=b75fccec&uri=shop.php%3Fid%3D225628-233%26name%3Dchandal%20fila%20amarillo" "Mozilla/5.0 (X11; Linux x86_64) AppleWebKit/537.36 (KHTML, like Gecko) Chrome/137.0.7151.119 Safari/537.36"
209.85.238.69 - - [21/Jul/2025:19:56:24 +0000] "GET /wp-content/themes/kaffen/assets/fonts/font-awesome/css/line-awesome.css?ver=6.8.2 HTTP/1.1" 200 16892 "https://alalamy.com.au/?k=6755841001900&mod=b75fccec&uri=shop.php%3Fid%3D225628-233%26name%3Dchandal%20fila%20amarillo" "Mozilla/5.0 (X11; Linux x86_64) AppleWebKit/537.36 (KHTML, like Gecko) Chrome/137.0.7151.119 Safari/537.36"
209.85.238.68 - - [21/Jul/2025:19:56:24 +0000] "GET /wp-content/themes/kaffen/assets/fonts/font-awesome/css/font-awesome.css?ver=6.8.2 HTTP/1.1" 200 13377 "https://alalamy.com.au/?k=6755841001900&mod=b75fccec&uri=shop.php%3Fid%3D225628-233%26name%3Dchandal%20fila%20amarillo" "Mozilla/5.0 (X11; Linux x86_64) AppleWebKit/537.36 (KHTML, like Gecko) Chrome/137.0.7151.119 Safari/537.36"
209.85.238.68 - - [21/Jul/2025:19:56:24 +0000] "GET /wp-content/plugins/woocommerce/assets/css/brands.css?ver=9.8.5 HTTP/1.1" 200 684 "https://alalamy.com.au/?k=6755841001900&mod=b75fccec&uri=shop.php%3Fid%3D225628-233%26name%3Dchandal%20fila%20amarillo" "Mozilla/5.0 (X11; Linux x86_64) AppleWebKit/537.36 (KHTML, like Gecko) Chrome/137.0.7151.119 Safari/537.36"
209.85.238.69 - - [21/Jul/2025:19:56:24 +0000] "GET /wp-content/plugins/elementor/assets/lib/font-awesome/css/font-awesome.min.css?ver=4.7.0 HTTP/1.1" 200 7052 "https://alalamy.com.au/?k=6755841001900&mod=b75fccec&uri=shop.php%3Fid%3D225628-233%26name%3Dchandal%20fila%20amarillo" "Mozilla/5.0 (X11; Linux x86_64) AppleWebKit/537.36 (KHTML, like Gecko) Chrome/137.0.7151.119 Safari/537.36"
209.85.238.69 - - [21/Jul/2025:19:56:25 +0000] "GET /wp-content/uploads/elementor/google-fonts/css/robotoslab.css?ver=1748702421 HTTP/1.1" 200 957 "https://alalamy.com.au/?k=6755841001900&mod=b75fccec&uri=shop.php%3Fid%3D225628-233%26name%3Dchandal%20fila%20amarillo" "Mozilla/5.0 (X11; Linux x86_64) AppleWebKit/537.36 (KHTML, like Gecko) Chrome/137.0.7151.119 Safari/537.36"
209.85.238.68 - - [21/Jul/2025:19:56:25 +0000] "GET /wp-content/plugins/elementor/assets/lib/font-awesome/css/all.min.css?ver=3.29.1 HTTP/1.1" 200 12869 "https://alalamy.com.au/?k=6755841001900&mod=b75fccec&uri=shop.php%3Fid%3D225628-233%26name%3Dchandal%20fila%20amarillo" "Mozilla/5.0 (X11; Linux x86_64) AppleWebKit/537.36 (KHTML, like Gecko) Chrome/137.0.7151.119 Safari/537.36"
209.85.238.68 - - [21/Jul/2025:19:56:25 +0000] "GET /wp-includes/js/jquery/jquery.min.js?ver=3.7.1 HTTP/1.1" 200 30368 "https://alalamy.com.au/?k=6755841001900&mod=b75fccec&uri=shop.php%3Fid%3D225628-233%26name%3Dchandal%20fila%20amarillo" "Mozilla/5.0 (X11; Linux x86_64) AppleWebKit/537.36 (KHTML, like Gecko) Chrome/137.0.7151.119 Safari/537.36"
209.85.238.68 - - [21/Jul/2025:19:56:25 +0000] "GET /wp-content/uploads/elementor/css/post-1481.css?ver=1748846880 HTTP/1.1" 200 634 "https://alalamy.com.au/?k=6755841001900&mod=b75fccec&uri=shop.php%3Fid%3D225628-233%26name%3Dchandal%20fila%20amarillo" "Mozilla/5.0 (X11; Linux x86_64) AppleWebKit/537.36 (KHTML, like Gecko) Chrome/137.0.7151.119 Safari/537.36"
209.85.238.69 - - [21/Jul/2025:19:56:26 +0000] "GET /wp-content/plugins/elementor/assets/lib/font-awesome/js/v4-shims.min.js?ver=3.29.1 HTTP/1.1" 200 4209 "https://alalamy.com.au/?k=6755841001900&mod=b75fccec&uri=shop.php%3Fid%3D225628-233%26name%3Dchandal%20fila%20amarillo" "Mozilla/5.0 (X11; Linux x86_64) AppleWebKit/537.36 (KHTML, like Gecko) Chrome/137.0.7151.119 Safari/537.36"
209.85.238.68 - - [21/Jul/2025:19:56:26 +0000] "GET /wp-content/uploads/2024/09/Halal_logo2.svg HTTP/1.1" 200 1413 "https://alalamy.com.au/?k=6755841001900&mod=b75fccec&uri=shop.php%3Fid%3D225628-233%26name%3Dchandal%20fila%20amarillo" "Mozilla/5.0 (X11; Linux x86_64) AppleWebKit/537.36 (KHTML, like Gecko) Chrome/137.0.7151.119 Safari/537.36"
209.85.238.68 - - [21/Jul/2025:19:56:26 +0000] "GET /wp-content/plugins/happy-elementor-addons/assets/vendor/magnific-popup/magnific-popup.css?ver=3.17.0 HTTP/1.1" 200 1787 "https://alalamy.com.au/?k=6755841001900&mod=b75fccec&uri=shop.php%3Fid%3D225628-233%26name%3Dchandal%20fila%20amarillo" "Mozilla/5.0 (X11; Linux x86_64) AppleWebKit/537.36 (KHTML, like Gecko) Chrome/137.0.7151.119 Safari/537.36"
209.85.238.68 - - [21/Jul/2025:19:56:26 +0000] "GET /wp-content/uploads/elementor/google-fonts/css/roboto.css?ver=1748702533 HTTP/1.1" 200 2863 "https://alalamy.com.au/?k=6755841001900&mod=b75fccec&uri=shop.php%3Fid%3D225628-233%26name%3Dchandal%20fila%20amarillo" "Mozilla/5.0 (X11; Linux x86_64) AppleWebKit/537.36 (KHTML, like Gecko) Chrome/137.0.7151.119 Safari/537.36"
209.85.238.68 - - [21/Jul/2025:19:56:27 +0000] "GET /wp-content/plugins/woocommerce/assets/css/woocommerce-layout.css?ver=9.8.5 HTTP/1.1" 200 3414 "https://alalamy.com.au/?k=6755841001900&mod=b75fccec&uri=shop.php%3Fid%3D225628-233%26name%3Dchandal%20fila%20amarillo" "Mozilla/5.0 (X11; Linux x86_64) AppleWebKit/537.36 (KHTML, like Gecko) Chrome/137.0.7151.119 Safari/537.36"
209.85.238.68 - - [21/Jul/2025:19:56:27 +0000] "GET /wp-content/plugins/leadconnector/public/js/lc-public.js?ver=3.0.8 HTTP/1.1" 200 1322 "https://alalamy.com.au/?k=6755841001900&mod=b75fccec&uri=shop.php%3Fid%3D225628-233%26name%3Dchandal%20fila%20amarillo" "Mozilla/5.0 (X11; Linux x86_64) AppleWebKit/537.36 (KHTML, like Gecko) Chrome/137.0.7151.119 Safari/537.36"
209.85.238.68 - - [21/Jul/2025:19:56:27 +0000] "GET /wp-content/themes/kaffen/assets/styles/vendors/swiper.css?ver=6.8.2 HTTP/1.1" 200 4583 "https://alalamy.com.au/?k=6755841001900&mod=b75fccec&uri=shop.php%3Fid%3D225628-233%26name%3Dchandal%20fila%20amarillo" "Mozilla/5.0 (X11; Linux x86_64) AppleWebKit/537.36 (KHTML, like Gecko) Chrome/137.0.7151.119 Safari/537.36"
209.85.238.68 - - [21/Jul/2025:19:56:28 +0000] "GET /wp-content/plugins/elementor/assets/lib/font-awesome/css/v4-shims.min.css?ver=3.29.1 HTTP/1.1" 200 4229 "https://alalamy.com.au/?k=6755841001900&mod=b75fccec&uri=shop.php%3Fid%3D225628-233%26name%3Dchandal%20fila%20amarillo" "Mozilla/5.0 (X11; Linux x86_64) AppleWebKit/537.36 (KHTML, like Gecko) Chrome/137.0.7151.119 Safari/537.36"
209.85.238.68 - - [21/Jul/2025:19:56:28 +0000] "GET /wp-content/themes/kaffen/assets/styles/vendors/bootstrap.css?ver=6.8.2 HTTP/1.1" 200 22933 "https://alalamy.com.au/?k=6755841001900&mod=b75fccec&uri=shop.php%3Fid%3D225628-233%26name%3Dchandal%20fila%20amarillo" "Mozilla/5.0 (X11; Linux x86_64) AppleWebKit/537.36 (KHTML, like Gecko) Chrome/137.0.7151.119 Safari/537.36"
209.85.238.68 - - [21/Jul/2025:19:56:28 +0000] "GET /wp-content/uploads/2022/04/Alamy-Logo.png HTTP/1.1" 200 23792 "https://alalamy.com.au/?k=6755841001900&mod=b75fccec&uri=shop.php%3Fid%3D225628-233%26name%3Dchandal%20fila%20amarillo" "Mozilla/5.0 (X11; Linux x86_64) AppleWebKit/537.36 (KHTML, like Gecko) Chrome/137.0.7151.119 Safari/537.36"
209.85.238.68 - - [21/Jul/2025:19:56:29 +0000] "GET /wp-includes/js/jquery/jquery-migrate.min.js?ver=3.4.1 HTTP/1.1" 200 4872 "https://alalamy.com.au/?k=6755841001900&mod=b75fccec&uri=shop.php%3Fid%3D225628-233%26name%3Dchandal%20fila%20amarillo" "Mozilla/5.0 (X11; Linux x86_64) AppleWebKit/537.36 (KHTML, like Gecko) Chrome/137.0.7151.119 Safari/537.36"
209.85.238.68 - - [21/Jul/2025:19:56:29 +0000] "GET /wp-content/themes/kaffen/assets/styles/vendors/splitting.css?ver=6.8.2 HTTP/1.1" 200 998 "https://alalamy.com.au/?k=6755841001900&mod=b75fccec&uri=shop.php%3Fid%3D225628-233%26name%3Dchandal%20fila%20amarillo" "Mozilla/5.0 (X11; Linux x86_64) AppleWebKit/537.36 (KHTML, like Gecko) Chrome/137.0.7151.119 Safari/537.36"
209.85.238.68 - - [21/Jul/2025:19:56:29 +0000] "GET /wp-content/plugins/happy-elementor-addons/assets/fonts/style.min.css?ver=3.17.0 HTTP/1.1" 200 5706 "https://alalamy.com.au/?k=6755841001900&mod=b75fccec&uri=shop.php%3Fid%3D225628-233%26name%3Dchandal%20fila%20amarillo" "Mozilla/5.0 (X11; Linux x86_64) AppleWebKit/537.36 (KHTML, like Gecko) Chrome/137.0.7151.119 Safari/537.36"
209.85.238.68 - - [21/Jul/2025:19:56:29 +0000] "GET /wp-content/plugins/leadconnector/public/css/lc-public.css?ver=3.0.8 HTTP/1.1" 200 106 "https://alalamy.com.au/?k=6755841001900&mod=b75fccec&uri=shop.php%3Fid%3D225628-233%26name%3Dchandal%20fila%20amarillo" "Mozilla/5.0 (X11; Linux x86_64) AppleWebKit/537.36 (KHTML, like Gecko) Chrome/137.0.7151.119 Safari/537.36"
209.85.238.68 - - [21/Jul/2025:19:56:29 +0000] "GET /wp-content/plugins/happy-elementor-addons/assets/vendor/dom-purify/purify.min.js?ver=3.1.6 HTTP/1.1" 200 8355 "https://alalamy.com.au/?k=6755841001900&mod=b75fccec&uri=shop.php%3Fid%3D225628-233%26name%3Dchandal%20fila%20amarillo" "Mozilla/5.0 (X11; Linux x86_64) AppleWebKit/537.36 (KHTML, like Gecko) Chrome/137.0.7151.119 Safari/537.36"
209.85.238.68 - - [21/Jul/2025:19:56:30 +0000] "GET /wp-content/uploads/elementor/css/post-41.css?ver=1748846879 HTTP/1.1" 200 405 "https://alalamy.com.au/?k=6755841001900&mod=b75fccec&uri=shop.php%3Fid%3D225628-233%26name%3Dchandal%20fila%20amarillo" "Mozilla/5.0 (X11; Linux x86_64) AppleWebKit/537.36 (KHTML, like Gecko) Chrome/137.0.7151.119 Safari/537.36"
209.85.238.68 - - [21/Jul/2025:19:56:30 +0000] "GET /wp-content/uploads/2024/09/cafeee.png HTTP/1.1" 200 316309 "https://alalamy.com.au/?k=6755841001900&mod=b75fccec&uri=shop.php%3Fid%3D225628-233%26name%3Dchandal%20fila%20amarillo" "Mozilla/5.0 (X11; Linux x86_64) AppleWebKit/537.36 (KHTML, like Gecko) Chrome/137.0.7151.119 Safari/537.36"
51.222.253.14 - - [21/Jul/2025:19:56:30 +0000] "GET /items/motorcycles/cars/3119142/ HTTP/1.1" 404 20401 "-" "Mozilla/5.0 (compatible; AhrefsBot/7.0; +http://ahrefs.com/robot/)"
209.85.238.68 - - [21/Jul/2025:19:56:30 +0000] "GET /wp-content/uploads/2022/03/service1.jpg HTTP/1.1" 200 168909 "https://alalamy.com.au/?k=6755841001900&mod=b75fccec&uri=shop.php%3Fid%3D225628-233%26name%3Dchandal%20fila%20amarillo" "Mozilla/5.0 (X11; Linux x86_64) AppleWebKit/537.36 (KHTML, like Gecko) Chrome/137.0.7151.119 Safari/537.36"
209.85.238.68 - - [21/Jul/2025:19:56:30 +0000] "GET /wp-content/uploads/2022/03/service2.jpg HTTP/1.1" 200 175245 "https://alalamy.com.au/?k=6755841001900&mod=b75fccec&uri=shop.php%3Fid%3D225628-233%26name%3Dchandal%20fila%20amarillo" "Mozilla/5.0 (X11; Linux x86_64) AppleWebKit/537.36 (KHTML, like Gecko) Chrome/137.0.7151.119 Safari/537.36"
209.85.238.68 - - [21/Jul/2025:19:56:31 +0000] "GET /wp-content/plugins/woocommerce/assets/client/blocks/wc-blocks.css?ver=wc-9.8.5 HTTP/1.1" 200 2500 "https://alalamy.com.au/?k=6755841001900&mod=b75fccec&uri=shop.php%3Fid%3D225628-233%26name%3Dchandal%20fila%20amarillo" "Mozilla/5.0 (X11; Linux x86_64) AppleWebKit/537.36 (KHTML, like Gecko) Chrome/137.0.7151.119 Safari/537.36"
209.85.238.68 - - [21/Jul/2025:19:56:31 +0000] "GET /wp-content/uploads/elementor/css/post-912.css?ver=1748846880 HTTP/1.1" 200 497 "https://alalamy.com.au/?k=6755841001900&mod=b75fccec&uri=shop.php%3Fid%3D225628-233%26name%3Dchandal%20fila%20amarillo" "Mozilla/5.0 (X11; Linux x86_64) AppleWebKit/537.36 (KHTML, like Gecko) Chrome/137.0.7151.119 Safari/537.36"
209.85.238.68 - - [21/Jul/2025:19:56:31 +0000] "GET /wp-content/plugins/elementor/assets/css/widget-image.min.css?ver=3.29.1 HTTP/1.1" 200 164 "https://alalamy.com.au/?k=6755841001900&mod=b75fccec&uri=shop.php%3Fid%3D225628-233%26name%3Dchandal%20fila%20amarillo" "Mozilla/5.0 (X11; Linux x86_64) AppleWebKit/537.36 (KHTML, like Gecko) Chrome/137.0.7151.119 Safari/537.36"
209.85.238.68 - - [21/Jul/2025:19:56:31 +0000] "GET /wp-includes/js/dist/i18n.min.js?ver=5e580eb46a90c2b997e6 HTTP/1.1" 200 3667 "https://alalamy.com.au/?k=6755841001900&mod=b75fccec&uri=shop.php%3Fid%3D225628-233%26name%3Dchandal%20fila%20amarillo" "Mozilla/5.0 (X11; Linux x86_64) AppleWebKit/537.36 (KHTML, like Gecko) Chrome/137.0.7151.119 Safari/537.36"
209.85.238.68 - - [21/Jul/2025:19:56:32 +0000] "GET /wp-content/themes/kaffen/assets/js/skip-link-focus-fix.js?ver=20151215 HTTP/1.1" 200 438 "https://alalamy.com.au/?k=6755841001900&mod=b75fccec&uri=shop.php%3Fid%3D225628-233%26name%3Dchandal%20fila%20amarillo" "Mozilla/5.0 (X11; Linux x86_64) AppleWebKit/537.36 (KHTML, like Gecko) Chrome/137.0.7151.119 Safari/537.36"
209.85.238.68 - - [21/Jul/2025:19:56:32 +0000] "GET /wp-content/uploads/elementor/css/post-1001.css?ver=1748846880 HTTP/1.1" 200 632 "https://alalamy.com.au/?k=6755841001900&mod=b75fccec&uri=shop.php%3Fid%3D225628-233%26name%3Dchandal%20fila%20amarillo" "Mozilla/5.0 (X11; Linux x86_64) AppleWebKit/537.36 (KHTML, like Gecko) Chrome/137.0.7151.119 Safari/537.36"
209.85.238.68 - - [21/Jul/2025:19:56:32 +0000] "GET /wp-content/plugins/contact-form-7/includes/js/index.js?ver=6.0.6 HTTP/1.1" 200 4265 "https://alalamy.com.au/?k=6755841001900&mod=b75fccec&uri=shop.php%3Fid%3D225628-233%26name%3Dchandal%20fila%20amarillo" "Mozilla/5.0 (X11; Linux x86_64) AppleWebKit/537.36 (KHTML, like Gecko) Chrome/137.0.7151.119 Safari/537.36"
209.85.238.68 - - [21/Jul/2025:19:56:32 +0000] "GET /wp-content/plugins/contact-form-7/includes/swv/js/index.js?ver=6.0.6 HTTP/1.1" 200 3503 "https://alalamy.com.au/?k=6755841001900&mod=b75fccec&uri=shop.php%3Fid%3D225628-233%26name%3Dchandal%20fila%20amarillo" "Mozilla/5.0 (X11; Linux x86_64) AppleWebKit/537.36 (KHTML, like Gecko) Chrome/137.0.7151.119 Safari/537.36"
209.85.238.68 - - [21/Jul/2025:19:56:32 +0000] "GET /wp-content/themes/kaffen/assets/js/splitting.js?ver=1.0.0 HTTP/1.1" 200 1735 "https://alalamy.com.au/?k=6755841001900&mod=b75fccec&uri=shop.php%3Fid%3D225628-233%26name%3Dchandal%20fila%20amarillo" "Mozilla/5.0 (X11; Linux x86_64) AppleWebKit/537.36 (KHTML, like Gecko) Chrome/137.0.7151.119 Safari/537.36"
209.85.238.68 - - [21/Jul/2025:19:56:33 +0000] "GET /wp-content/themes/kaffen/assets/js/bootstrap.js?ver=1.0.0 HTTP/1.1" 200 22411 "https://alalamy.com.au/?k=6755841001900&mod=b75fccec&uri=shop.php%3Fid%3D225628-233%26name%3Dchandal%20fila%20amarillo" "Mozilla/5.0 (X11; Linux x86_64) AppleWebKit/537.36 (KHTML, like Gecko) Chrome/137.0.7151.119 Safari/537.36"
209.85.238.68 - - [21/Jul/2025:19:56:33 +0000] "GET /wp-content/plugins/kaffen-plugin/elementor/assets/js/front-end-widgets.js?ver=6.8.2 HTTP/1.1" 200 293 "https://alalamy.com.au/?k=6755841001900&mod=b75fccec&uri=shop.php%3Fid%3D225628-233%26name%3Dchandal%20fila%20amarillo" "Mozilla/5.0 (X11; Linux x86_64) AppleWebKit/537.36 (KHTML, like Gecko) Chrome/137.0.7151.119 Safari/537.36"
209.85.238.68 - - [21/Jul/2025:19:56:33 +0000] "GET /wp-content/themes/kaffen/assets/js/parallax.js?ver=1.0.0 HTTP/1.1" 200 4003 "https://alalamy.com.au/?k=6755841001900&mod=b75fccec&uri=shop.php%3Fid%3D225628-233%26name%3Dchandal%20fila%20amarillo" "Mozilla/5.0 (X11; Linux x86_64) AppleWebKit/537.36 (KHTML, like Gecko) Chrome/137.0.7151.119 Safari/537.36"
209.85.238.68 - - [21/Jul/2025:19:56:33 +0000] "GET /wp-content/themes/kaffen/assets/js/skrollr.js?ver=1.0.0 HTTP/1.1" 200 13874 "https://alalamy.com.au/?k=6755841001900&mod=b75fccec&uri=shop.php%3Fid%3D225628-233%26name%3Dchandal%20fila%20amarillo" "Mozilla/5.0 (X11; Linux x86_64) AppleWebKit/537.36 (KHTML, like Gecko) Chrome/137.0.7151.119 Safari/537.36"
209.85.238.68 - - [21/Jul/2025:19:56:34 +0000] "GET /wp-content/themes/kaffen/assets/js/jquery.paroller.min.js?ver=1.0.0 HTTP/1.1" 200 1198 "https://alalamy.com.au/?k=6755841001900&mod=b75fccec&uri=shop.php%3Fid%3D225628-233%26name%3Dchandal%20fila%20amarillo" "Mozilla/5.0 (X11; Linux x86_64) AppleWebKit/537.36 (KHTML, like Gecko) Chrome/137.0.7151.119 Safari/537.36"
209.85.238.68 - - [21/Jul/2025:19:56:34 +0000] "GET /wp-content/plugins/elementor/assets/lib/swiper/v8/swiper.min.js?ver=8.4.5 HTTP/1.1" 200 39695 "https://alalamy.com.au/?k=6755841001900&mod=b75fccec&uri=shop.php%3Fid%3D225628-233%26name%3Dchandal%20fila%20amarillo" "Mozilla/5.0 (X11; Linux x86_64) AppleWebKit/537.36 (KHTML, like Gecko) Chrome/137.0.7151.119 Safari/537.36"
209.85.238.68 - - [21/Jul/2025:19:56:34 +0000] "GET /wp-content/themes/kaffen/assets/js/imagesloaded.pkgd.js?ver=1.0.0 HTTP/1.1" 200 1810 "https://alalamy.com.au/?k=6755841001900&mod=b75fccec&uri=shop.php%3Fid%3D225628-233%26name%3Dchandal%20fila%20amarillo" "Mozilla/5.0 (X11; Linux x86_64) AppleWebKit/537.36 (KHTML, like Gecko) Chrome/137.0.7151.119 Safari/537.36"
209.85.238.69 - - [21/Jul/2025:19:56:34 +0000] "GET /wp-content/themes/kaffen/assets/js/magnific-popup.js?ver=1.0.0 HTTP/1.1" 200 7346 "https://alalamy.com.au/?k=6755841001900&mod=b75fccec&uri=shop.php%3Fid%3D225628-233%26name%3Dchandal%20fila%20amarillo" "Mozilla/5.0 (X11; Linux x86_64) AppleWebKit/537.36 (KHTML, like Gecko) Chrome/137.0.7151.119 Safari/537.36"
209.85.238.68 - - [21/Jul/2025:19:56:34 +0000] "GET /wp-content/themes/kaffen/assets/js/jquery.scrolla.js?ver=1.0.0 HTTP/1.1" 200 733 "https://alalamy.com.au/?k=6755841001900&mod=b75fccec&uri=shop.php%3Fid%3D225628-233%26name%3Dchandal%20fila%20amarillo" "Mozilla/5.0 (X11; Linux x86_64) AppleWebKit/537.36 (KHTML, like Gecko) Chrome/137.0.7151.119 Safari/537.36"
209.85.238.68 - - [21/Jul/2025:19:56:35 +0000] "GET /wp-content/themes/kaffen/assets/js/jquery.easy_number_animate.js?ver=1.0.0 HTTP/1.1" 200 854 "https://alalamy.com.au/?k=6755841001900&mod=b75fccec&uri=shop.php%3Fid%3D225628-233%26name%3Dchandal%20fila%20amarillo" "Mozilla/5.0 (X11; Linux x86_64) AppleWebKit/537.36 (KHTML, like Gecko) Chrome/137.0.7151.119 Safari/537.36"
209.85.238.68 - - [21/Jul/2025:19:56:35 +0000] "GET /wp-content/themes/kaffen/assets/js/isotope.pkgd.js?ver=1.0.0 HTTP/1.1" 200 21617 "https://alalamy.com.au/?k=6755841001900&mod=b75fccec&uri=shop.php%3Fid%3D225628-233%26name%3Dchandal%20fila%20amarillo" "Mozilla/5.0 (X11; Linux x86_64) AppleWebKit/537.36 (KHTML, like Gecko) Chrome/137.0.7151.119 Safari/537.36"
209.85.238.68 - - [21/Jul/2025:19:56:35 +0000] "GET /wp-content/themes/kaffen/assets/js/common.js?ver=1.0.0 HTTP/1.1" 200 3661 "https://alalamy.com.au/?k=6755841001900&mod=b75fccec&uri=shop.php%3Fid%3D225628-233%26name%3Dchandal%20fila%20amarillo" "Mozilla/5.0 (X11; Linux x86_64) AppleWebKit/537.36 (KHTML, like Gecko) Chrome/137.0.7151.119 Safari/537.36"
209.85.238.68 - - [21/Jul/2025:19:56:35 +0000] "GET /wp-content/plugins/happy-elementor-addons/assets/js/extension-reading-progress-bar.min.js?ver=3.17.0 HTTP/1.1" 200 582 "https://alalamy.com.au/?k=6755841001900&mod=b75fccec&uri=shop.php%3Fid%3D225628-233%26name%3Dchandal%20fila%20amarillo" "Mozilla/5.0 (X11; Linux x86_64) AppleWebKit/537.36 (KHTML, like Gecko) Chrome/137.0.7151.119 Safari/537.36"
209.85.238.69 - - [21/Jul/2025:19:56:36 +0000] "GET /wp-content/themes/kaffen/assets/js/rrssb.js?ver=1.0.0 HTTP/1.1" 200 1642 "https://alalamy.com.au/?k=6755841001900&mod=b75fccec&uri=shop.php%3Fid%3D225628-233%26name%3Dchandal%20fila%20amarillo" "Mozilla/5.0 (X11; Linux x86_64) AppleWebKit/537.36 (KHTML, like Gecko) Chrome/137.0.7151.119 Safari/537.36"
209.85.238.68 - - [21/Jul/2025:19:56:36 +0000] "GET /wp-content/plugins/elementor/assets/js/frontend-modules.min.js?ver=3.29.1 HTTP/1.1" 200 14815 "https://alalamy.com.au/?k=6755841001900&mod=b75fccec&uri=shop.php%3Fid%3D225628-233%26name%3Dchandal%20fila%20amarillo" "Mozilla/5.0 (X11; Linux x86_64) AppleWebKit/537.36 (KHTML, like Gecko) Chrome/137.0.7151.119 Safari/537.36"
209.85.238.68 - - [21/Jul/2025:19:56:36 +0000] "GET /wp-includes/js/jquery/ui/core.min.js?ver=1.13.3 HTTP/1.1" 200 7106 "https://alalamy.com.au/?k=6755841001900&mod=b75fccec&uri=shop.php%3Fid%3D225628-233%26name%3Dchandal%20fila%20amarillo" "Mozilla/5.0 (X11; Linux x86_64) AppleWebKit/537.36 (KHTML, like Gecko) Chrome/137.0.7151.119 Safari/537.36"
209.85.238.69 - - [21/Jul/2025:19:56:37 +0000] "GET /wp-content/plugins/happy-elementor-addons/assets/js/extension-equal-height.min.js?ver=3.17.0 HTTP/1.1" 200 805 "https://alalamy.com.au/?k=6755841001900&mod=b75fccec&uri=shop.php%3Fid%3D225628-233%26name%3Dchandal%20fila%20amarillo" "Mozilla/5.0 (X11; Linux x86_64) AppleWebKit/537.36 (KHTML, like Gecko) Chrome/137.0.7151.119 Safari/537.36"
209.85.238.68 - - [21/Jul/2025:19:56:37 +0000] "GET /wp-content/plugins/woocommerce/assets/js/frontend/order-attribution.min.js?ver=9.8.5 HTTP/1.1" 200 1137 "https://alalamy.com.au/?k=6755841001900&mod=b75fccec&uri=shop.php%3Fid%3D225628-233%26name%3Dchandal%20fila%20amarillo" "Mozilla/5.0 (X11; Linux x86_64) AppleWebKit/537.36 (KHTML, like Gecko) Chrome/137.0.7151.119 Safari/537.36"
209.85.238.69 - - [21/Jul/2025:19:56:37 +0000] "GET /wp-content/plugins/happy-elementor-addons/assets/js/happy-addons.min.js?ver=3.17.0 HTTP/1.1" 200 8561 "https://alalamy.com.au/?k=6755841001900&mod=b75fccec&uri=shop.php%3Fid%3D225628-233%26name%3Dchandal%20fila%20amarillo" "Mozilla/5.0 (X11; Linux x86_64) AppleWebKit/537.36 (KHTML, like Gecko) Chrome/137.0.7151.119 Safari/537.36"
209.85.238.69 - - [21/Jul/2025:19:56:37 +0000] "GET /wp-content/plugins/elementor/assets/js/frontend.min.js?ver=3.29.1 HTTP/1.1" 200 10595 "https://alalamy.com.au/?k=6755841001900&mod=b75fccec&uri=shop.php%3Fid%3D225628-233%26name%3Dchandal%20fila%20amarillo" "Mozilla/5.0 (X11; Linux x86_64) AppleWebKit/537.36 (KHTML, like Gecko) Chrome/137.0.7151.119 Safari/537.36"
209.85.238.68 - - [21/Jul/2025:19:56:37 +0000] "GET /wp-content/plugins/elementor-pro/assets/js/webpack-pro.runtime.min.js?ver=3.29.1 HTTP/1.1" 200 2855 "https://alalamy.com.au/?k=6755841001900&mod=b75fccec&uri=shop.php%3Fid%3D225628-233%26name%3Dchandal%20fila%20amarillo" "Mozilla/5.0 (X11; Linux x86_64) AppleWebKit/537.36 (KHTML, like Gecko) Chrome/137.0.7151.119 Safari/537.36"
209.85.238.68 - - [21/Jul/2025:19:56:38 +0000] "GET /wp-content/plugins/elementor-pro/assets/js/frontend.min.js?ver=3.29.1 HTTP/1.1" 200 6511 "https://alalamy.com.au/?k=6755841001900&mod=b75fccec&uri=shop.php%3Fid%3D225628-233%26name%3Dchandal%20fila%20amarillo" "Mozilla/5.0 (X11; Linux x86_64) AppleWebKit/537.36 (KHTML, like Gecko) Chrome/137.0.7151.119 Safari/537.36"
209.85.238.68 - - [21/Jul/2025:19:56:38 +0000] "GET /wp-content/plugins/woocommerce/assets/js/jquery-blockui/jquery.blockUI.min.js?ver=2.7.0-wc.9.8.5 HTTP/1.1" 200 3537 "https://alalamy.com.au/?k=6755841001900&mod=b75fccec&uri=shop.php%3Fid%3D225628-233%26name%3Dchandal%20fila%20amarillo" "Mozilla/5.0 (X11; Linux x86_64) AppleWebKit/537.36 (KHTML, like Gecko) Chrome/137.0.7151.119 Safari/537.36"
209.85.238.69 - - [21/Jul/2025:19:56:38 +0000] "GET /wp-content/plugins/woocommerce/assets/js/js-cookie/js.cookie.min.js?ver=2.1.4-wc.9.8.5 HTTP/1.1" 200 833 "https://alalamy.com.au/?k=6755841001900&mod=b75fccec&uri=shop.php%3Fid%3D225628-233%26name%3Dchandal%20fila%20amarillo" "Mozilla/5.0 (X11; Linux x86_64) AppleWebKit/537.36 (KHTML, like Gecko) Chrome/137.0.7151.119 Safari/537.36"
209.85.238.69 - - [21/Jul/2025:19:56:39 +0000] "GET /wp-content/plugins/elementor/assets/js/webpack.runtime.min.js?ver=3.29.1 HTTP/1.1" 200 2516 "https://alalamy.com.au/?k=6755841001900&mod=b75fccec&uri=shop.php%3Fid%3D225628-233%26name%3Dchandal%20fila%20amarillo" "Mozilla/5.0 (X11; Linux x86_64) AppleWebKit/537.36 (KHTML, like Gecko) Chrome/137.0.7151.119 Safari/537.36"
209.85.238.68 - - [21/Jul/2025:19:56:39 +0000] "GET /wp-content/plugins/elementor-pro/assets/js/elements-handlers.min.js?ver=3.29.1 HTTP/1.1" 200 10701 "https://alalamy.com.au/?k=6755841001900&mod=b75fccec&uri=shop.php%3Fid%3D225628-233%26name%3Dchandal%20fila%20amarillo" "Mozilla/5.0 (X11; Linux x86_64) AppleWebKit/537.36 (KHTML, like Gecko) Chrome/137.0.7151.119 Safari/537.36"
209.85.238.69 - - [21/Jul/2025:19:56:39 +0000] "GET /wp-content/plugins/woocommerce/assets/js/sourcebuster/sourcebuster.min.js?ver=9.8.5 HTTP/1.1" 200 4807 "https://alalamy.com.au/?k=6755841001900&mod=b75fccec&uri=shop.php%3Fid%3D225628-233%26name%3Dchandal%20fila%20amarillo" "Mozilla/5.0 (X11; Linux x86_64) AppleWebKit/537.36 (KHTML, like Gecko) Chrome/137.0.7151.119 Safari/537.36"
209.85.238.69 - - [21/Jul/2025:19:56:39 +0000] "GET /wp-content/uploads/2022/03/service3.jpg HTTP/1.1" 200 206389 "https://alalamy.com.au/?k=6755841001900&mod=b75fccec&uri=shop.php%3Fid%3D225628-233%26name%3Dchandal%20fila%20amarillo" "Mozilla/5.0 (X11; Linux x86_64) AppleWebKit/537.36 (KHTML, like Gecko) Chrome/137.0.7151.119 Safari/537.36"
209.85.238.69 - - [21/Jul/2025:19:56:40 +0000] "GET /wp-content/uploads/2022/03/grid_gal1.jpg HTTP/1.1" 200 88913 "https://alalamy.com.au/?k=6755841001900&mod=b75fccec&uri=shop.php%3Fid%3D225628-233%26name%3Dchandal%20fila%20amarillo" "Mozilla/5.0 (X11; Linux x86_64) AppleWebKit/537.36 (KHTML, like Gecko) Chrome/137.0.7151.119 Safari/537.36"
209.85.238.69 - - [21/Jul/2025:19:56:40 +0000] "GET /wp-content/uploads/2022/03/grid_gal2-900x601.jpg HTTP/1.1" 200 41206 "https://alalamy.com.au/?k=6755841001900&mod=b75fccec&uri=shop.php%3Fid%3D225628-233%26name%3Dchandal%20fila%20amarillo" "Mozilla/5.0 (X11; Linux x86_64) AppleWebKit/537.36 (KHTML, like Gecko) Chrome/137.0.7151.119 Safari/537.36"
209.85.238.68 - - [21/Jul/2025:19:56:40 +0000] "GET /wp-content/uploads/2022/03/menu2.jpg HTTP/1.1" 200 193493 "https://alalamy.com.au/?k=6755841001900&mod=b75fccec&uri=shop.php%3Fid%3D225628-233%26name%3Dchandal%20fila%20amarillo" "Mozilla/5.0 (X11; Linux x86_64) AppleWebKit/537.36 (KHTML, like Gecko) Chrome/137.0.7151.119 Safari/537.36"
209.85.238.69 - - [21/Jul/2025:19:56:40 +0000] "GET /wp-content/uploads/2022/03/rev1.jpg HTTP/1.1" 200 28198 "https://alalamy.com.au/?k=6755841001900&mod=b75fccec&uri=shop.php%3Fid%3D225628-233%26name%3Dchandal%20fila%20amarillo" "Mozilla/5.0 (X11; Linux x86_64) AppleWebKit/537.36 (KHTML, like Gecko) Chrome/137.0.7151.119 Safari/537.36"
209.85.238.68 - - [21/Jul/2025:19:56:41 +0000] "GET /wp-content/uploads/2022/03/menu1.jpg HTTP/1.1" 200 145586 "https://alalamy.com.au/?k=6755841001900&mod=b75fccec&uri=shop.php%3Fid%3D225628-233%26name%3Dchandal%20fila%20amarillo" "Mozilla/5.0 (X11; Linux x86_64) AppleWebKit/537.36 (KHTML, like Gecko) Chrome/137.0.7151.119 Safari/537.36"
209.85.238.69 - - [21/Jul/2025:19:56:41 +0000] "GET /wp-content/uploads/2022/03/grid_gal3.jpg HTTP/1.1" 200 114466 "https://alalamy.com.au/?k=6755841001900&mod=b75fccec&uri=shop.php%3Fid%3D225628-233%26name%3Dchandal%20fila%20amarillo" "Mozilla/5.0 (X11; Linux x86_64) AppleWebKit/537.36 (KHTML, like Gecko) Chrome/137.0.7151.119 Safari/537.36"
