216.73.216.165 - - [21/Jul/2025:20:38:05 +0000] "GET /detail/1503172581.shtm HTTP/1.1" 404 12594 "-" "Mozilla/5.0 AppleWebKit/537.36 (KHTML, like Gecko; compatible; ClaudeBot/1.0; [email protected])"
216.73.216.165 - - [21/Jul/2025:20:38:08 +0000] "GET /detail/1502881153.shtm HTTP/1.1" 404 12592 "-" "Mozilla/5.0 AppleWebKit/537.36 (KHTML, like Gecko; compatible; ClaudeBot/1.0; [email protected])"
216.73.216.165 - - [21/Jul/2025:20:38:11 +0000] "GET /detail/1502911289.shtm HTTP/1.1" 404 12594 "-" "Mozilla/5.0 AppleWebKit/537.36 (KHTML, like Gecko; compatible; ClaudeBot/1.0; [email protected])"
216.73.216.165 - - [21/Jul/2025:20:38:14 +0000] "GET /detail/1503319648.shtm HTTP/1.1" 404 12593 "-" "Mozilla/5.0 AppleWebKit/537.36 (KHTML, like Gecko; compatible; ClaudeBot/1.0; [email protected])"
209.74.77.214 - - [21/Jul/2025:20:38:18 +0000] "POST /wp-cron.php?doing_wp_cron=1753130298.0402209758758544921875 HTTP/1.1" 200 - "-" "WordPress/6.8.2; https://ap.cleaning"
216.73.216.165 - - [21/Jul/2025:20:38:17 +0000] "GET /detail/1502905026.shtm HTTP/1.1" 404 12593 "-" "Mozilla/5.0 AppleWebKit/537.36 (KHTML, like Gecko; compatible; ClaudeBot/1.0; [email protected])"
216.73.216.165 - - [21/Jul/2025:20:38:20 +0000] "GET /detail/1503061351.shtm HTTP/1.1" 404 12593 "-" "Mozilla/5.0 AppleWebKit/537.36 (KHTML, like Gecko; compatible; ClaudeBot/1.0; [email protected])"
216.73.216.165 - - [21/Jul/2025:20:38:23 +0000] "GET /detail/1502825179.shtm HTTP/1.1" 404 12593 "-" "Mozilla/5.0 AppleWebKit/537.36 (KHTML, like Gecko; compatible; ClaudeBot/1.0; [email protected])"
216.73.216.165 - - [21/Jul/2025:20:38:26 +0000] "GET /detail/1502883787.shtm HTTP/1.1" 404 12595 "-" "Mozilla/5.0 AppleWebKit/537.36 (KHTML, like Gecko; compatible; ClaudeBot/1.0; [email protected])"
216.73.216.165 - - [21/Jul/2025:20:38:31 +0000] "GET /detail/1503219365.shtm HTTP/1.1" 404 12593 "-" "Mozilla/5.0 AppleWebKit/537.36 (KHTML, like Gecko; compatible; ClaudeBot/1.0; [email protected])"
216.73.216.165 - - [21/Jul/2025:20:38:34 +0000] "GET /detail/1503335493.shtm HTTP/1.1" 404 12594 "-" "Mozilla/5.0 AppleWebKit/537.36 (KHTML, like Gecko; compatible; ClaudeBot/1.0; [email protected])"
216.73.216.165 - - [21/Jul/2025:20:38:37 +0000] "GET /detail/1503058868.shtm HTTP/1.1" 404 12592 "-" "Mozilla/5.0 AppleWebKit/537.36 (KHTML, like Gecko; compatible; ClaudeBot/1.0; [email protected])"
216.73.216.165 - - [21/Jul/2025:20:38:40 +0000] "GET /detail/1503075580.shtm HTTP/1.1" 404 12594 "-" "Mozilla/5.0 AppleWebKit/537.36 (KHTML, like Gecko; compatible; ClaudeBot/1.0; [email protected])"
216.73.216.165 - - [21/Jul/2025:20:38:43 +0000] "GET /detail/1502830284.shtm HTTP/1.1" 404 12592 "-" "Mozilla/5.0 AppleWebKit/537.36 (KHTML, like Gecko; compatible; ClaudeBot/1.0; [email protected])"
216.73.216.165 - - [21/Jul/2025:20:38:48 +0000] "GET /detail/1503183606.shtm HTTP/1.1" 404 12593 "-" "Mozilla/5.0 AppleWebKit/537.36 (KHTML, like Gecko; compatible; ClaudeBot/1.0; [email protected])"
216.73.216.165 - - [21/Jul/2025:20:38:50 +0000] "GET /detail/1503190544.shtm HTTP/1.1" 404 12592 "-" "Mozilla/5.0 AppleWebKit/537.36 (KHTML, like Gecko; compatible; ClaudeBot/1.0; [email protected])"
216.73.216.165 - - [21/Jul/2025:20:38:52 +0000] "GET /detail/1503397313.shtm HTTP/1.1" 404 12594 "-" "Mozilla/5.0 AppleWebKit/537.36 (KHTML, like Gecko; compatible; ClaudeBot/1.0; [email protected])"
216.73.216.165 - - [21/Jul/2025:20:38:55 +0000] "GET /detail/1503054566.shtm HTTP/1.1" 404 12596 "-" "Mozilla/5.0 AppleWebKit/537.36 (KHTML, like Gecko; compatible; ClaudeBot/1.0; [email protected])"
216.73.216.165 - - [21/Jul/2025:20:38:58 +0000] "GET /detail/1502909914.shtm HTTP/1.1" 404 12594 "-" "Mozilla/5.0 AppleWebKit/537.36 (KHTML, like Gecko; compatible; ClaudeBot/1.0; [email protected])"
216.73.216.165 - - [21/Jul/2025:20:39:01 +0000] "GET /detail/1503355194.shtm HTTP/1.1" 404 12593 "-" "Mozilla/5.0 AppleWebKit/537.36 (KHTML, like Gecko; compatible; ClaudeBot/1.0; [email protected])"
216.73.216.165 - - [21/Jul/2025:20:39:04 +0000] "GET /detail/1503097847.shtm HTTP/1.1" 404 12594 "-" "Mozilla/5.0 AppleWebKit/537.36 (KHTML, like Gecko; compatible; ClaudeBot/1.0; [email protected])"
216.73.216.165 - - [21/Jul/2025:20:39:07 +0000] "GET /detail/1503034066.shtm HTTP/1.1" 404 12594 "-" "Mozilla/5.0 AppleWebKit/537.36 (KHTML, like Gecko; compatible; ClaudeBot/1.0; [email protected])"
216.73.216.165 - - [21/Jul/2025:20:39:10 +0000] "GET /detail/1503126024.shtm HTTP/1.1" 404 12594 "-" "Mozilla/5.0 AppleWebKit/537.36 (KHTML, like Gecko; compatible; ClaudeBot/1.0; [email protected])"
216.73.216.165 - - [21/Jul/2025:20:39:13 +0000] "GET /detail/1502814224.shtm HTTP/1.1" 404 12595 "-" "Mozilla/5.0 AppleWebKit/537.36 (KHTML, like Gecko; compatible; ClaudeBot/1.0; [email protected])"
209.74.77.214 - - [21/Jul/2025:20:39:17 +0000] "POST /wp-cron.php?doing_wp_cron=1753130357.2191960811614990234375 HTTP/1.1" 200 - "-" "WordPress/6.8.2; https://ap.cleaning"
216.73.216.165 - - [21/Jul/2025:20:39:16 +0000] "GET /detail/1503361042.shtm HTTP/1.1" 404 12594 "-" "Mozilla/5.0 AppleWebKit/537.36 (KHTML, like Gecko; compatible; ClaudeBot/1.0; [email protected])"
216.73.216.165 - - [21/Jul/2025:20:39:19 +0000] "GET /detail/1503387380.shtm HTTP/1.1" 404 12594 "-" "Mozilla/5.0 AppleWebKit/537.36 (KHTML, like Gecko; compatible; ClaudeBot/1.0; [email protected])"
216.73.216.165 - - [21/Jul/2025:20:39:22 +0000] "GET /detail/1503448407.shtm HTTP/1.1" 404 12593 "-" "Mozilla/5.0 AppleWebKit/537.36 (KHTML, like Gecko; compatible; ClaudeBot/1.0; [email protected])"
216.73.216.165 - - [21/Jul/2025:20:39:25 +0000] "GET /detail/1503223675.shtm HTTP/1.1" 404 12593 "-" "Mozilla/5.0 AppleWebKit/537.36 (KHTML, like Gecko; compatible; ClaudeBot/1.0; [email protected])"
216.73.216.165 - - [21/Jul/2025:20:39:28 +0000] "GET /detail/1502941435.shtm HTTP/1.1" 404 12592 "-" "Mozilla/5.0 AppleWebKit/537.36 (KHTML, like Gecko; compatible; ClaudeBot/1.0; [email protected])"
216.73.216.165 - - [21/Jul/2025:20:39:31 +0000] "GET /detail/1503193017.shtm HTTP/1.1" 404 12594 "-" "Mozilla/5.0 AppleWebKit/537.36 (KHTML, like Gecko; compatible; ClaudeBot/1.0; [email protected])"
216.73.216.165 - - [21/Jul/2025:20:39:34 +0000] "GET /detail/1503309434.shtm HTTP/1.1" 404 12595 "-" "Mozilla/5.0 AppleWebKit/537.36 (KHTML, like Gecko; compatible; ClaudeBot/1.0; [email protected])"
216.73.216.165 - - [21/Jul/2025:20:39:37 +0000] "GET /detail/1503231992.shtm HTTP/1.1" 404 12594 "-" "Mozilla/5.0 AppleWebKit/537.36 (KHTML, like Gecko; compatible; ClaudeBot/1.0; [email protected])"
216.73.216.165 - - [21/Jul/2025:20:39:40 +0000] "GET /detail/1502991722.shtm HTTP/1.1" 404 12593 "-" "Mozilla/5.0 AppleWebKit/537.36 (KHTML, like Gecko; compatible; ClaudeBot/1.0; [email protected])"
209.74.77.214 - - [21/Jul/2025:20:40:20 +0000] "POST /wp-cron.php?doing_wp_cron=1753130420.8455469608306884765625 HTTP/1.1" 200 - "-" "WordPress/6.8.2; https://ap.cleaning"
57.141.2.13 - - [21/Jul/2025:20:40:18 +0000] "GET /detail/1413125199.shtm HTTP/1.1" 404 58210 "-" "meta-externalagent/1.1 (+https://developers.facebook.com/docs/sharing/webmasters/crawler)"
209.74.77.214 - - [21/Jul/2025:20:48:41 +0000] "POST /wp-cron.php?doing_wp_cron=1753130921.4550909996032714843750 HTTP/1.1" 200 - "-" "WordPress/6.8.2; https://ap.cleaning"
57.141.2.14 - - [21/Jul/2025:20:48:38 +0000] "GET /detail/1413446992.shtm HTTP/1.1" 404 58210 "-" "meta-externalagent/1.1 (+https://developers.facebook.com/docs/sharing/webmasters/crawler)"
170.106.11.141 - - [21/Jul/2025:20:49:59 +0000] "GET / HTTP/1.1" 200 21148 "http://ap.cleaning" "Mozilla/5.0 (iPhone; CPU iPhone OS 13_2_3 like Mac OS X) AppleWebKit/605.1.15 (KHTML, like Gecko) Version/13.0.3 Mobile/15E148 Safari/604.1"
209.74.77.214 - - [21/Jul/2025:20:52:08 +0000] "POST /wp-cron.php?doing_wp_cron=1753131128.5825839042663574218750 HTTP/1.1" 200 - "-" "WordPress/6.8.2; https://ap.cleaning"
57.141.2.10 - - [21/Jul/2025:20:52:07 +0000] "GET /detail/1413357148.shtm HTTP/1.1" 404 58210 "-" "meta-externalagent/1.1 (+https://developers.facebook.com/docs/sharing/webmasters/crawler)"
57.141.2.17 - - [21/Jul/2025:20:52:11 +0000] "GET /detail/1413305323.shtm HTTP/1.1" 404 58210 "-" "meta-externalagent/1.1 (+https://developers.facebook.com/docs/sharing/webmasters/crawler)"
209.74.77.214 - - [21/Jul/2025:20:52:24 +0000] "POST /wp-cron.php?doing_wp_cron=1753131144.7138130664825439453125 HTTP/1.1" 200 - "-" "WordPress/6.8.2; https://ap.cleaning"
57.141.2.9 - - [21/Jul/2025:20:52:24 +0000] "GET /detail/1412939153.shtm HTTP/1.1" 404 58210 "-" "meta-externalagent/1.1 (+https://developers.facebook.com/docs/sharing/webmasters/crawler)"
57.141.2.27 - - [21/Jul/2025:20:52:35 +0000] "GET /detail/1413225408.shtm HTTP/1.1" 404 58210 "-" "meta-externalagent/1.1 (+https://developers.facebook.com/docs/sharing/webmasters/crawler)"
57.141.2.29 - - [21/Jul/2025:20:52:47 +0000] "GET /detail/1413302689.shtm HTTP/1.1" 404 58210 "-" "meta-externalagent/1.1 (+https://developers.facebook.com/docs/sharing/webmasters/crawler)"
209.74.77.214 - - [21/Jul/2025:20:55:27 +0000] "POST /wp-cron.php?doing_wp_cron=1753131327.1204791069030761718750 HTTP/1.1" 200 - "-" "WordPress/6.8.2; https://ap.cleaning"
57.141.2.28 - - [21/Jul/2025:20:55:24 +0000] "GET /detail/1412802525.shtm HTTP/1.1" 404 58210 "-" "meta-externalagent/1.1 (+https://developers.facebook.com/docs/sharing/webmasters/crawler)"
209.74.77.214 - - [21/Jul/2025:20:57:43 +0000] "POST /wp-cron.php?doing_wp_cron=1753131463.7201659679412841796875 HTTP/1.1" 200 - "-" "WordPress/6.8.2; https://ap.cleaning"
57.141.2.29 - - [21/Jul/2025:20:57:42 +0000] "GET /detail/1413086154.shtm HTTP/1.1" 404 58210 "-" "meta-externalagent/1.1 (+https://developers.facebook.com/docs/sharing/webmasters/crawler)"
57.141.2.23 - - [21/Jul/2025:20:57:41 +0000] "GET /detail/1413362100.shtm HTTP/1.1" 404 58210 "-" "meta-externalagent/1.1 (+https://developers.facebook.com/docs/sharing/webmasters/crawler)"
57.141.2.6 - - [21/Jul/2025:20:57:44 +0000] "GET /detail/1412877333.shtm HTTP/1.1" 404 58210 "-" "meta-externalagent/1.1 (+https://developers.facebook.com/docs/sharing/webmasters/crawler)"
57.141.2.10 - - [21/Jul/2025:20:57:56 +0000] "GET /detail/1412967466.shtm HTTP/1.1" 404 58210 "-" "meta-externalagent/1.1 (+https://developers.facebook.com/docs/sharing/webmasters/crawler)"
57.141.2.21 - - [21/Jul/2025:20:58:01 +0000] "GET /detail/1412865222.shtm HTTP/1.1" 404 58210 "-" "meta-externalagent/1.1 (+https://developers.facebook.com/docs/sharing/webmasters/crawler)"
57.141.2.16 - - [21/Jul/2025:20:58:06 +0000] "GET /detail/1413295101.shtm HTTP/1.1" 404 58210 "-" "meta-externalagent/1.1 (+https://developers.facebook.com/docs/sharing/webmasters/crawler)"
57.141.2.27 - - [21/Jul/2025:20:58:14 +0000] "GET /detail/1413008200.shtm HTTP/1.1" 404 58210 "-" "meta-externalagent/1.1 (+https://developers.facebook.com/docs/sharing/webmasters/crawler)"
209.74.77.214 - - [21/Jul/2025:20:59:10 +0000] "POST /wp-cron.php?doing_wp_cron=1753131550.1490809917449951171875 HTTP/1.1" 200 - "-" "WordPress/6.8.2; https://ap.cleaning"
57.141.2.14 - - [21/Jul/2025:20:59:08 +0000] "GET /detail/1413411518.shtm HTTP/1.1" 404 58210 "-" "meta-externalagent/1.1 (+https://developers.facebook.com/docs/sharing/webmasters/crawler)"
209.74.77.214 - - [21/Jul/2025:20:59:38 +0000] "POST /wp-cron.php?doing_wp_cron=1753131578.5602641105651855468750 HTTP/1.1" 200 - "-" "WordPress/6.8.2; https://ap.cleaning"
57.141.2.4 - - [21/Jul/2025:20:59:38 +0000] "GET /detail/1413204524.shtm HTTP/1.1" 404 58210 "-" "meta-externalagent/1.1 (+https://developers.facebook.com/docs/sharing/webmasters/crawler)"
57.141.2.20 - - [21/Jul/2025:20:59:51 +0000] "GET /detail/1413160962.shtm HTTP/1.1" 404 58210 "-" "meta-externalagent/1.1 (+https://developers.facebook.com/docs/sharing/webmasters/crawler)"
209.74.77.214 - - [21/Jul/2025:21:03:14 +0000] "POST /wp-cron.php?doing_wp_cron=1753131794.8704459667205810546875 HTTP/1.1" 200 - "-" "WordPress/6.8.2; https://ap.cleaning"
57.141.2.29 - - [21/Jul/2025:21:03:11 +0000] "GET /detail/1413256066.shtm HTTP/1.1" 404 58210 "-" "meta-externalagent/1.1 (+https://developers.facebook.com/docs/sharing/webmasters/crawler)"
209.74.77.214 - - [21/Jul/2025:21:04:59 +0000] "POST /wp-cron.php?doing_wp_cron=1753131899.5712749958038330078125 HTTP/1.1" 200 - "-" "WordPress/6.8.2; https://ap.cleaning"
57.141.2.13 - - [21/Jul/2025:21:04:57 +0000] "GET /detail/1413252918.shtm HTTP/1.1" 404 58210 "-" "meta-externalagent/1.1 (+https://developers.facebook.com/docs/sharing/webmasters/crawler)"
49.51.178.45 - - [21/Jul/2025:21:05:11 +0000] "GET / HTTP/1.1" 200 21150 "-" "Mozilla/5.0 (iPhone; CPU iPhone OS 13_2_3 like Mac OS X) AppleWebKit/605.1.15 (KHTML, like Gecko) Version/13.0.3 Mobile/15E148 Safari/604.1"
216.73.216.165 - - [21/Jul/2025:21:05:32 +0000] "GET /robots.txt HTTP/1.1" 200 91 "-" "Mozilla/5.0 AppleWebKit/537.36 (KHTML, like Gecko; compatible; ClaudeBot/1.0; [email protected])"
216.73.216.165 - - [21/Jul/2025:21:05:32 +0000] "GET /sitemap.xml HTTP/1.1" 200 4222 "-" "Mozilla/5.0 AppleWebKit/537.36 (KHTML, like Gecko; compatible; ClaudeBot/1.0; [email protected])"
209.74.77.214 - - [21/Jul/2025:21:07:51 +0000] "POST /wp-cron.php?doing_wp_cron=1753132071.8721709251403808593750 HTTP/1.1" 200 - "-" "WordPress/6.8.2; https://ap.cleaning"
51.222.253.16 - - [21/Jul/2025:21:07:49 +0000] "GET /cleaning_services/carpet-cleaning/ HTTP/1.1" 200 16295 "-" "Mozilla/5.0 (compatible; AhrefsBot/7.0; +http://ahrefs.com/robot/)"
57.141.2.4 - - [21/Jul/2025:21:08:14 +0000] "GET /detail/1413005574.shtm HTTP/1.1" 404 58210 "-" "meta-externalagent/1.1 (+https://developers.facebook.com/docs/sharing/webmasters/crawler)"
51.222.253.12 - - [21/Jul/2025:21:08:19 +0000] "GET /wp-content/uploads/2021/08/service-page-4-img.jpg HTTP/1.1" 200 91630 "-" "Mozilla/5.0 (compatible; AhrefsBot/7.0; +http://ahrefs.com/robot/)"
209.74.77.214 - - [21/Jul/2025:21:08:21 +0000] "POST /wp-cron.php?doing_wp_cron=1753132101.7705719470977783203125 HTTP/1.1" 200 - "-" "WordPress/6.8.2; https://ap.cleaning"
51.222.253.19 - - [21/Jul/2025:21:08:21 +0000] "GET /wp-content/themes/cleaning-services/css/shop.css?ver=1753132071 HTTP/1.1" 200 7313 "-" "Mozilla/5.0 (compatible; AhrefsBot/7.0; +http://ahrefs.com/robot/)"
57.141.2.21 - - [21/Jul/2025:21:08:21 +0000] "GET /detail/1412923894.shtm HTTP/1.1" 404 58210 "-" "meta-externalagent/1.1 (+https://developers.facebook.com/docs/sharing/webmasters/crawler)"
51.222.253.17 - - [21/Jul/2025:21:08:22 +0000] "GET /wp-content/themes/cleaning-services/js/forms.js?ver=1753132071 HTTP/1.1" 200 1505 "-" "Mozilla/5.0 (compatible; AhrefsBot/7.0; +http://ahrefs.com/robot/)"
57.141.2.20 - - [21/Jul/2025:21:08:22 +0000] "GET /detail/1413222260.shtm HTTP/1.1" 404 58210 "-" "meta-externalagent/1.1 (+https://developers.facebook.com/docs/sharing/webmasters/crawler)"
51.222.253.16 - - [21/Jul/2025:21:08:23 +0000] "GET /wp-content/themes/cleaning-services/style.css?ver=1753132071 HTTP/1.1" 200 38492 "-" "Mozilla/5.0 (compatible; AhrefsBot/7.0; +http://ahrefs.com/robot/)"
51.222.253.3 - - [21/Jul/2025:21:08:24 +0000] "GET /wp-content/themes/cleaning-services/js/custom.js?ver=1753132071 HTTP/1.1" 200 7946 "-" "Mozilla/5.0 (compatible; AhrefsBot/7.0; +http://ahrefs.com/robot/)"
51.222.253.7 - - [21/Jul/2025:21:08:25 +0000] "GET /wp-content/uploads/elementor/css/post-458.css?ver=1752213586 HTTP/1.1" 200 360 "-" "Mozilla/5.0 (compatible; AhrefsBot/7.0; +http://ahrefs.com/robot/)"
51.222.253.17 - - [21/Jul/2025:21:08:26 +0000] "GET /wp-content/themes/cleaning-services/fonts/style.css?ver=1753132071 HTTP/1.1" 200 1087 "-" "Mozilla/5.0 (compatible; AhrefsBot/7.0; +http://ahrefs.com/robot/)"
57.141.2.30 - - [21/Jul/2025:21:08:43 +0000] "GET /detail/1413188976.shtm HTTP/1.1" 404 58210 "-" "meta-externalagent/1.1 (+https://developers.facebook.com/docs/sharing/webmasters/crawler)"
209.74.77.214 - - [21/Jul/2025:21:10:20 +0000] "POST /wp-cron.php?doing_wp_cron=1753132220.8316869735717773437500 HTTP/1.1" 200 - "-" "WordPress/6.8.2; https://ap.cleaning"
216.131.111.208 - - [21/Jul/2025:21:10:16 +0000] "GET /cleaning_services/commercial-cleaning/ HTTP/1.0" 200 75853 "https://ap.cleaning/cleaning_services/commercial-cleaning/" "Mozilla/5.0 (Windows NT 10.0; Win64; x64) AppleWebKit/537.36 (KHTML, like Gecko) Chrome/130.0.0.0 Safari/537.36"
216.131.111.208 - - [21/Jul/2025:21:10:23 +0000] "POST /cleaning_services/commercial-cleaning/ HTTP/1.0" 200 75943 "https://ap.cleaning/cleaning_services/commercial-cleaning/" "Mozilla/5.0 (Windows NT 10.0; Win64; x64) AppleWebKit/537.36 (KHTML, like Gecko) Chrome/130.0.0.0 Safari/537.36"
209.74.77.214 - - [21/Jul/2025:21:13:15 +0000] "POST /wp-cron.php?doing_wp_cron=1753132395.0128500461578369140625 HTTP/1.1" 200 - "-" "WordPress/6.8.2; https://ap.cleaning"
57.141.2.24 - - [21/Jul/2025:21:13:13 +0000] "GET /detail/1413119504.shtm HTTP/1.1" 404 58210 "-" "meta-externalagent/1.1 (+https://developers.facebook.com/docs/sharing/webmasters/crawler)"
209.74.77.214 - - [21/Jul/2025:21:15:55 +0000] "POST /wp-cron.php?doing_wp_cron=1753132555.3284289836883544921875 HTTP/1.1" 200 - "-" "WordPress/6.8.2; https://ap.cleaning"
101.32.15.141 - - [21/Jul/2025:21:15:53 +0000] "GET / HTTP/1.1" 200 21149 "-" "Mozilla/5.0 (iPhone; CPU iPhone OS 13_2_3 like Mac OS X) AppleWebKit/605.1.15 (KHTML, like Gecko) Version/13.0.3 Mobile/15E148 Safari/604.1"
209.74.77.214 - - [21/Jul/2025:21:26:34 +0000] "POST /wp-cron.php?doing_wp_cron=1753133194.4356551170349121093750 HTTP/1.1" 200 - "-" "WordPress/6.8.2; https://ap.cleaning"
43.157.174.69 - - [21/Jul/2025:21:26:31 +0000] "GET /cleaning_services/house-cleaning/ HTTP/1.1" 200 16299 "-" "Mozilla/5.0 (iPhone; CPU iPhone OS 13_2_3 like Mac OS X) AppleWebKit/605.1.15 (KHTML, like Gecko) Version/13.0.3 Mobile/15E148 Safari/604.1"
209.74.77.214 - - [21/Jul/2025:21:28:51 +0000] "POST /wp-cron.php?doing_wp_cron=1753133331.1606419086456298828125 HTTP/1.1" 200 - "-" "WordPress/6.8.2; https://ap.cleaning"
216.73.216.165 - - [21/Jul/2025:21:28:49 +0000] "GET /detail/647512964.shtm HTTP/1.1" 404 12594 "-" "Mozilla/5.0 AppleWebKit/537.36 (KHTML, like Gecko; compatible; ClaudeBot/1.0; [email protected])"
216.73.216.165 - - [21/Jul/2025:21:28:52 +0000] "GET /detail/250076110.shtm HTTP/1.1" 404 12592 "-" "Mozilla/5.0 AppleWebKit/537.36 (KHTML, like Gecko; compatible; ClaudeBot/1.0; [email protected])"
216.73.216.165 - - [21/Jul/2025:21:28:55 +0000] "GET /detail/647511201.shtm HTTP/1.1" 404 12594 "-" "Mozilla/5.0 AppleWebKit/537.36 (KHTML, like Gecko; compatible; ClaudeBot/1.0; [email protected])"
216.73.216.165 - - [21/Jul/2025:21:28:58 +0000] "GET /detail/647585136.shtm HTTP/1.1" 404 12593 "-" "Mozilla/5.0 AppleWebKit/537.36 (KHTML, like Gecko; compatible; ClaudeBot/1.0; [email protected])"
216.73.216.165 - - [21/Jul/2025:21:29:01 +0000] "GET /detail/647879200.shtm HTTP/1.1" 404 12595 "-" "Mozilla/5.0 AppleWebKit/537.36 (KHTML, like Gecko; compatible; ClaudeBot/1.0; [email protected])"
216.73.216.165 - - [21/Jul/2025:21:29:04 +0000] "GET /detail/250234037.shtm HTTP/1.1" 404 12595 "-" "Mozilla/5.0 AppleWebKit/537.36 (KHTML, like Gecko; compatible; ClaudeBot/1.0; [email protected])"
216.73.216.165 - - [21/Jul/2025:21:29:07 +0000] "GET /detail/249905686.shtm HTTP/1.1" 404 12594 "-" "Mozilla/5.0 AppleWebKit/537.36 (KHTML, like Gecko; compatible; ClaudeBot/1.0; [email protected])"
216.73.216.165 - - [21/Jul/2025:21:29:10 +0000] "GET /detail/647688049.shtm HTTP/1.1" 404 12593 "-" "Mozilla/5.0 AppleWebKit/537.36 (KHTML, like Gecko; compatible; ClaudeBot/1.0; [email protected])"
216.73.216.165 - - [21/Jul/2025:21:29:13 +0000] "GET /detail/647907957.shtm HTTP/1.1" 404 12596 "-" "Mozilla/5.0 AppleWebKit/537.36 (KHTML, like Gecko; compatible; ClaudeBot/1.0; [email protected])"
209.74.77.214 - - [21/Jul/2025:21:29:16 +0000] "POST /wp-cron.php?doing_wp_cron=1753133356.2577819824218750000000 HTTP/1.1" 200 - "-" "WordPress/6.8.2; https://ap.cleaning"
216.73.216.165 - - [21/Jul/2025:21:29:16 +0000] "GET /detail/647560334.shtm HTTP/1.1" 404 12595 "-" "Mozilla/5.0 AppleWebKit/537.36 (KHTML, like Gecko; compatible; ClaudeBot/1.0; [email protected])"
216.73.216.165 - - [21/Jul/2025:21:29:19 +0000] "GET /detail/647567400.shtm HTTP/1.1" 404 12595 "-" "Mozilla/5.0 AppleWebKit/537.36 (KHTML, like Gecko; compatible; ClaudeBot/1.0; [email protected])"
216.73.216.165 - - [21/Jul/2025:21:29:22 +0000] "GET /detail/1275676276.shtm HTTP/1.1" 404 12597 "-" "Mozilla/5.0 AppleWebKit/537.36 (KHTML, like Gecko; compatible; ClaudeBot/1.0; [email protected])"
216.73.216.165 - - [21/Jul/2025:21:29:25 +0000] "GET /detail/1275792338.shtm HTTP/1.1" 404 12595 "-" "Mozilla/5.0 AppleWebKit/537.36 (KHTML, like Gecko; compatible; ClaudeBot/1.0; [email protected])"
216.73.216.165 - - [21/Jul/2025:21:29:28 +0000] "GET /detail/1275758468.shtm HTTP/1.1" 404 12594 "-" "Mozilla/5.0 AppleWebKit/537.36 (KHTML, like Gecko; compatible; ClaudeBot/1.0; [email protected])"
216.73.216.165 - - [21/Jul/2025:21:29:31 +0000] "GET /detail/1275807799.shtm HTTP/1.1" 404 12593 "-" "Mozilla/5.0 AppleWebKit/537.36 (KHTML, like Gecko; compatible; ClaudeBot/1.0; [email protected])"
216.73.216.165 - - [21/Jul/2025:21:29:34 +0000] "GET /detail/293721011.shtm HTTP/1.1" 404 12594 "-" "Mozilla/5.0 AppleWebKit/537.36 (KHTML, like Gecko; compatible; ClaudeBot/1.0; [email protected])"
216.73.216.165 - - [21/Jul/2025:21:29:37 +0000] "GET /detail/293313455.shtm HTTP/1.1" 404 12593 "-" "Mozilla/5.0 AppleWebKit/537.36 (KHTML, like Gecko; compatible; ClaudeBot/1.0; [email protected])"
216.73.216.165 - - [21/Jul/2025:21:29:40 +0000] "GET /detail/1275849922.shtm HTTP/1.1" 404 12595 "-" "Mozilla/5.0 AppleWebKit/537.36 (KHTML, like Gecko; compatible; ClaudeBot/1.0; [email protected])"
216.73.216.165 - - [21/Jul/2025:21:29:43 +0000] "GET /detail/1275446090.shtm HTTP/1.1" 404 12594 "-" "Mozilla/5.0 AppleWebKit/537.36 (KHTML, like Gecko; compatible; ClaudeBot/1.0; [email protected])"
216.73.216.165 - - [21/Jul/2025:21:29:46 +0000] "GET /detail/1276003764.shtm HTTP/1.1" 404 12595 "-" "Mozilla/5.0 AppleWebKit/537.36 (KHTML, like Gecko; compatible; ClaudeBot/1.0; [email protected])"
216.73.216.165 - - [21/Jul/2025:21:29:49 +0000] "GET /detail/1275803359.shtm HTTP/1.1" 404 12594 "-" "Mozilla/5.0 AppleWebKit/537.36 (KHTML, like Gecko; compatible; ClaudeBot/1.0; [email protected])"
216.73.216.165 - - [21/Jul/2025:21:29:53 +0000] "GET /detail/647533400.shtm HTTP/1.1" 404 12596 "-" "Mozilla/5.0 AppleWebKit/537.36 (KHTML, like Gecko; compatible; ClaudeBot/1.0; [email protected])"
216.73.216.165 - - [21/Jul/2025:21:29:55 +0000] "GET /detail/1275808464.shtm HTTP/1.1" 404 12595 "-" "Mozilla/5.0 AppleWebKit/537.36 (KHTML, like Gecko; compatible; ClaudeBot/1.0; [email protected])"
216.73.216.165 - - [21/Jul/2025:21:29:58 +0000] "GET /detail/249969467.shtm HTTP/1.1" 404 12595 "-" "Mozilla/5.0 AppleWebKit/537.36 (KHTML, like Gecko; compatible; ClaudeBot/1.0; [email protected])"
216.73.216.165 - - [21/Jul/2025:21:30:01 +0000] "GET /detail/1275792404.shtm HTTP/1.1" 404 12595 "-" "Mozilla/5.0 AppleWebKit/537.36 (KHTML, like Gecko; compatible; ClaudeBot/1.0; [email protected])"
216.73.216.165 - - [21/Jul/2025:21:30:04 +0000] "GET /detail/1275496664.shtm HTTP/1.1" 404 12595 "-" "Mozilla/5.0 AppleWebKit/537.36 (KHTML, like Gecko; compatible; ClaudeBot/1.0; [email protected])"
216.73.216.165 - - [21/Jul/2025:21:30:07 +0000] "GET /detail/648049698.shtm HTTP/1.1" 404 12593 "-" "Mozilla/5.0 AppleWebKit/537.36 (KHTML, like Gecko; compatible; ClaudeBot/1.0; [email protected])"
216.73.216.165 - - [21/Jul/2025:21:30:10 +0000] "GET /detail/1275458851.shtm HTTP/1.1" 404 12594 "-" "Mozilla/5.0 AppleWebKit/537.36 (KHTML, like Gecko; compatible; ClaudeBot/1.0; [email protected])"
216.73.216.165 - - [21/Jul/2025:21:30:13 +0000] "GET /detail/250181566.shtm HTTP/1.1" 404 12594 "-" "Mozilla/5.0 AppleWebKit/537.36 (KHTML, like Gecko; compatible; ClaudeBot/1.0; [email protected])"
209.74.77.214 - - [21/Jul/2025:21:30:16 +0000] "POST /wp-cron.php?doing_wp_cron=1753133416.3241310119628906250000 HTTP/1.1" 200 - "-" "WordPress/6.8.2; https://ap.cleaning"
216.73.216.165 - - [21/Jul/2025:21:30:16 +0000] "GET /detail/1275648101.shtm HTTP/1.1" 404 12595 "-" "Mozilla/5.0 AppleWebKit/537.36 (KHTML, like Gecko; compatible; ClaudeBot/1.0; [email protected])"
216.73.216.165 - - [21/Jul/2025:21:30:19 +0000] "GET /detail/1275605780.shtm HTTP/1.1" 404 12594 "-" "Mozilla/5.0 AppleWebKit/537.36 (KHTML, like Gecko; compatible; ClaudeBot/1.0; [email protected])"
216.73.216.165 - - [21/Jul/2025:21:30:22 +0000] "GET /detail/1275794877.shtm HTTP/1.1" 404 12593 "-" "Mozilla/5.0 AppleWebKit/537.36 (KHTML, like Gecko; compatible; ClaudeBot/1.0; [email protected])"
216.73.216.165 - - [21/Jul/2025:21:30:25 +0000] "GET /detail/647554643.shtm HTTP/1.1" 404 12595 "-" "Mozilla/5.0 AppleWebKit/537.36 (KHTML, like Gecko; compatible; ClaudeBot/1.0; [email protected])"
216.73.216.165 - - [21/Jul/2025:21:30:28 +0000] "GET /detail/293763200.shtm HTTP/1.1" 404 12595 "-" "Mozilla/5.0 AppleWebKit/537.36 (KHTML, like Gecko; compatible; ClaudeBot/1.0; [email protected])"
216.73.216.165 - - [21/Jul/2025:21:30:31 +0000] "GET /detail/1275807725.shtm HTTP/1.1" 404 12595 "-" "Mozilla/5.0 AppleWebKit/537.36 (KHTML, like Gecko; compatible; ClaudeBot/1.0; [email protected])"
216.73.216.165 - - [21/Jul/2025:21:30:34 +0000] "GET /detail/1275755320.shtm HTTP/1.1" 404 12594 "-" "Mozilla/5.0 AppleWebKit/537.36 (KHTML, like Gecko; compatible; ClaudeBot/1.0; [email protected])"
216.73.216.165 - - [21/Jul/2025:21:30:38 +0000] "GET /detail/1275441844.shtm HTTP/1.1" 404 12594 "-" "Mozilla/5.0 AppleWebKit/537.36 (KHTML, like Gecko; compatible; ClaudeBot/1.0; [email protected])"
216.73.216.165 - - [21/Jul/2025:21:30:40 +0000] "GET /detail/1275946987.shtm HTTP/1.1" 404 12595 "-" "Mozilla/5.0 AppleWebKit/537.36 (KHTML, like Gecko; compatible; ClaudeBot/1.0; [email protected])"
216.73.216.165 - - [21/Jul/2025:21:30:43 +0000] "GET /detail/1275751018.shtm HTTP/1.1" 404 12594 "-" "Mozilla/5.0 AppleWebKit/537.36 (KHTML, like Gecko; compatible; ClaudeBot/1.0; [email protected])"
216.73.216.165 - - [21/Jul/2025:21:30:46 +0000] "GET /detail/249749200.shtm HTTP/1.1" 404 12595 "-" "Mozilla/5.0 AppleWebKit/537.36 (KHTML, like Gecko; compatible; ClaudeBot/1.0; [email protected])"
216.73.216.165 - - [21/Jul/2025:21:30:49 +0000] "GET /detail/1275841661.shtm HTTP/1.1" 404 12594 "-" "Mozilla/5.0 AppleWebKit/537.36 (KHTML, like Gecko; compatible; ClaudeBot/1.0; [email protected])"
216.73.216.165 - - [21/Jul/2025:21:30:53 +0000] "GET /detail/1275706934.shtm HTTP/1.1" 404 12594 "-" "Mozilla/5.0 AppleWebKit/537.36 (KHTML, like Gecko; compatible; ClaudeBot/1.0; [email protected])"
216.73.216.165 - - [21/Jul/2025:21:30:56 +0000] "GET /detail/293365344.shtm HTTP/1.1" 404 12595 "-" "Mozilla/5.0 AppleWebKit/537.36 (KHTML, like Gecko; compatible; ClaudeBot/1.0; [email protected])"
216.73.216.165 - - [21/Jul/2025:21:30:59 +0000] "GET /detail/1275880058.shtm HTTP/1.1" 404 12595 "-" "Mozilla/5.0 AppleWebKit/537.36 (KHTML, like Gecko; compatible; ClaudeBot/1.0; [email protected])"
216.73.216.165 - - [21/Jul/2025:21:31:02 +0000] "GET /detail/647544485.shtm HTTP/1.1" 404 12595 "-" "Mozilla/5.0 AppleWebKit/537.36 (KHTML, like Gecko; compatible; ClaudeBot/1.0; [email protected])"
216.73.216.165 - - [21/Jul/2025:21:31:05 +0000] "GET /detail/647570612.shtm HTTP/1.1" 404 12595 "-" "Mozilla/5.0 AppleWebKit/537.36 (KHTML, like Gecko; compatible; ClaudeBot/1.0; [email protected])"
216.73.216.165 - - [21/Jul/2025:21:31:08 +0000] "GET /detail/647557122.shtm HTTP/1.1" 404 12594 "-" "Mozilla/5.0 AppleWebKit/537.36 (KHTML, like Gecko; compatible; ClaudeBot/1.0; [email protected])"
216.73.216.165 - - [21/Jul/2025:21:31:11 +0000] "GET /detail/1275571406.shtm HTTP/1.1" 404 12594 "-" "Mozilla/5.0 AppleWebKit/537.36 (KHTML, like Gecko; compatible; ClaudeBot/1.0; [email protected])"
216.73.216.165 - - [21/Jul/2025:21:31:14 +0000] "GET /detail/1275537536.shtm HTTP/1.1" 404 12595 "-" "Mozilla/5.0 AppleWebKit/537.36 (KHTML, like Gecko; compatible; ClaudeBot/1.0; [email protected])"
209.74.77.214 - - [21/Jul/2025:21:31:17 +0000] "POST /wp-cron.php?doing_wp_cron=1753133477.8282608985900878906250 HTTP/1.1" 200 - "-" "WordPress/6.8.2; https://ap.cleaning"
216.73.216.165 - - [21/Jul/2025:21:31:17 +0000] "GET /detail/249938809.shtm HTTP/1.1" 404 12595 "-" "Mozilla/5.0 AppleWebKit/537.36 (KHTML, like Gecko; compatible; ClaudeBot/1.0; [email protected])"
216.73.216.165 - - [21/Jul/2025:21:31:20 +0000] "GET /detail/1275992900.shtm HTTP/1.1" 404 12593 "-" "Mozilla/5.0 AppleWebKit/537.36 (KHTML, like Gecko; compatible; ClaudeBot/1.0; [email protected])"
216.73.216.165 - - [21/Jul/2025:21:31:23 +0000] "GET /detail/647567334.shtm HTTP/1.1" 404 12594 "-" "Mozilla/5.0 AppleWebKit/537.36 (KHTML, like Gecko; compatible; ClaudeBot/1.0; [email protected])"
216.73.216.165 - - [21/Jul/2025:21:31:26 +0000] "GET /detail/1275651313.shtm HTTP/1.1" 404 12592 "-" "Mozilla/5.0 AppleWebKit/537.36 (KHTML, like Gecko; compatible; ClaudeBot/1.0; [email protected])"
216.73.216.165 - - [21/Jul/2025:21:31:29 +0000] "GET /detail/1276042743.shtm HTTP/1.1" 404 12595 "-" "Mozilla/5.0 AppleWebKit/537.36 (KHTML, like Gecko; compatible; ClaudeBot/1.0; [email protected])"
216.73.216.165 - - [21/Jul/2025:21:31:32 +0000] "GET /detail/1275771454.shtm HTTP/1.1" 404 12594 "-" "Mozilla/5.0 AppleWebKit/537.36 (KHTML, like Gecko; compatible; ClaudeBot/1.0; [email protected])"
216.73.216.165 - - [21/Jul/2025:21:31:35 +0000] "GET /detail/1275386743.shtm HTTP/1.1" 404 12595 "-" "Mozilla/5.0 AppleWebKit/537.36 (KHTML, like Gecko; compatible; ClaudeBot/1.0; [email protected])"
216.73.216.165 - - [21/Jul/2025:21:31:38 +0000] "GET /detail/1275485061.shtm HTTP/1.1" 404 12595 "-" "Mozilla/5.0 AppleWebKit/537.36 (KHTML, like Gecko; compatible; ClaudeBot/1.0; [email protected])"
216.73.216.165 - - [21/Jul/2025:21:31:41 +0000] "GET /detail/1275774441.shtm HTTP/1.1" 404 12593 "-" "Mozilla/5.0 AppleWebKit/537.36 (KHTML, like Gecko; compatible; ClaudeBot/1.0; [email protected])"
216.73.216.165 - - [21/Jul/2025:21:31:44 +0000] "GET /detail/647536164.shtm HTTP/1.1" 404 12593 "-" "Mozilla/5.0 AppleWebKit/537.36 (KHTML, like Gecko; compatible; ClaudeBot/1.0; [email protected])"
216.73.216.165 - - [21/Jul/2025:21:31:47 +0000] "GET /detail/647599305.shtm HTTP/1.1" 404 12593 "-" "Mozilla/5.0 AppleWebKit/537.36 (KHTML, like Gecko; compatible; ClaudeBot/1.0; [email protected])"
216.73.216.165 - - [21/Jul/2025:21:31:50 +0000] "GET /detail/1275431405.shtm HTTP/1.1" 404 12594 "-" "Mozilla/5.0 AppleWebKit/537.36 (KHTML, like Gecko; compatible; ClaudeBot/1.0; [email protected])"
216.73.216.165 - - [21/Jul/2025:21:31:53 +0000] "GET /detail/1275581106.shtm HTTP/1.1" 404 12594 "-" "Mozilla/5.0 AppleWebKit/537.36 (KHTML, like Gecko; compatible; ClaudeBot/1.0; [email protected])"
216.73.216.165 - - [21/Jul/2025:21:31:56 +0000] "GET /detail/1275476740.shtm HTTP/1.1" 404 12595 "-" "Mozilla/5.0 AppleWebKit/537.36 (KHTML, like Gecko; compatible; ClaudeBot/1.0; [email protected])"
216.73.216.165 - - [21/Jul/2025:21:31:59 +0000] "GET /detail/1275998812.shtm HTTP/1.1" 404 12593 "-" "Mozilla/5.0 AppleWebKit/537.36 (KHTML, like Gecko; compatible; ClaudeBot/1.0; [email protected])"
216.73.216.165 - - [21/Jul/2025:21:32:02 +0000] "GET /detail/1275550167.shtm HTTP/1.1" 404 12594 "-" "Mozilla/5.0 AppleWebKit/537.36 (KHTML, like Gecko; compatible; ClaudeBot/1.0; [email protected])"
216.73.216.165 - - [21/Jul/2025:21:32:05 +0000] "GET /detail/1275462802.shtm HTTP/1.1" 404 12594 "-" "Mozilla/5.0 AppleWebKit/537.36 (KHTML, like Gecko; compatible; ClaudeBot/1.0; [email protected])"
216.73.216.165 - - [21/Jul/2025:21:32:08 +0000] "GET /detail/1275681971.shtm HTTP/1.1" 404 12594 "-" "Mozilla/5.0 AppleWebKit/537.36 (KHTML, like Gecko; compatible; ClaudeBot/1.0; [email protected])"
216.73.216.165 - - [21/Jul/2025:21:32:11 +0000] "GET /detail/1275606651.shtm HTTP/1.1" 404 12591 "-" "Mozilla/5.0 AppleWebKit/537.36 (KHTML, like Gecko; compatible; ClaudeBot/1.0; [email protected])"
216.73.216.165 - - [21/Jul/2025:21:32:14 +0000] "GET /detail/249753640.shtm HTTP/1.1" 404 12593 "-" "Mozilla/5.0 AppleWebKit/537.36 (KHTML, like Gecko; compatible; ClaudeBot/1.0; [email protected])"
209.74.77.214 - - [21/Jul/2025:21:32:17 +0000] "POST /wp-cron.php?doing_wp_cron=1753133537.8711700439453125000000 HTTP/1.1" 200 - "-" "WordPress/6.8.2; https://ap.cleaning"
216.73.216.165 - - [21/Jul/2025:21:32:17 +0000] "GET /detail/1275572496.shtm HTTP/1.1" 404 12594 "-" "Mozilla/5.0 AppleWebKit/537.36 (KHTML, like Gecko; compatible; ClaudeBot/1.0; [email protected])"
216.73.216.165 - - [21/Jul/2025:21:32:20 +0000] "GET /detail/1275795680.shtm HTTP/1.1" 404 12594 "-" "Mozilla/5.0 AppleWebKit/537.36 (KHTML, like Gecko; compatible; ClaudeBot/1.0; [email protected])"
216.73.216.165 - - [21/Jul/2025:21:32:23 +0000] "GET /detail/1275773863.shtm HTTP/1.1" 404 12594 "-" "Mozilla/5.0 AppleWebKit/537.36 (KHTML, like Gecko; compatible; ClaudeBot/1.0; [email protected])"
216.73.216.165 - - [21/Jul/2025:21:32:27 +0000] "GET /detail/1275750151.shtm HTTP/1.1" 404 12595 "-" "Mozilla/5.0 AppleWebKit/537.36 (KHTML, like Gecko; compatible; ClaudeBot/1.0; [email protected])"
216.73.216.165 - - [21/Jul/2025:21:32:29 +0000] "GET /detail/1275596951.shtm HTTP/1.1" 404 12594 "-" "Mozilla/5.0 AppleWebKit/537.36 (KHTML, like Gecko; compatible; ClaudeBot/1.0; [email protected])"
216.73.216.165 - - [21/Jul/2025:21:32:32 +0000] "GET /detail/1275756063.shtm HTTP/1.1" 404 12594 "-" "Mozilla/5.0 AppleWebKit/537.36 (KHTML, like Gecko; compatible; ClaudeBot/1.0; [email protected])"
207.46.13.154 - - [21/Jul/2025:21:32:33 +0000] "GET /wp-sitemap.xml HTTP/1.1" 200 4226 "-" "Mozilla/5.0 AppleWebKit/537.36 (KHTML, like Gecko; compatible; bingbot/2.0; +http://www.bing.com/bingbot.htm) Chrome/116.0.1938.76 Safari/537.36"
216.73.216.165 - - [21/Jul/2025:21:32:35 +0000] "GET /detail/1275689710.shtm HTTP/1.1" 404 12595 "-" "Mozilla/5.0 AppleWebKit/537.36 (KHTML, like Gecko; compatible; ClaudeBot/1.0; [email protected])"
216.73.216.165 - - [21/Jul/2025:21:32:38 +0000] "GET /detail/1275987795.shtm HTTP/1.1" 404 12594 "-" "Mozilla/5.0 AppleWebKit/537.36 (KHTML, like Gecko; compatible; ClaudeBot/1.0; [email protected])"
40.77.167.78 - - [21/Jul/2025:21:32:41 +0000] "GET /sitemap.xml HTTP/1.1" 200 4207 "-" "Mozilla/5.0 AppleWebKit/537.36 (KHTML, like Gecko; compatible; bingbot/2.0; +http://www.bing.com/bingbot.htm) Chrome/116.0.1938.76 Safari/537.36"
216.73.216.165 - - [21/Jul/2025:21:32:44 +0000] "GET /detail/647588505.shtm HTTP/1.1" 404 12594 "-" "Mozilla/5.0 AppleWebKit/537.36 (KHTML, like Gecko; compatible; ClaudeBot/1.0; [email protected])"
216.73.216.165 - - [21/Jul/2025:21:32:47 +0000] "GET /detail/1275681385.shtm HTTP/1.1" 404 12595 "-" "Mozilla/5.0 AppleWebKit/537.36 (KHTML, like Gecko; compatible; ClaudeBot/1.0; [email protected])"
216.73.216.165 - - [21/Jul/2025:21:32:50 +0000] "GET /detail/249947136.shtm HTTP/1.1" 404 12596 "-" "Mozilla/5.0 AppleWebKit/537.36 (KHTML, like Gecko; compatible; ClaudeBot/1.0; [email protected])"
216.73.216.165 - - [21/Jul/2025:21:32:53 +0000] "GET /detail/1275537022.shtm HTTP/1.1" 404 12596 "-" "Mozilla/5.0 AppleWebKit/537.36 (KHTML, like Gecko; compatible; ClaudeBot/1.0; [email protected])"
216.73.216.165 - - [21/Jul/2025:21:32:56 +0000] "GET /detail/705364751.shtm HTTP/1.1" 404 12595 "-" "Mozilla/5.0 AppleWebKit/537.36 (KHTML, like Gecko; compatible; ClaudeBot/1.0; [email protected])"
216.73.216.165 - - [21/Jul/2025:21:32:59 +0000] "GET /detail/1275906117.shtm HTTP/1.1" 404 12595 "-" "Mozilla/5.0 AppleWebKit/537.36 (KHTML, like Gecko; compatible; ClaudeBot/1.0; [email protected])"
216.73.216.165 - - [21/Jul/2025:21:33:02 +0000] "GET /detail/1275449302.shtm HTTP/1.1" 404 12594 "-" "Mozilla/5.0 AppleWebKit/537.36 (KHTML, like Gecko; compatible; ClaudeBot/1.0; [email protected])"
216.73.216.165 - - [21/Jul/2025:21:33:05 +0000] "GET /detail/1275771968.shtm HTTP/1.1" 404 12593 "-" "Mozilla/5.0 AppleWebKit/537.36 (KHTML, like Gecko; compatible; ClaudeBot/1.0; [email protected])"
216.73.216.165 - - [21/Jul/2025:21:33:08 +0000] "GET /detail/293399792.shtm HTTP/1.1" 404 12595 "-" "Mozilla/5.0 AppleWebKit/537.36 (KHTML, like Gecko; compatible; ClaudeBot/1.0; [email protected])"
216.73.216.165 - - [21/Jul/2025:21:33:11 +0000] "GET /detail/647445296.shtm HTTP/1.1" 404 12595 "-" "Mozilla/5.0 AppleWebKit/537.36 (KHTML, like Gecko; compatible; ClaudeBot/1.0; [email protected])"
216.73.216.165 - - [21/Jul/2025:21:33:14 +0000] "GET /detail/1275802626.shtm HTTP/1.1" 404 12594 "-" "Mozilla/5.0 AppleWebKit/537.36 (KHTML, like Gecko; compatible; ClaudeBot/1.0; [email protected])"
209.74.77.214 - - [21/Jul/2025:21:33:17 +0000] "POST /wp-cron.php?doing_wp_cron=1753133597.6587760448455810546875 HTTP/1.1" 200 - "-" "WordPress/6.8.2; https://ap.cleaning"
216.73.216.165 - - [21/Jul/2025:21:33:17 +0000] "GET /detail/705440352.shtm HTTP/1.1" 404 12596 "-" "Mozilla/5.0 AppleWebKit/537.36 (KHTML, like Gecko; compatible; ClaudeBot/1.0; [email protected])"
216.73.216.165 - - [21/Jul/2025:21:33:20 +0000] "GET /detail/293363166.shtm HTTP/1.1" 404 12596 "-" "Mozilla/5.0 AppleWebKit/537.36 (KHTML, like Gecko; compatible; ClaudeBot/1.0; [email protected])"
216.73.216.165 - - [21/Jul/2025:21:33:26 +0000] "GET /detail/1275531110.shtm HTTP/1.1" 404 12595 "-" "Mozilla/5.0 AppleWebKit/537.36 (KHTML, like Gecko; compatible; ClaudeBot/1.0; [email protected])"
216.73.216.165 - - [21/Jul/2025:21:33:29 +0000] "GET /detail/1275392434.shtm HTTP/1.1" 404 12597 "-" "Mozilla/5.0 AppleWebKit/537.36 (KHTML, like Gecko; compatible; ClaudeBot/1.0; [email protected])"
216.73.216.165 - - [21/Jul/2025:21:33:32 +0000] "GET /detail/1275954511.shtm HTTP/1.1" 404 12595 "-" "Mozilla/5.0 AppleWebKit/537.36 (KHTML, like Gecko; compatible; ClaudeBot/1.0; [email protected])"
216.73.216.165 - - [21/Jul/2025:21:33:35 +0000] "GET /detail/1275970059.shtm HTTP/1.1" 404 12596 "-" "Mozilla/5.0 AppleWebKit/537.36 (KHTML, like Gecko; compatible; ClaudeBot/1.0; [email protected])"
170.106.180.246 - - [21/Jul/2025:21:33:37 +0000] "GET / HTTP/1.1" 200 21150 "-" "Mozilla/5.0 (iPhone; CPU iPhone OS 13_2_3 like Mac OS X) AppleWebKit/605.1.15 (KHTML, like Gecko) Version/13.0.3 Mobile/15E148 Safari/604.1"
216.73.216.165 - - [21/Jul/2025:21:33:38 +0000] "GET /detail/1275761168.shtm HTTP/1.1" 404 12595 "-" "Mozilla/5.0 AppleWebKit/537.36 (KHTML, like Gecko; compatible; ClaudeBot/1.0; [email protected])"
216.73.216.165 - - [21/Jul/2025:21:33:41 +0000] "GET /detail/1275668537.shtm HTTP/1.1" 404 12594 "-" "Mozilla/5.0 AppleWebKit/537.36 (KHTML, like Gecko; compatible; ClaudeBot/1.0; [email protected])"
216.73.216.165 - - [21/Jul/2025:21:33:44 +0000] "GET /detail/647538509.shtm HTTP/1.1" 404 12596 "-" "Mozilla/5.0 AppleWebKit/537.36 (KHTML, like Gecko; compatible; ClaudeBot/1.0; [email protected])"
216.73.216.165 - - [21/Jul/2025:21:33:47 +0000] "GET /detail/647598570.shtm HTTP/1.1" 404 12596 "-" "Mozilla/5.0 AppleWebKit/537.36 (KHTML, like Gecko; compatible; ClaudeBot/1.0; [email protected])"
216.73.216.165 - - [21/Jul/2025:21:33:50 +0000] "GET /detail/1275653150.shtm HTTP/1.1" 404 12591 "-" "Mozilla/5.0 AppleWebKit/537.36 (KHTML, like Gecko; compatible; ClaudeBot/1.0; [email protected])"
216.73.216.165 - - [21/Jul/2025:21:33:53 +0000] "GET /detail/293205429.shtm HTTP/1.1" 404 12595 "-" "Mozilla/5.0 AppleWebKit/537.36 (KHTML, like Gecko; compatible; ClaudeBot/1.0; [email protected])"
216.73.216.165 - - [21/Jul/2025:21:33:56 +0000] "GET /detail/249936183.shtm HTTP/1.1" 404 12592 "-" "Mozilla/5.0 AppleWebKit/537.36 (KHTML, like Gecko; compatible; ClaudeBot/1.0; [email protected])"
216.73.216.165 - - [21/Jul/2025:21:33:59 +0000] "GET /detail/1275942613.shtm HTTP/1.1" 404 12595 "-" "Mozilla/5.0 AppleWebKit/537.36 (KHTML, like Gecko; compatible; ClaudeBot/1.0; [email protected])"
216.73.216.165 - - [21/Jul/2025:21:34:02 +0000] "GET /detail/1275982686.shtm HTTP/1.1" 404 12594 "-" "Mozilla/5.0 AppleWebKit/537.36 (KHTML, like Gecko; compatible; ClaudeBot/1.0; [email protected])"
216.73.216.165 - - [21/Jul/2025:21:34:05 +0000] "GET /detail/1275828097.shtm HTTP/1.1" 404 12594 "-" "Mozilla/5.0 AppleWebKit/537.36 (KHTML, like Gecko; compatible; ClaudeBot/1.0; [email protected])"
216.73.216.165 - - [21/Jul/2025:21:34:09 +0000] "GET /detail/249637231.shtm HTTP/1.1" 404 12595 "-" "Mozilla/5.0 AppleWebKit/537.36 (KHTML, like Gecko; compatible; ClaudeBot/1.0; [email protected])"
216.73.216.165 - - [21/Jul/2025:21:34:11 +0000] "GET /detail/1276004507.shtm HTTP/1.1" 404 12594 "-" "Mozilla/5.0 AppleWebKit/537.36 (KHTML, like Gecko; compatible; ClaudeBot/1.0; [email protected])"
216.73.216.165 - - [21/Jul/2025:21:34:14 +0000] "GET /detail/1275666576.shtm HTTP/1.1" 404 12595 "-" "Mozilla/5.0 AppleWebKit/537.36 (KHTML, like Gecko; compatible; ClaudeBot/1.0; [email protected])"
209.74.77.214 - - [21/Jul/2025:21:34:17 +0000] "POST /wp-cron.php?doing_wp_cron=1753133657.5817708969116210937500 HTTP/1.1" 200 - "-" "WordPress/6.8.2; https://ap.cleaning"
216.73.216.165 - - [21/Jul/2025:21:34:17 +0000] "GET /detail/1275581684.shtm HTTP/1.1" 404 12592 "-" "Mozilla/5.0 AppleWebKit/537.36 (KHTML, like Gecko; compatible; ClaudeBot/1.0; [email protected])"
216.73.216.165 - - [21/Jul/2025:21:34:20 +0000] "GET /detail/647510559.shtm HTTP/1.1" 404 12594 "-" "Mozilla/5.0 AppleWebKit/537.36 (KHTML, like Gecko; compatible; ClaudeBot/1.0; [email protected])"
216.73.216.165 - - [21/Jul/2025:21:34:23 +0000] "GET /detail/1275795038.shtm HTTP/1.1" 404 12594 "-" "Mozilla/5.0 AppleWebKit/537.36 (KHTML, like Gecko; compatible; ClaudeBot/1.0; [email protected])"
216.73.216.165 - - [21/Jul/2025:21:34:26 +0000] "GET /detail/1275849400.shtm HTTP/1.1" 404 12595 "-" "Mozilla/5.0 AppleWebKit/537.36 (KHTML, like Gecko; compatible; ClaudeBot/1.0; [email protected])"
216.73.216.165 - - [21/Jul/2025:21:34:30 +0000] "GET /detail/1275577894.shtm HTTP/1.1" 404 12594 "-" "Mozilla/5.0 AppleWebKit/537.36 (KHTML, like Gecko; compatible; ClaudeBot/1.0; [email protected])"
216.73.216.165 - - [21/Jul/2025:21:34:33 +0000] "GET /detail/647569745.shtm HTTP/1.1" 404 12595 "-" "Mozilla/5.0 AppleWebKit/537.36 (KHTML, like Gecko; compatible; ClaudeBot/1.0; [email protected])"
216.73.216.165 - - [21/Jul/2025:21:34:36 +0000] "GET /detail/647495814.shtm HTTP/1.1" 404 12596 "-" "Mozilla/5.0 AppleWebKit/537.36 (KHTML, like Gecko; compatible; ClaudeBot/1.0; [email protected])"
216.73.216.165 - - [21/Jul/2025:21:34:39 +0000] "GET /detail/1275671685.shtm HTTP/1.1" 404 12596 "-" "Mozilla/5.0 AppleWebKit/537.36 (KHTML, like Gecko; compatible; ClaudeBot/1.0; [email protected])"
216.73.216.165 - - [21/Jul/2025:21:34:42 +0000] "GET /detail/647680314.shtm HTTP/1.1" 404 12596 "-" "Mozilla/5.0 AppleWebKit/537.36 (KHTML, like Gecko; compatible; ClaudeBot/1.0; [email protected])"
216.73.216.165 - - [21/Jul/2025:21:34:46 +0000] "GET /detail/293225801.shtm HTTP/1.1" 404 12595 "-" "Mozilla/5.0 AppleWebKit/537.36 (KHTML, like Gecko; compatible; ClaudeBot/1.0; [email protected])"
216.73.216.165 - - [21/Jul/2025:21:34:48 +0000] "GET /detail/647568069.shtm HTTP/1.1" 404 12595 "-" "Mozilla/5.0 AppleWebKit/537.36 (KHTML, like Gecko; compatible; ClaudeBot/1.0; [email protected])"
216.73.216.165 - - [21/Jul/2025:21:34:51 +0000] "GET /detail/1275965528.shtm HTTP/1.1" 404 12595 "-" "Mozilla/5.0 AppleWebKit/537.36 (KHTML, like Gecko; compatible; ClaudeBot/1.0; [email protected])"
216.73.216.165 - - [21/Jul/2025:21:34:54 +0000] "GET /detail/1275984071.shtm HTTP/1.1" 404 12596 "-" "Mozilla/5.0 AppleWebKit/537.36 (KHTML, like Gecko; compatible; ClaudeBot/1.0; [email protected])"
216.73.216.165 - - [21/Jul/2025:21:34:57 +0000] "GET /detail/647992114.shtm HTTP/1.1" 404 12595 "-" "Mozilla/5.0 AppleWebKit/537.36 (KHTML, like Gecko; compatible; ClaudeBot/1.0; [email protected])"
216.73.216.165 - - [21/Jul/2025:21:35:00 +0000] "GET /detail/1275387321.shtm HTTP/1.1" 404 12596 "-" "Mozilla/5.0 AppleWebKit/537.36 (KHTML, like Gecko; compatible; ClaudeBot/1.0; [email protected])"
216.73.216.165 - - [21/Jul/2025:21:35:03 +0000] "GET /detail/293202890.shtm HTTP/1.1" 404 12595 "-" "Mozilla/5.0 AppleWebKit/537.36 (KHTML, like Gecko; compatible; ClaudeBot/1.0; [email protected])"
216.73.216.165 - - [21/Jul/2025:21:35:06 +0000] "GET /detail/1275884296.shtm HTTP/1.1" 404 12594 "-" "Mozilla/5.0 AppleWebKit/537.36 (KHTML, like Gecko; compatible; ClaudeBot/1.0; [email protected])"
216.73.216.165 - - [21/Jul/2025:21:35:09 +0000] "GET /detail/293544163.shtm HTTP/1.1" 404 12593 "-" "Mozilla/5.0 AppleWebKit/537.36 (KHTML, like Gecko; compatible; ClaudeBot/1.0; [email protected])"
216.73.216.165 - - [21/Jul/2025:21:35:12 +0000] "GET /detail/647926496.shtm HTTP/1.1" 404 12594 "-" "Mozilla/5.0 AppleWebKit/537.36 (KHTML, like Gecko; compatible; ClaudeBot/1.0; [email protected])"
209.74.77.214 - - [21/Jul/2025:21:35:17 +0000] "POST /wp-cron.php?doing_wp_cron=1753133717.2702739238739013671875 HTTP/1.1" 200 - "-" "WordPress/6.8.2; https://ap.cleaning"
216.73.216.165 - - [21/Jul/2025:21:35:16 +0000] "GET /detail/1276014207.shtm HTTP/1.1" 404 12595 "-" "Mozilla/5.0 AppleWebKit/537.36 (KHTML, like Gecko; compatible; ClaudeBot/1.0; [email protected])"
216.73.216.165 - - [21/Jul/2025:21:35:18 +0000] "GET /detail/1275653076.shtm HTTP/1.1" 404 12595 "-" "Mozilla/5.0 AppleWebKit/537.36 (KHTML, like Gecko; compatible; ClaudeBot/1.0; [email protected])"
216.73.216.165 - - [21/Jul/2025:21:35:21 +0000] "GET /detail/1276018445.shtm HTTP/1.1" 404 12594 "-" "Mozilla/5.0 AppleWebKit/537.36 (KHTML, like Gecko; compatible; ClaudeBot/1.0; [email protected])"
216.73.216.165 - - [21/Jul/2025:21:35:24 +0000] "GET /detail/1275888094.shtm HTTP/1.1" 404 12596 "-" "Mozilla/5.0 AppleWebKit/537.36 (KHTML, like Gecko; compatible; ClaudeBot/1.0; [email protected])"
216.73.216.165 - - [21/Jul/2025:21:35:27 +0000] "GET /detail/647515664.shtm HTTP/1.1" 404 12595 "-" "Mozilla/5.0 AppleWebKit/537.36 (KHTML, like Gecko; compatible; ClaudeBot/1.0; [email protected])"
216.73.216.165 - - [21/Jul/2025:21:35:30 +0000] "GET /detail/647569167.shtm HTTP/1.1" 404 12595 "-" "Mozilla/5.0 AppleWebKit/537.36 (KHTML, like Gecko; compatible; ClaudeBot/1.0; [email protected])"
216.73.216.165 - - [21/Jul/2025:21:35:33 +0000] "GET /detail/647500116.shtm HTTP/1.1" 404 12595 "-" "Mozilla/5.0 AppleWebKit/537.36 (KHTML, like Gecko; compatible; ClaudeBot/1.0; [email protected])"
216.73.216.165 - - [21/Jul/2025:21:35:37 +0000] "GET /detail/647629963.shtm HTTP/1.1" 404 12595 "-" "Mozilla/5.0 AppleWebKit/537.36 (KHTML, like Gecko; compatible; ClaudeBot/1.0; [email protected])"
216.73.216.165 - - [21/Jul/2025:21:35:39 +0000] "GET /detail/250182080.shtm HTTP/1.1" 404 12596 "-" "Mozilla/5.0 AppleWebKit/537.36 (KHTML, like Gecko; compatible; ClaudeBot/1.0; [email protected])"
216.73.216.165 - - [21/Jul/2025:21:35:42 +0000] "GET /detail/647520616.shtm HTTP/1.1" 404 12595 "-" "Mozilla/5.0 AppleWebKit/537.36 (KHTML, like Gecko; compatible; ClaudeBot/1.0; [email protected])"
216.73.216.165 - - [21/Jul/2025:21:35:45 +0000] "GET /detail/1275396893.shtm HTTP/1.1" 404 12594 "-" "Mozilla/5.0 AppleWebKit/537.36 (KHTML, like Gecko; compatible; ClaudeBot/1.0; [email protected])"
216.73.216.165 - - [21/Jul/2025:21:35:48 +0000] "GET /detail/1275487026.shtm HTTP/1.1" 404 12596 "-" "Mozilla/5.0 AppleWebKit/537.36 (KHTML, like Gecko; compatible; ClaudeBot/1.0; [email protected])"
216.73.216.165 - - [21/Jul/2025:21:35:51 +0000] "GET /detail/1275660150.shtm HTTP/1.1" 404 12596 "-" "Mozilla/5.0 AppleWebKit/537.36 (KHTML, like Gecko; compatible; ClaudeBot/1.0; [email protected])"
216.73.216.165 - - [21/Jul/2025:21:35:54 +0000] "GET /detail/1275542709.shtm HTTP/1.1" 404 12593 "-" "Mozilla/5.0 AppleWebKit/537.36 (KHTML, like Gecko; compatible; ClaudeBot/1.0; [email protected])"
216.73.216.165 - - [21/Jul/2025:21:35:57 +0000] "GET /detail/1275763641.shtm HTTP/1.1" 404 12595 "-" "Mozilla/5.0 AppleWebKit/537.36 (KHTML, like Gecko; compatible; ClaudeBot/1.0; [email protected])"
216.73.216.165 - - [21/Jul/2025:21:36:01 +0000] "GET /detail/249637384.shtm HTTP/1.1" 404 12594 "-" "Mozilla/5.0 AppleWebKit/537.36 (KHTML, like Gecko; compatible; ClaudeBot/1.0; [email protected])"
216.73.216.165 - - [21/Jul/2025:21:36:03 +0000] "GET /detail/647430772.shtm HTTP/1.1" 404 12593 "-" "Mozilla/5.0 AppleWebKit/537.36 (KHTML, like Gecko; compatible; ClaudeBot/1.0; [email protected])"
216.73.216.165 - - [21/Jul/2025:21:36:06 +0000] "GET /detail/1275784013.shtm HTTP/1.1" 404 12594 "-" "Mozilla/5.0 AppleWebKit/537.36 (KHTML, like Gecko; compatible; ClaudeBot/1.0; [email protected])"
216.73.216.165 - - [21/Jul/2025:21:36:09 +0000] "GET /detail/250047999.shtm HTTP/1.1" 404 12596 "-" "Mozilla/5.0 AppleWebKit/537.36 (KHTML, like Gecko; compatible; ClaudeBot/1.0; [email protected])"
216.73.216.165 - - [21/Jul/2025:21:36:12 +0000] "GET /detail/249957348.shtm HTTP/1.1" 404 12594 "-" "Mozilla/5.0 AppleWebKit/537.36 (KHTML, like Gecko; compatible; ClaudeBot/1.0; [email protected])"
209.74.77.214 - - [21/Jul/2025:21:36:16 +0000] "POST /wp-cron.php?doing_wp_cron=1753133776.1285610198974609375000 HTTP/1.1" 200 - "-" "WordPress/6.8.2; https://ap.cleaning"
216.73.216.165 - - [21/Jul/2025:21:36:15 +0000] "GET /detail/293202956.shtm HTTP/1.1" 404 12594 "-" "Mozilla/5.0 AppleWebKit/537.36 (KHTML, like Gecko; compatible; ClaudeBot/1.0; [email protected])"
216.73.216.165 - - [21/Jul/2025:21:36:22 +0000] "GET /detail/1275985450.shtm HTTP/1.1" 404 12593 "-" "Mozilla/5.0 AppleWebKit/537.36 (KHTML, like Gecko; compatible; ClaudeBot/1.0; [email protected])"
216.73.216.165 - - [21/Jul/2025:21:36:25 +0000] "GET /detail/647531637.shtm HTTP/1.1" 404 12594 "-" "Mozilla/5.0 AppleWebKit/537.36 (KHTML, like Gecko; compatible; ClaudeBot/1.0; [email protected])"
216.73.216.165 - - [21/Jul/2025:21:36:28 +0000] "GET /detail/705574501.shtm HTTP/1.1" 404 12595 "-" "Mozilla/5.0 AppleWebKit/537.36 (KHTML, like Gecko; compatible; ClaudeBot/1.0; [email protected])"
