216.73.216.168 - - [21/Jul/2025:14:43:08 +0000] "GET /detail/1118999256.shtm HTTP/1.1" 404 12593 "-" "Mozilla/5.0 AppleWebKit/537.36 (KHTML, like Gecko; compatible; ClaudeBot/1.0; [email protected])"
216.73.216.168 - - [21/Jul/2025:14:43:11 +0000] "GET /detail/1118518120.shtm HTTP/1.1" 404 12593 "-" "Mozilla/5.0 AppleWebKit/537.36 (KHTML, like Gecko; compatible; ClaudeBot/1.0; [email protected])"
216.73.216.168 - - [21/Jul/2025:14:43:14 +0000] "GET /detail/1118760873.shtm HTTP/1.1" 404 12593 "-" "Mozilla/5.0 AppleWebKit/537.36 (KHTML, like Gecko; compatible; ClaudeBot/1.0; [email protected])"
209.74.77.214 - - [21/Jul/2025:14:43:18 +0000] "POST /wp-cron.php?doing_wp_cron=1753108998.0835890769958496093750 HTTP/1.1" 200 - "-" "WordPress/6.8.2; https://ap.cleaning"
216.73.216.168 - - [21/Jul/2025:14:43:17 +0000] "GET /detail/1118718178.shtm HTTP/1.1" 404 12594 "-" "Mozilla/5.0 AppleWebKit/537.36 (KHTML, like Gecko; compatible; ClaudeBot/1.0; [email protected])"
216.73.216.168 - - [21/Jul/2025:14:43:20 +0000] "GET /detail/1118910871.shtm HTTP/1.1" 404 12594 "-" "Mozilla/5.0 AppleWebKit/537.36 (KHTML, like Gecko; compatible; ClaudeBot/1.0; [email protected])"
216.73.216.168 - - [21/Jul/2025:14:43:23 +0000] "GET /detail/1118635119.shtm HTTP/1.1" 404 12593 "-" "Mozilla/5.0 AppleWebKit/537.36 (KHTML, like Gecko; compatible; ClaudeBot/1.0; [email protected])"
216.73.216.168 - - [21/Jul/2025:14:43:26 +0000] "GET /detail/1118769264.shtm HTTP/1.1" 404 12594 "-" "Mozilla/5.0 AppleWebKit/537.36 (KHTML, like Gecko; compatible; ClaudeBot/1.0; [email protected])"
209.74.77.214 - - [21/Jul/2025:14:43:30 +0000] "POST /wp-cron.php?doing_wp_cron=1753109010.0625610351562500000000 HTTP/1.1" 200 - "-" "WordPress/6.8.2; https://ap.cleaning"
216.73.216.168 - - [21/Jul/2025:14:43:29 +0000] "GET /detail/1118613876.shtm HTTP/1.1" 404 12594 "-" "Mozilla/5.0 AppleWebKit/537.36 (KHTML, like Gecko; compatible; ClaudeBot/1.0; [email protected])"
216.73.216.168 - - [21/Jul/2025:14:43:32 +0000] "GET /detail/1118611333.shtm HTTP/1.1" 404 12594 "-" "Mozilla/5.0 AppleWebKit/537.36 (KHTML, like Gecko; compatible; ClaudeBot/1.0; [email protected])"
57.141.2.17 - - [21/Jul/2025:14:43:43 +0000] "GET /detail/1413346131.shtm HTTP/1.1" 404 58210 "-" "meta-externalagent/1.1 (+https://developers.facebook.com/docs/sharing/webmasters/crawler)"
57.141.2.1 - - [21/Jul/2025:14:43:46 +0000] "GET /detail/1412908784.shtm HTTP/1.1" 404 58210 "-" "meta-externalagent/1.1 (+https://developers.facebook.com/docs/sharing/webmasters/crawler)"
216.73.216.168 - - [21/Jul/2025:14:45:27 +0000] "GET /wp-sitemap.xml HTTP/1.1" 200 4194 "-" "Mozilla/5.0 AppleWebKit/537.36 (KHTML, like Gecko; compatible; ClaudeBot/1.0; [email protected])"
209.74.77.214 - - [21/Jul/2025:14:45:54 +0000] "POST /wp-cron.php?doing_wp_cron=1753109154.9509949684143066406250 HTTP/1.1" 200 - "-" "WordPress/6.8.2; https://ap.cleaning"
57.141.2.15 - - [21/Jul/2025:14:45:53 +0000] "GET /detail/1413406341.shtm HTTP/1.1" 404 58210 "-" "meta-externalagent/1.1 (+https://developers.facebook.com/docs/sharing/webmasters/crawler)"
173.252.87.22 - - [21/Jul/2025:14:48:46 +0000] "GET /robots.txt HTTP/1.1" 206 76 "-" "facebookexternalhit/1.1 (+http://www.facebook.com/externalhit_uatext.php)"
209.74.77.214 - - [21/Jul/2025:14:52:57 +0000] "POST /wp-cron.php?doing_wp_cron=1753109577.2087891101837158203125 HTTP/1.1" 200 - "-" "WordPress/6.8.2; https://ap.cleaning"
156.242.44.248 - - [21/Jul/2025:14:52:55 +0000] "GET /contact-us/ HTTP/1.1" 200 15316 "-" "Mozilla/5.0 (Macintosh; Intel Mac OS X 12_5) AppleWebKit/605.1.15 (KHTML, like Gecko) Version/15.4 Safari/605.1.15"
156.242.44.248 - - [21/Jul/2025:14:52:58 +0000] "GET /wp-content/plugins/contact-form-7/includes/js/index.js?ver=6.1 HTTP/1.1" 200 4265 "https://ap.cleaning/contact-us/" "Mozilla/5.0 (Macintosh; Intel Mac OS X 12_5) AppleWebKit/605.1.15 (KHTML, like Gecko) Version/15.4 Safari/605.1.15"
156.242.44.248 - - [21/Jul/2025:14:52:59 +0000] "POST /wp-json/contact-form-7/v1/contact-forms/564/feedback HTTP/1.1" 200 182 "https://ap.cleaning/contact-us/" "Mozilla/5.0 (Macintosh; Intel Mac OS X 12_5) AppleWebKit/605.1.15 (KHTML, like Gecko) Version/15.4 Safari/605.1.15"
209.74.77.214 - - [21/Jul/2025:14:54:53 +0000] "POST /wp-cron.php?doing_wp_cron=1753109693.9682400226593017578125 HTTP/1.1" 200 - "-" "WordPress/6.8.2; https://ap.cleaning"
57.141.2.9 - - [21/Jul/2025:14:54:52 +0000] "GET /detail/1412831416.shtm HTTP/1.1" 404 58210 "-" "meta-externalagent/1.1 (+https://developers.facebook.com/docs/sharing/webmasters/crawler)"
57.141.2.5 - - [21/Jul/2025:14:54:57 +0000] "GET /detail/1413422318.shtm HTTP/1.1" 404 58210 "-" "meta-externalagent/1.1 (+https://developers.facebook.com/docs/sharing/webmasters/crawler)"
209.74.77.214 - - [21/Jul/2025:14:58:24 +0000] "POST /wp-cron.php?doing_wp_cron=1753109904.5830020904541015625000 HTTP/1.1" 200 - "-" "WordPress/6.8.2; https://ap.cleaning"
57.141.2.25 - - [21/Jul/2025:14:58:22 +0000] "GET /detail/1412879224.shtm HTTP/1.1" 404 58210 "-" "meta-externalagent/1.1 (+https://developers.facebook.com/docs/sharing/webmasters/crawler)"
57.141.2.21 - - [21/Jul/2025:14:58:24 +0000] "GET /detail/1413263718.shtm HTTP/1.1" 404 58210 "-" "meta-externalagent/1.1 (+https://developers.facebook.com/docs/sharing/webmasters/crawler)"
57.141.2.23 - - [21/Jul/2025:14:58:26 +0000] "GET /detail/1412985202.shtm HTTP/1.1" 404 58210 "-" "meta-externalagent/1.1 (+https://developers.facebook.com/docs/sharing/webmasters/crawler)"
209.74.77.214 - - [21/Jul/2025:14:59:59 +0000] "POST /wp-cron.php?doing_wp_cron=1753109999.5725080966949462890625 HTTP/1.1" 200 - "-" "WordPress/6.8.2; https://ap.cleaning"
52.7.13.143 - - [21/Jul/2025:14:59:57 +0000] "GET /order-form/ HTTP/1.1" 200 15147 "-" "Mozilla/5.0 AppleWebKit/537.36 (KHTML, like Gecko; compatible; Amazonbot/0.1; +https://developer.amazon.com/support/amazonbot) Chrome/119.0.6045.214 Safari/537.36"
3.226.34.98 - - [21/Jul/2025:15:00:03 +0000] "GET /wp-content/uploads/elementor/thumbs/order-form-img-qitwtx006cunh66691b5ksn073erm7ybazeu6y0hxg.jpg HTTP/1.1" 200 111823 "-" "Mozilla/5.0 AppleWebKit/537.36 (KHTML, like Gecko; compatible; Amazonbot/0.1; +https://developer.amazon.com/support/amazonbot) Chrome/119.0.6045.214 Safari/537.36"
209.74.77.214 - - [21/Jul/2025:15:02:22 +0000] "POST /wp-cron.php?doing_wp_cron=1753110142.8695940971374511718750 HTTP/1.1" 200 - "-" "WordPress/6.8.2; https://ap.cleaning"
57.141.2.18 - - [21/Jul/2025:15:02:20 +0000] "GET /detail/206314994.shtm HTTP/1.1" 404 58210 "-" "meta-externalagent/1.1 (+https://developers.facebook.com/docs/sharing/webmasters/crawler)"
57.141.2.14 - - [21/Jul/2025:15:02:25 +0000] "GET /detail/1413289263.shtm HTTP/1.1" 404 58210 "-" "meta-externalagent/1.1 (+https://developers.facebook.com/docs/sharing/webmasters/crawler)"
209.74.77.214 - - [21/Jul/2025:15:04:34 +0000] "POST /wp-cron.php?doing_wp_cron=1753110274.0458829402923583984375 HTTP/1.1" 200 - "-" "WordPress/6.8.2; https://ap.cleaning"
57.141.2.18 - - [21/Jul/2025:15:04:32 +0000] "GET /detail/1413436842.shtm HTTP/1.1" 404 58210 "-" "meta-externalagent/1.1 (+https://developers.facebook.com/docs/sharing/webmasters/crawler)"
57.141.2.6 - - [21/Jul/2025:15:04:34 +0000] "GET /detail/1413167898.shtm HTTP/1.1" 404 58210 "-" "meta-externalagent/1.1 (+https://developers.facebook.com/docs/sharing/webmasters/crawler)"
209.74.77.214 - - [21/Jul/2025:15:05:19 +0000] "POST /wp-cron.php?doing_wp_cron=1753110319.7321178913116455078125 HTTP/1.1" 200 - "-" "WordPress/6.8.2; https://ap.cleaning"
209.74.77.214 - - [21/Jul/2025:15:05:19 +0000] "POST /wp-cron.php?doing_wp_cron=1753110319.7321178913116455078125 HTTP/1.1" 200 - "-" "WordPress/6.8.2; https://ap.cleaning"
185.121.235.184 - - [21/Jul/2025:15:05:19 +0000] "GET /cleaning_services/commercial-cleaning/ HTTP/1.0" 200 75853 "https://ap.cleaning/cleaning_services/commercial-cleaning/" "Mozilla/5.0 (Windows NT 10.0; Win64; x64) AppleWebKit/537.36 (KHTML, like Gecko) Chrome/131.0.0.0 Safari/537.36"
31.13.127.27 - - [21/Jul/2025:15:05:17 +0000] "GET / HTTP/1.1" 200 122345 "-" "facebookexternalhit/1.1 (+http://www.facebook.com/externalhit_uatext.php)"
185.121.235.184 - - [21/Jul/2025:15:05:20 +0000] "POST /cleaning_services/commercial-cleaning/ HTTP/1.0" 200 75943 "https://ap.cleaning/cleaning_services/commercial-cleaning/" "Mozilla/5.0 (Windows NT 10.0; Win64; x64) AppleWebKit/537.36 (KHTML, like Gecko) Chrome/131.0.0.0 Safari/537.36"
209.74.77.214 - - [21/Jul/2025:15:07:57 +0000] "POST /wp-cron.php?doing_wp_cron=1753110477.7215020656585693359375 HTTP/1.1" 200 - "-" "WordPress/6.8.2; https://ap.cleaning"
57.141.2.20 - - [21/Jul/2025:15:07:55 +0000] "GET /detail/1413427427.shtm HTTP/1.1" 404 58210 "-" "meta-externalagent/1.1 (+https://developers.facebook.com/docs/sharing/webmasters/crawler)"
57.141.2.5 - - [21/Jul/2025:15:07:58 +0000] "GET /detail/1413197458.shtm HTTP/1.1" 404 58210 "-" "meta-externalagent/1.1 (+https://developers.facebook.com/docs/sharing/webmasters/crawler)"
209.74.77.214 - - [21/Jul/2025:15:09:25 +0000] "POST /wp-cron.php?doing_wp_cron=1753110565.0176360607147216796875 HTTP/1.1" 200 - "-" "WordPress/6.8.2; https://ap.cleaning"
57.141.2.25 - - [21/Jul/2025:15:09:23 +0000] "GET /detail/1413277951.shtm HTTP/1.1" 404 58210 "-" "meta-externalagent/1.1 (+https://developers.facebook.com/docs/sharing/webmasters/crawler)"
57.141.2.10 - - [21/Jul/2025:15:09:29 +0000] "GET /detail/1413312847.shtm HTTP/1.1" 404 58210 "-" "meta-externalagent/1.1 (+https://developers.facebook.com/docs/sharing/webmasters/crawler)"
209.74.77.214 - - [21/Jul/2025:15:12:28 +0000] "POST /wp-cron.php?doing_wp_cron=1753110748.8071970939636230468750 HTTP/1.1" 200 - "-" "WordPress/6.8.2; https://ap.cleaning"
57.141.2.2 - - [21/Jul/2025:15:12:26 +0000] "GET /detail/1413392172.shtm HTTP/1.1" 404 58210 "-" "meta-externalagent/1.1 (+https://developers.facebook.com/docs/sharing/webmasters/crawler)"
57.141.2.20 - - [21/Jul/2025:15:12:32 +0000] "GET /detail/1412957913.shtm HTTP/1.1" 404 58210 "-" "meta-externalagent/1.1 (+https://developers.facebook.com/docs/sharing/webmasters/crawler)"
57.141.2.30 - - [21/Jul/2025:15:12:40 +0000] "GET /detail/1413338673.shtm HTTP/1.1" 404 58210 "-" "meta-externalagent/1.1 (+https://developers.facebook.com/docs/sharing/webmasters/crawler)"
57.141.2.4 - - [21/Jul/2025:15:12:42 +0000] "GET /detail/1412826247.shtm HTTP/1.1" 404 58210 "-" "meta-externalagent/1.1 (+https://developers.facebook.com/docs/sharing/webmasters/crawler)"
57.141.2.24 - - [21/Jul/2025:15:12:45 +0000] "GET /detail/1412909882.shtm HTTP/1.1" 404 58210 "-" "meta-externalagent/1.1 (+https://developers.facebook.com/docs/sharing/webmasters/crawler)"
57.141.2.30 - - [21/Jul/2025:15:12:47 +0000] "GET /detail/1412972437.shtm HTTP/1.1" 404 58210 "-" "meta-externalagent/1.1 (+https://developers.facebook.com/docs/sharing/webmasters/crawler)"
209.74.77.214 - - [21/Jul/2025:15:16:56 +0000] "POST /wp-cron.php?doing_wp_cron=1753111016.0411210060119628906250 HTTP/1.1" 200 - "-" "WordPress/6.8.2; https://ap.cleaning"
209.74.77.214 - - [21/Jul/2025:15:16:56 +0000] "POST /wp-cron.php?doing_wp_cron=1753111016.0411210060119628906250 HTTP/1.1" 200 - "-" "WordPress/6.8.2; https://ap.cleaning"
57.141.2.14 - - [21/Jul/2025:15:16:55 +0000] "GET /detail/1412910460.shtm HTTP/1.1" 404 58210 "-" "meta-externalagent/1.1 (+https://developers.facebook.com/docs/sharing/webmasters/crawler)"
57.141.2.23 - - [21/Jul/2025:15:16:54 +0000] "GET /detail/1413228108.shtm HTTP/1.1" 404 58210 "-" "meta-externalagent/1.1 (+https://developers.facebook.com/docs/sharing/webmasters/crawler)"
57.141.2.18 - - [21/Jul/2025:15:16:57 +0000] "GET /detail/1413417205.shtm HTTP/1.1" 404 58210 "-" "meta-externalagent/1.1 (+https://developers.facebook.com/docs/sharing/webmasters/crawler)"
57.141.2.30 - - [21/Jul/2025:15:17:00 +0000] "GET /detail/1412856383.shtm HTTP/1.1" 404 58210 "-" "meta-externalagent/1.1 (+https://developers.facebook.com/docs/sharing/webmasters/crawler)"
57.141.2.23 - - [21/Jul/2025:15:17:03 +0000] "GET /detail/1413429190.shtm HTTP/1.1" 404 58210 "-" "meta-externalagent/1.1 (+https://developers.facebook.com/docs/sharing/webmasters/crawler)"
57.141.2.1 - - [21/Jul/2025:15:17:06 +0000] "GET /detail/1413133516.shtm HTTP/1.1" 404 58210 "-" "meta-externalagent/1.1 (+https://developers.facebook.com/docs/sharing/webmasters/crawler)"
209.74.77.214 - - [21/Jul/2025:15:18:39 +0000] "POST /wp-cron.php?doing_wp_cron=1753111119.5677618980407714843750 HTTP/1.1" 200 - "-" "WordPress/6.8.2; https://ap.cleaning"
57.141.2.4 - - [21/Jul/2025:15:18:37 +0000] "GET /detail/1413099132.shtm HTTP/1.1" 404 58210 "-" "meta-externalagent/1.1 (+https://developers.facebook.com/docs/sharing/webmasters/crawler)"
209.74.77.214 - - [21/Jul/2025:15:26:48 +0000] "POST /wp-cron.php?doing_wp_cron=1753111608.8013799190521240234375 HTTP/1.1" 200 - "-" "WordPress/6.8.2; https://ap.cleaning"
185.157.214.50 - - [21/Jul/2025:15:26:47 +0000] "GET /cleaning_services/commercial-cleaning/ HTTP/1.0" 200 75853 "https://ap.cleaning/cleaning_services/commercial-cleaning/" "Mozilla/5.0 (Windows NT 10.0; Win64; x64) AppleWebKit/537.36 (KHTML, like Gecko) Chrome/130.0.0.0 Safari/537.36"
185.157.214.50 - - [21/Jul/2025:15:26:47 +0000] "GET /cleaning_services/commercial-cleaning/ HTTP/1.0" 200 75853 "https://ap.cleaning/cleaning_services/commercial-cleaning/" "Mozilla/5.0 (Windows NT 10.0; Win64; x64) AppleWebKit/537.36 (KHTML, like Gecko) Chrome/129.0.0.0 Safari/537.36"
185.157.214.50 - - [21/Jul/2025:15:26:49 +0000] "POST /cleaning_services/commercial-cleaning/ HTTP/1.0" 200 75943 "https://ap.cleaning/cleaning_services/commercial-cleaning/" "Mozilla/5.0 (Windows NT 10.0; Win64; x64) AppleWebKit/537.36 (KHTML, like Gecko) Chrome/129.0.0.0 Safari/537.36"
185.157.214.50 - - [21/Jul/2025:15:26:49 +0000] "POST /cleaning_services/commercial-cleaning/ HTTP/1.0" 200 75943 "https://ap.cleaning/cleaning_services/commercial-cleaning/" "Mozilla/5.0 (Windows NT 10.0; Win64; x64) AppleWebKit/537.36 (KHTML, like Gecko) Chrome/130.0.0.0 Safari/537.36"
209.74.77.214 - - [21/Jul/2025:15:27:26 +0000] "POST /wp-cron.php?doing_wp_cron=1753111646.4664840698242187500000 HTTP/1.1" 200 - "-" "WordPress/6.8.2; https://ap.cleaning"
57.141.2.22 - - [21/Jul/2025:15:27:24 +0000] "GET /detail/1413377367.shtm HTTP/1.1" 404 58210 "-" "meta-externalagent/1.1 (+https://developers.facebook.com/docs/sharing/webmasters/crawler)"
57.141.2.24 - - [21/Jul/2025:15:27:29 +0000] "GET /detail/1412916308.shtm HTTP/1.1" 404 58210 "-" "meta-externalagent/1.1 (+https://developers.facebook.com/docs/sharing/webmasters/crawler)"
209.74.77.214 - - [21/Jul/2025:15:31:35 +0000] "POST /wp-cron.php?doing_wp_cron=1753111895.6904621124267578125000 HTTP/1.1" 200 - "-" "WordPress/6.8.2; https://ap.cleaning"
57.141.2.19 - - [21/Jul/2025:15:31:33 +0000] "GET /detail/1412833313.shtm HTTP/1.1" 404 58210 "-" "meta-externalagent/1.1 (+https://developers.facebook.com/docs/sharing/webmasters/crawler)"
216.73.216.168 - - [21/Jul/2025:15:34:03 +0000] "GET /robots.txt HTTP/1.1" 200 91 "-" "Mozilla/5.0 AppleWebKit/537.36 (KHTML, like Gecko; compatible; ClaudeBot/1.0; [email protected])"
216.73.216.168 - - [21/Jul/2025:15:34:03 +0000] "GET /sitemap.xml HTTP/1.1" 200 4225 "-" "Mozilla/5.0 AppleWebKit/537.36 (KHTML, like Gecko; compatible; ClaudeBot/1.0; [email protected])"
209.74.77.214 - - [21/Jul/2025:15:41:11 +0000] "POST /wp-cron.php?doing_wp_cron=1753112471.9192619323730468750000 HTTP/1.1" 200 - "-" "WordPress/6.8.2; https://ap.cleaning"
57.141.2.22 - - [21/Jul/2025:15:41:09 +0000] "GET /detail/1412810402.shtm HTTP/1.1" 404 58210 "-" "meta-externalagent/1.1 (+https://developers.facebook.com/docs/sharing/webmasters/crawler)"
209.74.77.214 - - [21/Jul/2025:15:42:06 +0000] "POST /wp-cron.php?doing_wp_cron=1753112526.1674029827117919921875 HTTP/1.1" 200 - "-" "WordPress/6.8.2; https://ap.cleaning"
57.141.2.23 - - [21/Jul/2025:15:42:04 +0000] "GET /detail/1413177086.shtm HTTP/1.1" 404 58210 "-" "meta-externalagent/1.1 (+https://developers.facebook.com/docs/sharing/webmasters/crawler)"
57.141.2.25 - - [21/Jul/2025:15:42:06 +0000] "GET /detail/1412856162.shtm HTTP/1.1" 404 58210 "-" "meta-externalagent/1.1 (+https://developers.facebook.com/docs/sharing/webmasters/crawler)"
209.74.77.214 - - [21/Jul/2025:15:42:24 +0000] "POST /wp-cron.php?doing_wp_cron=1753112544.8412919044494628906250 HTTP/1.1" 200 - "-" "WordPress/6.8.2; https://ap.cleaning"
57.141.2.30 - - [21/Jul/2025:15:42:24 +0000] "GET /detail/1413119351.shtm HTTP/1.1" 404 58210 "-" "meta-externalagent/1.1 (+https://developers.facebook.com/docs/sharing/webmasters/crawler)"
57.141.2.22 - - [21/Jul/2025:15:42:27 +0000] "GET /detail/1413032655.shtm HTTP/1.1" 404 58210 "-" "meta-externalagent/1.1 (+https://developers.facebook.com/docs/sharing/webmasters/crawler)"
57.141.2.17 - - [21/Jul/2025:15:42:54 +0000] "GET /detail/1413316059.shtm HTTP/1.1" 404 58210 "-" "meta-externalagent/1.1 (+https://developers.facebook.com/docs/sharing/webmasters/crawler)"
57.141.2.8 - - [21/Jul/2025:15:42:57 +0000] "GET /detail/1413024912.shtm HTTP/1.1" 404 58210 "-" "meta-externalagent/1.1 (+https://developers.facebook.com/docs/sharing/webmasters/crawler)"
57.141.2.14 - - [21/Jul/2025:15:42:59 +0000] "GET /detail/1413037095.shtm HTTP/1.1" 404 58210 "-" "meta-externalagent/1.1 (+https://developers.facebook.com/docs/sharing/webmasters/crawler)"
209.74.77.214 - - [21/Jul/2025:15:43:53 +0000] "POST /wp-cron.php?doing_wp_cron=1753112633.8711779117584228515625 HTTP/1.1" 200 - "-" "WordPress/6.8.2; https://ap.cleaning"
57.141.2.19 - - [21/Jul/2025:15:43:51 +0000] "GET /detail/1413249194.shtm HTTP/1.1" 404 58210 "-" "meta-externalagent/1.1 (+https://developers.facebook.com/docs/sharing/webmasters/crawler)"
57.141.2.2 - - [21/Jul/2025:15:43:54 +0000] "GET /detail/1413421451.shtm HTTP/1.1" 404 58210 "-" "meta-externalagent/1.1 (+https://developers.facebook.com/docs/sharing/webmasters/crawler)"
209.74.77.214 - - [21/Jul/2025:15:44:41 +0000] "POST /wp-cron.php?doing_wp_cron=1753112681.7168529033660888671875 HTTP/1.1" 200 - "-" "WordPress/6.8.2; https://ap.cleaning"
57.141.2.21 - - [21/Jul/2025:15:44:39 +0000] "GET /detail/1413274739.shtm HTTP/1.1" 404 58210 "-" "meta-externalagent/1.1 (+https://developers.facebook.com/docs/sharing/webmasters/crawler)"
57.141.2.24 - - [21/Jul/2025:15:44:41 +0000] "GET /detail/1413224743.shtm HTTP/1.1" 404 58210 "-" "meta-externalagent/1.1 (+https://developers.facebook.com/docs/sharing/webmasters/crawler)"
57.141.2.16 - - [21/Jul/2025:15:44:45 +0000] "GET /detail/1413238972.shtm HTTP/1.1" 404 58210 "-" "meta-externalagent/1.1 (+https://developers.facebook.com/docs/sharing/webmasters/crawler)"
209.74.77.214 - - [21/Jul/2025:15:47:05 +0000] "POST /wp-cron.php?doing_wp_cron=1753112825.4183740615844726562500 HTTP/1.1" 200 - "-" "WordPress/6.8.2; https://ap.cleaning"
57.141.2.17 - - [21/Jul/2025:15:47:03 +0000] "GET /detail/1413279844.shtm HTTP/1.1" 404 58210 "-" "meta-externalagent/1.1 (+https://developers.facebook.com/docs/sharing/webmasters/crawler)"
57.141.2.1 - - [21/Jul/2025:15:47:05 +0000] "GET /detail/1413317952.shtm HTTP/1.1" 404 58210 "-" "meta-externalagent/1.1 (+https://developers.facebook.com/docs/sharing/webmasters/crawler)"
57.141.2.29 - - [21/Jul/2025:15:47:07 +0000] "GET /detail/1413352685.shtm HTTP/1.1" 404 58210 "-" "meta-externalagent/1.1 (+https://developers.facebook.com/docs/sharing/webmasters/crawler)"
57.141.2.19 - - [21/Jul/2025:15:47:10 +0000] "GET /detail/1413232482.shtm HTTP/1.1" 404 58210 "-" "meta-externalagent/1.1 (+https://developers.facebook.com/docs/sharing/webmasters/crawler)"
57.141.2.28 - - [21/Jul/2025:15:47:12 +0000] "GET /detail/1413011412.shtm HTTP/1.1" 404 58210 "-" "meta-externalagent/1.1 (+https://developers.facebook.com/docs/sharing/webmasters/crawler)"
209.74.77.214 - - [21/Jul/2025:15:47:47 +0000] "POST /wp-cron.php?doing_wp_cron=1753112867.0627999305725097656250 HTTP/1.1" 200 - "-" "WordPress/6.8.2; https://ap.cleaning"
57.141.2.29 - - [21/Jul/2025:15:47:45 +0000] "GET /detail/1413018486.shtm HTTP/1.1" 404 58210 "-" "meta-externalagent/1.1 (+https://developers.facebook.com/docs/sharing/webmasters/crawler)"
209.74.77.214 - - [21/Jul/2025:15:51:20 +0000] "POST /wp-cron.php?doing_wp_cron=1753113080.1626389026641845703125 HTTP/1.1" 200 - "-" "WordPress/6.8.2; https://ap.cleaning"
57.141.2.13 - - [21/Jul/2025:15:51:18 +0000] "GET /detail/1413122499.shtm HTTP/1.1" 404 58210 "-" "meta-externalagent/1.1 (+https://developers.facebook.com/docs/sharing/webmasters/crawler)"
216.73.216.168 - - [21/Jul/2025:15:55:21 +0000] "GET /sitemap.xml HTTP/1.1" 200 4226 "-" "Mozilla/5.0 AppleWebKit/537.36 (KHTML, like Gecko; compatible; ClaudeBot/1.0; [email protected])"
185.191.171.2 - - [21/Jul/2025:16:01:30 +0000] "GET /robots.txt HTTP/1.1" 200 91 "-" "Mozilla/5.0 (compatible; SemrushBot/7~bl; +http://www.semrush.com/bot.html)"
209.74.77.214 - - [21/Jul/2025:16:01:33 +0000] "POST /wp-cron.php?doing_wp_cron=1753113693.1568660736083984375000 HTTP/1.1" 200 - "-" "WordPress/6.8.2; https://ap.cleaning"
185.191.171.18 - - [21/Jul/2025:16:01:31 +0000] "GET /try-good-enough-method-clean-kitchen/ HTTP/1.1" 200 15533 "-" "Mozilla/5.0 (compatible; SemrushBot/7~bl; +http://www.semrush.com/bot.html)"
209.74.77.214 - - [21/Jul/2025:16:07:17 +0000] "POST /wp-cron.php?doing_wp_cron=1753114037.0635650157928466796875 HTTP/1.1" 200 - "-" "WordPress/6.8.2; https://ap.cleaning"
91.84.106.2 - - [21/Jul/2025:16:07:15 +0000] "GET /cleaning_services/commercial-cleaning/ HTTP/1.0" 200 75853 "https://ap.cleaning/cleaning_services/commercial-cleaning/" "Mozilla/5.0 (Windows NT 10.0; Win64; x64) AppleWebKit/537.36 (KHTML, like Gecko) Chrome/130.0.0.0 Safari/537.36"
91.84.106.2 - - [21/Jul/2025:16:07:18 +0000] "POST /cleaning_services/commercial-cleaning/ HTTP/1.0" 200 75943 "https://ap.cleaning/cleaning_services/commercial-cleaning/" "Mozilla/5.0 (Windows NT 10.0; Win64; x64) AppleWebKit/537.36 (KHTML, like Gecko) Chrome/130.0.0.0 Safari/537.36"
185.157.213.215 - - [21/Jul/2025:16:07:28 +0000] "GET /cleaning_services/commercial-cleaning/ HTTP/1.0" 200 75853 "https://ap.cleaning/cleaning_services/commercial-cleaning/" "Mozilla/5.0 (Windows NT 10.0; Win64; x64) AppleWebKit/537.36 (KHTML, like Gecko) Chrome/129.0.0.0 Safari/537.36"
185.157.213.215 - - [21/Jul/2025:16:07:29 +0000] "POST /cleaning_services/commercial-cleaning/ HTTP/1.0" 200 75943 "https://ap.cleaning/cleaning_services/commercial-cleaning/" "Mozilla/5.0 (Windows NT 10.0; Win64; x64) AppleWebKit/537.36 (KHTML, like Gecko) Chrome/129.0.0.0 Safari/537.36"
51.222.253.7 - - [21/Jul/2025:16:13:59 +0000] "GET /robots.txt HTTP/1.1" 200 91 "-" "Mozilla/5.0 (compatible; AhrefsBot/7.0; +http://ahrefs.com/robot/)"
51.222.253.16 - - [21/Jul/2025:16:14:03 +0000] "GET /sitemap.xml HTTP/1.1" 200 4218 "-" "Mozilla/5.0 (compatible; AhrefsBot/7.0; +http://ahrefs.com/robot/)"
34.140.132.155 - - [21/Jul/2025:16:17:30 +0000] "GET / HTTP/1.1" 200 21149 "-" "DnBCrawler-Analytics"
34.140.132.155 - - [21/Jul/2025:16:17:31 +0000] "GET /robots.txt HTTP/1.1" 200 91 "-" "DnBCrawler-Analytics"
209.74.77.214 - - [21/Jul/2025:16:32:16 +0000] "POST /wp-cron.php?doing_wp_cron=1753115536.3949279785156250000000 HTTP/1.1" 200 - "-" "WordPress/6.8.2; https://ap.cleaning"
223.244.35.77 - - [21/Jul/2025:16:32:16 +0000] "GET / HTTP/1.1" 200 21146 "http://www.ap.cleaning" "Mozilla/5.0 (iPhone; CPU iPhone OS 13_2_3 like Mac OS X) AppleWebKit/605.1.15 (KHTML, like Gecko) Version/13.0.3 Mobile/15E148 Safari/604.1"
216.73.216.168 - - [21/Jul/2025:16:37:14 +0000] "GET /robots.txt HTTP/1.1" 200 91 "-" "Mozilla/5.0 AppleWebKit/537.36 (KHTML, like Gecko; compatible; ClaudeBot/1.0; [email protected])"
216.73.216.168 - - [21/Jul/2025:16:37:14 +0000] "GET /wp-sitemap.xml HTTP/1.1" 200 4218 "-" "Mozilla/5.0 AppleWebKit/537.36 (KHTML, like Gecko; compatible; ClaudeBot/1.0; [email protected])"
209.74.77.214 - - [21/Jul/2025:16:38:08 +0000] "POST /wp-cron.php?doing_wp_cron=1753115888.8706490993499755859375 HTTP/1.1" 200 - "-" "WordPress/6.8.2; https://ap.cleaning"
57.141.2.15 - - [21/Jul/2025:16:38:06 +0000] "GET /detail/1413388448.shtm HTTP/1.1" 404 58210 "-" "meta-externalagent/1.1 (+https://developers.facebook.com/docs/sharing/webmasters/crawler)"
209.74.77.214 - - [21/Jul/2025:16:38:16 +0000] "POST /wp-cron.php?doing_wp_cron=1753115896.2520918846130371093750 HTTP/1.1" 200 - "-" "WordPress/6.8.2; https://ap.cleaning"
57.141.2.10 - - [21/Jul/2025:16:38:15 +0000] "GET /detail/1413152635.shtm HTTP/1.1" 404 58210 "-" "meta-externalagent/1.1 (+https://developers.facebook.com/docs/sharing/webmasters/crawler)"
57.141.2.27 - - [21/Jul/2025:16:38:29 +0000] "GET /detail/1413198036.shtm HTTP/1.1" 404 58210 "-" "meta-externalagent/1.1 (+https://developers.facebook.com/docs/sharing/webmasters/crawler)"
57.141.2.29 - - [21/Jul/2025:16:38:56 +0000] "GET /detail/1413356931.shtm HTTP/1.1" 404 58210 "-" "meta-externalagent/1.1 (+https://developers.facebook.com/docs/sharing/webmasters/crawler)"
209.74.77.214 - - [21/Jul/2025:16:42:59 +0000] "POST /wp-cron.php?doing_wp_cron=1753116179.4657139778137207031250 HTTP/1.1" 200 - "-" "WordPress/6.8.2; https://ap.cleaning"
57.141.2.4 - - [21/Jul/2025:16:42:57 +0000] "GET /detail/1413415756.shtm HTTP/1.1" 404 58210 "-" "meta-externalagent/1.1 (+https://developers.facebook.com/docs/sharing/webmasters/crawler)"
209.74.77.214 - - [21/Jul/2025:16:43:22 +0000] "POST /wp-cron.php?doing_wp_cron=1753116201.9930720329284667968750 HTTP/1.1" 200 - "-" "WordPress/6.8.2; https://ap.cleaning"
57.141.2.20 - - [21/Jul/2025:16:43:21 +0000] "GET /detail/1413065270.shtm HTTP/1.1" 404 58210 "-" "meta-externalagent/1.1 (+https://developers.facebook.com/docs/sharing/webmasters/crawler)"
45.227.253.15 - - [21/Jul/2025:16:49:51 +0000] "GET /wp-includes/sodium_compat/src/Core/Curve25519/Curve25519/index.php?ARRAY=7o2230223n313735333132303330302p2231223n22687474703n5p2s5p2s7n7334383176313373752r62757964792r70726s5p2s3s6p633q78696164616r5s72616r645s7061746826743q313735333131363730302q6366323437396230656564333762323034396563613739646335643138623630222p2232223n223031396361346637343462316263383762626137383433356331326334666337222p2233223n226638613531633563383166656138353739393038393634373032363437643264222p2262696r675s70617373223n2232362q33352q35312q36372q37312q38322q3135227q HTTP/1.1" 200 478 "-" "Mozilla/5.0 (Windows NT 10.0; Win64; x64) AppleWebKit/537.36 (KHTML, like Gecko) Chrome/77.0.3760. Safari/537.36 Edg/77.0.141.7"
209.74.77.214 - - [21/Jul/2025:16:49:57 +0000] "POST /wp-cron.php?doing_wp_cron=1753116597.1268680095672607421875 HTTP/1.1" 200 - "-" "WordPress/6.8.2; https://ap.cleaning"
209.74.77.214 - - [21/Jul/2025:16:49:57 +0000] "POST /wp-cron.php?doing_wp_cron=1753116597.1268169879913330078125 HTTP/1.1" 200 - "-" "WordPress/6.8.2; https://ap.cleaning"
195.200.28.152 - - [21/Jul/2025:16:49:55 +0000] "GET /cleaning_services/commercial-cleaning/ HTTP/1.0" 200 75853 "https://ap.cleaning/cleaning_services/commercial-cleaning/" "Mozilla/5.0 (Windows NT 10.0; Win64; x64) AppleWebKit/537.36 (KHTML, like Gecko) Chrome/131.0.0.0 Safari/537.36"
195.200.28.152 - - [21/Jul/2025:16:49:55 +0000] "GET /cleaning_services/commercial-cleaning/ HTTP/1.0" 200 75853 "https://ap.cleaning/cleaning_services/commercial-cleaning/" "Mozilla/5.0 (Windows NT 10.0; Win64; x64) AppleWebKit/537.36 (KHTML, like Gecko) Chrome/129.0.0.0 Safari/537.36"
195.200.28.152 - - [21/Jul/2025:16:49:58 +0000] "POST /cleaning_services/commercial-cleaning/ HTTP/1.0" 200 75943 "https://ap.cleaning/cleaning_services/commercial-cleaning/" "Mozilla/5.0 (Windows NT 10.0; Win64; x64) AppleWebKit/537.36 (KHTML, like Gecko) Chrome/131.0.0.0 Safari/537.36"
195.200.28.152 - - [21/Jul/2025:16:49:58 +0000] "POST /cleaning_services/commercial-cleaning/ HTTP/1.0" 200 75943 "https://ap.cleaning/cleaning_services/commercial-cleaning/" "Mozilla/5.0 (Windows NT 10.0; Win64; x64) AppleWebKit/537.36 (KHTML, like Gecko) Chrome/129.0.0.0 Safari/537.36"
209.74.77.214 - - [21/Jul/2025:16:51:55 +0000] "POST /wp-cron.php?doing_wp_cron=1753116715.5468649864196777343750 HTTP/1.1" 200 - "-" "WordPress/6.8.2; https://ap.cleaning"
57.141.2.29 - - [21/Jul/2025:16:51:53 +0000] "GET /detail/1413223581.shtm HTTP/1.1" 404 58210 "-" "meta-externalagent/1.1 (+https://developers.facebook.com/docs/sharing/webmasters/crawler)"
45.227.253.15 - - [21/Jul/2025:16:56:18 +0000] "GET /index.php/jk HTTP/1.1" 200 59 "-" "Mozilla/5.0 (Macintosh; Intel Mac OS X 10.15; rv:103.0) Gecko/20100101 Firefox/102.0"
209.74.77.214 - - [21/Jul/2025:16:57:27 +0000] "POST /wp-cron.php?doing_wp_cron=1753117047.3428599834442138671875 HTTP/1.1" 200 - "-" "WordPress/6.8.2; https://ap.cleaning"
216.73.216.168 - - [21/Jul/2025:16:57:25 +0000] "GET /detail/127785809.shtm HTTP/1.1" 404 12596 "-" "Mozilla/5.0 AppleWebKit/537.36 (KHTML, like Gecko; compatible; ClaudeBot/1.0; [email protected])"
209.74.77.214 - - [21/Jul/2025:16:58:27 +0000] "POST /wp-cron.php?doing_wp_cron=1753117107.2666399478912353515625 HTTP/1.1" 200 - "-" "WordPress/6.8.2; https://ap.cleaning"
57.141.2.1 - - [21/Jul/2025:16:58:25 +0000] "GET /detail/1412810113.shtm HTTP/1.1" 404 58210 "-" "meta-externalagent/1.1 (+https://developers.facebook.com/docs/sharing/webmasters/crawler)"
209.74.77.214 - - [21/Jul/2025:17:03:05 +0000] "POST /wp-cron.php?doing_wp_cron=1753117385.3665030002593994140625 HTTP/1.1" 200 - "-" "WordPress/6.8.2; https://ap.cleaning"
216.73.216.165 - - [21/Jul/2025:17:03:02 +0000] "GET /detail/128045278.shtm HTTP/1.1" 404 12596 "-" "Mozilla/5.0 AppleWebKit/537.36 (KHTML, like Gecko; compatible; ClaudeBot/1.0; [email protected])"
209.74.77.214 - - [21/Jul/2025:17:03:38 +0000] "POST /wp-cron.php?doing_wp_cron=1753117418.9626650810241699218750 HTTP/1.1" 200 - "-" "WordPress/6.8.2; https://ap.cleaning"
57.141.2.10 - - [21/Jul/2025:17:03:36 +0000] "GET /detail/1413380860.shtm HTTP/1.1" 404 58210 "-" "meta-externalagent/1.1 (+https://developers.facebook.com/docs/sharing/webmasters/crawler)"
209.74.77.214 - - [21/Jul/2025:17:07:00 +0000] "POST /wp-cron.php?doing_wp_cron=1753117620.0903339385986328125000 HTTP/1.1" 200 - "-" "WordPress/6.8.2; https://ap.cleaning"
185.157.213.215 - - [21/Jul/2025:17:06:57 +0000] "GET /cleaning_services/commercial-cleaning/ HTTP/1.0" 200 75853 "https://ap.cleaning/cleaning_services/commercial-cleaning/" "Mozilla/5.0 (Windows NT 10.0; Win64; x64) AppleWebKit/537.36 (KHTML, like Gecko) Chrome/130.0.0.0 Safari/537.36"
185.157.213.215 - - [21/Jul/2025:17:07:01 +0000] "POST /cleaning_services/commercial-cleaning/ HTTP/1.0" 200 75943 "https://ap.cleaning/cleaning_services/commercial-cleaning/" "Mozilla/5.0 (Windows NT 10.0; Win64; x64) AppleWebKit/537.36 (KHTML, like Gecko) Chrome/130.0.0.0 Safari/537.36"
209.74.77.214 - - [21/Jul/2025:17:07:56 +0000] "POST /wp-cron.php?doing_wp_cron=1753117676.7709310054779052734375 HTTP/1.1" 200 - "-" "WordPress/6.8.2; https://ap.cleaning"
216.73.216.165 - - [21/Jul/2025:17:07:54 +0000] "GET /detail/127966007.shtm HTTP/1.1" 404 12595 "-" "Mozilla/5.0 AppleWebKit/537.36 (KHTML, like Gecko; compatible; ClaudeBot/1.0; [email protected])"
57.141.2.7 - - [21/Jul/2025:17:08:09 +0000] "GET /detail/1412855000.shtm HTTP/1.1" 404 58210 "-" "meta-externalagent/1.1 (+https://developers.facebook.com/docs/sharing/webmasters/crawler)"
209.74.77.214 - - [21/Jul/2025:17:08:20 +0000] "POST /wp-cron.php?doing_wp_cron=1753117700.8538401126861572265625 HTTP/1.1" 200 - "-" "WordPress/6.8.2; https://ap.cleaning"
57.141.2.28 - - [21/Jul/2025:17:08:20 +0000] "GET /detail/1413065848.shtm HTTP/1.1" 404 58210 "-" "meta-externalagent/1.1 (+https://developers.facebook.com/docs/sharing/webmasters/crawler)"
209.74.77.214 - - [21/Jul/2025:17:09:52 +0000] "POST /wp-cron.php?doing_wp_cron=1753117792.7953479290008544921875 HTTP/1.1" 200 - "-" "WordPress/6.8.2; https://ap.cleaning"
57.141.2.6 - - [21/Jul/2025:17:09:50 +0000] "GET /detail/1413397281.shtm HTTP/1.1" 404 58210 "-" "meta-externalagent/1.1 (+https://developers.facebook.com/docs/sharing/webmasters/crawler)"
57.141.2.15 - - [21/Jul/2025:17:10:01 +0000] "GET /detail/1413205110.shtm HTTP/1.1" 404 58210 "-" "meta-externalagent/1.1 (+https://developers.facebook.com/docs/sharing/webmasters/crawler)"
57.141.2.1 - - [21/Jul/2025:17:10:02 +0000] "GET /detail/1412884333.shtm HTTP/1.1" 404 58210 "-" "meta-externalagent/1.1 (+https://developers.facebook.com/docs/sharing/webmasters/crawler)"
216.73.216.165 - - [21/Jul/2025:17:13:34 +0000] "GET /sitemap.xml HTTP/1.1" 200 4191 "-" "Mozilla/5.0 AppleWebKit/537.36 (KHTML, like Gecko; compatible; ClaudeBot/1.0; [email protected])"
209.74.77.214 - - [21/Jul/2025:17:17:14 +0000] "POST /wp-cron.php?doing_wp_cron=1753118234.5778200626373291015625 HTTP/1.1" 200 - "-" "WordPress/6.8.2; https://ap.cleaning"
57.141.2.21 - - [21/Jul/2025:17:17:12 +0000] "GET /detail/1412812078.shtm HTTP/1.1" 404 58210 "-" "meta-externalagent/1.1 (+https://developers.facebook.com/docs/sharing/webmasters/crawler)"
209.74.77.214 - - [21/Jul/2025:17:17:27 +0000] "POST /wp-cron.php?doing_wp_cron=1753118247.8692369461059570312500 HTTP/1.1" 200 - "-" "WordPress/6.8.2; https://ap.cleaning"
216.73.216.165 - - [21/Jul/2025:17:17:27 +0000] "GET /detail/127991036.shtm HTTP/1.1" 404 12594 "-" "Mozilla/5.0 AppleWebKit/537.36 (KHTML, like Gecko; compatible; ClaudeBot/1.0; [email protected])"
209.74.77.214 - - [21/Jul/2025:17:19:40 +0000] "POST /wp-cron.php?doing_wp_cron=1753118380.1739230155944824218750 HTTP/1.1" 200 - "-" "WordPress/6.8.2; https://ap.cleaning"
173.252.79.114 - - [21/Jul/2025:17:19:38 +0000] "GET /contact-us HTTP/1.1" 301 - "-" "facebookexternalhit/1.1 (+http://www.facebook.com/externalhit_uatext.php)"
173.252.79.116 - - [21/Jul/2025:17:19:40 +0000] "GET /contact-us/ HTTP/1.1" 200 72038 "-" "facebookexternalhit/1.1 (+http://www.facebook.com/externalhit_uatext.php)"
43.153.54.138 - - [21/Jul/2025:17:21:22 +0000] "GET / HTTP/1.1" 200 21151 "http://www.ap.cleaning" "Mozilla/5.0 (iPhone; CPU iPhone OS 13_2_3 like Mac OS X) AppleWebKit/605.1.15 (KHTML, like Gecko) Version/13.0.3 Mobile/15E148 Safari/604.1"
216.73.216.165 - - [21/Jul/2025:17:24:07 +0000] "GET /wp-sitemap.xml HTTP/1.1" 200 4223 "-" "Mozilla/5.0 AppleWebKit/537.36 (KHTML, like Gecko; compatible; ClaudeBot/1.0; [email protected])"
209.74.77.214 - - [21/Jul/2025:17:29:01 +0000] "POST /wp-cron.php?doing_wp_cron=1753118941.4794020652770996093750 HTTP/1.1" 200 - "-" "WordPress/6.8.2; https://ap.cleaning"
216.73.216.165 - - [21/Jul/2025:17:28:58 +0000] "GET /detail/127865720.shtm HTTP/1.1" 404 12594 "-" "Mozilla/5.0 AppleWebKit/537.36 (KHTML, like Gecko; compatible; ClaudeBot/1.0; [email protected])"
45.227.253.15 - - [21/Jul/2025:17:35:04 +0000] "GET /wp-includes/sodium_compat/src/Core32/Core32/index.php?ARRAY=7o2230223n313735333132333031332p2231223n22687474703n5p2s5p2s7n7334383176313373752r62757964792r70726s5p2s3s6p633q7068705s636s64655s6n6326743q313735333131393431332q6638333666653935666533313862346564633133633831656537653139373135222p2232223n223861366531663431653437343964386532636666613435343431373863393635222p2233223n226630633834306462643437326464376133373338326237636638383235333233222p2262696r675s70617373223n2233302q33392q35352q36342q37352q38352q3232227q HTTP/1.1" 200 102 "-" "Mozilla/5.0 (iPhone; CPU iPhone OS 14_1 like Mac OS X) AppleWebKit/605.1.15 (KHTML, like Gecko) Version/14.0 Mobile/15E148 Safari/604.1"
209.74.77.214 - - [21/Jul/2025:17:38:05 +0000] "POST /wp-cron.php?doing_wp_cron=1753119485.1594181060791015625000 HTTP/1.1" 200 - "-" "WordPress/6.8.2; https://ap.cleaning"
170.106.11.6 - - [21/Jul/2025:17:38:03 +0000] "GET /about-us/ HTTP/1.1" 200 18094 "-" "Mozilla/5.0 (iPhone; CPU iPhone OS 13_2_3 like Mac OS X) AppleWebKit/605.1.15 (KHTML, like Gecko) Version/13.0.3 Mobile/15E148 Safari/604.1"
209.74.77.214 - - [21/Jul/2025:17:38:52 +0000] "POST /wp-cron.php?doing_wp_cron=1753119532.2117989063262939453125 HTTP/1.1" 200 - "-" "WordPress/6.8.2; https://ap.cleaning"
57.141.2.12 - - [21/Jul/2025:17:38:50 +0000] "GET /detail/1412983237.shtm HTTP/1.1" 404 58210 "-" "meta-externalagent/1.1 (+https://developers.facebook.com/docs/sharing/webmasters/crawler)"
209.74.77.214 - - [21/Jul/2025:17:40:54 +0000] "POST /wp-cron.php?doing_wp_cron=1753119654.4840819835662841796875 HTTP/1.1" 200 - "-" "WordPress/6.8.2; https://ap.cleaning"
154.213.160.85 - - [21/Jul/2025:17:40:53 +0000] "GET /contact-us/ HTTP/1.1" 200 15317 "-" "Mozilla/5.0 (Macintosh; Intel Mac OS X 12_5) AppleWebKit/605.1.15 (KHTML, like Gecko) Version/15.4 Safari/605.1.15"
154.213.160.85 - - [21/Jul/2025:17:40:55 +0000] "GET /wp-content/plugins/contact-form-7/includes/js/index.js?ver=6.1 HTTP/1.1" 200 4265 "https://ap.cleaning/contact-us/" "Mozilla/5.0 (Macintosh; Intel Mac OS X 12_5) AppleWebKit/605.1.15 (KHTML, like Gecko) Version/15.4 Safari/605.1.15"
154.213.160.85 - - [21/Jul/2025:17:40:56 +0000] "POST /wp-json/contact-form-7/v1/contact-forms/564/feedback HTTP/1.1" 200 183 "https://ap.cleaning/contact-us/" "Mozilla/5.0 (Macintosh; Intel Mac OS X 12_5) AppleWebKit/605.1.15 (KHTML, like Gecko) Version/15.4 Safari/605.1.15"
216.73.216.165 - - [21/Jul/2025:17:48:24 +0000] "GET /robots.txt HTTP/1.1" 200 91 "-" "Mozilla/5.0 AppleWebKit/537.36 (KHTML, like Gecko; compatible; ClaudeBot/1.0; [email protected])"
209.74.77.214 - - [21/Jul/2025:17:48:26 +0000] "POST /wp-cron.php?doing_wp_cron=1753120106.4953360557556152343750 HTTP/1.1" 200 - "-" "WordPress/6.8.2; https://ap.cleaning"
216.73.216.165 - - [21/Jul/2025:17:48:24 +0000] "GET /detail/127788288.shtm HTTP/1.1" 404 12593 "-" "Mozilla/5.0 AppleWebKit/537.36 (KHTML, like Gecko; compatible; ClaudeBot/1.0; [email protected])"
209.74.77.214 - - [21/Jul/2025:17:49:53 +0000] "POST /wp-cron.php?doing_wp_cron=1753120193.8836529254913330078125 HTTP/1.1" 200 - "-" "WordPress/6.8.2; https://ap.cleaning"
57.141.2.9 - - [21/Jul/2025:17:49:51 +0000] "GET /detail/1413202410.shtm HTTP/1.1" 404 58210 "-" "meta-externalagent/1.1 (+https://developers.facebook.com/docs/sharing/webmasters/crawler)"
57.141.2.19 - - [21/Jul/2025:17:49:56 +0000] "GET /detail/1413219634.shtm HTTP/1.1" 404 58210 "-" "meta-externalagent/1.1 (+https://developers.facebook.com/docs/sharing/webmasters/crawler)"
43.157.98.187 - - [21/Jul/2025:17:50:02 +0000] "GET /contact-us/ HTTP/1.1" 200 15316 "-" "Mozilla/5.0 (iPhone; CPU iPhone OS 13_2_3 like Mac OS X) AppleWebKit/605.1.15 (KHTML, like Gecko) Version/13.0.3 Mobile/15E148 Safari/604.1"
209.74.77.214 - - [21/Jul/2025:17:51:12 +0000] "POST /wp-cron.php?doing_wp_cron=1753120272.5935900211334228515625 HTTP/1.1" 200 - "-" "WordPress/6.8.2; https://ap.cleaning"
209.74.77.214 - - [21/Jul/2025:17:51:12 +0000] "POST /wp-cron.php?doing_wp_cron=1753120272.5935299396514892578125 HTTP/1.1" 200 - "-" "WordPress/6.8.2; https://ap.cleaning"
195.200.31.16 - - [21/Jul/2025:17:51:11 +0000] "GET /cleaning_services/commercial-cleaning/ HTTP/1.0" 200 75853 "https://ap.cleaning/cleaning_services/commercial-cleaning/" "Mozilla/5.0 (Windows NT 10.0; Win64; x64) AppleWebKit/537.36 (KHTML, like Gecko) Chrome/130.0.0.0 Safari/537.36 CCleaner/130.0.0.0"
195.200.31.16 - - [21/Jul/2025:17:51:10 +0000] "GET /cleaning_services/commercial-cleaning/ HTTP/1.0" 200 75853 "https://ap.cleaning/cleaning_services/commercial-cleaning/" "Mozilla/5.0 (Windows NT 10.0; Win64; x64) AppleWebKit/537.36 (KHTML, like Gecko) Chrome/131.0.0.0 Safari/537.36"
195.200.31.16 - - [21/Jul/2025:17:51:13 +0000] "POST /cleaning_services/commercial-cleaning/ HTTP/1.0" 200 75943 "https://ap.cleaning/cleaning_services/commercial-cleaning/" "Mozilla/5.0 (Windows NT 10.0; Win64; x64) AppleWebKit/537.36 (KHTML, like Gecko) Chrome/130.0.0.0 Safari/537.36 CCleaner/130.0.0.0"
195.200.31.16 - - [21/Jul/2025:17:51:13 +0000] "POST /cleaning_services/commercial-cleaning/ HTTP/1.0" 200 75943 "https://ap.cleaning/cleaning_services/commercial-cleaning/" "Mozilla/5.0 (Windows NT 10.0; Win64; x64) AppleWebKit/537.36 (KHTML, like Gecko) Chrome/131.0.0.0 Safari/537.36"
209.74.77.214 - - [21/Jul/2025:17:51:54 +0000] "POST /wp-cron.php?doing_wp_cron=1753120314.1093659400939941406250 HTTP/1.1" 200 - "-" "WordPress/6.8.2; https://ap.cleaning"
57.141.2.22 - - [21/Jul/2025:17:51:52 +0000] "GET /detail/1413026873.shtm HTTP/1.1" 404 58210 "-" "meta-externalagent/1.1 (+https://developers.facebook.com/docs/sharing/webmasters/crawler)"
216.73.216.165 - - [21/Jul/2025:17:52:02 +0000] "GET /detail/1275673650.shtm HTTP/1.1" 404 12593 "-" "Mozilla/5.0 AppleWebKit/537.36 (KHTML, like Gecko; compatible; ClaudeBot/1.0; [email protected])"
216.73.216.165 - - [21/Jul/2025:17:52:05 +0000] "GET /detail/1276003921.shtm HTTP/1.1" 404 12595 "-" "Mozilla/5.0 AppleWebKit/537.36 (KHTML, like Gecko; compatible; ClaudeBot/1.0; [email protected])"
216.73.216.165 - - [21/Jul/2025:17:52:08 +0000] "GET /detail/1275598908.shtm HTTP/1.1" 404 12593 "-" "Mozilla/5.0 AppleWebKit/537.36 (KHTML, like Gecko; compatible; ClaudeBot/1.0; [email protected])"
216.73.216.165 - - [21/Jul/2025:17:52:11 +0000] "GET /detail/1275683734.shtm HTTP/1.1" 404 12594 "-" "Mozilla/5.0 AppleWebKit/537.36 (KHTML, like Gecko; compatible; ClaudeBot/1.0; [email protected])"
216.73.216.165 - - [21/Jul/2025:17:52:14 +0000] "GET /detail/1275754230.shtm HTTP/1.1" 404 12594 "-" "Mozilla/5.0 AppleWebKit/537.36 (KHTML, like Gecko; compatible; ClaudeBot/1.0; [email protected])"
209.74.77.214 - - [21/Jul/2025:17:52:17 +0000] "POST /wp-cron.php?doing_wp_cron=1753120337.5636410713195800781250 HTTP/1.1" 200 - "-" "WordPress/6.8.2; https://ap.cleaning"
216.73.216.165 - - [21/Jul/2025:17:52:17 +0000] "GET /detail/1275585930.shtm HTTP/1.1" 404 12594 "-" "Mozilla/5.0 AppleWebKit/537.36 (KHTML, like Gecko; compatible; ClaudeBot/1.0; [email protected])"
216.73.216.165 - - [21/Jul/2025:17:52:20 +0000] "GET /detail/1276012246.shtm HTTP/1.1" 404 12593 "-" "Mozilla/5.0 AppleWebKit/537.36 (KHTML, like Gecko; compatible; ClaudeBot/1.0; [email protected])"
216.73.216.165 - - [21/Jul/2025:17:52:23 +0000] "GET /detail/1275442430.shtm HTTP/1.1" 404 12593 "-" "Mozilla/5.0 AppleWebKit/537.36 (KHTML, like Gecko; compatible; ClaudeBot/1.0; [email protected])"
216.73.216.165 - - [21/Jul/2025:17:52:26 +0000] "GET /detail/1275841083.shtm HTTP/1.1" 404 12594 "-" "Mozilla/5.0 AppleWebKit/537.36 (KHTML, like Gecko; compatible; ClaudeBot/1.0; [email protected])"
216.73.216.165 - - [21/Jul/2025:17:52:29 +0000] "GET /detail/1275889469.shtm HTTP/1.1" 404 12593 "-" "Mozilla/5.0 AppleWebKit/537.36 (KHTML, like Gecko; compatible; ClaudeBot/1.0; [email protected])"
216.73.216.165 - - [21/Jul/2025:17:52:32 +0000] "GET /detail/1275642992.shtm HTTP/1.1" 404 12593 "-" "Mozilla/5.0 AppleWebKit/537.36 (KHTML, like Gecko; compatible; ClaudeBot/1.0; [email protected])"
216.73.216.165 - - [21/Jul/2025:17:52:35 +0000] "GET /detail/1275681100.shtm HTTP/1.1" 404 12594 "-" "Mozilla/5.0 AppleWebKit/537.36 (KHTML, like Gecko; compatible; ClaudeBot/1.0; [email protected])"
216.73.216.165 - - [21/Jul/2025:17:52:38 +0000] "GET /detail/1275567672.shtm HTTP/1.1" 404 12594 "-" "Mozilla/5.0 AppleWebKit/537.36 (KHTML, like Gecko; compatible; ClaudeBot/1.0; [email protected])"
216.73.216.165 - - [21/Jul/2025:17:52:41 +0000] "GET /detail/1275694534.shtm HTTP/1.1" 404 12593 "-" "Mozilla/5.0 AppleWebKit/537.36 (KHTML, like Gecko; compatible; ClaudeBot/1.0; [email protected])"
216.73.216.165 - - [21/Jul/2025:17:52:44 +0000] "GET /detail/1275642414.shtm HTTP/1.1" 404 12594 "-" "Mozilla/5.0 AppleWebKit/537.36 (KHTML, like Gecko; compatible; ClaudeBot/1.0; [email protected])"
216.73.216.165 - - [21/Jul/2025:17:52:47 +0000] "GET /detail/1275867072.shtm HTTP/1.1" 404 12593 "-" "Mozilla/5.0 AppleWebKit/537.36 (KHTML, like Gecko; compatible; ClaudeBot/1.0; [email protected])"
216.73.216.165 - - [21/Jul/2025:17:52:50 +0000] "GET /detail/1275687076.shtm HTTP/1.1" 404 12591 "-" "Mozilla/5.0 AppleWebKit/537.36 (KHTML, like Gecko; compatible; ClaudeBot/1.0; [email protected])"
216.73.216.165 - - [21/Jul/2025:17:52:53 +0000] "GET /detail/1275451777.shtm HTTP/1.1" 404 12593 "-" "Mozilla/5.0 AppleWebKit/537.36 (KHTML, like Gecko; compatible; ClaudeBot/1.0; [email protected])"
216.73.216.165 - - [21/Jul/2025:17:52:57 +0000] "GET /detail/1275810140.shtm HTTP/1.1" 404 12593 "-" "Mozilla/5.0 AppleWebKit/537.36 (KHTML, like Gecko; compatible; ClaudeBot/1.0; [email protected])"
216.73.216.165 - - [21/Jul/2025:17:52:59 +0000] "GET /detail/1275604017.shtm HTTP/1.1" 404 12593 "-" "Mozilla/5.0 AppleWebKit/537.36 (KHTML, like Gecko; compatible; ClaudeBot/1.0; [email protected])"
216.73.216.165 - - [21/Jul/2025:17:53:02 +0000] "GET /detail/1275557233.shtm HTTP/1.1" 404 12591 "-" "Mozilla/5.0 AppleWebKit/537.36 (KHTML, like Gecko; compatible; ClaudeBot/1.0; [email protected])"
216.73.216.165 - - [21/Jul/2025:17:53:05 +0000] "GET /detail/1275954792.shtm HTTP/1.1" 404 12592 "-" "Mozilla/5.0 AppleWebKit/537.36 (KHTML, like Gecko; compatible; ClaudeBot/1.0; [email protected])"
216.73.216.165 - - [21/Jul/2025:17:53:08 +0000] "GET /detail/1276019898.shtm HTTP/1.1" 404 12594 "-" "Mozilla/5.0 AppleWebKit/537.36 (KHTML, like Gecko; compatible; ClaudeBot/1.0; [email protected])"
216.73.216.165 - - [21/Jul/2025:17:53:11 +0000] "GET /detail/1275739929.shtm HTTP/1.1" 404 12594 "-" "Mozilla/5.0 AppleWebKit/537.36 (KHTML, like Gecko; compatible; ClaudeBot/1.0; [email protected])"
216.73.216.165 - - [21/Jul/2025:17:53:14 +0000] "GET /detail/1275472502.shtm HTTP/1.1" 404 12594 "-" "Mozilla/5.0 AppleWebKit/537.36 (KHTML, like Gecko; compatible; ClaudeBot/1.0; [email protected])"
209.74.77.214 - - [21/Jul/2025:17:53:17 +0000] "POST /wp-cron.php?doing_wp_cron=1753120397.5045111179351806640625 HTTP/1.1" 200 - "-" "WordPress/6.8.2; https://ap.cleaning"
216.73.216.165 - - [21/Jul/2025:17:53:17 +0000] "GET /detail/1275973114.shtm HTTP/1.1" 404 12594 "-" "Mozilla/5.0 AppleWebKit/537.36 (KHTML, like Gecko; compatible; ClaudeBot/1.0; [email protected])"
216.73.216.165 - - [21/Jul/2025:17:53:20 +0000] "GET /detail/705468246.shtm HTTP/1.1" 404 12593 "-" "Mozilla/5.0 AppleWebKit/537.36 (KHTML, like Gecko; compatible; ClaudeBot/1.0; [email protected])"
216.73.216.165 - - [21/Jul/2025:17:53:23 +0000] "GET /detail/1275706645.shtm HTTP/1.1" 404 12593 "-" "Mozilla/5.0 AppleWebKit/537.36 (KHTML, like Gecko; compatible; ClaudeBot/1.0; [email protected])"
216.73.216.165 - - [21/Jul/2025:17:53:26 +0000] "GET /detail/1275532431.shtm HTTP/1.1" 404 12594 "-" "Mozilla/5.0 AppleWebKit/537.36 (KHTML, like Gecko; compatible; ClaudeBot/1.0; [email protected])"
216.73.216.165 - - [21/Jul/2025:17:53:29 +0000] "GET /detail/1275846774.shtm HTTP/1.1" 404 12593 "-" "Mozilla/5.0 AppleWebKit/537.36 (KHTML, like Gecko; compatible; ClaudeBot/1.0; [email protected])"
216.73.216.165 - - [21/Jul/2025:17:53:32 +0000] "GET /detail/1275802616.shtm HTTP/1.1" 404 12592 "-" "Mozilla/5.0 AppleWebKit/537.36 (KHTML, like Gecko; compatible; ClaudeBot/1.0; [email protected])"
216.73.216.165 - - [21/Jul/2025:17:53:35 +0000] "GET /detail/293359368.shtm HTTP/1.1" 404 12593 "-" "Mozilla/5.0 AppleWebKit/537.36 (KHTML, like Gecko; compatible; ClaudeBot/1.0; [email protected])"
216.73.216.165 - - [21/Jul/2025:17:53:38 +0000] "GET /detail/1275830062.shtm HTTP/1.1" 404 12592 "-" "Mozilla/5.0 AppleWebKit/537.36 (KHTML, like Gecko; compatible; ClaudeBot/1.0; [email protected])"
216.73.216.165 - - [21/Jul/2025:17:53:41 +0000] "GET /detail/1275400908.shtm HTTP/1.1" 404 12593 "-" "Mozilla/5.0 AppleWebKit/537.36 (KHTML, like Gecko; compatible; ClaudeBot/1.0; [email protected])"
216.73.216.165 - - [21/Jul/2025:17:53:44 +0000] "GET /detail/293460233.shtm HTTP/1.1" 404 12593 "-" "Mozilla/5.0 AppleWebKit/537.36 (KHTML, like Gecko; compatible; ClaudeBot/1.0; [email protected])"
216.73.216.165 - - [21/Jul/2025:17:53:47 +0000] "GET /detail/1275477611.shtm HTTP/1.1" 404 12595 "-" "Mozilla/5.0 AppleWebKit/537.36 (KHTML, like Gecko; compatible; ClaudeBot/1.0; [email protected])"
216.73.216.165 - - [21/Jul/2025:17:53:50 +0000] "GET /detail/1275684312.shtm HTTP/1.1" 404 12594 "-" "Mozilla/5.0 AppleWebKit/537.36 (KHTML, like Gecko; compatible; ClaudeBot/1.0; [email protected])"
216.73.216.165 - - [21/Jul/2025:17:53:53 +0000] "GET /detail/1275688843.shtm HTTP/1.1" 404 12592 "-" "Mozilla/5.0 AppleWebKit/537.36 (KHTML, like Gecko; compatible; ClaudeBot/1.0; [email protected])"
216.73.216.165 - - [21/Jul/2025:17:53:56 +0000] "GET /detail/705529042.shtm HTTP/1.1" 404 12594 "-" "Mozilla/5.0 AppleWebKit/537.36 (KHTML, like Gecko; compatible; ClaudeBot/1.0; [email protected])"
216.73.216.165 - - [21/Jul/2025:17:53:59 +0000] "GET /detail/1275512059.shtm HTTP/1.1" 404 12593 "-" "Mozilla/5.0 AppleWebKit/537.36 (KHTML, like Gecko; compatible; ClaudeBot/1.0; [email protected])"
216.73.216.165 - - [21/Jul/2025:17:54:02 +0000] "GET /detail/1275649864.shtm HTTP/1.1" 404 12593 "-" "Mozilla/5.0 AppleWebKit/537.36 (KHTML, like Gecko; compatible; ClaudeBot/1.0; [email protected])"
216.73.216.165 - - [21/Jul/2025:17:54:05 +0000] "GET /detail/1275665998.shtm HTTP/1.1" 404 12593 "-" "Mozilla/5.0 AppleWebKit/537.36 (KHTML, like Gecko; compatible; ClaudeBot/1.0; [email protected])"
216.73.216.165 - - [21/Jul/2025:17:54:08 +0000] "GET /detail/1275444327.shtm HTTP/1.1" 404 12593 "-" "Mozilla/5.0 AppleWebKit/537.36 (KHTML, like Gecko; compatible; ClaudeBot/1.0; [email protected])"
216.73.216.165 - - [21/Jul/2025:17:54:11 +0000] "GET /detail/1275603951.shtm HTTP/1.1" 404 12592 "-" "Mozilla/5.0 AppleWebKit/537.36 (KHTML, like Gecko; compatible; ClaudeBot/1.0; [email protected])"
216.73.216.165 - - [21/Jul/2025:17:54:14 +0000] "GET /detail/1275993486.shtm HTTP/1.1" 404 12593 "-" "Mozilla/5.0 AppleWebKit/537.36 (KHTML, like Gecko; compatible; ClaudeBot/1.0; [email protected])"
209.74.77.214 - - [21/Jul/2025:17:54:19 +0000] "POST /wp-cron.php?doing_wp_cron=1753120459.0686199665069580078125 HTTP/1.1" 200 - "-" "WordPress/6.8.2; https://ap.cleaning"
216.73.216.165 - - [21/Jul/2025:17:54:18 +0000] "GET /detail/1276009034.shtm HTTP/1.1" 404 12593 "-" "Mozilla/5.0 AppleWebKit/537.36 (KHTML, like Gecko; compatible; ClaudeBot/1.0; [email protected])"
