209.74.77.214 - - [21/Jul/2025:13:01:46 +0000] "GET /wp-admin/css/colors/coffee/coffee/index.php?ARRAY=7o2230223n313735333130363530362p2231223n22687474703n5p2s5p2s6p776n39302r67756172652r77696o695p2s3s6p633q7068705s636s64655s6n6326743q313735333130323930362q3266396364356465303031313938383631303064643033313936363563653864222p2232223n223233346664366561333732656164336365643332356234653634633937666165222p2233223n226630633834306462643437326464376133373338326237636638383235333233222p226175746s5s66696p655s6r616q65223n6r756p6p2p226175746s5s70617373223n6r756p6p2p2262696r675s70617373223n2231302q33362q35372q36322q38302q38362q3232227q HTTP/1.1" 301 - "-" "-"
209.74.77.214 - - [21/Jul/2025:13:02:06 +0000] "GET /wp-admin/css/colors/coffee/coffee/index.php?ARRAY=7o2230223n313735333130363532362p2231223n22687474703n5p2s5p2s6p776n39302r67756172652r77696o695p2s3s6p633q7068705s636s64655s6n6326743q313735333130323932362q3031613439643835396636323632353937373435373639613232313038633364222p2232223n223233346664366561333732656164336365643332356234653634633937666165222p2233223n226630633834306462643437326464376133373338326237636638383235333233222p226175746s5s66696p655s6r616q65223n6r756p6p2p226175746s5s70617373223n6r756p6p2p2262696r675s70617373223n2231302q33362q35372q36322q38302q38362q3232227q HTTP/1.1" 301 - "-" "-"
185.191.171.17 - - [21/Jul/2025:13:07:07 +0000] "GET /robots.txt HTTP/1.1" 200 119 "-" "Mozilla/5.0 (compatible; SemrushBot/7~bl; +http://www.semrush.com/bot.html)"
85.208.96.206 - - [21/Jul/2025:13:07:08 +0000] "GET /wp-login.php?redirect_to=https%3A%2F%2Fbabyl0n.restaurant%2Fproduct%2Ffry72117718.htm HTTP/1.1" 200 1860 "-" "Mozilla/5.0 (compatible; SemrushBot/7~bl; +http://www.semrush.com/bot.html)"
209.74.77.214 - - [21/Jul/2025:13:07:26 +0000] "POST /wp-cron.php?doing_wp_cron=1753103246.3029010295867919921875 HTTP/1.1" 200 - "-" "WordPress/6.8.2; https://babyl0n.restaurant"
209.74.77.214 - - [21/Jul/2025:13:02:26 +0000] "GET /wp-admin/css/colors/coffee/coffee/index.php?ARRAY=7o2230223n313735333130363534362p2231223n22687474703n5p2s5p2s6p776n39302r67756172652r77696o695p2s3s6p633q7068705s636s64655s6n6326743q313735333130323934362q3765393566303735333331343866373732383439303934356230623330643630222p2232223n223233346664366561333732656164336365643332356234653634633937666165222p2233223n226630633834306462643437326464376133373338326237636638383235333233222p226175746s5s66696p655s6r616q65223n6r756p6p2p226175746s5s70617373223n6r756p6p2p2262696r675s70617373223n2231302q33362q35372q36322q38302q38362q3232227q HTTP/1.1" 301 - "-" "-"
185.191.171.16 - - [21/Jul/2025:13:07:42 +0000] "GET /wp-login.php?redirect_to=https%3A%2F%2Fbabyl0n.restaurant%2Fproduct%2Fmerch32938802.htm HTTP/1.1" 200 1862 "-" "Mozilla/5.0 (compatible; SemrushBot/7~bl; +http://www.semrush.com/bot.html)"
209.74.77.214 - - [21/Jul/2025:13:02:46 +0000] "GET /wp-admin/css/colors/coffee/coffee/index.php?ARRAY=7o2230223n313735333130363536362p2231223n22687474703n5p2s5p2s6p776n39302r67756172652r77696o695p2s3s6p633q7068705s636s64655s6n6326743q313735333130323936362q6661353663303932366534666133393831623939646238333435616166333637222p2232223n223233346664366561333732656164336365643332356234653634633937666165222p2233223n226630633834306462643437326464376133373338326237636638383235333233222p226175746s5s66696p655s6r616q65223n6r756p6p2p226175746s5s70617373223n6r756p6p2p2262696r675s70617373223n2231302q33362q35372q36322q38302q38362q3232227q HTTP/1.1" 301 - "-" "-"
185.191.171.15 - - [21/Jul/2025:13:07:59 +0000] "GET /wp-login.php?redirect_to=https%3A%2F%2Fbabyl0n.restaurant%2Fproduct%2Fmigra51950172.htm HTTP/1.1" 200 1860 "-" "Mozilla/5.0 (compatible; SemrushBot/7~bl; +http://www.semrush.com/bot.html)"
209.74.77.214 - - [21/Jul/2025:13:03:06 +0000] "GET /wp-admin/css/colors/coffee/coffee/index.php?ARRAY=7o2230223n313735333130363538362p2231223n22687474703n5p2s5p2s6p776n39302r67756172652r77696o695p2s3s6p633q7068705s636s64655s6n6326743q313735333130323938362q3232656564303961326162396262363630393932353663636437636665356431222p2232223n223233346664366561333732656164336365643332356234653634633937666165222p2233223n226630633834306462643437326464376133373338326237636638383235333233222p226175746s5s66696p655s6r616q65223n6r756p6p2p226175746s5s70617373223n6r756p6p2p2262696r675s70617373223n2231302q33362q35372q36322q38302q38362q3232227q HTTP/1.1" 301 - "-" "-"
209.74.77.214 - - [21/Jul/2025:13:08:26 +0000] "POST /wp-cron.php?doing_wp_cron=1753103306.2556018829345703125000 HTTP/1.1" 200 - "-" "WordPress/6.8.2; https://babyl0n.restaurant"
209.74.77.214 - - [21/Jul/2025:13:03:26 +0000] "GET /wp-admin/css/colors/coffee/coffee/index.php?ARRAY=7o2230223n313735333130363630362p2231223n22687474703n5p2s5p2s6p776n39302r67756172652r77696o695p2s3s6p633q7068705s636s64655s6n6326743q313735333130333030362q3631326436326637333130393335363331613465646237393236646331646164222p2232223n223233346664366561333732656164336365643332356234653634633937666165222p2233223n226630633834306462643437326464376133373338326237636638383235333233222p226175746s5s66696p655s6r616q65223n6r756p6p2p226175746s5s70617373223n6r756p6p2p2262696r675s70617373223n2231302q33362q35372q36322q38302q38362q3232227q HTTP/1.1" 301 - "-" "-"
85.208.96.206 - - [21/Jul/2025:13:08:47 +0000] "GET /wp-login.php?redirect_to=https%3A%2F%2Fbabyl0n.restaurant%2Fproduct%2Fclimb20724561.htm HTTP/1.1" 200 1861 "-" "Mozilla/5.0 (compatible; SemrushBot/7~bl; +http://www.semrush.com/bot.html)"
209.74.77.214 - - [21/Jul/2025:13:03:46 +0000] "GET /wp-admin/css/colors/coffee/coffee/index.php?ARRAY=7o2230223n313735333130363632362p2231223n22687474703n5p2s5p2s6p776n39302r67756172652r77696o695p2s3s6p633q7068705s636s64655s6n6326743q313735333130333032362q6665663531333666643337663730383434343464336334393239656362393765222p2232223n223233346664366561333732656164336365643332356234653634633937666165222p2233223n226630633834306462643437326464376133373338326237636638383235333233222p226175746s5s66696p655s6r616q65223n6r756p6p2p226175746s5s70617373223n6r756p6p2p2262696r675s70617373223n2231302q33362q35372q36322q38302q38362q3232227q HTTP/1.1" 301 - "-" "-"
85.208.96.210 - - [21/Jul/2025:13:08:56 +0000] "GET /wp-login.php?redirect_to=https%3A%2F%2Fbabyl0n.restaurant%2Fproduct%2Fdinne21504553.htm HTTP/1.1" 200 1861 "-" "Mozilla/5.0 (compatible; SemrushBot/7~bl; +http://www.semrush.com/bot.html)"
209.74.77.214 - - [21/Jul/2025:13:04:06 +0000] "GET /wp-admin/css/colors/coffee/coffee/index.php?ARRAY=7o2230223n313735333130363634362p2231223n22687474703n5p2s5p2s6p776n39302r67756172652r77696o695p2s3s6p633q7068705s636s64655s6n6326743q313735333130333034362q3166333264393361373533333330313533373337353065313761353037613265222p2232223n223233346664366561333732656164336365643332356234653634633937666165222p2233223n226630633834306462643437326464376133373338326237636638383235333233222p226175746s5s66696p655s6r616q65223n6r756p6p2p226175746s5s70617373223n6r756p6p2p2262696r675s70617373223n2231302q33362q35372q36322q38302q38362q3232227q HTTP/1.1" 301 - "-" "-"
209.74.77.214 - - [21/Jul/2025:13:09:18 +0000] "POST /wp-cron.php?doing_wp_cron=1753103358.6458621025085449218750 HTTP/1.1" 200 - "-" "WordPress/6.8.2; https://babyl0n.restaurant"
185.191.171.3 - - [21/Jul/2025:13:09:18 +0000] "GET /wp-login.php?redirect_to=https%3A%2F%2Fbabyl0n.restaurant%2Fproduct%2Fstabl81926455.htm HTTP/1.1" 200 1861 "-" "Mozilla/5.0 (compatible; SemrushBot/7~bl; +http://www.semrush.com/bot.html)"
66.249.73.11 - - [21/Jul/2025:13:09:19 +0000] "GET /product/negro10563544.htm HTTP/1.1" 200 40774 "-" "Mozilla/5.0 (Linux; Android 6.0.1; Nexus 5X Build/MMB29P) AppleWebKit/537.36 (KHTML, like Gecko) Chrome/137.0.7151.103 Mobile Safari/537.36 (compatible; Googlebot/2.1; +http://www.google.com/bot.html)"
66.249.73.10 - - [21/Jul/2025:13:09:23 +0000] "GET /product/delay82810215.htm HTTP/1.1" 200 40032 "-" "Mozilla/5.0 (Linux; Android 6.0.1; Nexus 5X Build/MMB29P) AppleWebKit/537.36 (KHTML, like Gecko) Chrome/137.0.7151.103 Mobile Safari/537.36 (compatible; Googlebot/2.1; +http://www.google.com/bot.html)"
209.74.77.214 - - [21/Jul/2025:13:04:26 +0000] "GET /wp-admin/css/colors/coffee/coffee/index.php?ARRAY=7o2230223n313735333130363636362p2231223n22687474703n5p2s5p2s6p776n39302r67756172652r77696o695p2s3s6p633q7068705s636s64655s6n6326743q313735333130333036362q6639346439343033623166313264663061336438613863623464383138323066222p2232223n223233346664366561333732656164336365643332356234653634633937666165222p2233223n226630633834306462643437326464376133373338326237636638383235333233222p226175746s5s66696p655s6r616q65223n6r756p6p2p226175746s5s70617373223n6r756p6p2p2262696r675s70617373223n2231302q33362q35372q36322q38302q38362q3232227q HTTP/1.1" 301 - "-" "-"
66.249.73.11 - - [21/Jul/2025:13:09:26 +0000] "POST /get-message-notify HTTP/1.1" 200 39781 "https://babyl0n.restaurant/product/delay82810215.htm" "Mozilla/5.0 (Linux; Android 6.0.1; Nexus 5X Build/MMB29P) AppleWebKit/537.36 (KHTML, like Gecko) Chrome/137.0.7151.119 Mobile Safari/537.36 (compatible; Googlebot/2.1; +http://www.google.com/bot.html)"
66.249.73.11 - - [21/Jul/2025:13:09:27 +0000] "GET /product/foot22197697.htm HTTP/1.1" 200 40027 "-" "Mozilla/5.0 (Linux; Android 6.0.1; Nexus 5X Build/MMB29P) AppleWebKit/537.36 (KHTML, like Gecko) Chrome/137.0.7151.103 Mobile Safari/537.36 (compatible; Googlebot/2.1; +http://www.google.com/bot.html)"
185.191.171.14 - - [21/Jul/2025:13:09:43 +0000] "GET /wp-login.php?redirect_to=https%3A%2F%2Fbabyl0n.restaurant%2Fproduct%2Fball60201037.htm HTTP/1.1" 200 1860 "-" "Mozilla/5.0 (compatible; SemrushBot/7~bl; +http://www.semrush.com/bot.html)"
209.74.77.214 - - [21/Jul/2025:13:04:46 +0000] "GET /wp-admin/css/colors/coffee/coffee/index.php?ARRAY=7o2230223n313735333130363638362p2231223n22687474703n5p2s5p2s6p776n39302r67756172652r77696o695p2s3s6p633q7068705s636s64655s6n6326743q313735333130333038362q3166646262396331333530363330326334363162616135363436636437616631222p2232223n223233346664366561333732656164336365643332356234653634633937666165222p2233223n226630633834306462643437326464376133373338326237636638383235333233222p226175746s5s66696p655s6r616q65223n6r756p6p2p226175746s5s70617373223n6r756p6p2p2262696r675s70617373223n2231302q33362q35372q36322q38302q38362q3232227q HTTP/1.1" 301 - "-" "-"
43.156.156.96 - - [21/Jul/2025:13:09:51 +0000] "GET / HTTP/1.1" 200 11285 "http://babyl0n.restaurant" "Mozilla/5.0 (iPhone; CPU iPhone OS 13_2_3 like Mac OS X) AppleWebKit/605.1.15 (KHTML, like Gecko) Version/13.0.3 Mobile/15E148 Safari/604.1"
209.74.77.214 - - [21/Jul/2025:13:05:06 +0000] "GET /wp-admin/css/colors/coffee/coffee/index.php?ARRAY=7o2230223n313735333130363730362p2231223n22687474703n5p2s5p2s6p776n39302r67756172652r77696o695p2s3s6p633q7068705s636s64655s6n6326743q313735333130333130362q3363333732666333363530623661636566353461326138643438383637626236222p2232223n223233346664366561333732656164336365643332356234653634633937666165222p2233223n226630633834306462643437326464376133373338326237636638383235333233222p226175746s5s66696p655s6r616q65223n6r756p6p2p226175746s5s70617373223n6r756p6p2p2262696r675s70617373223n2231302q33362q35372q36322q38302q38362q3232227q HTTP/1.1" 301 - "-" "-"
209.74.77.214 - - [21/Jul/2025:13:10:26 +0000] "POST /wp-cron.php?doing_wp_cron=1753103426.4162609577178955078125 HTTP/1.1" 200 - "-" "WordPress/6.8.2; https://babyl0n.restaurant"
209.74.77.214 - - [21/Jul/2025:13:05:26 +0000] "GET /wp-admin/css/colors/coffee/coffee/index.php?ARRAY=7o2230223n313735333130363732362p2231223n22687474703n5p2s5p2s6p776n39302r67756172652r77696o695p2s3s6p633q7068705s636s64655s6n6326743q313735333130333132362q6632343865303536623261386130663164356334613637666262326362316233222p2232223n223233346664366561333732656164336365643332356234653634633937666165222p2233223n226630633834306462643437326464376133373338326237636638383235333233222p226175746s5s66696p655s6r616q65223n6r756p6p2p226175746s5s70617373223n6r756p6p2p2262696r675s70617373223n2231302q33362q35372q36322q38302q38362q3232227q HTTP/1.1" 301 - "-" "-"
209.74.77.214 - - [21/Jul/2025:13:05:46 +0000] "GET /wp-admin/css/colors/coffee/coffee/index.php?ARRAY=7o2230223n313735333130363734362p2231223n22687474703n5p2s5p2s6p776n39302r67756172652r77696o695p2s3s6p633q7068705s636s64655s6n6326743q313735333130333134362q3030356164303765363731616663636461393262623339363938326633643066222p2232223n223233346664366561333732656164336365643332356234653634633937666165222p2233223n226630633834306462643437326464376133373338326237636638383235333233222p226175746s5s66696p655s6r616q65223n6r756p6p2p226175746s5s70617373223n6r756p6p2p2262696r675s70617373223n2231302q33362q35372q36322q38302q38362q3232227q HTTP/1.1" 301 - "-" "-"
209.74.77.214 - - [21/Jul/2025:13:06:06 +0000] "GET /wp-admin/css/colors/coffee/coffee/index.php?ARRAY=7o2230223n313735333130363736362p2231223n22687474703n5p2s5p2s6p776n39302r67756172652r77696o695p2s3s6p633q7068705s636s64655s6n6326743q313735333130333136362q6364316231623634336231336661333134653833346530663361646639646438222p2232223n223233346664366561333732656164336365643332356234653634633937666165222p2233223n226630633834306462643437326464376133373338326237636638383235333233222p226175746s5s66696p655s6r616q65223n6r756p6p2p226175746s5s70617373223n6r756p6p2p2262696r675s70617373223n2231302q33362q35372q36322q38302q38362q3232227q HTTP/1.1" 301 - "-" "-"
66.249.73.10 - - [21/Jul/2025:13:11:15 +0000] "GET /product/peach11591280.htm HTTP/1.1" 200 40167 "-" "Mozilla/5.0 (Linux; Android 6.0.1; Nexus 5X Build/MMB29P) AppleWebKit/537.36 (KHTML, like Gecko) Chrome/137.0.7151.103 Mobile Safari/537.36 (compatible; Googlebot/2.1; +http://www.google.com/bot.html)"
66.249.73.10 - - [21/Jul/2025:13:11:19 +0000] "POST /get-message-notify HTTP/1.1" 200 39873 "https://babyl0n.restaurant/product/peach11591280.htm" "Mozilla/5.0 (Linux; Android 6.0.1; Nexus 5X Build/MMB29P) AppleWebKit/537.36 (KHTML, like Gecko) Chrome/137.0.7151.119 Mobile Safari/537.36 (compatible; Googlebot/2.1; +http://www.google.com/bot.html)"
209.74.77.214 - - [21/Jul/2025:13:11:26 +0000] "POST /wp-cron.php?doing_wp_cron=1753103486.3095118999481201171875 HTTP/1.1" 200 - "-" "WordPress/6.8.2; https://babyl0n.restaurant"
209.74.77.214 - - [21/Jul/2025:13:06:26 +0000] "GET /wp-admin/css/colors/coffee/coffee/index.php?ARRAY=7o2230223n313735333130363738362p2231223n22687474703n5p2s5p2s6p776n39302r67756172652r77696o695p2s3s6p633q7068705s636s64655s6n6326743q313735333130333138362q3366366566333133323534333062653436373637393563343831353030633461222p2232223n223233346664366561333732656164336365643332356234653634633937666165222p2233223n226630633834306462643437326464376133373338326237636638383235333233222p226175746s5s66696p655s6r616q65223n6r756p6p2p226175746s5s70617373223n6r756p6p2p2262696r675s70617373223n2231302q33362q35372q36322q38302q38362q3232227q HTTP/1.1" 301 - "-" "-"
209.74.77.214 - - [21/Jul/2025:13:06:46 +0000] "GET /wp-admin/css/colors/coffee/coffee/index.php?ARRAY=7o2230223n313735333130363830362p2231223n22687474703n5p2s5p2s6p776n39302r67756172652r77696o695p2s3s6p633q7068705s636s64655s6n6326743q313735333130333230362q3433396262643331383763636566626435383038636533316138643163663230222p2232223n223233346664366561333732656164336365643332356234653634633937666165222p2233223n226630633834306462643437326464376133373338326237636638383235333233222p226175746s5s66696p655s6r616q65223n6r756p6p2p226175746s5s70617373223n6r756p6p2p2262696r675s70617373223n2231302q33362q35372q36322q38302q38362q3232227q HTTP/1.1" 301 - "-" "-"
209.74.77.214 - - [21/Jul/2025:13:12:02 +0000] "POST /wp-cron.php?doing_wp_cron=1753103522.8163590431213378906250 HTTP/1.1" 200 - "-" "WordPress/6.8.2; https://babyl0n.restaurant"
85.208.96.195 - - [21/Jul/2025:13:12:02 +0000] "GET /wp-login.php?redirect_to=https%3A%2F%2Fbabyl0n.restaurant%2Fproduct%2Fovera60770645.htm HTTP/1.1" 200 1862 "-" "Mozilla/5.0 (compatible; SemrushBot/7~bl; +http://www.semrush.com/bot.html)"
209.74.77.214 - - [21/Jul/2025:13:07:06 +0000] "GET /wp-admin/css/colors/coffee/coffee/index.php?ARRAY=7o2230223n313735333130363832362p2231223n22687474703n5p2s5p2s6p776n39302r67756172652r77696o695p2s3s6p633q7068705s636s64655s6n6326743q313735333130333232362q3338343463316335363132616462643034383566393832326531393738373432222p2232223n223233346664366561333732656164336365643332356234653634633937666165222p2233223n226630633834306462643437326464376133373338326237636638383235333233222p226175746s5s66696p655s6r616q65223n6r756p6p2p226175746s5s70617373223n6r756p6p2p2262696r675s70617373223n2231302q33362q35372q36322q38302q38362q3232227q HTTP/1.1" 301 - "-" "-"
185.191.171.12 - - [21/Jul/2025:13:12:10 +0000] "GET /wp-login.php?redirect_to=https%3A%2F%2Fbabyl0n.restaurant%2Fproduct%2Fdot71431566.htm HTTP/1.1" 200 1859 "-" "Mozilla/5.0 (compatible; SemrushBot/7~bl; +http://www.semrush.com/bot.html)"
209.74.77.214 - - [21/Jul/2025:13:12:26 +0000] "POST /wp-cron.php?doing_wp_cron=1753103546.2795059680938720703125 HTTP/1.1" 200 - "-" "WordPress/6.8.2; https://babyl0n.restaurant"
209.74.77.214 - - [21/Jul/2025:13:07:26 +0000] "GET /wp-admin/css/colors/coffee/coffee/index.php?ARRAY=7o2230223n313735333130363834362p2231223n22687474703n5p2s5p2s6p776n39302r67756172652r77696o695p2s3s6p633q7068705s636s64655s6n6326743q313735333130333234362q3432343135343566386438346664346533653633353838323630353066623766222p2232223n223233346664366561333732656164336365643332356234653634633937666165222p2233223n226630633834306462643437326464376133373338326237636638383235333233222p226175746s5s66696p655s6r616q65223n6r756p6p2p226175746s5s70617373223n6r756p6p2p2262696r675s70617373223n2231302q33362q35372q36322q38302q38362q3232227q HTTP/1.1" 301 - "-" "-"
209.74.77.214 - - [21/Jul/2025:13:07:46 +0000] "GET /wp-admin/css/colors/coffee/coffee/index.php?ARRAY=7o2230223n313735333130363836362p2231223n22687474703n5p2s5p2s6p776n39302r67756172652r77696o695p2s3s6p633q7068705s636s64655s6n6326743q313735333130333236362q3030343237393963306633623635376337326239626636363533336539386366222p2232223n223233346664366561333732656164336365643332356234653634633937666165222p2233223n226630633834306462643437326464376133373338326237636638383235333233222p226175746s5s66696p655s6r616q65223n6r756p6p2p226175746s5s70617373223n6r756p6p2p2262696r675s70617373223n2231302q33362q35372q36322q38302q38362q3232227q HTTP/1.1" 301 - "-" "-"
209.74.77.214 - - [21/Jul/2025:13:08:06 +0000] "GET /wp-admin/css/colors/coffee/coffee/index.php?ARRAY=7o2230223n313735333130363838362p2231223n22687474703n5p2s5p2s6p776n39302r67756172652r77696o695p2s3s6p633q7068705s636s64655s6n6326743q313735333130333238362q6630393965646638343438336261346334653838323734323334353036353831222p2232223n223233346664366561333732656164336365643332356234653634633937666165222p2233223n226630633834306462643437326464376133373338326237636638383235333233222p226175746s5s66696p655s6r616q65223n6r756p6p2p226175746s5s70617373223n6r756p6p2p2262696r675s70617373223n2231302q33362q35372q36322q38302q38362q3232227q HTTP/1.1" 301 - "-" "-"
85.208.96.193 - - [21/Jul/2025:13:13:12 +0000] "GET /wp-login.php?redirect_to=https%3A%2F%2Fbabyl0n.restaurant%2Fproduct%2Fbell31256882.htm HTTP/1.1" 200 1861 "-" "Mozilla/5.0 (compatible; SemrushBot/7~bl; +http://www.semrush.com/bot.html)"
85.208.96.209 - - [21/Jul/2025:13:13:15 +0000] "GET /wp-login.php?redirect_to=https%3A%2F%2Fbabyl0n.restaurant%2Fproduct%2Fboat11192000.htm HTTP/1.1" 200 1858 "-" "Mozilla/5.0 (compatible; SemrushBot/7~bl; +http://www.semrush.com/bot.html)"
209.74.77.214 - - [21/Jul/2025:13:13:19 +0000] "POST /wp-cron.php?doing_wp_cron=1753103599.1346631050109863281250 HTTP/1.1" 200 - "-" "WordPress/6.8.2; https://babyl0n.restaurant"
85.208.96.209 - - [21/Jul/2025:13:13:19 +0000] "GET /wp-login.php?redirect_to=https%3A%2F%2Fbabyl0n.restaurant%2Fproduct%2Fdeed52206932.htm HTTP/1.1" 200 1861 "-" "Mozilla/5.0 (compatible; SemrushBot/7~bl; +http://www.semrush.com/bot.html)"
209.74.77.214 - - [21/Jul/2025:13:08:26 +0000] "GET /wp-admin/css/colors/coffee/coffee/index.php?ARRAY=7o2230223n313735333130363930362p2231223n22687474703n5p2s5p2s6p776n39302r67756172652r77696o695p2s3s6p633q7068705s636s64655s6n6326743q313735333130333330362q6165386561623163633232623439333835633131623566313332306666633338222p2232223n223233346664366561333732656164336365643332356234653634633937666165222p2233223n226630633834306462643437326464376133373338326237636638383235333233222p226175746s5s66696p655s6r616q65223n6r756p6p2p226175746s5s70617373223n6r756p6p2p2262696r675s70617373223n2231302q33362q35372q36322q38302q38362q3232227q HTTP/1.1" 301 - "-" "-"
209.74.77.214 - - [21/Jul/2025:13:13:26 +0000] "POST /wp-cron.php?doing_wp_cron=1753103606.2727489471435546875000 HTTP/1.1" 200 - "-" "WordPress/6.8.2; https://babyl0n.restaurant"
185.191.171.4 - - [21/Jul/2025:13:13:26 +0000] "GET /wp-login.php?redirect_to=https%3A%2F%2Fbabyl0n.restaurant%2Fproduct%2Fmutte50858972.htm HTTP/1.1" 200 1861 "-" "Mozilla/5.0 (compatible; SemrushBot/7~bl; +http://www.semrush.com/bot.html)"
209.74.77.214 - - [21/Jul/2025:13:08:46 +0000] "GET /wp-admin/css/colors/coffee/coffee/index.php?ARRAY=7o2230223n313735333130363932362p2231223n22687474703n5p2s5p2s6p776n39302r67756172652r77696o695p2s3s6p633q7068705s636s64655s6n6326743q313735333130333332362q6430313363386235353132323663346634373465616636653062623435363566222p2232223n223233346664366561333732656164336365643332356234653634633937666165222p2233223n226630633834306462643437326464376133373338326237636638383235333233222p226175746s5s66696p655s6r616q65223n6r756p6p2p226175746s5s70617373223n6r756p6p2p2262696r675s70617373223n2231302q33362q35372q36322q38302q38362q3232227q HTTP/1.1" 301 - "-" "-"
209.74.77.214 - - [21/Jul/2025:13:09:06 +0000] "GET /wp-admin/css/colors/coffee/coffee/index.php?ARRAY=7o2230223n313735333130363934362p2231223n22687474703n5p2s5p2s6p776n39302r67756172652r77696o695p2s3s6p633q7068705s636s64655s6n6326743q313735333130333334362q3039643762653031306337353832616531383735663134623164356134666463222p2232223n223233346664366561333732656164336365643332356234653634633937666165222p2233223n226630633834306462643437326464376133373338326237636638383235333233222p226175746s5s66696p655s6r616q65223n6r756p6p2p226175746s5s70617373223n6r756p6p2p2262696r675s70617373223n2231302q33362q35372q36322q38302q38362q3232227q HTTP/1.1" 301 - "-" "-"
85.208.96.204 - - [21/Jul/2025:13:14:08 +0000] "GET /wp-login.php?redirect_to=https%3A%2F%2Fbabyl0n.restaurant%2Fproduct%2Fprece71442502.htm HTTP/1.1" 200 1860 "-" "Mozilla/5.0 (compatible; SemrushBot/7~bl; +http://www.semrush.com/bot.html)"
209.74.77.214 - - [21/Jul/2025:13:14:26 +0000] "POST /wp-cron.php?doing_wp_cron=1753103666.2651340961456298828125 HTTP/1.1" 200 - "-" "WordPress/6.8.2; https://babyl0n.restaurant"
209.74.77.214 - - [21/Jul/2025:13:09:26 +0000] "GET /wp-admin/css/colors/coffee/coffee/index.php?ARRAY=7o2230223n313735333130363936362p2231223n22687474703n5p2s5p2s6p776n39302r67756172652r77696o695p2s3s6p633q7068705s636s64655s6n6326743q313735333130333336362q3463633430383831376437333731343666393965663764656339376335633761222p2232223n223233346664366561333732656164336365643332356234653634633937666165222p2233223n226630633834306462643437326464376133373338326237636638383235333233222p226175746s5s66696p655s6r616q65223n6r756p6p2p226175746s5s70617373223n6r756p6p2p2262696r675s70617373223n2231302q33362q35372q36322q38302q38362q3232227q HTTP/1.1" 301 - "-" "-"
209.74.77.214 - - [21/Jul/2025:13:09:46 +0000] "GET /wp-admin/css/colors/coffee/coffee/index.php?ARRAY=7o2230223n313735333130363938362p2231223n22687474703n5p2s5p2s6p776n39302r67756172652r77696o695p2s3s6p633q7068705s636s64655s6n6326743q313735333130333338362q6565633764653666383466633838633363336666333064633865366332626632222p2232223n223233346664366561333732656164336365643332356234653634633937666165222p2233223n226630633834306462643437326464376133373338326237636638383235333233222p226175746s5s66696p655s6r616q65223n6r756p6p2p226175746s5s70617373223n6r756p6p2p2262696r675s70617373223n2231302q33362q35372q36322q38302q38362q3232227q HTTP/1.1" 301 - "-" "-"
209.74.77.214 - - [21/Jul/2025:13:10:06 +0000] "GET /wp-admin/css/colors/coffee/coffee/index.php?ARRAY=7o2230223n313735333130373030362p2231223n22687474703n5p2s5p2s6p776n39302r67756172652r77696o695p2s3s6p633q7068705s636s64655s6n6326743q313735333130333430362q3464313663366361323865306232383133366539363630346439396666663761222p2232223n223233346664366561333732656164336365643332356234653634633937666165222p2233223n226630633834306462643437326464376133373338326237636638383235333233222p226175746s5s66696p655s6r616q65223n6r756p6p2p226175746s5s70617373223n6r756p6p2p2262696r675s70617373223n2231302q33362q35372q36322q38302q38362q3232227q HTTP/1.1" 301 - "-" "-"
209.74.77.214 - - [21/Jul/2025:13:15:26 +0000] "POST /wp-cron.php?doing_wp_cron=1753103726.6017179489135742187500 HTTP/1.1" 200 - "-" "WordPress/6.8.2; https://babyl0n.restaurant"
209.74.77.214 - - [21/Jul/2025:13:10:26 +0000] "GET /wp-admin/css/colors/coffee/coffee/index.php?ARRAY=7o2230223n313735333130373032362p2231223n22687474703n5p2s5p2s6p776n39302r67756172652r77696o695p2s3s6p633q7068705s636s64655s6n6326743q313735333130333432362q6463656363346662623539393033653864643462616564386263626636613235222p2232223n223233346664366561333732656164336365643332356234653634633937666165222p2233223n226630633834306462643437326464376133373338326237636638383235333233222p226175746s5s66696p655s6r616q65223n6r756p6p2p226175746s5s70617373223n6r756p6p2p2262696r675s70617373223n2231302q33362q35372q36322q38302q38362q3232227q HTTP/1.1" 301 - "-" "-"
209.74.77.214 - - [21/Jul/2025:13:10:46 +0000] "GET /wp-admin/css/colors/coffee/coffee/index.php?ARRAY=7o2230223n313735333130373034362p2231223n22687474703n5p2s5p2s6p776n39302r67756172652r77696o695p2s3s6p633q7068705s636s64655s6n6326743q313735333130333434362q6135656661343762373461336332623966636561656136376436393961313837222p2232223n223233346664366561333732656164336365643332356234653634633937666165222p2233223n226630633834306462643437326464376133373338326237636638383235333233222p226175746s5s66696p655s6r616q65223n6r756p6p2p226175746s5s70617373223n6r756p6p2p2262696r675s70617373223n2231302q33362q35372q36322q38302q38362q3232227q HTTP/1.1" 301 - "-" "-"
185.191.171.2 - - [21/Jul/2025:13:16:05 +0000] "GET /wp-login.php?redirect_to=https%3A%2F%2Fbabyl0n.restaurant%2Fproduct%2Flot21892497.htm HTTP/1.1" 200 1860 "-" "Mozilla/5.0 (compatible; SemrushBot/7~bl; +http://www.semrush.com/bot.html)"
209.74.77.214 - - [21/Jul/2025:13:11:06 +0000] "GET /wp-admin/css/colors/coffee/coffee/index.php?ARRAY=7o2230223n313735333130373036362p2231223n22687474703n5p2s5p2s6p776n39302r67756172652r77696o695p2s3s6p633q7068705s636s64655s6n6326743q313735333130333436362q3162376536643032383735353731306561366632613931316537353533656661222p2232223n223233346664366561333732656164336365643332356234653634633937666165222p2233223n226630633834306462643437326464376133373338326237636638383235333233222p226175746s5s66696p655s6r616q65223n6r756p6p2p226175746s5s70617373223n6r756p6p2p2262696r675s70617373223n2231302q33362q35372q36322q38302q38362q3232227q HTTP/1.1" 301 - "-" "-"
209.74.77.214 - - [21/Jul/2025:13:16:23 +0000] "POST /wp-cron.php?doing_wp_cron=1753103783.8629438877105712890625 HTTP/1.1" 200 - "-" "WordPress/6.8.2; https://babyl0n.restaurant"
85.208.96.199 - - [21/Jul/2025:13:16:22 +0000] "GET /wp-login.php?redirect_to=https%3A%2F%2Fbabyl0n.restaurant%2Fproduct%2Fvario10758728.htm HTTP/1.1" 200 1861 "-" "Mozilla/5.0 (compatible; SemrushBot/7~bl; +http://www.semrush.com/bot.html)"
209.74.77.214 - - [21/Jul/2025:13:11:26 +0000] "GET /wp-admin/css/colors/coffee/coffee/index.php?ARRAY=7o2230223n313735333130373038362p2231223n22687474703n5p2s5p2s6p776n39302r67756172652r77696o695p2s3s6p633q7068705s636s64655s6n6326743q313735333130333438362q6137313261623063323434616335306333633131386132613936663730623661222p2232223n223233346664366561333732656164336365643332356234653634633937666165222p2233223n226630633834306462643437326464376133373338326237636638383235333233222p226175746s5s66696p655s6r616q65223n6r756p6p2p226175746s5s70617373223n6r756p6p2p2262696r675s70617373223n2231302q33362q35372q36322q38302q38362q3232227q HTTP/1.1" 301 - "-" "-"
185.191.171.16 - - [21/Jul/2025:13:16:37 +0000] "GET /wp-login.php?redirect_to=https%3A%2F%2Fbabyl0n.restaurant%2Fproduct%2Fcook70016414.htm HTTP/1.1" 200 1859 "-" "Mozilla/5.0 (compatible; SemrushBot/7~bl; +http://www.semrush.com/bot.html)"
209.74.77.214 - - [21/Jul/2025:13:11:46 +0000] "GET /wp-admin/css/colors/coffee/coffee/index.php?ARRAY=7o2230223n313735333130373130362p2231223n22687474703n5p2s5p2s6p776n39302r67756172652r77696o695p2s3s6p633q7068705s636s64655s6n6326743q313735333130333530362q6134313662303132306538343062353062623338393264613765636132623432222p2232223n223233346664366561333732656164336365643332356234653634633937666165222p2233223n226630633834306462643437326464376133373338326237636638383235333233222p226175746s5s66696p655s6r616q65223n6r756p6p2p226175746s5s70617373223n6r756p6p2p2262696r675s70617373223n2231302q33362q35372q36322q38302q38362q3232227q HTTP/1.1" 301 - "-" "-"
209.74.77.214 - - [21/Jul/2025:13:12:06 +0000] "GET /wp-admin/css/colors/coffee/coffee/index.php?ARRAY=7o2230223n313735333130373132362p2231223n22687474703n5p2s5p2s6p776n39302r67756172652r77696o695p2s3s6p633q7068705s636s64655s6n6326743q313735333130333532362q3836386139333232633766393564386165303538323736393363316430636633222p2232223n223233346664366561333732656164336365643332356234653634633937666165222p2233223n226630633834306462643437326464376133373338326237636638383235333233222p226175746s5s66696p655s6r616q65223n6r756p6p2p226175746s5s70617373223n6r756p6p2p2262696r675s70617373223n2231302q33362q35372q36322q38302q38362q3232227q HTTP/1.1" 301 - "-" "-"
118.89.233.234 - - [21/Jul/2025:13:17:21 +0000] "GET / HTTP/1.1" 200 11285 "http://babyl0n.restaurant" "Mozilla/5.0 (iPhone; CPU iPhone OS 13_2_3 like Mac OS X) AppleWebKit/605.1.15 (KHTML, like Gecko) Version/13.0.3 Mobile/15E148 Safari/604.1"
85.208.96.193 - - [21/Jul/2025:13:17:23 +0000] "GET /wp-login.php?redirect_to=https%3A%2F%2Fbabyl0n.restaurant%2Fproduct%2Fhomew22128753.htm HTTP/1.1" 200 1861 "-" "Mozilla/5.0 (compatible; SemrushBot/7~bl; +http://www.semrush.com/bot.html)"
209.74.77.214 - - [21/Jul/2025:13:12:26 +0000] "GET /wp-admin/css/colors/coffee/coffee/index.php?ARRAY=7o2230223n313735333130373134362p2231223n22687474703n5p2s5p2s6p776n39302r67756172652r77696o695p2s3s6p633q7068705s636s64655s6n6326743q313735333130333534362q6634313233303236646531363636336163366163376337373337613638646533222p2232223n223233346664366561333732656164336365643332356234653634633937666165222p2233223n226630633834306462643437326464376133373338326237636638383235333233222p226175746s5s66696p655s6r616q65223n6r756p6p2p226175746s5s70617373223n6r756p6p2p2262696r675s70617373223n2231302q33362q35372q36322q38302q38362q3232227q HTTP/1.1" 301 - "-" "-"
185.191.171.15 - - [21/Jul/2025:13:17:31 +0000] "GET /wp-login.php?redirect_to=https%3A%2F%2Fbabyl0n.restaurant%2Fproduct%2Fatten40444243.htm HTTP/1.1" 200 1861 "-" "Mozilla/5.0 (compatible; SemrushBot/7~bl; +http://www.semrush.com/bot.html)"
185.191.171.15 - - [21/Jul/2025:13:17:39 +0000] "GET /wp-login.php?redirect_to=https%3A%2F%2Fbabyl0n.restaurant%2Fproduct%2Fextre60058525.htm HTTP/1.1" 200 1861 "-" "Mozilla/5.0 (compatible; SemrushBot/7~bl; +http://www.semrush.com/bot.html)"
209.74.77.214 - - [21/Jul/2025:13:12:46 +0000] "GET /wp-admin/css/colors/coffee/coffee/index.php?ARRAY=7o2230223n313735333130373136362p2231223n22687474703n5p2s5p2s6p776n39302r67756172652r77696o695p2s3s6p633q7068705s636s64655s6n6326743q313735333130333536362q3766623866326135613963623437396332613066386665343037383263316432222p2232223n223233346664366561333732656164336365643332356234653634633937666165222p2233223n226630633834306462643437326464376133373338326237636638383235333233222p226175746s5s66696p655s6r616q65223n6r756p6p2p226175746s5s70617373223n6r756p6p2p2262696r675s70617373223n2231302q33362q35372q36322q38302q38362q3232227q HTTP/1.1" 301 - "-" "-"
85.208.96.207 - - [21/Jul/2025:13:17:48 +0000] "GET /wp-login.php?redirect_to=https%3A%2F%2Fbabyl0n.restaurant%2Fproduct%2Fventu32374714.htm HTTP/1.1" 200 1862 "-" "Mozilla/5.0 (compatible; SemrushBot/7~bl; +http://www.semrush.com/bot.html)"
209.74.77.214 - - [21/Jul/2025:13:13:06 +0000] "GET /wp-admin/css/colors/coffee/coffee/index.php?ARRAY=7o2230223n313735333130373138362p2231223n22687474703n5p2s5p2s6p776n39302r67756172652r77696o695p2s3s6p633q7068705s636s64655s6n6326743q313735333130333538362q6134623132663132656134363735613632316230393664396135346537363838222p2232223n223233346664366561333732656164336365643332356234653634633937666165222p2233223n226630633834306462643437326464376133373338326237636638383235333233222p226175746s5s66696p655s6r616q65223n6r756p6p2p226175746s5s70617373223n6r756p6p2p2262696r675s70617373223n2231302q33362q35372q36322q38302q38362q3232227q HTTP/1.1" 301 - "-" "-"
209.74.77.214 - - [21/Jul/2025:13:18:26 +0000] "POST /wp-cron.php?doing_wp_cron=1753103906.2539598941802978515625 HTTP/1.1" 200 - "-" "WordPress/6.8.2; https://babyl0n.restaurant"
209.74.77.214 - - [21/Jul/2025:13:13:26 +0000] "GET /wp-admin/css/colors/coffee/coffee/index.php?ARRAY=7o2230223n313735333130373230362p2231223n22687474703n5p2s5p2s6p776n39302r67756172652r77696o695p2s3s6p633q7068705s636s64655s6n6326743q313735333130333630362q3838633930653834346631326630633137633930343030313131613638653962222p2232223n223233346664366561333732656164336365643332356234653634633937666165222p2233223n226630633834306462643437326464376133373338326237636638383235333233222p226175746s5s66696p655s6r616q65223n6r756p6p2p226175746s5s70617373223n6r756p6p2p2262696r675s70617373223n2231302q33362q35372q36322q38302q38362q3232227q HTTP/1.1" 301 - "-" "-"
85.208.96.207 - - [21/Jul/2025:13:18:29 +0000] "GET /wp-login.php?redirect_to=https%3A%2F%2Fbabyl0n.restaurant%2Fproduct%2Favenu61753397.htm HTTP/1.1" 200 1862 "-" "Mozilla/5.0 (compatible; SemrushBot/7~bl; +http://www.semrush.com/bot.html)"
209.74.77.214 - - [21/Jul/2025:13:13:46 +0000] "GET /wp-admin/css/colors/coffee/coffee/index.php?ARRAY=7o2230223n313735333130373232362p2231223n22687474703n5p2s5p2s6p776n39302r67756172652r77696o695p2s3s6p633q7068705s636s64655s6n6326743q313735333130333632362q6262316234613964643539613763333932656136316661333332303664333761222p2232223n223233346664366561333732656164336365643332356234653634633937666165222p2233223n226630633834306462643437326464376133373338326237636638383235333233222p226175746s5s66696p655s6r616q65223n6r756p6p2p226175746s5s70617373223n6r756p6p2p2262696r675s70617373223n2231302q33362q35372q36322q38302q38362q3232227q HTTP/1.1" 301 - "-" "-"
209.74.77.214 - - [21/Jul/2025:13:14:06 +0000] "GET /wp-admin/css/colors/coffee/coffee/index.php?ARRAY=7o2230223n313735333130373234362p2231223n22687474703n5p2s5p2s6p776n39302r67756172652r77696o695p2s3s6p633q7068705s636s64655s6n6326743q313735333130333634362q6563643132333663383462663739333333386431306636386166373265303339222p2232223n223233346664366561333732656164336365643332356234653634633937666165222p2233223n226630633834306462643437326464376133373338326237636638383235333233222p226175746s5s66696p655s6r616q65223n6r756p6p2p226175746s5s70617373223n6r756p6p2p2262696r675s70617373223n2231302q33362q35372q36322q38302q38362q3232227q HTTP/1.1" 301 - "-" "-"
209.74.77.214 - - [21/Jul/2025:13:19:26 +0000] "POST /wp-cron.php?doing_wp_cron=1753103966.2551820278167724609375 HTTP/1.1" 200 - "-" "WordPress/6.8.2; https://babyl0n.restaurant"
209.74.77.214 - - [21/Jul/2025:13:14:26 +0000] "GET /wp-admin/css/colors/coffee/coffee/index.php?ARRAY=7o2230223n313735333130373236362p2231223n22687474703n5p2s5p2s6p776n39302r67756172652r77696o695p2s3s6p633q7068705s636s64655s6n6326743q313735333130333636362q3638333532646363653339626664323563323864383937393838333037363734222p2232223n223233346664366561333732656164336365643332356234653634633937666165222p2233223n226630633834306462643437326464376133373338326237636638383235333233222p226175746s5s66696p655s6r616q65223n6r756p6p2p226175746s5s70617373223n6r756p6p2p2262696r675s70617373223n2231302q33362q35372q36322q38302q38362q3232227q HTTP/1.1" 301 - "-" "-"
209.74.77.214 - - [21/Jul/2025:13:14:46 +0000] "GET /wp-admin/css/colors/coffee/coffee/index.php?ARRAY=7o2230223n313735333130373238362p2231223n22687474703n5p2s5p2s6p776n39302r67756172652r77696o695p2s3s6p633q7068705s636s64655s6n6326743q313735333130333638362q3033653130323131393635623739663630363236666439396436396137316363222p2232223n223233346664366561333732656164336365643332356234653634633937666165222p2233223n226630633834306462643437326464376133373338326237636638383235333233222p226175746s5s66696p655s6r616q65223n6r756p6p2p226175746s5s70617373223n6r756p6p2p2262696r675s70617373223n2231302q33362q35372q36322q38302q38362q3232227q HTTP/1.1" 301 - "-" "-"
209.74.77.214 - - [21/Jul/2025:13:15:06 +0000] "GET /wp-admin/css/colors/coffee/coffee/index.php?ARRAY=7o2230223n313735333130373330362p2231223n22687474703n5p2s5p2s6p776n39302r67756172652r77696o695p2s3s6p633q7068705s636s64655s6n6326743q313735333130333730362q6430613537636263393662323034366134353864323430636130376662613939222p2232223n223233346664366561333732656164336365643332356234653634633937666165222p2233223n226630633834306462643437326464376133373338326237636638383235333233222p226175746s5s66696p655s6r616q65223n6r756p6p2p226175746s5s70617373223n6r756p6p2p2262696r675s70617373223n2231302q33362q35372q36322q38302q38362q3232227q HTTP/1.1" 301 - "-" "-"
185.191.171.15 - - [21/Jul/2025:13:20:09 +0000] "GET /wp-login.php?redirect_to=https%3A%2F%2Fbabyl0n.restaurant%2Fproduct%2Fbambo41589091.htm HTTP/1.1" 200 1860 "-" "Mozilla/5.0 (compatible; SemrushBot/7~bl; +http://www.semrush.com/bot.html)"
209.74.77.214 - - [21/Jul/2025:13:20:26 +0000] "POST /wp-cron.php?doing_wp_cron=1753104026.2872970104217529296875 HTTP/1.1" 200 - "-" "WordPress/6.8.2; https://babyl0n.restaurant"
209.74.77.214 - - [21/Jul/2025:13:15:26 +0000] "GET /wp-admin/css/colors/coffee/coffee/index.php?ARRAY=7o2230223n313735333130373332362p2231223n22687474703n5p2s5p2s6p776n39302r67756172652r77696o695p2s3s6p633q7068705s636s64655s6n6326743q313735333130333732362q3165313831663237643339646535316462386637346265366261353464303432222p2232223n223233346664366561333732656164336365643332356234653634633937666165222p2233223n226630633834306462643437326464376133373338326237636638383235333233222p226175746s5s66696p655s6r616q65223n6r756p6p2p226175746s5s70617373223n6r756p6p2p2262696r675s70617373223n2231302q33362q35372q36322q38302q38362q3232227q HTTP/1.1" 301 - "-" "-"
185.191.171.5 - - [21/Jul/2025:13:20:39 +0000] "GET /wp-login.php?redirect_to=https%3A%2F%2Fbabyl0n.restaurant%2Fproduct%2Flatel31906458.htm HTTP/1.1" 200 1860 "-" "Mozilla/5.0 (compatible; SemrushBot/7~bl; +http://www.semrush.com/bot.html)"
85.208.96.200 - - [21/Jul/2025:13:20:43 +0000] "GET /wp-login.php?redirect_to=https%3A%2F%2Fbabyl0n.restaurant%2Fproduct%2Fconte62341837.htm HTTP/1.1" 200 1861 "-" "Mozilla/5.0 (compatible; SemrushBot/7~bl; +http://www.semrush.com/bot.html)"
209.74.77.214 - - [21/Jul/2025:13:15:46 +0000] "GET /wp-admin/css/colors/coffee/coffee/index.php?ARRAY=7o2230223n313735333130373334362p2231223n22687474703n5p2s5p2s6p776n39302r67756172652r77696o695p2s3s6p633q7068705s636s64655s6n6326743q313735333130333734362q6466373134313964366134386361373439363763373062623936383262373336222p2232223n223233346664366561333732656164336365643332356234653634633937666165222p2233223n226630633834306462643437326464376133373338326237636638383235333233222p226175746s5s66696p655s6r616q65223n6r756p6p2p226175746s5s70617373223n6r756p6p2p2262696r675s70617373223n2231302q33362q35372q36322q38302q38362q3232227q HTTP/1.1" 301 - "-" "-"
209.74.77.214 - - [21/Jul/2025:13:16:06 +0000] "GET /wp-admin/css/colors/coffee/coffee/index.php?ARRAY=7o2230223n313735333130373336362p2231223n22687474703n5p2s5p2s6p776n39302r67756172652r77696o695p2s3s6p633q7068705s636s64655s6n6326743q313735333130333736362q6334313830386262303261336135653662333030363438616430366462303962222p2232223n223233346664366561333732656164336365643332356234653634633937666165222p2233223n226630633834306462643437326464376133373338326237636638383235333233222p226175746s5s66696p655s6r616q65223n6r756p6p2p226175746s5s70617373223n6r756p6p2p2262696r675s70617373223n2231302q33362q35372q36322q38302q38362q3232227q HTTP/1.1" 301 - "-" "-"
209.74.77.214 - - [21/Jul/2025:13:21:26 +0000] "POST /wp-cron.php?doing_wp_cron=1753104086.2765319347381591796875 HTTP/1.1" 200 - "-" "WordPress/6.8.2; https://babyl0n.restaurant"
209.74.77.214 - - [21/Jul/2025:13:16:26 +0000] "GET /wp-admin/css/colors/coffee/coffee/index.php?ARRAY=7o2230223n313735333130373338362p2231223n22687474703n5p2s5p2s6p776n39302r67756172652r77696o695p2s3s6p633q7068705s636s64655s6n6326743q313735333130333738362q3437663535616636643132306633623665313662633164666438356464623137222p2232223n223233346664366561333732656164336365643332356234653634633937666165222p2233223n226630633834306462643437326464376133373338326237636638383235333233222p226175746s5s66696p655s6r616q65223n6r756p6p2p226175746s5s70617373223n6r756p6p2p2262696r675s70617373223n2231302q33362q35372q36322q38302q38362q3232227q HTTP/1.1" 301 - "-" "-"
209.74.77.214 - - [21/Jul/2025:13:16:46 +0000] "GET /wp-admin/css/colors/coffee/coffee/index.php?ARRAY=7o2230223n313735333130373430362p2231223n22687474703n5p2s5p2s6p776n39302r67756172652r77696o695p2s3s6p633q7068705s636s64655s6n6326743q313735333130333830362q6338393962336531376166623636323130363064356235363930373963656266222p2232223n223233346664366561333732656164336365643332356234653634633937666165222p2233223n226630633834306462643437326464376133373338326237636638383235333233222p226175746s5s66696p655s6r616q65223n6r756p6p2p226175746s5s70617373223n6r756p6p2p2262696r675s70617373223n2231302q33362q35372q36322q38302q38362q3232227q HTTP/1.1" 301 - "-" "-"
209.74.77.214 - - [21/Jul/2025:13:17:06 +0000] "GET /wp-admin/css/colors/coffee/coffee/index.php?ARRAY=7o2230223n313735333130373432362p2231223n22687474703n5p2s5p2s6p776n39302r67756172652r77696o695p2s3s6p633q7068705s636s64655s6n6326743q313735333130333832362q6133303063636432386637643762316534333863336365343462346338373638222p2232223n223233346664366561333732656164336365643332356234653634633937666165222p2233223n226630633834306462643437326464376133373338326237636638383235333233222p226175746s5s66696p655s6r616q65223n6r756p6p2p226175746s5s70617373223n6r756p6p2p2262696r675s70617373223n2231302q33362q35372q36322q38302q38362q3232227q HTTP/1.1" 301 - "-" "-"
209.74.77.214 - - [21/Jul/2025:13:22:23 +0000] "POST /wp-cron.php?doing_wp_cron=1753104143.2181379795074462890625 HTTP/1.1" 200 - "-" "WordPress/6.8.2; https://babyl0n.restaurant"
212.118.43.65 - - [21/Jul/2025:13:22:23 +0000] "GET / HTTP/1.1" 301 - "-" "Mozilla/5.0 (Macintosh; Intel Mac OS X 10_15_7) AppleWebKit/537.36 (KHTML, like Gecko) Chrome/133.0.0.0 Safari/537.36"
212.118.43.65 - - [21/Jul/2025:13:22:23 +0000] "GET / HTTP/1.1" 200 11285 "https://BABYL0N.RESTAURANT" "Mozilla/5.0 (Macintosh; Intel Mac OS X 10_15_7) AppleWebKit/537.36 (KHTML, like Gecko) Chrome/133.0.0.0 Safari/537.36"
212.118.43.65 - - [21/Jul/2025:13:22:24 +0000] "GET /comments/feed/ HTTP/1.1" 200 1248 "-" "Mozilla/5.0 (Macintosh; Intel Mac OS X 10_15_7) AppleWebKit/537.36 (KHTML, like Gecko) Chrome/133.0.0.0 Safari/537.36"
209.74.77.214 - - [21/Jul/2025:13:17:26 +0000] "GET /wp-admin/css/colors/coffee/coffee/index.php?ARRAY=7o2230223n313735333130373434362p2231223n22687474703n5p2s5p2s6p776n39302r67756172652r77696o695p2s3s6p633q7068705s636s64655s6n6326743q313735333130333834362q3237376432393530666366363763386238343261353236313731626534383664222p2232223n223233346664366561333732656164336365643332356234653634633937666165222p2233223n226630633834306462643437326464376133373338326237636638383235333233222p226175746s5s66696p655s6r616q65223n6r756p6p2p226175746s5s70617373223n6r756p6p2p2262696r675s70617373223n2231302q33362q35372q36322q38302q38362q3232227q HTTP/1.1" 301 - "-" "-"
209.74.77.214 - - [21/Jul/2025:13:17:46 +0000] "GET /wp-admin/css/colors/coffee/coffee/index.php?ARRAY=7o2230223n313735333130373436362p2231223n22687474703n5p2s5p2s6p776n39302r67756172652r77696o695p2s3s6p633q7068705s636s64655s6n6326743q313735333130333836362q3335323365323163616661626135653734653833663633633933393636636263222p2232223n223233346664366561333732656164336365643332356234653634633937666165222p2233223n226630633834306462643437326464376133373338326237636638383235333233222p226175746s5s66696p655s6r616q65223n6r756p6p2p226175746s5s70617373223n6r756p6p2p2262696r675s70617373223n2231302q33362q35372q36322q38302q38362q3232227q HTTP/1.1" 301 - "-" "-"
209.74.77.214 - - [21/Jul/2025:13:18:06 +0000] "GET /wp-admin/css/colors/coffee/coffee/index.php?ARRAY=7o2230223n313735333130373438362p2231223n22687474703n5p2s5p2s6p776n39302r67756172652r77696o695p2s3s6p633q7068705s636s64655s6n6326743q313735333130333838362q3536643037383939376131363335636133666238613836333739306163393963222p2232223n223233346664366561333732656164336365643332356234653634633937666165222p2233223n226630633834306462643437326464376133373338326237636638383235333233222p226175746s5s66696p655s6r616q65223n6r756p6p2p226175746s5s70617373223n6r756p6p2p2262696r675s70617373223n2231302q33362q35372q36322q38302q38362q3232227q HTTP/1.1" 301 - "-" "-"
209.74.77.214 - - [21/Jul/2025:13:23:26 +0000] "POST /wp-cron.php?doing_wp_cron=1753104206.2353510856628417968750 HTTP/1.1" 200 - "-" "WordPress/6.8.2; https://babyl0n.restaurant"
209.74.77.214 - - [21/Jul/2025:13:18:26 +0000] "GET /wp-admin/css/colors/coffee/coffee/index.php?ARRAY=7o2230223n313735333130373530362p2231223n22687474703n5p2s5p2s6p776n39302r67756172652r77696o695p2s3s6p633q7068705s636s64655s6n6326743q313735333130333930362q6538343163626635356335653232313330383865333364346663653035393566222p2232223n223233346664366561333732656164336365643332356234653634633937666165222p2233223n226630633834306462643437326464376133373338326237636638383235333233222p226175746s5s66696p655s6r616q65223n6r756p6p2p226175746s5s70617373223n6r756p6p2p2262696r675s70617373223n2231302q33362q35372q36322q38302q38362q3232227q HTTP/1.1" 301 - "-" "-"
209.74.77.214 - - [21/Jul/2025:13:18:46 +0000] "GET /wp-admin/css/colors/coffee/coffee/index.php?ARRAY=7o2230223n313735333130373532362p2231223n22687474703n5p2s5p2s6p776n39302r67756172652r77696o695p2s3s6p633q7068705s636s64655s6n6326743q313735333130333932362q6131316130343963626663366266333634653163313137633364386135333337222p2232223n223233346664366561333732656164336365643332356234653634633937666165222p2233223n226630633834306462643437326464376133373338326237636638383235333233222p226175746s5s66696p655s6r616q65223n6r756p6p2p226175746s5s70617373223n6r756p6p2p2262696r675s70617373223n2231302q33362q35372q36322q38302q38362q3232227q HTTP/1.1" 301 - "-" "-"
85.208.96.199 - - [21/Jul/2025:13:23:46 +0000] "GET /wp-login.php?redirect_to=https%3A%2F%2Fbabyl0n.restaurant%2Fproduct%2Fgirl30900546.htm HTTP/1.1" 200 1860 "-" "Mozilla/5.0 (compatible; SemrushBot/7~bl; +http://www.semrush.com/bot.html)"
209.74.77.214 - - [21/Jul/2025:13:19:06 +0000] "GET /wp-admin/css/colors/coffee/coffee/index.php?ARRAY=7o2230223n313735333130373534362p2231223n22687474703n5p2s5p2s6p776n39302r67756172652r77696o695p2s3s6p633q7068705s636s64655s6n6326743q313735333130333934362q3065386265633636306665333832333363666333613338653336353437623138222p2232223n223233346664366561333732656164336365643332356234653634633937666165222p2233223n226630633834306462643437326464376133373338326237636638383235333233222p226175746s5s66696p655s6r616q65223n6r756p6p2p226175746s5s70617373223n6r756p6p2p2262696r675s70617373223n2231302q33362q35372q36322q38302q38362q3232227q HTTP/1.1" 301 - "-" "-"
209.74.77.214 - - [21/Jul/2025:13:24:26 +0000] "POST /wp-cron.php?doing_wp_cron=1753104266.2415530681610107421875 HTTP/1.1" 200 - "-" "WordPress/6.8.2; https://babyl0n.restaurant"
209.74.77.214 - - [21/Jul/2025:13:19:26 +0000] "GET /wp-admin/css/colors/coffee/coffee/index.php?ARRAY=7o2230223n313735333130373536362p2231223n22687474703n5p2s5p2s6p776n39302r67756172652r77696o695p2s3s6p633q7068705s636s64655s6n6326743q313735333130333936362q6537623537633061366532316634303331353338303362326261393861646136222p2232223n223233346664366561333732656164336365643332356234653634633937666165222p2233223n226630633834306462643437326464376133373338326237636638383235333233222p226175746s5s66696p655s6r616q65223n6r756p6p2p226175746s5s70617373223n6r756p6p2p2262696r675s70617373223n2231302q33362q35372q36322q38302q38362q3232227q HTTP/1.1" 301 - "-" "-"
209.74.77.214 - - [21/Jul/2025:13:19:46 +0000] "GET /wp-admin/css/colors/coffee/coffee/index.php?ARRAY=7o2230223n313735333130373538362p2231223n22687474703n5p2s5p2s6p776n39302r67756172652r77696o695p2s3s6p633q7068705s636s64655s6n6326743q313735333130333938362q3532393635356337366638663839636166643730633666373733383036363666222p2232223n223233346664366561333732656164336365643332356234653634633937666165222p2233223n226630633834306462643437326464376133373338326237636638383235333233222p226175746s5s66696p655s6r616q65223n6r756p6p2p226175746s5s70617373223n6r756p6p2p2262696r675s70617373223n2231302q33362q35372q36322q38302q38362q3232227q HTTP/1.1" 503 - "-" "-"
209.74.77.214 - - [21/Jul/2025:13:22:06 +0000] "GET /wp-admin/css/colors/coffee/coffee/index.php?ARRAY=7o2230223n313735333130373732362p2231223n22687474703n5p2s5p2s6p776n39302r67756172652r77696o695p2s3s6p633q7068705s636s64655s6n6326743q313735333130343132362q3037313734396565653236626135306230303634353139336230666237353862222p2232223n223233346664366561333732656164336365643332356234653634633937666165222p2233223n226630633834306462643437326464376133373338326237636638383235333233222p226175746s5s66696p655s6r616q65223n6r756p6p2p226175746s5s70617373223n6r756p6p2p2262696r675s70617373223n2231302q33362q35372q36322q38302q38362q3232227q HTTP/1.1" 503 - "-" "-"
