20.171.207.101 - - [21/Jul/2025:17:51:48 +0000] "GET /shopdetail/456161280.shtml HTTP/1.1" 404 24730 "-" "Mozilla/5.0 AppleWebKit/537.36 (KHTML, like Gecko; compatible; GPTBot/1.2; +https://openai.com/gptbot)"
20.171.207.101 - - [21/Jul/2025:17:51:51 +0000] "GET /shopdetail/455886934.shtml HTTP/1.1" 404 24729 "-" "Mozilla/5.0 AppleWebKit/537.36 (KHTML, like Gecko; compatible; GPTBot/1.2; +https://openai.com/gptbot)"
20.171.207.101 - - [21/Jul/2025:17:51:54 +0000] "GET /shopdetail/456382296.shtml HTTP/1.1" 404 24727 "-" "Mozilla/5.0 AppleWebKit/537.36 (KHTML, like Gecko; compatible; GPTBot/1.2; +https://openai.com/gptbot)"
20.171.207.101 - - [21/Jul/2025:17:51:57 +0000] "GET /shopdetail/456378806.shtml HTTP/1.1" 404 24729 "-" "Mozilla/5.0 AppleWebKit/537.36 (KHTML, like Gecko; compatible; GPTBot/1.2; +https://openai.com/gptbot)"
20.171.207.101 - - [21/Jul/2025:17:52:00 +0000] "GET /shopdetail/456346930.shtml HTTP/1.1" 404 24731 "-" "Mozilla/5.0 AppleWebKit/537.36 (KHTML, like Gecko; compatible; GPTBot/1.2; +https://openai.com/gptbot)"
20.171.207.101 - - [21/Jul/2025:17:52:03 +0000] "GET /shopdetail/456587152.shtml HTTP/1.1" 404 24732 "-" "Mozilla/5.0 AppleWebKit/537.36 (KHTML, like Gecko; compatible; GPTBot/1.2; +https://openai.com/gptbot)"
20.171.207.101 - - [21/Jul/2025:17:52:05 +0000] "GET /shopdetail/455940260.shtml HTTP/1.1" 404 24729 "-" "Mozilla/5.0 AppleWebKit/537.36 (KHTML, like Gecko; compatible; GPTBot/1.2; +https://openai.com/gptbot)"
20.171.207.101 - - [21/Jul/2025:17:52:08 +0000] "GET /shopdetail/456179364.shtml HTTP/1.1" 404 24730 "-" "Mozilla/5.0 AppleWebKit/537.36 (KHTML, like Gecko; compatible; GPTBot/1.2; +https://openai.com/gptbot)"
20.171.207.101 - - [21/Jul/2025:17:52:11 +0000] "GET /shopdetail/456341120.shtml HTTP/1.1" 404 24729 "-" "Mozilla/5.0 AppleWebKit/537.36 (KHTML, like Gecko; compatible; GPTBot/1.2; +https://openai.com/gptbot)"
57.141.2.13 - - [21/Jul/2025:17:52:12 +0000] "GET /shopdetail/2387840966.shtml HTTP/1.1" 404 146914 "-" "meta-externalagent/1.1 (+https://developers.facebook.com/docs/sharing/webmasters/crawler)"
209.74.77.214 - - [21/Jul/2025:17:52:14 +0000] "POST /wp-cron.php?doing_wp_cron=1753120334.8624229431152343750000 HTTP/1.1" 200 - "-" "WordPress/6.8.2; https://cartel.express"
20.171.207.101 - - [21/Jul/2025:17:52:14 +0000] "GET /shopdetail/456191040.shtml HTTP/1.1" 404 24729 "-" "Mozilla/5.0 AppleWebKit/537.36 (KHTML, like Gecko; compatible; GPTBot/1.2; +https://openai.com/gptbot)"
20.171.207.101 - - [21/Jul/2025:17:52:17 +0000] "GET /shopdetail/456058720.shtml HTTP/1.1" 404 24731 "-" "Mozilla/5.0 AppleWebKit/537.36 (KHTML, like Gecko; compatible; GPTBot/1.2; +https://openai.com/gptbot)"
20.171.207.101 - - [21/Jul/2025:17:52:20 +0000] "GET /shopdetail/456180814.shtml HTTP/1.1" 404 24727 "-" "Mozilla/5.0 AppleWebKit/537.36 (KHTML, like Gecko; compatible; GPTBot/1.2; +https://openai.com/gptbot)"
20.171.207.101 - - [21/Jul/2025:17:52:23 +0000] "GET /shopdetail/456313732.shtml HTTP/1.1" 404 24726 "-" "Mozilla/5.0 AppleWebKit/537.36 (KHTML, like Gecko; compatible; GPTBot/1.2; +https://openai.com/gptbot)"
20.171.207.101 - - [21/Jul/2025:17:52:25 +0000] "GET /shopdetail/456209124.shtml HTTP/1.1" 404 24731 "-" "Mozilla/5.0 AppleWebKit/537.36 (KHTML, like Gecko; compatible; GPTBot/1.2; +https://openai.com/gptbot)"
20.171.207.101 - - [21/Jul/2025:17:52:28 +0000] "GET /shopdetail/456077998.shtml HTTP/1.1" 404 24730 "-" "Mozilla/5.0 AppleWebKit/537.36 (KHTML, like Gecko; compatible; GPTBot/1.2; +https://openai.com/gptbot)"
20.171.207.101 - - [21/Jul/2025:17:52:31 +0000] "GET /shopdetail/455980190.shtml HTTP/1.1" 404 24730 "-" "Mozilla/5.0 AppleWebKit/537.36 (KHTML, like Gecko; compatible; GPTBot/1.2; +https://openai.com/gptbot)"
20.171.207.101 - - [21/Jul/2025:17:52:34 +0000] "GET /shopdetail/456523400.shtml HTTP/1.1" 404 24730 "-" "Mozilla/5.0 AppleWebKit/537.36 (KHTML, like Gecko; compatible; GPTBot/1.2; +https://openai.com/gptbot)"
20.171.207.101 - - [21/Jul/2025:17:52:37 +0000] "GET /shopdetail/456281856.shtml HTTP/1.1" 404 24730 "-" "Mozilla/5.0 AppleWebKit/537.36 (KHTML, like Gecko; compatible; GPTBot/1.2; +https://openai.com/gptbot)"
20.171.207.101 - - [21/Jul/2025:17:52:40 +0000] "GET /shopdetail/455894720.shtml HTTP/1.1" 404 24730 "-" "Mozilla/5.0 AppleWebKit/537.36 (KHTML, like Gecko; compatible; GPTBot/1.2; +https://openai.com/gptbot)"
20.171.207.101 - - [21/Jul/2025:17:52:42 +0000] "GET /shopdetail/455907394.shtml HTTP/1.1" 404 24727 "-" "Mozilla/5.0 AppleWebKit/537.36 (KHTML, like Gecko; compatible; GPTBot/1.2; +https://openai.com/gptbot)"
20.171.207.101 - - [21/Jul/2025:17:52:45 +0000] "GET /shopdetail/456039386.shtml HTTP/1.1" 404 24729 "-" "Mozilla/5.0 AppleWebKit/537.36 (KHTML, like Gecko; compatible; GPTBot/1.2; +https://openai.com/gptbot)"
209.74.77.214 - - [21/Jul/2025:17:52:48 +0000] "POST /wp-cron.php?doing_wp_cron=1753120368.6222310066223144531250 HTTP/1.1" 200 - "-" "WordPress/6.8.2; https://cartel.express"
20.171.207.101 - - [21/Jul/2025:17:52:48 +0000] "GET /shopdetail/456369762.shtml HTTP/1.1" 404 24728 "-" "Mozilla/5.0 AppleWebKit/537.36 (KHTML, like Gecko; compatible; GPTBot/1.2; +https://openai.com/gptbot)"
20.171.207.101 - - [21/Jul/2025:17:52:51 +0000] "GET /shopdetail/455920926.shtml HTTP/1.1" 404 24730 "-" "Mozilla/5.0 AppleWebKit/537.36 (KHTML, like Gecko; compatible; GPTBot/1.2; +https://openai.com/gptbot)"
20.171.207.101 - - [21/Jul/2025:17:52:54 +0000] "GET /shopdetail/456028960.shtml HTTP/1.1" 404 24730 "-" "Mozilla/5.0 AppleWebKit/537.36 (KHTML, like Gecko; compatible; GPTBot/1.2; +https://openai.com/gptbot)"
20.171.207.101 - - [21/Jul/2025:17:52:57 +0000] "GET /shopdetail/456219294.shtml HTTP/1.1" 404 24728 "-" "Mozilla/5.0 AppleWebKit/537.36 (KHTML, like Gecko; compatible; GPTBot/1.2; +https://openai.com/gptbot)"
20.171.207.101 - - [21/Jul/2025:17:52:59 +0000] "GET /shopdetail/455890296.shtml HTTP/1.1" 404 24730 "-" "Mozilla/5.0 AppleWebKit/537.36 (KHTML, like Gecko; compatible; GPTBot/1.2; +https://openai.com/gptbot)"
20.171.207.101 - - [21/Jul/2025:17:53:02 +0000] "GET /shopdetail/456150986.shtml HTTP/1.1" 404 24729 "-" "Mozilla/5.0 AppleWebKit/537.36 (KHTML, like Gecko; compatible; GPTBot/1.2; +https://openai.com/gptbot)"
20.171.207.101 - - [21/Jul/2025:17:53:05 +0000] "GET /shopdetail/456261396.shtml HTTP/1.1" 404 24729 "-" "Mozilla/5.0 AppleWebKit/537.36 (KHTML, like Gecko; compatible; GPTBot/1.2; +https://openai.com/gptbot)"
20.171.207.101 - - [21/Jul/2025:17:53:08 +0000] "GET /shopdetail/456075882.shtml HTTP/1.1" 404 24731 "-" "Mozilla/5.0 AppleWebKit/537.36 (KHTML, like Gecko; compatible; GPTBot/1.2; +https://openai.com/gptbot)"
20.171.207.101 - - [21/Jul/2025:17:53:11 +0000] "GET /shopdetail/456230774.shtml HTTP/1.1" 404 24730 "-" "Mozilla/5.0 AppleWebKit/537.36 (KHTML, like Gecko; compatible; GPTBot/1.2; +https://openai.com/gptbot)"
209.74.77.214 - - [21/Jul/2025:17:53:14 +0000] "POST /wp-cron.php?doing_wp_cron=1753120394.4591460227966308593750 HTTP/1.1" 200 - "-" "WordPress/6.8.2; https://cartel.express"
20.171.207.101 - - [21/Jul/2025:17:53:14 +0000] "GET /shopdetail/456039386.shtml HTTP/1.1" 404 24727 "-" "Mozilla/5.0 AppleWebKit/537.36 (KHTML, like Gecko; compatible; GPTBot/1.2; +https://openai.com/gptbot)"
20.171.207.101 - - [21/Jul/2025:17:53:16 +0000] "GET /shopdetail/456082810.shtml HTTP/1.1" 404 24732 "-" "Mozilla/5.0 AppleWebKit/537.36 (KHTML, like Gecko; compatible; GPTBot/1.2; +https://openai.com/gptbot)"
20.171.207.101 - - [21/Jul/2025:17:53:19 +0000] "GET /shopdetail/456476810.shtml HTTP/1.1" 404 24730 "-" "Mozilla/5.0 AppleWebKit/537.36 (KHTML, like Gecko; compatible; GPTBot/1.2; +https://openai.com/gptbot)"
20.171.207.101 - - [21/Jul/2025:17:53:22 +0000] "GET /shopdetail/456251234.shtml HTTP/1.1" 404 24728 "-" "Mozilla/5.0 AppleWebKit/537.36 (KHTML, like Gecko; compatible; GPTBot/1.2; +https://openai.com/gptbot)"
209.74.77.214 - - [21/Jul/2025:17:53:25 +0000] "POST /wp-cron.php?doing_wp_cron=1753120405.7737410068511962890625 HTTP/1.1" 200 - "-" "WordPress/6.8.2; https://cartel.express"
20.171.207.101 - - [21/Jul/2025:17:53:25 +0000] "GET /shopdetail/455886610.shtml HTTP/1.1" 404 24729 "-" "Mozilla/5.0 AppleWebKit/537.36 (KHTML, like Gecko; compatible; GPTBot/1.2; +https://openai.com/gptbot)"
20.171.207.101 - - [21/Jul/2025:17:53:28 +0000] "GET /shopdetail/455908384.shtml HTTP/1.1" 404 24729 "-" "Mozilla/5.0 AppleWebKit/537.36 (KHTML, like Gecko; compatible; GPTBot/1.2; +https://openai.com/gptbot)"
20.171.207.101 - - [21/Jul/2025:17:53:31 +0000] "GET /shopdetail/456050934.shtml HTTP/1.1" 404 24729 "-" "Mozilla/5.0 AppleWebKit/537.36 (KHTML, like Gecko; compatible; GPTBot/1.2; +https://openai.com/gptbot)"
20.171.207.101 - - [21/Jul/2025:17:53:33 +0000] "GET /shopdetail/456162534.shtml HTTP/1.1" 404 24728 "-" "Mozilla/5.0 AppleWebKit/537.36 (KHTML, like Gecko; compatible; GPTBot/1.2; +https://openai.com/gptbot)"
20.171.207.101 - - [21/Jul/2025:17:53:36 +0000] "GET /shopdetail/456141750.shtml HTTP/1.1" 404 24730 "-" "Mozilla/5.0 AppleWebKit/537.36 (KHTML, like Gecko; compatible; GPTBot/1.2; +https://openai.com/gptbot)"
20.171.207.101 - - [21/Jul/2025:17:53:39 +0000] "GET /shopdetail/456502940.shtml HTTP/1.1" 404 24731 "-" "Mozilla/5.0 AppleWebKit/537.36 (KHTML, like Gecko; compatible; GPTBot/1.2; +https://openai.com/gptbot)"
20.171.207.101 - - [21/Jul/2025:17:53:42 +0000] "GET /shopdetail/456191970.shtml HTTP/1.1" 404 24731 "-" "Mozilla/5.0 AppleWebKit/537.36 (KHTML, like Gecko; compatible; GPTBot/1.2; +https://openai.com/gptbot)"
20.171.207.101 - - [21/Jul/2025:17:53:44 +0000] "GET /shopdetail/456518912.shtml HTTP/1.1" 404 24732 "-" "Mozilla/5.0 AppleWebKit/537.36 (KHTML, like Gecko; compatible; GPTBot/1.2; +https://openai.com/gptbot)"
209.74.77.214 - - [21/Jul/2025:17:53:48 +0000] "POST /wp-cron.php?doing_wp_cron=1753120428.0168819427490234375000 HTTP/1.1" 200 - "-" "WordPress/6.8.2; https://cartel.express"
20.171.207.101 - - [21/Jul/2025:17:53:47 +0000] "GET /shopdetail/455906136.shtml HTTP/1.1" 404 24731 "-" "Mozilla/5.0 AppleWebKit/537.36 (KHTML, like Gecko; compatible; GPTBot/1.2; +https://openai.com/gptbot)"
20.171.207.101 - - [21/Jul/2025:17:53:50 +0000] "GET /shopdetail/456309308.shtml HTTP/1.1" 404 24729 "-" "Mozilla/5.0 AppleWebKit/537.36 (KHTML, like Gecko; compatible; GPTBot/1.2; +https://openai.com/gptbot)"
20.171.207.101 - - [21/Jul/2025:17:53:53 +0000] "GET /shopdetail/456151976.shtml HTTP/1.1" 404 24729 "-" "Mozilla/5.0 AppleWebKit/537.36 (KHTML, like Gecko; compatible; GPTBot/1.2; +https://openai.com/gptbot)"
20.171.207.101 - - [21/Jul/2025:17:53:56 +0000] "GET /shopdetail/455857106.shtml HTTP/1.1" 404 24730 "-" "Mozilla/5.0 AppleWebKit/537.36 (KHTML, like Gecko; compatible; GPTBot/1.2; +https://openai.com/gptbot)"
20.171.207.101 - - [21/Jul/2025:17:53:59 +0000] "GET /shopdetail/455978074.shtml HTTP/1.1" 404 24732 "-" "Mozilla/5.0 AppleWebKit/537.36 (KHTML, like Gecko; compatible; GPTBot/1.2; +https://openai.com/gptbot)"
20.171.207.101 - - [21/Jul/2025:17:54:01 +0000] "GET /shopdetail/456260278.shtml HTTP/1.1" 404 24729 "-" "Mozilla/5.0 AppleWebKit/537.36 (KHTML, like Gecko; compatible; GPTBot/1.2; +https://openai.com/gptbot)"
20.171.207.101 - - [21/Jul/2025:17:54:04 +0000] "GET /shopdetail/455939270.shtml HTTP/1.1" 404 24729 "-" "Mozilla/5.0 AppleWebKit/537.36 (KHTML, like Gecko; compatible; GPTBot/1.2; +https://openai.com/gptbot)"
20.171.207.101 - - [21/Jul/2025:17:54:07 +0000] "GET /shopdetail/456337822.shtml HTTP/1.1" 404 24730 "-" "Mozilla/5.0 AppleWebKit/537.36 (KHTML, like Gecko; compatible; GPTBot/1.2; +https://openai.com/gptbot)"
20.171.207.101 - - [21/Jul/2025:17:54:10 +0000] "GET /shopdetail/456574810.shtml HTTP/1.1" 404 24730 "-" "Mozilla/5.0 AppleWebKit/537.36 (KHTML, like Gecko; compatible; GPTBot/1.2; +https://openai.com/gptbot)"
209.74.77.214 - - [21/Jul/2025:17:54:13 +0000] "POST /wp-cron.php?doing_wp_cron=1753120453.3785738945007324218750 HTTP/1.1" 200 - "-" "WordPress/6.8.2; https://cartel.express"
20.171.207.101 - - [21/Jul/2025:17:54:13 +0000] "GET /shopdetail/456302704.shtml HTTP/1.1" 404 24729 "-" "Mozilla/5.0 AppleWebKit/537.36 (KHTML, like Gecko; compatible; GPTBot/1.2; +https://openai.com/gptbot)"
20.171.207.101 - - [21/Jul/2025:17:54:15 +0000] "GET /shopdetail/456124912.shtml HTTP/1.1" 404 24729 "-" "Mozilla/5.0 AppleWebKit/537.36 (KHTML, like Gecko; compatible; GPTBot/1.2; +https://openai.com/gptbot)"
20.171.207.101 - - [21/Jul/2025:17:54:18 +0000] "GET /shopdetail/456181804.shtml HTTP/1.1" 404 24729 "-" "Mozilla/5.0 AppleWebKit/537.36 (KHTML, like Gecko; compatible; GPTBot/1.2; +https://openai.com/gptbot)"
20.171.207.101 - - [21/Jul/2025:17:54:21 +0000] "GET /shopdetail/456681922.shtml HTTP/1.1" 404 24730 "-" "Mozilla/5.0 AppleWebKit/537.36 (KHTML, like Gecko; compatible; GPTBot/1.2; +https://openai.com/gptbot)"
20.171.207.101 - - [21/Jul/2025:17:54:24 +0000] "GET /shopdetail/456256908.shtml HTTP/1.1" 404 24730 "-" "Mozilla/5.0 AppleWebKit/537.36 (KHTML, like Gecko; compatible; GPTBot/1.2; +https://openai.com/gptbot)"
20.171.207.101 - - [21/Jul/2025:17:54:27 +0000] "GET /shopdetail/456386916.shtml HTTP/1.1" 404 24728 "-" "Mozilla/5.0 AppleWebKit/537.36 (KHTML, like Gecko; compatible; GPTBot/1.2; +https://openai.com/gptbot)"
57.141.2.6 - - [21/Jul/2025:17:54:28 +0000] "GET /shopdetail/2167883424.shtml HTTP/1.1" 404 146916 "-" "meta-externalagent/1.1 (+https://developers.facebook.com/docs/sharing/webmasters/crawler)"
20.171.207.101 - - [21/Jul/2025:17:54:30 +0000] "GET /shopdetail/456153426.shtml HTTP/1.1" 404 24730 "-" "Mozilla/5.0 AppleWebKit/537.36 (KHTML, like Gecko; compatible; GPTBot/1.2; +https://openai.com/gptbot)"
20.171.207.101 - - [21/Jul/2025:17:54:33 +0000] "GET /shopdetail/456301390.shtml HTTP/1.1" 404 24732 "-" "Mozilla/5.0 AppleWebKit/537.36 (KHTML, like Gecko; compatible; GPTBot/1.2; +https://openai.com/gptbot)"
20.171.207.101 - - [21/Jul/2025:17:54:35 +0000] "GET /shopdetail/455864960.shtml HTTP/1.1" 404 24731 "-" "Mozilla/5.0 AppleWebKit/537.36 (KHTML, like Gecko; compatible; GPTBot/1.2; +https://openai.com/gptbot)"
20.171.207.101 - - [21/Jul/2025:17:54:38 +0000] "GET /shopdetail/456193156.shtml HTTP/1.1" 404 24730 "-" "Mozilla/5.0 AppleWebKit/537.36 (KHTML, like Gecko; compatible; GPTBot/1.2; +https://openai.com/gptbot)"
20.171.207.101 - - [21/Jul/2025:17:54:41 +0000] "GET /shopdetail/456180490.shtml HTTP/1.1" 404 24729 "-" "Mozilla/5.0 AppleWebKit/537.36 (KHTML, like Gecko; compatible; GPTBot/1.2; +https://openai.com/gptbot)"
20.171.207.101 - - [21/Jul/2025:17:54:44 +0000] "GET /shopdetail/456261720.shtml HTTP/1.1" 404 24730 "-" "Mozilla/5.0 AppleWebKit/537.36 (KHTML, like Gecko; compatible; GPTBot/1.2; +https://openai.com/gptbot)"
209.74.77.214 - - [21/Jul/2025:17:54:47 +0000] "POST /wp-cron.php?doing_wp_cron=1753120487.6510860919952392578125 HTTP/1.1" 200 - "-" "WordPress/6.8.2; https://cartel.express"
20.171.207.101 - - [21/Jul/2025:17:54:47 +0000] "GET /shopdetail/456042752.shtml HTTP/1.1" 404 24731 "-" "Mozilla/5.0 AppleWebKit/537.36 (KHTML, like Gecko; compatible; GPTBot/1.2; +https://openai.com/gptbot)"
20.171.207.101 - - [21/Jul/2025:17:54:50 +0000] "GET /shopdetail/456211240.shtml HTTP/1.1" 404 24728 "-" "Mozilla/5.0 AppleWebKit/537.36 (KHTML, like Gecko; compatible; GPTBot/1.2; +https://openai.com/gptbot)"
216.73.216.19 - - [21/Jul/2025:17:54:52 +0000] "GET /shopdetail/1881723004.shtml HTTP/1.1" 404 24729 "-" "Mozilla/5.0 AppleWebKit/537.36 (KHTML, like Gecko; compatible; ClaudeBot/1.0; [email protected])"
20.171.207.101 - - [21/Jul/2025:17:54:53 +0000] "GET /shopdetail/455961910.shtml HTTP/1.1" 404 24730 "-" "Mozilla/5.0 AppleWebKit/537.36 (KHTML, like Gecko; compatible; GPTBot/1.2; +https://openai.com/gptbot)"
216.73.216.19 - - [21/Jul/2025:17:54:54 +0000] "GET /shopdetail/1881775340.shtml HTTP/1.1" 404 24727 "-" "Mozilla/5.0 AppleWebKit/537.36 (KHTML, like Gecko; compatible; ClaudeBot/1.0; [email protected])"
209.85.238.5 - - [21/Jul/2025:17:54:55 +0000] "GET /shopdetail/2614490.shtml HTTP/1.1" 404 24731 "-" "Mozilla/5.0 (X11; Linux x86_64) AppleWebKit/537.36 (KHTML, like Gecko) Chrome/137.0.7151.119 Safari/537.36"
209.85.238.1 - - [21/Jul/2025:17:54:56 +0000] "GET /wp-content/plugins/woocommerce/assets/css/woocommerce.css?ver=10.0.2 HTTP/1.1" 200 10826 "https://cartel.express/shopdetail/2614490.shtml" "Mozilla/5.0 (X11; Linux x86_64) AppleWebKit/537.36 (KHTML, like Gecko) Chrome/137.0.7151.119 Safari/537.36"
209.85.238.5 - - [21/Jul/2025:17:54:56 +0000] "GET /wp-content/plugins/trx_addons/js/magnific/magnific-popup.min.css HTTP/1.1" 200 1548 "https://cartel.express/shopdetail/2614490.shtml" "Mozilla/5.0 (X11; Linux x86_64) AppleWebKit/537.36 (KHTML, like Gecko) Chrome/137.0.7151.119 Safari/537.36"
20.171.207.101 - - [21/Jul/2025:17:54:56 +0000] "GET /shopdetail/456620350.shtml HTTP/1.1" 404 24729 "-" "Mozilla/5.0 AppleWebKit/537.36 (KHTML, like Gecko; compatible; GPTBot/1.2; +https://openai.com/gptbot)"
209.85.238.1 - - [21/Jul/2025:17:54:56 +0000] "GET /wp-content/plugins/advanced-popups/public/css/advanced-popups-public.css?ver=1.2.2 HTTP/1.1" 200 2297 "https://cartel.express/shopdetail/2614490.shtml" "Mozilla/5.0 (X11; Linux x86_64) AppleWebKit/537.36 (KHTML, like Gecko) Chrome/137.0.7151.119 Safari/537.36"
209.85.238.4 - - [21/Jul/2025:17:54:56 +0000] "GET /wp-content/plugins/trx_addons/css/font-icons/css/trx_addons_icons.css HTTP/1.1" 200 4577 "https://cartel.express/shopdetail/2614490.shtml" "Mozilla/5.0 (X11; Linux x86_64) AppleWebKit/537.36 (KHTML, like Gecko) Chrome/137.0.7151.119 Safari/537.36"
209.85.238.5 - - [21/Jul/2025:17:54:57 +0000] "GET /wp-content/plugins/ti-woocommerce-wishlist/assets/fonts/tinvwl-webfont.woff2?ver=xu2uyi HTTP/1.1" 200 4427 "https://cartel.express/shopdetail/2614490.shtml" "Mozilla/5.0 (X11; Linux x86_64) AppleWebKit/537.36 (KHTML, like Gecko) Chrome/137.0.7151.119 Safari/537.36"
209.85.238.4 - - [21/Jul/2025:17:54:57 +0000] "GET /wp-content/plugins/elementor/assets/css/widget-divider.min.css?ver=3.30.2 HTTP/1.1" 200 771 "https://cartel.express/shopdetail/2614490.shtml" "Mozilla/5.0 (X11; Linux x86_64) AppleWebKit/537.36 (KHTML, like Gecko) Chrome/137.0.7151.119 Safari/537.36"
209.85.238.1 - - [21/Jul/2025:17:54:57 +0000] "GET /wp-content/plugins/elementor/assets/css/widget-spacer.min.css?ver=3.30.2 HTTP/1.1" 200 369 "https://cartel.express/shopdetail/2614490.shtml" "Mozilla/5.0 (X11; Linux x86_64) AppleWebKit/537.36 (KHTML, like Gecko) Chrome/137.0.7151.119 Safari/537.36"
209.85.238.4 - - [21/Jul/2025:17:54:57 +0000] "GET /wp-content/plugins/trx_addons/components/shortcodes/content/content.responsive.css HTTP/1.1" 200 696 "https://cartel.express/shopdetail/2614490.shtml" "Mozilla/5.0 (X11; Linux x86_64) AppleWebKit/537.36 (KHTML, like Gecko) Chrome/137.0.7151.119 Safari/537.36"
209.85.238.5 - - [21/Jul/2025:17:54:57 +0000] "GET /wp-content/plugins/trx_addons/addons/qw-extension/css/qw_extension_icons.css HTTP/1.1" 200 1435 "https://cartel.express/shopdetail/2614490.shtml" "Mozilla/5.0 (X11; Linux x86_64) AppleWebKit/537.36 (KHTML, like Gecko) Chrome/137.0.7151.119 Safari/537.36"
216.73.216.19 - - [21/Jul/2025:17:54:57 +0000] "GET /shopdetail/691949244.shtml HTTP/1.1" 404 24730 "-" "Mozilla/5.0 AppleWebKit/537.36 (KHTML, like Gecko; compatible; ClaudeBot/1.0; [email protected])"
209.85.238.5 - - [21/Jul/2025:17:54:58 +0000] "GET /wp-includes/js/jquery/jquery-migrate.min.js?ver=3.4.1 HTTP/1.1" 200 4872 "https://cartel.express/shopdetail/2614490.shtml" "Mozilla/5.0 (X11; Linux x86_64) AppleWebKit/537.36 (KHTML, like Gecko) Chrome/137.0.7151.119 Safari/537.36"
209.85.238.4 - - [21/Jul/2025:17:54:58 +0000] "GET /wp-content/themes/detailx/skins/default/plugins/woocommerce/woocommerce-responsive.css HTTP/1.1" 200 9063 "https://cartel.express/shopdetail/2614490.shtml" "Mozilla/5.0 (X11; Linux x86_64) AppleWebKit/537.36 (KHTML, like Gecko) Chrome/137.0.7151.119 Safari/537.36"
209.85.238.5 - - [21/Jul/2025:17:54:58 +0000] "GET /wp-content/plugins/trx_addons/css/trx_addons.animations.css HTTP/1.1" 200 6429 "https://cartel.express/shopdetail/2614490.shtml" "Mozilla/5.0 (X11; Linux x86_64) AppleWebKit/537.36 (KHTML, like Gecko) Chrome/137.0.7151.119 Safari/537.36"
209.85.238.1 - - [21/Jul/2025:17:54:58 +0000] "GET /wp-includes/js/jquery/ui/core.min.js?ver=1.13.3 HTTP/1.1" 200 7106 "https://cartel.express/shopdetail/2614490.shtml" "Mozilla/5.0 (X11; Linux x86_64) AppleWebKit/537.36 (KHTML, like Gecko) Chrome/137.0.7151.119 Safari/537.36"
209.85.238.4 - - [21/Jul/2025:17:54:58 +0000] "GET /wp-content/plugins/advanced-popups/fonts/advanced-popups-icons.woff HTTP/1.1" 200 694 "https://cartel.express/shopdetail/2614490.shtml" "Mozilla/5.0 (X11; Linux x86_64) AppleWebKit/537.36 (KHTML, like Gecko) Chrome/137.0.7151.119 Safari/537.36"
209.85.238.5 - - [21/Jul/2025:17:54:58 +0000] "GET /wp-content/uploads/elementor/css/custom-frontend.min.css?ver=1752119949 HTTP/1.1" 200 7083 "https://cartel.express/shopdetail/2614490.shtml" "Mozilla/5.0 (X11; Linux x86_64) AppleWebKit/537.36 (KHTML, like Gecko) Chrome/137.0.7151.119 Safari/537.36"
209.85.238.4 - - [21/Jul/2025:17:54:59 +0000] "GET /wp-content/plugins/woocommerce/assets/js/jquery-blockui/jquery.blockUI.min.js?ver=2.7.0-wc.10.0.2 HTTP/1.1" 200 3537 "https://cartel.express/shopdetail/2614490.shtml" "Mozilla/5.0 (X11; Linux x86_64) AppleWebKit/537.36 (KHTML, like Gecko) Chrome/137.0.7151.119 Safari/537.36"
209.85.238.4 - - [21/Jul/2025:17:54:59 +0000] "GET /wp-content/plugins/woocommerce/assets/client/blocks/wc-blocks.css?ver=wc-10.0.2 HTTP/1.1" 200 2575 "https://cartel.express/shopdetail/2614490.shtml" "Mozilla/5.0 (X11; Linux x86_64) AppleWebKit/537.36 (KHTML, like Gecko) Chrome/137.0.7151.119 Safari/537.36"
20.171.207.101 - - [21/Jul/2025:17:54:58 +0000] "GET /shopdetail/456259280.shtml HTTP/1.1" 404 24731 "-" "Mozilla/5.0 AppleWebKit/537.36 (KHTML, like Gecko; compatible; GPTBot/1.2; +https://openai.com/gptbot)"
209.85.238.5 - - [21/Jul/2025:17:54:59 +0000] "GET /wp-content/plugins/woo-smart-quick-view/assets/libs/perfect-scrollbar/css/perfect-scrollbar.min.css?ver=6.8.2 HTTP/1.1" 200 610 "https://cartel.express/shopdetail/2614490.shtml" "Mozilla/5.0 (X11; Linux x86_64) AppleWebKit/537.36 (KHTML, like Gecko) Chrome/137.0.7151.119 Safari/537.36"
209.85.238.5 - - [21/Jul/2025:17:54:59 +0000] "GET /wp-content/plugins/trx_addons/components/api/woocommerce/woocommerce.css HTTP/1.1" 200 3998 "https://cartel.express/shopdetail/2614490.shtml" "Mozilla/5.0 (X11; Linux x86_64) AppleWebKit/537.36 (KHTML, like Gecko) Chrome/137.0.7151.119 Safari/537.36"
209.85.238.4 - - [21/Jul/2025:17:55:00 +0000] "GET /wp-includes/js/jquery/jquery.min.js?ver=3.7.1 HTTP/1.1" 200 30368 "https://cartel.express/shopdetail/2614490.shtml" "Mozilla/5.0 (X11; Linux x86_64) AppleWebKit/537.36 (KHTML, like Gecko) Chrome/137.0.7151.119 Safari/537.36"
209.85.238.5 - - [21/Jul/2025:17:55:00 +0000] "GET /wp-includes/js/wp-util.min.js?ver=6.8.2 HTTP/1.1" 200 756 "https://cartel.express/shopdetail/2614490.shtml" "Mozilla/5.0 (X11; Linux x86_64) AppleWebKit/537.36 (KHTML, like Gecko) Chrome/137.0.7151.119 Safari/537.36"
209.85.238.5 - - [21/Jul/2025:17:55:00 +0000] "GET /wp-includes/js/underscore.min.js?ver=1.13.7 HTTP/1.1" 200 7317 "https://cartel.express/shopdetail/2614490.shtml" "Mozilla/5.0 (X11; Linux x86_64) AppleWebKit/537.36 (KHTML, like Gecko) Chrome/137.0.7151.119 Safari/537.36"
209.85.238.4 - - [21/Jul/2025:17:55:00 +0000] "GET /wp-content/plugins/woocommerce/assets/js/frontend/add-to-cart-variation.min.js?ver=10.0.2 HTTP/1.1" 200 3940 "https://cartel.express/shopdetail/2614490.shtml" "Mozilla/5.0 (X11; Linux x86_64) AppleWebKit/537.36 (KHTML, like Gecko) Chrome/137.0.7151.119 Safari/537.36"
209.85.238.4 - - [21/Jul/2025:17:55:00 +0000] "GET /wp-content/plugins/woo-smart-quick-view/assets/libs/perfect-scrollbar/js/perfect-scrollbar.jquery.min.js?ver=4.2.0 HTTP/1.1" 200 6509 "https://cartel.express/shopdetail/2614490.shtml" "Mozilla/5.0 (X11; Linux x86_64) AppleWebKit/537.36 (KHTML, like Gecko) Chrome/137.0.7151.119 Safari/537.36"
216.73.216.19 - - [21/Jul/2025:17:55:00 +0000] "GET /shopdetail/692012138.shtml HTTP/1.1" 404 24728 "-" "Mozilla/5.0 AppleWebKit/537.36 (KHTML, like Gecko; compatible; ClaudeBot/1.0; [email protected])"
209.85.238.5 - - [21/Jul/2025:17:55:01 +0000] "GET /wp-content/plugins/woocommerce/assets/js/frontend/cart-fragments.min.js?ver=10.0.2 HTTP/1.1" 200 1045 "https://cartel.express/shopdetail/2614490.shtml" "Mozilla/5.0 (X11; Linux x86_64) AppleWebKit/537.36 (KHTML, like Gecko) Chrome/137.0.7151.119 Safari/537.36"
209.85.238.5 - - [21/Jul/2025:17:55:01 +0000] "GET /wp-content/plugins/elementor/assets/js/webpack.runtime.min.js?ver=3.30.2 HTTP/1.1" 200 2516 "https://cartel.express/shopdetail/2614490.shtml" "Mozilla/5.0 (X11; Linux x86_64) AppleWebKit/537.36 (KHTML, like Gecko) Chrome/137.0.7151.119 Safari/537.36"
209.85.238.5 - - [21/Jul/2025:17:55:01 +0000] "GET /wp-content/plugins/elementor/assets/js/frontend.min.js?ver=3.30.2 HTTP/1.1" 200 10595 "https://cartel.express/shopdetail/2614490.shtml" "Mozilla/5.0 (X11; Linux x86_64) AppleWebKit/537.36 (KHTML, like Gecko) Chrome/137.0.7151.119 Safari/537.36"
209.85.238.5 - - [21/Jul/2025:17:55:01 +0000] "GET /wp-content/uploads/2023/08/logo.png HTTP/1.1" 200 2543 "https://cartel.express/shopdetail/2614490.shtml" "Mozilla/5.0 (X11; Linux x86_64) AppleWebKit/537.36 (KHTML, like Gecko) Chrome/137.0.7151.119 Safari/537.36"
209.85.238.5 - - [21/Jul/2025:17:55:01 +0000] "GET /wp-includes/js/jquery/ui/datepicker.min.js?ver=1.13.3 HTTP/1.1" 200 10907 "https://cartel.express/shopdetail/2614490.shtml" "Mozilla/5.0 (X11; Linux x86_64) AppleWebKit/537.36 (KHTML, like Gecko) Chrome/137.0.7151.119 Safari/537.36"
209.85.238.4 - - [21/Jul/2025:17:55:02 +0000] "GET /wp-content/plugins/trx_addons/js/magnific/jquery.magnific-popup.min.js HTTP/1.1" 200 7346 "https://cartel.express/shopdetail/2614490.shtml" "Mozilla/5.0 (X11; Linux x86_64) AppleWebKit/537.36 (KHTML, like Gecko) Chrome/137.0.7151.119 Safari/537.36"
209.85.238.5 - - [21/Jul/2025:17:55:02 +0000] "GET /wp-content/plugins/woocommerce/assets/js/frontend/add-to-cart.min.js?ver=10.0.2 HTTP/1.1" 200 1407 "https://cartel.express/shopdetail/2614490.shtml" "Mozilla/5.0 (X11; Linux x86_64) AppleWebKit/537.36 (KHTML, like Gecko) Chrome/137.0.7151.119 Safari/537.36"
209.85.238.4 - - [21/Jul/2025:17:55:02 +0000] "GET /wp-content/plugins/woocommerce/assets/js/frontend/woocommerce.min.js?ver=10.0.2 HTTP/1.1" 200 1532 "https://cartel.express/shopdetail/2614490.shtml" "Mozilla/5.0 (X11; Linux x86_64) AppleWebKit/537.36 (KHTML, like Gecko) Chrome/137.0.7151.119 Safari/537.36"
209.85.238.5 - - [21/Jul/2025:17:55:02 +0000] "GET /wp-content/plugins/woo-smart-quick-view/assets/js/frontend.js?ver=4.2.0 HTTP/1.1" 200 2307 "https://cartel.express/shopdetail/2614490.shtml" "Mozilla/5.0 (X11; Linux x86_64) AppleWebKit/537.36 (KHTML, like Gecko) Chrome/137.0.7151.119 Safari/537.36"
20.171.207.101 - - [21/Jul/2025:17:55:01 +0000] "GET /shopdetail/456677498.shtml HTTP/1.1" 404 24729 "-" "Mozilla/5.0 AppleWebKit/537.36 (KHTML, like Gecko; compatible; GPTBot/1.2; +https://openai.com/gptbot)"
209.85.238.4 - - [21/Jul/2025:17:55:02 +0000] "GET /wp-content/plugins/trx_addons/addons/mouse-helper/mouse-helper.js HTTP/1.1" 200 4826 "https://cartel.express/shopdetail/2614490.shtml" "Mozilla/5.0 (X11; Linux x86_64) AppleWebKit/537.36 (KHTML, like Gecko) Chrome/137.0.7151.119 Safari/537.36"
209.85.238.4 - - [21/Jul/2025:17:55:03 +0000] "GET /wp-content/plugins/woocommerce/assets/js/frontend/order-attribution.min.js?ver=10.0.2 HTTP/1.1" 200 1128 "https://cartel.express/shopdetail/2614490.shtml" "Mozilla/5.0 (X11; Linux x86_64) AppleWebKit/537.36 (KHTML, like Gecko) Chrome/137.0.7151.119 Safari/537.36"
209.85.238.4 - - [21/Jul/2025:17:55:03 +0000] "GET /wp-includes/js/mediaelement/wp-mediaelement.min.js?ver=6.8.2 HTTP/1.1" 200 538 "https://cartel.express/shopdetail/2614490.shtml" "Mozilla/5.0 (X11; Linux x86_64) AppleWebKit/537.36 (KHTML, like Gecko) Chrome/137.0.7151.119 Safari/537.36"
209.85.238.4 - - [21/Jul/2025:17:55:03 +0000] "GET /wp-content/themes/detailx/skins/default/css/font-icons/font/fontello.woff2?79927143 HTTP/1.1" 200 96845 "https://cartel.express/wp-content/themes/detailx/skins/default/css/font-icons/css/fontello.css" "Mozilla/5.0 (X11; Linux x86_64) AppleWebKit/537.36 (KHTML, like Gecko) Chrome/137.0.7151.119 Safari/537.36"
216.73.216.19 - - [21/Jul/2025:17:55:03 +0000] "GET /shopdetail/1882073708.shtml HTTP/1.1" 404 24730 "-" "Mozilla/5.0 AppleWebKit/537.36 (KHTML, like Gecko; compatible; ClaudeBot/1.0; [email protected])"
209.85.238.4 - - [21/Jul/2025:17:55:03 +0000] "POST /?wc-ajax=get_refreshed_fragments HTTP/1.1" 200 161 "https://cartel.express/shopdetail/2614490.shtml" "Mozilla/5.0 (X11; Linux x86_64) AppleWebKit/537.36 (KHTML, like Gecko) Chrome/137.0.7151.119 Safari/537.36"
209.85.238.4 - - [21/Jul/2025:17:55:04 +0000] "GET /wp-content/plugins/elementor/assets/js/shared-frontend-handlers.30dc2f9c080845a413a6.bundle.min.js HTTP/1.1" 200 2682 "https://cartel.express/shopdetail/2614490.shtml" "Mozilla/5.0 (X11; Linux x86_64) AppleWebKit/537.36 (KHTML, like Gecko) Chrome/137.0.7151.119 Safari/537.36"
20.171.207.101 - - [21/Jul/2025:17:55:04 +0000] "GET /shopdetail/456275316.shtml HTTP/1.1" 404 24729 "-" "Mozilla/5.0 AppleWebKit/537.36 (KHTML, like Gecko; compatible; GPTBot/1.2; +https://openai.com/gptbot)"
216.73.216.19 - - [21/Jul/2025:17:55:06 +0000] "GET /shopdetail/1881350334.shtml HTTP/1.1" 404 24731 "-" "Mozilla/5.0 AppleWebKit/537.36 (KHTML, like Gecko; compatible; ClaudeBot/1.0; [email protected])"
20.171.207.101 - - [21/Jul/2025:17:55:07 +0000] "GET /shopdetail/456080370.shtml HTTP/1.1" 404 24730 "-" "Mozilla/5.0 AppleWebKit/537.36 (KHTML, like Gecko; compatible; GPTBot/1.2; +https://openai.com/gptbot)"
216.73.216.19 - - [21/Jul/2025:17:55:09 +0000] "GET /shopdetail/1881601114.shtml HTTP/1.1" 404 24731 "-" "Mozilla/5.0 AppleWebKit/537.36 (KHTML, like Gecko; compatible; ClaudeBot/1.0; [email protected])"
20.171.207.101 - - [21/Jul/2025:17:55:09 +0000] "GET /shopdetail/455876376.shtml HTTP/1.1" 404 24729 "-" "Mozilla/5.0 AppleWebKit/537.36 (KHTML, like Gecko; compatible; GPTBot/1.2; +https://openai.com/gptbot)"
209.74.77.214 - - [21/Jul/2025:17:55:13 +0000] "POST /wp-cron.php?doing_wp_cron=1753120513.1416819095611572265625 HTTP/1.1" 200 - "-" "WordPress/6.8.2; https://cartel.express"
216.73.216.19 - - [21/Jul/2025:17:55:12 +0000] "GET /shopdetail/1881370794.shtml HTTP/1.1" 404 24728 "-" "Mozilla/5.0 AppleWebKit/537.36 (KHTML, like Gecko; compatible; ClaudeBot/1.0; [email protected])"
20.171.207.101 - - [21/Jul/2025:17:55:12 +0000] "GET /shopdetail/456049680.shtml HTTP/1.1" 404 24730 "-" "Mozilla/5.0 AppleWebKit/537.36 (KHTML, like Gecko; compatible; GPTBot/1.2; +https://openai.com/gptbot)"
216.73.216.19 - - [21/Jul/2025:17:55:15 +0000] "GET /shopdetail/1881508524.shtml HTTP/1.1" 404 24729 "-" "Mozilla/5.0 AppleWebKit/537.36 (KHTML, like Gecko; compatible; ClaudeBot/1.0; [email protected])"
20.171.207.101 - - [21/Jul/2025:17:55:15 +0000] "GET /shopdetail/456527094.shtml HTTP/1.1" 404 24730 "-" "Mozilla/5.0 AppleWebKit/537.36 (KHTML, like Gecko; compatible; GPTBot/1.2; +https://openai.com/gptbot)"
20.171.207.101 - - [21/Jul/2025:17:55:18 +0000] "GET /shopdetail/456145308.shtml HTTP/1.1" 404 24730 "-" "Mozilla/5.0 AppleWebKit/537.36 (KHTML, like Gecko; compatible; GPTBot/1.2; +https://openai.com/gptbot)"
216.73.216.19 - - [21/Jul/2025:17:55:18 +0000] "GET /shopdetail/692479190.shtml HTTP/1.1" 404 24730 "-" "Mozilla/5.0 AppleWebKit/537.36 (KHTML, like Gecko; compatible; ClaudeBot/1.0; [email protected])"
20.171.207.101 - - [21/Jul/2025:17:55:21 +0000] "GET /shopdetail/456335706.shtml HTTP/1.1" 404 24730 "-" "Mozilla/5.0 AppleWebKit/537.36 (KHTML, like Gecko; compatible; GPTBot/1.2; +https://openai.com/gptbot)"
216.73.216.19 - - [21/Jul/2025:17:55:21 +0000] "GET /shopdetail/1881716076.shtml HTTP/1.1" 404 24728 "-" "Mozilla/5.0 AppleWebKit/537.36 (KHTML, like Gecko; compatible; ClaudeBot/1.0; [email protected])"
209.74.77.214 - - [21/Jul/2025:17:55:24 +0000] "POST /wp-cron.php?doing_wp_cron=1753120524.4903559684753417968750 HTTP/1.1" 200 - "-" "WordPress/6.8.2; https://cartel.express"
20.171.207.101 - - [21/Jul/2025:17:55:24 +0000] "GET /shopdetail/456590846.shtml HTTP/1.1" 404 24729 "-" "Mozilla/5.0 AppleWebKit/537.36 (KHTML, like Gecko; compatible; GPTBot/1.2; +https://openai.com/gptbot)"
216.73.216.19 - - [21/Jul/2025:17:55:24 +0000] "GET /shopdetail/1881556564.shtml HTTP/1.1" 404 24727 "-" "Mozilla/5.0 AppleWebKit/537.36 (KHTML, like Gecko; compatible; ClaudeBot/1.0; [email protected])"
20.171.207.101 - - [21/Jul/2025:17:55:26 +0000] "GET /shopdetail/455917684.shtml HTTP/1.1" 404 24730 "-" "Mozilla/5.0 AppleWebKit/537.36 (KHTML, like Gecko; compatible; GPTBot/1.2; +https://openai.com/gptbot)"
216.73.216.19 - - [21/Jul/2025:17:55:27 +0000] "GET /shopdetail/1882000848.shtml HTTP/1.1" 404 24729 "-" "Mozilla/5.0 AppleWebKit/537.36 (KHTML, like Gecko; compatible; ClaudeBot/1.0; [email protected])"
209.74.77.214 - - [21/Jul/2025:17:55:29 +0000] "POST /wp-cron.php?doing_wp_cron=1753120529.9489190578460693359375 HTTP/1.1" 200 - "-" "WordPress/6.8.2; https://cartel.express"
20.171.207.101 - - [21/Jul/2025:17:55:29 +0000] "GET /shopdetail/455989230.shtml HTTP/1.1" 404 24730 "-" "Mozilla/5.0 AppleWebKit/537.36 (KHTML, like Gecko; compatible; GPTBot/1.2; +https://openai.com/gptbot)"
216.73.216.19 - - [21/Jul/2025:17:55:30 +0000] "GET /shopdetail/691917368.shtml HTTP/1.1" 404 24731 "-" "Mozilla/5.0 AppleWebKit/537.36 (KHTML, like Gecko; compatible; ClaudeBot/1.0; [email protected])"
20.171.207.101 - - [21/Jul/2025:17:55:32 +0000] "GET /shopdetail/456323100.shtml HTTP/1.1" 404 24730 "-" "Mozilla/5.0 AppleWebKit/537.36 (KHTML, like Gecko; compatible; GPTBot/1.2; +https://openai.com/gptbot)"
216.73.216.19 - - [21/Jul/2025:17:55:33 +0000] "GET /shopdetail/691805704.shtml HTTP/1.1" 404 24727 "-" "Mozilla/5.0 AppleWebKit/537.36 (KHTML, like Gecko; compatible; ClaudeBot/1.0; [email protected])"
20.171.207.101 - - [21/Jul/2025:17:55:35 +0000] "GET /shopdetail/456319542.shtml HTTP/1.1" 404 24729 "-" "Mozilla/5.0 AppleWebKit/537.36 (KHTML, like Gecko; compatible; GPTBot/1.2; +https://openai.com/gptbot)"
216.73.216.19 - - [21/Jul/2025:17:55:36 +0000] "GET /shopdetail/1881765114.shtml HTTP/1.1" 404 24728 "-" "Mozilla/5.0 AppleWebKit/537.36 (KHTML, like Gecko; compatible; ClaudeBot/1.0; [email protected])"
20.171.207.101 - - [21/Jul/2025:17:55:38 +0000] "GET /shopdetail/456046122.shtml HTTP/1.1" 404 24731 "-" "Mozilla/5.0 AppleWebKit/537.36 (KHTML, like Gecko; compatible; GPTBot/1.2; +https://openai.com/gptbot)"
216.73.216.19 - - [21/Jul/2025:17:55:39 +0000] "GET /shopdetail/692022300.shtml HTTP/1.1" 404 24730 "-" "Mozilla/5.0 AppleWebKit/537.36 (KHTML, like Gecko; compatible; ClaudeBot/1.0; [email protected])"
20.171.207.101 - - [21/Jul/2025:17:55:41 +0000] "GET /shopdetail/456383294.shtml HTTP/1.1" 404 24730 "-" "Mozilla/5.0 AppleWebKit/537.36 (KHTML, like Gecko; compatible; GPTBot/1.2; +https://openai.com/gptbot)"
216.73.216.19 - - [21/Jul/2025:17:55:42 +0000] "GET /shopdetail/1881566798.shtml HTTP/1.1" 404 24731 "-" "Mozilla/5.0 AppleWebKit/537.36 (KHTML, like Gecko; compatible; ClaudeBot/1.0; [email protected])"
57.141.2.3 - - [21/Jul/2025:17:55:42 +0000] "GET /shopdetail/2167981492.shtml HTTP/1.1" 404 146916 "-" "meta-externalagent/1.1 (+https://developers.facebook.com/docs/sharing/webmasters/crawler)"
20.171.207.101 - - [21/Jul/2025:17:55:44 +0000] "GET /shopdetail/456321914.shtml HTTP/1.1" 404 24729 "-" "Mozilla/5.0 AppleWebKit/537.36 (KHTML, like Gecko; compatible; GPTBot/1.2; +https://openai.com/gptbot)"
216.73.216.19 - - [21/Jul/2025:17:55:45 +0000] "GET /shopdetail/1882068896.shtml HTTP/1.1" 404 24732 "-" "Mozilla/5.0 AppleWebKit/537.36 (KHTML, like Gecko; compatible; ClaudeBot/1.0; [email protected])"
209.74.77.214 - - [21/Jul/2025:17:55:47 +0000] "POST /wp-cron.php?doing_wp_cron=1753120547.3018479347229003906250 HTTP/1.1" 200 - "-" "WordPress/6.8.2; https://cartel.express"
20.171.207.101 - - [21/Jul/2025:17:55:47 +0000] "GET /shopdetail/456532700.shtml HTTP/1.1" 404 24730 "-" "Mozilla/5.0 AppleWebKit/537.36 (KHTML, like Gecko; compatible; GPTBot/1.2; +https://openai.com/gptbot)"
216.73.216.19 - - [21/Jul/2025:17:55:48 +0000] "GET /shopdetail/1881609898.shtml HTTP/1.1" 404 24731 "-" "Mozilla/5.0 AppleWebKit/537.36 (KHTML, like Gecko; compatible; ClaudeBot/1.0; [email protected])"
20.171.207.101 - - [21/Jul/2025:17:55:49 +0000] "GET /shopdetail/456080438.shtml HTTP/1.1" 404 24730 "-" "Mozilla/5.0 AppleWebKit/537.36 (KHTML, like Gecko; compatible; GPTBot/1.2; +https://openai.com/gptbot)"
216.73.216.19 - - [21/Jul/2025:17:55:51 +0000] "GET /shopdetail/1882020126.shtml HTTP/1.1" 404 24729 "-" "Mozilla/5.0 AppleWebKit/537.36 (KHTML, like Gecko; compatible; ClaudeBot/1.0; [email protected])"
20.171.207.101 - - [21/Jul/2025:17:55:52 +0000] "GET /shopdetail/455918486.shtml HTTP/1.1" 404 24730 "-" "Mozilla/5.0 AppleWebKit/537.36 (KHTML, like Gecko; compatible; GPTBot/1.2; +https://openai.com/gptbot)"
216.73.216.19 - - [21/Jul/2025:17:55:54 +0000] "GET /shopdetail/1882022306.shtml HTTP/1.1" 404 24727 "-" "Mozilla/5.0 AppleWebKit/537.36 (KHTML, like Gecko; compatible; ClaudeBot/1.0; [email protected])"
20.171.207.101 - - [21/Jul/2025:17:55:55 +0000] "GET /shopdetail/456206752.shtml HTTP/1.1" 404 24730 "-" "Mozilla/5.0 AppleWebKit/537.36 (KHTML, like Gecko; compatible; GPTBot/1.2; +https://openai.com/gptbot)"
20.171.207.101 - - [21/Jul/2025:17:55:58 +0000] "GET /shopdetail/456130658.shtml HTTP/1.1" 404 24726 "-" "Mozilla/5.0 AppleWebKit/537.36 (KHTML, like Gecko; compatible; GPTBot/1.2; +https://openai.com/gptbot)"
216.73.216.19 - - [21/Jul/2025:17:56:00 +0000] "GET /shopdetail/1881348218.shtml HTTP/1.1" 404 24730 "-" "Mozilla/5.0 AppleWebKit/537.36 (KHTML, like Gecko; compatible; ClaudeBot/1.0; [email protected])"
20.171.207.101 - - [21/Jul/2025:17:56:01 +0000] "GET /shopdetail/456608934.shtml HTTP/1.1" 404 24727 "-" "Mozilla/5.0 AppleWebKit/537.36 (KHTML, like Gecko; compatible; GPTBot/1.2; +https://openai.com/gptbot)"
216.73.216.19 - - [21/Jul/2025:17:56:03 +0000] "GET /shopdetail/1882040586.shtml HTTP/1.1" 404 24731 "-" "Mozilla/5.0 AppleWebKit/537.36 (KHTML, like Gecko; compatible; ClaudeBot/1.0; [email protected])"
20.171.207.101 - - [21/Jul/2025:17:56:04 +0000] "GET /shopdetail/455874260.shtml HTTP/1.1" 404 24730 "-" "Mozilla/5.0 AppleWebKit/537.36 (KHTML, like Gecko; compatible; GPTBot/1.2; +https://openai.com/gptbot)"
216.73.216.19 - - [21/Jul/2025:17:56:06 +0000] "GET /shopdetail/1881839092.shtml HTTP/1.1" 404 24730 "-" "Mozilla/5.0 AppleWebKit/537.36 (KHTML, like Gecko; compatible; ClaudeBot/1.0; [email protected])"
20.171.207.101 - - [21/Jul/2025:17:56:07 +0000] "GET /shopdetail/456063276.shtml HTTP/1.1" 404 24729 "-" "Mozilla/5.0 AppleWebKit/537.36 (KHTML, like Gecko; compatible; GPTBot/1.2; +https://openai.com/gptbot)"
216.73.216.19 - - [21/Jul/2025:17:56:09 +0000] "GET /shopdetail/1882064600.shtml HTTP/1.1" 404 24729 "-" "Mozilla/5.0 AppleWebKit/537.36 (KHTML, like Gecko; compatible; ClaudeBot/1.0; [email protected])"
20.171.207.101 - - [21/Jul/2025:17:56:09 +0000] "GET /shopdetail/456074628.shtml HTTP/1.1" 404 24726 "-" "Mozilla/5.0 AppleWebKit/537.36 (KHTML, like Gecko; compatible; GPTBot/1.2; +https://openai.com/gptbot)"
216.73.216.19 - - [21/Jul/2025:17:56:12 +0000] "GET /shopdetail/1881434546.shtml HTTP/1.1" 404 24729 "-" "Mozilla/5.0 AppleWebKit/537.36 (KHTML, like Gecko; compatible; ClaudeBot/1.0; [email protected])"
209.74.77.214 - - [21/Jul/2025:17:56:13 +0000] "POST /wp-cron.php?doing_wp_cron=1753120573.2297420501708984375000 HTTP/1.1" 200 - "-" "WordPress/6.8.2; https://cartel.express"
20.171.207.101 - - [21/Jul/2025:17:56:12 +0000] "GET /shopdetail/456353790.shtml HTTP/1.1" 404 24728 "-" "Mozilla/5.0 AppleWebKit/537.36 (KHTML, like Gecko; compatible; GPTBot/1.2; +https://openai.com/gptbot)"
216.73.216.19 - - [21/Jul/2025:17:56:15 +0000] "GET /shopdetail/1881432430.shtml HTTP/1.1" 404 24728 "-" "Mozilla/5.0 AppleWebKit/537.36 (KHTML, like Gecko; compatible; ClaudeBot/1.0; [email protected])"
20.171.207.101 - - [21/Jul/2025:17:56:15 +0000] "GET /shopdetail/456328778.shtml HTTP/1.1" 404 24728 "-" "Mozilla/5.0 AppleWebKit/537.36 (KHTML, like Gecko; compatible; GPTBot/1.2; +https://openai.com/gptbot)"
20.171.207.101 - - [21/Jul/2025:17:56:18 +0000] "GET /shopdetail/456391404.shtml HTTP/1.1" 404 24732 "-" "Mozilla/5.0 AppleWebKit/537.36 (KHTML, like Gecko; compatible; GPTBot/1.2; +https://openai.com/gptbot)"
216.73.216.19 - - [21/Jul/2025:17:56:18 +0000] "GET /shopdetail/691818310.shtml HTTP/1.1" 404 24731 "-" "Mozilla/5.0 AppleWebKit/537.36 (KHTML, like Gecko; compatible; ClaudeBot/1.0; [email protected])"
20.171.207.101 - - [21/Jul/2025:17:56:21 +0000] "GET /shopdetail/456140752.shtml HTTP/1.1" 404 24729 "-" "Mozilla/5.0 AppleWebKit/537.36 (KHTML, like Gecko; compatible; GPTBot/1.2; +https://openai.com/gptbot)"
216.73.216.19 - - [21/Jul/2025:17:56:21 +0000] "GET /shopdetail/1881638404.shtml HTTP/1.1" 404 24729 "-" "Mozilla/5.0 AppleWebKit/537.36 (KHTML, like Gecko; compatible; ClaudeBot/1.0; [email protected])"
20.171.207.101 - - [21/Jul/2025:17:56:23 +0000] "GET /shopdetail/456204572.shtml HTTP/1.1" 404 24730 "-" "Mozilla/5.0 AppleWebKit/537.36 (KHTML, like Gecko; compatible; GPTBot/1.2; +https://openai.com/gptbot)"
216.73.216.19 - - [21/Jul/2025:17:56:24 +0000] "GET /shopdetail/1881507534.shtml HTTP/1.1" 404 24729 "-" "Mozilla/5.0 AppleWebKit/537.36 (KHTML, like Gecko; compatible; ClaudeBot/1.0; [email protected])"
20.171.207.101 - - [21/Jul/2025:17:56:26 +0000] "GET /shopdetail/456420908.shtml HTTP/1.1" 404 24730 "-" "Mozilla/5.0 AppleWebKit/537.36 (KHTML, like Gecko; compatible; GPTBot/1.2; +https://openai.com/gptbot)"
216.73.216.19 - - [21/Jul/2025:17:56:27 +0000] "GET /shopdetail/1881408276.shtml HTTP/1.1" 404 24731 "-" "Mozilla/5.0 AppleWebKit/537.36 (KHTML, like Gecko; compatible; ClaudeBot/1.0; [email protected])"
20.171.207.101 - - [21/Jul/2025:17:56:29 +0000] "GET /shopdetail/456137262.shtml HTTP/1.1" 404 24731 "-" "Mozilla/5.0 AppleWebKit/537.36 (KHTML, like Gecko; compatible; GPTBot/1.2; +https://openai.com/gptbot)"
216.73.216.19 - - [21/Jul/2025:17:56:30 +0000] "GET /shopdetail/1882046320.shtml HTTP/1.1" 404 24730 "-" "Mozilla/5.0 AppleWebKit/537.36 (KHTML, like Gecko; compatible; ClaudeBot/1.0; [email protected])"
20.171.207.101 - - [21/Jul/2025:17:56:32 +0000] "GET /shopdetail/456214806.shtml HTTP/1.1" 404 24730 "-" "Mozilla/5.0 AppleWebKit/537.36 (KHTML, like Gecko; compatible; GPTBot/1.2; +https://openai.com/gptbot)"
216.73.216.19 - - [21/Jul/2025:17:56:33 +0000] "GET /shopdetail/1881540400.shtml HTTP/1.1" 404 24730 "-" "Mozilla/5.0 AppleWebKit/537.36 (KHTML, like Gecko; compatible; ClaudeBot/1.0; [email protected])"
20.171.207.101 - - [21/Jul/2025:17:56:35 +0000] "GET /shopdetail/456395960.shtml HTTP/1.1" 404 24730 "-" "Mozilla/5.0 AppleWebKit/537.36 (KHTML, like Gecko; compatible; GPTBot/1.2; +https://openai.com/gptbot)"
216.73.216.19 - - [21/Jul/2025:17:56:36 +0000] "GET /shopdetail/1881509974.shtml HTTP/1.1" 404 24730 "-" "Mozilla/5.0 AppleWebKit/537.36 (KHTML, like Gecko; compatible; ClaudeBot/1.0; [email protected])"
20.171.207.101 - - [21/Jul/2025:17:56:38 +0000] "GET /shopdetail/456212690.shtml HTTP/1.1" 404 24732 "-" "Mozilla/5.0 AppleWebKit/537.36 (KHTML, like Gecko; compatible; GPTBot/1.2; +https://openai.com/gptbot)"
216.73.216.19 - - [21/Jul/2025:17:56:39 +0000] "GET /shopdetail/691794352.shtml HTTP/1.1" 404 24729 "-" "Mozilla/5.0 AppleWebKit/537.36 (KHTML, like Gecko; compatible; ClaudeBot/1.0; [email protected])"
20.171.207.101 - - [21/Jul/2025:17:56:40 +0000] "GET /shopdetail/456293596.shtml HTTP/1.1" 404 24729 "-" "Mozilla/5.0 AppleWebKit/537.36 (KHTML, like Gecko; compatible; GPTBot/1.2; +https://openai.com/gptbot)"
216.73.216.19 - - [21/Jul/2025:17:56:42 +0000] "GET /shopdetail/691885492.shtml HTTP/1.1" 404 24729 "-" "Mozilla/5.0 AppleWebKit/537.36 (KHTML, like Gecko; compatible; ClaudeBot/1.0; [email protected])"
20.171.207.101 - - [21/Jul/2025:17:56:43 +0000] "GET /shopdetail/456486110.shtml HTTP/1.1" 404 24729 "-" "Mozilla/5.0 AppleWebKit/537.36 (KHTML, like Gecko; compatible; GPTBot/1.2; +https://openai.com/gptbot)"
216.73.216.19 - - [21/Jul/2025:17:56:45 +0000] "GET /shopdetail/1881489254.shtml HTTP/1.1" 404 24728 "-" "Mozilla/5.0 AppleWebKit/537.36 (KHTML, like Gecko; compatible; ClaudeBot/1.0; [email protected])"
20.171.207.101 - - [21/Jul/2025:17:56:46 +0000] "GET /shopdetail/456376690.shtml HTTP/1.1" 404 24729 "-" "Mozilla/5.0 AppleWebKit/537.36 (KHTML, like Gecko; compatible; GPTBot/1.2; +https://openai.com/gptbot)"
209.74.77.214 - - [21/Jul/2025:17:56:48 +0000] "POST /wp-cron.php?doing_wp_cron=1753120608.8003029823303222656250 HTTP/1.1" 200 - "-" "WordPress/6.8.2; https://cartel.express"
216.73.216.19 - - [21/Jul/2025:17:56:48 +0000] "GET /shopdetail/1881775016.shtml HTTP/1.1" 404 24730 "-" "Mozilla/5.0 AppleWebKit/537.36 (KHTML, like Gecko; compatible; ClaudeBot/1.0; [email protected])"
20.171.207.101 - - [21/Jul/2025:17:56:49 +0000] "GET /shopdetail/456239754.shtml HTTP/1.1" 404 24729 "-" "Mozilla/5.0 AppleWebKit/537.36 (KHTML, like Gecko; compatible; GPTBot/1.2; +https://openai.com/gptbot)"
216.73.216.19 - - [21/Jul/2025:17:56:51 +0000] "GET /shopdetail/692523408.shtml HTTP/1.1" 404 24727 "-" "Mozilla/5.0 AppleWebKit/537.36 (KHTML, like Gecko; compatible; ClaudeBot/1.0; [email protected])"
20.171.207.101 - - [21/Jul/2025:17:56:52 +0000] "GET /shopdetail/456601072.shtml HTTP/1.1" 404 24727 "-" "Mozilla/5.0 AppleWebKit/537.36 (KHTML, like Gecko; compatible; GPTBot/1.2; +https://openai.com/gptbot)"
216.73.216.19 - - [21/Jul/2025:17:56:54 +0000] "GET /shopdetail/1881807216.shtml HTTP/1.1" 404 24731 "-" "Mozilla/5.0 AppleWebKit/537.36 (KHTML, like Gecko; compatible; ClaudeBot/1.0; [email protected])"
20.171.207.101 - - [21/Jul/2025:17:56:54 +0000] "GET /shopdetail/456143192.shtml HTTP/1.1" 404 24729 "-" "Mozilla/5.0 AppleWebKit/537.36 (KHTML, like Gecko; compatible; GPTBot/1.2; +https://openai.com/gptbot)"
216.73.216.19 - - [21/Jul/2025:17:56:57 +0000] "GET /shopdetail/1881767230.shtml HTTP/1.1" 404 24730 "-" "Mozilla/5.0 AppleWebKit/537.36 (KHTML, like Gecko; compatible; ClaudeBot/1.0; [email protected])"
20.171.207.101 - - [21/Jul/2025:17:56:57 +0000] "GET /shopdetail/456308318.shtml HTTP/1.1" 404 24730 "-" "Mozilla/5.0 AppleWebKit/537.36 (KHTML, like Gecko; compatible; GPTBot/1.2; +https://openai.com/gptbot)"
20.171.207.101 - - [21/Jul/2025:17:57:00 +0000] "GET /shopdetail/456627214.shtml HTTP/1.1" 404 24730 "-" "Mozilla/5.0 AppleWebKit/537.36 (KHTML, like Gecko; compatible; GPTBot/1.2; +https://openai.com/gptbot)"
20.171.207.101 - - [21/Jul/2025:17:57:03 +0000] "GET /shopdetail/456358282.shtml HTTP/1.1" 404 24728 "-" "Mozilla/5.0 AppleWebKit/537.36 (KHTML, like Gecko; compatible; GPTBot/1.2; +https://openai.com/gptbot)"
216.73.216.19 - - [21/Jul/2025:17:57:04 +0000] "GET /shopdetail/1881473286.shtml HTTP/1.1" 404 24730 "-" "Mozilla/5.0 AppleWebKit/537.36 (KHTML, like Gecko; compatible; ClaudeBot/1.0; [email protected])"
20.171.207.101 - - [21/Jul/2025:17:57:06 +0000] "GET /shopdetail/456541808.shtml HTTP/1.1" 404 24731 "-" "Mozilla/5.0 AppleWebKit/537.36 (KHTML, like Gecko; compatible; GPTBot/1.2; +https://openai.com/gptbot)"
216.73.216.19 - - [21/Jul/2025:17:57:07 +0000] "GET /shopdetail/1881840218.shtml HTTP/1.1" 404 24730 "-" "Mozilla/5.0 AppleWebKit/537.36 (KHTML, like Gecko; compatible; ClaudeBot/1.0; [email protected])"
20.171.207.101 - - [21/Jul/2025:17:57:09 +0000] "GET /shopdetail/456116738.shtml HTTP/1.1" 404 24725 "-" "Mozilla/5.0 AppleWebKit/537.36 (KHTML, like Gecko; compatible; GPTBot/1.2; +https://openai.com/gptbot)"
216.73.216.19 - - [21/Jul/2025:17:57:10 +0000] "GET /shopdetail/1882095358.shtml HTTP/1.1" 404 24729 "-" "Mozilla/5.0 AppleWebKit/537.36 (KHTML, like Gecko; compatible; ClaudeBot/1.0; [email protected])"
20.171.207.101 - - [21/Jul/2025:17:57:12 +0000] "GET /shopdetail/456128154.shtml HTTP/1.1" 404 24727 "-" "Mozilla/5.0 AppleWebKit/537.36 (KHTML, like Gecko; compatible; GPTBot/1.2; +https://openai.com/gptbot)"
209.74.77.214 - - [21/Jul/2025:17:57:13 +0000] "POST /wp-cron.php?doing_wp_cron=1753120633.4688560962677001953125 HTTP/1.1" 200 - "-" "WordPress/6.8.2; https://cartel.express"
216.73.216.19 - - [21/Jul/2025:17:57:13 +0000] "GET /shopdetail/1881381212.shtml HTTP/1.1" 404 24729 "-" "Mozilla/5.0 AppleWebKit/537.36 (KHTML, like Gecko; compatible; ClaudeBot/1.0; [email protected])"
20.171.207.101 - - [21/Jul/2025:17:57:15 +0000] "GET /shopdetail/456122540.shtml HTTP/1.1" 404 24731 "-" "Mozilla/5.0 AppleWebKit/537.36 (KHTML, like Gecko; compatible; GPTBot/1.2; +https://openai.com/gptbot)"
216.73.216.19 - - [21/Jul/2025:17:57:16 +0000] "GET /shopdetail/1882026794.shtml HTTP/1.1" 404 24730 "-" "Mozilla/5.0 AppleWebKit/537.36 (KHTML, like Gecko; compatible; ClaudeBot/1.0; [email protected])"
20.171.207.101 - - [21/Jul/2025:17:57:17 +0000] "GET /shopdetail/456040376.shtml HTTP/1.1" 404 24730 "-" "Mozilla/5.0 AppleWebKit/537.36 (KHTML, like Gecko; compatible; GPTBot/1.2; +https://openai.com/gptbot)"
216.73.216.19 - - [21/Jul/2025:17:57:19 +0000] "GET /shopdetail/1882012072.shtml HTTP/1.1" 404 24729 "-" "Mozilla/5.0 AppleWebKit/537.36 (KHTML, like Gecko; compatible; ClaudeBot/1.0; [email protected])"
20.171.207.101 - - [21/Jul/2025:17:57:20 +0000] "GET /shopdetail/456558970.shtml HTTP/1.1" 404 24729 "-" "Mozilla/5.0 AppleWebKit/537.36 (KHTML, like Gecko; compatible; GPTBot/1.2; +https://openai.com/gptbot)"
216.73.216.19 - - [21/Jul/2025:17:57:22 +0000] "GET /shopdetail/1881509650.shtml HTTP/1.1" 404 24729 "-" "Mozilla/5.0 AppleWebKit/537.36 (KHTML, like Gecko; compatible; ClaudeBot/1.0; [email protected])"
