20.171.207.101 - - [21/Jul/2025:18:45:45 +0000] "GET /shopdetail/1126666494.shtml HTTP/1.1" 404 24730 "-" "Mozilla/5.0 AppleWebKit/537.36 (KHTML, like Gecko; compatible; GPTBot/1.2; +https://openai.com/gptbot)"
209.74.77.214 - - [21/Jul/2025:18:45:48 +0000] "POST /wp-cron.php?doing_wp_cron=1753123547.9903750419616699218750 HTTP/1.1" 200 - "-" "WordPress/6.8.2; https://cartel.express"
20.171.207.101 - - [21/Jul/2025:18:45:47 +0000] "GET /shopdetail/1126666170.shtml HTTP/1.1" 404 24731 "-" "Mozilla/5.0 AppleWebKit/537.36 (KHTML, like Gecko; compatible; GPTBot/1.2; +https://openai.com/gptbot)"
20.171.207.101 - - [21/Jul/2025:18:45:50 +0000] "GET /shopdetail/1126026010.shtml HTTP/1.1" 404 24728 "-" "Mozilla/5.0 AppleWebKit/537.36 (KHTML, like Gecko; compatible; GPTBot/1.2; +https://openai.com/gptbot)"
66.249.73.131 - - [21/Jul/2025:18:45:57 +0000] "GET /shopdetail/1693387710.shtml HTTP/1.1" 200 18736 "-" "Mozilla/5.0 (Linux; Android 6.0.1; Nexus 5X Build/MMB29P) AppleWebKit/537.36 (KHTML, like Gecko) Chrome/137.0.7151.103 Mobile Safari/537.36 (compatible; Googlebot/2.1; +http://www.google.com/bot.html)"
209.74.77.214 - - [21/Jul/2025:18:46:33 +0000] "POST /wp-cron.php?doing_wp_cron=1753123593.1693251132965087890625 HTTP/1.1" 200 - "-" "WordPress/6.8.2; https://cartel.express"
57.141.2.12 - - [21/Jul/2025:18:46:30 +0000] "GET /shopdetail/2953854170.shtml HTTP/1.1" 404 146916 "-" "meta-externalagent/1.1 (+https://developers.facebook.com/docs/sharing/webmasters/crawler)"
209.74.77.214 - - [21/Jul/2025:18:46:54 +0000] "POST /wp-cron.php?doing_wp_cron=1753123614.8597340583801269531250 HTTP/1.1" 200 - "-" "WordPress/6.8.2; https://cartel.express"
216.73.216.19 - - [21/Jul/2025:18:46:54 +0000] "GET /shopdetail/691986866.shtml HTTP/1.1" 404 24730 "-" "Mozilla/5.0 AppleWebKit/537.36 (KHTML, like Gecko; compatible; ClaudeBot/1.0; [email protected])"
216.73.216.19 - - [21/Jul/2025:18:46:57 +0000] "GET /shopdetail/691941326.shtml HTTP/1.1" 404 24730 "-" "Mozilla/5.0 AppleWebKit/537.36 (KHTML, like Gecko; compatible; ClaudeBot/1.0; [email protected])"
66.249.73.131 - - [21/Jul/2025:18:47:44 +0000] "GET /shopdetail/1438066952.shtml HTTP/1.1" 200 19159 "-" "Mozilla/5.0 (compatible; Googlebot/2.1; +http://www.google.com/bot.html)"
209.74.77.214 - - [21/Jul/2025:18:48:05 +0000] "POST /wp-cron.php?doing_wp_cron=1753123685.1967558860778808593750 HTTP/1.1" 200 - "-" "WordPress/6.8.2; https://cartel.express"
57.141.2.27 - - [21/Jul/2025:18:48:02 +0000] "GET /shopdetail/908754756.shtml HTTP/1.1" 404 146918 "-" "meta-externalagent/1.1 (+https://developers.facebook.com/docs/sharing/webmasters/crawler)"
216.73.216.19 - - [21/Jul/2025:18:48:09 +0000] "GET /shopdetail/692236520.shtml HTTP/1.1" 404 24727 "-" "Mozilla/5.0 AppleWebKit/537.36 (KHTML, like Gecko; compatible; ClaudeBot/1.0; [email protected])"
216.73.216.19 - - [21/Jul/2025:18:48:12 +0000] "GET /shopdetail/691831974.shtml HTTP/1.1" 404 24729 "-" "Mozilla/5.0 AppleWebKit/537.36 (KHTML, like Gecko; compatible; ClaudeBot/1.0; [email protected])"
209.74.77.214 - - [21/Jul/2025:18:49:21 +0000] "POST /wp-cron.php?doing_wp_cron=1753123761.6020820140838623046875 HTTP/1.1" 200 - "-" "WordPress/6.8.2; https://cartel.express"
216.73.216.19 - - [21/Jul/2025:18:49:19 +0000] "GET /shopdetail/692142876.shtml HTTP/1.1" 404 24730 "-" "Mozilla/5.0 AppleWebKit/537.36 (KHTML, like Gecko; compatible; ClaudeBot/1.0; [email protected])"
216.73.216.19 - - [21/Jul/2025:18:49:22 +0000] "GET /shopdetail/692135154.shtml HTTP/1.1" 404 24729 "-" "Mozilla/5.0 AppleWebKit/537.36 (KHTML, like Gecko; compatible; ClaudeBot/1.0; [email protected])"
66.249.73.128 - - [21/Jul/2025:18:49:26 +0000] "GET /shopdetail/1693419846.shtml HTTP/1.1" 200 18322 "-" "Mozilla/5.0 (Linux; Android 6.0.1; Nexus 5X Build/MMB29P) AppleWebKit/537.36 (KHTML, like Gecko) Chrome/137.0.7151.103 Mobile Safari/537.36 (compatible; Googlebot/2.1; +http://www.google.com/bot.html)"
66.249.73.131 - - [21/Jul/2025:18:50:28 +0000] "GET /shopdetail/4141896.shtml HTTP/1.1" 200 18661 "-" "Mozilla/5.0 (compatible; Googlebot/2.1; +http://www.google.com/bot.html)"
209.74.77.214 - - [21/Jul/2025:18:50:31 +0000] "POST /wp-cron.php?doing_wp_cron=1753123831.0108199119567871093750 HTTP/1.1" 200 - "-" "WordPress/6.8.2; https://cartel.express"
216.73.216.19 - - [21/Jul/2025:18:50:29 +0000] "GET /shopdetail/692358290.shtml HTTP/1.1" 404 24729 "-" "Mozilla/5.0 AppleWebKit/537.36 (KHTML, like Gecko; compatible; ClaudeBot/1.0; [email protected])"
216.73.216.19 - - [21/Jul/2025:18:50:32 +0000] "GET /shopdetail/692244250.shtml HTTP/1.1" 404 24728 "-" "Mozilla/5.0 AppleWebKit/537.36 (KHTML, like Gecko; compatible; ClaudeBot/1.0; [email protected])"
209.74.77.214 - - [21/Jul/2025:18:51:41 +0000] "POST /wp-cron.php?doing_wp_cron=1753123901.4373528957366943359375 HTTP/1.1" 200 - "-" "WordPress/6.8.2; https://cartel.express"
216.73.216.19 - - [21/Jul/2025:18:51:38 +0000] "GET /shopdetail/692170264.shtml HTTP/1.1" 404 24728 "-" "Mozilla/5.0 AppleWebKit/537.36 (KHTML, like Gecko; compatible; ClaudeBot/1.0; [email protected])"
216.73.216.19 - - [21/Jul/2025:18:51:44 +0000] "GET /shopdetail/692127036.shtml HTTP/1.1" 404 24730 "-" "Mozilla/5.0 AppleWebKit/537.36 (KHTML, like Gecko; compatible; ClaudeBot/1.0; [email protected])"
209.74.77.214 - - [21/Jul/2025:18:52:43 +0000] "POST /wp-cron.php?doing_wp_cron=1753123963.4517109394073486328125 HTTP/1.1" 200 - "-" "WordPress/6.8.2; https://cartel.express"
43.165.189.110 - - [21/Jul/2025:18:52:41 +0000] "GET /product/engine-filters/feed/ HTTP/1.1" 200 724 "-" "Mozilla/5.0 (iPhone; CPU iPhone OS 13_2_3 like Mac OS X) AppleWebKit/605.1.15 (KHTML, like Gecko) Version/13.0.3 Mobile/15E148 Safari/604.1"
216.73.216.19 - - [21/Jul/2025:18:52:46 +0000] "GET /shopdetail/691792236.shtml HTTP/1.1" 404 24730 "-" "Mozilla/5.0 AppleWebKit/537.36 (KHTML, like Gecko; compatible; ClaudeBot/1.0; [email protected])"
209.74.77.214 - - [21/Jul/2025:18:52:49 +0000] "POST /wp-cron.php?doing_wp_cron=1753123969.7495141029357910156250 HTTP/1.1" 200 - "-" "WordPress/6.8.2; https://cartel.express"
216.73.216.19 - - [21/Jul/2025:18:52:49 +0000] "GET /shopdetail/692008508.shtml HTTP/1.1" 404 24731 "-" "Mozilla/5.0 AppleWebKit/537.36 (KHTML, like Gecko; compatible; ClaudeBot/1.0; [email protected])"
209.74.77.214 - - [21/Jul/2025:18:53:52 +0000] "POST /wp-cron.php?doing_wp_cron=1753124032.4449319839477539062500 HTTP/1.1" 200 - "-" "WordPress/6.8.2; https://cartel.express"
57.141.2.30 - - [21/Jul/2025:18:53:52 +0000] "GET /shopdetail/909096548.shtml HTTP/1.1" 404 146914 "-" "meta-externalagent/1.1 (+https://developers.facebook.com/docs/sharing/webmasters/crawler)"
216.73.216.19 - - [21/Jul/2025:18:53:54 +0000] "GET /shopdetail/692005146.shtml HTTP/1.1" 404 24729 "-" "Mozilla/5.0 AppleWebKit/537.36 (KHTML, like Gecko; compatible; ClaudeBot/1.0; [email protected])"
216.73.216.19 - - [21/Jul/2025:18:53:56 +0000] "GET /shopdetail/691964226.shtml HTTP/1.1" 404 24730 "-" "Mozilla/5.0 AppleWebKit/537.36 (KHTML, like Gecko; compatible; ClaudeBot/1.0; [email protected])"
209.74.77.214 - - [21/Jul/2025:18:55:06 +0000] "POST /wp-cron.php?doing_wp_cron=1753124106.7487270832061767578125 HTTP/1.1" 200 - "-" "WordPress/6.8.2; https://cartel.express"
216.73.216.19 - - [21/Jul/2025:18:55:04 +0000] "GET /shopdetail/692216994.shtml HTTP/1.1" 404 24730 "-" "Mozilla/5.0 AppleWebKit/537.36 (KHTML, like Gecko; compatible; ClaudeBot/1.0; [email protected])"
216.73.216.19 - - [21/Jul/2025:18:55:07 +0000] "GET /shopdetail/692200024.shtml HTTP/1.1" 404 24729 "-" "Mozilla/5.0 AppleWebKit/537.36 (KHTML, like Gecko; compatible; ClaudeBot/1.0; [email protected])"
209.74.77.214 - - [21/Jul/2025:18:56:14 +0000] "POST /wp-cron.php?doing_wp_cron=1753124174.9273641109466552734375 HTTP/1.1" 200 - "-" "WordPress/6.8.2; https://cartel.express"
216.73.216.19 - - [21/Jul/2025:18:56:12 +0000] "GET /shopdetail/692413988.shtml HTTP/1.1" 404 24729 "-" "Mozilla/5.0 AppleWebKit/537.36 (KHTML, like Gecko; compatible; ClaudeBot/1.0; [email protected])"
216.73.216.19 - - [21/Jul/2025:18:56:15 +0000] "GET /shopdetail/691905952.shtml HTTP/1.1" 404 24731 "-" "Mozilla/5.0 AppleWebKit/537.36 (KHTML, like Gecko; compatible; ClaudeBot/1.0; [email protected])"
57.141.2.18 - - [21/Jul/2025:18:56:37 +0000] "GET /shopdetail/2388276338.shtml HTTP/1.1" 404 146916 "-" "meta-externalagent/1.1 (+https://developers.facebook.com/docs/sharing/webmasters/crawler)"
209.74.77.214 - - [21/Jul/2025:18:57:23 +0000] "POST /wp-cron.php?doing_wp_cron=1753124243.3050339221954345703125 HTTP/1.1" 200 - "-" "WordPress/6.8.2; https://cartel.express"
216.73.216.19 - - [21/Jul/2025:18:57:21 +0000] "GET /shopdetail/692030094.shtml HTTP/1.1" 404 24732 "-" "Mozilla/5.0 AppleWebKit/537.36 (KHTML, like Gecko; compatible; ClaudeBot/1.0; [email protected])"
216.73.216.19 - - [21/Jul/2025:18:57:23 +0000] "GET /shopdetail/691972144.shtml HTTP/1.1" 404 24727 "-" "Mozilla/5.0 AppleWebKit/537.36 (KHTML, like Gecko; compatible; ClaudeBot/1.0; [email protected])"
57.141.2.21 - - [21/Jul/2025:18:57:44 +0000] "GET /shopdetail/2388100662.shtml HTTP/1.1" 404 146917 "-" "meta-externalagent/1.1 (+https://developers.facebook.com/docs/sharing/webmasters/crawler)"
209.74.77.214 - - [21/Jul/2025:18:58:33 +0000] "POST /wp-cron.php?doing_wp_cron=1753124313.0837390422821044921875 HTTP/1.1" 200 - "-" "WordPress/6.8.2; https://cartel.express"
216.73.216.19 - - [21/Jul/2025:18:58:30 +0000] "GET /shopdetail/692362778.shtml HTTP/1.1" 404 24730 "-" "Mozilla/5.0 AppleWebKit/537.36 (KHTML, like Gecko; compatible; ClaudeBot/1.0; [email protected])"
216.73.216.19 - - [21/Jul/2025:18:58:33 +0000] "GET /shopdetail/692370888.shtml HTTP/1.1" 404 24728 "-" "Mozilla/5.0 AppleWebKit/537.36 (KHTML, like Gecko; compatible; ClaudeBot/1.0; [email protected])"
209.74.77.214 - - [21/Jul/2025:18:59:14 +0000] "POST /wp-cron.php?doing_wp_cron=1753124354.6666131019592285156250 HTTP/1.1" 200 - "-" "WordPress/6.8.2; https://cartel.express"
43.135.133.241 - - [21/Jul/2025:18:59:12 +0000] "GET /product/suspension-spring/feed/ HTTP/1.1" 200 724 "-" "Mozilla/5.0 (iPhone; CPU iPhone OS 13_2_3 like Mac OS X) AppleWebKit/605.1.15 (KHTML, like Gecko) Version/13.0.3 Mobile/15E148 Safari/604.1"
216.73.216.19 - - [21/Jul/2025:18:59:43 +0000] "GET /shopdetail/692284236.shtml HTTP/1.1" 404 24730 "-" "Mozilla/5.0 AppleWebKit/537.36 (KHTML, like Gecko; compatible; ClaudeBot/1.0; [email protected])"
66.249.73.132 - - [21/Jul/2025:18:59:45 +0000] "GET /shopdetail/746533482.shtml HTTP/1.1" 200 19002 "-" "Mozilla/5.0 (Linux; Android 6.0.1; Nexus 5X Build/MMB29P) AppleWebKit/537.36 (KHTML, like Gecko) Chrome/137.0.7151.103 Mobile Safari/537.36 (compatible; Googlebot/2.1; +http://www.google.com/bot.html)"
216.73.216.19 - - [21/Jul/2025:18:59:46 +0000] "GET /shopdetail/692328786.shtml HTTP/1.1" 404 24730 "-" "Mozilla/5.0 AppleWebKit/537.36 (KHTML, like Gecko; compatible; ClaudeBot/1.0; [email protected])"
209.74.77.214 - - [21/Jul/2025:19:00:56 +0000] "POST /wp-cron.php?doing_wp_cron=1753124456.5717940330505371093750 HTTP/1.1" 200 - "-" "WordPress/6.8.2; https://cartel.express"
216.73.216.19 - - [21/Jul/2025:19:00:54 +0000] "GET /shopdetail/692155550.shtml HTTP/1.1" 404 24728 "-" "Mozilla/5.0 AppleWebKit/537.36 (KHTML, like Gecko; compatible; ClaudeBot/1.0; [email protected])"
216.73.216.19 - - [21/Jul/2025:19:00:59 +0000] "GET /shopdetail/692448236.shtml HTTP/1.1" 404 24730 "-" "Mozilla/5.0 AppleWebKit/537.36 (KHTML, like Gecko; compatible; ClaudeBot/1.0; [email protected])"
216.73.216.19 - - [21/Jul/2025:19:01:02 +0000] "GET /shopdetail/692095160.shtml HTTP/1.1" 404 24729 "-" "Mozilla/5.0 AppleWebKit/537.36 (KHTML, like Gecko; compatible; ClaudeBot/1.0; [email protected])"
209.74.77.214 - - [21/Jul/2025:19:01:51 +0000] "POST /wp-cron.php?doing_wp_cron=1753124511.2143349647521972656250 HTTP/1.1" 200 - "-" "WordPress/6.8.2; https://cartel.express"
57.141.2.6 - - [21/Jul/2025:19:01:48 +0000] "GET /shopdetail/1957469742.shtml HTTP/1.1" 404 146915 "-" "meta-externalagent/1.1 (+https://developers.facebook.com/docs/sharing/webmasters/crawler)"
57.141.2.23 - - [21/Jul/2025:19:02:07 +0000] "GET /shopdetail/2953484862.shtml HTTP/1.1" 404 146916 "-" "meta-externalagent/1.1 (+https://developers.facebook.com/docs/sharing/webmasters/crawler)"
209.74.77.214 - - [21/Jul/2025:19:02:49 +0000] "POST /wp-cron.php?doing_wp_cron=1753124569.7036740779876708984375 HTTP/1.1" 200 - "-" "WordPress/6.8.2; https://cartel.express"
57.141.2.21 - - [21/Jul/2025:19:02:47 +0000] "GET /shopdetail/2388368596.shtml HTTP/1.1" 404 146914 "-" "meta-externalagent/1.1 (+https://developers.facebook.com/docs/sharing/webmasters/crawler)"
209.74.77.214 - - [21/Jul/2025:19:03:37 +0000] "POST /wp-cron.php?doing_wp_cron=1753124617.1005840301513671875000 HTTP/1.1" 200 - "-" "WordPress/6.8.2; https://cartel.express"
57.141.2.28 - - [21/Jul/2025:19:03:34 +0000] "GET /shopdetail/2387943654.shtml HTTP/1.1" 404 146915 "-" "meta-externalagent/1.1 (+https://developers.facebook.com/docs/sharing/webmasters/crawler)"
209.74.77.214 - - [21/Jul/2025:19:04:19 +0000] "POST /wp-cron.php?doing_wp_cron=1753124659.5526819229125976562500 HTTP/1.1" 200 - "-" "WordPress/6.8.2; https://cartel.express"
57.141.2.4 - - [21/Jul/2025:19:04:17 +0000] "GET /shopdetail/1957851392.shtml HTTP/1.1" 404 146918 "-" "meta-externalagent/1.1 (+https://developers.facebook.com/docs/sharing/webmasters/crawler)"
57.141.2.9 - - [21/Jul/2025:19:04:45 +0000] "GET /shopdetail/2168274382.shtml HTTP/1.1" 404 146917 "-" "meta-externalagent/1.1 (+https://developers.facebook.com/docs/sharing/webmasters/crawler)"
43.153.36.110 - - [21/Jul/2025:19:06:18 +0000] "GET / HTTP/1.1" 200 40645 "http://www.cartel.express" "Mozilla/5.0 (iPhone; CPU iPhone OS 13_2_3 like Mac OS X) AppleWebKit/605.1.15 (KHTML, like Gecko) Version/13.0.3 Mobile/15E148 Safari/604.1"
209.74.77.214 - - [21/Jul/2025:19:08:08 +0000] "POST /wp-cron.php?doing_wp_cron=1753124887.9773190021514892578125 HTTP/1.1" 200 - "-" "WordPress/6.8.2; https://cartel.express"
57.141.2.4 - - [21/Jul/2025:19:08:04 +0000] "GET /shopdetail/2167520378.shtml HTTP/1.1" 404 146916 "-" "meta-externalagent/1.1 (+https://developers.facebook.com/docs/sharing/webmasters/crawler)"
209.74.77.214 - - [21/Jul/2025:19:10:17 +0000] "POST /wp-cron.php?doing_wp_cron=1753125017.2093470096588134765625 HTTP/1.1" 200 - "-" "WordPress/6.8.2; https://cartel.express"
57.141.2.25 - - [21/Jul/2025:19:10:14 +0000] "GET /shopdetail/2167835576.shtml HTTP/1.1" 404 146914 "-" "meta-externalagent/1.1 (+https://developers.facebook.com/docs/sharing/webmasters/crawler)"
209.74.77.214 - - [21/Jul/2025:19:10:45 +0000] "POST /wp-cron.php?doing_wp_cron=1753125045.4104568958282470703125 HTTP/1.1" 200 - "-" "WordPress/6.8.2; https://cartel.express"
57.141.2.2 - - [21/Jul/2025:19:10:45 +0000] "GET /shopdetail/908302686.shtml HTTP/1.1" 404 146918 "-" "meta-externalagent/1.1 (+https://developers.facebook.com/docs/sharing/webmasters/crawler)"
66.249.73.131 - - [21/Jul/2025:19:10:48 +0000] "GET /?safe_search/config?return_url=%2Fproduct%2Fdetail%2FC411385661 HTTP/1.1" 200 21000 "-" "Mozilla/5.0 (Linux; Android 6.0.1; Nexus 5X Build/MMB29P) AppleWebKit/537.36 (KHTML, like Gecko) Chrome/137.0.7151.103 Mobile Safari/537.36 (compatible; Googlebot/2.1; +http://www.google.com/bot.html)"
209.74.77.214 - - [21/Jul/2025:19:12:24 +0000] "POST /wp-cron.php?doing_wp_cron=1753125144.4024350643157958984375 HTTP/1.1" 200 - "-" "WordPress/6.8.2; https://cartel.express"
57.141.2.22 - - [21/Jul/2025:19:12:22 +0000] "GET /shopdetail/2168290418.shtml HTTP/1.1" 404 146913 "-" "meta-externalagent/1.1 (+https://developers.facebook.com/docs/sharing/webmasters/crawler)"
209.74.77.214 - - [21/Jul/2025:19:14:14 +0000] "POST /wp-cron.php?doing_wp_cron=1753125254.1351718902587890625000 HTTP/1.1" 200 - "-" "WordPress/6.8.2; https://cartel.express"
57.141.2.27 - - [21/Jul/2025:19:14:10 +0000] "GET /shopdetail/2953774254.shtml HTTP/1.1" 404 146915 "-" "meta-externalagent/1.1 (+https://developers.facebook.com/docs/sharing/webmasters/crawler)"
209.74.77.214 - - [21/Jul/2025:19:15:50 +0000] "POST /wp-cron.php?doing_wp_cron=1753125350.1705870628356933593750 HTTP/1.1" 200 - "-" "WordPress/6.8.2; https://cartel.express"
43.166.128.86 - - [21/Jul/2025:19:15:47 +0000] "GET /top-10-ideas-how-to-paint-your-sports-and-racing-car/ HTTP/1.1" 200 29526 "-" "Mozilla/5.0 (iPhone; CPU iPhone OS 13_2_3 like Mac OS X) AppleWebKit/605.1.15 (KHTML, like Gecko) Version/13.0.3 Mobile/15E148 Safari/604.1"
209.74.77.214 - - [21/Jul/2025:19:16:58 +0000] "POST /wp-cron.php?doing_wp_cron=1753125418.3711960315704345703125 HTTP/1.1" 200 - "-" "WordPress/6.8.2; https://cartel.express"
57.141.2.25 - - [21/Jul/2025:19:16:56 +0000] "GET /shopdetail/2388191802.shtml HTTP/1.1" 404 146916 "-" "meta-externalagent/1.1 (+https://developers.facebook.com/docs/sharing/webmasters/crawler)"
209.74.77.214 - - [21/Jul/2025:19:17:36 +0000] "POST /wp-cron.php?doing_wp_cron=1753125456.8406488895416259765625 HTTP/1.1" 200 - "-" "WordPress/6.8.2; https://cartel.express"
57.141.2.3 - - [21/Jul/2025:19:17:34 +0000] "GET /shopdetail/2953529404.shtml HTTP/1.1" 404 146916 "-" "meta-externalagent/1.1 (+https://developers.facebook.com/docs/sharing/webmasters/crawler)"
209.74.77.214 - - [21/Jul/2025:19:18:12 +0000] "POST /wp-cron.php?doing_wp_cron=1753125492.8367950916290283203125 HTTP/1.1" 200 - "-" "WordPress/6.8.2; https://cartel.express"
57.141.2.22 - - [21/Jul/2025:19:18:10 +0000] "GET /shopdetail/2168272010.shtml HTTP/1.1" 404 146916 "-" "meta-externalagent/1.1 (+https://developers.facebook.com/docs/sharing/webmasters/crawler)"
209.74.77.214 - - [21/Jul/2025:19:21:58 +0000] "POST /wp-cron.php?doing_wp_cron=1753125718.2731699943542480468750 HTTP/1.1" 200 - "-" "WordPress/6.8.2; https://cartel.express"
57.141.2.10 - - [21/Jul/2025:19:21:55 +0000] "GET /shopdetail/908469984.shtml HTTP/1.1" 404 146918 "-" "meta-externalagent/1.1 (+https://developers.facebook.com/docs/sharing/webmasters/crawler)"
66.249.73.131 - - [21/Jul/2025:19:22:29 +0000] "GET /shopdetail/53433666.shtml HTTP/1.1" 200 20741 "-" "Mozilla/5.0 (Linux; Android 6.0.1; Nexus 5X Build/MMB29P) AppleWebKit/537.36 (KHTML, like Gecko) Chrome/137.0.7151.103 Mobile Safari/537.36 (compatible; Googlebot/2.1; +http://www.google.com/bot.html)"
209.74.77.214 - - [21/Jul/2025:19:23:51 +0000] "POST /wp-cron.php?doing_wp_cron=1753125831.1891710758209228515625 HTTP/1.1" 200 - "-" "WordPress/6.8.2; https://cartel.express"
43.166.134.114 - - [21/Jul/2025:19:23:48 +0000] "GET /portfolio/three-whales/ HTTP/1.1" 200 36530 "-" "Mozilla/5.0 (iPhone; CPU iPhone OS 13_2_3 like Mac OS X) AppleWebKit/605.1.15 (KHTML, like Gecko) Version/13.0.3 Mobile/15E148 Safari/604.1"
209.74.77.214 - - [21/Jul/2025:19:25:29 +0000] "POST /wp-cron.php?doing_wp_cron=1753125929.2708039283752441406250 HTTP/1.1" 200 - "-" "WordPress/6.8.2; https://cartel.express"
57.141.2.20 - - [21/Jul/2025:19:25:26 +0000] "GET /shopdetail/2388149692.shtml HTTP/1.1" 404 146918 "-" "meta-externalagent/1.1 (+https://developers.facebook.com/docs/sharing/webmasters/crawler)"
66.249.73.131 - - [21/Jul/2025:19:25:36 +0000] "GET /shopdetail/56480756.shtml HTTP/1.1" 200 18208 "-" "Mozilla/5.0 (compatible; Googlebot/2.1; +http://www.google.com/bot.html)"
209.74.77.214 - - [21/Jul/2025:19:26:19 +0000] "POST /wp-cron.php?doing_wp_cron=1753125979.9274659156799316406250 HTTP/1.1" 200 - "-" "WordPress/6.8.2; https://cartel.express"
57.141.2.15 - - [21/Jul/2025:19:26:17 +0000] "GET /shopdetail/908582774.shtml HTTP/1.1" 404 146916 "-" "meta-externalagent/1.1 (+https://developers.facebook.com/docs/sharing/webmasters/crawler)"
209.74.77.214 - - [21/Jul/2025:19:27:32 +0000] "POST /wp-cron.php?doing_wp_cron=1753126052.7974910736083984375000 HTTP/1.1" 200 - "-" "WordPress/6.8.2; https://cartel.express"
57.141.2.8 - - [21/Jul/2025:19:27:30 +0000] "GET /shopdetail/908324136.shtml HTTP/1.1" 404 146917 "-" "meta-externalagent/1.1 (+https://developers.facebook.com/docs/sharing/webmasters/crawler)"
57.141.2.26 - - [21/Jul/2025:19:27:43 +0000] "GET /shopdetail/908352650.shtml HTTP/1.1" 404 146915 "-" "meta-externalagent/1.1 (+https://developers.facebook.com/docs/sharing/webmasters/crawler)"
57.141.2.23 - - [21/Jul/2025:19:27:43 +0000] "GET /shopdetail/2387909274.shtml HTTP/1.1" 404 146914 "-" "meta-externalagent/1.1 (+https://developers.facebook.com/docs/sharing/webmasters/crawler)"
209.74.77.214 - - [21/Jul/2025:19:28:27 +0000] "POST /wp-cron.php?doing_wp_cron=1753126107.4585049152374267578125 HTTP/1.1" 200 - "-" "WordPress/6.8.2; https://cartel.express"
101.33.81.73 - - [21/Jul/2025:19:28:24 +0000] "GET /checkout/ HTTP/1.1" 302 - "-" "Mozilla/5.0 (iPhone; CPU iPhone OS 13_2_3 like Mac OS X) AppleWebKit/605.1.15 (KHTML, like Gecko) Version/13.0.3 Mobile/15E148 Safari/604.1"
101.33.81.73 - - [21/Jul/2025:19:28:30 +0000] "GET /cart/ HTTP/1.1" 200 56112 "https://cartel.express/checkout/" "Mozilla/5.0 (iPhone; CPU iPhone OS 13_2_3 like Mac OS X) AppleWebKit/605.1.15 (KHTML, like Gecko) Version/13.0.3 Mobile/15E148 Safari/604.1"
209.74.77.214 - - [21/Jul/2025:19:33:03 +0000] "POST /wp-cron.php?doing_wp_cron=1753126383.2449779510498046875000 HTTP/1.1" 200 - "-" "WordPress/6.8.2; https://cartel.express"
57.141.2.29 - - [21/Jul/2025:19:33:00 +0000] "GET /shopdetail/2388152998.shtml HTTP/1.1" 404 146914 "-" "meta-externalagent/1.1 (+https://developers.facebook.com/docs/sharing/webmasters/crawler)"
216.73.216.19 - - [21/Jul/2025:19:35:50 +0000] "GET /robots.txt HTTP/1.1" 200 94 "-" "Mozilla/5.0 AppleWebKit/537.36 (KHTML, like Gecko; compatible; ClaudeBot/1.0; [email protected])"
216.73.216.19 - - [21/Jul/2025:19:35:50 +0000] "GET /sitemap.xml HTTP/1.1" 200 4487 "-" "Mozilla/5.0 AppleWebKit/537.36 (KHTML, like Gecko; compatible; ClaudeBot/1.0; [email protected])"
66.249.73.128 - - [21/Jul/2025:19:35:54 +0000] "GET /shopdetail/1693094090.shtml HTTP/1.1" 200 19560 "-" "Mozilla/5.0 (Linux; Android 6.0.1; Nexus 5X Build/MMB29P) AppleWebKit/537.36 (KHTML, like Gecko) Chrome/137.0.7151.103 Mobile Safari/537.36 (compatible; Googlebot/2.1; +http://www.google.com/bot.html)"
209.74.77.214 - - [21/Jul/2025:19:35:55 +0000] "POST /wp-cron.php?doing_wp_cron=1753126555.0886731147766113281250 HTTP/1.1" 200 - "-" "WordPress/6.8.2; https://cartel.express"
216.73.216.19 - - [21/Jul/2025:19:35:53 +0000] "GET /shopdetail/2547029800.shtml HTTP/1.1" 404 24731 "-" "Mozilla/5.0 AppleWebKit/537.36 (KHTML, like Gecko; compatible; ClaudeBot/1.0; [email protected])"
216.73.216.19 - - [21/Jul/2025:19:35:56 +0000] "GET /shopdetail/1175103616.shtml HTTP/1.1" 404 24729 "-" "Mozilla/5.0 AppleWebKit/537.36 (KHTML, like Gecko; compatible; ClaudeBot/1.0; [email protected])"
216.73.216.19 - - [21/Jul/2025:19:35:59 +0000] "GET /shopdetail/1174610366.shtml HTTP/1.1" 404 24731 "-" "Mozilla/5.0 AppleWebKit/537.36 (KHTML, like Gecko; compatible; ClaudeBot/1.0; [email protected])"
57.141.2.6 - - [21/Jul/2025:19:36:04 +0000] "GET /shopdetail/2167682134.shtml HTTP/1.1" 404 146914 "-" "meta-externalagent/1.1 (+https://developers.facebook.com/docs/sharing/webmasters/crawler)"
209.74.77.214 - - [21/Jul/2025:19:37:01 +0000] "POST /wp-cron.php?doing_wp_cron=1753126621.0232059955596923828125 HTTP/1.1" 200 - "-" "WordPress/6.8.2; https://cartel.express"
216.73.216.19 - - [21/Jul/2025:19:36:58 +0000] "GET /shopdetail/2546754200.shtml HTTP/1.1" 404 24730 "-" "Mozilla/5.0 AppleWebKit/537.36 (KHTML, like Gecko; compatible; ClaudeBot/1.0; [email protected])"
216.73.216.19 - - [21/Jul/2025:19:37:01 +0000] "GET /shopdetail/2547375090.shtml HTTP/1.1" 404 24729 "-" "Mozilla/5.0 AppleWebKit/537.36 (KHTML, like Gecko; compatible; ClaudeBot/1.0; [email protected])"
216.73.216.19 - - [21/Jul/2025:19:37:04 +0000] "GET /shopdetail/2546918200.shtml HTTP/1.1" 404 24731 "-" "Mozilla/5.0 AppleWebKit/537.36 (KHTML, like Gecko; compatible; ClaudeBot/1.0; [email protected])"
216.73.216.19 - - [21/Jul/2025:19:37:08 +0000] "GET /shopdetail/2547181330.shtml HTTP/1.1" 404 24730 "-" "Mozilla/5.0 AppleWebKit/537.36 (KHTML, like Gecko; compatible; ClaudeBot/1.0; [email protected])"
66.249.73.132 - - [21/Jul/2025:19:37:57 +0000] "GET /shopdetail/1693677102.shtml HTTP/1.1" 200 18055 "-" "Mozilla/5.0 (Linux; Android 6.0.1; Nexus 5X Build/MMB29P) AppleWebKit/537.36 (KHTML, like Gecko) Chrome/137.0.7151.103 Mobile Safari/537.36 (compatible; Googlebot/2.1; +http://www.google.com/bot.html)"
209.74.77.214 - - [21/Jul/2025:19:38:10 +0000] "POST /wp-cron.php?doing_wp_cron=1753126690.0505011081695556640625 HTTP/1.1" 200 - "-" "WordPress/6.8.2; https://cartel.express"
216.73.216.19 - - [21/Jul/2025:19:38:07 +0000] "GET /shopdetail/1175191390.shtml HTTP/1.1" 404 24728 "-" "Mozilla/5.0 AppleWebKit/537.36 (KHTML, like Gecko; compatible; ClaudeBot/1.0; [email protected])"
209.74.77.214 - - [21/Jul/2025:19:38:14 +0000] "POST /wp-cron.php?doing_wp_cron=1753126694.3063390254974365234375 HTTP/1.1" 200 - "-" "WordPress/6.8.2; https://cartel.express"
216.73.216.19 - - [21/Jul/2025:19:38:13 +0000] "GET /shopdetail/1174904246.shtml HTTP/1.1" 404 24729 "-" "Mozilla/5.0 AppleWebKit/537.36 (KHTML, like Gecko; compatible; ClaudeBot/1.0; [email protected])"
216.73.216.19 - - [21/Jul/2025:19:38:16 +0000] "GET /shopdetail/2547486690.shtml HTTP/1.1" 404 24732 "-" "Mozilla/5.0 AppleWebKit/537.36 (KHTML, like Gecko; compatible; ClaudeBot/1.0; [email protected])"
216.73.216.19 - - [21/Jul/2025:19:38:19 +0000] "GET /shopdetail/2547173600.shtml HTTP/1.1" 404 24730 "-" "Mozilla/5.0 AppleWebKit/537.36 (KHTML, like Gecko; compatible; ClaudeBot/1.0; [email protected])"
209.74.77.214 - - [21/Jul/2025:19:38:57 +0000] "POST /wp-cron.php?doing_wp_cron=1753126737.9407680034637451171875 HTTP/1.1" 200 - "-" "WordPress/6.8.2; https://cartel.express"
57.141.2.9 - - [21/Jul/2025:19:38:55 +0000] "GET /shopdetail/1957913028.shtml HTTP/1.1" 404 146913 "-" "meta-externalagent/1.1 (+https://developers.facebook.com/docs/sharing/webmasters/crawler)"
209.74.77.214 - - [21/Jul/2025:19:39:19 +0000] "POST /wp-cron.php?doing_wp_cron=1753126759.3351120948791503906250 HTTP/1.1" 200 - "-" "WordPress/6.8.2; https://cartel.express"
216.73.216.19 - - [21/Jul/2025:19:39:18 +0000] "GET /shopdetail/1174564894.shtml HTTP/1.1" 404 24730 "-" "Mozilla/5.0 AppleWebKit/537.36 (KHTML, like Gecko; compatible; ClaudeBot/1.0; [email protected])"
216.73.216.19 - - [21/Jul/2025:19:39:21 +0000] "GET /shopdetail/1175179974.shtml HTTP/1.1" 404 24729 "-" "Mozilla/5.0 AppleWebKit/537.36 (KHTML, like Gecko; compatible; ClaudeBot/1.0; [email protected])"
216.73.216.19 - - [21/Jul/2025:19:39:24 +0000] "GET /shopdetail/1174967998.shtml HTTP/1.1" 404 24731 "-" "Mozilla/5.0 AppleWebKit/537.36 (KHTML, like Gecko; compatible; ClaudeBot/1.0; [email protected])"
216.73.216.19 - - [21/Jul/2025:19:39:27 +0000] "GET /shopdetail/1174580862.shtml HTTP/1.1" 404 24730 "-" "Mozilla/5.0 AppleWebKit/537.36 (KHTML, like Gecko; compatible; ClaudeBot/1.0; [email protected])"
209.74.77.214 - - [21/Jul/2025:19:40:31 +0000] "POST /wp-cron.php?doing_wp_cron=1753126831.5713040828704833984375 HTTP/1.1" 200 - "-" "WordPress/6.8.2; https://cartel.express"
216.73.216.19 - - [21/Jul/2025:19:40:29 +0000] "GET /shopdetail/1174789276.shtml HTTP/1.1" 404 24730 "-" "Mozilla/5.0 AppleWebKit/537.36 (KHTML, like Gecko; compatible; ClaudeBot/1.0; [email protected])"
216.73.216.19 - - [21/Jul/2025:19:40:35 +0000] "GET /shopdetail/1174656098.shtml HTTP/1.1" 404 24730 "-" "Mozilla/5.0 AppleWebKit/537.36 (KHTML, like Gecko; compatible; ClaudeBot/1.0; [email protected])"
216.73.216.19 - - [21/Jul/2025:19:40:38 +0000] "GET /shopdetail/1175243726.shtml HTTP/1.1" 404 24729 "-" "Mozilla/5.0 AppleWebKit/537.36 (KHTML, like Gecko; compatible; ClaudeBot/1.0; [email protected])"
216.73.216.19 - - [21/Jul/2025:19:40:41 +0000] "GET /shopdetail/1175071736.shtml HTTP/1.1" 404 24731 "-" "Mozilla/5.0 AppleWebKit/537.36 (KHTML, like Gecko; compatible; ClaudeBot/1.0; [email protected])"
209.74.77.214 - - [21/Jul/2025:19:40:52 +0000] "POST /wp-cron.php?doing_wp_cron=1753126852.8399729728698730468750 HTTP/1.1" 200 - "-" "WordPress/6.8.2; https://cartel.express"
57.141.2.27 - - [21/Jul/2025:19:40:52 +0000] "GET /shopdetail/908632738.shtml HTTP/1.1" 404 146914 "-" "meta-externalagent/1.1 (+https://developers.facebook.com/docs/sharing/webmasters/crawler)"
66.249.73.131 - - [21/Jul/2025:19:41:13 +0000] "GET /our-team/ HTTP/1.1" 200 17904 "-" "Mozilla/5.0 (Linux; Android 6.0.1; Nexus 5X Build/MMB29P) AppleWebKit/537.36 (KHTML, like Gecko) Chrome/137.0.7151.103 Mobile Safari/537.36 (compatible; Googlebot/2.1; +http://www.google.com/bot.html)"
66.249.73.131 - - [21/Jul/2025:19:41:15 +0000] "POST /get-message-notify HTTP/1.1" 200 18672 "https://cartel.express/our-team/" "Mozilla/5.0 (Linux; Android 6.0.1; Nexus 5X Build/MMB29P) AppleWebKit/537.36 (KHTML, like Gecko) Chrome/137.0.7151.119 Mobile Safari/537.36 (compatible; Googlebot/2.1; +http://www.google.com/bot.html)"
209.74.77.214 - - [21/Jul/2025:19:41:42 +0000] "POST /wp-cron.php?doing_wp_cron=1753126902.9302461147308349609375 HTTP/1.1" 200 - "-" "WordPress/6.8.2; https://cartel.express"
57.141.2.1 - - [21/Jul/2025:19:41:41 +0000] "GET /shopdetail/908583960.shtml HTTP/1.1" 404 146909 "-" "meta-externalagent/1.1 (+https://developers.facebook.com/docs/sharing/webmasters/crawler)"
216.73.216.19 - - [21/Jul/2025:19:41:45 +0000] "GET /shopdetail/1174585286.shtml HTTP/1.1" 404 24729 "-" "Mozilla/5.0 AppleWebKit/537.36 (KHTML, like Gecko; compatible; ClaudeBot/1.0; [email protected])"
209.74.77.214 - - [21/Jul/2025:19:41:48 +0000] "POST /wp-cron.php?doing_wp_cron=1753126908.5746130943298339843750 HTTP/1.1" 200 - "-" "WordPress/6.8.2; https://cartel.express"
216.73.216.19 - - [21/Jul/2025:19:41:48 +0000] "GET /shopdetail/2547493618.shtml HTTP/1.1" 404 24728 "-" "Mozilla/5.0 AppleWebKit/537.36 (KHTML, like Gecko; compatible; ClaudeBot/1.0; [email protected])"
216.73.216.19 - - [21/Jul/2025:19:41:51 +0000] "GET /shopdetail/2546993628.shtml HTTP/1.1" 404 24731 "-" "Mozilla/5.0 AppleWebKit/537.36 (KHTML, like Gecko; compatible; ClaudeBot/1.0; [email protected])"
216.73.216.19 - - [21/Jul/2025:19:41:54 +0000] "GET /shopdetail/1175184530.shtml HTTP/1.1" 404 24731 "-" "Mozilla/5.0 AppleWebKit/537.36 (KHTML, like Gecko; compatible; ClaudeBot/1.0; [email protected])"
66.249.73.228 - - [21/Jul/2025:19:42:50 +0000] "GET /shopdetail/2926165020.shtml HTTP/1.1" 200 21726 "-" "Mozilla/5.0 (Linux; Android 6.0.1; Nexus 5X Build/MMB29P) AppleWebKit/537.36 (KHTML, like Gecko) Chrome/137.0.7151.103 Mobile Safari/537.36 (compatible; Googlebot/2.1; +http://www.google.com/bot.html)"
209.74.77.214 - - [21/Jul/2025:19:42:57 +0000] "POST /wp-cron.php?doing_wp_cron=1753126977.6371629238128662109375 HTTP/1.1" 200 - "-" "WordPress/6.8.2; https://cartel.express"
216.73.216.19 - - [21/Jul/2025:19:42:55 +0000] "GET /shopdetail/2547003862.shtml HTTP/1.1" 404 24731 "-" "Mozilla/5.0 AppleWebKit/537.36 (KHTML, like Gecko; compatible; ClaudeBot/1.0; [email protected])"
216.73.216.19 - - [21/Jul/2025:19:42:58 +0000] "GET /shopdetail/1175251644.shtml HTTP/1.1" 404 24731 "-" "Mozilla/5.0 AppleWebKit/537.36 (KHTML, like Gecko; compatible; ClaudeBot/1.0; [email protected])"
216.73.216.19 - - [21/Jul/2025:19:43:01 +0000] "GET /shopdetail/1175182414.shtml HTTP/1.1" 404 24729 "-" "Mozilla/5.0 AppleWebKit/537.36 (KHTML, like Gecko; compatible; ClaudeBot/1.0; [email protected])"
216.73.216.19 - - [21/Jul/2025:19:43:04 +0000] "GET /shopdetail/1175142420.shtml HTTP/1.1" 404 24731 "-" "Mozilla/5.0 AppleWebKit/537.36 (KHTML, like Gecko; compatible; ClaudeBot/1.0; [email protected])"
209.74.77.214 - - [21/Jul/2025:19:44:09 +0000] "POST /wp-cron.php?doing_wp_cron=1753127049.3015699386596679687500 HTTP/1.1" 200 - "-" "WordPress/6.8.2; https://cartel.express"
216.73.216.19 - - [21/Jul/2025:19:44:06 +0000] "GET /shopdetail/1175199244.shtml HTTP/1.1" 404 24731 "-" "Mozilla/5.0 AppleWebKit/537.36 (KHTML, like Gecko; compatible; ClaudeBot/1.0; [email protected])"
216.73.216.19 - - [21/Jul/2025:19:44:12 +0000] "GET /shopdetail/1174615114.shtml HTTP/1.1" 404 24731 "-" "Mozilla/5.0 AppleWebKit/537.36 (KHTML, like Gecko; compatible; ClaudeBot/1.0; [email protected])"
57.141.2.8 - - [21/Jul/2025:19:44:12 +0000] "GET /shopdetail/2388519000.shtml HTTP/1.1" 404 146917 "-" "meta-externalagent/1.1 (+https://developers.facebook.com/docs/sharing/webmasters/crawler)"
209.74.77.214 - - [21/Jul/2025:19:44:15 +0000] "POST /wp-cron.php?doing_wp_cron=1753127055.8225109577178955078125 HTTP/1.1" 200 - "-" "WordPress/6.8.2; https://cartel.express"
216.73.216.19 - - [21/Jul/2025:19:44:15 +0000] "GET /shopdetail/1175265436.shtml HTTP/1.1" 404 24726 "-" "Mozilla/5.0 AppleWebKit/537.36 (KHTML, like Gecko; compatible; ClaudeBot/1.0; [email protected])"
216.73.216.19 - - [21/Jul/2025:19:44:18 +0000] "GET /shopdetail/2546773542.shtml HTTP/1.1" 404 24731 "-" "Mozilla/5.0 AppleWebKit/537.36 (KHTML, like Gecko; compatible; ClaudeBot/1.0; [email protected])"
209.74.77.214 - - [21/Jul/2025:19:45:05 +0000] "POST /wp-cron.php?doing_wp_cron=1753127105.1994218826293945312500 HTTP/1.1" 200 - "-" "WordPress/6.8.2; https://cartel.express"
57.141.2.22 - - [21/Jul/2025:19:45:02 +0000] "GET /shopdetail/2167520054.shtml HTTP/1.1" 404 146914 "-" "meta-externalagent/1.1 (+https://developers.facebook.com/docs/sharing/webmasters/crawler)"
209.74.77.214 - - [21/Jul/2025:19:45:19 +0000] "POST /wp-cron.php?doing_wp_cron=1753127119.3057730197906494140625 HTTP/1.1" 200 - "-" "WordPress/6.8.2; https://cartel.express"
216.73.216.19 - - [21/Jul/2025:19:45:18 +0000] "GET /shopdetail/1174579608.shtml HTTP/1.1" 404 24731 "-" "Mozilla/5.0 AppleWebKit/537.36 (KHTML, like Gecko; compatible; ClaudeBot/1.0; [email protected])"
216.73.216.19 - - [21/Jul/2025:19:45:21 +0000] "GET /shopdetail/1174484910.shtml HTTP/1.1" 404 24729 "-" "Mozilla/5.0 AppleWebKit/537.36 (KHTML, like Gecko; compatible; ClaudeBot/1.0; [email protected])"
209.74.77.214 - - [21/Jul/2025:19:45:25 +0000] "POST /wp-cron.php?doing_wp_cron=1753127125.0623970031738281250000 HTTP/1.1" 200 - "-" "WordPress/6.8.2; https://cartel.express"
216.73.216.19 - - [21/Jul/2025:19:45:24 +0000] "GET /shopdetail/1175122024.shtml HTTP/1.1" 404 24730 "-" "Mozilla/5.0 AppleWebKit/537.36 (KHTML, like Gecko; compatible; ClaudeBot/1.0; [email protected])"
209.74.77.214 - - [21/Jul/2025:19:45:28 +0000] "POST /wp-cron.php?doing_wp_cron=1753127128.0292360782623291015625 HTTP/1.1" 200 - "-" "WordPress/6.8.2; https://cartel.express"
216.73.216.19 - - [21/Jul/2025:19:45:27 +0000] "GET /shopdetail/1174781230.shtml HTTP/1.1" 404 24728 "-" "Mozilla/5.0 AppleWebKit/537.36 (KHTML, like Gecko; compatible; ClaudeBot/1.0; [email protected])"
209.74.77.214 - - [21/Jul/2025:19:46:34 +0000] "POST /wp-cron.php?doing_wp_cron=1753127194.2127370834350585937500 HTTP/1.1" 200 - "-" "WordPress/6.8.2; https://cartel.express"
216.73.216.19 - - [21/Jul/2025:19:46:31 +0000] "GET /shopdetail/1174727896.shtml HTTP/1.1" 404 24729 "-" "Mozilla/5.0 AppleWebKit/537.36 (KHTML, like Gecko; compatible; ClaudeBot/1.0; [email protected])"
216.73.216.19 - - [21/Jul/2025:19:46:37 +0000] "GET /shopdetail/1175104870.shtml HTTP/1.1" 404 24730 "-" "Mozilla/5.0 AppleWebKit/537.36 (KHTML, like Gecko; compatible; ClaudeBot/1.0; [email protected])"
216.73.216.19 - - [21/Jul/2025:19:46:40 +0000] "GET /shopdetail/1174866560.shtml HTTP/1.1" 404 24731 "-" "Mozilla/5.0 AppleWebKit/537.36 (KHTML, like Gecko; compatible; ClaudeBot/1.0; [email protected])"
216.73.216.19 - - [21/Jul/2025:19:46:43 +0000] "GET /shopdetail/1174808550.shtml HTTP/1.1" 404 24727 "-" "Mozilla/5.0 AppleWebKit/537.36 (KHTML, like Gecko; compatible; ClaudeBot/1.0; [email protected])"
209.74.77.214 - - [21/Jul/2025:19:47:26 +0000] "POST /wp-cron.php?doing_wp_cron=1753127246.1709740161895751953125 HTTP/1.1" 200 - "-" "WordPress/6.8.2; https://cartel.express"
57.141.2.23 - - [21/Jul/2025:19:47:23 +0000] "GET /shopdetail/2388530156.shtml HTTP/1.1" 404 146914 "-" "meta-externalagent/1.1 (+https://developers.facebook.com/docs/sharing/webmasters/crawler)"
216.73.216.19 - - [21/Jul/2025:19:47:45 +0000] "GET /shopdetail/1174502064.shtml HTTP/1.1" 404 24730 "-" "Mozilla/5.0 AppleWebKit/537.36 (KHTML, like Gecko; compatible; ClaudeBot/1.0; [email protected])"
209.74.77.214 - - [21/Jul/2025:19:47:47 +0000] "POST /wp-cron.php?doing_wp_cron=1753127267.9144330024719238281250 HTTP/1.1" 200 - "-" "WordPress/6.8.2; https://cartel.express"
216.73.216.19 - - [21/Jul/2025:19:47:47 +0000] "GET /shopdetail/1174753842.shtml HTTP/1.1" 404 24732 "-" "Mozilla/5.0 AppleWebKit/537.36 (KHTML, like Gecko; compatible; ClaudeBot/1.0; [email protected])"
216.73.216.19 - - [21/Jul/2025:19:47:50 +0000] "GET /shopdetail/1174748032.shtml HTTP/1.1" 404 24731 "-" "Mozilla/5.0 AppleWebKit/537.36 (KHTML, like Gecko; compatible; ClaudeBot/1.0; [email protected])"
57.141.2.10 - - [21/Jul/2025:19:47:52 +0000] "GET /shopdetail/2388256736.shtml HTTP/1.1" 404 146912 "-" "meta-externalagent/1.1 (+https://developers.facebook.com/docs/sharing/webmasters/crawler)"
216.73.216.19 - - [21/Jul/2025:19:47:53 +0000] "GET /shopdetail/1174686720.shtml HTTP/1.1" 404 24728 "-" "Mozilla/5.0 AppleWebKit/537.36 (KHTML, like Gecko; compatible; ClaudeBot/1.0; [email protected])"
66.249.73.131 - - [21/Jul/2025:19:48:51 +0000] "GET /shopdetail/1053690.shtml HTTP/1.1" 200 18324 "-" "Mozilla/5.0 (Linux; Android 6.0.1; Nexus 5X Build/MMB29P) AppleWebKit/537.36 (KHTML, like Gecko) Chrome/137.0.7151.103 Mobile Safari/537.36 (compatible; Googlebot/2.1; +http://www.google.com/bot.html)"
209.74.77.214 - - [21/Jul/2025:19:48:56 +0000] "POST /wp-cron.php?doing_wp_cron=1753127336.7274580001831054687500 HTTP/1.1" 200 - "-" "WordPress/6.8.2; https://cartel.express"
216.73.216.19 - - [21/Jul/2025:19:48:54 +0000] "GET /shopdetail/1175121700.shtml HTTP/1.1" 404 24731 "-" "Mozilla/5.0 AppleWebKit/537.36 (KHTML, like Gecko; compatible; ClaudeBot/1.0; [email protected])"
216.73.216.19 - - [21/Jul/2025:19:48:58 +0000] "GET /shopdetail/1174748356.shtml HTTP/1.1" 404 24729 "-" "Mozilla/5.0 AppleWebKit/537.36 (KHTML, like Gecko; compatible; ClaudeBot/1.0; [email protected])"
216.73.216.19 - - [21/Jul/2025:19:49:00 +0000] "GET /shopdetail/1175186902.shtml HTTP/1.1" 404 24731 "-" "Mozilla/5.0 AppleWebKit/537.36 (KHTML, like Gecko; compatible; ClaudeBot/1.0; [email protected])"
216.73.216.19 - - [21/Jul/2025:19:49:03 +0000] "GET /shopdetail/1174880480.shtml HTTP/1.1" 404 24730 "-" "Mozilla/5.0 AppleWebKit/537.36 (KHTML, like Gecko; compatible; ClaudeBot/1.0; [email protected])"
209.74.77.214 - - [21/Jul/2025:19:49:14 +0000] "POST /wp-cron.php?doing_wp_cron=1753127354.3732330799102783203125 HTTP/1.1" 200 - "-" "WordPress/6.8.2; https://cartel.express"
121.229.185.160 - - [21/Jul/2025:19:49:14 +0000] "GET / HTTP/1.1" 200 40650 "http://cartel.express" "Mozilla/5.0 (iPhone; CPU iPhone OS 13_2_3 like Mac OS X) AppleWebKit/605.1.15 (KHTML, like Gecko) Version/13.0.3 Mobile/15E148 Safari/604.1"
209.74.77.214 - - [21/Jul/2025:19:50:10 +0000] "POST /wp-cron.php?doing_wp_cron=1753127410.9066119194030761718750 HTTP/1.1" 200 - "-" "WordPress/6.8.2; https://cartel.express"
216.73.216.19 - - [21/Jul/2025:19:50:08 +0000] "GET /shopdetail/1175220894.shtml HTTP/1.1" 404 24731 "-" "Mozilla/5.0 AppleWebKit/537.36 (KHTML, like Gecko; compatible; ClaudeBot/1.0; [email protected])"
216.73.216.19 - - [21/Jul/2025:19:50:12 +0000] "GET /shopdetail/1174523974.shtml HTTP/1.1" 404 24730 "-" "Mozilla/5.0 AppleWebKit/537.36 (KHTML, like Gecko; compatible; ClaudeBot/1.0; [email protected])"
209.74.77.214 - - [21/Jul/2025:19:50:15 +0000] "POST /wp-cron.php?doing_wp_cron=1753127415.8172760009765625000000 HTTP/1.1" 200 - "-" "WordPress/6.8.2; https://cartel.express"
216.73.216.19 - - [21/Jul/2025:19:50:15 +0000] "GET /shopdetail/1174651478.shtml HTTP/1.1" 404 24732 "-" "Mozilla/5.0 AppleWebKit/537.36 (KHTML, like Gecko; compatible; ClaudeBot/1.0; [email protected])"
216.73.216.19 - - [21/Jul/2025:19:50:18 +0000] "GET /shopdetail/1174582914.shtml HTTP/1.1" 404 24731 "-" "Mozilla/5.0 AppleWebKit/537.36 (KHTML, like Gecko; compatible; ClaudeBot/1.0; [email protected])"
209.74.77.214 - - [21/Jul/2025:19:51:22 +0000] "POST /wp-cron.php?doing_wp_cron=1753127482.4850869178771972656250 HTTP/1.1" 200 - "-" "WordPress/6.8.2; https://cartel.express"
216.73.216.19 - - [21/Jul/2025:19:51:20 +0000] "GET /shopdetail/1175212840.shtml HTTP/1.1" 404 24729 "-" "Mozilla/5.0 AppleWebKit/537.36 (KHTML, like Gecko; compatible; ClaudeBot/1.0; [email protected])"
216.73.216.19 - - [21/Jul/2025:19:51:23 +0000] "GET /shopdetail/1174527336.shtml HTTP/1.1" 404 24730 "-" "Mozilla/5.0 AppleWebKit/537.36 (KHTML, like Gecko; compatible; ClaudeBot/1.0; [email protected])"
57.141.2.28 - - [21/Jul/2025:19:51:23 +0000] "GET /shopdetail/2954011242.shtml HTTP/1.1" 404 146915 "-" "meta-externalagent/1.1 (+https://developers.facebook.com/docs/sharing/webmasters/crawler)"
216.73.216.19 - - [21/Jul/2025:19:51:26 +0000] "GET /shopdetail/1175122826.shtml HTTP/1.1" 404 24729 "-" "Mozilla/5.0 AppleWebKit/537.36 (KHTML, like Gecko; compatible; ClaudeBot/1.0; [email protected])"
209.74.77.214 - - [21/Jul/2025:19:51:51 +0000] "POST /wp-cron.php?doing_wp_cron=1753127511.4069941043853759765625 HTTP/1.1" 200 - "-" "WordPress/6.8.2; https://cartel.express"
57.141.2.21 - - [21/Jul/2025:19:51:50 +0000] "GET /shopdetail/2388449250.shtml HTTP/1.1" 404 146913 "-" "meta-externalagent/1.1 (+https://developers.facebook.com/docs/sharing/webmasters/crawler)"
209.74.77.214 - - [21/Jul/2025:19:52:29 +0000] "POST /wp-cron.php?doing_wp_cron=1753127549.8952999114990234375000 HTTP/1.1" 200 - "-" "WordPress/6.8.2; https://cartel.express"
216.73.216.19 - - [21/Jul/2025:19:52:29 +0000] "GET /shopdetail/1174833758.shtml HTTP/1.1" 404 24729 "-" "Mozilla/5.0 AppleWebKit/537.36 (KHTML, like Gecko; compatible; ClaudeBot/1.0; [email protected])"
216.73.216.19 - - [21/Jul/2025:19:52:32 +0000] "GET /shopdetail/1175223074.shtml HTTP/1.1" 404 24729 "-" "Mozilla/5.0 AppleWebKit/537.36 (KHTML, like Gecko; compatible; ClaudeBot/1.0; [email protected])"
216.73.216.19 - - [21/Jul/2025:19:52:35 +0000] "GET /shopdetail/1175092264.shtml HTTP/1.1" 404 24731 "-" "Mozilla/5.0 AppleWebKit/537.36 (KHTML, like Gecko; compatible; ClaudeBot/1.0; [email protected])"
209.74.77.214 - - [21/Jul/2025:19:53:41 +0000] "POST /wp-cron.php?doing_wp_cron=1753127620.9608259201049804687500 HTTP/1.1" 200 - "-" "WordPress/6.8.2; https://cartel.express"
216.73.216.19 - - [21/Jul/2025:19:53:38 +0000] "GET /shopdetail/1174958954.shtml HTTP/1.1" 404 24731 "-" "Mozilla/5.0 AppleWebKit/537.36 (KHTML, like Gecko; compatible; ClaudeBot/1.0; [email protected])"
216.73.216.19 - - [21/Jul/2025:19:53:44 +0000] "GET /shopdetail/1175116286.shtml HTTP/1.1" 404 24730 "-" "Mozilla/5.0 AppleWebKit/537.36 (KHTML, like Gecko; compatible; ClaudeBot/1.0; [email protected])"
209.74.77.214 - - [21/Jul/2025:19:53:47 +0000] "POST /wp-cron.php?doing_wp_cron=1753127627.4725229740142822265625 HTTP/1.1" 200 - "-" "WordPress/6.8.2; https://cartel.express"
216.73.216.19 - - [21/Jul/2025:19:53:47 +0000] "GET /shopdetail/1174504504.shtml HTTP/1.1" 404 24732 "-" "Mozilla/5.0 AppleWebKit/537.36 (KHTML, like Gecko; compatible; ClaudeBot/1.0; [email protected])"
209.74.77.214 - - [21/Jul/2025:19:54:50 +0000] "POST /wp-cron.php?doing_wp_cron=1753127690.7588860988616943359375 HTTP/1.1" 200 - "-" "WordPress/6.8.2; https://cartel.express"
216.73.216.19 - - [21/Jul/2025:19:54:48 +0000] "GET /shopdetail/1174972746.shtml HTTP/1.1" 404 24728 "-" "Mozilla/5.0 AppleWebKit/537.36 (KHTML, like Gecko; compatible; ClaudeBot/1.0; [email protected])"
216.73.216.19 - - [21/Jul/2025:19:54:51 +0000] "GET /shopdetail/1175128628.shtml HTTP/1.1" 404 24728 "-" "Mozilla/5.0 AppleWebKit/537.36 (KHTML, like Gecko; compatible; ClaudeBot/1.0; [email protected])"
216.73.216.19 - - [21/Jul/2025:19:54:54 +0000] "GET /shopdetail/1174674054.shtml HTTP/1.1" 404 24728 "-" "Mozilla/5.0 AppleWebKit/537.36 (KHTML, like Gecko; compatible; ClaudeBot/1.0; [email protected])"
209.74.77.214 - - [21/Jul/2025:19:56:02 +0000] "POST /wp-cron.php?doing_wp_cron=1753127762.8312110900878906250000 HTTP/1.1" 200 - "-" "WordPress/6.8.2; https://cartel.express"
216.73.216.19 - - [21/Jul/2025:19:56:00 +0000] "GET /shopdetail/1174641244.shtml HTTP/1.1" 404 24729 "-" "Mozilla/5.0 AppleWebKit/537.36 (KHTML, like Gecko; compatible; ClaudeBot/1.0; [email protected])"
216.73.216.19 - - [21/Jul/2025:19:56:06 +0000] "GET /shopdetail/1174815478.shtml HTTP/1.1" 404 24730 "-" "Mozilla/5.0 AppleWebKit/537.36 (KHTML, like Gecko; compatible; ClaudeBot/1.0; [email protected])"
216.73.216.19 - - [21/Jul/2025:19:56:09 +0000] "GET /shopdetail/1174556840.shtml HTTP/1.1" 404 24729 "-" "Mozilla/5.0 AppleWebKit/537.36 (KHTML, like Gecko; compatible; ClaudeBot/1.0; [email protected])"
209.74.77.214 - - [21/Jul/2025:19:56:33 +0000] "POST /wp-cron.php?doing_wp_cron=1753127793.3893849849700927734375 HTTP/1.1" 200 - "-" "WordPress/6.8.2; https://cartel.express"
57.141.2.25 - - [21/Jul/2025:19:56:33 +0000] "GET /shopdetail/2167889362.shtml HTTP/1.1" 404 146915 "-" "meta-externalagent/1.1 (+https://developers.facebook.com/docs/sharing/webmasters/crawler)"
209.74.77.214 - - [21/Jul/2025:19:57:10 +0000] "POST /wp-cron.php?doing_wp_cron=1753127830.7313940525054931640625 HTTP/1.1" 200 - "-" "WordPress/6.8.2; https://cartel.express"
216.73.216.19 - - [21/Jul/2025:19:57:08 +0000] "GET /shopdetail/1175134374.shtml HTTP/1.1" 404 24731 "-" "Mozilla/5.0 AppleWebKit/537.36 (KHTML, like Gecko; compatible; ClaudeBot/1.0; [email protected])"
216.73.216.19 - - [21/Jul/2025:19:57:11 +0000] "GET /shopdetail/1175019336.shtml HTTP/1.1" 404 24728 "-" "Mozilla/5.0 AppleWebKit/537.36 (KHTML, like Gecko; compatible; ClaudeBot/1.0; [email protected])"
209.74.77.214 - - [21/Jul/2025:19:57:14 +0000] "POST /wp-cron.php?doing_wp_cron=1753127834.7835459709167480468750 HTTP/1.1" 200 - "-" "WordPress/6.8.2; https://cartel.express"
216.73.216.19 - - [21/Jul/2025:19:57:14 +0000] "GET /shopdetail/1174788158.shtml HTTP/1.1" 404 24730 "-" "Mozilla/5.0 AppleWebKit/537.36 (KHTML, like Gecko; compatible; ClaudeBot/1.0; [email protected])"
209.74.77.214 - - [21/Jul/2025:19:57:54 +0000] "POST /wp-cron.php?doing_wp_cron=1753127874.4006350040435791015625 HTTP/1.1" 200 - "-" "WordPress/6.8.2; https://cartel.express"
57.141.2.8 - - [21/Jul/2025:19:57:52 +0000] "GET /shopdetail/2388318116.shtml HTTP/1.1" 404 146914 "-" "meta-externalagent/1.1 (+https://developers.facebook.com/docs/sharing/webmasters/crawler)"
57.141.2.16 - - [21/Jul/2025:19:58:01 +0000] "GET /shopdetail/909106718.shtml HTTP/1.1" 404 146916 "-" "meta-externalagent/1.1 (+https://developers.facebook.com/docs/sharing/webmasters/crawler)"
57.141.2.17 - - [21/Jul/2025:19:58:01 +0000] "GET /shopdetail/2387871716.shtml HTTP/1.1" 404 146915 "-" "meta-externalagent/1.1 (+https://developers.facebook.com/docs/sharing/webmasters/crawler)"
209.74.77.214 - - [21/Jul/2025:19:58:17 +0000] "POST /wp-cron.php?doing_wp_cron=1753127897.8116970062255859375000 HTTP/1.1" 200 - "-" "WordPress/6.8.2; https://cartel.express"
57.141.2.15 - - [21/Jul/2025:19:58:17 +0000] "GET /shopdetail/2167674080.shtml HTTP/1.1" 404 146916 "-" "meta-externalagent/1.1 (+https://developers.facebook.com/docs/sharing/webmasters/crawler)"
209.74.77.214 - - [21/Jul/2025:19:58:35 +0000] "POST /wp-cron.php?doing_wp_cron=1753127915.4335660934448242187500 HTTP/1.1" 200 - "-" "WordPress/6.8.2; https://cartel.express"
216.73.216.19 - - [21/Jul/2025:19:58:35 +0000] "GET /shopdetail/1174611484.shtml HTTP/1.1" 404 24731 "-" "Mozilla/5.0 AppleWebKit/537.36 (KHTML, like Gecko; compatible; ClaudeBot/1.0; [email protected])"
216.73.216.19 - - [21/Jul/2025:19:58:37 +0000] "GET /shopdetail/1174596834.shtml HTTP/1.1" 404 24731 "-" "Mozilla/5.0 AppleWebKit/537.36 (KHTML, like Gecko; compatible; ClaudeBot/1.0; [email protected])"
216.73.216.19 - - [21/Jul/2025:19:58:40 +0000] "GET /shopdetail/1174462334.shtml HTTP/1.1" 404 24730 "-" "Mozilla/5.0 AppleWebKit/537.36 (KHTML, like Gecko; compatible; ClaudeBot/1.0; [email protected])"
209.74.77.214 - - [21/Jul/2025:19:58:57 +0000] "POST /wp-cron.php?doing_wp_cron=1753127937.3471729755401611328125 HTTP/1.1" 200 - "-" "WordPress/6.8.2; https://cartel.express"
57.141.2.3 - - [21/Jul/2025:19:58:57 +0000] "GET /shopdetail/2168318600.shtml HTTP/1.1" 404 146916 "-" "meta-externalagent/1.1 (+https://developers.facebook.com/docs/sharing/webmasters/crawler)"
209.74.77.214 - - [21/Jul/2025:19:59:48 +0000] "POST /wp-cron.php?doing_wp_cron=1753127988.8467578887939453125000 HTTP/1.1" 200 - "-" "WordPress/6.8.2; https://cartel.express"
216.73.216.19 - - [21/Jul/2025:19:59:46 +0000] "GET /shopdetail/1174717410.shtml HTTP/1.1" 404 24730 "-" "Mozilla/5.0 AppleWebKit/537.36 (KHTML, like Gecko; compatible; ClaudeBot/1.0; [email protected])"
216.73.216.19 - - [21/Jul/2025:19:59:52 +0000] "GET /shopdetail/1174513740.shtml HTTP/1.1" 404 24728 "-" "Mozilla/5.0 AppleWebKit/537.36 (KHTML, like Gecko; compatible; ClaudeBot/1.0; [email protected])"
216.73.216.19 - - [21/Jul/2025:19:59:55 +0000] "GET /shopdetail/1174989576.shtml HTTP/1.1" 404 24731 "-" "Mozilla/5.0 AppleWebKit/537.36 (KHTML, like Gecko; compatible; ClaudeBot/1.0; [email protected])"
209.74.77.214 - - [21/Jul/2025:20:01:00 +0000] "POST /wp-cron.php?doing_wp_cron=1753128060.8293941020965576171875 HTTP/1.1" 200 - "-" "WordPress/6.8.2; https://cartel.express"
216.73.216.19 - - [21/Jul/2025:20:00:58 +0000] "GET /shopdetail/1174955584.shtml HTTP/1.1" 404 24729 "-" "Mozilla/5.0 AppleWebKit/537.36 (KHTML, like Gecko; compatible; ClaudeBot/1.0; [email protected])"
216.73.216.19 - - [21/Jul/2025:20:01:04 +0000] "GET /shopdetail/1174888534.shtml HTTP/1.1" 404 24728 "-" "Mozilla/5.0 AppleWebKit/537.36 (KHTML, like Gecko; compatible; ClaudeBot/1.0; [email protected])"
216.73.216.19 - - [21/Jul/2025:20:01:07 +0000] "GET /shopdetail/1174602440.shtml HTTP/1.1" 404 24727 "-" "Mozilla/5.0 AppleWebKit/537.36 (KHTML, like Gecko; compatible; ClaudeBot/1.0; [email protected])"
