34.209.132.179 - - [21/Jul/2025:21:38:09 +0000] "GET /wp-content/plugins/floens-addon/assets/vendors/tiny-slider/tiny-slider.js?ver=1744546415 HTTP/1.1" 200 12759 "https://diamondtiptiling.com/" "Mozilla/5.0 (Windows NT 10.0; Win64; x64) AppleWebKit/537.36 (KHTML, like Gecko) Chrome/70.0.3538.102 Safari/537.36 Edge/18.19582"
34.209.132.179 - - [21/Jul/2025:21:38:09 +0000] "GET /wp-content/plugins/floens-addon/assets/vendors/nouislider/nouislider.min.js?ver=1744546415 HTTP/1.1" 200 8299 "https://diamondtiptiling.com/" "Mozilla/5.0 (Windows NT 10.0; Win64; x64) AppleWebKit/537.36 (KHTML, like Gecko) Chrome/70.0.3538.102 Safari/537.36 Edge/18.19582"
34.209.132.179 - - [21/Jul/2025:21:38:09 +0000] "GET /wp-content/plugins/elementor/assets/lib/swiper/v8/swiper.min.js?ver=8.4.5 HTTP/1.1" 200 39695 "https://diamondtiptiling.com/" "Mozilla/5.0 (Windows NT 10.0; Win64; x64) AppleWebKit/537.36 (KHTML, like Gecko) Chrome/70.0.3538.102 Safari/537.36 Edge/18.19582"
34.209.132.179 - - [21/Jul/2025:21:38:09 +0000] "GET /wp-content/plugins/floens-addon/assets/vendors/circleType/jquery.circleType.js?ver=1744546415 HTTP/1.1" 200 1397 "https://diamondtiptiling.com/" "Mozilla/5.0 (Windows NT 10.0; Win64; x64) AppleWebKit/537.36 (KHTML, like Gecko) Chrome/70.0.3538.102 Safari/537.36 Edge/18.19582"
34.209.132.179 - - [21/Jul/2025:21:38:09 +0000] "GET /wp-content/plugins/floens-addon/assets/vendors/timepicker/timePicker.js?ver=1744546415 HTTP/1.1" 200 5351 "https://diamondtiptiling.com/" "Mozilla/5.0 (Windows NT 10.0; Win64; x64) AppleWebKit/537.36 (KHTML, like Gecko) Chrome/70.0.3538.102 Safari/537.36 Edge/18.19582"
34.209.132.179 - - [21/Jul/2025:21:38:09 +0000] "GET /wp-content/plugins/floens-addon/assets/js/floens-addon.js?ver=1744546415 HTTP/1.1" 200 4447 "https://diamondtiptiling.com/" "Mozilla/5.0 (Windows NT 10.0; Win64; x64) AppleWebKit/537.36 (KHTML, like Gecko) Chrome/70.0.3538.102 Safari/537.36 Edge/18.19582"
34.209.132.179 - - [21/Jul/2025:21:38:09 +0000] "GET /wp-content/plugins/floens-addon/assets/vendors/circleType/jquery.lettering.min.js?ver=1744546415 HTTP/1.1" 200 499 "https://diamondtiptiling.com/" "Mozilla/5.0 (Windows NT 10.0; Win64; x64) AppleWebKit/537.36 (KHTML, like Gecko) Chrome/70.0.3538.102 Safari/537.36 Edge/18.19582"
34.209.132.179 - - [21/Jul/2025:21:38:09 +0000] "GET /wp-content/themes/floens/assets/images/close.png HTTP/1.1" 200 1302 "https://diamondtiptiling.com/wp-content/themes/floens/style.css?ver=6.8.2" "Mozilla/5.0 (Windows NT 10.0; Win64; x64) AppleWebKit/537.36 (KHTML, like Gecko) Chrome/70.0.3538.102 Safari/537.36 Edge/18.19582"
34.209.132.179 - - [21/Jul/2025:21:38:09 +0000] "GET /wp-content/uploads/2025/04/DTT-LOGO-1.png HTTP/1.1" 200 91327 "https://diamondtiptiling.com/" "Mozilla/5.0 (Windows NT 10.0; Win64; x64) AppleWebKit/537.36 (KHTML, like Gecko) Chrome/70.0.3538.102 Safari/537.36 Edge/18.19582"
34.209.132.179 - - [21/Jul/2025:21:38:09 +0000] "GET /wp-content/uploads/2025/04/DiaWhite.png HTTP/1.1" 200 4205 "https://diamondtiptiling.com/" "Mozilla/5.0 (Windows NT 10.0; Win64; x64) AppleWebKit/537.36 (KHTML, like Gecko) Chrome/70.0.3538.102 Safari/537.36 Edge/18.19582"
34.209.132.179 - - [21/Jul/2025:21:38:09 +0000] "GET /wp-content/plugins/woo-smart-quick-view/assets/js/frontend.js?ver=4.1.8 HTTP/1.1" 200 2307 "https://diamondtiptiling.com/" "Mozilla/5.0 (Windows NT 10.0; Win64; x64) AppleWebKit/537.36 (KHTML, like Gecko) Chrome/70.0.3538.102 Safari/537.36 Edge/18.19582"
34.209.132.179 - - [21/Jul/2025:21:38:09 +0000] "GET /wp-content/plugins/woo-smart-quick-view/assets/libs/magnific-popup/jquery.magnific-popup.min.js?ver=4.1.8 HTTP/1.1" 200 7346 "https://diamondtiptiling.com/" "Mozilla/5.0 (Windows NT 10.0; Win64; x64) AppleWebKit/537.36 (KHTML, like Gecko) Chrome/70.0.3538.102 Safari/537.36 Edge/18.19582"
34.209.132.179 - - [21/Jul/2025:21:38:09 +0000] "GET /wp-content/plugins/woocommerce/assets/js/frontend/add-to-cart-variation.min.js?ver=9.8.5 HTTP/1.1" 200 3940 "https://diamondtiptiling.com/" "Mozilla/5.0 (Windows NT 10.0; Win64; x64) AppleWebKit/537.36 (KHTML, like Gecko) Chrome/70.0.3538.102 Safari/537.36 Edge/18.19582"
34.209.132.179 - - [21/Jul/2025:21:38:09 +0000] "GET /wp-includes/js/imagesloaded.min.js?ver=5.0.0 HTTP/1.1" 200 1803 "https://diamondtiptiling.com/" "Mozilla/5.0 (Windows NT 10.0; Win64; x64) AppleWebKit/537.36 (KHTML, like Gecko) Chrome/70.0.3538.102 Safari/537.36 Edge/18.19582"
34.209.132.179 - - [21/Jul/2025:21:38:09 +0000] "GET /wp-content/plugins/woo-smart-quick-view/assets/libs/perfect-scrollbar/js/perfect-scrollbar.jquery.min.js?ver=4.1.8 HTTP/1.1" 200 6509 "https://diamondtiptiling.com/" "Mozilla/5.0 (Windows NT 10.0; Win64; x64) AppleWebKit/537.36 (KHTML, like Gecko) Chrome/70.0.3538.102 Safari/537.36 Edge/18.19582"
34.209.132.179 - - [21/Jul/2025:21:38:09 +0000] "GET /wp-content/plugins/woocommerce/assets/js/frontend/order-attribution.min.js?ver=9.8.5 HTTP/1.1" 200 1137 "https://diamondtiptiling.com/" "Mozilla/5.0 (Windows NT 10.0; Win64; x64) AppleWebKit/537.36 (KHTML, like Gecko) Chrome/70.0.3538.102 Safari/537.36 Edge/18.19582"
34.209.132.179 - - [21/Jul/2025:21:38:09 +0000] "GET /wp-content/plugins/woo-smart-wishlist/assets/js/frontend.js?ver=4.9.9 HTTP/1.1" 200 4482 "https://diamondtiptiling.com/" "Mozilla/5.0 (Windows NT 10.0; Win64; x64) AppleWebKit/537.36 (KHTML, like Gecko) Chrome/70.0.3538.102 Safari/537.36 Edge/18.19582"
34.209.132.179 - - [21/Jul/2025:21:38:09 +0000] "GET /wp-content/plugins/woocommerce/assets/js/sourcebuster/sourcebuster.min.js?ver=9.8.5 HTTP/1.1" 200 4807 "https://diamondtiptiling.com/" "Mozilla/5.0 (Windows NT 10.0; Win64; x64) AppleWebKit/537.36 (KHTML, like Gecko) Chrome/70.0.3538.102 Safari/537.36 Edge/18.19582"
34.209.132.179 - - [21/Jul/2025:21:38:09 +0000] "GET /wp-content/plugins/elementor/assets/js/frontend.min.js?ver=3.29.1 HTTP/1.1" 200 10595 "https://diamondtiptiling.com/" "Mozilla/5.0 (Windows NT 10.0; Win64; x64) AppleWebKit/537.36 (KHTML, like Gecko) Chrome/70.0.3538.102 Safari/537.36 Edge/18.19582"
34.209.132.179 - - [21/Jul/2025:21:38:09 +0000] "GET /wp-content/themes/floens/assets/vendors/isotope/isotope.js?ver=2.1.1 HTTP/1.1" 200 10188 "https://diamondtiptiling.com/" "Mozilla/5.0 (Windows NT 10.0; Win64; x64) AppleWebKit/537.36 (KHTML, like Gecko) Chrome/70.0.3538.102 Safari/537.36 Edge/18.19582"
34.209.132.179 - - [21/Jul/2025:21:38:09 +0000] "GET /wp-content/themes/floens/assets/js/floens-theme.js?ver=1753133886 HTTP/1.1" 200 2990 "https://diamondtiptiling.com/" "Mozilla/5.0 (Windows NT 10.0; Win64; x64) AppleWebKit/537.36 (KHTML, like Gecko) Chrome/70.0.3538.102 Safari/537.36 Edge/18.19582"
34.209.132.179 - - [21/Jul/2025:21:38:09 +0000] "GET /wp-content/plugins/elementor/assets/js/webpack.runtime.min.js?ver=3.29.1 HTTP/1.1" 200 2516 "https://diamondtiptiling.com/" "Mozilla/5.0 (Windows NT 10.0; Win64; x64) AppleWebKit/537.36 (KHTML, like Gecko) Chrome/70.0.3538.102 Safari/537.36 Edge/18.19582"
34.209.132.179 - - [21/Jul/2025:21:38:09 +0000] "GET /wp-content/plugins/elementor-pro/assets/js/webpack-pro.runtime.min.js?ver=3.28.4 HTTP/1.1" 200 2857 "https://diamondtiptiling.com/" "Mozilla/5.0 (Windows NT 10.0; Win64; x64) AppleWebKit/537.36 (KHTML, like Gecko) Chrome/70.0.3538.102 Safari/537.36 Edge/18.19582"
34.209.132.179 - - [21/Jul/2025:21:38:09 +0000] "GET /wp-content/plugins/elementor-pro/assets/js/elements-handlers.min.js?ver=3.28.4 HTTP/1.1" 200 10702 "https://diamondtiptiling.com/" "Mozilla/5.0 (Windows NT 10.0; Win64; x64) AppleWebKit/537.36 (KHTML, like Gecko) Chrome/70.0.3538.102 Safari/537.36 Edge/18.19582"
34.209.132.179 - - [21/Jul/2025:21:38:09 +0000] "GET /wp-content/plugins/elementor/assets/js/frontend-modules.min.js?ver=3.29.1 HTTP/1.1" 200 14815 "https://diamondtiptiling.com/" "Mozilla/5.0 (Windows NT 10.0; Win64; x64) AppleWebKit/537.36 (KHTML, like Gecko) Chrome/70.0.3538.102 Safari/537.36 Edge/18.19582"
34.209.132.179 - - [21/Jul/2025:21:38:09 +0000] "GET /wp-content/plugins/elementor-pro/assets/js/frontend.min.js?ver=3.28.4 HTTP/1.1" 200 6509 "https://diamondtiptiling.com/" "Mozilla/5.0 (Windows NT 10.0; Win64; x64) AppleWebKit/537.36 (KHTML, like Gecko) Chrome/70.0.3538.102 Safari/537.36 Edge/18.19582"
34.209.132.179 - - [21/Jul/2025:21:38:09 +0000] "GET /wp-content/themes/floens/assets/vendors/fontawesome/webfonts/fa-brands-400.woff2 HTTP/1.1" 200 78493 "https://diamondtiptiling.com/wp-content/themes/floens/assets/vendors/fontawesome/css/all.min.css?ver=5.15.1" "Mozilla/5.0 (Windows NT 10.0; Win64; x64) AppleWebKit/537.36 (KHTML, like Gecko) Chrome/70.0.3538.102 Safari/537.36 Edge/18.19582"
34.209.132.179 - - [21/Jul/2025:21:38:09 +0000] "GET /wp-content/plugins/floens-addon/assets/vendors/floens-icons/fonts/icomoon.ttf?aa2zsr HTTP/1.1" 200 10194 "https://diamondtiptiling.com/wp-content/plugins/floens-addon/assets/vendors/floens-icons/style.css?ver=1.1" "Mozilla/5.0 (Windows NT 10.0; Win64; x64) AppleWebKit/537.36 (KHTML, like Gecko) Chrome/70.0.3538.102 Safari/537.36 Edge/18.19582"
34.209.132.179 - - [21/Jul/2025:21:38:09 +0000] "GET /wp-content/themes/floens/assets/vendors/fontawesome/webfonts/fa-solid-900.woff2 HTTP/1.1" 200 80265 "https://diamondtiptiling.com/wp-content/themes/floens/assets/vendors/fontawesome/css/all.min.css?ver=5.15.1" "Mozilla/5.0 (Windows NT 10.0; Win64; x64) AppleWebKit/537.36 (KHTML, like Gecko) Chrome/70.0.3538.102 Safari/537.36 Edge/18.19582"
34.209.132.179 - - [21/Jul/2025:21:38:09 +0000] "GET /wp-content/uploads/2024/01/DiaBlack-1.png HTTP/1.1" 200 4361 "https://diamondtiptiling.com/" "Mozilla/5.0 (Windows NT 10.0; Win64; x64) AppleWebKit/537.36 (KHTML, like Gecko) Chrome/70.0.3538.102 Safari/537.36 Edge/18.19582"
34.209.132.179 - - [21/Jul/2025:21:38:09 +0000] "GET /wp-content/plugins/woocommerce/assets/js/frontend/add-to-cart.min.js?ver=9.8.5 HTTP/1.1" 200 1368 "https://diamondtiptiling.com/" "Mozilla/5.0 (Windows NT 10.0; Win64; x64) AppleWebKit/537.36 (KHTML, like Gecko) Chrome/70.0.3538.102 Safari/537.36 Edge/18.19582"
34.209.132.179 - - [21/Jul/2025:21:38:09 +0000] "GET /wp-content/plugins/woocommerce/assets/js/frontend/woocommerce.min.js?ver=9.8.5 HTTP/1.1" 200 1437 "https://diamondtiptiling.com/" "Mozilla/5.0 (Windows NT 10.0; Win64; x64) AppleWebKit/537.36 (KHTML, like Gecko) Chrome/70.0.3538.102 Safari/537.36 Edge/18.19582"
34.209.132.179 - - [21/Jul/2025:21:38:09 +0000] "GET /wp-content/uploads/2024/01/client-rating-3.jpg HTTP/1.1" 200 3548 "https://diamondtiptiling.com/" "Mozilla/5.0 (Windows NT 10.0; Win64; x64) AppleWebKit/537.36 (KHTML, like Gecko) Chrome/70.0.3538.102 Safari/537.36 Edge/18.19582"
34.209.132.179 - - [21/Jul/2025:21:38:09 +0000] "GET /wp-content/uploads/2024/01/client-rating-1.jpg HTTP/1.1" 200 2994 "https://diamondtiptiling.com/" "Mozilla/5.0 (Windows NT 10.0; Win64; x64) AppleWebKit/537.36 (KHTML, like Gecko) Chrome/70.0.3538.102 Safari/537.36 Edge/18.19582"
34.209.132.179 - - [21/Jul/2025:21:38:09 +0000] "GET /wp-content/uploads/2024/01/about-3-3.jpg HTTP/1.1" 200 15942 "https://diamondtiptiling.com/" "Mozilla/5.0 (Windows NT 10.0; Win64; x64) AppleWebKit/537.36 (KHTML, like Gecko) Chrome/70.0.3538.102 Safari/537.36 Edge/18.19582"
34.209.132.179 - - [21/Jul/2025:21:38:09 +0000] "GET /wp-content/uploads/2024/01/client-rating-2.jpg HTTP/1.1" 200 2039 "https://diamondtiptiling.com/" "Mozilla/5.0 (Windows NT 10.0; Win64; x64) AppleWebKit/537.36 (KHTML, like Gecko) Chrome/70.0.3538.102 Safari/537.36 Edge/18.19582"
34.209.132.179 - - [21/Jul/2025:21:38:10 +0000] "GET /wp-content/uploads/2024/01/service-2-3.jpg HTTP/1.1" 200 32122 "https://diamondtiptiling.com/" "Mozilla/5.0 (Windows NT 10.0; Win64; x64) AppleWebKit/537.36 (KHTML, like Gecko) Chrome/70.0.3538.102 Safari/537.36 Edge/18.19582"
34.209.132.179 - - [21/Jul/2025:21:38:10 +0000] "GET /wp-content/uploads/2024/01/service-2-2.jpg HTTP/1.1" 200 22608 "https://diamondtiptiling.com/" "Mozilla/5.0 (Windows NT 10.0; Win64; x64) AppleWebKit/537.36 (KHTML, like Gecko) Chrome/70.0.3538.102 Safari/537.36 Edge/18.19582"
34.209.132.179 - - [21/Jul/2025:21:38:10 +0000] "GET /wp-content/uploads/2024/01/service-2-1.jpg HTTP/1.1" 200 29444 "https://diamondtiptiling.com/" "Mozilla/5.0 (Windows NT 10.0; Win64; x64) AppleWebKit/537.36 (KHTML, like Gecko) Chrome/70.0.3538.102 Safari/537.36 Edge/18.19582"
34.209.132.179 - - [21/Jul/2025:21:38:10 +0000] "GET /wp-content/uploads/2024/01/about-shape-3-1.png HTTP/1.1" 200 20586 "https://diamondtiptiling.com/" "Mozilla/5.0 (Windows NT 10.0; Win64; x64) AppleWebKit/537.36 (KHTML, like Gecko) Chrome/70.0.3538.102 Safari/537.36 Edge/18.19582"
34.209.132.179 - - [21/Jul/2025:21:38:10 +0000] "GET /wp-content/uploads/2024/01/client-rating-4.jpg HTTP/1.1" 200 4424 "https://diamondtiptiling.com/" "Mozilla/5.0 (Windows NT 10.0; Win64; x64) AppleWebKit/537.36 (KHTML, like Gecko) Chrome/70.0.3538.102 Safari/537.36 Edge/18.19582"
34.209.132.179 - - [21/Jul/2025:21:38:10 +0000] "GET /wp-content/uploads/2024/01/work-process-1-2.png HTTP/1.1" 200 18233 "https://diamondtiptiling.com/" "Mozilla/5.0 (Windows NT 10.0; Win64; x64) AppleWebKit/537.36 (KHTML, like Gecko) Chrome/70.0.3538.102 Safari/537.36 Edge/18.19582"
34.209.132.179 - - [21/Jul/2025:21:38:10 +0000] "GET /wp-content/uploads/2024/01/service-2-5.jpg HTTP/1.1" 200 29128 "https://diamondtiptiling.com/" "Mozilla/5.0 (Windows NT 10.0; Win64; x64) AppleWebKit/537.36 (KHTML, like Gecko) Chrome/70.0.3538.102 Safari/537.36 Edge/18.19582"
34.209.132.179 - - [21/Jul/2025:21:38:10 +0000] "GET /wp-content/uploads/2024/01/service-2-4.jpg HTTP/1.1" 200 23139 "https://diamondtiptiling.com/" "Mozilla/5.0 (Windows NT 10.0; Win64; x64) AppleWebKit/537.36 (KHTML, like Gecko) Chrome/70.0.3538.102 Safari/537.36 Edge/18.19582"
34.209.132.179 - - [21/Jul/2025:21:38:10 +0000] "GET /wp-content/uploads/2024/01/work-process-1-3.png HTTP/1.1" 200 13558 "https://diamondtiptiling.com/" "Mozilla/5.0 (Windows NT 10.0; Win64; x64) AppleWebKit/537.36 (KHTML, like Gecko) Chrome/70.0.3538.102 Safari/537.36 Edge/18.19582"
34.209.132.179 - - [21/Jul/2025:21:38:10 +0000] "GET /wp-content/uploads/2024/01/gallery-slide-1-3.jpg HTTP/1.1" 200 71838 "https://diamondtiptiling.com/" "Mozilla/5.0 (Windows NT 10.0; Win64; x64) AppleWebKit/537.36 (KHTML, like Gecko) Chrome/70.0.3538.102 Safari/537.36 Edge/18.19582"
34.209.132.179 - - [21/Jul/2025:21:38:10 +0000] "GET /wp-content/uploads/2024/01/work-process-1-4.png HTTP/1.1" 200 18144 "https://diamondtiptiling.com/" "Mozilla/5.0 (Windows NT 10.0; Win64; x64) AppleWebKit/537.36 (KHTML, like Gecko) Chrome/70.0.3538.102 Safari/537.36 Edge/18.19582"
34.209.132.179 - - [21/Jul/2025:21:38:10 +0000] "GET /wp-content/uploads/2024/01/team-1-3-1.jpg HTTP/1.1" 200 64739 "https://diamondtiptiling.com/" "Mozilla/5.0 (Windows NT 10.0; Win64; x64) AppleWebKit/537.36 (KHTML, like Gecko) Chrome/70.0.3538.102 Safari/537.36 Edge/18.19582"
34.209.132.179 - - [21/Jul/2025:21:38:10 +0000] "GET /wp-content/uploads/2024/01/work-process-shape-1-2.png HTTP/1.1" 200 15306 "https://diamondtiptiling.com/" "Mozilla/5.0 (Windows NT 10.0; Win64; x64) AppleWebKit/537.36 (KHTML, like Gecko) Chrome/70.0.3538.102 Safari/537.36 Edge/18.19582"
34.209.132.179 - - [21/Jul/2025:21:38:10 +0000] "GET /wp-content/uploads/2024/01/work-process-1-1.png HTTP/1.1" 200 10304 "https://diamondtiptiling.com/" "Mozilla/5.0 (Windows NT 10.0; Win64; x64) AppleWebKit/537.36 (KHTML, like Gecko) Chrome/70.0.3538.102 Safari/537.36 Edge/18.19582"
34.209.132.179 - - [21/Jul/2025:21:38:10 +0000] "GET /wp-content/uploads/2024/01/work-process-shape-1-3.png HTTP/1.1" 200 2108 "https://diamondtiptiling.com/" "Mozilla/5.0 (Windows NT 10.0; Win64; x64) AppleWebKit/537.36 (KHTML, like Gecko) Chrome/70.0.3538.102 Safari/537.36 Edge/18.19582"
34.209.132.179 - - [21/Jul/2025:21:38:10 +0000] "GET /wp-content/uploads/2024/01/service-2-6.jpg HTTP/1.1" 200 35496 "https://diamondtiptiling.com/" "Mozilla/5.0 (Windows NT 10.0; Win64; x64) AppleWebKit/537.36 (KHTML, like Gecko) Chrome/70.0.3538.102 Safari/537.36 Edge/18.19582"
34.209.132.179 - - [21/Jul/2025:21:38:10 +0000] "GET /wp-content/uploads/2024/01/work-process-shape-1-1.png HTTP/1.1" 200 1836 "https://diamondtiptiling.com/" "Mozilla/5.0 (Windows NT 10.0; Win64; x64) AppleWebKit/537.36 (KHTML, like Gecko) Chrome/70.0.3538.102 Safari/537.36 Edge/18.19582"
34.209.132.179 - - [21/Jul/2025:21:38:10 +0000] "GET /wp-content/themes/floens/assets/vendors/floens-icons/fonts/icomoon.ttf?aa2zsr HTTP/1.1" 200 10194 "https://diamondtiptiling.com/wp-content/themes/floens/assets/vendors/floens-icons/style.css?ver=1.1" "Mozilla/5.0 (Windows NT 10.0; Win64; x64) AppleWebKit/537.36 (KHTML, like Gecko) Chrome/70.0.3538.102 Safari/537.36 Edge/18.19582"
34.209.132.179 - - [21/Jul/2025:21:38:10 +0000] "GET /wp-content/uploads/2024/01/reliable-2-3.png HTTP/1.1" 200 26258 "https://diamondtiptiling.com/" "Mozilla/5.0 (Windows NT 10.0; Win64; x64) AppleWebKit/537.36 (KHTML, like Gecko) Chrome/70.0.3538.102 Safari/537.36 Edge/18.19582"
34.209.132.179 - - [21/Jul/2025:21:38:10 +0000] "GET /wp-content/uploads/2024/01/gallery-slide-1-1.jpg HTTP/1.1" 200 48794 "https://diamondtiptiling.com/" "Mozilla/5.0 (Windows NT 10.0; Win64; x64) AppleWebKit/537.36 (KHTML, like Gecko) Chrome/70.0.3538.102 Safari/537.36 Edge/18.19582"
34.209.132.179 - - [21/Jul/2025:21:38:10 +0000] "GET /wp-content/uploads/2024/01/reliable-2-1.jpg HTTP/1.1" 200 85411 "https://diamondtiptiling.com/" "Mozilla/5.0 (Windows NT 10.0; Win64; x64) AppleWebKit/537.36 (KHTML, like Gecko) Chrome/70.0.3538.102 Safari/537.36 Edge/18.19582"
34.209.132.179 - - [21/Jul/2025:21:38:10 +0000] "GET /wp-content/uploads/2024/01/gallery-slide-1-2.jpg HTTP/1.1" 200 35956 "https://diamondtiptiling.com/" "Mozilla/5.0 (Windows NT 10.0; Win64; x64) AppleWebKit/537.36 (KHTML, like Gecko) Chrome/70.0.3538.102 Safari/537.36 Edge/18.19582"
34.209.132.179 - - [21/Jul/2025:21:38:10 +0000] "GET /wp-content/uploads/2024/01/reliable-2-2.jpg HTTP/1.1" 200 43963 "https://diamondtiptiling.com/" "Mozilla/5.0 (Windows NT 10.0; Win64; x64) AppleWebKit/537.36 (KHTML, like Gecko) Chrome/70.0.3538.102 Safari/537.36 Edge/18.19582"
34.209.132.179 - - [21/Jul/2025:21:38:10 +0000] "GET /wp-content/uploads/2024/01/contact-shape-1-1.png HTTP/1.1" 200 8204 "https://diamondtiptiling.com/" "Mozilla/5.0 (Windows NT 10.0; Win64; x64) AppleWebKit/537.36 (KHTML, like Gecko) Chrome/70.0.3538.102 Safari/537.36 Edge/18.19582"
34.209.132.179 - - [21/Jul/2025:21:38:10 +0000] "GET /wp-content/uploads/2024/01/testimonials-3-1.jpg HTTP/1.1" 200 19718 "https://diamondtiptiling.com/" "Mozilla/5.0 (Windows NT 10.0; Win64; x64) AppleWebKit/537.36 (KHTML, like Gecko) Chrome/70.0.3538.102 Safari/537.36 Edge/18.19582"
34.209.132.179 - - [21/Jul/2025:21:38:10 +0000] "POST /?wc-ajax=woosw_get_data HTTP/1.1" 200 192 "https://diamondtiptiling.com/" "Mozilla/5.0 (Windows NT 10.0; Win64; x64) AppleWebKit/537.36 (KHTML, like Gecko) Chrome/70.0.3538.102 Safari/537.36 Edge/18.19582"
34.209.132.179 - - [21/Jul/2025:21:38:10 +0000] "GET /wp-content/uploads/2024/01/testimonials-3-2.jpg HTTP/1.1" 200 27972 "https://diamondtiptiling.com/" "Mozilla/5.0 (Windows NT 10.0; Win64; x64) AppleWebKit/537.36 (KHTML, like Gecko) Chrome/70.0.3538.102 Safari/537.36 Edge/18.19582"
34.209.132.179 - - [21/Jul/2025:21:38:10 +0000] "GET /wp-content/uploads/2024/01/team-1-2-1.jpg HTTP/1.1" 200 65709 "https://diamondtiptiling.com/" "Mozilla/5.0 (Windows NT 10.0; Win64; x64) AppleWebKit/537.36 (KHTML, like Gecko) Chrome/70.0.3538.102 Safari/537.36 Edge/18.19582"
34.209.132.179 - - [21/Jul/2025:21:38:10 +0000] "GET /wp-content/uploads/2024/01/team-1-1-1.jpg HTTP/1.1" 200 84718 "https://diamondtiptiling.com/" "Mozilla/5.0 (Windows NT 10.0; Win64; x64) AppleWebKit/537.36 (KHTML, like Gecko) Chrome/70.0.3538.102 Safari/537.36 Edge/18.19582"
34.209.132.179 - - [21/Jul/2025:21:38:10 +0000] "GET /wp-content/uploads/2024/01/blog-2-370x422.jpg HTTP/1.1" 200 31916 "https://diamondtiptiling.com/" "Mozilla/5.0 (Windows NT 10.0; Win64; x64) AppleWebKit/537.36 (KHTML, like Gecko) Chrome/70.0.3538.102 Safari/537.36 Edge/18.19582"
34.209.132.179 - - [21/Jul/2025:21:38:10 +0000] "GET /wp-content/uploads/2024/01/team-1-4-1.jpg HTTP/1.1" 200 53166 "https://diamondtiptiling.com/" "Mozilla/5.0 (Windows NT 10.0; Win64; x64) AppleWebKit/537.36 (KHTML, like Gecko) Chrome/70.0.3538.102 Safari/537.36 Edge/18.19582"
34.209.132.179 - - [21/Jul/2025:21:38:10 +0000] "GET /wp-json/contact-form-7/v1/contact-forms/46/feedback/schema HTTP/1.1" 200 93 "https://diamondtiptiling.com/" "Mozilla/5.0 (Windows NT 10.0; Win64; x64) AppleWebKit/537.36 (KHTML, like Gecko) Chrome/70.0.3538.102 Safari/537.36 Edge/18.19582"
34.209.132.179 - - [21/Jul/2025:21:38:11 +0000] "GET /wp-content/uploads/2024/01/blog-3-370x422.jpg HTTP/1.1" 200 23951 "https://diamondtiptiling.com/" "Mozilla/5.0 (Windows NT 10.0; Win64; x64) AppleWebKit/537.36 (KHTML, like Gecko) Chrome/70.0.3538.102 Safari/537.36 Edge/18.19582"
34.209.132.179 - - [21/Jul/2025:21:38:11 +0000] "GET /wp-content/uploads/2024/01/brand-dark-1-1.png HTTP/1.1" 200 602 "https://diamondtiptiling.com/" "Mozilla/5.0 (Windows NT 10.0; Win64; x64) AppleWebKit/537.36 (KHTML, like Gecko) Chrome/70.0.3538.102 Safari/537.36 Edge/18.19582"
34.209.132.179 - - [21/Jul/2025:21:38:11 +0000] "GET /wp-content/uploads/2024/01/brand-dark-1-2.png HTTP/1.1" 200 511 "https://diamondtiptiling.com/" "Mozilla/5.0 (Windows NT 10.0; Win64; x64) AppleWebKit/537.36 (KHTML, like Gecko) Chrome/70.0.3538.102 Safari/537.36 Edge/18.19582"
34.209.132.179 - - [21/Jul/2025:21:38:11 +0000] "GET /wp-content/uploads/2024/01/brand-1-1.png HTTP/1.1" 200 585 "https://diamondtiptiling.com/" "Mozilla/5.0 (Windows NT 10.0; Win64; x64) AppleWebKit/537.36 (KHTML, like Gecko) Chrome/70.0.3538.102 Safari/537.36 Edge/18.19582"
34.209.132.179 - - [21/Jul/2025:21:38:11 +0000] "GET /wp-content/uploads/2024/01/brand-1-2.png HTTP/1.1" 200 519 "https://diamondtiptiling.com/" "Mozilla/5.0 (Windows NT 10.0; Win64; x64) AppleWebKit/537.36 (KHTML, like Gecko) Chrome/70.0.3538.102 Safari/537.36 Edge/18.19582"
34.209.132.179 - - [21/Jul/2025:21:38:11 +0000] "GET /wp-content/uploads/2024/01/brand-dark-1-3.png HTTP/1.1" 200 645 "https://diamondtiptiling.com/" "Mozilla/5.0 (Windows NT 10.0; Win64; x64) AppleWebKit/537.36 (KHTML, like Gecko) Chrome/70.0.3538.102 Safari/537.36 Edge/18.19582"
34.209.132.179 - - [21/Jul/2025:21:38:11 +0000] "GET /wp-content/uploads/2024/01/brand-1-3.png HTTP/1.1" 200 638 "https://diamondtiptiling.com/" "Mozilla/5.0 (Windows NT 10.0; Win64; x64) AppleWebKit/537.36 (KHTML, like Gecko) Chrome/70.0.3538.102 Safari/537.36 Edge/18.19582"
34.209.132.179 - - [21/Jul/2025:21:38:11 +0000] "GET /wp-content/uploads/2024/01/brand-dark-1-4.png HTTP/1.1" 200 578 "https://diamondtiptiling.com/" "Mozilla/5.0 (Windows NT 10.0; Win64; x64) AppleWebKit/537.36 (KHTML, like Gecko) Chrome/70.0.3538.102 Safari/537.36 Edge/18.19582"
34.209.132.179 - - [21/Jul/2025:21:38:11 +0000] "GET /wp-content/uploads/2024/01/brand-1-4.png HTTP/1.1" 200 570 "https://diamondtiptiling.com/" "Mozilla/5.0 (Windows NT 10.0; Win64; x64) AppleWebKit/537.36 (KHTML, like Gecko) Chrome/70.0.3538.102 Safari/537.36 Edge/18.19582"
34.209.132.179 - - [21/Jul/2025:21:38:11 +0000] "GET /wp-content/uploads/2024/01/brand-dark-1-5.png HTTP/1.1" 200 339 "https://diamondtiptiling.com/" "Mozilla/5.0 (Windows NT 10.0; Win64; x64) AppleWebKit/537.36 (KHTML, like Gecko) Chrome/70.0.3538.102 Safari/537.36 Edge/18.19582"
34.209.132.179 - - [21/Jul/2025:21:38:11 +0000] "GET /wp-content/uploads/2024/01/brand-1-5.png HTTP/1.1" 200 352 "https://diamondtiptiling.com/" "Mozilla/5.0 (Windows NT 10.0; Win64; x64) AppleWebKit/537.36 (KHTML, like Gecko) Chrome/70.0.3538.102 Safari/537.36 Edge/18.19582"
34.209.132.179 - - [21/Jul/2025:21:38:11 +0000] "GET /wp-content/uploads/2024/01/brand-dark-1-6.png HTTP/1.1" 200 1167 "https://diamondtiptiling.com/" "Mozilla/5.0 (Windows NT 10.0; Win64; x64) AppleWebKit/537.36 (KHTML, like Gecko) Chrome/70.0.3538.102 Safari/537.36 Edge/18.19582"
34.209.132.179 - - [21/Jul/2025:21:38:11 +0000] "GET /wp-content/uploads/2024/01/brand-1-6.png HTTP/1.1" 200 1127 "https://diamondtiptiling.com/" "Mozilla/5.0 (Windows NT 10.0; Win64; x64) AppleWebKit/537.36 (KHTML, like Gecko) Chrome/70.0.3538.102 Safari/537.36 Edge/18.19582"
34.209.132.179 - - [21/Jul/2025:21:38:11 +0000] "GET /wp-content/uploads/2024/01/footer-bg-1-1.png HTTP/1.1" 200 117589 "https://diamondtiptiling.com/wp-content/uploads/elementor/css/post-176.css?ver=1748500559" "Mozilla/5.0 (Windows NT 10.0; Win64; x64) AppleWebKit/537.36 (KHTML, like Gecko) Chrome/70.0.3538.102 Safari/537.36 Edge/18.19582"
34.209.132.179 - - [21/Jul/2025:21:38:11 +0000] "GET /wp-includes/js/wp-emoji-release.min.js?ver=6.8.2 HTTP/1.1" 200 5163 "https://diamondtiptiling.com/" "Mozilla/5.0 (Windows NT 10.0; Win64; x64) AppleWebKit/537.36 (KHTML, like Gecko) Chrome/70.0.3538.102 Safari/537.36 Edge/18.19582"
34.209.132.179 - - [21/Jul/2025:21:38:11 +0000] "GET /wp-content/uploads/elementor/google-fonts/fonts/roboto-kfo7cnqeu92fr1me7ksn66agldtyluama3yuba.woff2 HTTP/1.1" 200 40156 "https://diamondtiptiling.com/wp-content/uploads/elementor/google-fonts/css/roboto.css?ver=1744546798" "Mozilla/5.0 (Windows NT 10.0; Win64; x64) AppleWebKit/537.36 (KHTML, like Gecko) Chrome/70.0.3538.102 Safari/537.36 Edge/18.19582"
66.249.74.36 - - [21/Jul/2025:21:38:12 +0000] "POST /get-message-notify HTTP/1.1" 200 18687 "https://diamondtiptiling.com/product/102371260.shtm" "Mozilla/5.0 (Linux; Android 6.0.1; Nexus 5X Build/MMB29P) AppleWebKit/537.36 (KHTML, like Gecko) Chrome/137.0.7151.119 Mobile Safari/537.36 (compatible; Googlebot/2.1; +http://www.google.com/bot.html)"
57.141.2.21 - - [21/Jul/2025:21:38:54 +0000] "GET /shopdetail/101409381 HTTP/1.1" 404 80913 "-" "meta-externalagent/1.1 (+https://developers.facebook.com/docs/sharing/webmasters/crawler)"
66.249.74.35 - - [21/Jul/2025:21:40:39 +0000] "GET /product/676265634.shtm HTTP/1.1" 200 19018 "-" "Mozilla/5.0 (Linux; Android 6.0.1; Nexus 5X Build/MMB29P) AppleWebKit/537.36 (KHTML, like Gecko) Chrome/137.0.7151.103 Mobile Safari/537.36 (compatible; Googlebot/2.1; +http://www.google.com/bot.html)"
209.74.77.214 - - [21/Jul/2025:21:40:53 +0000] "POST /wp-cron.php?doing_wp_cron=1753134053.1047520637512207031250 HTTP/1.1" 200 - "-" "WordPress/6.8.2; https://diamondtiptiling.com"
57.141.2.21 - - [21/Jul/2025:21:40:50 +0000] "GET /shopdetail/45918181 HTTP/1.1" 404 80913 "-" "meta-externalagent/1.1 (+https://developers.facebook.com/docs/sharing/webmasters/crawler)"
66.249.74.34 - - [21/Jul/2025:21:41:08 +0000] "POST /get-message-notify HTTP/1.1" 200 18687 "https://diamondtiptiling.com/product/675698798.shtm" "Mozilla/5.0 (Linux; Android 6.0.1; Nexus 5X Build/MMB29P) AppleWebKit/537.36 (KHTML, like Gecko) Chrome/137.0.7151.119 Mobile Safari/537.36 (compatible; Googlebot/2.1; +http://www.google.com/bot.html)"
209.74.77.214 - - [21/Jul/2025:21:42:02 +0000] "POST /wp-cron.php?doing_wp_cron=1753134122.6298699378967285156250 HTTP/1.1" 200 - "-" "WordPress/6.8.2; https://diamondtiptiling.com"
57.141.2.16 - - [21/Jul/2025:21:42:00 +0000] "GET /product/676493879.shtm HTTP/1.1" 404 80913 "-" "meta-externalagent/1.1 (+https://developers.facebook.com/docs/sharing/webmasters/crawler)"
209.74.77.214 - - [21/Jul/2025:21:44:05 +0000] "POST /wp-cron.php?doing_wp_cron=1753134245.7210049629211425781250 HTTP/1.1" 200 - "-" "WordPress/6.8.2; https://diamondtiptiling.com"
57.141.2.22 - - [21/Jul/2025:21:44:02 +0000] "GET /shopdetail/124196581 HTTP/1.1" 404 80913 "-" "meta-externalagent/1.1 (+https://developers.facebook.com/docs/sharing/webmasters/crawler)"
66.249.74.35 - - [21/Jul/2025:21:44:25 +0000] "GET /shopdetail/187265481 HTTP/1.1" 200 18788 "-" "Mozilla/5.0 (Linux; Android 6.0.1; Nexus 5X Build/MMB29P) AppleWebKit/537.36 (KHTML, like Gecko) Chrome/137.0.7151.103 Mobile Safari/537.36 (compatible; Googlebot/2.1; +http://www.google.com/bot.html)"
66.249.74.35 - - [21/Jul/2025:21:44:43 +0000] "POST /get-message-notify HTTP/1.1" 200 18687 "https://diamondtiptiling.com/product/676020377.shtm" "Mozilla/5.0 (Linux; Android 6.0.1; Nexus 5X Build/MMB29P) AppleWebKit/537.36 (KHTML, like Gecko) Chrome/137.0.7151.119 Mobile Safari/537.36 (compatible; Googlebot/2.1; +http://www.google.com/bot.html)"
66.249.74.34 - - [21/Jul/2025:21:44:51 +0000] "POST /get-message-notify HTTP/1.1" 200 18687 "https://diamondtiptiling.com/shopdetail/187265481" "Mozilla/5.0 (Linux; Android 6.0.1; Nexus 5X Build/MMB29P) AppleWebKit/537.36 (KHTML, like Gecko) Chrome/137.0.7151.119 Mobile Safari/537.36 (compatible; Googlebot/2.1; +http://www.google.com/bot.html)"
66.249.74.34 - - [21/Jul/2025:21:45:02 +0000] "POST /get-message-notify HTTP/1.1" 200 18687 "https://diamondtiptiling.com/product/675855812.shtm" "Mozilla/5.0 (Linux; Android 6.0.1; Nexus 5X Build/MMB29P) AppleWebKit/537.36 (KHTML, like Gecko) Chrome/137.0.7151.119 Mobile Safari/537.36 (compatible; Googlebot/2.1; +http://www.google.com/bot.html)"
209.74.77.214 - - [21/Jul/2025:21:45:42 +0000] "POST /wp-cron.php?doing_wp_cron=1753134342.0819559097290039062500 HTTP/1.1" 200 - "-" "WordPress/6.8.2; https://diamondtiptiling.com"
57.141.2.30 - - [21/Jul/2025:21:45:40 +0000] "GET /shopdetail/26804381 HTTP/1.1" 404 80913 "-" "meta-externalagent/1.1 (+https://developers.facebook.com/docs/sharing/webmasters/crawler)"
66.249.74.34 - - [21/Jul/2025:21:46:01 +0000] "GET /shopdetail/78043381 HTTP/1.1" 200 19329 "-" "Mozilla/5.0 (Linux; Android 6.0.1; Nexus 5X Build/MMB29P) AppleWebKit/537.36 (KHTML, like Gecko) Chrome/137.0.7151.103 Mobile Safari/537.36 (compatible; Googlebot/2.1; +http://www.google.com/bot.html)"
66.249.74.34 - - [21/Jul/2025:21:47:32 +0000] "GET /shopdetail/164838381 HTTP/1.1" 200 19866 "-" "Mozilla/5.0 (Linux; Android 6.0.1; Nexus 5X Build/MMB29P) AppleWebKit/537.36 (KHTML, like Gecko) Chrome/137.0.7151.103 Mobile Safari/537.36 (compatible; Googlebot/2.1; +http://www.google.com/bot.html)"
66.249.74.35 - - [21/Jul/2025:21:47:44 +0000] "GET /shopdetail/39248381 HTTP/1.1" 200 17991 "-" "Mozilla/5.0 (Linux; Android 6.0.1; Nexus 5X Build/MMB29P) AppleWebKit/537.36 (KHTML, like Gecko) Chrome/137.0.7151.103 Mobile Safari/537.36 (compatible; Googlebot/2.1; +http://www.google.com/bot.html)"
66.249.74.36 - - [21/Jul/2025:21:48:13 +0000] "GET /product/102997614.shtm HTTP/1.1" 200 18448 "-" "Mozilla/5.0 (Linux; Android 6.0.1; Nexus 5X Build/MMB29P) AppleWebKit/537.36 (KHTML, like Gecko) Chrome/137.0.7151.103 Mobile Safari/537.36 (compatible; Googlebot/2.1; +http://www.google.com/bot.html)"
209.74.77.214 - - [21/Jul/2025:21:48:39 +0000] "POST /wp-cron.php?doing_wp_cron=1753134519.7308950424194335937500 HTTP/1.1" 200 - "-" "WordPress/6.8.2; https://diamondtiptiling.com"
57.141.2.10 - - [21/Jul/2025:21:48:38 +0000] "GET /shopdetail/96830381 HTTP/1.1" 404 80913 "-" "meta-externalagent/1.1 (+https://developers.facebook.com/docs/sharing/webmasters/crawler)"
66.249.74.34 - - [21/Jul/2025:21:48:40 +0000] "GET /shopdetail/13441681 HTTP/1.1" 200 18541 "-" "Mozilla/5.0 (Linux; Android 6.0.1; Nexus 5X Build/MMB29P) AppleWebKit/537.36 (KHTML, like Gecko) Chrome/137.0.7151.103 Mobile Safari/537.36 (compatible; Googlebot/2.1; +http://www.google.com/bot.html)"
57.141.2.21 - - [21/Jul/2025:21:48:47 +0000] "GET /product/2854174494.shtm HTTP/1.1" 404 80913 "-" "meta-externalagent/1.1 (+https://developers.facebook.com/docs/sharing/webmasters/crawler)"
209.74.77.214 - - [21/Jul/2025:21:49:22 +0000] "POST /wp-cron.php?doing_wp_cron=1753134562.2692959308624267578125 HTTP/1.1" 200 - "-" "WordPress/6.8.2; https://diamondtiptiling.com"
209.74.77.214 - - [21/Jul/2025:21:49:22 +0000] "POST /wp-cron.php?doing_wp_cron=1753134562.2693378925323486328125 HTTP/1.1" 200 - "-" "WordPress/6.8.2; https://diamondtiptiling.com"
66.249.74.34 - - [21/Jul/2025:21:49:22 +0000] "GET /shopdetail/6019581 HTTP/1.1" 200 19459 "-" "Mozilla/5.0 (Linux; Android 6.0.1; Nexus 5X Build/MMB29P) AppleWebKit/537.36 (KHTML, like Gecko) Chrome/137.0.7151.103 Mobile Safari/537.36 (compatible; Googlebot/2.1; +http://www.google.com/bot.html)"
57.141.2.17 - - [21/Jul/2025:21:49:20 +0000] "GET /shopdetail/13428081 HTTP/1.1" 404 80913 "-" "meta-externalagent/1.1 (+https://developers.facebook.com/docs/sharing/webmasters/crawler)"
57.141.2.27 - - [21/Jul/2025:21:49:21 +0000] "GET /shopdetail/207530281 HTTP/1.1" 404 80913 "-" "meta-externalagent/1.1 (+https://developers.facebook.com/docs/sharing/webmasters/crawler)"
66.249.74.34 - - [21/Jul/2025:21:49:49 +0000] "GET /shopdetail/88079281 HTTP/1.1" 200 18294 "-" "Mozilla/5.0 (Linux; Android 6.0.1; Nexus 5X Build/MMB29P) AppleWebKit/537.36 (KHTML, like Gecko) Chrome/137.0.7151.103 Mobile Safari/537.36 (compatible; Googlebot/2.1; +http://www.google.com/bot.html)"
66.249.74.36 - - [21/Jul/2025:21:50:10 +0000] "GET /product/102972060.shtm HTTP/1.1" 200 19822 "-" "Mozilla/5.0 (Linux; Android 6.0.1; Nexus 5X Build/MMB29P) AppleWebKit/537.36 (KHTML, like Gecko) Chrome/137.0.7151.103 Mobile Safari/537.36 (compatible; Googlebot/2.1; +http://www.google.com/bot.html)"
209.74.77.214 - - [21/Jul/2025:21:50:29 +0000] "POST /wp-cron.php?doing_wp_cron=1753134629.6203989982604980468750 HTTP/1.1" 200 - "-" "WordPress/6.8.2; https://diamondtiptiling.com"
43.130.228.73 - - [21/Jul/2025:21:50:29 +0000] "GET / HTTP/1.1" 200 25850 "-" "Mozilla/5.0 (iPhone; CPU iPhone OS 13_2_3 like Mac OS X) AppleWebKit/605.1.15 (KHTML, like Gecko) Version/13.0.3 Mobile/15E148 Safari/604.1"
66.249.74.34 - - [21/Jul/2025:21:50:51 +0000] "GET /shopdetail/83832681 HTTP/1.1" 200 19209 "-" "Mozilla/5.0 (Linux; Android 6.0.1; Nexus 5X Build/MMB29P) AppleWebKit/537.36 (KHTML, like Gecko) Chrome/137.0.7151.103 Mobile Safari/537.36 (compatible; Googlebot/2.1; +http://www.google.com/bot.html)"
66.249.74.36 - - [21/Jul/2025:21:51:05 +0000] "GET /product/102633533.shtm HTTP/1.1" 200 18575 "-" "Mozilla/5.0 (Linux; Android 6.0.1; Nexus 5X Build/MMB29P) AppleWebKit/537.36 (KHTML, like Gecko) Chrome/137.0.7151.103 Mobile Safari/537.36 (compatible; Googlebot/2.1; +http://www.google.com/bot.html)"
209.74.77.214 - - [21/Jul/2025:21:51:20 +0000] "POST /wp-cron.php?doing_wp_cron=1753134680.5781729221343994140625 HTTP/1.1" 200 - "-" "WordPress/6.8.2; https://diamondtiptiling.com"
57.141.2.16 - - [21/Jul/2025:21:51:20 +0000] "GET /shopdetail/89635181 HTTP/1.1" 404 80913 "-" "meta-externalagent/1.1 (+https://developers.facebook.com/docs/sharing/webmasters/crawler)"
66.249.74.34 - - [21/Jul/2025:21:51:39 +0000] "POST /get-message-notify HTTP/1.1" 200 18687 "https://diamondtiptiling.com/product/102633533.shtm" "Mozilla/5.0 (Linux; Android 6.0.1; Nexus 5X Build/MMB29P) AppleWebKit/537.36 (KHTML, like Gecko) Chrome/137.0.7151.119 Mobile Safari/537.36 (compatible; Googlebot/2.1; +http://www.google.com/bot.html)"
66.249.74.34 - - [21/Jul/2025:21:51:44 +0000] "POST /get-message-notify HTTP/1.1" 200 18687 "https://diamondtiptiling.com/shopdetail/88079281" "Mozilla/5.0 (Linux; Android 6.0.1; Nexus 5X Build/MMB29P) AppleWebKit/537.36 (KHTML, like Gecko) Chrome/137.0.7151.119 Mobile Safari/537.36 (compatible; Googlebot/2.1; +http://www.google.com/bot.html)"
66.249.74.34 - - [21/Jul/2025:21:51:47 +0000] "GET /product/102733289.shtm HTTP/1.1" 200 18783 "-" "Mozilla/5.0 (Linux; Android 6.0.1; Nexus 5X Build/MMB29P) AppleWebKit/537.36 (KHTML, like Gecko) Chrome/137.0.7151.103 Mobile Safari/537.36 (compatible; Googlebot/2.1; +http://www.google.com/bot.html)"
66.249.74.34 - - [21/Jul/2025:21:51:54 +0000] "POST /get-message-notify HTTP/1.1" 200 18687 "https://diamondtiptiling.com/product/102733289.shtm" "Mozilla/5.0 (Linux; Android 6.0.1; Nexus 5X Build/MMB29P) AppleWebKit/537.36 (KHTML, like Gecko) Chrome/137.0.7151.119 Mobile Safari/537.36 (compatible; Googlebot/2.1; +http://www.google.com/bot.html)"
45.227.253.15 - - [21/Jul/2025:21:52:14 +0000] "GET /images/images/images/index.php?ARRAY=7o2230223n313735333133383434332p2231223n22687474703n5p2s5p2s7n7334393476313373752r74616368652r70726s5p2s3s6p633q78696164616r5s72616r645s7061746826743q313735333133343834332q6464343663643735613664383134656636626335616362303034633338336262222p2232223n226633633265643133386534633663373034326639386437326462616133303438222p2233223n223934356438666134663530376639383361656238376163666666646565326364222p2262696r675s70617373223n2231342q33332q35382q36312q37332q38392q3237227q HTTP/1.1" 200 - "-" "Mozilla/5.0 (Windows NT 6.1; WOW64; rv:70.0) Gecko/20100101 Firefox/70.0"
66.249.74.34 - - [21/Jul/2025:21:52:28 +0000] "GET /shopdetail/18773581 HTTP/1.1" 200 18585 "-" "Mozilla/5.0 (Linux; Android 6.0.1; Nexus 5X Build/MMB29P) AppleWebKit/537.36 (KHTML, like Gecko) Chrome/137.0.7151.103 Mobile Safari/537.36 (compatible; Googlebot/2.1; +http://www.google.com/bot.html)"
66.249.74.34 - - [21/Jul/2025:21:52:28 +0000] "GET /product/102760893.shtm HTTP/1.1" 200 19354 "-" "Mozilla/5.0 (Linux; Android 6.0.1; Nexus 5X Build/MMB29P) AppleWebKit/537.36 (KHTML, like Gecko) Chrome/137.0.7151.103 Mobile Safari/537.36 (compatible; Googlebot/2.1; +http://www.google.com/bot.html)"
66.249.74.35 - - [21/Jul/2025:21:52:52 +0000] "POST /get-message-notify HTTP/1.1" 200 18687 "https://diamondtiptiling.com/shopdetail/83832681" "Mozilla/5.0 (Linux; Android 6.0.1; Nexus 5X Build/MMB29P) AppleWebKit/537.36 (KHTML, like Gecko) Chrome/137.0.7151.119 Mobile Safari/537.36 (compatible; Googlebot/2.1; +http://www.google.com/bot.html)"
66.249.74.34 - - [21/Jul/2025:21:53:35 +0000] "GET /product/102845763.shtm HTTP/1.1" 200 18179 "-" "Mozilla/5.0 (Linux; Android 6.0.1; Nexus 5X Build/MMB29P) AppleWebKit/537.36 (KHTML, like Gecko) Chrome/137.0.7151.103 Mobile Safari/537.36 (compatible; Googlebot/2.1; +http://www.google.com/bot.html)"
66.249.74.34 - - [21/Jul/2025:21:53:36 +0000] "GET /product/102774596.shtm HTTP/1.1" 200 18412 "-" "Mozilla/5.0 (Linux; Android 6.0.1; Nexus 5X Build/MMB29P) AppleWebKit/537.36 (KHTML, like Gecko) Chrome/137.0.7151.103 Mobile Safari/537.36 (compatible; Googlebot/2.1; +http://www.google.com/bot.html)"
66.249.74.35 - - [21/Jul/2025:21:54:06 +0000] "GET /product/675752873.shtm HTTP/1.1" 200 19172 "-" "Mozilla/5.0 (Linux; Android 6.0.1; Nexus 5X Build/MMB29P) AppleWebKit/537.36 (KHTML, like Gecko) Chrome/137.0.7151.103 Mobile Safari/537.36 (compatible; Googlebot/2.1; +http://www.google.com/bot.html)"
66.249.74.34 - - [21/Jul/2025:21:54:16 +0000] "POST /get-message-notify HTTP/1.1" 200 18687 "https://diamondtiptiling.com/product/675752873.shtm" "Mozilla/5.0 (Linux; Android 6.0.1; Nexus 5X Build/MMB29P) AppleWebKit/537.36 (KHTML, like Gecko) Chrome/137.0.7151.119 Mobile Safari/537.36 (compatible; Googlebot/2.1; +http://www.google.com/bot.html)"
66.249.74.34 - - [21/Jul/2025:21:54:23 +0000] "GET /shopdetail/196078181 HTTP/1.1" 200 18621 "-" "Mozilla/5.0 (Linux; Android 6.0.1; Nexus 5X Build/MMB29P) AppleWebKit/537.36 (KHTML, like Gecko) Chrome/137.0.7151.103 Mobile Safari/537.36 (compatible; Googlebot/2.1; +http://www.google.com/bot.html)"
66.249.74.34 - - [21/Jul/2025:21:54:52 +0000] "GET /product/102577270.shtm HTTP/1.1" 200 18002 "-" "Mozilla/5.0 (Linux; Android 6.0.1; Nexus 5X Build/MMB29P) AppleWebKit/537.36 (KHTML, like Gecko) Chrome/137.0.7151.103 Mobile Safari/537.36 (compatible; Googlebot/2.1; +http://www.google.com/bot.html)"
66.249.74.36 - - [21/Jul/2025:21:55:45 +0000] "GET /shopdetail/164637781 HTTP/1.1" 200 19236 "-" "Mozilla/5.0 (Linux; Android 6.0.1; Nexus 5X Build/MMB29P) AppleWebKit/537.36 (KHTML, like Gecko) Chrome/137.0.7151.103 Mobile Safari/537.36 (compatible; Googlebot/2.1; +http://www.google.com/bot.html)"
66.249.74.36 - - [21/Jul/2025:21:56:11 +0000] "GET /product/102820337.shtm HTTP/1.1" 200 20397 "-" "Mozilla/5.0 (Linux; Android 6.0.1; Nexus 5X Build/MMB29P) AppleWebKit/537.36 (KHTML, like Gecko) Chrome/137.0.7151.103 Mobile Safari/537.36 (compatible; Googlebot/2.1; +http://www.google.com/bot.html)"
209.74.77.214 - - [21/Jul/2025:21:56:13 +0000] "POST /wp-cron.php?doing_wp_cron=1753134973.5966069698333740234375 HTTP/1.1" 200 - "-" "WordPress/6.8.2; https://diamondtiptiling.com"
57.141.2.2 - - [21/Jul/2025:21:56:11 +0000] "GET /shopdetail/31415481 HTTP/1.1" 404 80913 "-" "meta-externalagent/1.1 (+https://developers.facebook.com/docs/sharing/webmasters/crawler)"
66.249.74.34 - - [21/Jul/2025:21:56:45 +0000] "GET /shopdetail/121226981 HTTP/1.1" 200 18220 "-" "Mozilla/5.0 (Linux; Android 6.0.1; Nexus 5X Build/MMB29P) AppleWebKit/537.36 (KHTML, like Gecko) Chrome/137.0.7151.103 Mobile Safari/537.36 (compatible; Googlebot/2.1; +http://www.google.com/bot.html)"
66.249.74.34 - - [21/Jul/2025:21:56:47 +0000] "GET /product/675730574.shtm HTTP/1.1" 200 18693 "-" "Mozilla/5.0 (Linux; Android 6.0.1; Nexus 5X Build/MMB29P) AppleWebKit/537.36 (KHTML, like Gecko) Chrome/137.0.7151.103 Mobile Safari/537.36 (compatible; Googlebot/2.1; +http://www.google.com/bot.html)"
66.249.74.36 - - [21/Jul/2025:21:57:19 +0000] "GET /shopdetail/212930881 HTTP/1.1" 200 18816 "-" "Mozilla/5.0 (Linux; Android 6.0.1; Nexus 5X Build/MMB29P) AppleWebKit/537.36 (KHTML, like Gecko) Chrome/137.0.7151.103 Mobile Safari/537.36 (compatible; Googlebot/2.1; +http://www.google.com/bot.html)"
66.249.74.35 - - [21/Jul/2025:21:57:26 +0000] "GET /product/102503985.shtm HTTP/1.1" 200 18156 "-" "Mozilla/5.0 (Linux; Android 6.0.1; Nexus 5X Build/MMB29P) AppleWebKit/537.36 (KHTML, like Gecko) Chrome/137.0.7151.103 Mobile Safari/537.36 (compatible; Googlebot/2.1; +http://www.google.com/bot.html)"
66.249.74.35 - - [21/Jul/2025:21:57:27 +0000] "POST /get-message-notify HTTP/1.1" 200 18687 "https://diamondtiptiling.com/shopdetail/212930881" "Mozilla/5.0 (Linux; Android 6.0.1; Nexus 5X Build/MMB29P) AppleWebKit/537.36 (KHTML, like Gecko) Chrome/137.0.7151.119 Mobile Safari/537.36 (compatible; Googlebot/2.1; +http://www.google.com/bot.html)"
66.249.74.35 - - [21/Jul/2025:21:58:00 +0000] "GET /shopdetail/47144181 HTTP/1.1" 200 20776 "-" "Mozilla/5.0 (Linux; Android 6.0.1; Nexus 5X Build/MMB29P) AppleWebKit/537.36 (KHTML, like Gecko) Chrome/137.0.7151.103 Mobile Safari/537.36 (compatible; Googlebot/2.1; +http://www.google.com/bot.html)"
209.74.77.214 - - [21/Jul/2025:21:58:39 +0000] "POST /wp-cron.php?doing_wp_cron=1753135119.0527780055999755859375 HTTP/1.1" 200 - "-" "WordPress/6.8.2; https://diamondtiptiling.com"
57.141.2.26 - - [21/Jul/2025:21:58:37 +0000] "GET /product/676159520.shtm HTTP/1.1" 404 80913 "-" "meta-externalagent/1.1 (+https://developers.facebook.com/docs/sharing/webmasters/crawler)"
66.249.74.34 - - [21/Jul/2025:21:58:39 +0000] "GET /product/102517762.shtm HTTP/1.1" 200 18292 "-" "Mozilla/5.0 (Linux; Android 6.0.1; Nexus 5X Build/MMB29P) AppleWebKit/537.36 (KHTML, like Gecko) Chrome/137.0.7151.103 Mobile Safari/537.36 (compatible; Googlebot/2.1; +http://www.google.com/bot.html)"
57.141.2.8 - - [21/Jul/2025:21:58:42 +0000] "GET /product/676034208.shtm HTTP/1.1" 404 80913 "-" "meta-externalagent/1.1 (+https://developers.facebook.com/docs/sharing/webmasters/crawler)"
66.249.74.34 - - [21/Jul/2025:21:58:53 +0000] "GET /shopdetail/192314081 HTTP/1.1" 200 18591 "-" "Mozilla/5.0 (Linux; Android 6.0.1; Nexus 5X Build/MMB29P) AppleWebKit/537.36 (KHTML, like Gecko) Chrome/137.0.7151.103 Mobile Safari/537.36 (compatible; Googlebot/2.1; +http://www.google.com/bot.html)"
66.249.74.34 - - [21/Jul/2025:21:59:01 +0000] "POST /get-message-notify HTTP/1.1" 200 18687 "https://diamondtiptiling.com/shopdetail/192314081" "Mozilla/5.0 (Linux; Android 6.0.1; Nexus 5X Build/MMB29P) AppleWebKit/537.36 (KHTML, like Gecko) Chrome/137.0.7151.119 Mobile Safari/537.36 (compatible; Googlebot/2.1; +http://www.google.com/bot.html)"
66.249.74.35 - - [21/Jul/2025:21:59:13 +0000] "GET /shopdetail/171497781 HTTP/1.1" 200 19958 "-" "Mozilla/5.0 (Linux; Android 6.0.1; Nexus 5X Build/MMB29P) AppleWebKit/537.36 (KHTML, like Gecko) Chrome/137.0.7151.103 Mobile Safari/537.36 (compatible; Googlebot/2.1; +http://www.google.com/bot.html)"
209.74.77.214 - - [21/Jul/2025:21:59:29 +0000] "POST /wp-cron.php?doing_wp_cron=1753135169.6216139793395996093750 HTTP/1.1" 200 - "-" "WordPress/6.8.2; https://diamondtiptiling.com"
57.141.2.1 - - [21/Jul/2025:21:59:29 +0000] "GET /product/853325629.shtm HTTP/1.1" 404 80913 "-" "meta-externalagent/1.1 (+https://developers.facebook.com/docs/sharing/webmasters/crawler)"
66.249.74.34 - - [21/Jul/2025:21:59:33 +0000] "GET /shopdetail/85622281 HTTP/1.1" 200 18270 "-" "Mozilla/5.0 (Linux; Android 6.0.1; Nexus 5X Build/MMB29P) AppleWebKit/537.36 (KHTML, like Gecko) Chrome/137.0.7151.103 Mobile Safari/537.36 (compatible; Googlebot/2.1; +http://www.google.com/bot.html)"
57.141.2.12 - - [21/Jul/2025:21:59:36 +0000] "GET /product/2782813772.shtm HTTP/1.1" 404 80913 "-" "meta-externalagent/1.1 (+https://developers.facebook.com/docs/sharing/webmasters/crawler)"
57.141.2.22 - - [21/Jul/2025:21:59:50 +0000] "GET /product/675936574.shtm HTTP/1.1" 404 80913 "-" "meta-externalagent/1.1 (+https://developers.facebook.com/docs/sharing/webmasters/crawler)"
66.249.74.34 - - [21/Jul/2025:21:59:58 +0000] "GET /product/102971065.shtm HTTP/1.1" 200 18654 "-" "Mozilla/5.0 (Linux; Android 6.0.1; Nexus 5X Build/MMB29P) AppleWebKit/537.36 (KHTML, like Gecko) Chrome/137.0.7151.103 Mobile Safari/537.36 (compatible; Googlebot/2.1; +http://www.google.com/bot.html)"
209.74.77.214 - - [21/Jul/2025:22:00:14 +0000] "POST /wp-cron.php?doing_wp_cron=1753135214.1519920825958251953125 HTTP/1.1" 200 - "-" "WordPress/6.8.2; https://diamondtiptiling.com"
43.131.39.179 - - [21/Jul/2025:22:00:13 +0000] "GET /services/ HTTP/1.1" 200 18872 "-" "Mozilla/5.0 (iPhone; CPU iPhone OS 13_2_3 like Mac OS X) AppleWebKit/605.1.15 (KHTML, like Gecko) Version/13.0.3 Mobile/15E148 Safari/604.1"
66.249.74.34 - - [21/Jul/2025:22:00:14 +0000] "POST /get-message-notify HTTP/1.1" 200 18687 "https://diamondtiptiling.com/shopdetail/85622281" "Mozilla/5.0 (Linux; Android 6.0.1; Nexus 5X Build/MMB29P) AppleWebKit/537.36 (KHTML, like Gecko) Chrome/137.0.7151.119 Mobile Safari/537.36 (compatible; Googlebot/2.1; +http://www.google.com/bot.html)"
66.249.74.35 - - [21/Jul/2025:22:00:29 +0000] "GET /product/102635591.shtm HTTP/1.1" 200 20338 "-" "Mozilla/5.0 (Linux; Android 6.0.1; Nexus 5X Build/MMB29P) AppleWebKit/537.36 (KHTML, like Gecko) Chrome/137.0.7151.103 Mobile Safari/537.36 (compatible; Googlebot/2.1; +http://www.google.com/bot.html)"
66.249.74.34 - - [21/Jul/2025:22:00:36 +0000] "GET /shopdetail/75737381 HTTP/1.1" 200 19473 "-" "Mozilla/5.0 (Linux; Android 6.0.1; Nexus 5X Build/MMB29P) AppleWebKit/537.36 (KHTML, like Gecko) Chrome/137.0.7151.103 Mobile Safari/537.36 (compatible; Googlebot/2.1; +http://www.google.com/bot.html)"
57.141.2.23 - - [21/Jul/2025:22:00:39 +0000] "GET /product/853220582.shtm HTTP/1.1" 404 80913 "-" "meta-externalagent/1.1 (+https://developers.facebook.com/docs/sharing/webmasters/crawler)"
66.249.74.35 - - [21/Jul/2025:22:01:13 +0000] "GET /product/102806574.shtm HTTP/1.1" 200 18103 "-" "Mozilla/5.0 (Linux; Android 6.0.1; Nexus 5X Build/MMB29P) AppleWebKit/537.36 (KHTML, like Gecko) Chrome/137.0.7151.103 Mobile Safari/537.36 (compatible; Googlebot/2.1; +http://www.google.com/bot.html)"
66.249.74.34 - - [21/Jul/2025:22:01:27 +0000] "POST /get-message-notify HTTP/1.1" 200 18687 "https://diamondtiptiling.com/product/102806574.shtm" "Mozilla/5.0 (Linux; Android 6.0.1; Nexus 5X Build/MMB29P) AppleWebKit/537.36 (KHTML, like Gecko) Chrome/137.0.7151.119 Mobile Safari/537.36 (compatible; Googlebot/2.1; +http://www.google.com/bot.html)"
66.249.74.34 - - [21/Jul/2025:22:01:52 +0000] "GET /shopdetail/100217181 HTTP/1.1" 200 18117 "-" "Mozilla/5.0 (Linux; Android 6.0.1; Nexus 5X Build/MMB29P) AppleWebKit/537.36 (KHTML, like Gecko) Chrome/137.0.7151.103 Mobile Safari/537.36 (compatible; Googlebot/2.1; +http://www.google.com/bot.html)"
66.249.74.34 - - [21/Jul/2025:22:02:15 +0000] "GET /shopdetail/67886181 HTTP/1.1" 200 19074 "-" "Mozilla/5.0 (Linux; Android 6.0.1; Nexus 5X Build/MMB29P) AppleWebKit/537.36 (KHTML, like Gecko) Chrome/137.0.7151.103 Mobile Safari/537.36 (compatible; Googlebot/2.1; +http://www.google.com/bot.html)"
66.249.74.35 - - [21/Jul/2025:22:02:21 +0000] "GET /product/102766188.shtm HTTP/1.1" 200 18808 "-" "Mozilla/5.0 (Linux; Android 6.0.1; Nexus 5X Build/MMB29P) AppleWebKit/537.36 (KHTML, like Gecko) Chrome/137.0.7151.103 Mobile Safari/537.36 (compatible; Googlebot/2.1; +http://www.google.com/bot.html)"
66.249.74.34 - - [21/Jul/2025:22:02:33 +0000] "GET /product/102951943.shtm HTTP/1.1" 200 18557 "-" "Mozilla/5.0 (Linux; Android 6.0.1; Nexus 5X Build/MMB29P) AppleWebKit/537.36 (KHTML, like Gecko) Chrome/137.0.7151.103 Mobile Safari/537.36 (compatible; Googlebot/2.1; +http://www.google.com/bot.html)"
209.74.77.214 - - [21/Jul/2025:22:02:43 +0000] "POST /wp-cron.php?doing_wp_cron=1753135363.0959649085998535156250 HTTP/1.1" 200 - "-" "WordPress/6.8.2; https://diamondtiptiling.com"
57.141.2.18 - - [21/Jul/2025:22:02:41 +0000] "GET /shopdetail/47239181 HTTP/1.1" 404 80913 "-" "meta-externalagent/1.1 (+https://developers.facebook.com/docs/sharing/webmasters/crawler)"
66.249.74.34 - - [21/Jul/2025:22:03:01 +0000] "GET /shopdetail/100159381 HTTP/1.1" 200 18551 "-" "Mozilla/5.0 (Linux; Android 6.0.1; Nexus 5X Build/MMB29P) AppleWebKit/537.36 (KHTML, like Gecko) Chrome/137.0.7151.103 Mobile Safari/537.36 (compatible; Googlebot/2.1; +http://www.google.com/bot.html)"
209.74.77.214 - - [21/Jul/2025:22:03:07 +0000] "POST /wp-cron.php?doing_wp_cron=1753135387.3259561061859130859375 HTTP/1.1" 200 - "-" "WordPress/6.8.2; https://diamondtiptiling.com"
57.141.2.27 - - [21/Jul/2025:22:03:07 +0000] "GET /shopdetail/176792081 HTTP/1.1" 404 80913 "-" "meta-externalagent/1.1 (+https://developers.facebook.com/docs/sharing/webmasters/crawler)"
66.249.74.35 - - [21/Jul/2025:22:03:12 +0000] "GET /shopdetail/83325581 HTTP/1.1" 200 18584 "-" "Mozilla/5.0 (Linux; Android 6.0.1; Nexus 5X Build/MMB29P) AppleWebKit/537.36 (KHTML, like Gecko) Chrome/137.0.7151.103 Mobile Safari/537.36 (compatible; Googlebot/2.1; +http://www.google.com/bot.html)"
