66.249.74.34 - - [21/Jul/2025:21:24:39 +0000] "GET /product/675749632.shtm HTTP/1.1" 200 18956 "-" "Mozilla/5.0 (Linux; Android 6.0.1; Nexus 5X Build/MMB29P) AppleWebKit/537.36 (KHTML, like Gecko) Chrome/137.0.7151.103 Mobile Safari/537.36 (compatible; Googlebot/2.1; +http://www.google.com/bot.html)"
66.249.74.34 - - [21/Jul/2025:21:24:39 +0000] "GET /product/676201954.shtm HTTP/1.1" 200 19240 "-" "Mozilla/5.0 (Linux; Android 6.0.1; Nexus 5X Build/MMB29P) AppleWebKit/537.36 (KHTML, like Gecko) Chrome/137.0.7151.103 Mobile Safari/537.36 (compatible; Googlebot/2.1; +http://www.google.com/bot.html)"
66.249.74.36 - - [21/Jul/2025:21:24:40 +0000] "GET /product/676363278.shtm HTTP/1.1" 200 19055 "-" "Mozilla/5.0 (Linux; Android 6.0.1; Nexus 5X Build/MMB29P) AppleWebKit/537.36 (KHTML, like Gecko) Chrome/137.0.7151.103 Mobile Safari/537.36 (compatible; Googlebot/2.1; +http://www.google.com/bot.html)"
66.249.74.35 - - [21/Jul/2025:21:24:41 +0000] "GET /product/676233730.shtm HTTP/1.1" 200 19361 "-" "Mozilla/5.0 (Linux; Android 6.0.1; Nexus 5X Build/MMB29P) AppleWebKit/537.36 (KHTML, like Gecko) Chrome/137.0.7151.103 Mobile Safari/537.36 (compatible; Googlebot/2.1; +http://www.google.com/bot.html)"
66.249.74.36 - - [21/Jul/2025:21:24:43 +0000] "GET /product/676477994.shtm HTTP/1.1" 200 19187 "-" "Mozilla/5.0 (Linux; Android 6.0.1; Nexus 5X Build/MMB29P) AppleWebKit/537.36 (KHTML, like Gecko) Chrome/137.0.7151.103 Mobile Safari/537.36 (compatible; Googlebot/2.1; +http://www.google.com/bot.html)"
66.249.74.36 - - [21/Jul/2025:21:24:43 +0000] "POST /get-message-notify HTTP/1.1" 200 18687 "https://diamondtiptiling.com/product/676116956.shtm" "Mozilla/5.0 (Linux; Android 6.0.1; Nexus 5X Build/MMB29P) AppleWebKit/537.36 (KHTML, like Gecko) Chrome/137.0.7151.119 Mobile Safari/537.36 (compatible; Googlebot/2.1; +http://www.google.com/bot.html)"
66.249.74.35 - - [21/Jul/2025:21:24:43 +0000] "GET /product/676341029.shtm HTTP/1.1" 200 21502 "-" "Mozilla/5.0 (Linux; Android 6.0.1; Nexus 5X Build/MMB29P) AppleWebKit/537.36 (KHTML, like Gecko) Chrome/137.0.7151.103 Mobile Safari/537.36 (compatible; Googlebot/2.1; +http://www.google.com/bot.html)"
66.249.74.34 - - [21/Jul/2025:21:24:44 +0000] "GET /product/676264575.shtm HTTP/1.1" 200 22787 "-" "Mozilla/5.0 (Linux; Android 6.0.1; Nexus 5X Build/MMB29P) AppleWebKit/537.36 (KHTML, like Gecko) Chrome/137.0.7151.103 Mobile Safari/537.36 (compatible; Googlebot/2.1; +http://www.google.com/bot.html)"
66.249.74.35 - - [21/Jul/2025:21:24:44 +0000] "POST /get-message-notify HTTP/1.1" 200 18687 "https://diamondtiptiling.com/product/675742223.shtm" "Mozilla/5.0 (Linux; Android 6.0.1; Nexus 5X Build/MMB29P) AppleWebKit/537.36 (KHTML, like Gecko) Chrome/137.0.7151.119 Mobile Safari/537.36 (compatible; Googlebot/2.1; +http://www.google.com/bot.html)"
66.249.74.37 - - [21/Jul/2025:21:24:45 +0000] "GET /product/675755061.shtm HTTP/1.1" 200 18345 "-" "Mozilla/5.0 (Linux; Android 6.0.1; Nexus 5X Build/MMB29P) AppleWebKit/537.36 (KHTML, like Gecko) Chrome/137.0.7151.103 Mobile Safari/537.36 (compatible; Googlebot/2.1; +http://www.google.com/bot.html)"
66.249.74.37 - - [21/Jul/2025:21:24:46 +0000] "POST /get-message-notify HTTP/1.1" 200 18687 "https://diamondtiptiling.com/product/676264575.shtm" "Mozilla/5.0 (Linux; Android 6.0.1; Nexus 5X Build/MMB29P) AppleWebKit/537.36 (KHTML, like Gecko) Chrome/137.0.7151.119 Mobile Safari/537.36 (compatible; Googlebot/2.1; +http://www.google.com/bot.html)"
66.249.66.70 - - [21/Jul/2025:21:24:46 +0000] "GET /product/676397296.shtm HTTP/1.1" 200 20464 "-" "Mozilla/5.0 (Linux; Android 6.0.1; Nexus 5X Build/MMB29P) AppleWebKit/537.36 (KHTML, like Gecko) Chrome/137.0.7151.103 Mobile Safari/537.36 (compatible; Googlebot/2.1; +http://www.google.com/bot.html)"
66.249.74.37 - - [21/Jul/2025:21:24:47 +0000] "GET /product/675855812.shtm HTTP/1.1" 200 19173 "-" "Mozilla/5.0 (Linux; Android 6.0.1; Nexus 5X Build/MMB29P) AppleWebKit/537.36 (KHTML, like Gecko) Chrome/137.0.7151.103 Mobile Safari/537.36 (compatible; Googlebot/2.1; +http://www.google.com/bot.html)"
66.249.74.35 - - [21/Jul/2025:21:24:48 +0000] "GET /product/675955632.shtm HTTP/1.1" 200 18484 "-" "Mozilla/5.0 (Linux; Android 6.0.1; Nexus 5X Build/MMB29P) AppleWebKit/537.36 (KHTML, like Gecko) Chrome/137.0.7151.103 Mobile Safari/537.36 (compatible; Googlebot/2.1; +http://www.google.com/bot.html)"
66.249.74.34 - - [21/Jul/2025:21:24:49 +0000] "GET /product/676110606.shtm HTTP/1.1" 200 19210 "-" "Mozilla/5.0 (Linux; Android 6.0.1; Nexus 5X Build/MMB29P) AppleWebKit/537.36 (KHTML, like Gecko) Chrome/137.0.7151.103 Mobile Safari/537.36 (compatible; Googlebot/2.1; +http://www.google.com/bot.html)"
66.249.74.35 - - [21/Jul/2025:21:24:50 +0000] "GET /product/676527769.shtm HTTP/1.1" 200 19149 "-" "Mozilla/5.0 (Linux; Android 6.0.1; Nexus 5X Build/MMB29P) AppleWebKit/537.36 (KHTML, like Gecko) Chrome/137.0.7151.103 Mobile Safari/537.36 (compatible; Googlebot/2.1; +http://www.google.com/bot.html)"
57.141.2.6 - - [21/Jul/2025:21:24:51 +0000] "GET /shopdetail/62961581 HTTP/1.1" 404 80913 "-" "meta-externalagent/1.1 (+https://developers.facebook.com/docs/sharing/webmasters/crawler)"
66.249.74.36 - - [21/Jul/2025:21:24:52 +0000] "GET /product/676482230.shtm HTTP/1.1" 200 19078 "-" "Mozilla/5.0 (Linux; Android 6.0.1; Nexus 5X Build/MMB29P) AppleWebKit/537.36 (KHTML, like Gecko) Chrome/137.0.7151.103 Mobile Safari/537.36 (compatible; Googlebot/2.1; +http://www.google.com/bot.html)"
66.249.74.37 - - [21/Jul/2025:21:24:53 +0000] "GET /product/676172164.shtm HTTP/1.1" 200 20310 "-" "Mozilla/5.0 (Linux; Android 6.0.1; Nexus 5X Build/MMB29P) AppleWebKit/537.36 (KHTML, like Gecko) Chrome/137.0.7151.103 Mobile Safari/537.36 (compatible; Googlebot/2.1; +http://www.google.com/bot.html)"
66.249.74.34 - - [21/Jul/2025:21:24:54 +0000] "GET /product/675861175.shtm HTTP/1.1" 200 20662 "-" "Mozilla/5.0 (Linux; Android 6.0.1; Nexus 5X Build/MMB29P) AppleWebKit/537.36 (KHTML, like Gecko) Chrome/137.0.7151.103 Mobile Safari/537.36 (compatible; Googlebot/2.1; +http://www.google.com/bot.html)"
66.249.74.34 - - [21/Jul/2025:21:24:55 +0000] "GET /product/676448138.shtm HTTP/1.1" 200 19121 "-" "Mozilla/5.0 (Linux; Android 6.0.1; Nexus 5X Build/MMB29P) AppleWebKit/537.36 (KHTML, like Gecko) Chrome/137.0.7151.103 Mobile Safari/537.36 (compatible; Googlebot/2.1; +http://www.google.com/bot.html)"
66.249.74.37 - - [21/Jul/2025:21:24:56 +0000] "GET /product/676258217.shtm HTTP/1.1" 200 20449 "-" "Mozilla/5.0 (Linux; Android 6.0.1; Nexus 5X Build/MMB29P) AppleWebKit/537.36 (KHTML, like Gecko) Chrome/137.0.7151.103 Mobile Safari/537.36 (compatible; Googlebot/2.1; +http://www.google.com/bot.html)"
66.249.74.34 - - [21/Jul/2025:21:24:56 +0000] "GET /product/676304887.shtm HTTP/1.1" 200 19109 "-" "Mozilla/5.0 (Linux; Android 6.0.1; Nexus 5X Build/MMB29P) AppleWebKit/537.36 (KHTML, like Gecko) Chrome/137.0.7151.103 Mobile Safari/537.36 (compatible; Googlebot/2.1; +http://www.google.com/bot.html)"
66.249.74.37 - - [21/Jul/2025:21:24:58 +0000] "GET /product/676457739.shtm HTTP/1.1" 200 19303 "-" "Mozilla/5.0 (Linux; Android 6.0.1; Nexus 5X Build/MMB29P) AppleWebKit/537.36 (KHTML, like Gecko) Chrome/137.0.7151.103 Mobile Safari/537.36 (compatible; Googlebot/2.1; +http://www.google.com/bot.html)"
66.249.74.39 - - [21/Jul/2025:21:24:59 +0000] "GET /product/675727327.shtm HTTP/1.1" 200 18653 "-" "Mozilla/5.0 (Linux; Android 6.0.1; Nexus 5X Build/MMB29P) AppleWebKit/537.36 (KHTML, like Gecko) Chrome/137.0.7151.103 Mobile Safari/537.36 (compatible; Googlebot/2.1; +http://www.google.com/bot.html)"
66.249.74.34 - - [21/Jul/2025:21:25:01 +0000] "POST /get-message-notify HTTP/1.1" 200 18687 "https://diamondtiptiling.com/product/675963119.shtm" "Mozilla/5.0 (Linux; Android 6.0.1; Nexus 5X Build/MMB29P) AppleWebKit/537.36 (KHTML, like Gecko) Chrome/137.0.7151.119 Mobile Safari/537.36 (compatible; Googlebot/2.1; +http://www.google.com/bot.html)"
66.249.74.37 - - [21/Jul/2025:21:25:06 +0000] "POST /get-message-notify HTTP/1.1" 200 18687 "https://diamondtiptiling.com/product/676087238.shtm" "Mozilla/5.0 (Linux; Android 6.0.1; Nexus 5X Build/MMB29P) AppleWebKit/537.36 (KHTML, like Gecko) Chrome/137.0.7151.119 Mobile Safari/537.36 (compatible; Googlebot/2.1; +http://www.google.com/bot.html)"
66.249.74.38 - - [21/Jul/2025:21:25:07 +0000] "GET /shopdetail/162261681 HTTP/1.1" 200 19969 "-" "Mozilla/5.0 (Linux; Android 6.0.1; Nexus 5X Build/MMB29P) AppleWebKit/537.36 (KHTML, like Gecko) Chrome/137.0.7151.103 Mobile Safari/537.36 (compatible; Googlebot/2.1; +http://www.google.com/bot.html)"
66.249.74.37 - - [21/Jul/2025:21:25:12 +0000] "GET /product/676315483.shtm HTTP/1.1" 200 18734 "-" "Mozilla/5.0 (Linux; Android 6.0.1; Nexus 5X Build/MMB29P) AppleWebKit/537.36 (KHTML, like Gecko) Chrome/137.0.7151.103 Mobile Safari/537.36 (compatible; Googlebot/2.1; +http://www.google.com/bot.html)"
66.249.74.35 - - [21/Jul/2025:21:25:16 +0000] "GET /product/675926969.shtm HTTP/1.1" 200 19896 "-" "Mozilla/5.0 (Linux; Android 6.0.1; Nexus 5X Build/MMB29P) AppleWebKit/537.36 (KHTML, like Gecko) Chrome/137.0.7151.103 Mobile Safari/537.36 (compatible; Googlebot/2.1; +http://www.google.com/bot.html)"
66.249.74.36 - - [21/Jul/2025:21:25:17 +0000] "GET /product/675762478.shtm HTTP/1.1" 200 19604 "-" "Mozilla/5.0 (Linux; Android 6.0.1; Nexus 5X Build/MMB29P) AppleWebKit/537.36 (KHTML, like Gecko) Chrome/137.0.7151.103 Mobile Safari/537.36 (compatible; Googlebot/2.1; +http://www.google.com/bot.html)"
66.249.74.34 - - [21/Jul/2025:21:25:22 +0000] "POST /get-message-notify HTTP/1.1" 200 18687 "https://diamondtiptiling.com/product/676039443.shtm" "Mozilla/5.0 (Linux; Android 6.0.1; Nexus 5X Build/MMB29P) AppleWebKit/537.36 (KHTML, like Gecko) Chrome/137.0.7151.119 Mobile Safari/537.36 (compatible; Googlebot/2.1; +http://www.google.com/bot.html)"
66.249.74.34 - - [21/Jul/2025:21:25:34 +0000] "POST /get-message-notify HTTP/1.1" 200 18687 "https://diamondtiptiling.com/product/676347387.shtm" "Mozilla/5.0 (Linux; Android 6.0.1; Nexus 5X Build/MMB29P) AppleWebKit/537.36 (KHTML, like Gecko) Chrome/137.0.7151.119 Mobile Safari/537.36 (compatible; Googlebot/2.1; +http://www.google.com/bot.html)"
66.249.74.34 - - [21/Jul/2025:21:25:44 +0000] "GET /product/676509770.shtm HTTP/1.1" 200 24844 "-" "Mozilla/5.0 (Linux; Android 6.0.1; Nexus 5X Build/MMB29P) AppleWebKit/537.36 (KHTML, like Gecko) Chrome/137.0.7151.103 Mobile Safari/537.36 (compatible; Googlebot/2.1; +http://www.google.com/bot.html)"
66.249.74.34 - - [21/Jul/2025:21:25:49 +0000] "POST /get-message-notify HTTP/1.1" 200 18687 "https://diamondtiptiling.com/product/676509770.shtm" "Mozilla/5.0 (Linux; Android 6.0.1; Nexus 5X Build/MMB29P) AppleWebKit/537.36 (KHTML, like Gecko) Chrome/137.0.7151.119 Mobile Safari/537.36 (compatible; Googlebot/2.1; +http://www.google.com/bot.html)"
66.249.74.34 - - [21/Jul/2025:21:25:54 +0000] "GET /product/676560668.shtm HTTP/1.1" 200 19898 "-" "Mozilla/5.0 (Linux; Android 6.0.1; Nexus 5X Build/MMB29P) AppleWebKit/537.36 (KHTML, like Gecko) Chrome/137.0.7151.103 Mobile Safari/537.36 (compatible; Googlebot/2.1; +http://www.google.com/bot.html)"
66.249.74.36 - - [21/Jul/2025:21:26:14 +0000] "GET /product/676337852.shtm HTTP/1.1" 200 20471 "-" "Mozilla/5.0 (Linux; Android 6.0.1; Nexus 5X Build/MMB29P) AppleWebKit/537.36 (KHTML, like Gecko) Chrome/137.0.7151.103 Mobile Safari/537.36 (compatible; Googlebot/2.1; +http://www.google.com/bot.html)"
66.249.74.34 - - [21/Jul/2025:21:26:15 +0000] "GET /product/102320362.shtm HTTP/1.1" 200 18473 "-" "Mozilla/5.0 (Linux; Android 6.0.1; Nexus 5X Build/MMB29P) AppleWebKit/537.36 (KHTML, like Gecko) Chrome/137.0.7151.103 Mobile Safari/537.36 (compatible; Googlebot/2.1; +http://www.google.com/bot.html)"
66.249.74.35 - - [21/Jul/2025:21:26:16 +0000] "GET /product/676104312.shtm HTTP/1.1" 200 18652 "-" "Mozilla/5.0 (Linux; Android 6.0.1; Nexus 5X Build/MMB29P) AppleWebKit/537.36 (KHTML, like Gecko) Chrome/137.0.7151.103 Mobile Safari/537.36 (compatible; Googlebot/2.1; +http://www.google.com/bot.html)"
66.249.74.34 - - [21/Jul/2025:21:26:48 +0000] "GET /product/676094715.shtm HTTP/1.1" 200 19186 "-" "Mozilla/5.0 (Linux; Android 6.0.1; Nexus 5X Build/MMB29P) AppleWebKit/537.36 (KHTML, like Gecko) Chrome/137.0.7151.103 Mobile Safari/537.36 (compatible; Googlebot/2.1; +http://www.google.com/bot.html)"
66.249.74.34 - - [21/Jul/2025:21:27:09 +0000] "GET /product/102531525.shtm HTTP/1.1" 200 18673 "-" "Mozilla/5.0 (Linux; Android 6.0.1; Nexus 5X Build/MMB29P) AppleWebKit/537.36 (KHTML, like Gecko) Chrome/137.0.7151.103 Mobile Safari/537.36 (compatible; Googlebot/2.1; +http://www.google.com/bot.html)"
66.249.74.34 - - [21/Jul/2025:21:27:13 +0000] "GET /shopdetail/19298981 HTTP/1.1" 200 18429 "-" "Mozilla/5.0 (Linux; Android 6.0.1; Nexus 5X Build/MMB29P) AppleWebKit/537.36 (KHTML, like Gecko) Chrome/137.0.7151.103 Mobile Safari/537.36 (compatible; Googlebot/2.1; +http://www.google.com/bot.html)"
66.249.74.35 - - [21/Jul/2025:21:27:21 +0000] "POST /get-message-notify HTTP/1.1" 200 18687 "https://diamondtiptiling.com/product/102531525.shtm" "Mozilla/5.0 (Linux; Android 6.0.1; Nexus 5X Build/MMB29P) AppleWebKit/537.36 (KHTML, like Gecko) Chrome/137.0.7151.119 Mobile Safari/537.36 (compatible; Googlebot/2.1; +http://www.google.com/bot.html)"
66.249.74.34 - - [21/Jul/2025:21:27:31 +0000] "GET /product/676197654.shtm HTTP/1.1" 200 18891 "-" "Mozilla/5.0 (Linux; Android 6.0.1; Nexus 5X Build/MMB29P) AppleWebKit/537.36 (KHTML, like Gecko) Chrome/137.0.7151.103 Mobile Safari/537.36 (compatible; Googlebot/2.1; +http://www.google.com/bot.html)"
209.74.77.214 - - [21/Jul/2025:21:27:53 +0000] "POST /wp-cron.php?doing_wp_cron=1753133273.1776020526885986328125 HTTP/1.1" 200 - "-" "WordPress/6.8.2; https://diamondtiptiling.com"
57.141.2.22 - - [21/Jul/2025:21:27:52 +0000] "GET /shopdetail/155103681 HTTP/1.1" 404 80913 "-" "meta-externalagent/1.1 (+https://developers.facebook.com/docs/sharing/webmasters/crawler)"
66.249.74.35 - - [21/Jul/2025:21:28:27 +0000] "GET /product/676231672.shtm HTTP/1.1" 200 19951 "-" "Mozilla/5.0 (Linux; Android 6.0.1; Nexus 5X Build/MMB29P) AppleWebKit/537.36 (KHTML, like Gecko) Chrome/137.0.7151.103 Mobile Safari/537.36 (compatible; Googlebot/2.1; +http://www.google.com/bot.html)"
66.249.74.35 - - [21/Jul/2025:21:28:32 +0000] "GET /shopdetail/177134981 HTTP/1.1" 200 19710 "-" "Mozilla/5.0 (Linux; Android 6.0.1; Nexus 5X Build/MMB29P) AppleWebKit/537.36 (KHTML, like Gecko) Chrome/137.0.7151.103 Mobile Safari/537.36 (compatible; Googlebot/2.1; +http://www.google.com/bot.html)"
66.249.74.35 - - [21/Jul/2025:21:28:36 +0000] "GET /product/102288458.shtm HTTP/1.1" 200 19747 "-" "Mozilla/5.0 (Linux; Android 6.0.1; Nexus 5X Build/MMB29P) AppleWebKit/537.36 (KHTML, like Gecko) Chrome/137.0.7151.103 Mobile Safari/537.36 (compatible; Googlebot/2.1; +http://www.google.com/bot.html)"
209.74.77.214 - - [21/Jul/2025:21:28:41 +0000] "POST /wp-cron.php?doing_wp_cron=1753133321.5800468921661376953125 HTTP/1.1" 200 - "-" "WordPress/6.8.2; https://diamondtiptiling.com"
57.141.2.19 - - [21/Jul/2025:21:28:40 +0000] "GET /shopdetail/147401081 HTTP/1.1" 404 80913 "-" "meta-externalagent/1.1 (+https://developers.facebook.com/docs/sharing/webmasters/crawler)"
66.249.74.34 - - [21/Jul/2025:21:28:56 +0000] "GET /product/676469384.shtm HTTP/1.1" 200 20778 "-" "Mozilla/5.0 (Linux; Android 6.0.1; Nexus 5X Build/MMB29P) AppleWebKit/537.36 (KHTML, like Gecko) Chrome/137.0.7151.103 Mobile Safari/537.36 (compatible; Googlebot/2.1; +http://www.google.com/bot.html)"
66.249.74.35 - - [21/Jul/2025:21:29:33 +0000] "GET /shopdetail/47370181 HTTP/1.1" 200 18928 "-" "Mozilla/5.0 (Linux; Android 6.0.1; Nexus 5X Build/MMB29P) AppleWebKit/537.36 (KHTML, like Gecko) Chrome/137.0.7151.103 Mobile Safari/537.36 (compatible; Googlebot/2.1; +http://www.google.com/bot.html)"
66.249.74.36 - - [21/Jul/2025:21:30:22 +0000] "GET /product/102129248.shtm HTTP/1.1" 200 19276 "-" "Mozilla/5.0 (Linux; Android 6.0.1; Nexus 5X Build/MMB29P) AppleWebKit/537.36 (KHTML, like Gecko) Chrome/137.0.7151.103 Mobile Safari/537.36 (compatible; Googlebot/2.1; +http://www.google.com/bot.html)"
66.249.74.35 - - [21/Jul/2025:21:30:30 +0000] "GET /product/675952395.shtm HTTP/1.1" 200 19168 "-" "Mozilla/5.0 (Linux; Android 6.0.1; Nexus 5X Build/MMB29P) AppleWebKit/537.36 (KHTML, like Gecko) Chrome/137.0.7151.103 Mobile Safari/537.36 (compatible; Googlebot/2.1; +http://www.google.com/bot.html)"
66.249.74.34 - - [21/Jul/2025:21:30:34 +0000] "POST /get-message-notify HTTP/1.1" 200 18687 "https://diamondtiptiling.com/product/675952395.shtm" "Mozilla/5.0 (Linux; Android 6.0.1; Nexus 5X Build/MMB29P) AppleWebKit/537.36 (KHTML, like Gecko) Chrome/137.0.7151.119 Mobile Safari/537.36 (compatible; Googlebot/2.1; +http://www.google.com/bot.html)"
66.249.74.34 - - [21/Jul/2025:21:30:56 +0000] "GET /shopdetail/198881 HTTP/1.1" 200 18466 "-" "Mozilla/5.0 (Linux; Android 6.0.1; Nexus 5X Build/MMB29P) AppleWebKit/537.36 (KHTML, like Gecko) Chrome/137.0.7151.103 Mobile Safari/537.36 (compatible; Googlebot/2.1; +http://www.google.com/bot.html)"
66.249.74.34 - - [21/Jul/2025:21:30:59 +0000] "POST /get-message-notify HTTP/1.1" 200 18687 "https://diamondtiptiling.com/product/102129248.shtm" "Mozilla/5.0 (Linux; Android 6.0.1; Nexus 5X Build/MMB29P) AppleWebKit/537.36 (KHTML, like Gecko) Chrome/137.0.7151.119 Mobile Safari/537.36 (compatible; Googlebot/2.1; +http://www.google.com/bot.html)"
209.74.77.214 - - [21/Jul/2025:21:31:09 +0000] "POST /wp-cron.php?doing_wp_cron=1753133469.7449109554290771484375 HTTP/1.1" 200 - "-" "WordPress/6.8.2; https://diamondtiptiling.com"
43.154.127.188 - - [21/Jul/2025:21:31:08 +0000] "GET /self-leveling/ HTTP/1.1" 200 21130 "-" "Mozilla/5.0 (iPhone; CPU iPhone OS 13_2_3 like Mac OS X) AppleWebKit/605.1.15 (KHTML, like Gecko) Version/13.0.3 Mobile/15E148 Safari/604.1"
66.249.74.34 - - [21/Jul/2025:21:31:22 +0000] "GET /product/676149923.shtm HTTP/1.1" 200 18804 "-" "Mozilla/5.0 (Linux; Android 6.0.1; Nexus 5X Build/MMB29P) AppleWebKit/537.36 (KHTML, like Gecko) Chrome/137.0.7151.103 Mobile Safari/537.36 (compatible; Googlebot/2.1; +http://www.google.com/bot.html)"
66.249.74.34 - - [21/Jul/2025:21:31:28 +0000] "GET /product/676487521.shtm HTTP/1.1" 200 20179 "-" "Mozilla/5.0 (Linux; Android 6.0.1; Nexus 5X Build/MMB29P) AppleWebKit/537.36 (KHTML, like Gecko) Chrome/137.0.7151.103 Mobile Safari/537.36 (compatible; Googlebot/2.1; +http://www.google.com/bot.html)"
57.141.2.19 - - [21/Jul/2025:21:32:03 +0000] "GET /shopdetail/95261081 HTTP/1.1" 404 80913 "-" "meta-externalagent/1.1 (+https://developers.facebook.com/docs/sharing/webmasters/crawler)"
66.249.74.36 - - [21/Jul/2025:21:32:09 +0000] "GET /product/102869131.shtm HTTP/1.1" 200 18211 "-" "Mozilla/5.0 (Linux; Android 6.0.1; Nexus 5X Build/MMB29P) AppleWebKit/537.36 (KHTML, like Gecko) Chrome/137.0.7151.103 Mobile Safari/537.36 (compatible; Googlebot/2.1; +http://www.google.com/bot.html)"
66.249.74.35 - - [21/Jul/2025:21:32:12 +0000] "GET /shopdetail/66943781 HTTP/1.1" 200 18229 "-" "Mozilla/5.0 (Linux; Android 6.0.1; Nexus 5X Build/MMB29P) AppleWebKit/537.36 (KHTML, like Gecko) Chrome/137.0.7151.103 Mobile Safari/537.36 (compatible; Googlebot/2.1; +http://www.google.com/bot.html)"
66.249.74.35 - - [21/Jul/2025:21:33:21 +0000] "GET /shopdetail/120880381 HTTP/1.1" 200 20204 "-" "Mozilla/5.0 (Linux; Android 6.0.1; Nexus 5X Build/MMB29P) AppleWebKit/537.36 (KHTML, like Gecko) Chrome/137.0.7151.103 Mobile Safari/537.36 (compatible; Googlebot/2.1; +http://www.google.com/bot.html)"
209.74.77.214 - - [21/Jul/2025:21:33:35 +0000] "POST /wp-cron.php?doing_wp_cron=1753133615.6884069442749023437500 HTTP/1.1" 200 - "-" "WordPress/6.8.2; https://diamondtiptiling.com"
57.141.2.27 - - [21/Jul/2025:21:33:34 +0000] "GET /product/675720969.shtm HTTP/1.1" 404 80913 "-" "meta-externalagent/1.1 (+https://developers.facebook.com/docs/sharing/webmasters/crawler)"
66.249.74.36 - - [21/Jul/2025:21:34:11 +0000] "GET /product/102176983.shtm HTTP/1.1" 200 18927 "-" "Mozilla/5.0 (Linux; Android 6.0.1; Nexus 5X Build/MMB29P) AppleWebKit/537.36 (KHTML, like Gecko) Chrome/137.0.7151.103 Mobile Safari/537.36 (compatible; Googlebot/2.1; +http://www.google.com/bot.html)"
66.249.74.35 - - [21/Jul/2025:21:34:21 +0000] "GET /product/676498051.shtm HTTP/1.1" 200 19030 "-" "Mozilla/5.0 (Linux; Android 6.0.1; Nexus 5X Build/MMB29P) AppleWebKit/537.36 (KHTML, like Gecko) Chrome/137.0.7151.103 Mobile Safari/537.36 (compatible; Googlebot/2.1; +http://www.google.com/bot.html)"
66.249.74.34 - - [21/Jul/2025:21:34:34 +0000] "GET /shopdetail/197194381 HTTP/1.1" 200 18633 "-" "Mozilla/5.0 (Linux; Android 6.0.1; Nexus 5X Build/MMB29P) AppleWebKit/537.36 (KHTML, like Gecko) Chrome/137.0.7151.103 Mobile Safari/537.36 (compatible; Googlebot/2.1; +http://www.google.com/bot.html)"
66.249.74.34 - - [21/Jul/2025:21:34:39 +0000] "POST /get-message-notify HTTP/1.1" 200 18687 "https://diamondtiptiling.com/product/675749632.shtm" "Mozilla/5.0 (Linux; Android 6.0.1; Nexus 5X Build/MMB29P) AppleWebKit/537.36 (KHTML, like Gecko) Chrome/137.0.7151.119 Mobile Safari/537.36 (compatible; Googlebot/2.1; +http://www.google.com/bot.html)"
66.249.74.34 - - [21/Jul/2025:21:34:54 +0000] "POST /get-message-notify HTTP/1.1" 200 18687 "https://diamondtiptiling.com/product/676498051.shtm" "Mozilla/5.0 (Linux; Android 6.0.1; Nexus 5X Build/MMB29P) AppleWebKit/537.36 (KHTML, like Gecko) Chrome/137.0.7151.119 Mobile Safari/537.36 (compatible; Googlebot/2.1; +http://www.google.com/bot.html)"
66.249.74.34 - - [21/Jul/2025:21:35:08 +0000] "GET /product/676493879.shtm HTTP/1.1" 200 19240 "-" "Mozilla/5.0 (Linux; Android 6.0.1; Nexus 5X Build/MMB29P) AppleWebKit/537.36 (KHTML, like Gecko) Chrome/137.0.7151.103 Mobile Safari/537.36 (compatible; Googlebot/2.1; +http://www.google.com/bot.html)"
66.249.74.35 - - [21/Jul/2025:21:35:19 +0000] "POST /get-message-notify HTTP/1.1" 200 18687 "https://diamondtiptiling.com/product/676493879.shtm" "Mozilla/5.0 (Linux; Android 6.0.1; Nexus 5X Build/MMB29P) AppleWebKit/537.36 (KHTML, like Gecko) Chrome/137.0.7151.119 Mobile Safari/537.36 (compatible; Googlebot/2.1; +http://www.google.com/bot.html)"
66.249.74.34 - - [21/Jul/2025:21:35:28 +0000] "GET /shopdetail/25096181 HTTP/1.1" 200 18927 "-" "Mozilla/5.0 (Linux; Android 6.0.1; Nexus 5X Build/MMB29P) AppleWebKit/537.36 (KHTML, like Gecko) Chrome/137.0.7151.103 Mobile Safari/537.36 (compatible; Googlebot/2.1; +http://www.google.com/bot.html)"
66.249.74.34 - - [21/Jul/2025:21:35:30 +0000] "POST /get-message-notify HTTP/1.1" 200 18687 "https://diamondtiptiling.com/shopdetail/25096181" "Mozilla/5.0 (Linux; Android 6.0.1; Nexus 5X Build/MMB29P) AppleWebKit/537.36 (KHTML, like Gecko) Chrome/137.0.7151.119 Mobile Safari/537.36 (compatible; Googlebot/2.1; +http://www.google.com/bot.html)"
66.249.74.34 - - [21/Jul/2025:21:35:43 +0000] "GET /product/102205646.shtm HTTP/1.1" 200 20201 "-" "Mozilla/5.0 (Linux; Android 6.0.1; Nexus 5X Build/MMB29P) AppleWebKit/537.36 (KHTML, like Gecko) Chrome/137.0.7151.103 Mobile Safari/537.36 (compatible; Googlebot/2.1; +http://www.google.com/bot.html)"
66.249.74.34 - - [21/Jul/2025:21:35:56 +0000] "POST /get-message-notify HTTP/1.1" 200 18687 "https://diamondtiptiling.com/product/676110606.shtm" "Mozilla/5.0 (Linux; Android 6.0.1; Nexus 5X Build/MMB29P) AppleWebKit/537.36 (KHTML, like Gecko) Chrome/137.0.7151.119 Mobile Safari/537.36 (compatible; Googlebot/2.1; +http://www.google.com/bot.html)"
66.249.74.34 - - [21/Jul/2025:21:36:27 +0000] "GET /shopdetail/61716481 HTTP/1.1" 200 18629 "-" "Mozilla/5.0 (Linux; Android 6.0.1; Nexus 5X Build/MMB29P) AppleWebKit/537.36 (KHTML, like Gecko) Chrome/137.0.7151.103 Mobile Safari/537.36 (compatible; Googlebot/2.1; +http://www.google.com/bot.html)"
66.249.74.35 - - [21/Jul/2025:21:36:42 +0000] "POST /get-message-notify HTTP/1.1" 200 18687 "https://diamondtiptiling.com/product/676233730.shtm" "Mozilla/5.0 (Linux; Android 6.0.1; Nexus 5X Build/MMB29P) AppleWebKit/537.36 (KHTML, like Gecko) Chrome/137.0.7151.119 Mobile Safari/537.36 (compatible; Googlebot/2.1; +http://www.google.com/bot.html)"
66.249.74.36 - - [21/Jul/2025:21:37:19 +0000] "GET /product/675996018.shtm HTTP/1.1" 200 18953 "-" "Mozilla/5.0 (Linux; Android 6.0.1; Nexus 5X Build/MMB29P) AppleWebKit/537.36 (KHTML, like Gecko) Chrome/137.0.7151.103 Mobile Safari/537.36 (compatible; Googlebot/2.1; +http://www.google.com/bot.html)"
66.249.74.35 - - [21/Jul/2025:21:37:30 +0000] "POST /get-message-notify HTTP/1.1" 200 18687 "https://diamondtiptiling.com/product/676493879.shtm" "Mozilla/5.0 (Linux; Android 6.0.1; Nexus 5X Build/MMB29P) AppleWebKit/537.36 (KHTML, like Gecko) Chrome/137.0.7151.119 Mobile Safari/537.36 (compatible; Googlebot/2.1; +http://www.google.com/bot.html)"
66.249.74.35 - - [21/Jul/2025:21:37:31 +0000] "GET /product/102371260.shtm HTTP/1.1" 200 17835 "-" "Mozilla/5.0 (Linux; Android 6.0.1; Nexus 5X Build/MMB29P) AppleWebKit/537.36 (KHTML, like Gecko) Chrome/137.0.7151.103 Mobile Safari/537.36 (compatible; Googlebot/2.1; +http://www.google.com/bot.html)"
66.249.74.34 - - [21/Jul/2025:21:37:43 +0000] "GET /product/102126075.shtm HTTP/1.1" 200 19549 "-" "Mozilla/5.0 (Linux; Android 6.0.1; Nexus 5X Build/MMB29P) AppleWebKit/537.36 (KHTML, like Gecko) Chrome/137.0.7151.103 Mobile Safari/537.36 (compatible; Googlebot/2.1; +http://www.google.com/bot.html)"
66.249.74.34 - - [21/Jul/2025:21:37:47 +0000] "GET /product/676006540.shtm HTTP/1.1" 200 20678 "-" "Mozilla/5.0 (Linux; Android 6.0.1; Nexus 5X Build/MMB29P) AppleWebKit/537.36 (KHTML, like Gecko) Chrome/137.0.7151.103 Mobile Safari/537.36 (compatible; Googlebot/2.1; +http://www.google.com/bot.html)"
209.74.77.214 - - [21/Jul/2025:21:38:06 +0000] "POST /wp-cron.php?doing_wp_cron=1753133886.8598279953002929687500 HTTP/1.1" 200 - "-" "WordPress/6.8.2; https://diamondtiptiling.com"
209.74.77.214 - - [21/Jul/2025:21:38:06 +0000] "POST /wp-cron.php?doing_wp_cron=1753133886.8598549365997314453125 HTTP/1.1" 200 - "-" "WordPress/6.8.2; https://diamondtiptiling.com"
43.167.245.18 - - [21/Jul/2025:21:38:05 +0000] "GET /xmlrpc.php HTTP/1.1" 405 60 "-" "Mozilla/5.0 (iPhone; CPU iPhone OS 13_2_3 like Mac OS X) AppleWebKit/605.1.15 (KHTML, like Gecko) Version/13.0.3 Mobile/15E148 Safari/604.1"
34.209.132.179 - - [21/Jul/2025:21:38:05 +0000] "GET / HTTP/1.1" 200 25850 "-" "Mozilla/5.0 (Windows NT 10.0; Win64; x64) AppleWebKit/537.36 (KHTML, like Gecko) Chrome/70.0.3538.102 Safari/537.36 Edge/18.19582"
34.209.132.179 - - [21/Jul/2025:21:38:07 +0000] "GET /wp-content/plugins/contact-form-7/includes/css/styles.css?ver=6.0.6 HTTP/1.1" 200 1015 "https://diamondtiptiling.com/" "Mozilla/5.0 (Windows NT 10.0; Win64; x64) AppleWebKit/537.36 (KHTML, like Gecko) Chrome/70.0.3538.102 Safari/537.36 Edge/18.19582"
34.209.132.179 - - [21/Jul/2025:21:38:07 +0000] "GET /wp-content/plugins/leadconnector/public/css/lc-public.css?ver=3.0.8 HTTP/1.1" 200 106 "https://diamondtiptiling.com/" "Mozilla/5.0 (Windows NT 10.0; Win64; x64) AppleWebKit/537.36 (KHTML, like Gecko) Chrome/70.0.3538.102 Safari/537.36 Edge/18.19582"
34.209.132.179 - - [21/Jul/2025:21:38:07 +0000] "GET /wp-content/plugins/floens-addon/assets/vendors/animate/custom-animate.css?ver=1744546415 HTTP/1.1" 200 2551 "https://diamondtiptiling.com/" "Mozilla/5.0 (Windows NT 10.0; Win64; x64) AppleWebKit/537.36 (KHTML, like Gecko) Chrome/70.0.3538.102 Safari/537.36 Edge/18.19582"
34.209.132.179 - - [21/Jul/2025:21:38:07 +0000] "GET /wp-content/plugins/floens-addon/assets/vendors/animate/animate.min.css?ver=1744546415 HTTP/1.1" 200 4734 "https://diamondtiptiling.com/" "Mozilla/5.0 (Windows NT 10.0; Win64; x64) AppleWebKit/537.36 (KHTML, like Gecko) Chrome/70.0.3538.102 Safari/537.36 Edge/18.19582"
34.209.132.179 - - [21/Jul/2025:21:38:07 +0000] "GET /wp-content/plugins/floens-addon/assets/vendors/bxslider/jquery.bxslider.css?ver=1744546415 HTTP/1.1" 200 1219 "https://diamondtiptiling.com/" "Mozilla/5.0 (Windows NT 10.0; Win64; x64) AppleWebKit/537.36 (KHTML, like Gecko) Chrome/70.0.3538.102 Safari/537.36 Edge/18.19582"
34.209.132.179 - - [21/Jul/2025:21:38:07 +0000] "GET /wp-content/plugins/floens-addon/assets/vendors/bootstrap-select/css/bootstrap-select.min.css?ver=1744546415 HTTP/1.1" 200 2357 "https://diamondtiptiling.com/" "Mozilla/5.0 (Windows NT 10.0; Win64; x64) AppleWebKit/537.36 (KHTML, like Gecko) Chrome/70.0.3538.102 Safari/537.36 Edge/18.19582"
34.209.132.179 - - [21/Jul/2025:21:38:07 +0000] "GET /wp-content/plugins/floens-addon/assets/vendors/jarallax/jarallax.css?ver=1744546415 HTTP/1.1" 200 208 "https://diamondtiptiling.com/" "Mozilla/5.0 (Windows NT 10.0; Win64; x64) AppleWebKit/537.36 (KHTML, like Gecko) Chrome/70.0.3538.102 Safari/537.36 Edge/18.19582"
34.209.132.179 - - [21/Jul/2025:21:38:07 +0000] "GET /wp-content/plugins/floens-addon/assets/vendors/jquery-magnific-popup/jquery.magnific-popup.css?ver=1744546415 HTTP/1.1" 200 1830 "https://diamondtiptiling.com/" "Mozilla/5.0 (Windows NT 10.0; Win64; x64) AppleWebKit/537.36 (KHTML, like Gecko) Chrome/70.0.3538.102 Safari/537.36 Edge/18.19582"
34.209.132.179 - - [21/Jul/2025:21:38:07 +0000] "GET /wp-content/plugins/floens-addon/assets/vendors/odometer/odometer.min.css?ver=1744546415 HTTP/1.1" 200 484 "https://diamondtiptiling.com/" "Mozilla/5.0 (Windows NT 10.0; Win64; x64) AppleWebKit/537.36 (KHTML, like Gecko) Chrome/70.0.3538.102 Safari/537.36 Edge/18.19582"
34.209.132.179 - - [21/Jul/2025:21:38:07 +0000] "GET /wp-content/plugins/floens-addon/assets/vendors/owl-carousel/owl.theme.default.min.css?ver=1744546415 HTTP/1.1" 200 483 "https://diamondtiptiling.com/" "Mozilla/5.0 (Windows NT 10.0; Win64; x64) AppleWebKit/537.36 (KHTML, like Gecko) Chrome/70.0.3538.102 Safari/537.36 Edge/18.19582"
34.209.132.179 - - [21/Jul/2025:21:38:07 +0000] "GET /wp-content/plugins/floens-addon/assets/vendors/nouislider/nouislider.min.css?ver=1744546415 HTTP/1.1" 200 1181 "https://diamondtiptiling.com/" "Mozilla/5.0 (Windows NT 10.0; Win64; x64) AppleWebKit/537.36 (KHTML, like Gecko) Chrome/70.0.3538.102 Safari/537.36 Edge/18.19582"
34.209.132.179 - - [21/Jul/2025:21:38:07 +0000] "GET /wp-content/plugins/elementor/assets/lib/swiper/v8/css/swiper.min.css?ver=8.4.5 HTTP/1.1" 200 4583 "https://diamondtiptiling.com/" "Mozilla/5.0 (Windows NT 10.0; Win64; x64) AppleWebKit/537.36 (KHTML, like Gecko) Chrome/70.0.3538.102 Safari/537.36 Edge/18.19582"
34.209.132.179 - - [21/Jul/2025:21:38:07 +0000] "GET /wp-content/plugins/floens-addon/assets/vendors/reey-font/stylesheet.css?ver=1744546415 HTTP/1.1" 200 201 "https://diamondtiptiling.com/" "Mozilla/5.0 (Windows NT 10.0; Win64; x64) AppleWebKit/537.36 (KHTML, like Gecko) Chrome/70.0.3538.102 Safari/537.36 Edge/18.19582"
34.209.132.179 - - [21/Jul/2025:21:38:07 +0000] "GET /wp-content/plugins/floens-addon/assets/vendors/owl-carousel/owl.carousel.min.css?ver=1744546415 HTTP/1.1" 200 1072 "https://diamondtiptiling.com/" "Mozilla/5.0 (Windows NT 10.0; Win64; x64) AppleWebKit/537.36 (KHTML, like Gecko) Chrome/70.0.3538.102 Safari/537.36 Edge/18.19582"
34.209.132.179 - - [21/Jul/2025:21:38:08 +0000] "GET /wp-content/plugins/floens-addon/assets/vendors/timepicker/timePicker.css?ver=1744546415 HTTP/1.1" 200 1055 "https://diamondtiptiling.com/" "Mozilla/5.0 (Windows NT 10.0; Win64; x64) AppleWebKit/537.36 (KHTML, like Gecko) Chrome/70.0.3538.102 Safari/537.36 Edge/18.19582"
34.209.132.179 - - [21/Jul/2025:21:38:08 +0000] "GET /wp-content/plugins/floens-addon/assets/vendors/tiny-slider/tiny-slider.css?ver=1744546415 HTTP/1.1" 200 742 "https://diamondtiptiling.com/" "Mozilla/5.0 (Windows NT 10.0; Win64; x64) AppleWebKit/537.36 (KHTML, like Gecko) Chrome/70.0.3538.102 Safari/537.36 Edge/18.19582"
34.209.132.179 - - [21/Jul/2025:21:38:08 +0000] "GET /wp-content/plugins/floens-addon/assets/css/floens-addon.css?ver=1744546415 HTTP/1.1" 200 25 "https://diamondtiptiling.com/" "Mozilla/5.0 (Windows NT 10.0; Win64; x64) AppleWebKit/537.36 (KHTML, like Gecko) Chrome/70.0.3538.102 Safari/537.36 Edge/18.19582"
34.209.132.179 - - [21/Jul/2025:21:38:08 +0000] "GET /wp-content/plugins/floens-addon/assets/vendors/jquery-ui/jquery-ui.css?ver=1744546415 HTTP/1.1" 200 7685 "https://diamondtiptiling.com/" "Mozilla/5.0 (Windows NT 10.0; Win64; x64) AppleWebKit/537.36 (KHTML, like Gecko) Chrome/70.0.3538.102 Safari/537.36 Edge/18.19582"
34.209.132.179 - - [21/Jul/2025:21:38:08 +0000] "GET /wp-content/plugins/floens-addon/assets/vendors/slick/slick.css?ver=1744546415 HTTP/1.1" 200 577 "https://diamondtiptiling.com/" "Mozilla/5.0 (Windows NT 10.0; Win64; x64) AppleWebKit/537.36 (KHTML, like Gecko) Chrome/70.0.3538.102 Safari/537.36 Edge/18.19582"
34.209.132.179 - - [21/Jul/2025:21:38:08 +0000] "GET /wp-content/plugins/woo-smart-quick-view/assets/libs/magnific-popup/magnific-popup.css?ver=6.8.2 HTTP/1.1" 200 1804 "https://diamondtiptiling.com/" "Mozilla/5.0 (Windows NT 10.0; Win64; x64) AppleWebKit/537.36 (KHTML, like Gecko) Chrome/70.0.3538.102 Safari/537.36 Edge/18.19582"
34.209.132.179 - - [21/Jul/2025:21:38:08 +0000] "GET /wp-content/plugins/woo-smart-quick-view/assets/libs/perfect-scrollbar/css/custom-theme.css?ver=6.8.2 HTTP/1.1" 200 621 "https://diamondtiptiling.com/" "Mozilla/5.0 (Windows NT 10.0; Win64; x64) AppleWebKit/537.36 (KHTML, like Gecko) Chrome/70.0.3538.102 Safari/537.36 Edge/18.19582"
34.209.132.179 - - [21/Jul/2025:21:38:08 +0000] "GET /wp-content/plugins/woo-smart-quick-view/assets/libs/perfect-scrollbar/css/perfect-scrollbar.min.css?ver=6.8.2 HTTP/1.1" 200 610 "https://diamondtiptiling.com/" "Mozilla/5.0 (Windows NT 10.0; Win64; x64) AppleWebKit/537.36 (KHTML, like Gecko) Chrome/70.0.3538.102 Safari/537.36 Edge/18.19582"
34.209.132.179 - - [21/Jul/2025:21:38:08 +0000] "GET /wp-content/plugins/woo-smart-wishlist/assets/css/icons.css?ver=4.9.9 HTTP/1.1" 200 674 "https://diamondtiptiling.com/" "Mozilla/5.0 (Windows NT 10.0; Win64; x64) AppleWebKit/537.36 (KHTML, like Gecko) Chrome/70.0.3538.102 Safari/537.36 Edge/18.19582"
34.209.132.179 - - [21/Jul/2025:21:38:08 +0000] "GET /wp-content/plugins/woo-smart-wishlist/assets/css/frontend.css?ver=4.9.9 HTTP/1.1" 200 3063 "https://diamondtiptiling.com/" "Mozilla/5.0 (Windows NT 10.0; Win64; x64) AppleWebKit/537.36 (KHTML, like Gecko) Chrome/70.0.3538.102 Safari/537.36 Edge/18.19582"
34.209.132.179 - - [21/Jul/2025:21:38:08 +0000] "GET /wp-content/plugins/woo-smart-quick-view/assets/css/frontend.css?ver=4.1.8 HTTP/1.1" 200 3569 "https://diamondtiptiling.com/" "Mozilla/5.0 (Windows NT 10.0; Win64; x64) AppleWebKit/537.36 (KHTML, like Gecko) Chrome/70.0.3538.102 Safari/537.36 Edge/18.19582"
34.209.132.179 - - [21/Jul/2025:21:38:08 +0000] "GET /wp-content/plugins/woo-smart-quick-view/assets/css/icons.css?ver=4.1.8 HTTP/1.1" 200 773 "https://diamondtiptiling.com/" "Mozilla/5.0 (Windows NT 10.0; Win64; x64) AppleWebKit/537.36 (KHTML, like Gecko) Chrome/70.0.3538.102 Safari/537.36 Edge/18.19582"
34.209.132.179 - - [21/Jul/2025:21:38:08 +0000] "GET /wp-content/plugins/woocommerce/assets/css/brands.css?ver=9.8.5 HTTP/1.1" 200 684 "https://diamondtiptiling.com/" "Mozilla/5.0 (Windows NT 10.0; Win64; x64) AppleWebKit/537.36 (KHTML, like Gecko) Chrome/70.0.3538.102 Safari/537.36 Edge/18.19582"
34.209.132.179 - - [21/Jul/2025:21:38:08 +0000] "GET /wp-content/plugins/woo-smart-quick-view/assets/libs/feather/feather.css?ver=6.8.2 HTTP/1.1" 200 169 "https://diamondtiptiling.com/" "Mozilla/5.0 (Windows NT 10.0; Win64; x64) AppleWebKit/537.36 (KHTML, like Gecko) Chrome/70.0.3538.102 Safari/537.36 Edge/18.19582"
34.209.132.179 - - [21/Jul/2025:21:38:08 +0000] "GET /wp-content/themes/floens-child/style.css?ver=6.8.2 HTTP/1.1" 200 242 "https://diamondtiptiling.com/" "Mozilla/5.0 (Windows NT 10.0; Win64; x64) AppleWebKit/537.36 (KHTML, like Gecko) Chrome/70.0.3538.102 Safari/537.36 Edge/18.19582"
34.209.132.179 - - [21/Jul/2025:21:38:08 +0000] "GET /wp-content/themes/floens/assets/vendors/floens-icons/style.css?ver=1.1 HTTP/1.1" 200 787 "https://diamondtiptiling.com/" "Mozilla/5.0 (Windows NT 10.0; Win64; x64) AppleWebKit/537.36 (KHTML, like Gecko) Chrome/70.0.3538.102 Safari/537.36 Edge/18.19582"
34.209.132.179 - - [21/Jul/2025:21:38:08 +0000] "GET /wp-content/themes/floens/assets/vendors/flaticons/css/flaticon.css?ver=1.1 HTTP/1.1" 200 2393 "https://diamondtiptiling.com/" "Mozilla/5.0 (Windows NT 10.0; Win64; x64) AppleWebKit/537.36 (KHTML, like Gecko) Chrome/70.0.3538.102 Safari/537.36 Edge/18.19582"
34.209.132.179 - - [21/Jul/2025:21:38:08 +0000] "GET /wp-content/themes/floens/assets/vendors/bootstrap/css/bootstrap.min.css?ver=5.0.0 HTTP/1.1" 200 22899 "https://diamondtiptiling.com/" "Mozilla/5.0 (Windows NT 10.0; Win64; x64) AppleWebKit/537.36 (KHTML, like Gecko) Chrome/70.0.3538.102 Safari/537.36 Edge/18.19582"
34.209.132.179 - - [21/Jul/2025:21:38:08 +0000] "GET /wp-content/themes/floens/assets/vendors/fontawesome/css/all.min.css?ver=5.15.1 HTTP/1.1" 200 12873 "https://diamondtiptiling.com/" "Mozilla/5.0 (Windows NT 10.0; Win64; x64) AppleWebKit/537.36 (KHTML, like Gecko) Chrome/70.0.3538.102 Safari/537.36 Edge/18.19582"
34.209.132.179 - - [21/Jul/2025:21:38:08 +0000] "GET /wp-content/themes/floens/style.css?ver=6.8.2 HTTP/1.1" 200 72998 "https://diamondtiptiling.com/" "Mozilla/5.0 (Windows NT 10.0; Win64; x64) AppleWebKit/537.36 (KHTML, like Gecko) Chrome/70.0.3538.102 Safari/537.36 Edge/18.19582"
34.209.132.179 - - [21/Jul/2025:21:38:08 +0000] "GET /wp-content/themes/floens/assets/css/modes/floens-dark.css?ver=1753133886 HTTP/1.1" 200 1078 "https://diamondtiptiling.com/" "Mozilla/5.0 (Windows NT 10.0; Win64; x64) AppleWebKit/537.36 (KHTML, like Gecko) Chrome/70.0.3538.102 Safari/537.36 Edge/18.19582"
34.209.132.179 - - [21/Jul/2025:21:38:08 +0000] "GET /wp-content/uploads/elementor/css/post-12.css?ver=1748500560 HTTP/1.1" 200 406 "https://diamondtiptiling.com/" "Mozilla/5.0 (Windows NT 10.0; Win64; x64) AppleWebKit/537.36 (KHTML, like Gecko) Chrome/70.0.3538.102 Safari/537.36 Edge/18.19582"
34.209.132.179 - - [21/Jul/2025:21:38:08 +0000] "GET /wp-content/plugins/elementor/assets/css/frontend.min.css?ver=3.29.1 HTTP/1.1" 200 7106 "https://diamondtiptiling.com/" "Mozilla/5.0 (Windows NT 10.0; Win64; x64) AppleWebKit/537.36 (KHTML, like Gecko) Chrome/70.0.3538.102 Safari/537.36 Edge/18.19582"
34.209.132.179 - - [21/Jul/2025:21:38:08 +0000] "GET /wp-content/uploads/elementor/css/post-1612.css?ver=1748502217 HTTP/1.1" 200 362 "https://diamondtiptiling.com/" "Mozilla/5.0 (Windows NT 10.0; Win64; x64) AppleWebKit/537.36 (KHTML, like Gecko) Chrome/70.0.3538.102 Safari/537.36 Edge/18.19582"
34.209.132.179 - - [21/Jul/2025:21:38:08 +0000] "GET /wp-content/uploads/elementor/google-fonts/css/roboto.css?ver=1744546798 HTTP/1.1" 200 2873 "https://diamondtiptiling.com/" "Mozilla/5.0 (Windows NT 10.0; Win64; x64) AppleWebKit/537.36 (KHTML, like Gecko) Chrome/70.0.3538.102 Safari/537.36 Edge/18.19582"
34.209.132.179 - - [21/Jul/2025:21:38:08 +0000] "GET /wp-content/uploads/elementor/google-fonts/css/robotoslab.css?ver=1744546815 HTTP/1.1" 200 962 "https://diamondtiptiling.com/" "Mozilla/5.0 (Windows NT 10.0; Win64; x64) AppleWebKit/537.36 (KHTML, like Gecko) Chrome/70.0.3538.102 Safari/537.36 Edge/18.19582"
34.209.132.179 - - [21/Jul/2025:21:38:08 +0000] "GET /wp-includes/js/wp-util.min.js?ver=6.8.2 HTTP/1.1" 200 756 "https://diamondtiptiling.com/" "Mozilla/5.0 (Windows NT 10.0; Win64; x64) AppleWebKit/537.36 (KHTML, like Gecko) Chrome/70.0.3538.102 Safari/537.36 Edge/18.19582"
34.209.132.179 - - [21/Jul/2025:21:38:08 +0000] "GET /wp-content/plugins/woocommerce/assets/js/js-cookie/js.cookie.min.js?ver=2.1.4-wc.9.8.5 HTTP/1.1" 200 833 "https://diamondtiptiling.com/" "Mozilla/5.0 (Windows NT 10.0; Win64; x64) AppleWebKit/537.36 (KHTML, like Gecko) Chrome/70.0.3538.102 Safari/537.36 Edge/18.19582"
34.209.132.179 - - [21/Jul/2025:21:38:08 +0000] "GET /wp-content/plugins/floens-addon/assets/vendors/floens-icons/style.css?ver=1.1 HTTP/1.1" 200 787 "https://diamondtiptiling.com/" "Mozilla/5.0 (Windows NT 10.0; Win64; x64) AppleWebKit/537.36 (KHTML, like Gecko) Chrome/70.0.3538.102 Safari/537.36 Edge/18.19582"
34.209.132.179 - - [21/Jul/2025:21:38:08 +0000] "GET /wp-includes/js/jquery/jquery.min.js?ver=3.7.1 HTTP/1.1" 200 30368 "https://diamondtiptiling.com/" "Mozilla/5.0 (Windows NT 10.0; Win64; x64) AppleWebKit/537.36 (KHTML, like Gecko) Chrome/70.0.3538.102 Safari/537.36 Edge/18.19582"
34.209.132.179 - - [21/Jul/2025:21:38:08 +0000] "GET /wp-includes/js/underscore.min.js?ver=1.13.7 HTTP/1.1" 200 7317 "https://diamondtiptiling.com/" "Mozilla/5.0 (Windows NT 10.0; Win64; x64) AppleWebKit/537.36 (KHTML, like Gecko) Chrome/70.0.3538.102 Safari/537.36 Edge/18.19582"
34.209.132.179 - - [21/Jul/2025:21:38:08 +0000] "GET /wp-includes/js/jquery/jquery-migrate.min.js?ver=3.4.1 HTTP/1.1" 200 4872 "https://diamondtiptiling.com/" "Mozilla/5.0 (Windows NT 10.0; Win64; x64) AppleWebKit/537.36 (KHTML, like Gecko) Chrome/70.0.3538.102 Safari/537.36 Edge/18.19582"
34.209.132.179 - - [21/Jul/2025:21:38:08 +0000] "GET /wp-content/plugins/leadconnector/public/js/lc-public.js?ver=3.0.8 HTTP/1.1" 200 1322 "https://diamondtiptiling.com/" "Mozilla/5.0 (Windows NT 10.0; Win64; x64) AppleWebKit/537.36 (KHTML, like Gecko) Chrome/70.0.3538.102 Safari/537.36 Edge/18.19582"
34.209.132.179 - - [21/Jul/2025:21:38:08 +0000] "GET /wp-content/plugins/woocommerce/assets/js/jquery-blockui/jquery.blockUI.min.js?ver=2.7.0-wc.9.8.5 HTTP/1.1" 200 3537 "https://diamondtiptiling.com/" "Mozilla/5.0 (Windows NT 10.0; Win64; x64) AppleWebKit/537.36 (KHTML, like Gecko) Chrome/70.0.3538.102 Safari/537.36 Edge/18.19582"
34.209.132.179 - - [21/Jul/2025:21:38:08 +0000] "GET /wp-content/uploads/2024/01/blog-1-370x422.jpg HTTP/1.1" 200 23151 "https://diamondtiptiling.com/" "Mozilla/5.0 (Windows NT 10.0; Win64; x64) AppleWebKit/537.36 (KHTML, like Gecko) Chrome/70.0.3538.102 Safari/537.36 Edge/18.19582"
34.209.132.179 - - [21/Jul/2025:21:38:08 +0000] "GET /wp-content/uploads/2024/01/medal.png HTTP/1.1" 200 902 "https://diamondtiptiling.com/" "Mozilla/5.0 (Windows NT 10.0; Win64; x64) AppleWebKit/537.36 (KHTML, like Gecko) Chrome/70.0.3538.102 Safari/537.36 Edge/18.19582"
34.209.132.179 - - [21/Jul/2025:21:38:08 +0000] "GET /wp-content/uploads/2024/01/about-3-1.jpg HTTP/1.1" 200 106880 "https://diamondtiptiling.com/" "Mozilla/5.0 (Windows NT 10.0; Win64; x64) AppleWebKit/537.36 (KHTML, like Gecko) Chrome/70.0.3538.102 Safari/537.36 Edge/18.19582"
34.209.132.179 - - [21/Jul/2025:21:38:08 +0000] "GET /wp-content/plugins/contact-form-7/includes/swv/js/index.js?ver=6.0.6 HTTP/1.1" 200 3503 "https://diamondtiptiling.com/" "Mozilla/5.0 (Windows NT 10.0; Win64; x64) AppleWebKit/537.36 (KHTML, like Gecko) Chrome/70.0.3538.102 Safari/537.36 Edge/18.19582"
34.209.132.179 - - [21/Jul/2025:21:38:08 +0000] "GET /wp-content/uploads/elementor/css/post-176.css?ver=1748500559 HTTP/1.1" 200 588 "https://diamondtiptiling.com/" "Mozilla/5.0 (Windows NT 10.0; Win64; x64) AppleWebKit/537.36 (KHTML, like Gecko) Chrome/70.0.3538.102 Safari/537.36 Edge/18.19582"
34.209.132.179 - - [21/Jul/2025:21:38:08 +0000] "GET /wp-content/plugins/woocommerce/assets/client/blocks/wc-blocks.css?ver=wc-9.8.5 HTTP/1.1" 200 2500 "https://diamondtiptiling.com/" "Mozilla/5.0 (Windows NT 10.0; Win64; x64) AppleWebKit/537.36 (KHTML, like Gecko) Chrome/70.0.3538.102 Safari/537.36 Edge/18.19582"
34.209.132.179 - - [21/Jul/2025:21:38:08 +0000] "GET /wp-includes/js/dist/hooks.min.js?ver=4d63a3d491d11ffd8ac6 HTTP/1.1" 200 1648 "https://diamondtiptiling.com/" "Mozilla/5.0 (Windows NT 10.0; Win64; x64) AppleWebKit/537.36 (KHTML, like Gecko) Chrome/70.0.3538.102 Safari/537.36 Edge/18.19582"
34.209.132.179 - - [21/Jul/2025:21:38:08 +0000] "GET /wp-content/uploads/elementor/css/post-167.css?ver=1748502217 HTTP/1.1" 200 125 "https://diamondtiptiling.com/" "Mozilla/5.0 (Windows NT 10.0; Win64; x64) AppleWebKit/537.36 (KHTML, like Gecko) Chrome/70.0.3538.102 Safari/537.36 Edge/18.19582"
34.209.132.179 - - [21/Jul/2025:21:38:08 +0000] "GET /wp-content/uploads/2025/04/image-tiles.png HTTP/1.1" 200 315983 "https://diamondtiptiling.com/" "Mozilla/5.0 (Windows NT 10.0; Win64; x64) AppleWebKit/537.36 (KHTML, like Gecko) Chrome/70.0.3538.102 Safari/537.36 Edge/18.19582"
34.209.132.179 - - [21/Jul/2025:21:38:08 +0000] "GET /wp-content/plugins/contact-form-7/includes/js/index.js?ver=6.0.6 HTTP/1.1" 200 4265 "https://diamondtiptiling.com/" "Mozilla/5.0 (Windows NT 10.0; Win64; x64) AppleWebKit/537.36 (KHTML, like Gecko) Chrome/70.0.3538.102 Safari/537.36 Edge/18.19582"
34.209.132.179 - - [21/Jul/2025:21:38:08 +0000] "GET /wp-content/plugins/floens-addon/assets/vendors/owl-carousel/owl.carousel.min.js?ver=1744546415 HTTP/1.1" 200 11418 "https://diamondtiptiling.com/" "Mozilla/5.0 (Windows NT 10.0; Win64; x64) AppleWebKit/537.36 (KHTML, like Gecko) Chrome/70.0.3538.102 Safari/537.36 Edge/18.19582"
34.209.132.179 - - [21/Jul/2025:21:38:08 +0000] "GET /wp-includes/js/jquery/ui/core.min.js?ver=1.13.3 HTTP/1.1" 200 7106 "https://diamondtiptiling.com/" "Mozilla/5.0 (Windows NT 10.0; Win64; x64) AppleWebKit/537.36 (KHTML, like Gecko) Chrome/70.0.3538.102 Safari/537.36 Edge/18.19582"
34.209.132.179 - - [21/Jul/2025:21:38:08 +0000] "GET /wp-includes/js/dist/i18n.min.js?ver=5e580eb46a90c2b997e6 HTTP/1.1" 200 3667 "https://diamondtiptiling.com/" "Mozilla/5.0 (Windows NT 10.0; Win64; x64) AppleWebKit/537.36 (KHTML, like Gecko) Chrome/70.0.3538.102 Safari/537.36 Edge/18.19582"
34.209.132.179 - - [21/Jul/2025:21:38:08 +0000] "GET /wp-includes/js/jquery/ui/datepicker.min.js?ver=1.13.3 HTTP/1.1" 200 10907 "https://diamondtiptiling.com/" "Mozilla/5.0 (Windows NT 10.0; Win64; x64) AppleWebKit/537.36 (KHTML, like Gecko) Chrome/70.0.3538.102 Safari/537.36 Edge/18.19582"
34.209.132.179 - - [21/Jul/2025:21:38:08 +0000] "GET /wp-content/themes/floens/assets/vendors/bootstrap/js/bootstrap.min.js?ver=5.0.0 HTTP/1.1" 200 22377 "https://diamondtiptiling.com/" "Mozilla/5.0 (Windows NT 10.0; Win64; x64) AppleWebKit/537.36 (KHTML, like Gecko) Chrome/70.0.3538.102 Safari/537.36 Edge/18.19582"
34.209.132.179 - - [21/Jul/2025:21:38:08 +0000] "GET /wp-content/plugins/floens-addon/assets/vendors/bootstrap-select/js/bootstrap-select.min.js?ver=1744546415 HTTP/1.1" 200 17281 "https://diamondtiptiling.com/" "Mozilla/5.0 (Windows NT 10.0; Win64; x64) AppleWebKit/537.36 (KHTML, like Gecko) Chrome/70.0.3538.102 Safari/537.36 Edge/18.19582"
34.209.132.179 - - [21/Jul/2025:21:38:08 +0000] "GET /wp-content/plugins/floens-addon/assets/vendors/countdown/countdown.min.js?ver=1744546415 HTTP/1.1" 200 2029 "https://diamondtiptiling.com/" "Mozilla/5.0 (Windows NT 10.0; Win64; x64) AppleWebKit/537.36 (KHTML, like Gecko) Chrome/70.0.3538.102 Safari/537.36 Edge/18.19582"
34.209.132.179 - - [21/Jul/2025:21:38:08 +0000] "GET /wp-content/plugins/floens-addon/assets/vendors/bxslider/jquery.bxslider.min.js?ver=1744546415 HTTP/1.1" 200 5167 "https://diamondtiptiling.com/" "Mozilla/5.0 (Windows NT 10.0; Win64; x64) AppleWebKit/537.36 (KHTML, like Gecko) Chrome/70.0.3538.102 Safari/537.36 Edge/18.19582"
34.209.132.179 - - [21/Jul/2025:21:38:09 +0000] "GET /wp-content/plugins/floens-addon/assets/vendors/jarallax/jarallax.min.js?ver=1744546415 HTTP/1.1" 200 5252 "https://diamondtiptiling.com/" "Mozilla/5.0 (Windows NT 10.0; Win64; x64) AppleWebKit/537.36 (KHTML, like Gecko) Chrome/70.0.3538.102 Safari/537.36 Edge/18.19582"
34.209.132.179 - - [21/Jul/2025:21:38:09 +0000] "GET /wp-content/plugins/floens-addon/assets/vendors/jquery-ajaxchimp/jquery.ajaxchimp.min.js?ver=1744546415 HTTP/1.1" 200 939 "https://diamondtiptiling.com/" "Mozilla/5.0 (Windows NT 10.0; Win64; x64) AppleWebKit/537.36 (KHTML, like Gecko) Chrome/70.0.3538.102 Safari/537.36 Edge/18.19582"
34.209.132.179 - - [21/Jul/2025:21:38:09 +0000] "GET /wp-content/plugins/floens-addon/assets/vendors/jquery-circle-progress/jquery.circle-progress.min.js?ver=1744546415 HTTP/1.1" 200 1866 "https://diamondtiptiling.com/" "Mozilla/5.0 (Windows NT 10.0; Win64; x64) AppleWebKit/537.36 (KHTML, like Gecko) Chrome/70.0.3538.102 Safari/537.36 Edge/18.19582"
34.209.132.179 - - [21/Jul/2025:21:38:09 +0000] "GET /wp-content/plugins/floens-addon/assets/vendors/jquery-magnific-popup/jquery.magnific-popup.min.js?ver=1744546415 HTTP/1.1" 200 7348 "https://diamondtiptiling.com/" "Mozilla/5.0 (Windows NT 10.0; Win64; x64) AppleWebKit/537.36 (KHTML, like Gecko) Chrome/70.0.3538.102 Safari/537.36 Edge/18.19582"
34.209.132.179 - - [21/Jul/2025:21:38:09 +0000] "GET /wp-content/plugins/floens-addon/assets/vendors/jquery-appear/jquery.appear.min.js?ver=1744546415 HTTP/1.1" 200 600 "https://diamondtiptiling.com/" "Mozilla/5.0 (Windows NT 10.0; Win64; x64) AppleWebKit/537.36 (KHTML, like Gecko) Chrome/70.0.3538.102 Safari/537.36 Edge/18.19582"
34.209.132.179 - - [21/Jul/2025:21:38:09 +0000] "GET /wp-content/plugins/floens-addon/assets/vendors/odometer/odometer.min.js?ver=1744546415 HTTP/1.1" 200 3542 "https://diamondtiptiling.com/" "Mozilla/5.0 (Windows NT 10.0; Win64; x64) AppleWebKit/537.36 (KHTML, like Gecko) Chrome/70.0.3538.102 Safari/537.36 Edge/18.19582"
34.209.132.179 - - [21/Jul/2025:21:38:09 +0000] "GET /wp-content/plugins/floens-addon/assets/vendors/wow/wow.js?ver=1744546415 HTTP/1.1" 200 2212 "https://diamondtiptiling.com/" "Mozilla/5.0 (Windows NT 10.0; Win64; x64) AppleWebKit/537.36 (KHTML, like Gecko) Chrome/70.0.3538.102 Safari/537.36 Edge/18.19582"
34.209.132.179 - - [21/Jul/2025:21:38:09 +0000] "GET /wp-content/plugins/floens-addon/assets/vendors/sharer/sharer.min.js?ver=1744546415 HTTP/1.1" 200 2179 "https://diamondtiptiling.com/" "Mozilla/5.0 (Windows NT 10.0; Win64; x64) AppleWebKit/537.36 (KHTML, like Gecko) Chrome/70.0.3538.102 Safari/537.36 Edge/18.19582"
34.209.132.179 - - [21/Jul/2025:21:38:09 +0000] "GET /wp-content/plugins/floens-addon/assets/vendors/slick/slick.min.js?ver=1744546415 HTTP/1.1" 200 10445 "https://diamondtiptiling.com/" "Mozilla/5.0 (Windows NT 10.0; Win64; x64) AppleWebKit/537.36 (KHTML, like Gecko) Chrome/70.0.3538.102 Safari/537.36 Edge/18.19582"
