Current File : /home/kelaby89/access-logs/diamondtiptiling.com.sixpack.studio-ssl_log |
209.74.77.214 - - [21/Jul/2025:12:07:41 +0000] "POST /wp-cron.php?doing_wp_cron=1753099661.7735660076141357421875 HTTP/1.1" 200 - "-" "WordPress/6.8.2; https://diamondtiptiling.com"
57.141.2.26 - - [21/Jul/2025:12:07:39 +0000] "GET /shopdetail/192449981 HTTP/1.1" 404 80913 "-" "meta-externalagent/1.1 (+https://developers.facebook.com/docs/sharing/webmasters/crawler)"
57.141.2.5 - - [21/Jul/2025:12:07:47 +0000] "GET /shopdetail/96628581 HTTP/1.1" 404 80913 "-" "meta-externalagent/1.1 (+https://developers.facebook.com/docs/sharing/webmasters/crawler)"
209.74.77.214 - - [21/Jul/2025:12:08:44 +0000] "POST /wp-cron.php?doing_wp_cron=1753099724.2543079853057861328125 HTTP/1.1" 200 - "-" "WordPress/6.8.2; https://diamondtiptiling.com"
57.141.2.13 - - [21/Jul/2025:12:08:42 +0000] "GET /shopdetail/43135781 HTTP/1.1" 404 80913 "-" "meta-externalagent/1.1 (+https://developers.facebook.com/docs/sharing/webmasters/crawler)"
209.74.77.214 - - [21/Jul/2025:12:09:09 +0000] "POST /wp-cron.php?doing_wp_cron=1753099749.5836279392242431640625 HTTP/1.1" 200 - "-" "WordPress/6.8.2; https://diamondtiptiling.com"
57.141.2.11 - - [21/Jul/2025:12:09:09 +0000] "GET /shopdetail/100755781 HTTP/1.1" 404 80913 "-" "meta-externalagent/1.1 (+https://developers.facebook.com/docs/sharing/webmasters/crawler)"
57.141.2.24 - - [21/Jul/2025:12:09:25 +0000] "GET /shopdetail/158186581 HTTP/1.1" 404 80913 "-" "meta-externalagent/1.1 (+https://developers.facebook.com/docs/sharing/webmasters/crawler)"
209.74.77.214 - - [21/Jul/2025:12:11:56 +0000] "POST /wp-cron.php?doing_wp_cron=1753099916.8339989185333251953125 HTTP/1.1" 200 - "-" "WordPress/6.8.2; https://diamondtiptiling.com"
57.141.2.10 - - [21/Jul/2025:12:11:54 +0000] "GET /shopdetail/140195981 HTTP/1.1" 404 80913 "-" "meta-externalagent/1.1 (+https://developers.facebook.com/docs/sharing/webmasters/crawler)"
209.74.77.214 - - [21/Jul/2025:12:18:00 +0000] "POST /wp-cron.php?doing_wp_cron=1753100280.5511040687561035156250 HTTP/1.1" 200 - "-" "WordPress/6.8.2; https://diamondtiptiling.com"
57.141.2.4 - - [21/Jul/2025:12:17:57 +0000] "GET /shopdetail/160496081 HTTP/1.1" 404 80913 "-" "meta-externalagent/1.1 (+https://developers.facebook.com/docs/sharing/webmasters/crawler)"
209.74.77.214 - - [21/Jul/2025:12:18:38 +0000] "POST /wp-cron.php?doing_wp_cron=1753100318.6991620063781738281250 HTTP/1.1" 200 - "-" "WordPress/6.8.2; https://diamondtiptiling.com"
57.141.2.2 - - [21/Jul/2025:12:18:36 +0000] "GET /product/676168991.shtm HTTP/1.1" 404 80913 "-" "meta-externalagent/1.1 (+https://developers.facebook.com/docs/sharing/webmasters/crawler)"
209.74.77.214 - - [21/Jul/2025:12:21:11 +0000] "POST /wp-cron.php?doing_wp_cron=1753100471.6438250541687011718750 HTTP/1.1" 200 - "-" "WordPress/6.8.2; https://diamondtiptiling.com"
57.141.2.1 - - [21/Jul/2025:12:21:09 +0000] "GET /shopdetail/212932081 HTTP/1.1" 404 80913 "-" "meta-externalagent/1.1 (+https://developers.facebook.com/docs/sharing/webmasters/crawler)"
209.74.77.214 - - [21/Jul/2025:12:22:57 +0000] "POST /wp-cron.php?doing_wp_cron=1753100577.5402369499206542968750 HTTP/1.1" 200 - "-" "WordPress/6.8.2; https://diamondtiptiling.com"
57.141.2.21 - - [21/Jul/2025:12:22:55 +0000] "GET /shopdetail/75965381 HTTP/1.1" 404 80913 "-" "meta-externalagent/1.1 (+https://developers.facebook.com/docs/sharing/webmasters/crawler)"
57.141.2.9 - - [21/Jul/2025:12:23:04 +0000] "GET /shopdetail/79915481 HTTP/1.1" 404 80913 "-" "meta-externalagent/1.1 (+https://developers.facebook.com/docs/sharing/webmasters/crawler)"
209.74.77.214 - - [21/Jul/2025:12:23:14 +0000] "POST /wp-cron.php?doing_wp_cron=1753100594.0549271106719970703125 HTTP/1.1" 200 - "-" "WordPress/6.8.2; https://diamondtiptiling.com"
57.141.2.11 - - [21/Jul/2025:12:23:13 +0000] "GET /shopdetail/167159381 HTTP/1.1" 404 80913 "-" "meta-externalagent/1.1 (+https://developers.facebook.com/docs/sharing/webmasters/crawler)"
57.141.2.9 - - [21/Jul/2025:12:23:18 +0000] "GET /shopdetail/145214181 HTTP/1.1" 404 80913 "-" "meta-externalagent/1.1 (+https://developers.facebook.com/docs/sharing/webmasters/crawler)"
209.74.77.214 - - [21/Jul/2025:12:25:49 +0000] "POST /wp-cron.php?doing_wp_cron=1753100749.4759650230407714843750 HTTP/1.1" 200 - "-" "WordPress/6.8.2; https://diamondtiptiling.com"
57.141.2.22 - - [21/Jul/2025:12:25:46 +0000] "GET /shopdetail/19196481 HTTP/1.1" 404 80913 "-" "meta-externalagent/1.1 (+https://developers.facebook.com/docs/sharing/webmasters/crawler)"
57.141.2.15 - - [21/Jul/2025:12:25:54 +0000] "GET /shopdetail/148577781 HTTP/1.1" 404 80913 "-" "meta-externalagent/1.1 (+https://developers.facebook.com/docs/sharing/webmasters/crawler)"
209.74.77.214 - - [21/Jul/2025:12:26:31 +0000] "POST /wp-cron.php?doing_wp_cron=1753100791.8311769962310791015625 HTTP/1.1" 200 - "-" "WordPress/6.8.2; https://diamondtiptiling.com"
57.141.2.22 - - [21/Jul/2025:12:26:29 +0000] "GET /shopdetail/119768881 HTTP/1.1" 404 80913 "-" "meta-externalagent/1.1 (+https://developers.facebook.com/docs/sharing/webmasters/crawler)"
209.74.77.214 - - [21/Jul/2025:12:27:13 +0000] "POST /wp-cron.php?doing_wp_cron=1753100833.2861609458923339843750 HTTP/1.1" 200 - "-" "WordPress/6.8.2; https://diamondtiptiling.com"
57.141.2.23 - - [21/Jul/2025:12:27:10 +0000] "GET /shopdetail/210216481 HTTP/1.1" 404 80913 "-" "meta-externalagent/1.1 (+https://developers.facebook.com/docs/sharing/webmasters/crawler)"
209.74.77.214 - - [21/Jul/2025:12:28:21 +0000] "POST /wp-cron.php?doing_wp_cron=1753100901.6412169933319091796875 HTTP/1.1" 200 - "-" "WordPress/6.8.2; https://diamondtiptiling.com"
57.141.2.29 - - [21/Jul/2025:12:28:19 +0000] "GET /shopdetail/182522781 HTTP/1.1" 404 80913 "-" "meta-externalagent/1.1 (+https://developers.facebook.com/docs/sharing/webmasters/crawler)"
57.141.2.30 - - [21/Jul/2025:12:28:37 +0000] "GET /shopdetail/112301981 HTTP/1.1" 404 80913 "-" "meta-externalagent/1.1 (+https://developers.facebook.com/docs/sharing/webmasters/crawler)"
209.74.77.214 - - [21/Jul/2025:12:29:49 +0000] "POST /wp-cron.php?doing_wp_cron=1753100989.3300719261169433593750 HTTP/1.1" 200 - "-" "WordPress/6.8.2; https://diamondtiptiling.com"
57.141.2.10 - - [21/Jul/2025:12:29:46 +0000] "GET /shopdetail/67945281 HTTP/1.1" 404 80913 "-" "meta-externalagent/1.1 (+https://developers.facebook.com/docs/sharing/webmasters/crawler)"
209.74.77.214 - - [21/Jul/2025:12:30:42 +0000] "POST /wp-cron.php?doing_wp_cron=1753101042.6881399154663085937500 HTTP/1.1" 200 - "-" "WordPress/6.8.2; https://diamondtiptiling.com"
57.141.2.20 - - [21/Jul/2025:12:30:40 +0000] "GET /shopdetail/66403581 HTTP/1.1" 404 80913 "-" "meta-externalagent/1.1 (+https://developers.facebook.com/docs/sharing/webmasters/crawler)"
57.141.2.29 - - [21/Jul/2025:12:30:47 +0000] "GET /shopdetail/115805081 HTTP/1.1" 404 80913 "-" "meta-externalagent/1.1 (+https://developers.facebook.com/docs/sharing/webmasters/crawler)"
209.74.77.214 - - [21/Jul/2025:12:34:22 +0000] "POST /wp-cron.php?doing_wp_cron=1753101262.5831670761108398437500 HTTP/1.1" 200 - "-" "WordPress/6.8.2; https://diamondtiptiling.com"
57.141.2.5 - - [21/Jul/2025:12:34:20 +0000] "GET /product/853247063.shtm HTTP/1.1" 404 80913 "-" "meta-externalagent/1.1 (+https://developers.facebook.com/docs/sharing/webmasters/crawler)"
209.74.77.214 - - [21/Jul/2025:12:36:47 +0000] "POST /wp-cron.php?doing_wp_cron=1753101407.6377570629119873046875 HTTP/1.1" 200 - "-" "WordPress/6.8.2; https://diamondtiptiling.com"
57.141.2.16 - - [21/Jul/2025:12:36:45 +0000] "GET /shopdetail/126240181 HTTP/1.1" 404 80913 "-" "meta-externalagent/1.1 (+https://developers.facebook.com/docs/sharing/webmasters/crawler)"
209.74.77.214 - - [21/Jul/2025:12:37:46 +0000] "POST /wp-cron.php?doing_wp_cron=1753101466.6456460952758789062500 HTTP/1.1" 200 - "-" "WordPress/6.8.2; https://diamondtiptiling.com"
57.141.2.20 - - [21/Jul/2025:12:37:43 +0000] "GET /shopdetail/164500581 HTTP/1.1" 404 80913 "-" "meta-externalagent/1.1 (+https://developers.facebook.com/docs/sharing/webmasters/crawler)"
209.74.77.214 - - [21/Jul/2025:12:40:34 +0000] "POST /wp-cron.php?doing_wp_cron=1753101633.9783220291137695312500 HTTP/1.1" 200 - "-" "WordPress/6.8.2; https://diamondtiptiling.com"
57.141.2.5 - - [21/Jul/2025:12:40:31 +0000] "GET /shopdetail/118485781 HTTP/1.1" 404 80913 "-" "meta-externalagent/1.1 (+https://developers.facebook.com/docs/sharing/webmasters/crawler)"
57.141.2.22 - - [21/Jul/2025:12:40:33 +0000] "GET /shopdetail/123820481 HTTP/1.1" 404 80913 "-" "meta-externalagent/1.1 (+https://developers.facebook.com/docs/sharing/webmasters/crawler)"
209.74.77.214 - - [21/Jul/2025:12:41:12 +0000] "POST /wp-cron.php?doing_wp_cron=1753101672.2205550670623779296875 HTTP/1.1" 200 - "-" "WordPress/6.8.2; https://diamondtiptiling.com"
57.141.2.13 - - [21/Jul/2025:12:41:10 +0000] "GET /shopdetail/164174481 HTTP/1.1" 404 80913 "-" "meta-externalagent/1.1 (+https://developers.facebook.com/docs/sharing/webmasters/crawler)"
209.74.77.214 - - [21/Jul/2025:12:44:24 +0000] "POST /wp-cron.php?doing_wp_cron=1753101864.8489880561828613281250 HTTP/1.1" 200 - "-" "WordPress/6.8.2; https://diamondtiptiling.com"
57.141.2.26 - - [21/Jul/2025:12:44:22 +0000] "GET /product/2854665997.shtm HTTP/1.1" 404 80913 "-" "meta-externalagent/1.1 (+https://developers.facebook.com/docs/sharing/webmasters/crawler)"
57.141.2.2 - - [21/Jul/2025:12:44:24 +0000] "GET /shopdetail/78953481 HTTP/1.1" 404 80913 "-" "meta-externalagent/1.1 (+https://developers.facebook.com/docs/sharing/webmasters/crawler)"
209.74.77.214 - - [21/Jul/2025:12:47:13 +0000] "POST /wp-cron.php?doing_wp_cron=1753102033.4023020267486572265625 HTTP/1.1" 200 - "-" "WordPress/6.8.2; https://diamondtiptiling.com"
57.141.2.10 - - [21/Jul/2025:12:47:12 +0000] "GET /shopdetail/70503981 HTTP/1.1" 404 80913 "-" "meta-externalagent/1.1 (+https://developers.facebook.com/docs/sharing/webmasters/crawler)"
209.74.77.214 - - [21/Jul/2025:12:49:37 +0000] "POST /wp-cron.php?doing_wp_cron=1753102177.3414809703826904296875 HTTP/1.1" 200 - "-" "WordPress/6.8.2; https://diamondtiptiling.com"
57.141.2.10 - - [21/Jul/2025:12:49:32 +0000] "GET /product/676555437.shtm HTTP/1.1" 404 80913 "-" "meta-externalagent/1.1 (+https://developers.facebook.com/docs/sharing/webmasters/crawler)"
57.141.2.8 - - [21/Jul/2025:12:49:41 +0000] "GET /shopdetail/124243081 HTTP/1.1" 404 80913 "-" "meta-externalagent/1.1 (+https://developers.facebook.com/docs/sharing/webmasters/crawler)"
209.74.77.214 - - [21/Jul/2025:12:51:32 +0000] "POST /wp-cron.php?doing_wp_cron=1753102292.1950950622558593750000 HTTP/1.1" 200 - "-" "WordPress/6.8.2; https://diamondtiptiling.com"
57.141.2.11 - - [21/Jul/2025:12:51:29 +0000] "GET /product/2783431718.shtm HTTP/1.1" 404 80913 "-" "meta-externalagent/1.1 (+https://developers.facebook.com/docs/sharing/webmasters/crawler)"
57.141.2.21 - - [21/Jul/2025:12:51:50 +0000] "GET /shopdetail/134126681 HTTP/1.1" 404 80913 "-" "meta-externalagent/1.1 (+https://developers.facebook.com/docs/sharing/webmasters/crawler)"
209.74.77.214 - - [21/Jul/2025:12:53:01 +0000] "POST /wp-cron.php?doing_wp_cron=1753102381.9229369163513183593750 HTTP/1.1" 200 - "-" "WordPress/6.8.2; https://diamondtiptiling.com"
57.141.2.3 - - [21/Jul/2025:12:52:57 +0000] "GET /product/2854035481.shtm HTTP/1.1" 404 80913 "-" "meta-externalagent/1.1 (+https://developers.facebook.com/docs/sharing/webmasters/crawler)"
57.141.2.16 - - [21/Jul/2025:12:53:03 +0000] "GET /shopdetail/21975181 HTTP/1.1" 404 80913 "-" "meta-externalagent/1.1 (+https://developers.facebook.com/docs/sharing/webmasters/crawler)"
57.141.2.20 - - [21/Jul/2025:12:53:05 +0000] "GET /shopdetail/141062981 HTTP/1.1" 404 80913 "-" "meta-externalagent/1.1 (+https://developers.facebook.com/docs/sharing/webmasters/crawler)"
209.74.77.214 - - [21/Jul/2025:12:54:05 +0000] "POST /wp-cron.php?doing_wp_cron=1753102445.6936810016632080078125 HTTP/1.1" 200 - "-" "WordPress/6.8.2; https://diamondtiptiling.com"
57.141.2.18 - - [21/Jul/2025:12:54:03 +0000] "GET /shopdetail/209684981 HTTP/1.1" 404 80913 "-" "meta-externalagent/1.1 (+https://developers.facebook.com/docs/sharing/webmasters/crawler)"
209.74.77.214 - - [21/Jul/2025:12:56:17 +0000] "POST /wp-cron.php?doing_wp_cron=1753102577.7666730880737304687500 HTTP/1.1" 200 - "-" "WordPress/6.8.2; https://diamondtiptiling.com"
57.141.2.1 - - [21/Jul/2025:12:56:14 +0000] "GET /product/676537374.shtm HTTP/1.1" 404 80913 "-" "meta-externalagent/1.1 (+https://developers.facebook.com/docs/sharing/webmasters/crawler)"
209.74.77.214 - - [21/Jul/2025:12:58:11 +0000] "POST /wp-cron.php?doing_wp_cron=1753102691.4618079662322998046875 HTTP/1.1" 200 - "-" "WordPress/6.8.2; https://diamondtiptiling.com"
57.141.2.24 - - [21/Jul/2025:12:58:06 +0000] "GET /shopdetail/114463181 HTTP/1.1" 404 80913 "-" "meta-externalagent/1.1 (+https://developers.facebook.com/docs/sharing/webmasters/crawler)"
209.74.77.214 - - [21/Jul/2025:13:00:28 +0000] "POST /wp-cron.php?doing_wp_cron=1753102827.9633989334106445312500 HTTP/1.1" 200 - "-" "WordPress/6.8.2; https://diamondtiptiling.com"
209.74.77.214 - - [21/Jul/2025:13:00:28 +0000] "POST /wp-cron.php?doing_wp_cron=1753102827.9643399715423583984375 HTTP/1.1" 200 - "-" "WordPress/6.8.2; https://diamondtiptiling.com"
57.141.2.7 - - [21/Jul/2025:13:00:24 +0000] "GET /shopdetail/181590581 HTTP/1.1" 404 80913 "-" "meta-externalagent/1.1 (+https://developers.facebook.com/docs/sharing/webmasters/crawler)"
57.141.2.14 - - [21/Jul/2025:13:00:27 +0000] "GET /shopdetail/131316981 HTTP/1.1" 404 80913 "-" "meta-externalagent/1.1 (+https://developers.facebook.com/docs/sharing/webmasters/crawler)"
57.141.2.28 - - [21/Jul/2025:13:01:02 +0000] "GET /product/853064485.shtm HTTP/1.1" 404 80913 "-" "meta-externalagent/1.1 (+https://developers.facebook.com/docs/sharing/webmasters/crawler)"
209.74.77.214 - - [21/Jul/2025:13:02:15 +0000] "POST /wp-cron.php?doing_wp_cron=1753102935.1977000236511230468750 HTTP/1.1" 200 - "-" "WordPress/6.8.2; https://diamondtiptiling.com"
57.141.2.25 - - [21/Jul/2025:13:02:11 +0000] "GET /shopdetail/66604981 HTTP/1.1" 404 80913 "-" "meta-externalagent/1.1 (+https://developers.facebook.com/docs/sharing/webmasters/crawler)"
57.141.2.12 - - [21/Jul/2025:13:02:59 +0000] "GET /product/675759233.shtm HTTP/1.1" 404 80913 "-" "meta-externalagent/1.1 (+https://developers.facebook.com/docs/sharing/webmasters/crawler)"
209.74.77.214 - - [21/Jul/2025:13:03:20 +0000] "POST /wp-cron.php?doing_wp_cron=1753103000.3942248821258544921875 HTTP/1.1" 200 - "-" "WordPress/6.8.2; https://diamondtiptiling.com"
57.141.2.12 - - [21/Jul/2025:13:03:18 +0000] "GET /shopdetail/27496081 HTTP/1.1" 404 80913 "-" "meta-externalagent/1.1 (+https://developers.facebook.com/docs/sharing/webmasters/crawler)"
209.74.77.214 - - [21/Jul/2025:13:04:13 +0000] "POST /wp-cron.php?doing_wp_cron=1753103053.6663799285888671875000 HTTP/1.1" 200 - "-" "WordPress/6.8.2; https://diamondtiptiling.com"
57.141.2.20 - - [21/Jul/2025:13:04:11 +0000] "GET /product/676564968.shtm HTTP/1.1" 404 80913 "-" "meta-externalagent/1.1 (+https://developers.facebook.com/docs/sharing/webmasters/crawler)"
66.249.74.36 - - [21/Jul/2025:13:04:28 +0000] "GET /shopdetail/160333481 HTTP/1.1" 200 19406 "-" "Mozilla/5.0 (Linux; Android 6.0.1; Nexus 5X Build/MMB29P) AppleWebKit/537.36 (KHTML, like Gecko) Chrome/137.0.7151.103 Mobile Safari/537.36 (compatible; Googlebot/2.1; +http://www.google.com/bot.html)"
57.141.2.12 - - [21/Jul/2025:13:04:31 +0000] "GET /shopdetail/50967381 HTTP/1.1" 404 80913 "-" "meta-externalagent/1.1 (+https://developers.facebook.com/docs/sharing/webmasters/crawler)"
66.249.74.35 - - [21/Jul/2025:13:04:32 +0000] "POST /get-message-notify HTTP/1.1" 200 18686 "https://diamondtiptiling.com/shopdetail/160333481" "Mozilla/5.0 (Linux; Android 6.0.1; Nexus 5X Build/MMB29P) AppleWebKit/537.36 (KHTML, like Gecko) Chrome/137.0.7151.119 Mobile Safari/537.36 (compatible; Googlebot/2.1; +http://www.google.com/bot.html)"
209.74.77.214 - - [21/Jul/2025:13:06:06 +0000] "POST /wp-cron.php?doing_wp_cron=1753103166.7196979522705078125000 HTTP/1.1" 200 - "-" "WordPress/6.8.2; https://diamondtiptiling.com"
57.141.2.28 - - [21/Jul/2025:13:06:04 +0000] "GET /shopdetail/56877081 HTTP/1.1" 404 80913 "-" "meta-externalagent/1.1 (+https://developers.facebook.com/docs/sharing/webmasters/crawler)"
66.249.74.36 - - [21/Jul/2025:13:08:33 +0000] "GET /shopdetail/33616981 HTTP/1.1" 200 17952 "-" "Mozilla/5.0 (Linux; Android 6.0.1; Nexus 5X Build/MMB29P) AppleWebKit/537.36 (KHTML, like Gecko) Chrome/137.0.7151.103 Mobile Safari/537.36 (compatible; GoogleOther)"
209.74.77.214 - - [21/Jul/2025:13:09:06 +0000] "POST /wp-cron.php?doing_wp_cron=1753103346.3480019569396972656250 HTTP/1.1" 200 - "-" "WordPress/6.8.2; https://diamondtiptiling.com"
57.141.2.24 - - [21/Jul/2025:13:09:02 +0000] "GET /shopdetail/126401081 HTTP/1.1" 404 80913 "-" "meta-externalagent/1.1 (+https://developers.facebook.com/docs/sharing/webmasters/crawler)"
57.141.2.21 - - [21/Jul/2025:13:09:29 +0000] "GET /shopdetail/51352381 HTTP/1.1" 404 80913 "-" "meta-externalagent/1.1 (+https://developers.facebook.com/docs/sharing/webmasters/crawler)"
209.74.77.214 - - [21/Jul/2025:13:11:28 +0000] "POST /wp-cron.php?doing_wp_cron=1753103488.3743400573730468750000 HTTP/1.1" 200 - "-" "WordPress/6.8.2; https://diamondtiptiling.com"
57.141.2.26 - - [21/Jul/2025:13:11:25 +0000] "GET /product/853433867.shtm HTTP/1.1" 404 80913 "-" "meta-externalagent/1.1 (+https://developers.facebook.com/docs/sharing/webmasters/crawler)"
57.141.2.15 - - [21/Jul/2025:13:11:42 +0000] "GET /shopdetail/128861681 HTTP/1.1" 404 80913 "-" "meta-externalagent/1.1 (+https://developers.facebook.com/docs/sharing/webmasters/crawler)"
57.141.2.15 - - [21/Jul/2025:13:11:51 +0000] "GET /?p=17 HTTP/1.1" 301 - "-" "meta-externalagent/1.1 (+https://developers.facebook.com/docs/sharing/webmasters/crawler)"
57.141.2.16 - - [21/Jul/2025:13:11:53 +0000] "GET /my-account/ HTTP/1.1" 200 95838 "-" "meta-externalagent/1.1 (+https://developers.facebook.com/docs/sharing/webmasters/crawler)"
209.74.77.214 - - [21/Jul/2025:13:13:10 +0000] "POST /wp-cron.php?doing_wp_cron=1753103590.7377319335937500000000 HTTP/1.1" 200 - "-" "WordPress/6.8.2; https://diamondtiptiling.com"
57.141.2.16 - - [21/Jul/2025:13:13:08 +0000] "GET /shopdetail/164446681 HTTP/1.1" 404 80913 "-" "meta-externalagent/1.1 (+https://developers.facebook.com/docs/sharing/webmasters/crawler)"
1.73.144.186 - - [21/Jul/2025:13:14:13 +0000] "GET /shopdetail/160122381 HTTP/1.1" 200 465 "https://www.google.com/" "Mozilla/5.0 (Linux; Android 10; K) AppleWebKit/537.36 (KHTML, like Gecko) Chrome/138.0.0.0 Mobile Safari/537.36"
216.73.216.66 - - [21/Jul/2025:13:15:01 +0000] "GET /robots.txt HTTP/1.1" 200 99 "-" "Mozilla/5.0 AppleWebKit/537.36 (KHTML, like Gecko; compatible; ClaudeBot/1.0; [email protected])"
216.73.216.66 - - [21/Jul/2025:13:15:01 +0000] "GET /sitemap.xml HTTP/1.1" 200 4522 "-" "Mozilla/5.0 AppleWebKit/537.36 (KHTML, like Gecko; compatible; ClaudeBot/1.0; [email protected])"
209.74.77.214 - - [21/Jul/2025:13:15:30 +0000] "POST /wp-cron.php?doing_wp_cron=1753103730.3028810024261474609375 HTTP/1.1" 200 - "-" "WordPress/6.8.2; https://diamondtiptiling.com"
57.141.2.6 - - [21/Jul/2025:13:15:28 +0000] "GET /shopdetail/154641581 HTTP/1.1" 404 80913 "-" "meta-externalagent/1.1 (+https://developers.facebook.com/docs/sharing/webmasters/crawler)"
57.141.2.29 - - [21/Jul/2025:13:15:39 +0000] "GET /shopdetail/37383781 HTTP/1.1" 404 80913 "-" "meta-externalagent/1.1 (+https://developers.facebook.com/docs/sharing/webmasters/crawler)"
57.141.2.17 - - [21/Jul/2025:13:15:55 +0000] "GET /product/675857934.shtm HTTP/1.1" 404 80913 "-" "meta-externalagent/1.1 (+https://developers.facebook.com/docs/sharing/webmasters/crawler)"
209.74.77.214 - - [21/Jul/2025:13:16:11 +0000] "POST /wp-cron.php?doing_wp_cron=1753103771.5218429565429687500000 HTTP/1.1" 200 - "-" "WordPress/6.8.2; https://diamondtiptiling.com"
57.141.2.8 - - [21/Jul/2025:13:16:11 +0000] "GET /shopdetail/145940681 HTTP/1.1" 404 80913 "-" "meta-externalagent/1.1 (+https://developers.facebook.com/docs/sharing/webmasters/crawler)"
209.74.77.214 - - [21/Jul/2025:13:17:07 +0000] "POST /wp-cron.php?doing_wp_cron=1753103827.5389599800109863281250 HTTP/1.1" 200 - "-" "WordPress/6.8.2; https://diamondtiptiling.com"
57.141.2.1 - - [21/Jul/2025:13:17:05 +0000] "GET /shopdetail/144977581 HTTP/1.1" 404 80913 "-" "meta-externalagent/1.1 (+https://developers.facebook.com/docs/sharing/webmasters/crawler)"
57.141.2.15 - - [21/Jul/2025:13:17:24 +0000] "GET /shopdetail/123520081 HTTP/1.1" 404 80913 "-" "meta-externalagent/1.1 (+https://developers.facebook.com/docs/sharing/webmasters/crawler)"
209.74.77.214 - - [21/Jul/2025:13:19:42 +0000] "POST /wp-cron.php?doing_wp_cron=1753103982.7201828956604003906250 HTTP/1.1" 200 - "-" "WordPress/6.8.2; https://diamondtiptiling.com"
57.141.2.27 - - [21/Jul/2025:13:19:41 +0000] "GET /product/675897251.shtm HTTP/1.1" 404 80913 "-" "meta-externalagent/1.1 (+https://developers.facebook.com/docs/sharing/webmasters/crawler)"
209.74.77.214 - - [21/Jul/2025:13:20:41 +0000] "POST /wp-cron.php?doing_wp_cron=1753104041.5897591114044189453125 HTTP/1.1" 200 - "-" "WordPress/6.8.2; https://diamondtiptiling.com"
57.141.2.10 - - [21/Jul/2025:13:20:38 +0000] "GET /shopdetail/188011081 HTTP/1.1" 404 80913 "-" "meta-externalagent/1.1 (+https://developers.facebook.com/docs/sharing/webmasters/crawler)"
57.141.2.10 - - [21/Jul/2025:13:20:47 +0000] "GET /shopdetail/112910981 HTTP/1.1" 404 80913 "-" "meta-externalagent/1.1 (+https://developers.facebook.com/docs/sharing/webmasters/crawler)"
209.74.77.214 - - [21/Jul/2025:13:22:38 +0000] "POST /wp-cron.php?doing_wp_cron=1753104158.8962039947509765625000 HTTP/1.1" 200 - "-" "WordPress/6.8.2; https://diamondtiptiling.com"
57.141.2.21 - - [21/Jul/2025:13:22:37 +0000] "GET /shopdetail/152499281 HTTP/1.1" 404 80913 "-" "meta-externalagent/1.1 (+https://developers.facebook.com/docs/sharing/webmasters/crawler)"
57.141.2.2 - - [21/Jul/2025:13:23:02 +0000] "GET /shopdetail/182810881 HTTP/1.1" 404 80913 "-" "meta-externalagent/1.1 (+https://developers.facebook.com/docs/sharing/webmasters/crawler)"
57.141.2.10 - - [21/Jul/2025:13:25:01 +0000] "GET /product/853221573.shtm HTTP/1.1" 503 - "-" "meta-externalagent/1.1 (+https://developers.facebook.com/docs/sharing/webmasters/crawler)"
209.74.77.214 - - [21/Jul/2025:13:50:29 +0000] "POST /wp-cron.php?doing_wp_cron=1753105829.4451720714569091796875 HTTP/1.1" 200 - "-" "WordPress/6.8.2; https://diamondtiptiling.com"
57.141.2.10 - - [21/Jul/2025:13:50:27 +0000] "GET /shopdetail/26345081 HTTP/1.1" 404 80913 "-" "meta-externalagent/1.1 (+https://developers.facebook.com/docs/sharing/webmasters/crawler)"
57.141.2.1 - - [21/Jul/2025:13:50:53 +0000] "GET /product/2854352890.shtm HTTP/1.1" 404 80913 "-" "meta-externalagent/1.1 (+https://developers.facebook.com/docs/sharing/webmasters/crawler)"
209.74.77.214 - - [21/Jul/2025:13:51:33 +0000] "POST /wp-cron.php?doing_wp_cron=1753105893.8785200119018554687500 HTTP/1.1" 200 - "-" "WordPress/6.8.2; https://diamondtiptiling.com"
57.141.2.30 - - [21/Jul/2025:13:51:32 +0000] "GET /shopdetail/92956581 HTTP/1.1" 404 80913 "-" "meta-externalagent/1.1 (+https://developers.facebook.com/docs/sharing/webmasters/crawler)"
57.141.2.15 - - [21/Jul/2025:13:52:02 +0000] "GET /shopdetail/57154381 HTTP/1.1" 404 80913 "-" "meta-externalagent/1.1 (+https://developers.facebook.com/docs/sharing/webmasters/crawler)"
209.74.77.214 - - [21/Jul/2025:13:53:14 +0000] "POST /wp-cron.php?doing_wp_cron=1753105994.2848730087280273437500 HTTP/1.1" 200 - "-" "WordPress/6.8.2; https://diamondtiptiling.com"
57.141.2.10 - - [21/Jul/2025:13:53:12 +0000] "GET /shopdetail/13613781 HTTP/1.1" 404 80913 "-" "meta-externalagent/1.1 (+https://developers.facebook.com/docs/sharing/webmasters/crawler)"
209.74.77.214 - - [21/Jul/2025:13:54:59 +0000] "POST /wp-cron.php?doing_wp_cron=1753106099.4861240386962890625000 HTTP/1.1" 200 - "-" "WordPress/6.8.2; https://diamondtiptiling.com"
57.141.2.22 - - [21/Jul/2025:13:54:57 +0000] "GET /product/676304887.shtm HTTP/1.1" 404 80913 "-" "meta-externalagent/1.1 (+https://developers.facebook.com/docs/sharing/webmasters/crawler)"
209.74.77.214 - - [21/Jul/2025:13:55:09 +0000] "POST /wp-cron.php?doing_wp_cron=1753106109.4349689483642578125000 HTTP/1.1" 200 - "-" "WordPress/6.8.2; https://diamondtiptiling.com"
57.141.2.23 - - [21/Jul/2025:13:55:09 +0000] "GET /shopdetail/156133581 HTTP/1.1" 404 80913 "-" "meta-externalagent/1.1 (+https://developers.facebook.com/docs/sharing/webmasters/crawler)"
57.141.2.6 - - [21/Jul/2025:13:55:44 +0000] "GET /shopdetail/173511481 HTTP/1.1" 404 80913 "-" "meta-externalagent/1.1 (+https://developers.facebook.com/docs/sharing/webmasters/crawler)"
216.73.216.35 - - [21/Jul/2025:13:56:48 +0000] "GET /sitemap.xml HTTP/1.1" 200 4564 "-" "Mozilla/5.0 AppleWebKit/537.36 (KHTML, like Gecko; compatible; ClaudeBot/1.0; [email protected])"
209.74.77.214 - - [21/Jul/2025:13:56:56 +0000] "POST /wp-cron.php?doing_wp_cron=1753106216.8122351169586181640625 HTTP/1.1" 200 - "-" "WordPress/6.8.2; https://diamondtiptiling.com"
57.141.2.19 - - [21/Jul/2025:13:56:55 +0000] "GET /product/852820295.shtm HTTP/1.1" 404 80913 "-" "meta-externalagent/1.1 (+https://developers.facebook.com/docs/sharing/webmasters/crawler)"
43.135.182.95 - - [21/Jul/2025:13:57:24 +0000] "GET / HTTP/1.1" 200 25850 "http://diamondtiptiling.com" "Mozilla/5.0 (iPhone; CPU iPhone OS 13_2_3 like Mac OS X) AppleWebKit/605.1.15 (KHTML, like Gecko) Version/13.0.3 Mobile/15E148 Safari/604.1"
57.141.2.23 - - [21/Jul/2025:13:57:29 +0000] "GET /shopdetail/101006881 HTTP/1.1" 404 80913 "-" "meta-externalagent/1.1 (+https://developers.facebook.com/docs/sharing/webmasters/crawler)"
57.141.2.14 - - [21/Jul/2025:13:57:40 +0000] "GET /shopdetail/174828181 HTTP/1.1" 404 80913 "-" "meta-externalagent/1.1 (+https://developers.facebook.com/docs/sharing/webmasters/crawler)"
57.141.2.21 - - [21/Jul/2025:13:57:57 +0000] "GET /shopdetail/31331981 HTTP/1.1" 404 80913 "-" "meta-externalagent/1.1 (+https://developers.facebook.com/docs/sharing/webmasters/crawler)"
209.74.77.214 - - [21/Jul/2025:13:58:51 +0000] "POST /wp-cron.php?doing_wp_cron=1753106331.8043069839477539062500 HTTP/1.1" 200 - "-" "WordPress/6.8.2; https://diamondtiptiling.com"
57.141.2.6 - - [21/Jul/2025:13:58:50 +0000] "GET /shopdetail/76377981 HTTP/1.1" 404 80913 "-" "meta-externalagent/1.1 (+https://developers.facebook.com/docs/sharing/webmasters/crawler)"
209.74.77.214 - - [21/Jul/2025:13:59:40 +0000] "POST /wp-cron.php?doing_wp_cron=1753106380.7755990028381347656250 HTTP/1.1" 200 - "-" "WordPress/6.8.2; https://diamondtiptiling.com"
57.141.2.21 - - [21/Jul/2025:13:59:39 +0000] "GET /product/853274731.shtm HTTP/1.1" 404 80913 "-" "meta-externalagent/1.1 (+https://developers.facebook.com/docs/sharing/webmasters/crawler)"
209.74.77.214 - - [21/Jul/2025:14:02:40 +0000] "POST /wp-cron.php?doing_wp_cron=1753106560.2287878990173339843750 HTTP/1.1" 200 - "-" "WordPress/6.8.2; https://diamondtiptiling.com"
57.141.2.4 - - [21/Jul/2025:14:02:38 +0000] "GET /shopdetail/167171881 HTTP/1.1" 404 80913 "-" "meta-externalagent/1.1 (+https://developers.facebook.com/docs/sharing/webmasters/crawler)"
209.74.77.214 - - [21/Jul/2025:14:07:20 +0000] "POST /wp-cron.php?doing_wp_cron=1753106840.5752298831939697265625 HTTP/1.1" 200 - "-" "WordPress/6.8.2; https://diamondtiptiling.com"
57.141.2.21 - - [21/Jul/2025:14:07:18 +0000] "GET /shopdetail/30616481 HTTP/1.1" 404 80913 "-" "meta-externalagent/1.1 (+https://developers.facebook.com/docs/sharing/webmasters/crawler)"
209.74.77.214 - - [21/Jul/2025:14:12:44 +0000] "POST /wp-cron.php?doing_wp_cron=1753107164.3627340793609619140625 HTTP/1.1" 200 - "-" "WordPress/6.8.2; https://diamondtiptiling.com"
57.141.2.14 - - [21/Jul/2025:14:12:42 +0000] "GET /product/676443966.shtm HTTP/1.1" 404 80913 "-" "meta-externalagent/1.1 (+https://developers.facebook.com/docs/sharing/webmasters/crawler)"
209.74.77.214 - - [21/Jul/2025:14:13:20 +0000] "POST /wp-cron.php?doing_wp_cron=1753107200.4435729980468750000000 HTTP/1.1" 200 - "-" "WordPress/6.8.2; https://diamondtiptiling.com"
57.141.2.22 - - [21/Jul/2025:14:13:18 +0000] "GET /product/676283707.shtm HTTP/1.1" 404 80913 "-" "meta-externalagent/1.1 (+https://developers.facebook.com/docs/sharing/webmasters/crawler)"
209.74.77.214 - - [21/Jul/2025:14:19:49 +0000] "POST /wp-cron.php?doing_wp_cron=1753107589.5696959495544433593750 HTTP/1.1" 200 - "-" "WordPress/6.8.2; https://diamondtiptiling.com"
57.141.2.4 - - [21/Jul/2025:14:19:47 +0000] "GET /product/675999131.shtm HTTP/1.1" 404 80913 "-" "meta-externalagent/1.1 (+https://developers.facebook.com/docs/sharing/webmasters/crawler)"
209.74.77.214 - - [21/Jul/2025:14:20:06 +0000] "POST /wp-cron.php?doing_wp_cron=1753107606.2547130584716796875000 HTTP/1.1" 200 - "-" "WordPress/6.8.2; https://diamondtiptiling.com"
57.141.2.3 - - [21/Jul/2025:14:20:06 +0000] "GET /product/2854241417.shtm HTTP/1.1" 404 80913 "-" "meta-externalagent/1.1 (+https://developers.facebook.com/docs/sharing/webmasters/crawler)"
51.222.253.14 - - [21/Jul/2025:14:20:22 +0000] "GET /home-rtl-2/ HTTP/1.1" 200 28273 "-" "Mozilla/5.0 (compatible; AhrefsBot/7.0; +http://ahrefs.com/robot/)"
57.141.2.11 - - [21/Jul/2025:14:21:02 +0000] "GET /shopdetail/180865681 HTTP/1.1" 404 80913 "-" "meta-externalagent/1.1 (+https://developers.facebook.com/docs/sharing/webmasters/crawler)"
209.74.77.214 - - [21/Jul/2025:14:21:40 +0000] "POST /wp-cron.php?doing_wp_cron=1753107700.1182940006256103515625 HTTP/1.1" 200 - "-" "WordPress/6.8.2; https://diamondtiptiling.com"
57.141.2.27 - - [21/Jul/2025:14:21:38 +0000] "GET /shopdetail/174651281 HTTP/1.1" 404 80913 "-" "meta-externalagent/1.1 (+https://developers.facebook.com/docs/sharing/webmasters/crawler)"
209.74.77.214 - - [21/Jul/2025:14:23:18 +0000] "POST /wp-cron.php?doing_wp_cron=1753107798.1367030143737792968750 HTTP/1.1" 200 - "-" "WordPress/6.8.2; https://diamondtiptiling.com"
57.141.2.2 - - [21/Jul/2025:14:23:16 +0000] "GET /shopdetail/49837781 HTTP/1.1" 404 80913 "-" "meta-externalagent/1.1 (+https://developers.facebook.com/docs/sharing/webmasters/crawler)"
209.74.77.214 - - [21/Jul/2025:14:26:06 +0000] "POST /wp-cron.php?doing_wp_cron=1753107966.2731449604034423828125 HTTP/1.1" 200 - "-" "WordPress/6.8.2; https://diamondtiptiling.com"
57.141.2.10 - - [21/Jul/2025:14:26:04 +0000] "GET /shopdetail/70397181 HTTP/1.1" 404 80913 "-" "meta-externalagent/1.1 (+https://developers.facebook.com/docs/sharing/webmasters/crawler)"
66.249.74.36 - - [21/Jul/2025:14:26:33 +0000] "GET /shopdetail/94281381 HTTP/1.1" 200 18517 "-" "Mozilla/5.0 (Linux; Android 6.0.1; Nexus 5X Build/MMB29P) AppleWebKit/537.36 (KHTML, like Gecko) Chrome/137.0.7151.103 Mobile Safari/537.36 (compatible; GoogleOther)"
209.74.77.214 - - [21/Jul/2025:14:27:42 +0000] "POST /wp-cron.php?doing_wp_cron=1753108062.0067620277404785156250 HTTP/1.1" 200 - "-" "WordPress/6.8.2; https://diamondtiptiling.com"
57.141.2.25 - - [21/Jul/2025:14:27:40 +0000] "GET /shopdetail/119125481 HTTP/1.1" 404 80913 "-" "meta-externalagent/1.1 (+https://developers.facebook.com/docs/sharing/webmasters/crawler)"
209.74.77.214 - - [21/Jul/2025:14:32:06 +0000] "POST /wp-cron.php?doing_wp_cron=1753108326.8069999217987060546875 HTTP/1.1" 200 - "-" "WordPress/6.8.2; https://diamondtiptiling.com"
57.141.2.10 - - [21/Jul/2025:14:32:05 +0000] "GET /shopdetail/176792081 HTTP/1.1" 404 80913 "-" "meta-externalagent/1.1 (+https://developers.facebook.com/docs/sharing/webmasters/crawler)"
57.141.2.14 - - [21/Jul/2025:14:32:27 +0000] "GET /shopdetail/175154081 HTTP/1.1" 404 80913 "-" "meta-externalagent/1.1 (+https://developers.facebook.com/docs/sharing/webmasters/crawler)"
209.74.77.214 - - [21/Jul/2025:14:34:08 +0000] "POST /wp-cron.php?doing_wp_cron=1753108448.0170149803161621093750 HTTP/1.1" 200 - "-" "WordPress/6.8.2; https://diamondtiptiling.com"
57.141.2.22 - - [21/Jul/2025:14:34:06 +0000] "GET /product/2854041903.shtm HTTP/1.1" 404 80913 "-" "meta-externalagent/1.1 (+https://developers.facebook.com/docs/sharing/webmasters/crawler)"
57.141.2.7 - - [21/Jul/2025:14:34:53 +0000] "GET /product/2854669242.shtm HTTP/1.1" 404 80913 "-" "meta-externalagent/1.1 (+https://developers.facebook.com/docs/sharing/webmasters/crawler)"
57.141.2.1 - - [21/Jul/2025:14:34:54 +0000] "GET /shopdetail/198971281 HTTP/1.1" 404 80913 "-" "meta-externalagent/1.1 (+https://developers.facebook.com/docs/sharing/webmasters/crawler)"
209.74.77.214 - - [21/Jul/2025:14:36:05 +0000] "POST /wp-cron.php?doing_wp_cron=1753108565.7608239650726318359375 HTTP/1.1" 200 - "-" "WordPress/6.8.2; https://diamondtiptiling.com"
57.141.2.7 - - [21/Jul/2025:14:36:04 +0000] "GET /shopdetail/157862281 HTTP/1.1" 404 80913 "-" "meta-externalagent/1.1 (+https://developers.facebook.com/docs/sharing/webmasters/crawler)"
209.74.77.214 - - [21/Jul/2025:14:36:18 +0000] "POST /wp-cron.php?doing_wp_cron=1753108578.4250400066375732421875 HTTP/1.1" 200 - "-" "WordPress/6.8.2; https://diamondtiptiling.com"
57.141.2.3 - - [21/Jul/2025:14:36:18 +0000] "GET /shopdetail/162070581 HTTP/1.1" 404 80913 "-" "meta-externalagent/1.1 (+https://developers.facebook.com/docs/sharing/webmasters/crawler)"
209.74.77.214 - - [21/Jul/2025:14:39:03 +0000] "POST /wp-cron.php?doing_wp_cron=1753108743.3628940582275390625000 HTTP/1.1" 200 - "-" "WordPress/6.8.2; https://diamondtiptiling.com"
57.141.2.1 - - [21/Jul/2025:14:39:00 +0000] "GET /shopdetail/55269481 HTTP/1.1" 404 80913 "-" "meta-externalagent/1.1 (+https://developers.facebook.com/docs/sharing/webmasters/crawler)"
209.74.77.214 - - [21/Jul/2025:14:40:41 +0000] "POST /wp-cron.php?doing_wp_cron=1753108841.3099920749664306640625 HTTP/1.1" 200 - "-" "WordPress/6.8.2; https://diamondtiptiling.com"
57.141.2.1 - - [21/Jul/2025:14:40:39 +0000] "GET /shopdetail/87786581 HTTP/1.1" 404 80913 "-" "meta-externalagent/1.1 (+https://developers.facebook.com/docs/sharing/webmasters/crawler)"
209.74.77.214 - - [21/Jul/2025:14:42:15 +0000] "POST /wp-cron.php?doing_wp_cron=1753108935.5812160968780517578125 HTTP/1.1" 200 - "-" "WordPress/6.8.2; https://diamondtiptiling.com"
57.141.2.30 - - [21/Jul/2025:14:42:13 +0000] "GET /shopdetail/189404881 HTTP/1.1" 404 80913 "-" "meta-externalagent/1.1 (+https://developers.facebook.com/docs/sharing/webmasters/crawler)"
57.141.2.8 - - [21/Jul/2025:14:42:18 +0000] "GET /product/676012962.shtm HTTP/1.1" 404 80913 "-" "meta-externalagent/1.1 (+https://developers.facebook.com/docs/sharing/webmasters/crawler)"
57.141.2.24 - - [21/Jul/2025:14:42:22 +0000] "GET /product/853350056.shtm HTTP/1.1" 404 80913 "-" "meta-externalagent/1.1 (+https://developers.facebook.com/docs/sharing/webmasters/crawler)"
209.74.77.214 - - [21/Jul/2025:14:46:10 +0000] "POST /wp-cron.php?doing_wp_cron=1753109170.7019319534301757812500 HTTP/1.1" 200 - "-" "WordPress/6.8.2; https://diamondtiptiling.com"
57.141.2.2 - - [21/Jul/2025:14:46:09 +0000] "GET /shopdetail/188583481 HTTP/1.1" 404 80913 "-" "meta-externalagent/1.1 (+https://developers.facebook.com/docs/sharing/webmasters/crawler)"
209.74.77.214 - - [21/Jul/2025:14:47:57 +0000] "POST /wp-cron.php?doing_wp_cron=1753109277.8281719684600830078125 HTTP/1.1" 200 - "-" "WordPress/6.8.2; https://diamondtiptiling.com"
57.141.2.19 - - [21/Jul/2025:14:47:56 +0000] "GET /product/2854037667.shtm HTTP/1.1" 404 80913 "-" "meta-externalagent/1.1 (+https://developers.facebook.com/docs/sharing/webmasters/crawler)"
209.74.77.214 - - [21/Jul/2025:14:48:48 +0000] "POST /wp-cron.php?doing_wp_cron=1753109328.9023780822753906250000 HTTP/1.1" 200 - "-" "WordPress/6.8.2; https://diamondtiptiling.com"
57.141.2.26 - - [21/Jul/2025:14:48:47 +0000] "GET /shopdetail/134580581 HTTP/1.1" 404 80913 "-" "meta-externalagent/1.1 (+https://developers.facebook.com/docs/sharing/webmasters/crawler)"
209.74.77.214 - - [21/Jul/2025:14:49:58 +0000] "POST /wp-cron.php?doing_wp_cron=1753109398.6075620651245117187500 HTTP/1.1" 200 - "-" "WordPress/6.8.2; https://diamondtiptiling.com"
57.141.2.14 - - [21/Jul/2025:14:49:56 +0000] "GET /shopdetail/146018681 HTTP/1.1" 404 80913 "-" "meta-externalagent/1.1 (+https://developers.facebook.com/docs/sharing/webmasters/crawler)"
209.74.77.214 - - [21/Jul/2025:14:52:06 +0000] "POST /wp-cron.php?doing_wp_cron=1753109526.0468370914459228515625 HTTP/1.1" 200 - "-" "WordPress/6.8.2; https://diamondtiptiling.com"
57.141.2.23 - - [21/Jul/2025:14:52:04 +0000] "GET /product/676488516.shtm HTTP/1.1" 404 80913 "-" "meta-externalagent/1.1 (+https://developers.facebook.com/docs/sharing/webmasters/crawler)"
57.141.2.23 - - [21/Jul/2025:14:52:17 +0000] "GET /shop/storeSearch/CriteriaInput.aspx HTTP/1.1" 404 80913 "-" "meta-externalagent/1.1 (+https://developers.facebook.com/docs/sharing/webmasters/crawler)"
57.141.2.21 - - [21/Jul/2025:14:52:28 +0000] "GET /shop/pg/1recruit/ HTTP/1.1" 404 80913 "-" "meta-externalagent/1.1 (+https://developers.facebook.com/docs/sharing/webmasters/crawler)"
209.74.77.214 - - [21/Jul/2025:14:53:29 +0000] "POST /wp-cron.php?doing_wp_cron=1753109609.8741528987884521484375 HTTP/1.1" 200 - "-" "WordPress/6.8.2; https://diamondtiptiling.com"
57.141.2.14 - - [21/Jul/2025:14:53:28 +0000] "GET /shopdetail/71955481 HTTP/1.1" 404 80913 "-" "meta-externalagent/1.1 (+https://developers.facebook.com/docs/sharing/webmasters/crawler)"
209.74.77.214 - - [21/Jul/2025:14:57:12 +0000] "POST /wp-cron.php?doing_wp_cron=1753109832.8066399097442626953125 HTTP/1.1" 200 - "-" "WordPress/6.8.2; https://diamondtiptiling.com"
57.141.2.18 - - [21/Jul/2025:14:57:11 +0000] "GET /shopdetail/86059781 HTTP/1.1" 404 80913 "-" "meta-externalagent/1.1 (+https://developers.facebook.com/docs/sharing/webmasters/crawler)"
209.74.77.214 - - [21/Jul/2025:14:59:42 +0000] "POST /wp-cron.php?doing_wp_cron=1753109982.1194291114807128906250 HTTP/1.1" 200 - "-" "WordPress/6.8.2; https://diamondtiptiling.com"
57.141.2.10 - - [21/Jul/2025:14:59:39 +0000] "GET /shopdetail/127408281 HTTP/1.1" 404 80913 "-" "meta-externalagent/1.1 (+https://developers.facebook.com/docs/sharing/webmasters/crawler)"
209.74.77.214 - - [21/Jul/2025:15:00:41 +0000] "POST /wp-cron.php?doing_wp_cron=1753110041.1898210048675537109375 HTTP/1.1" 200 - "-" "WordPress/6.8.2; https://diamondtiptiling.com"
57.141.2.24 - - [21/Jul/2025:15:00:39 +0000] "GET /shopdetail/144446181 HTTP/1.1" 404 80913 "-" "meta-externalagent/1.1 (+https://developers.facebook.com/docs/sharing/webmasters/crawler)"
209.74.77.214 - - [21/Jul/2025:15:02:04 +0000] "POST /wp-cron.php?doing_wp_cron=1753110124.8666129112243652343750 HTTP/1.1" 200 - "-" "WordPress/6.8.2; https://diamondtiptiling.com"
57.141.2.9 - - [21/Jul/2025:15:02:03 +0000] "GET /shopdetail/101410981 HTTP/1.1" 404 80913 "-" "meta-externalagent/1.1 (+https://developers.facebook.com/docs/sharing/webmasters/crawler)"
209.74.77.214 - - [21/Jul/2025:15:02:51 +0000] "POST /wp-cron.php?doing_wp_cron=1753110171.4134390354156494140625 HTTP/1.1" 200 - "-" "WordPress/6.8.2; https://diamondtiptiling.com"
57.141.2.1 - - [21/Jul/2025:15:02:49 +0000] "GET /shopdetail/170665981 HTTP/1.1" 404 80913 "-" "meta-externalagent/1.1 (+https://developers.facebook.com/docs/sharing/webmasters/crawler)"
57.141.2.5 - - [21/Jul/2025:15:02:57 +0000] "GET /shopdetail/53787381 HTTP/1.1" 404 80913 "-" "meta-externalagent/1.1 (+https://developers.facebook.com/docs/sharing/webmasters/crawler)"
209.74.77.214 - - [21/Jul/2025:15:05:42 +0000] "POST /wp-cron.php?doing_wp_cron=1753110342.3961980342864990234375 HTTP/1.1" 200 - "-" "WordPress/6.8.2; https://diamondtiptiling.com"
57.141.2.3 - - [21/Jul/2025:15:05:40 +0000] "GET /shopdetail/179420581 HTTP/1.1" 404 80913 "-" "meta-externalagent/1.1 (+https://developers.facebook.com/docs/sharing/webmasters/crawler)"
209.74.77.214 - - [21/Jul/2025:15:06:07 +0000] "POST /wp-cron.php?doing_wp_cron=1753110367.8355538845062255859375 HTTP/1.1" 200 - "-" "WordPress/6.8.2; https://diamondtiptiling.com"
57.141.2.15 - - [21/Jul/2025:15:06:07 +0000] "GET /product/676557559.shtm HTTP/1.1" 404 80913 "-" "meta-externalagent/1.1 (+https://developers.facebook.com/docs/sharing/webmasters/crawler)"
57.141.2.2 - - [21/Jul/2025:15:06:20 +0000] "GET /shopdetail/210518581 HTTP/1.1" 404 80913 "-" "meta-externalagent/1.1 (+https://developers.facebook.com/docs/sharing/webmasters/crawler)"
209.74.77.214 - - [21/Jul/2025:15:07:45 +0000] "POST /wp-cron.php?doing_wp_cron=1753110465.3567619323730468750000 HTTP/1.1" 200 - "-" "WordPress/6.8.2; https://diamondtiptiling.com"
57.141.2.13 - - [21/Jul/2025:15:07:43 +0000] "GET /shopdetail/65607381 HTTP/1.1" 404 80913 "-" "meta-externalagent/1.1 (+https://developers.facebook.com/docs/sharing/webmasters/crawler)"
209.74.77.214 - - [21/Jul/2025:15:09:18 +0000] "POST /wp-cron.php?doing_wp_cron=1753110558.2866179943084716796875 HTTP/1.1" 200 - "-" "WordPress/6.8.2; https://diamondtiptiling.com"
57.141.2.26 - - [21/Jul/2025:15:09:16 +0000] "GET /shopdetail/127261681 HTTP/1.1" 404 80913 "-" "meta-externalagent/1.1 (+https://developers.facebook.com/docs/sharing/webmasters/crawler)"
57.141.2.8 - - [21/Jul/2025:15:09:50 +0000] "GET /shopdetail/181278381 HTTP/1.1" 404 80913 "-" "meta-externalagent/1.1 (+https://developers.facebook.com/docs/sharing/webmasters/crawler)"
57.141.2.21 - - [21/Jul/2025:15:09:52 +0000] "GET /shopdetail/99091581 HTTP/1.1" 404 80913 "-" "meta-externalagent/1.1 (+https://developers.facebook.com/docs/sharing/webmasters/crawler)"
209.74.77.214 - - [21/Jul/2025:15:10:44 +0000] "POST /wp-cron.php?doing_wp_cron=1753110644.6371359825134277343750 HTTP/1.1" 200 - "-" "WordPress/6.8.2; https://diamondtiptiling.com"
57.141.2.15 - - [21/Jul/2025:15:10:43 +0000] "GET /shopdetail/201561181 HTTP/1.1" 404 80913 "-" "meta-externalagent/1.1 (+https://developers.facebook.com/docs/sharing/webmasters/crawler)"
57.141.2.26 - - [21/Jul/2025:15:11:05 +0000] "GET /product/676100010.shtm HTTP/1.1" 404 80913 "-" "meta-externalagent/1.1 (+https://developers.facebook.com/docs/sharing/webmasters/crawler)"
209.74.77.214 - - [21/Jul/2025:15:11:07 +0000] "POST /wp-cron.php?doing_wp_cron=1753110667.8722720146179199218750 HTTP/1.1" 200 - "-" "WordPress/6.8.2; https://diamondtiptiling.com"
57.141.2.13 - - [21/Jul/2025:15:11:07 +0000] "GET /shopdetail/106573881 HTTP/1.1" 404 80913 "-" "meta-externalagent/1.1 (+https://developers.facebook.com/docs/sharing/webmasters/crawler)"
57.141.2.7 - - [21/Jul/2025:15:11:31 +0000] "GET /shopdetail/56409381 HTTP/1.1" 404 80913 "-" "meta-externalagent/1.1 (+https://developers.facebook.com/docs/sharing/webmasters/crawler)"
209.74.77.214 - - [21/Jul/2025:15:12:44 +0000] "POST /wp-cron.php?doing_wp_cron=1753110764.4353520870208740234375 HTTP/1.1" 200 - "-" "WordPress/6.8.2; https://diamondtiptiling.com"
57.141.2.21 - - [21/Jul/2025:15:12:42 +0000] "GET /product/2854640515.shtm HTTP/1.1" 404 80913 "-" "meta-externalagent/1.1 (+https://developers.facebook.com/docs/sharing/webmasters/crawler)"
209.74.77.214 - - [21/Jul/2025:15:13:49 +0000] "POST /wp-cron.php?doing_wp_cron=1753110829.8495140075683593750000 HTTP/1.1" 200 - "-" "WordPress/6.8.2; https://diamondtiptiling.com"
57.141.2.27 - - [21/Jul/2025:15:13:48 +0000] "GET /shopdetail/110373181 HTTP/1.1" 404 80913 "-" "meta-externalagent/1.1 (+https://developers.facebook.com/docs/sharing/webmasters/crawler)"
209.74.77.214 - - [21/Jul/2025:15:17:11 +0000] "POST /wp-cron.php?doing_wp_cron=1753111031.4274160861968994140625 HTTP/1.1" 200 - "-" "WordPress/6.8.2; https://diamondtiptiling.com"
57.141.2.17 - - [21/Jul/2025:15:17:09 +0000] "GET /product/675800604.shtm HTTP/1.1" 404 80913 "-" "meta-externalagent/1.1 (+https://developers.facebook.com/docs/sharing/webmasters/crawler)"
57.141.2.10 - - [21/Jul/2025:15:17:38 +0000] "GET /shopdetail/16936881 HTTP/1.1" 404 80913 "-" "meta-externalagent/1.1 (+https://developers.facebook.com/docs/sharing/webmasters/crawler)"
209.74.77.214 - - [21/Jul/2025:15:25:41 +0000] "POST /wp-cron.php?doing_wp_cron=1753111541.0720849037170410156250 HTTP/1.1" 200 - "-" "WordPress/6.8.2; https://diamondtiptiling.com"
57.141.2.23 - - [21/Jul/2025:15:25:39 +0000] "GET /product/2854727563.shtm HTTP/1.1" 404 80913 "-" "meta-externalagent/1.1 (+https://developers.facebook.com/docs/sharing/webmasters/crawler)"
209.74.77.214 - - [21/Jul/2025:15:28:26 +0000] "POST /wp-cron.php?doing_wp_cron=1753111706.9709980487823486328125 HTTP/1.1" 200 - "-" "WordPress/6.8.2; https://diamondtiptiling.com"
57.141.2.23 - - [21/Jul/2025:15:28:25 +0000] "GET /product/852770382.shtm HTTP/1.1" 404 80913 "-" "meta-externalagent/1.1 (+https://developers.facebook.com/docs/sharing/webmasters/crawler)"
57.141.2.6 - - [21/Jul/2025:15:28:27 +0000] "GET /product/852796991.shtm HTTP/1.1" 404 80913 "-" "meta-externalagent/1.1 (+https://developers.facebook.com/docs/sharing/webmasters/crawler)"
209.74.77.214 - - [21/Jul/2025:15:29:31 +0000] "POST /wp-cron.php?doing_wp_cron=1753111771.1897981166839599609375 HTTP/1.1" 200 - "-" "WordPress/6.8.2; https://diamondtiptiling.com"
57.141.2.18 - - [21/Jul/2025:15:29:29 +0000] "GET /shopdetail/966081 HTTP/1.1" 404 80913 "-" "meta-externalagent/1.1 (+https://developers.facebook.com/docs/sharing/webmasters/crawler)"
209.74.77.214 - - [21/Jul/2025:15:32:05 +0000] "POST /wp-cron.php?doing_wp_cron=1753111925.5375399589538574218750 HTTP/1.1" 200 - "-" "WordPress/6.8.2; https://diamondtiptiling.com"
57.141.2.7 - - [21/Jul/2025:15:32:03 +0000] "GET /product/2854246776.shtm HTTP/1.1" 404 80913 "-" "meta-externalagent/1.1 (+https://developers.facebook.com/docs/sharing/webmasters/crawler)"
209.74.77.214 - - [21/Jul/2025:15:32:46 +0000] "POST /wp-cron.php?doing_wp_cron=1753111966.7310020923614501953125 HTTP/1.1" 200 - "-" "WordPress/6.8.2; https://diamondtiptiling.com"
57.141.2.21 - - [21/Jul/2025:15:32:45 +0000] "GET /shopdetail/172066081 HTTP/1.1" 404 80913 "-" "meta-externalagent/1.1 (+https://developers.facebook.com/docs/sharing/webmasters/crawler)"
209.74.77.214 - - [21/Jul/2025:15:35:08 +0000] "POST /wp-cron.php?doing_wp_cron=1753112108.2475380897521972656250 HTTP/1.1" 200 - "-" "WordPress/6.8.2; https://diamondtiptiling.com"
57.141.2.5 - - [21/Jul/2025:15:35:06 +0000] "GET /shopdetail/189708581 HTTP/1.1" 404 80913 "-" "meta-externalagent/1.1 (+https://developers.facebook.com/docs/sharing/webmasters/crawler)"
209.74.77.214 - - [21/Jul/2025:15:39:59 +0000] "POST /wp-cron.php?doing_wp_cron=1753112399.4627270698547363281250 HTTP/1.1" 200 - "-" "WordPress/6.8.2; https://diamondtiptiling.com"
57.141.2.27 - - [21/Jul/2025:15:39:57 +0000] "GET /shopdetail/115279481 HTTP/1.1" 404 80913 "-" "meta-externalagent/1.1 (+https://developers.facebook.com/docs/sharing/webmasters/crawler)"
209.74.77.214 - - [21/Jul/2025:15:40:20 +0000] "POST /wp-cron.php?doing_wp_cron=1753112420.3169970512390136718750 HTTP/1.1" 200 - "-" "WordPress/6.8.2; https://diamondtiptiling.com"
57.141.2.19 - - [21/Jul/2025:15:40:20 +0000] "GET /product/676551201.shtm HTTP/1.1" 404 80913 "-" "meta-externalagent/1.1 (+https://developers.facebook.com/docs/sharing/webmasters/crawler)"
216.73.216.35 - - [21/Jul/2025:15:40:22 +0000] "GET /robots.txt HTTP/1.1" 200 99 "-" "Mozilla/5.0 AppleWebKit/537.36 (KHTML, like Gecko; compatible; ClaudeBot/1.0; [email protected])"
216.73.216.35 - - [21/Jul/2025:15:40:22 +0000] "GET /sitemap.xml HTTP/1.1" 200 4540 "-" "Mozilla/5.0 AppleWebKit/537.36 (KHTML, like Gecko; compatible; ClaudeBot/1.0; [email protected])"
209.74.77.214 - - [21/Jul/2025:15:43:15 +0000] "POST /wp-cron.php?doing_wp_cron=1753112595.0489718914031982421875 HTTP/1.1" 200 - "-" "WordPress/6.8.2; https://diamondtiptiling.com"
57.141.2.13 - - [21/Jul/2025:15:43:13 +0000] "GET /shopdetail/157143181 HTTP/1.1" 404 80913 "-" "meta-externalagent/1.1 (+https://developers.facebook.com/docs/sharing/webmasters/crawler)"
209.74.77.214 - - [21/Jul/2025:15:44:23 +0000] "POST /wp-cron.php?doing_wp_cron=1753112662.9443590641021728515625 HTTP/1.1" 200 - "-" "WordPress/6.8.2; https://diamondtiptiling.com"
57.141.2.4 - - [21/Jul/2025:15:44:21 +0000] "GET /shopdetail/110340281 HTTP/1.1" 404 80913 "-" "meta-externalagent/1.1 (+https://developers.facebook.com/docs/sharing/webmasters/crawler)"
57.141.2.14 - - [21/Jul/2025:15:44:59 +0000] "GET /shopdetail/123745781 HTTP/1.1" 404 80913 "-" "meta-externalagent/1.1 (+https://developers.facebook.com/docs/sharing/webmasters/crawler)"
57.141.2.23 - - [21/Jul/2025:15:45:04 +0000] "GET /product/852636662.shtm HTTP/1.1" 404 80913 "-" "meta-externalagent/1.1 (+https://developers.facebook.com/docs/sharing/webmasters/crawler)"
209.74.77.214 - - [21/Jul/2025:15:45:43 +0000] "POST /wp-cron.php?doing_wp_cron=1753112743.2183310985565185546875 HTTP/1.1" 200 - "-" "WordPress/6.8.2; https://diamondtiptiling.com"
57.141.2.10 - - [21/Jul/2025:15:45:41 +0000] "GET /product/675737987.shtm HTTP/1.1" 404 80913 "-" "meta-externalagent/1.1 (+https://developers.facebook.com/docs/sharing/webmasters/crawler)"
209.74.77.214 - - [21/Jul/2025:15:46:38 +0000] "POST /wp-cron.php?doing_wp_cron=1753112798.8511059284210205078125 HTTP/1.1" 200 - "-" "WordPress/6.8.2; https://diamondtiptiling.com"
57.141.2.24 - - [21/Jul/2025:15:46:37 +0000] "GET /shopdetail/77861281 HTTP/1.1" 404 80913 "-" "meta-externalagent/1.1 (+https://developers.facebook.com/docs/sharing/webmasters/crawler)"
209.74.77.214 - - [21/Jul/2025:15:47:25 +0000] "POST /wp-cron.php?doing_wp_cron=1753112845.6671710014343261718750 HTTP/1.1" 200 - "-" "WordPress/6.8.2; https://diamondtiptiling.com"
57.141.2.25 - - [21/Jul/2025:15:47:24 +0000] "GET /shopdetail/79600881 HTTP/1.1" 404 80913 "-" "meta-externalagent/1.1 (+https://developers.facebook.com/docs/sharing/webmasters/crawler)"
57.141.2.7 - - [21/Jul/2025:15:47:38 +0000] "GET /shopdetail/166006581 HTTP/1.1" 404 80913 "-" "meta-externalagent/1.1 (+https://developers.facebook.com/docs/sharing/webmasters/crawler)"
209.74.77.214 - - [21/Jul/2025:15:49:06 +0000] "POST /wp-cron.php?doing_wp_cron=1753112946.9778389930725097656250 HTTP/1.1" 200 - "-" "WordPress/6.8.2; https://diamondtiptiling.com"
