54.36.148.213 - - [21/Jul/2025:18:32:25 +0000] "GET /wp-content/uploads/2024/01/blog-2-310x213.jpg HTTP/1.1" 200 15585 "-" "Mozilla/5.0 (compatible; AhrefsBot/7.0; +http://ahrefs.com/robot/)"
54.36.148.104 - - [21/Jul/2025:18:32:26 +0000] "GET /wp-content/themes/floens/assets/js/floens-theme.js?ver=1753122718 HTTP/1.1" 200 2990 "-" "Mozilla/5.0 (compatible; AhrefsBot/7.0; +http://ahrefs.com/robot/)"
54.36.148.17 - - [21/Jul/2025:18:32:28 +0000] "GET /wp-content/uploads/2024/01/7-270x280.png HTTP/1.1" 200 75348 "-" "Mozilla/5.0 (compatible; AhrefsBot/7.0; +http://ahrefs.com/robot/)"
209.74.77.214 - - [21/Jul/2025:18:32:31 +0000] "POST /wp-cron.php?doing_wp_cron=1753122751.0075430870056152343750 HTTP/1.1" 200 - "-" "WordPress/6.8.2; https://diamondtiptiling.com"
57.141.2.1 - - [21/Jul/2025:18:32:29 +0000] "GET /product/676351559.shtm HTTP/1.1" 404 80913 "-" "meta-externalagent/1.1 (+https://developers.facebook.com/docs/sharing/webmasters/crawler)"
209.74.77.214 - - [21/Jul/2025:18:34:13 +0000] "POST /wp-cron.php?doing_wp_cron=1753122853.1323568820953369140625 HTTP/1.1" 200 - "-" "WordPress/6.8.2; https://diamondtiptiling.com"
57.141.2.15 - - [21/Jul/2025:18:34:11 +0000] "GET /shopdetail/186901381 HTTP/1.1" 404 80913 "-" "meta-externalagent/1.1 (+https://developers.facebook.com/docs/sharing/webmasters/crawler)"
57.141.2.4 - - [21/Jul/2025:18:34:45 +0000] "GET /product/853321393.shtm HTTP/1.1" 404 80913 "-" "meta-externalagent/1.1 (+https://developers.facebook.com/docs/sharing/webmasters/crawler)"
209.74.77.214 - - [21/Jul/2025:18:37:34 +0000] "POST /wp-cron.php?doing_wp_cron=1753123054.0074450969696044921875 HTTP/1.1" 200 - "-" "WordPress/6.8.2; https://diamondtiptiling.com"
57.141.2.17 - - [21/Jul/2025:18:37:32 +0000] "GET /shopdetail/110347181 HTTP/1.1" 404 80913 "-" "meta-externalagent/1.1 (+https://developers.facebook.com/docs/sharing/webmasters/crawler)"
209.74.77.214 - - [21/Jul/2025:18:38:57 +0000] "POST /wp-cron.php?doing_wp_cron=1753123137.7907528877258300781250 HTTP/1.1" 200 - "-" "WordPress/6.8.2; https://diamondtiptiling.com"
57.141.2.19 - - [21/Jul/2025:18:38:56 +0000] "GET /product/2782867921.shtm HTTP/1.1" 404 80913 "-" "meta-externalagent/1.1 (+https://developers.facebook.com/docs/sharing/webmasters/crawler)"
57.141.2.20 - - [21/Jul/2025:18:38:59 +0000] "GET /shopdetail/83281781 HTTP/1.1" 404 80913 "-" "meta-externalagent/1.1 (+https://developers.facebook.com/docs/sharing/webmasters/crawler)"
180.163.220.46 - - [21/Jul/2025:18:41:41 +0000] "GET / HTTP/1.1" 200 25850 "http://diamondtiptiling.com/" "Mozilla/5.0 (Macintosh; Intel Mac OS X 10_7_0) AppleWebKit/535.11 (KHTML, like Gecko) Chrome/17.0.963.56 Safari/535.11"
180.163.220.99 - - [21/Jul/2025:18:41:42 +0000] "GET / HTTP/1.1" 200 159323 "-" "Mozilla/5.0 (Macintosh; Intel Mac OS X 10_15_7) AppleWebKit/537.36 (KHTML, like Gecko) Chrome/120.0.0.0 Safari/537.36 Edg/120.0.0.0"
180.163.220.47 - - [21/Jul/2025:18:42:00 +0000] "GET /wp-content/uploads/2025/04/cropped-android-icon-96x96-1-192x192.png HTTP/1.1" 200 11787 "-" "Mozilla/5.0 (Macintosh; Intel Mac OS X 10_7_0) AppleWebKit/535.11 (KHTML, like Gecko) Chrome/17.0.963.56 Safari/535.11"
180.163.220.45 - - [21/Jul/2025:18:42:34 +0000] "GET /wp-content/uploads/2025/04/cropped-android-icon-96x96-1-192x192.png HTTP/1.1" 200 11787 "-" "Mozilla/5.0 (Macintosh; Intel Mac OS X 10_7_0) AppleWebKit/535.11 (KHTML, like Gecko) Chrome/17.0.963.56 Safari/535.11"
180.163.220.47 - - [21/Jul/2025:18:42:39 +0000] "GET /robots.txt HTTP/1.1" 200 99 "-" "Mozilla/5.0 (Macintosh; Intel Mac OS X 10_7_0) AppleWebKit/535.11 (KHTML, like Gecko) Chrome/17.0.963.56 Safari/535.11"
180.163.220.125 - - [21/Jul/2025:18:42:46 +0000] "GET /sitemap.xml HTTP/1.1" 200 4534 "-" "Mozilla/5.0 (Macintosh; Intel Mac OS X 10_7_0) AppleWebKit/535.11 (KHTML, like Gecko) Chrome/17.0.963.56 Safari/535.11"
209.74.77.214 - - [21/Jul/2025:18:43:10 +0000] "POST /wp-cron.php?doing_wp_cron=1753123390.2609291076660156250000 HTTP/1.1" 200 - "-" "WordPress/6.8.2; https://diamondtiptiling.com"
180.163.220.101 - - [21/Jul/2025:18:43:10 +0000] "GET /config.json HTTP/1.1" 404 17105 "-" "Mozilla/5.0 (Macintosh; Intel Mac OS X 10_7_0) AppleWebKit/535.11 (KHTML, like Gecko) Chrome/17.0.963.56 Safari/535.11"
180.163.220.110 - - [21/Jul/2025:18:43:33 +0000] "GET /wp-content/plugins/woocommerce/readme.txt HTTP/1.1" 404 17105 "-" "python-requests/2.32.4"
180.163.220.43 - - [21/Jul/2025:18:43:35 +0000] "GET /wp-content/plugins/woo-smart-quick-view/readme.txt HTTP/1.1" 404 17103 "-" "python-requests/2.32.4"
180.163.220.124 - - [21/Jul/2025:18:43:36 +0000] "GET /wp-content/plugins/leadconnector/readme.txt HTTP/1.1" 404 17105 "-" "python-requests/2.32.4"
180.163.220.43 - - [21/Jul/2025:18:43:37 +0000] "GET /wp-content/plugins/contact-form-7/readme.txt HTTP/1.1" 404 17106 "-" "python-requests/2.32.4"
180.163.220.62 - - [21/Jul/2025:18:43:39 +0000] "GET /wp-content/plugins/floens-addon/readme.txt HTTP/1.1" 404 17105 "-" "python-requests/2.32.4"
180.163.220.42 - - [21/Jul/2025:18:43:40 +0000] "GET /wp-content/plugins/elementor/readme.txt HTTP/1.1" 404 17105 "-" "python-requests/2.32.4"
180.163.220.126 - - [21/Jul/2025:18:43:41 +0000] "GET /wp-content/plugins/elementor-pro/readme.txt HTTP/1.1" 404 17105 "-" "python-requests/2.32.4"
180.163.220.126 - - [21/Jul/2025:18:43:42 +0000] "GET /wp-content/plugins/woo-smart-wishlist/readme.txt HTTP/1.1" 404 17106 "-" "python-requests/2.32.4"
180.163.220.111 - - [21/Jul/2025:18:43:43 +0000] "GET /wp-content/themes/floens-child/readme.txt HTTP/1.1" 404 17105 "-" "python-requests/2.32.4"
180.163.220.124 - - [21/Jul/2025:18:43:44 +0000] "GET /wp-content/themes/floens/readme.txt HTTP/1.1" 404 17104 "-" "python-requests/2.32.4"
209.74.77.214 - - [21/Jul/2025:18:44:18 +0000] "POST /wp-cron.php?doing_wp_cron=1753123458.3968009948730468750000 HTTP/1.1" 200 - "-" "WordPress/6.8.2; https://diamondtiptiling.com"
57.141.2.11 - - [21/Jul/2025:18:44:16 +0000] "GET /shopdetail/78416381 HTTP/1.1" 404 80913 "-" "meta-externalagent/1.1 (+https://developers.facebook.com/docs/sharing/webmasters/crawler)"
209.74.77.214 - - [21/Jul/2025:18:48:04 +0000] "POST /wp-cron.php?doing_wp_cron=1753123684.7803590297698974609375 HTTP/1.1" 200 - "-" "WordPress/6.8.2; https://diamondtiptiling.com"
57.141.2.17 - - [21/Jul/2025:18:48:02 +0000] "GET /shopdetail/198456381 HTTP/1.1" 404 80913 "-" "meta-externalagent/1.1 (+https://developers.facebook.com/docs/sharing/webmasters/crawler)"
209.74.77.214 - - [21/Jul/2025:18:48:49 +0000] "POST /wp-cron.php?doing_wp_cron=1753123729.2943971157073974609375 HTTP/1.1" 200 - "-" "WordPress/6.8.2; https://diamondtiptiling.com"
57.141.2.14 - - [21/Jul/2025:18:48:47 +0000] "GET /shopdetail/56607681 HTTP/1.1" 404 80913 "-" "meta-externalagent/1.1 (+https://developers.facebook.com/docs/sharing/webmasters/crawler)"
209.74.77.214 - - [21/Jul/2025:18:49:25 +0000] "POST /wp-cron.php?doing_wp_cron=1753123765.5747230052947998046875 HTTP/1.1" 200 - "-" "WordPress/6.8.2; https://diamondtiptiling.com"
57.141.2.20 - - [21/Jul/2025:18:49:23 +0000] "GET /product/676085180.shtm HTTP/1.1" 404 80913 "-" "meta-externalagent/1.1 (+https://developers.facebook.com/docs/sharing/webmasters/crawler)"
66.249.74.34 - - [21/Jul/2025:18:50:57 +0000] "GET /shopdetail/81078281 HTTP/1.1" 200 18707 "-" "Mozilla/5.0 (Linux; Android 6.0.1; Nexus 5X Build/MMB29P) AppleWebKit/537.36 (KHTML, like Gecko) Chrome/137.0.7151.103 Mobile Safari/537.36 (compatible; GoogleOther)"
209.74.77.214 - - [21/Jul/2025:18:50:57 +0000] "POST /wp-cron.php?doing_wp_cron=1753123857.6565558910369873046875 HTTP/1.1" 200 - "-" "WordPress/6.8.2; https://diamondtiptiling.com"
57.141.2.15 - - [21/Jul/2025:18:50:54 +0000] "GET /product/2854329588.shtm HTTP/1.1" 404 80913 "-" "meta-externalagent/1.1 (+https://developers.facebook.com/docs/sharing/webmasters/crawler)"
57.141.2.1 - - [21/Jul/2025:18:51:00 +0000] "GET /shopdetail/124461781 HTTP/1.1" 404 80913 "-" "meta-externalagent/1.1 (+https://developers.facebook.com/docs/sharing/webmasters/crawler)"
43.130.139.136 - - [21/Jul/2025:18:54:56 +0000] "GET / HTTP/1.1" 200 25850 "http://www.diamondtiptiling.com" "Mozilla/5.0 (iPhone; CPU iPhone OS 13_2_3 like Mac OS X) AppleWebKit/605.1.15 (KHTML, like Gecko) Version/13.0.3 Mobile/15E148 Safari/604.1"
209.74.77.214 - - [21/Jul/2025:18:58:41 +0000] "POST /wp-cron.php?doing_wp_cron=1753124321.6295170783996582031250 HTTP/1.1" 200 - "-" "WordPress/6.8.2; https://diamondtiptiling.com"
57.141.2.9 - - [21/Jul/2025:18:58:39 +0000] "GET /shopdetail/27881481 HTTP/1.1" 404 80913 "-" "meta-externalagent/1.1 (+https://developers.facebook.com/docs/sharing/webmasters/crawler)"
209.74.77.214 - - [21/Jul/2025:19:02:54 +0000] "POST /wp-cron.php?doing_wp_cron=1753124574.3994669914245605468750 HTTP/1.1" 200 - "-" "WordPress/6.8.2; https://diamondtiptiling.com"
57.141.2.10 - - [21/Jul/2025:19:02:52 +0000] "GET /product/853313980.shtm HTTP/1.1" 404 80913 "-" "meta-externalagent/1.1 (+https://developers.facebook.com/docs/sharing/webmasters/crawler)"
209.74.77.214 - - [21/Jul/2025:19:04:38 +0000] "POST /wp-cron.php?doing_wp_cron=1753124678.3769719600677490234375 HTTP/1.1" 200 - "-" "WordPress/6.8.2; https://diamondtiptiling.com"
57.141.2.9 - - [21/Jul/2025:19:04:36 +0000] "GET /product/2854099161.shtm HTTP/1.1" 404 80913 "-" "meta-externalagent/1.1 (+https://developers.facebook.com/docs/sharing/webmasters/crawler)"
209.74.77.214 - - [21/Jul/2025:19:06:39 +0000] "POST /wp-cron.php?doing_wp_cron=1753124799.8947880268096923828125 HTTP/1.1" 200 - "-" "WordPress/6.8.2; https://diamondtiptiling.com"
57.141.2.17 - - [21/Jul/2025:19:06:38 +0000] "GET /shopdetail/210668281 HTTP/1.1" 404 80913 "-" "meta-externalagent/1.1 (+https://developers.facebook.com/docs/sharing/webmasters/crawler)"
43.131.39.179 - - [21/Jul/2025:19:07:03 +0000] "GET /about/ HTTP/1.1" 200 22314 "-" "Mozilla/5.0 (iPhone; CPU iPhone OS 13_2_3 like Mac OS X) AppleWebKit/605.1.15 (KHTML, like Gecko) Version/13.0.3 Mobile/15E148 Safari/604.1"
209.74.77.214 - - [21/Jul/2025:19:07:54 +0000] "POST /wp-cron.php?doing_wp_cron=1753124874.1331560611724853515625 HTTP/1.1" 200 - "-" "WordPress/6.8.2; https://diamondtiptiling.com"
57.141.2.18 - - [21/Jul/2025:19:07:52 +0000] "GET /shopdetail/30757881 HTTP/1.1" 404 80913 "-" "meta-externalagent/1.1 (+https://developers.facebook.com/docs/sharing/webmasters/crawler)"
143.244.141.124 - - [21/Jul/2025:19:09:32 +0000] "GET / HTTP/1.1" 200 25849 "-" "Mozilla/5.0 (X11; Linux x86_64) AppleWebKit/537.36 (KHTML, like Gecko) Chrome/137.0.0.0 Safari/537.36"
143.244.141.124 - - [21/Jul/2025:19:09:38 +0000] "GET /wp-content/uploads/2025/04/cropped-android-icon-96x96-1-32x32.png HTTP/1.1" 200 915 "https://diamondtiptiling.com/" "Mozilla/5.0 (X11; Linux x86_64) AppleWebKit/537.36 (KHTML, like Gecko) Chrome/137.0.0.0 Safari/537.36"
66.249.74.34 - - [21/Jul/2025:19:10:20 +0000] "GET /shopdetail/80405381 HTTP/1.1" 200 18114 "-" "Mozilla/5.0 (Linux; Android 6.0.1; Nexus 5X Build/MMB29P) AppleWebKit/537.36 (KHTML, like Gecko) Chrome/137.0.7151.103 Mobile Safari/537.36 (compatible; Googlebot/2.1; +http://www.google.com/bot.html)"
209.74.77.214 - - [21/Jul/2025:19:14:14 +0000] "POST /wp-cron.php?doing_wp_cron=1753125254.0533230304718017578125 HTTP/1.1" 200 - "-" "WordPress/6.8.2; https://diamondtiptiling.com"
57.141.2.29 - - [21/Jul/2025:19:14:09 +0000] "GET /shopdetail/57254081 HTTP/1.1" 404 80913 "-" "meta-externalagent/1.1 (+https://developers.facebook.com/docs/sharing/webmasters/crawler)"
209.74.77.214 - - [21/Jul/2025:19:18:35 +0000] "POST /wp-cron.php?doing_wp_cron=1753125515.2191569805145263671875 HTTP/1.1" 200 - "-" "WordPress/6.8.2; https://diamondtiptiling.com"
57.141.2.24 - - [21/Jul/2025:19:18:33 +0000] "GET /shopdetail/162233081 HTTP/1.1" 404 80913 "-" "meta-externalagent/1.1 (+https://developers.facebook.com/docs/sharing/webmasters/crawler)"
209.74.77.214 - - [21/Jul/2025:19:20:32 +0000] "POST /wp-cron.php?doing_wp_cron=1753125632.4816710948944091796875 HTTP/1.1" 200 - "-" "WordPress/6.8.2; https://diamondtiptiling.com"
57.141.2.29 - - [21/Jul/2025:19:20:30 +0000] "GET /product/676322892.shtm HTTP/1.1" 404 80913 "-" "meta-externalagent/1.1 (+https://developers.facebook.com/docs/sharing/webmasters/crawler)"
209.74.77.214 - - [21/Jul/2025:19:21:54 +0000] "POST /wp-cron.php?doing_wp_cron=1753125714.5644209384918212890625 HTTP/1.1" 200 - "-" "WordPress/6.8.2; https://diamondtiptiling.com"
170.106.179.68 - - [21/Jul/2025:19:21:52 +0000] "GET /feed/ HTTP/1.1" 200 2367 "-" "Mozilla/5.0 (iPhone; CPU iPhone OS 13_2_3 like Mac OS X) AppleWebKit/605.1.15 (KHTML, like Gecko) Version/13.0.3 Mobile/15E148 Safari/604.1"
209.74.77.214 - - [21/Jul/2025:19:22:15 +0000] "POST /wp-cron.php?doing_wp_cron=1753125735.0794889926910400390625 HTTP/1.1" 200 - "-" "WordPress/6.8.2; https://diamondtiptiling.com"
57.141.2.17 - - [21/Jul/2025:19:22:14 +0000] "GET /product/853227931.shtm HTTP/1.1" 404 80913 "-" "meta-externalagent/1.1 (+https://developers.facebook.com/docs/sharing/webmasters/crawler)"
57.141.2.19 - - [21/Jul/2025:19:22:48 +0000] "GET /shopdetail/99587781 HTTP/1.1" 404 80913 "-" "meta-externalagent/1.1 (+https://developers.facebook.com/docs/sharing/webmasters/crawler)"
209.74.77.214 - - [21/Jul/2025:19:24:48 +0000] "POST /wp-cron.php?doing_wp_cron=1753125888.1506319046020507812500 HTTP/1.1" 200 - "-" "WordPress/6.8.2; https://diamondtiptiling.com"
57.141.2.5 - - [21/Jul/2025:19:24:46 +0000] "GET /shopdetail/157942181 HTTP/1.1" 404 80913 "-" "meta-externalagent/1.1 (+https://developers.facebook.com/docs/sharing/webmasters/crawler)"
209.74.77.214 - - [21/Jul/2025:19:25:19 +0000] "POST /wp-cron.php?doing_wp_cron=1753125919.4350330829620361328125 HTTP/1.1" 200 - "-" "WordPress/6.8.2; https://diamondtiptiling.com"
57.141.2.17 - - [21/Jul/2025:19:25:19 +0000] "GET /shopdetail/207269881 HTTP/1.1" 404 80913 "-" "meta-externalagent/1.1 (+https://developers.facebook.com/docs/sharing/webmasters/crawler)"
209.74.77.214 - - [21/Jul/2025:19:27:28 +0000] "POST /wp-cron.php?doing_wp_cron=1753126048.7681009769439697265625 HTTP/1.1" 200 - "-" "WordPress/6.8.2; https://diamondtiptiling.com"
57.141.2.21 - - [21/Jul/2025:19:27:27 +0000] "GET /product/676316606.shtm HTTP/1.1" 404 80913 "-" "meta-externalagent/1.1 (+https://developers.facebook.com/docs/sharing/webmasters/crawler)"
216.73.217.10 - - [21/Jul/2025:19:28:06 +0000] "GET /robots.txt HTTP/1.1" 200 99 "-" "Mozilla/5.0 AppleWebKit/537.36 (KHTML, like Gecko; compatible; ClaudeBot/1.0; [email protected])"
209.74.77.214 - - [21/Jul/2025:19:28:08 +0000] "POST /wp-cron.php?doing_wp_cron=1753126088.2113089561462402343750 HTTP/1.1" 200 - "-" "WordPress/6.8.2; https://diamondtiptiling.com"
216.73.217.10 - - [21/Jul/2025:19:28:06 +0000] "GET /recollection.php HTTP/1.1" 404 17105 "-" "Mozilla/5.0 AppleWebKit/537.36 (KHTML, like Gecko; compatible; ClaudeBot/1.0; [email protected])"
209.74.77.214 - - [21/Jul/2025:19:30:11 +0000] "POST /wp-cron.php?doing_wp_cron=1753126211.4533948898315429687500 HTTP/1.1" 200 - "-" "WordPress/6.8.2; https://diamondtiptiling.com"
57.141.2.17 - - [21/Jul/2025:19:30:09 +0000] "GET /shopdetail/189716881 HTTP/1.1" 404 80913 "-" "meta-externalagent/1.1 (+https://developers.facebook.com/docs/sharing/webmasters/crawler)"
57.141.2.22 - - [21/Jul/2025:19:30:51 +0000] "GET /product/853394678.shtm HTTP/1.1" 404 80913 "-" "meta-externalagent/1.1 (+https://developers.facebook.com/docs/sharing/webmasters/crawler)"
209.74.77.214 - - [21/Jul/2025:19:31:15 +0000] "POST /wp-cron.php?doing_wp_cron=1753126275.0202009677886962890625 HTTP/1.1" 200 - "-" "WordPress/6.8.2; https://diamondtiptiling.com"
57.141.2.27 - - [21/Jul/2025:19:31:14 +0000] "GET /product/676478919.shtm HTTP/1.1" 404 80913 "-" "meta-externalagent/1.1 (+https://developers.facebook.com/docs/sharing/webmasters/crawler)"
57.141.2.20 - - [21/Jul/2025:19:31:16 +0000] "GET /shopdetail/70653981 HTTP/1.1" 404 80913 "-" "meta-externalagent/1.1 (+https://developers.facebook.com/docs/sharing/webmasters/crawler)"
43.159.145.149 - - [21/Jul/2025:19:31:25 +0000] "GET /tiling/ HTTP/1.1" 200 21192 "-" "Mozilla/5.0 (iPhone; CPU iPhone OS 13_2_3 like Mac OS X) AppleWebKit/605.1.15 (KHTML, like Gecko) Version/13.0.3 Mobile/15E148 Safari/604.1"
45.227.253.15 - - [21/Jul/2025:19:31:57 +0000] "GET /index.php/jk HTTP/1.1" 200 59 "-" "Mozilla/5.0 (iPad; U; CPU OS 4_2_3 like Mac OS X; ja) AppleWebKit/533.17.9 (KHTML, like Gecko) Version/5.0.2 Mobile/8J2 Safari/6533.18.5"
209.74.77.214 - - [21/Jul/2025:19:32:40 +0000] "POST /wp-cron.php?doing_wp_cron=1753126360.0692610740661621093750 HTTP/1.1" 200 - "-" "WordPress/6.8.2; https://diamondtiptiling.com"
57.141.2.11 - - [21/Jul/2025:19:32:37 +0000] "GET /product/2854012113.shtm HTTP/1.1" 404 80913 "-" "meta-externalagent/1.1 (+https://developers.facebook.com/docs/sharing/webmasters/crawler)"
66.249.74.34 - - [21/Jul/2025:19:32:48 +0000] "GET /shopdetail/115372281 HTTP/1.1" 200 18338 "-" "Mozilla/5.0 (Linux; Android 6.0.1; Nexus 5X Build/MMB29P) AppleWebKit/537.36 (KHTML, like Gecko) Chrome/137.0.7151.103 Mobile Safari/537.36 (compatible; Googlebot/2.1; +http://www.google.com/bot.html)"
209.74.77.214 - - [21/Jul/2025:19:34:27 +0000] "POST /wp-cron.php?doing_wp_cron=1753126467.1438438892364501953125 HTTP/1.1" 200 - "-" "WordPress/6.8.2; https://diamondtiptiling.com"
57.141.2.10 - - [21/Jul/2025:19:34:25 +0000] "GET /shopdetail/162090281 HTTP/1.1" 404 80913 "-" "meta-externalagent/1.1 (+https://developers.facebook.com/docs/sharing/webmasters/crawler)"
66.249.74.36 - - [21/Jul/2025:19:35:58 +0000] "GET /shopdetail/68782181 HTTP/1.1" 200 19751 "-" "Mozilla/5.0 (Linux; Android 6.0.1; Nexus 5X Build/MMB29P) AppleWebKit/537.36 (KHTML, like Gecko) Chrome/137.0.7151.103 Mobile Safari/537.36 (compatible; Googlebot/2.1; +http://www.google.com/bot.html)"
209.74.77.214 - - [21/Jul/2025:19:37:02 +0000] "POST /wp-cron.php?doing_wp_cron=1753126622.4173080921173095703125 HTTP/1.1" 200 - "-" "WordPress/6.8.2; https://diamondtiptiling.com"
57.141.2.20 - - [21/Jul/2025:19:37:00 +0000] "GET /shopdetail/87249381 HTTP/1.1" 404 80913 "-" "meta-externalagent/1.1 (+https://developers.facebook.com/docs/sharing/webmasters/crawler)"
209.74.77.214 - - [21/Jul/2025:19:37:19 +0000] "POST /wp-cron.php?doing_wp_cron=1753126639.0824100971221923828125 HTTP/1.1" 200 - "-" "WordPress/6.8.2; https://diamondtiptiling.com"
57.141.2.4 - - [21/Jul/2025:19:37:18 +0000] "GET /product/2854117228.shtm HTTP/1.1" 404 80913 "-" "meta-externalagent/1.1 (+https://developers.facebook.com/docs/sharing/webmasters/crawler)"
57.141.2.28 - - [21/Jul/2025:19:37:53 +0000] "GET /shopdetail/131197581 HTTP/1.1" 404 80913 "-" "meta-externalagent/1.1 (+https://developers.facebook.com/docs/sharing/webmasters/crawler)"
209.74.77.214 - - [21/Jul/2025:19:41:12 +0000] "POST /wp-cron.php?doing_wp_cron=1753126871.9465880393981933593750 HTTP/1.1" 200 - "-" "WordPress/6.8.2; https://diamondtiptiling.com"
57.141.2.25 - - [21/Jul/2025:19:41:09 +0000] "GET /shopdetail/18915581 HTTP/1.1" 404 80913 "-" "meta-externalagent/1.1 (+https://developers.facebook.com/docs/sharing/webmasters/crawler)"
209.74.77.214 - - [21/Jul/2025:19:42:34 +0000] "POST /wp-cron.php?doing_wp_cron=1753126954.1346011161804199218750 HTTP/1.1" 200 - "-" "WordPress/6.8.2; https://diamondtiptiling.com"
43.154.140.188 - - [21/Jul/2025:19:42:32 +0000] "GET /tile-removal/ HTTP/1.1" 200 21233 "-" "Mozilla/5.0 (iPhone; CPU iPhone OS 13_2_3 like Mac OS X) AppleWebKit/605.1.15 (KHTML, like Gecko) Version/13.0.3 Mobile/15E148 Safari/604.1"
209.74.77.214 - - [21/Jul/2025:19:43:10 +0000] "POST /wp-cron.php?doing_wp_cron=1753126990.0876700878143310546875 HTTP/1.1" 200 - "-" "WordPress/6.8.2; https://diamondtiptiling.com"
57.141.2.9 - - [21/Jul/2025:19:43:08 +0000] "GET /product/853515680.shtm HTTP/1.1" 404 80913 "-" "meta-externalagent/1.1 (+https://developers.facebook.com/docs/sharing/webmasters/crawler)"
209.74.77.214 - - [21/Jul/2025:19:44:25 +0000] "POST /wp-cron.php?doing_wp_cron=1753127065.5243000984191894531250 HTTP/1.1" 200 - "-" "WordPress/6.8.2; https://diamondtiptiling.com"
57.141.2.23 - - [21/Jul/2025:19:44:23 +0000] "GET /product/676468389.shtm HTTP/1.1" 404 80913 "-" "meta-externalagent/1.1 (+https://developers.facebook.com/docs/sharing/webmasters/crawler)"
57.141.2.4 - - [21/Jul/2025:19:44:54 +0000] "GET /shopdetail/42612881 HTTP/1.1" 404 80913 "-" "meta-externalagent/1.1 (+https://developers.facebook.com/docs/sharing/webmasters/crawler)"
209.74.77.214 - - [21/Jul/2025:19:45:07 +0000] "POST /wp-cron.php?doing_wp_cron=1753127107.7678890228271484375000 HTTP/1.1" 200 - "-" "WordPress/6.8.2; https://diamondtiptiling.com"
57.141.2.8 - - [21/Jul/2025:19:45:07 +0000] "GET /product/676357909.shtm HTTP/1.1" 404 80913 "-" "meta-externalagent/1.1 (+https://developers.facebook.com/docs/sharing/webmasters/crawler)"
57.141.2.3 - - [21/Jul/2025:19:45:09 +0000] "GET /shopdetail/196198781 HTTP/1.1" 404 80913 "-" "meta-externalagent/1.1 (+https://developers.facebook.com/docs/sharing/webmasters/crawler)"
43.153.7.191 - - [21/Jul/2025:19:45:51 +0000] "GET /wp-json/oembed/1.0/embed?url=https%3A%2F%2Fdiamondtiptiling.com%2F&format=xml HTTP/1.1" 200 1082 "-" "Mozilla/5.0 (iPhone; CPU iPhone OS 13_2_3 like Mac OS X) AppleWebKit/605.1.15 (KHTML, like Gecko) Version/13.0.3 Mobile/15E148 Safari/604.1"
209.74.77.214 - - [21/Jul/2025:19:46:40 +0000] "POST /wp-cron.php?doing_wp_cron=1753127200.1177470684051513671875 HTTP/1.1" 200 - "-" "WordPress/6.8.2; https://diamondtiptiling.com"
57.141.2.13 - - [21/Jul/2025:19:46:38 +0000] "GET /shopdetail/206456381 HTTP/1.1" 404 80913 "-" "meta-externalagent/1.1 (+https://developers.facebook.com/docs/sharing/webmasters/crawler)"
173.252.83.6 - - [21/Jul/2025:19:48:05 +0000] "GET /robots.txt HTTP/1.1" 206 85 "-" "facebookexternalhit/1.1 (+http://www.facebook.com/externalhit_uatext.php)"
173.252.83.1 - - [21/Jul/2025:19:48:15 +0000] "GET /robots.txt HTTP/1.1" 206 85 "-" "facebookexternalhit/1.1 (+http://www.facebook.com/externalhit_uatext.php)"
69.171.249.7 - - [21/Jul/2025:19:48:16 +0000] "GET /robots.txt HTTP/1.1" 206 85 "-" "facebookexternalhit/1.1 (+http://www.facebook.com/externalhit_uatext.php)"
209.74.77.214 - - [21/Jul/2025:19:48:23 +0000] "POST /wp-cron.php?doing_wp_cron=1753127303.9264130592346191406250 HTTP/1.1" 200 - "-" "WordPress/6.8.2; https://diamondtiptiling.com"
57.141.2.16 - - [21/Jul/2025:19:48:22 +0000] "GET /shopdetail/63874881 HTTP/1.1" 404 80913 "-" "meta-externalagent/1.1 (+https://developers.facebook.com/docs/sharing/webmasters/crawler)"
57.141.2.19 - - [21/Jul/2025:19:48:53 +0000] "GET /shopdetail/132378481 HTTP/1.1" 404 80913 "-" "meta-externalagent/1.1 (+https://developers.facebook.com/docs/sharing/webmasters/crawler)"
209.74.77.214 - - [21/Jul/2025:19:49:07 +0000] "POST /wp-cron.php?doing_wp_cron=1753127347.4536490440368652343750 HTTP/1.1" 200 - "-" "WordPress/6.8.2; https://diamondtiptiling.com"
57.141.2.20 - - [21/Jul/2025:19:49:07 +0000] "GET /shopdetail/27348281 HTTP/1.1" 404 80913 "-" "meta-externalagent/1.1 (+https://developers.facebook.com/docs/sharing/webmasters/crawler)"
209.74.77.214 - - [21/Jul/2025:19:50:59 +0000] "POST /wp-cron.php?doing_wp_cron=1753127459.0970749855041503906250 HTTP/1.1" 200 - "-" "WordPress/6.8.2; https://diamondtiptiling.com"
57.141.2.3 - - [21/Jul/2025:19:50:57 +0000] "GET /product/676297410.shtm HTTP/1.1" 404 80913 "-" "meta-externalagent/1.1 (+https://developers.facebook.com/docs/sharing/webmasters/crawler)"
209.74.77.214 - - [21/Jul/2025:19:51:13 +0000] "POST /wp-cron.php?doing_wp_cron=1753127473.6673779487609863281250 HTTP/1.1" 200 - "-" "WordPress/6.8.2; https://diamondtiptiling.com"
57.141.2.24 - - [21/Jul/2025:19:51:13 +0000] "GET /shopdetail/26157881 HTTP/1.1" 404 80913 "-" "meta-externalagent/1.1 (+https://developers.facebook.com/docs/sharing/webmasters/crawler)"
209.74.77.214 - - [21/Jul/2025:19:55:07 +0000] "POST /wp-cron.php?doing_wp_cron=1753127707.0583720207214355468750 HTTP/1.1" 200 - "-" "WordPress/6.8.2; https://diamondtiptiling.com"
57.141.2.14 - - [21/Jul/2025:19:55:04 +0000] "GET /shopdetail/206006581 HTTP/1.1" 404 80913 "-" "meta-externalagent/1.1 (+https://developers.facebook.com/docs/sharing/webmasters/crawler)"
57.141.2.25 - - [21/Jul/2025:19:55:24 +0000] "GET /shopdetail/92602381 HTTP/1.1" 404 80913 "-" "meta-externalagent/1.1 (+https://developers.facebook.com/docs/sharing/webmasters/crawler)"
57.141.2.24 - - [21/Jul/2025:19:55:35 +0000] "GET /product/676003431.shtm HTTP/1.1" 404 80913 "-" "meta-externalagent/1.1 (+https://developers.facebook.com/docs/sharing/webmasters/crawler)"
57.141.2.18 - - [21/Jul/2025:19:56:03 +0000] "GET /product/853272479.shtm HTTP/1.1" 404 80913 "-" "meta-externalagent/1.1 (+https://developers.facebook.com/docs/sharing/webmasters/crawler)"
209.74.77.214 - - [21/Jul/2025:19:56:29 +0000] "POST /wp-cron.php?doing_wp_cron=1753127789.0960121154785156250000 HTTP/1.1" 200 - "-" "WordPress/6.8.2; https://diamondtiptiling.com"
57.141.2.21 - - [21/Jul/2025:19:56:28 +0000] "GET /product/2854431466.shtm HTTP/1.1" 404 80913 "-" "meta-externalagent/1.1 (+https://developers.facebook.com/docs/sharing/webmasters/crawler)"
209.74.77.214 - - [21/Jul/2025:19:58:00 +0000] "POST /wp-cron.php?doing_wp_cron=1753127880.2543089389801025390625 HTTP/1.1" 200 - "-" "WordPress/6.8.2; https://diamondtiptiling.com"
57.141.2.18 - - [21/Jul/2025:19:57:58 +0000] "GET /shopdetail/148167081 HTTP/1.1" 404 80913 "-" "meta-externalagent/1.1 (+https://developers.facebook.com/docs/sharing/webmasters/crawler)"
209.74.77.214 - - [21/Jul/2025:19:59:28 +0000] "POST /wp-cron.php?doing_wp_cron=1753127968.1563398838043212890625 HTTP/1.1" 200 - "-" "WordPress/6.8.2; https://diamondtiptiling.com"
43.128.156.124 - - [21/Jul/2025:19:59:26 +0000] "GET /grouting/ HTTP/1.1" 200 21194 "-" "Mozilla/5.0 (iPhone; CPU iPhone OS 13_2_3 like Mac OS X) AppleWebKit/605.1.15 (KHTML, like Gecko) Version/13.0.3 Mobile/15E148 Safari/604.1"
57.141.2.14 - - [21/Jul/2025:19:59:57 +0000] "GET /product/2854649053.shtm HTTP/1.1" 404 80913 "-" "meta-externalagent/1.1 (+https://developers.facebook.com/docs/sharing/webmasters/crawler)"
209.74.77.214 - - [21/Jul/2025:20:00:13 +0000] "POST /wp-cron.php?doing_wp_cron=1753128013.1992950439453125000000 HTTP/1.1" 200 - "-" "WordPress/6.8.2; https://diamondtiptiling.com"
57.141.2.3 - - [21/Jul/2025:20:00:12 +0000] "GET /shopdetail/201224981 HTTP/1.1" 404 80913 "-" "meta-externalagent/1.1 (+https://developers.facebook.com/docs/sharing/webmasters/crawler)"
209.74.77.214 - - [21/Jul/2025:20:04:44 +0000] "POST /wp-cron.php?doing_wp_cron=1753128284.6293001174926757812500 HTTP/1.1" 200 - "-" "WordPress/6.8.2; https://diamondtiptiling.com"
57.141.2.29 - - [21/Jul/2025:20:04:42 +0000] "GET /product/2782857399.shtm HTTP/1.1" 404 80913 "-" "meta-externalagent/1.1 (+https://developers.facebook.com/docs/sharing/webmasters/crawler)"
209.74.77.214 - - [21/Jul/2025:20:08:36 +0000] "POST /wp-cron.php?doing_wp_cron=1753128516.7338280677795410156250 HTTP/1.1" 200 - "-" "WordPress/6.8.2; https://diamondtiptiling.com"
57.141.2.9 - - [21/Jul/2025:20:08:35 +0000] "GET /product/2854148009.shtm HTTP/1.1" 404 80913 "-" "meta-externalagent/1.1 (+https://developers.facebook.com/docs/sharing/webmasters/crawler)"
57.141.2.15 - - [21/Jul/2025:20:08:59 +0000] "GET /product/2782778759.shtm HTTP/1.1" 404 80913 "-" "meta-externalagent/1.1 (+https://developers.facebook.com/docs/sharing/webmasters/crawler)"
209.74.77.214 - - [21/Jul/2025:20:11:40 +0000] "POST /wp-cron.php?doing_wp_cron=1753128700.7702410221099853515625 HTTP/1.1" 200 - "-" "WordPress/6.8.2; https://diamondtiptiling.com"
57.141.2.3 - - [21/Jul/2025:20:11:38 +0000] "GET /shopdetail/146274181 HTTP/1.1" 404 80913 "-" "meta-externalagent/1.1 (+https://developers.facebook.com/docs/sharing/webmasters/crawler)"
209.74.77.214 - - [21/Jul/2025:20:13:11 +0000] "POST /wp-cron.php?doing_wp_cron=1753128791.2305560111999511718750 HTTP/1.1" 200 - "-" "WordPress/6.8.2; https://diamondtiptiling.com"
43.159.141.150 - - [21/Jul/2025:20:13:09 +0000] "GET / HTTP/1.1" 200 25849 "-" "Mozilla/5.0 (iPhone; CPU iPhone OS 13_2_3 like Mac OS X) AppleWebKit/605.1.15 (KHTML, like Gecko) Version/13.0.3 Mobile/15E148 Safari/604.1"
45.227.253.15 - - [21/Jul/2025:20:14:04 +0000] "GET /?of=1 HTTP/1.1" 200 9306 "-" "Mozilla/5.0 (iPad; U; CPU OS 4_1_3 like Mac OS X; ja) AppleWebKit/533.17.9 (KHTML, like Gecko) Version/5.0.2 Mobile/8J2 Safari/6533.18.5"
209.74.77.214 - - [21/Jul/2025:20:22:02 +0000] "POST /wp-cron.php?doing_wp_cron=1753129321.8994369506835937500000 HTTP/1.1" 200 - "-" "WordPress/6.8.2; https://diamondtiptiling.com"
43.165.135.242 - - [21/Jul/2025:20:21:59 +0000] "GET /hardwood-oak-flooring-at-simple-flooring/feed/ HTTP/1.1" 200 443 "-" "Mozilla/5.0 (iPhone; CPU iPhone OS 13_2_3 like Mac OS X) AppleWebKit/605.1.15 (KHTML, like Gecko) Version/13.0.3 Mobile/15E148 Safari/604.1"
209.74.77.214 - - [21/Jul/2025:20:22:49 +0000] "POST /wp-cron.php?doing_wp_cron=1753129369.8766469955444335937500 HTTP/1.1" 200 - "-" "WordPress/6.8.2; https://diamondtiptiling.com"
57.141.2.5 - - [21/Jul/2025:20:22:48 +0000] "GET /shopdetail/41831681 HTTP/1.1" 404 80913 "-" "meta-externalagent/1.1 (+https://developers.facebook.com/docs/sharing/webmasters/crawler)"
209.74.77.214 - - [21/Jul/2025:20:25:06 +0000] "POST /wp-cron.php?doing_wp_cron=1753129506.8779389858245849609375 HTTP/1.1" 200 - "-" "WordPress/6.8.2; https://diamondtiptiling.com"
57.141.2.19 - - [21/Jul/2025:20:25:05 +0000] "GET /product/852991278.shtm HTTP/1.1" 404 80913 "-" "meta-externalagent/1.1 (+https://developers.facebook.com/docs/sharing/webmasters/crawler)"
209.74.77.214 - - [21/Jul/2025:20:26:27 +0000] "POST /wp-cron.php?doing_wp_cron=1753129587.0025548934936523437500 HTTP/1.1" 200 - "-" "WordPress/6.8.2; https://diamondtiptiling.com"
57.141.2.8 - - [21/Jul/2025:20:26:25 +0000] "GET /shopdetail/29876581 HTTP/1.1" 404 80913 "-" "meta-externalagent/1.1 (+https://developers.facebook.com/docs/sharing/webmasters/crawler)"
57.141.2.10 - - [21/Jul/2025:20:26:46 +0000] "GET /shopdetail/68718581 HTTP/1.1" 404 80913 "-" "meta-externalagent/1.1 (+https://developers.facebook.com/docs/sharing/webmasters/crawler)"
57.141.2.18 - - [21/Jul/2025:20:26:48 +0000] "GET /shopdetail/91278981 HTTP/1.1" 404 80913 "-" "meta-externalagent/1.1 (+https://developers.facebook.com/docs/sharing/webmasters/crawler)"
57.141.2.26 - - [21/Jul/2025:20:27:01 +0000] "GET /product/852691806.shtm HTTP/1.1" 404 80913 "-" "meta-externalagent/1.1 (+https://developers.facebook.com/docs/sharing/webmasters/crawler)"
209.74.77.214 - - [21/Jul/2025:20:27:35 +0000] "POST /wp-cron.php?doing_wp_cron=1753129655.2526431083679199218750 HTTP/1.1" 200 - "-" "WordPress/6.8.2; https://diamondtiptiling.com"
57.141.2.3 - - [21/Jul/2025:20:27:33 +0000] "GET /shopdetail/212659381 HTTP/1.1" 404 80913 "-" "meta-externalagent/1.1 (+https://developers.facebook.com/docs/sharing/webmasters/crawler)"
209.74.77.214 - - [21/Jul/2025:20:28:12 +0000] "POST /wp-cron.php?doing_wp_cron=1753129692.3478069305419921875000 HTTP/1.1" 200 - "-" "WordPress/6.8.2; https://diamondtiptiling.com"
57.141.2.1 - - [21/Jul/2025:20:28:10 +0000] "GET /shopdetail/114305381 HTTP/1.1" 404 80913 "-" "meta-externalagent/1.1 (+https://developers.facebook.com/docs/sharing/webmasters/crawler)"
57.141.2.4 - - [21/Jul/2025:20:28:12 +0000] "GET /shopdetail/62387481 HTTP/1.1" 404 80913 "-" "meta-externalagent/1.1 (+https://developers.facebook.com/docs/sharing/webmasters/crawler)"
57.141.2.8 - - [21/Jul/2025:20:28:26 +0000] "GET /shopdetail/164384281 HTTP/1.1" 404 80913 "-" "meta-externalagent/1.1 (+https://developers.facebook.com/docs/sharing/webmasters/crawler)"
209.74.77.214 - - [21/Jul/2025:20:29:19 +0000] "POST /wp-cron.php?doing_wp_cron=1753129759.6979429721832275390625 HTTP/1.1" 200 - "-" "WordPress/6.8.2; https://diamondtiptiling.com"
57.141.2.8 - - [21/Jul/2025:20:29:18 +0000] "GET /shopdetail/64398881 HTTP/1.1" 404 80913 "-" "meta-externalagent/1.1 (+https://developers.facebook.com/docs/sharing/webmasters/crawler)"
57.141.2.13 - - [21/Jul/2025:20:29:22 +0000] "GET /shopdetail/8457581 HTTP/1.1" 404 80913 "-" "meta-externalagent/1.1 (+https://developers.facebook.com/docs/sharing/webmasters/crawler)"
162.62.213.165 - - [21/Jul/2025:20:29:32 +0000] "GET /screeding/ HTTP/1.1" 200 21263 "-" "Mozilla/5.0 (iPhone; CPU iPhone OS 13_2_3 like Mac OS X) AppleWebKit/605.1.15 (KHTML, like Gecko) Version/13.0.3 Mobile/15E148 Safari/604.1"
209.74.77.214 - - [21/Jul/2025:20:30:28 +0000] "POST /wp-cron.php?doing_wp_cron=1753129827.9983389377593994140625 HTTP/1.1" 200 - "-" "WordPress/6.8.2; https://diamondtiptiling.com"
57.141.2.26 - - [21/Jul/2025:20:30:26 +0000] "GET /shopdetail/183482281 HTTP/1.1" 404 80913 "-" "meta-externalagent/1.1 (+https://developers.facebook.com/docs/sharing/webmasters/crawler)"
57.141.2.17 - - [21/Jul/2025:20:30:46 +0000] "GET /shopdetail/89162381 HTTP/1.1" 404 80913 "-" "meta-externalagent/1.1 (+https://developers.facebook.com/docs/sharing/webmasters/crawler)"
66.249.74.34 - - [21/Jul/2025:20:31:15 +0000] "GET /shopdetail/70641381 HTTP/1.1" 200 20732 "-" "Mozilla/5.0 (Linux; Android 6.0.1; Nexus 5X Build/MMB29P) AppleWebKit/537.36 (KHTML, like Gecko) Chrome/137.0.7151.103 Mobile Safari/537.36 (compatible; Googlebot/2.1; +http://www.google.com/bot.html)"
209.74.77.214 - - [21/Jul/2025:20:31:17 +0000] "POST /wp-cron.php?doing_wp_cron=1753129877.9853959083557128906250 HTTP/1.1" 200 - "-" "WordPress/6.8.2; https://diamondtiptiling.com"
57.141.2.13 - - [21/Jul/2025:20:31:17 +0000] "GET /shopdetail/18678581 HTTP/1.1" 404 80913 "-" "meta-externalagent/1.1 (+https://developers.facebook.com/docs/sharing/webmasters/crawler)"
66.249.74.35 - - [21/Jul/2025:20:33:06 +0000] "GET /shopdetail/84645481 HTTP/1.1" 200 19687 "-" "Mozilla/5.0 (Linux; Android 6.0.1; Nexus 5X Build/MMB29P) AppleWebKit/537.36 (KHTML, like Gecko) Chrome/137.0.7151.103 Mobile Safari/537.36 (compatible; Googlebot/2.1; +http://www.google.com/bot.html)"
66.249.74.34 - - [21/Jul/2025:20:33:58 +0000] "GET /shopdetail/35044081 HTTP/1.1" 200 18624 "-" "Mozilla/5.0 (Linux; Android 6.0.1; Nexus 5X Build/MMB29P) AppleWebKit/537.36 (KHTML, like Gecko) Chrome/137.0.7151.103 Mobile Safari/537.36 (compatible; Googlebot/2.1; +http://www.google.com/bot.html)"
66.249.74.36 - - [21/Jul/2025:20:34:59 +0000] "GET /product/102199352.shtm HTTP/1.1" 200 20286 "-" "Mozilla/5.0 (Linux; Android 6.0.1; Nexus 5X Build/MMB29P) AppleWebKit/537.36 (KHTML, like Gecko) Chrome/137.0.7151.103 Mobile Safari/537.36 (compatible; Googlebot/2.1; +http://www.google.com/bot.html)"
66.249.74.34 - - [21/Jul/2025:20:36:50 +0000] "GET /product/102988083.shtm HTTP/1.1" 200 17982 "-" "Mozilla/5.0 (Linux; Android 6.0.1; Nexus 5X Build/MMB29P) AppleWebKit/537.36 (KHTML, like Gecko) Chrome/137.0.7151.103 Mobile Safari/537.36 (compatible; Googlebot/2.1; +http://www.google.com/bot.html)"
66.249.74.35 - - [21/Jul/2025:20:36:51 +0000] "GET /shopdetail/152316681 HTTP/1.1" 200 19323 "-" "Mozilla/5.0 (Linux; Android 6.0.1; Nexus 5X Build/MMB29P) AppleWebKit/537.36 (KHTML, like Gecko) Chrome/137.0.7151.103 Mobile Safari/537.36 (compatible; Googlebot/2.1; +http://www.google.com/bot.html)"
66.249.74.36 - - [21/Jul/2025:20:37:15 +0000] "POST /get-message-notify HTTP/1.1" 200 18687 "https://diamondtiptiling.com/shopdetail/152316681" "Mozilla/5.0 (Linux; Android 6.0.1; Nexus 5X Build/MMB29P) AppleWebKit/537.36 (KHTML, like Gecko) Chrome/137.0.7151.119 Mobile Safari/537.36 (compatible; Googlebot/2.1; +http://www.google.com/bot.html)"
66.249.74.34 - - [21/Jul/2025:20:37:59 +0000] "GET /shopdetail/188904881 HTTP/1.1" 200 18872 "-" "Mozilla/5.0 (Linux; Android 6.0.1; Nexus 5X Build/MMB29P) AppleWebKit/537.36 (KHTML, like Gecko) Chrome/137.0.7151.103 Mobile Safari/537.36 (compatible; Googlebot/2.1; +http://www.google.com/bot.html)"
216.73.217.10 - - [21/Jul/2025:20:38:07 +0000] "GET /robots.txt HTTP/1.1" 200 99 "-" "Mozilla/5.0 AppleWebKit/537.36 (KHTML, like Gecko; compatible; ClaudeBot/1.0; [email protected])"
66.249.74.34 - - [21/Jul/2025:20:38:07 +0000] "GET /product/102256608.shtm HTTP/1.1" 200 18508 "-" "Mozilla/5.0 (Linux; Android 6.0.1; Nexus 5X Build/MMB29P) AppleWebKit/537.36 (KHTML, like Gecko) Chrome/137.0.7151.103 Mobile Safari/537.36 (compatible; Googlebot/2.1; +http://www.google.com/bot.html)"
209.74.77.214 - - [21/Jul/2025:20:38:09 +0000] "POST /wp-cron.php?doing_wp_cron=1753130289.0009679794311523437500 HTTP/1.1" 200 - "-" "WordPress/6.8.2; https://diamondtiptiling.com"
216.73.217.10 - - [21/Jul/2025:20:38:07 +0000] "GET /product/2037604705.shtm HTTP/1.1" 404 17105 "-" "Mozilla/5.0 AppleWebKit/537.36 (KHTML, like Gecko; compatible; ClaudeBot/1.0; [email protected])"
216.73.217.10 - - [21/Jul/2025:20:38:10 +0000] "GET /product/2037294711.shtm HTTP/1.1" 404 17105 "-" "Mozilla/5.0 AppleWebKit/537.36 (KHTML, like Gecko; compatible; ClaudeBot/1.0; [email protected])"
216.73.217.10 - - [21/Jul/2025:20:38:13 +0000] "GET /product/2037423066.shtm HTTP/1.1" 404 17105 "-" "Mozilla/5.0 AppleWebKit/537.36 (KHTML, like Gecko; compatible; ClaudeBot/1.0; [email protected])"
216.73.217.10 - - [21/Jul/2025:20:38:16 +0000] "GET /product/2037133325.shtm HTTP/1.1" 404 17105 "-" "Mozilla/5.0 AppleWebKit/537.36 (KHTML, like Gecko; compatible; ClaudeBot/1.0; [email protected])"
66.249.74.34 - - [21/Jul/2025:20:38:18 +0000] "POST /get-message-notify HTTP/1.1" 200 18687 "https://diamondtiptiling.com/product/102256608.shtm" "Mozilla/5.0 (Linux; Android 6.0.1; Nexus 5X Build/MMB29P) AppleWebKit/537.36 (KHTML, like Gecko) Chrome/137.0.7151.119 Mobile Safari/537.36 (compatible; Googlebot/2.1; +http://www.google.com/bot.html)"
216.73.217.10 - - [21/Jul/2025:20:38:19 +0000] "GET /product/2037554792.shtm HTTP/1.1" 404 17104 "-" "Mozilla/5.0 AppleWebKit/537.36 (KHTML, like Gecko; compatible; ClaudeBot/1.0; [email protected])"
216.73.217.10 - - [21/Jul/2025:20:38:23 +0000] "GET /product/2037690634.shtm HTTP/1.1" 404 17104 "-" "Mozilla/5.0 AppleWebKit/537.36 (KHTML, like Gecko; compatible; ClaudeBot/1.0; [email protected])"
216.73.217.10 - - [21/Jul/2025:20:38:25 +0000] "GET /product/2037768077.shtm HTTP/1.1" 404 17104 "-" "Mozilla/5.0 AppleWebKit/537.36 (KHTML, like Gecko; compatible; ClaudeBot/1.0; [email protected])"
216.73.217.10 - - [21/Jul/2025:20:38:28 +0000] "GET /product/2037659849.shtm HTTP/1.1" 404 17104 "-" "Mozilla/5.0 AppleWebKit/537.36 (KHTML, like Gecko; compatible; ClaudeBot/1.0; [email protected])"
216.73.217.10 - - [21/Jul/2025:20:38:31 +0000] "GET /product/2037769200.shtm HTTP/1.1" 404 17106 "-" "Mozilla/5.0 AppleWebKit/537.36 (KHTML, like Gecko; compatible; ClaudeBot/1.0; [email protected])"
129.226.93.214 - - [21/Jul/2025:20:38:32 +0000] "GET /xmlrpc.php?rsd HTTP/1.1" 200 308 "-" "Mozilla/5.0 (iPhone; CPU iPhone OS 13_2_3 like Mac OS X) AppleWebKit/605.1.15 (KHTML, like Gecko) Version/13.0.3 Mobile/15E148 Safari/604.1"
216.73.217.10 - - [21/Jul/2025:20:38:34 +0000] "GET /product/2037227790.shtm HTTP/1.1" 404 17103 "-" "Mozilla/5.0 AppleWebKit/537.36 (KHTML, like Gecko; compatible; ClaudeBot/1.0; [email protected])"
216.73.217.10 - - [21/Jul/2025:20:38:37 +0000] "GET /product/2037644953.shtm HTTP/1.1" 404 17105 "-" "Mozilla/5.0 AppleWebKit/537.36 (KHTML, like Gecko; compatible; ClaudeBot/1.0; [email protected])"
216.73.217.10 - - [21/Jul/2025:20:38:41 +0000] "GET /product/2037226795.shtm HTTP/1.1" 404 17105 "-" "Mozilla/5.0 AppleWebKit/537.36 (KHTML, like Gecko; compatible; ClaudeBot/1.0; [email protected])"
216.73.217.10 - - [21/Jul/2025:20:38:43 +0000] "GET /product/2037173637.shtm HTTP/1.1" 404 17105 "-" "Mozilla/5.0 AppleWebKit/537.36 (KHTML, like Gecko; compatible; ClaudeBot/1.0; [email protected])"
216.73.217.10 - - [21/Jul/2025:20:38:46 +0000] "GET /product/2037139747.shtm HTTP/1.1" 404 17105 "-" "Mozilla/5.0 AppleWebKit/537.36 (KHTML, like Gecko; compatible; ClaudeBot/1.0; [email protected])"
216.73.217.10 - - [21/Jul/2025:20:38:50 +0000] "GET /product/2037221496.shtm HTTP/1.1" 404 17105 "-" "Mozilla/5.0 AppleWebKit/537.36 (KHTML, like Gecko; compatible; ClaudeBot/1.0; [email protected])"
216.73.217.10 - - [21/Jul/2025:20:38:52 +0000] "GET /product/2037228909.shtm HTTP/1.1" 404 17105 "-" "Mozilla/5.0 AppleWebKit/537.36 (KHTML, like Gecko; compatible; ClaudeBot/1.0; [email protected])"
216.73.217.10 - - [21/Jul/2025:20:38:55 +0000] "GET /product/2037403005.shtm HTTP/1.1" 404 17105 "-" "Mozilla/5.0 AppleWebKit/537.36 (KHTML, like Gecko; compatible; ClaudeBot/1.0; [email protected])"
216.73.217.10 - - [21/Jul/2025:20:38:58 +0000] "GET /product/2037563200.shtm HTTP/1.1" 404 17105 "-" "Mozilla/5.0 AppleWebKit/537.36 (KHTML, like Gecko; compatible; ClaudeBot/1.0; [email protected])"
216.73.217.10 - - [21/Jul/2025:20:39:01 +0000] "GET /product/2037134448.shtm HTTP/1.1" 404 17105 "-" "Mozilla/5.0 AppleWebKit/537.36 (KHTML, like Gecko; compatible; ClaudeBot/1.0; [email protected])"
216.73.217.10 - - [21/Jul/2025:20:39:04 +0000] "GET /product/2037444312.shtm HTTP/1.1" 404 17104 "-" "Mozilla/5.0 AppleWebKit/537.36 (KHTML, like Gecko; compatible; ClaudeBot/1.0; [email protected])"
209.74.77.214 - - [21/Jul/2025:20:39:08 +0000] "POST /wp-cron.php?doing_wp_cron=1753130348.3641369342803955078125 HTTP/1.1" 200 - "-" "WordPress/6.8.2; https://diamondtiptiling.com"
216.73.217.10 - - [21/Jul/2025:20:39:08 +0000] "GET /product/2037222495.shtm HTTP/1.1" 404 17105 "-" "Mozilla/5.0 AppleWebKit/537.36 (KHTML, like Gecko; compatible; ClaudeBot/1.0; [email protected])"
216.73.217.10 - - [21/Jul/2025:20:39:10 +0000] "GET /product/2037215072.shtm HTTP/1.1" 404 17105 "-" "Mozilla/5.0 AppleWebKit/537.36 (KHTML, like Gecko; compatible; ClaudeBot/1.0; [email protected])"
216.73.217.10 - - [21/Jul/2025:20:39:13 +0000] "GET /product/2037229904.shtm HTTP/1.1" 404 17105 "-" "Mozilla/5.0 AppleWebKit/537.36 (KHTML, like Gecko; compatible; ClaudeBot/1.0; [email protected])"
66.249.74.36 - - [21/Jul/2025:20:39:16 +0000] "GET /shopdetail/191673781 HTTP/1.1" 200 19455 "-" "Mozilla/5.0 (Linux; Android 6.0.1; Nexus 5X Build/MMB29P) AppleWebKit/537.36 (KHTML, like Gecko) Chrome/137.0.7151.103 Mobile Safari/537.36 (compatible; Googlebot/2.1; +http://www.google.com/bot.html)"
216.73.217.10 - - [21/Jul/2025:20:39:16 +0000] "GET /product/2037132334.shtm HTTP/1.1" 404 17105 "-" "Mozilla/5.0 AppleWebKit/537.36 (KHTML, like Gecko; compatible; ClaudeBot/1.0; [email protected])"
216.73.217.10 - - [21/Jul/2025:20:39:19 +0000] "GET /product/2036967701.shtm HTTP/1.1" 404 17105 "-" "Mozilla/5.0 AppleWebKit/537.36 (KHTML, like Gecko; compatible; ClaudeBot/1.0; [email protected])"
216.73.217.10 - - [21/Jul/2025:20:39:22 +0000] "GET /product/2037202364.shtm HTTP/1.1" 404 17105 "-" "Mozilla/5.0 AppleWebKit/537.36 (KHTML, like Gecko; compatible; ClaudeBot/1.0; [email protected])"
216.73.217.10 - - [21/Jul/2025:20:39:27 +0000] "GET /product/2037130146.shtm HTTP/1.1" 404 17105 "-" "Mozilla/5.0 AppleWebKit/537.36 (KHTML, like Gecko; compatible; ClaudeBot/1.0; [email protected])"
216.73.217.10 - - [21/Jul/2025:20:39:30 +0000] "GET /product/2036972001.shtm HTTP/1.1" 404 17105 "-" "Mozilla/5.0 AppleWebKit/537.36 (KHTML, like Gecko; compatible; ClaudeBot/1.0; [email protected])"
66.249.74.34 - - [21/Jul/2025:20:39:32 +0000] "POST /get-message-notify HTTP/1.1" 200 18687 "https://diamondtiptiling.com/shopdetail/191673781" "Mozilla/5.0 (Linux; Android 6.0.1; Nexus 5X Build/MMB29P) AppleWebKit/537.36 (KHTML, like Gecko) Chrome/137.0.7151.119 Mobile Safari/537.36 (compatible; Googlebot/2.1; +http://www.google.com/bot.html)"
216.73.217.10 - - [21/Jul/2025:20:39:33 +0000] "GET /product/2037449611.shtm HTTP/1.1" 404 17105 "-" "Mozilla/5.0 AppleWebKit/537.36 (KHTML, like Gecko; compatible; ClaudeBot/1.0; [email protected])"
66.249.74.35 - - [21/Jul/2025:20:39:35 +0000] "GET /product/102297985.shtm HTTP/1.1" 200 18948 "-" "Mozilla/5.0 (Linux; Android 6.0.1; Nexus 5X Build/MMB29P) AppleWebKit/537.36 (KHTML, like Gecko) Chrome/137.0.7151.103 Mobile Safari/537.36 (compatible; Googlebot/2.1; +http://www.google.com/bot.html)"
216.73.217.10 - - [21/Jul/2025:20:39:36 +0000] "GET /product/2037646076.shtm HTTP/1.1" 404 17105 "-" "Mozilla/5.0 AppleWebKit/537.36 (KHTML, like Gecko; compatible; ClaudeBot/1.0; [email protected])"
216.73.217.10 - - [21/Jul/2025:20:39:39 +0000] "GET /product/2037556914.shtm HTTP/1.1" 404 17105 "-" "Mozilla/5.0 AppleWebKit/537.36 (KHTML, like Gecko; compatible; ClaudeBot/1.0; [email protected])"
216.73.217.10 - - [21/Jul/2025:20:39:42 +0000] "GET /product/2037365874.shtm HTTP/1.1" 404 17106 "-" "Mozilla/5.0 AppleWebKit/537.36 (KHTML, like Gecko; compatible; ClaudeBot/1.0; [email protected])"
216.73.217.10 - - [21/Jul/2025:20:39:45 +0000] "GET /product/2037393414.shtm HTTP/1.1" 404 17104 "-" "Mozilla/5.0 AppleWebKit/537.36 (KHTML, like Gecko; compatible; ClaudeBot/1.0; [email protected])"
216.73.217.10 - - [21/Jul/2025:20:39:48 +0000] "GET /product/2037233145.shtm HTTP/1.1" 404 17105 "-" "Mozilla/5.0 AppleWebKit/537.36 (KHTML, like Gecko; compatible; ClaudeBot/1.0; [email protected])"
216.73.217.10 - - [21/Jul/2025:20:39:51 +0000] "GET /product/2037756428.shtm HTTP/1.1" 404 17104 "-" "Mozilla/5.0 AppleWebKit/537.36 (KHTML, like Gecko; compatible; ClaudeBot/1.0; [email protected])"
216.73.217.10 - - [21/Jul/2025:20:39:54 +0000] "GET /product/2037073815.shtm HTTP/1.1" 404 17105 "-" "Mozilla/5.0 AppleWebKit/537.36 (KHTML, like Gecko; compatible; ClaudeBot/1.0; [email protected])"
216.73.217.10 - - [21/Jul/2025:20:39:57 +0000] "GET /product/2037238440.shtm HTTP/1.1" 404 17105 "-" "Mozilla/5.0 AppleWebKit/537.36 (KHTML, like Gecko; compatible; ClaudeBot/1.0; [email protected])"
216.73.217.10 - - [21/Jul/2025:20:40:00 +0000] "GET /product/2037502761.shtm HTTP/1.1" 404 17105 "-" "Mozilla/5.0 AppleWebKit/537.36 (KHTML, like Gecko; compatible; ClaudeBot/1.0; [email protected])"
216.73.217.10 - - [21/Jul/2025:20:40:03 +0000] "GET /product/2037335089.shtm HTTP/1.1" 404 17105 "-" "Mozilla/5.0 AppleWebKit/537.36 (KHTML, like Gecko; compatible; ClaudeBot/1.0; [email protected])"
209.74.77.214 - - [21/Jul/2025:20:40:06 +0000] "POST /wp-cron.php?doing_wp_cron=1753130406.5745089054107666015625 HTTP/1.1" 200 - "-" "WordPress/6.8.2; https://diamondtiptiling.com"
216.73.217.10 - - [21/Jul/2025:20:40:06 +0000] "GET /product/2037603586.shtm HTTP/1.1" 404 17105 "-" "Mozilla/5.0 AppleWebKit/537.36 (KHTML, like Gecko; compatible; ClaudeBot/1.0; [email protected])"
216.73.217.10 - - [21/Jul/2025:20:40:09 +0000] "GET /product/2037335023.shtm HTTP/1.1" 404 17105 "-" "Mozilla/5.0 AppleWebKit/537.36 (KHTML, like Gecko; compatible; ClaudeBot/1.0; [email protected])"
216.73.217.10 - - [21/Jul/2025:20:40:12 +0000] "GET /product/2037748020.shtm HTTP/1.1" 404 17106 "-" "Mozilla/5.0 AppleWebKit/537.36 (KHTML, like Gecko; compatible; ClaudeBot/1.0; [email protected])"
216.73.217.10 - - [21/Jul/2025:20:40:15 +0000] "GET /product/2037529246.shtm HTTP/1.1" 404 17102 "-" "Mozilla/5.0 AppleWebKit/537.36 (KHTML, like Gecko; compatible; ClaudeBot/1.0; [email protected])"
216.73.217.10 - - [21/Jul/2025:20:40:18 +0000] "GET /product/2037223554.shtm HTTP/1.1" 404 17105 "-" "Mozilla/5.0 AppleWebKit/537.36 (KHTML, like Gecko; compatible; ClaudeBot/1.0; [email protected])"
216.73.217.10 - - [21/Jul/2025:20:40:21 +0000] "GET /product/2037408300.shtm HTTP/1.1" 404 17105 "-" "Mozilla/5.0 AppleWebKit/537.36 (KHTML, like Gecko; compatible; ClaudeBot/1.0; [email protected])"
216.73.217.10 - - [21/Jul/2025:20:40:24 +0000] "GET /product/2037488998.shtm HTTP/1.1" 404 17105 "-" "Mozilla/5.0 AppleWebKit/537.36 (KHTML, like Gecko; compatible; ClaudeBot/1.0; [email protected])"
216.73.217.10 - - [21/Jul/2025:20:40:27 +0000] "GET /product/2037475093.shtm HTTP/1.1" 404 17105 "-" "Mozilla/5.0 AppleWebKit/537.36 (KHTML, like Gecko; compatible; ClaudeBot/1.0; [email protected])"
216.73.217.10 - - [21/Jul/2025:20:40:30 +0000] "GET /product/2036987890.shtm HTTP/1.1" 404 17105 "-" "Mozilla/5.0 AppleWebKit/537.36 (KHTML, like Gecko; compatible; ClaudeBot/1.0; [email protected])"
66.249.74.35 - - [21/Jul/2025:20:40:31 +0000] "POST /get-message-notify HTTP/1.1" 200 18687 "https://diamondtiptiling.com/product/102297985.shtm" "Mozilla/5.0 (Linux; Android 6.0.1; Nexus 5X Build/MMB29P) AppleWebKit/537.36 (KHTML, like Gecko) Chrome/137.0.7151.119 Mobile Safari/537.36 (compatible; Googlebot/2.1; +http://www.google.com/bot.html)"
66.249.74.35 - - [21/Jul/2025:20:40:31 +0000] "GET /shopdetail/73725981 HTTP/1.1" 200 19781 "-" "Mozilla/5.0 (Linux; Android 6.0.1; Nexus 5X Build/MMB29P) AppleWebKit/537.36 (KHTML, like Gecko) Chrome/137.0.7151.103 Mobile Safari/537.36 (compatible; Googlebot/2.1; +http://www.google.com/bot.html)"
66.249.74.34 - - [21/Jul/2025:20:40:32 +0000] "GET /shopdetail/50852381 HTTP/1.1" 200 17925 "-" "Mozilla/5.0 (Linux; Android 6.0.1; Nexus 5X Build/MMB29P) AppleWebKit/537.36 (KHTML, like Gecko) Chrome/137.0.7151.103 Mobile Safari/537.36 (compatible; Googlebot/2.1; +http://www.google.com/bot.html)"
216.73.217.10 - - [21/Jul/2025:20:40:33 +0000] "GET /product/2037290475.shtm HTTP/1.1" 404 17105 "-" "Mozilla/5.0 AppleWebKit/537.36 (KHTML, like Gecko; compatible; ClaudeBot/1.0; [email protected])"
216.73.217.10 - - [21/Jul/2025:20:40:36 +0000] "GET /product/2037191640.shtm HTTP/1.1" 404 17105 "-" "Mozilla/5.0 AppleWebKit/537.36 (KHTML, like Gecko; compatible; ClaudeBot/1.0; [email protected])"
216.73.217.10 - - [21/Jul/2025:20:40:42 +0000] "GET /product/2037785095.shtm HTTP/1.1" 404 17105 "-" "Mozilla/5.0 AppleWebKit/537.36 (KHTML, like Gecko; compatible; ClaudeBot/1.0; [email protected])"
216.73.217.10 - - [21/Jul/2025:20:40:45 +0000] "GET /product/2037609936.shtm HTTP/1.1" 404 17104 "-" "Mozilla/5.0 AppleWebKit/537.36 (KHTML, like Gecko; compatible; ClaudeBot/1.0; [email protected])"
57.141.2.10 - - [21/Jul/2025:20:40:45 +0000] "GET /shopdetail/42612881 HTTP/1.1" 404 80913 "-" "meta-externalagent/1.1 (+https://developers.facebook.com/docs/sharing/webmasters/crawler)"
